Apr 17 03:18:17.566944 np0000166946 devstack@neutron-api.service[105267]: DEBUG oslo_concurrency.processutils [None req-0769cddb-cf9e-4ad0-8aee-f4f54edded96 None None] CMD "ovsdb-client transact ssl:199.19.213.66:6641 --timeout 180 -p /opt/stack/data/CA/int-ca/private/devstack-cert.key -c /opt/stack/data/CA/int-ca/devstack-cert.crt -C /opt/stack/data/CA/int-ca/ca-chain.pem ["OVN_Northbound", {"op": "wait", "timeout": 0, "table": "Port_Group", "where": [["name", "==", "neutron_pg_drop"]], "until": "==", "rows": []}, {"op": "insert", "table": "ACL", "row": {"action": "drop", "direction": "to-lport", "match": "outport == @neutron_pg_drop && ip", "priority": 1001}, "uuid-name": "droptoport"}, {"op": "insert", "table": "ACL", "row": {"action": "drop", "direction": "from-lport", "match": "inport == @neutron_pg_drop && ip", "priority": 1001}, "uuid-name": "dropfromport"}, {"op": "insert", "table": "Port_Group", "row": {"name": "neutron_pg_drop", "acls": ["set", [["named-uuid", "droptoport"], ["named-uuid", "dropfromport"]]]}}]" returned: 0 in 0.032s {{(pid=105267) execute /opt/stack/data/venv/lib/python3.12/site-packages/oslo_concurrency/processutils.py:468}}
Apr 17 03:18:17.567599 np0000166946 devstack@neutron-api.service[105267]: DEBUG neutron_lib.callbacks.manager [None req-0769cddb-cf9e-4ad0-8aee-f4f54edded96 None None] Publish callbacks ['neutron.plugins.ml2.drivers.ovn.mech_driver.mech_driver.OVNMechanismDriver.post_fork_initialize-266626', 'neutron.services.ovn_l3.plugin.OVNL3RouterPlugin._post_fork_initialize-115207'] for process (None), after_init {{(pid=105267) _notify_loop /opt/stack/data/venv/lib/python3.12/site-packages/neutron_lib/callbacks/manager.py:184}}
Apr 17 03:18:17.568339 np0000166946 devstack@neutron-api.service[105267]: DEBUG oslo_concurrency.lockutils [None req-0769cddb-cf9e-4ad0-8aee-f4f54edded96 None None] Acquiring lock "singleton_lock" {{(pid=105267) lock /opt/stack/data/venv/lib/python3.12/site-packages/oslo_concurrency/lockutils.py:390}}
Apr 17 03:18:17.568627 np0000166946 devstack@neutron-api.service[105267]: DEBUG oslo_concurrency.lockutils [None req-0769cddb-cf9e-4ad0-8aee-f4f54edded96 None None] Acquired lock "singleton_lock" {{(pid=105267) lock /opt/stack/data/venv/lib/python3.12/site-packages/oslo_concurrency/lockutils.py:393}}
Apr 17 03:18:17.569052 np0000166946 devstack@neutron-api.service[105267]: DEBUG oslo_concurrency.lockutils [None req-0769cddb-cf9e-4ad0-8aee-f4f54edded96 None None] Releasing lock "singleton_lock" {{(pid=105267) lock /opt/stack/data/venv/lib/python3.12/site-packages/oslo_concurrency/lockutils.py:413}}
Apr 17 03:18:17.569376 np0000166946 devstack@neutron-api.service[105266]: WARNING keystonemiddleware.auth_token [None req-59b5ccd3-f550-4d14-9c29-ddc90d153781 None None] AuthToken middleware is set with keystone_authtoken.service_token_roles_required set to False. This is backwards compatible but deprecated behaviour. Please set this to True.
Apr 17 03:18:17.572829 np0000166946 devstack@neutron-api.service[105267]: DEBUG neutron.plugins.ml2.drivers.ovn.mech_driver.mech_driver [None req-0769cddb-cf9e-4ad0-8aee-f4f54edded96 None None] Hash Ring setup using WSGI start time 2026-04-17 03:18:08+00:00 {{(pid=105267) _init_hash_ring /opt/stack/neutron/neutron/plugins/ml2/drivers/ovn/mech_driver/mech_driver.py:402}}
Apr 17 03:18:17.577405 np0000166946 devstack@neutron-api.service[105266]: DEBUG neutron_lib.callbacks.manager [None req-59b5ccd3-f550-4d14-9c29-ddc90d153781 None None] Publish callbacks ['neutron.plugins.ml2.drivers.ovn.mech_driver.mech_driver.OVNMechanismDriver.pre_fork_initialize-211042'] for process (None), before_spawn {{(pid=105266) _notify_loop /opt/stack/data/venv/lib/python3.12/site-packages/neutron_lib/callbacks/manager.py:184}}
Apr 17 03:18:17.577778 np0000166946 devstack@neutron-api.service[105266]: DEBUG oslo_concurrency.processutils [None req-59b5ccd3-f550-4d14-9c29-ddc90d153781 None None] Running cmd (subprocess): ovsdb-client transact ssl:199.19.213.66:6641 --timeout 180 -p /opt/stack/data/CA/int-ca/private/devstack-cert.key -c /opt/stack/data/CA/int-ca/devstack-cert.crt -C /opt/stack/data/CA/int-ca/ca-chain.pem ["OVN_Northbound", {"op": "wait", "timeout": 0, "table": "Port_Group", "where": [["name", "==", "neutron_pg_drop"]], "until": "==", "rows": []}, {"op": "insert", "table": "ACL", "row": {"action": "drop", "direction": "to-lport", "match": "outport == @neutron_pg_drop && ip", "priority": 1001}, "uuid-name": "droptoport"}, {"op": "insert", "table": "ACL", "row": {"action": "drop", "direction": "from-lport", "match": "inport == @neutron_pg_drop && ip", "priority": 1001}, "uuid-name": "dropfromport"}, {"op": "insert", "table": "Port_Group", "row": {"name": "neutron_pg_drop", "acls": ["set", [["named-uuid", "droptoport"], ["named-uuid", "dropfromport"]]]}}] {{(pid=105266) execute /opt/stack/data/venv/lib/python3.12/site-packages/oslo_concurrency/processutils.py:440}}
Apr 17 03:18:17.581392 np0000166946 devstack@neutron-api.service[105267]: INFO neutron.db.ovn_hash_ring_db [None req-0769cddb-cf9e-4ad0-8aee-f4f54edded96 None None] Nodes from host "np0000166946" and group "mechanism_driver" removed from the Hash Ring created at 2026-04-17 03:18:08+00:00
Apr 17 03:18:17.584388 np0000166946 devstack@neutron-api.service[105267]: INFO neutron.db.ovn_hash_ring_db [None req-0769cddb-cf9e-4ad0-8aee-f4f54edded96 None None] Node 61a6412de5f65da39103352c69599b90 from host "np0000166946" and group "mechanism_driver" added to the Hash Ring
Apr 17 03:18:17.587928 np0000166946 devstack@neutron-api.service[105268]: DEBUG neutron.api.v2.resource_helper [None req-7b5689f1-c25f-433c-b192-a54b0971897f None None] Service L3_ROUTER_NAT assigned prefix: {{(pid=105268) build_resource_info /opt/stack/neutron/neutron/api/v2/resource_helper.py:77}}
Apr 17 03:18:17.596286 np0000166946 devstack@neutron-api.service[105268]: DEBUG neutron.api.v2.resource_helper [None req-7b5689f1-c25f-433c-b192-a54b0971897f None None] Service FLAVORS assigned prefix: {{(pid=105268) build_resource_info /opt/stack/neutron/neutron/api/v2/resource_helper.py:77}}
Apr 17 03:18:17.596903 np0000166946 devstack@neutron-api.service[105267]: DEBUG neutron.plugins.ml2.drivers.ovn.mech_driver.mech_driver [None req-0769cddb-cf9e-4ad0-8aee-f4f54edded96 None None] Hash Ring setup, this worker has detected 2 OVN hash ring registers in the database {{(pid=105267) _init_hash_ring /opt/stack/neutron/neutron/plugins/ml2/drivers/ovn/mech_driver/mech_driver.py:412}}
Apr 17 03:18:17.598421 np0000166946 devstack@neutron-api.service[105268]: DEBUG neutron.api.v2.resource_helper [None req-7b5689f1-c25f-433c-b192-a54b0971897f None None] Service L3_ROUTER_NAT assigned prefix: {{(pid=105268) build_resource_info /opt/stack/neutron/neutron/api/v2/resource_helper.py:77}}
Apr 17 03:18:17.598421 np0000166946 devstack@neutron-api.service[105268]: DEBUG neutron.api.v2.resource_helper [None req-7b5689f1-c25f-433c-b192-a54b0971897f None None] Service L3_ROUTER_NAT assigned prefix: {{(pid=105268) build_resource_info /opt/stack/neutron/neutron/api/v2/resource_helper.py:77}}
Apr 17 03:18:17.598421 np0000166946 devstack@neutron-api.service[105268]: INFO neutron.quota.resource_registry [None req-7b5689f1-c25f-433c-b192-a54b0971897f None None] Creating instance of TrackedResource for resource:router
Apr 17 03:18:17.598421 np0000166946 devstack@neutron-api.service[105268]: WARNING neutron.quota.resource_registry [None req-7b5689f1-c25f-433c-b192-a54b0971897f None None] router is already registered
Apr 17 03:18:17.598421 np0000166946 devstack@neutron-api.service[105268]: INFO neutron.quota.resource_registry [None req-7b5689f1-c25f-433c-b192-a54b0971897f None None] Creating instance of TrackedResource for resource:floatingip
Apr 17 03:18:17.598421 np0000166946 devstack@neutron-api.service[105268]: WARNING neutron.quota.resource_registry [None req-7b5689f1-c25f-433c-b192-a54b0971897f None None] floatingip is already registered
Apr 17 03:18:17.598421 np0000166946 devstack@neutron-api.service[105268]: INFO neutron.quota.resource_registry [None req-7b5689f1-c25f-433c-b192-a54b0971897f None None] Creating instance of CountableResource for resource:rbac_policy
Apr 17 03:18:17.598421 np0000166946 devstack@neutron-api.service[105268]: WARNING neutron.quota.resource_registry [None req-7b5689f1-c25f-433c-b192-a54b0971897f None None] rbac_policy is already registered
Apr 17 03:18:17.598421 np0000166946 devstack@neutron-api.service[105268]: INFO neutron.quota.resource_registry [None req-7b5689f1-c25f-433c-b192-a54b0971897f None None] Creating instance of TrackedResource for resource:security_group
Apr 17 03:18:17.598421 np0000166946 devstack@neutron-api.service[105268]: WARNING neutron.quota.resource_registry [None req-7b5689f1-c25f-433c-b192-a54b0971897f None None] security_group is already registered
Apr 17 03:18:17.599502 np0000166946 devstack@neutron-api.service[105268]: INFO neutron.quota.resource_registry [None req-7b5689f1-c25f-433c-b192-a54b0971897f None None] Creating instance of TrackedResource for resource:security_group_rule
Apr 17 03:18:17.599502 np0000166946 devstack@neutron-api.service[105268]: WARNING neutron.quota.resource_registry [None req-7b5689f1-c25f-433c-b192-a54b0971897f None None] security_group_rule is already registered
Apr 17 03:18:17.599502 np0000166946 devstack@neutron-api.service[105268]: DEBUG neutron.api.v2.resource_helper [None req-7b5689f1-c25f-433c-b192-a54b0971897f None None] Service CORE assigned prefix: {{(pid=105268) build_resource_info /opt/stack/neutron/neutron/api/v2/resource_helper.py:77}}
Apr 17 03:18:17.599502 np0000166946 devstack@neutron-api.service[105268]: INFO neutron.quota.resource_registry [None req-7b5689f1-c25f-433c-b192-a54b0971897f None None] Creating instance of TrackedResource for resource:subnetpool
Apr 17 03:18:17.599502 np0000166946 devstack@neutron-api.service[105268]: WARNING neutron.quota.resource_registry [None req-7b5689f1-c25f-433c-b192-a54b0971897f None None] subnetpool is already registered
Apr 17 03:18:17.599502 np0000166946 devstack@neutron-api.service[105268]: DEBUG neutron.api.extensions [None req-7b5689f1-c25f-433c-b192-a54b0971897f None None] Extended resource: extensions {{(pid=105268) __init__ /opt/stack/neutron/neutron/api/extensions.py:156}}
Apr 17 03:18:17.599502 np0000166946 devstack@neutron-api.service[105268]: DEBUG neutron.api.extensions [None req-7b5689f1-c25f-433c-b192-a54b0971897f None None] Extended resource: address-groups {{(pid=105268) __init__ /opt/stack/neutron/neutron/api/extensions.py:156}}
Apr 17 03:18:17.599502 np0000166946 devstack@neutron-api.service[105268]: DEBUG neutron.api.extensions [None req-7b5689f1-c25f-433c-b192-a54b0971897f None None] Extended resource: address-scopes {{(pid=105268) __init__ /opt/stack/neutron/neutron/api/extensions.py:156}}
Apr 17 03:18:17.599502 np0000166946 devstack@neutron-api.service[105268]: DEBUG neutron.api.extensions [None req-7b5689f1-c25f-433c-b192-a54b0971897f None None] Extended resource: agents {{(pid=105268) __init__ /opt/stack/neutron/neutron/api/extensions.py:156}}
Apr 17 03:18:17.600190 np0000166946 devstack@neutron-api.service[105268]: DEBUG neutron.api.extensions [None req-7b5689f1-c25f-433c-b192-a54b0971897f None None] Extended resource: auto-allocated-topology {{(pid=105268) __init__ /opt/stack/neutron/neutron/api/extensions.py:156}}
Apr 17 03:18:17.600190 np0000166946 devstack@neutron-api.service[105268]: DEBUG neutron.api.extensions [None req-7b5689f1-c25f-433c-b192-a54b0971897f None None] Extended resource: availability_zones {{(pid=105268) __init__ /opt/stack/neutron/neutron/api/extensions.py:156}}
Apr 17 03:18:17.600190 np0000166946 devstack@neutron-api.service[105268]: DEBUG neutron.api.extensions [None req-7b5689f1-c25f-433c-b192-a54b0971897f None None] Extended resource: dhcp-networks {{(pid=105268) __init__ /opt/stack/neutron/neutron/api/extensions.py:156}}
Apr 17 03:18:17.600411 np0000166946 devstack@neutron-api.service[105268]: DEBUG neutron.api.extensions [None req-7b5689f1-c25f-433c-b192-a54b0971897f None None] Extended resource: dhcp-agents {{(pid=105268) __init__ /opt/stack/neutron/neutron/api/extensions.py:156}}
Apr 17 03:18:17.601264 np0000166946 devstack@neutron-api.service[105268]: DEBUG neutron.api.extensions [None req-7b5689f1-c25f-433c-b192-a54b0971897f None None] Extended resource: routers {{(pid=105268) __init__ /opt/stack/neutron/neutron/api/extensions.py:156}}
Apr 17 03:18:17.602424 np0000166946 devstack@neutron-api.service[105268]: DEBUG neutron.api.extensions [None req-7b5689f1-c25f-433c-b192-a54b0971897f None None] Extended resource: flavors {{(pid=105268) __init__ /opt/stack/neutron/neutron/api/extensions.py:156}}
Apr 17 03:18:17.603074 np0000166946 devstack@neutron-api.service[105268]: DEBUG neutron.api.extensions [None req-7b5689f1-c25f-433c-b192-a54b0971897f None None] Extended resource: service_profiles {{(pid=105268) __init__ /opt/stack/neutron/neutron/api/extensions.py:156}}
Apr 17 03:18:17.603626 np0000166946 devstack@neutron-api.service[105268]: DEBUG neutron.api.extensions [None req-7b5689f1-c25f-433c-b192-a54b0971897f None None] Extended resource: next_providers {{(pid=105268) __init__ /opt/stack/neutron/neutron/api/extensions.py:156}}
Apr 17 03:18:17.604151 np0000166946 devstack@neutron-api.service[105268]: DEBUG neutron.api.extensions [None req-7b5689f1-c25f-433c-b192-a54b0971897f None None] Extended resource: service_profiles {{(pid=105268) __init__ /opt/stack/neutron/neutron/api/extensions.py:156}}
Apr 17 03:18:17.605059 np0000166946 devstack@neutron-api.service[105268]: DEBUG neutron.api.extensions [None req-7b5689f1-c25f-433c-b192-a54b0971897f None None] Extended resource: floatingip-pools {{(pid=105268) __init__ /opt/stack/neutron/neutron/api/extensions.py:156}}
Apr 17 03:18:17.605690 np0000166946 devstack@neutron-api.service[105268]: DEBUG neutron.api.extensions [None req-7b5689f1-c25f-433c-b192-a54b0971897f None None] Extended resource: routers {{(pid=105268) __init__ /opt/stack/neutron/neutron/api/extensions.py:156}}
Apr 17 03:18:17.606757 np0000166946 devstack@neutron-api.service[105268]: DEBUG neutron.api.extensions [None req-7b5689f1-c25f-433c-b192-a54b0971897f None None] Extended resource: floatingips {{(pid=105268) __init__ /opt/stack/neutron/neutron/api/extensions.py:156}}
Apr 17 03:18:17.608898 np0000166946 devstack@neutron-api.service[105268]: DEBUG neutron.api.extensions [None req-7b5689f1-c25f-433c-b192-a54b0971897f None None] Extended resource: network-ip-availabilities {{(pid=105268) __init__ /opt/stack/neutron/neutron/api/extensions.py:156}}
Apr 17 03:18:17.609324 np0000166946 devstack@neutron-api.service[105267]: DEBUG neutron.plugins.ml2.drivers.ovn.mech_driver.ovsdb.maintenance [None req-0769cddb-cf9e-4ad0-8aee-f4f54edded96 None None] Periodic task found: HashRingHealthCheckPeriodics.touch_hash_ring_node {{(pid=105267) add_periodics /opt/stack/neutron/neutron/plugins/ml2/drivers/ovn/mech_driver/ovsdb/maintenance.py:148}}
Apr 17 03:18:17.609471 np0000166946 devstack@neutron-api.service[105268]: DEBUG neutron.api.extensions [None req-7b5689f1-c25f-433c-b192-a54b0971897f None None] Extended resource: network-ip-availabilities {{(pid=105268) __init__ /opt/stack/neutron/neutron/api/extensions.py:156}}
Apr 17 03:18:17.609471 np0000166946 devstack@neutron-api.service[105268]: DEBUG neutron.api.extensions [None req-7b5689f1-c25f-433c-b192-a54b0971897f None None] Extended resource: bindings {{(pid=105268) __init__ /opt/stack/neutron/neutron/api/extensions.py:156}}
Apr 17 03:18:17.609594 np0000166946 devstack@neutron-api.service[105267]: INFO neutron.plugins.ml2.drivers.ovn.mech_driver.mech_driver [None req-0769cddb-cf9e-4ad0-8aee-f4f54edded96 None None] Hash Ring probing thread for node 61a6412de5f65da39103352c69599b90 has started
Apr 17 03:18:17.609692 np0000166946 devstack@neutron-api.service[105268]: DEBUG neutron.api.extensions [None req-7b5689f1-c25f-433c-b192-a54b0971897f None None] Extended resource: quotas {{(pid=105268) __init__ /opt/stack/neutron/neutron/api/extensions.py:156}}
Apr 17 03:18:17.610100 np0000166946 devstack@neutron-api.service[105267]: INFO neutron.plugins.ml2.drivers.ovn.mech_driver.ovsdb.impl_idl_ovn [None req-0769cddb-cf9e-4ad0-8aee-f4f54edded96 None None] Getting OvsdbNbOvnIdl for WorkerService with retry
Apr 17 03:18:17.610585 np0000166946 devstack@neutron-api.service[105268]: DEBUG neutron.api.extensions [None req-7b5689f1-c25f-433c-b192-a54b0971897f None None] Extended resource: quotas {{(pid=105268) __init__ /opt/stack/neutron/neutron/api/extensions.py:156}}
Apr 17 03:18:17.611291 np0000166946 devstack@neutron-api.service[105268]: DEBUG neutron.api.extensions [None req-7b5689f1-c25f-433c-b192-a54b0971897f None None] Extended resource: rbac-policies {{(pid=105268) __init__ /opt/stack/neutron/neutron/api/extensions.py:156}}
Apr 17 03:18:17.611964 np0000166946 devstack@neutron-api.service[105268]: DEBUG neutron.api.extensions [None req-7b5689f1-c25f-433c-b192-a54b0971897f None None] Extended resource: default-security-group-rules {{(pid=105268) __init__ /opt/stack/neutron/neutron/api/extensions.py:156}}
Apr 17 03:18:17.612485 np0000166946 devstack@neutron-api.service[105268]: DEBUG neutron.api.extensions [None req-7b5689f1-c25f-433c-b192-a54b0971897f None None] Extended resource: security-groups {{(pid=105268) __init__ /opt/stack/neutron/neutron/api/extensions.py:156}}
Apr 17 03:18:17.613015 np0000166946 devstack@neutron-api.service[105268]: DEBUG neutron.api.extensions [None req-7b5689f1-c25f-433c-b192-a54b0971897f None None] Extended resource: security-group-rules {{(pid=105268) __init__ /opt/stack/neutron/neutron/api/extensions.py:156}}
Apr 17 03:18:17.613702 np0000166946 devstack@neutron-api.service[105268]: DEBUG neutron.api.extensions [None req-7b5689f1-c25f-433c-b192-a54b0971897f None None] Extended resource: service-providers {{(pid=105268) __init__ /opt/stack/neutron/neutron/api/extensions.py:156}}
Apr 17 03:18:17.614236 np0000166946 devstack@neutron-api.service[105268]: DEBUG neutron.api.extensions [None req-7b5689f1-c25f-433c-b192-a54b0971897f None None] Extended resource: subnetpools {{(pid=105268) __init__ /opt/stack/neutron/neutron/api/extensions.py:156}}
Apr 17 03:18:17.614869 np0000166946 devstack@neutron-api.service[105268]: DEBUG neutron.api.extensions [None req-7b5689f1-c25f-433c-b192-a54b0971897f None None] Extended resource: tags {{(pid=105268) __init__ /opt/stack/neutron/neutron/api/extensions.py:156}}
Apr 17 03:18:17.615759 np0000166946 devstack@neutron-api.service[105266]: DEBUG oslo_concurrency.processutils [None req-59b5ccd3-f550-4d14-9c29-ddc90d153781 None None] CMD "ovsdb-client transact ssl:199.19.213.66:6641 --timeout 180 -p /opt/stack/data/CA/int-ca/private/devstack-cert.key -c /opt/stack/data/CA/int-ca/devstack-cert.crt -C /opt/stack/data/CA/int-ca/ca-chain.pem ["OVN_Northbound", {"op": "wait", "timeout": 0, "table": "Port_Group", "where": [["name", "==", "neutron_pg_drop"]], "until": "==", "rows": []}, {"op": "insert", "table": "ACL", "row": {"action": "drop", "direction": "to-lport", "match": "outport == @neutron_pg_drop && ip", "priority": 1001}, "uuid-name": "droptoport"}, {"op": "insert", "table": "ACL", "row": {"action": "drop", "direction": "from-lport", "match": "inport == @neutron_pg_drop && ip", "priority": 1001}, "uuid-name": "dropfromport"}, {"op": "insert", "table": "Port_Group", "row": {"name": "neutron_pg_drop", "acls": ["set", [["named-uuid", "droptoport"], ["named-uuid", "dropfromport"]]]}}]" returned: 0 in 0.037s {{(pid=105266) execute /opt/stack/data/venv/lib/python3.12/site-packages/oslo_concurrency/processutils.py:468}}
Apr 17 03:18:17.615933 np0000166946 devstack@neutron-api.service[105268]: DEBUG neutron.api.extensions [None req-7b5689f1-c25f-433c-b192-a54b0971897f None None] Extended resource: tags {{(pid=105268) __init__ /opt/stack/neutron/neutron/api/extensions.py:156}}
Apr 17 03:18:17.616313 np0000166946 devstack@neutron-api.service[105266]: DEBUG neutron_lib.callbacks.manager [None req-59b5ccd3-f550-4d14-9c29-ddc90d153781 None None] Publish callbacks ['neutron.plugins.ml2.drivers.ovn.mech_driver.mech_driver.OVNMechanismDriver.post_fork_initialize-211034', 'neutron.services.ovn_l3.plugin.OVNL3RouterPlugin._post_fork_initialize-3884734'] for process (None), after_init {{(pid=105266) _notify_loop /opt/stack/data/venv/lib/python3.12/site-packages/neutron_lib/callbacks/manager.py:184}}
Apr 17 03:18:17.616459 np0000166946 devstack@neutron-api.service[105268]: DEBUG neutron.api.extensions [None req-7b5689f1-c25f-433c-b192-a54b0971897f None None] Extended resource: tags {{(pid=105268) __init__ /opt/stack/neutron/neutron/api/extensions.py:156}}
Apr 17 03:18:17.616749 np0000166946 devstack@neutron-api.service[105266]: DEBUG oslo_concurrency.lockutils [None req-59b5ccd3-f550-4d14-9c29-ddc90d153781 None None] Acquiring lock "singleton_lock" {{(pid=105266) lock /opt/stack/data/venv/lib/python3.12/site-packages/oslo_concurrency/lockutils.py:390}}
Apr 17 03:18:17.616929 np0000166946 devstack@neutron-api.service[105266]: DEBUG oslo_concurrency.lockutils [None req-59b5ccd3-f550-4d14-9c29-ddc90d153781 None None] Acquired lock "singleton_lock" {{(pid=105266) lock /opt/stack/data/venv/lib/python3.12/site-packages/oslo_concurrency/lockutils.py:393}}
Apr 17 03:18:17.617166 np0000166946 devstack@neutron-api.service[105268]: DEBUG neutron.api.extensions [None req-7b5689f1-c25f-433c-b192-a54b0971897f None None] Extended resource: tags {{(pid=105268) __init__ /opt/stack/neutron/neutron/api/extensions.py:156}}
Apr 17 03:18:17.617279 np0000166946 devstack@neutron-api.service[105266]: DEBUG oslo_concurrency.lockutils [None req-59b5ccd3-f550-4d14-9c29-ddc90d153781 None None] Releasing lock "singleton_lock" {{(pid=105266) lock /opt/stack/data/venv/lib/python3.12/site-packages/oslo_concurrency/lockutils.py:413}}
Apr 17 03:18:17.618727 np0000166946 devstack@neutron-api.service[105268]: DEBUG neutron.api.extensions [None req-7b5689f1-c25f-433c-b192-a54b0971897f None None] Extended resource: tags {{(pid=105268) __init__ /opt/stack/neutron/neutron/api/extensions.py:156}}
Apr 17 03:18:17.619673 np0000166946 devstack@neutron-api.service[105268]: DEBUG neutron.api.extensions [None req-7b5689f1-c25f-433c-b192-a54b0971897f None None] Extended resource: tags {{(pid=105268) __init__ /opt/stack/neutron/neutron/api/extensions.py:156}}
Apr 17 03:18:17.620016 np0000166946 devstack@neutron-api.service[105266]: DEBUG neutron.plugins.ml2.drivers.ovn.mech_driver.mech_driver [None req-59b5ccd3-f550-4d14-9c29-ddc90d153781 None None] Hash Ring setup using WSGI start time 2026-04-17 03:18:08+00:00 {{(pid=105266) _init_hash_ring /opt/stack/neutron/neutron/plugins/ml2/drivers/ovn/mech_driver/mech_driver.py:402}}
Apr 17 03:18:17.620434 np0000166946 devstack@neutron-api.service[105268]: DEBUG neutron.api.extensions [None req-7b5689f1-c25f-433c-b192-a54b0971897f None None] Extended resource: tags {{(pid=105268) __init__ /opt/stack/neutron/neutron/api/extensions.py:156}}
Apr 17 03:18:17.621281 np0000166946 devstack@neutron-api.service[105268]: DEBUG neutron.api.extensions [None req-7b5689f1-c25f-433c-b192-a54b0971897f None None] Extended resource: tags {{(pid=105268) __init__ /opt/stack/neutron/neutron/api/extensions.py:156}}
Apr 17 03:18:17.622074 np0000166946 devstack@neutron-api.service[105268]: DEBUG neutron.api.extensions [None req-7b5689f1-c25f-433c-b192-a54b0971897f None None] Extended resource: tags {{(pid=105268) __init__ /opt/stack/neutron/neutron/api/extensions.py:156}}
Apr 17 03:18:17.622973 np0000166946 devstack@neutron-api.service[105268]: DEBUG neutron.api.extensions [None req-7b5689f1-c25f-433c-b192-a54b0971897f None None] Extended resource: tags {{(pid=105268) __init__ /opt/stack/neutron/neutron/api/extensions.py:156}}
Apr 17 03:18:17.626536 np0000166946 devstack@neutron-api.service[105268]: WARNING keystonemiddleware.auth_token [None req-7b5689f1-c25f-433c-b192-a54b0971897f None None] AuthToken middleware is set with keystone_authtoken.service_token_roles_required set to False. This is backwards compatible but deprecated behaviour. Please set this to True.
Apr 17 03:18:17.626621 np0000166946 devstack@neutron-api.service[105266]: INFO neutron.db.ovn_hash_ring_db [None req-59b5ccd3-f550-4d14-9c29-ddc90d153781 None None] Nodes from host "np0000166946" and group "mechanism_driver" removed from the Hash Ring created at 2026-04-17 03:18:08+00:00
Apr 17 03:18:17.629039 np0000166946 devstack@neutron-api.service[105266]: INFO neutron.db.ovn_hash_ring_db [None req-59b5ccd3-f550-4d14-9c29-ddc90d153781 None None] Node 8a823d9efdcf539981b8818343c8f0b1 from host "np0000166946" and group "mechanism_driver" added to the Hash Ring
Apr 17 03:18:17.632594 np0000166946 devstack@neutron-api.service[105266]: DEBUG neutron.plugins.ml2.drivers.ovn.mech_driver.mech_driver [None req-59b5ccd3-f550-4d14-9c29-ddc90d153781 None None] Hash Ring setup, this worker has detected 3 OVN hash ring registers in the database {{(pid=105266) _init_hash_ring /opt/stack/neutron/neutron/plugins/ml2/drivers/ovn/mech_driver/mech_driver.py:412}}
Apr 17 03:18:17.633904 np0000166946 devstack@neutron-api.service[105268]: DEBUG neutron_lib.callbacks.manager [None req-7b5689f1-c25f-433c-b192-a54b0971897f None None] Publish callbacks ['neutron.plugins.ml2.drivers.ovn.mech_driver.mech_driver.OVNMechanismDriver.pre_fork_initialize-276596'] for process (None), before_spawn {{(pid=105268) _notify_loop /opt/stack/data/venv/lib/python3.12/site-packages/neutron_lib/callbacks/manager.py:184}}
Apr 17 03:18:17.634329 np0000166946 devstack@neutron-api.service[105268]: DEBUG oslo_concurrency.processutils [None req-7b5689f1-c25f-433c-b192-a54b0971897f None None] Running cmd (subprocess): ovsdb-client transact ssl:199.19.213.66:6641 --timeout 180 -p /opt/stack/data/CA/int-ca/private/devstack-cert.key -c /opt/stack/data/CA/int-ca/devstack-cert.crt -C /opt/stack/data/CA/int-ca/ca-chain.pem ["OVN_Northbound", {"op": "wait", "timeout": 0, "table": "Port_Group", "where": [["name", "==", "neutron_pg_drop"]], "until": "==", "rows": []}, {"op": "insert", "table": "ACL", "row": {"action": "drop", "direction": "to-lport", "match": "outport == @neutron_pg_drop && ip", "priority": 1001}, "uuid-name": "droptoport"}, {"op": "insert", "table": "ACL", "row": {"action": "drop", "direction": "from-lport", "match": "inport == @neutron_pg_drop && ip", "priority": 1001}, "uuid-name": "dropfromport"}, {"op": "insert", "table": "Port_Group", "row": {"name": "neutron_pg_drop", "acls": ["set", [["named-uuid", "droptoport"], ["named-uuid", "dropfromport"]]]}}] {{(pid=105268) execute /opt/stack/data/venv/lib/python3.12/site-packages/oslo_concurrency/processutils.py:440}}
Apr 17 03:18:17.638143 np0000166946 devstack@neutron-api.service[105266]: DEBUG neutron.plugins.ml2.drivers.ovn.mech_driver.ovsdb.maintenance [None req-59b5ccd3-f550-4d14-9c29-ddc90d153781 None None] Periodic task found: HashRingHealthCheckPeriodics.touch_hash_ring_node {{(pid=105266) add_periodics /opt/stack/neutron/neutron/plugins/ml2/drivers/ovn/mech_driver/ovsdb/maintenance.py:148}}
Apr 17 03:18:17.639543 np0000166946 devstack@neutron-api.service[105266]: INFO neutron.plugins.ml2.drivers.ovn.mech_driver.mech_driver [None req-59b5ccd3-f550-4d14-9c29-ddc90d153781 None None] Hash Ring probing thread for node 8a823d9efdcf539981b8818343c8f0b1 has started
Apr 17 03:18:17.640329 np0000166946 devstack@neutron-api.service[105266]: INFO neutron.plugins.ml2.drivers.ovn.mech_driver.ovsdb.impl_idl_ovn [None req-59b5ccd3-f550-4d14-9c29-ddc90d153781 None None] Getting OvsdbNbOvnIdl for WorkerService with retry
Apr 17 03:18:17.665305 np0000166946 devstack@neutron-api.service[105267]: DEBUG ovsdbapp.backend.ovs_idl [None req-0769cddb-cf9e-4ad0-8aee-f4f54edded96 None None] Created lookup_table index Logical_Switch.name {{(pid=105267) autocreate_indices /opt/stack/data/venv/lib/python3.12/site-packages/ovsdbapp/backend/ovs_idl/__init__.py:87}}
Apr 17 03:18:17.665489 np0000166946 devstack@neutron-api.service[105267]: DEBUG ovsdbapp.backend.ovs_idl [None req-0769cddb-cf9e-4ad0-8aee-f4f54edded96 None None] Created lookup_table index Logical_Router.name {{(pid=105267) autocreate_indices /opt/stack/data/venv/lib/python3.12/site-packages/ovsdbapp/backend/ovs_idl/__init__.py:87}}
Apr 17 03:18:17.665994 np0000166946 devstack@neutron-api.service[105267]: DEBUG ovsdbapp.backend.ovs_idl [None req-0769cddb-cf9e-4ad0-8aee-f4f54edded96 None None] Created lookup_table index Load_Balancer.name {{(pid=105267) autocreate_indices /opt/stack/data/venv/lib/python3.12/site-packages/ovsdbapp/backend/ovs_idl/__init__.py:87}}
Apr 17 03:18:17.665994 np0000166946 devstack@neutron-api.service[105267]: DEBUG ovsdbapp.backend.ovs_idl [None req-0769cddb-cf9e-4ad0-8aee-f4f54edded96 None None] Created schema index Copp.name {{(pid=105267) autocreate_indices /opt/stack/data/venv/lib/python3.12/site-packages/ovsdbapp/backend/ovs_idl/__init__.py:106}}
Apr 17 03:18:17.665994 np0000166946 devstack@neutron-api.service[105267]: DEBUG ovsdbapp.backend.ovs_idl [None req-0769cddb-cf9e-4ad0-8aee-f4f54edded96 None None] Created schema index Meter.name {{(pid=105267) autocreate_indices /opt/stack/data/venv/lib/python3.12/site-packages/ovsdbapp/backend/ovs_idl/__init__.py:106}}
Apr 17 03:18:17.666131 np0000166946 devstack@neutron-api.service[105267]: DEBUG ovsdbapp.backend.ovs_idl [None req-0769cddb-cf9e-4ad0-8aee-f4f54edded96 None None] Created schema index Load_Balancer_Group.name {{(pid=105267) autocreate_indices /opt/stack/data/venv/lib/python3.12/site-packages/ovsdbapp/backend/ovs_idl/__init__.py:106}}
Apr 17 03:18:17.666194 np0000166946 devstack@neutron-api.service[105267]: DEBUG ovsdbapp.backend.ovs_idl [None req-0769cddb-cf9e-4ad0-8aee-f4f54edded96 None None] Created schema index HA_Chassis_Group.name {{(pid=105267) autocreate_indices /opt/stack/data/venv/lib/python3.12/site-packages/ovsdbapp/backend/ovs_idl/__init__.py:106}}
Apr 17 03:18:17.666446 np0000166946 devstack@neutron-api.service[105267]: DEBUG ovsdbapp.backend.ovs_idl [None req-0769cddb-cf9e-4ad0-8aee-f4f54edded96 None None] Created schema index Address_Set.name {{(pid=105267) autocreate_indices /opt/stack/data/venv/lib/python3.12/site-packages/ovsdbapp/backend/ovs_idl/__init__.py:106}}
Apr 17 03:18:17.666615 np0000166946 devstack@neutron-api.service[105267]: DEBUG ovsdbapp.backend.ovs_idl [None req-0769cddb-cf9e-4ad0-8aee-f4f54edded96 None None] Created schema index Connection.target {{(pid=105267) autocreate_indices /opt/stack/data/venv/lib/python3.12/site-packages/ovsdbapp/backend/ovs_idl/__init__.py:106}}
Apr 17 03:18:17.666747 np0000166946 devstack@neutron-api.service[105267]: DEBUG ovsdbapp.backend.ovs_idl [None req-0769cddb-cf9e-4ad0-8aee-f4f54edded96 None None] Created schema index Gateway_Chassis.name {{(pid=105267) autocreate_indices /opt/stack/data/venv/lib/python3.12/site-packages/ovsdbapp/backend/ovs_idl/__init__.py:106}}
Apr 17 03:18:17.667038 np0000166946 devstack@neutron-api.service[105267]: DEBUG ovsdbapp.backend.ovs_idl [None req-0769cddb-cf9e-4ad0-8aee-f4f54edded96 None None] Created schema index Mirror.name {{(pid=105267) autocreate_indices /opt/stack/data/venv/lib/python3.12/site-packages/ovsdbapp/backend/ovs_idl/__init__.py:106}}
Apr 17 03:18:17.667271 np0000166946 devstack@neutron-api.service[105267]: DEBUG ovsdbapp.backend.ovs_idl [None req-0769cddb-cf9e-4ad0-8aee-f4f54edded96 None None] Created schema index Chassis_Template_Var.chassis {{(pid=105267) autocreate_indices /opt/stack/data/venv/lib/python3.12/site-packages/ovsdbapp/backend/ovs_idl/__init__.py:106}}
Apr 17 03:18:17.667425 np0000166946 devstack@neutron-api.service[105267]: DEBUG ovsdbapp.backend.ovs_idl [None req-0769cddb-cf9e-4ad0-8aee-f4f54edded96 None None] Created schema index Logical_Router_Port.name {{(pid=105267) autocreate_indices /opt/stack/data/venv/lib/python3.12/site-packages/ovsdbapp/backend/ovs_idl/__init__.py:106}}
Apr 17 03:18:17.667740 np0000166946 devstack@neutron-api.service[105267]: DEBUG ovsdbapp.backend.ovs_idl [None req-0769cddb-cf9e-4ad0-8aee-f4f54edded96 None None] Created schema index Port_Group.name {{(pid=105267) autocreate_indices /opt/stack/data/venv/lib/python3.12/site-packages/ovsdbapp/backend/ovs_idl/__init__.py:106}}
Apr 17 03:18:17.667935 np0000166946 devstack@neutron-api.service[105267]: DEBUG ovsdbapp.backend.ovs_idl [None req-0769cddb-cf9e-4ad0-8aee-f4f54edded96 None None] Created schema index Logical_Switch_Port.name {{(pid=105267) autocreate_indices /opt/stack/data/venv/lib/python3.12/site-packages/ovsdbapp/backend/ovs_idl/__init__.py:106}}
Apr 17 03:18:17.671244 np0000166946 devstack@neutron-api.service[105267]: INFO ovsdbapp.backend.ovs_idl.vlog [None req-0769cddb-cf9e-4ad0-8aee-f4f54edded96 None None] ssl:199.19.213.66:6641: connecting...
Apr 17 03:18:17.672982 np0000166946 devstack@neutron-api.service[105268]: DEBUG oslo_concurrency.processutils [None req-7b5689f1-c25f-433c-b192-a54b0971897f None None] CMD "ovsdb-client transact ssl:199.19.213.66:6641 --timeout 180 -p /opt/stack/data/CA/int-ca/private/devstack-cert.key -c /opt/stack/data/CA/int-ca/devstack-cert.crt -C /opt/stack/data/CA/int-ca/ca-chain.pem ["OVN_Northbound", {"op": "wait", "timeout": 0, "table": "Port_Group", "where": [["name", "==", "neutron_pg_drop"]], "until": "==", "rows": []}, {"op": "insert", "table": "ACL", "row": {"action": "drop", "direction": "to-lport", "match": "outport == @neutron_pg_drop && ip", "priority": 1001}, "uuid-name": "droptoport"}, {"op": "insert", "table": "ACL", "row": {"action": "drop", "direction": "from-lport", "match": "inport == @neutron_pg_drop && ip", "priority": 1001}, "uuid-name": "dropfromport"}, {"op": "insert", "table": "Port_Group", "row": {"name": "neutron_pg_drop", "acls": ["set", [["named-uuid", "droptoport"], ["named-uuid", "dropfromport"]]]}}]" returned: 0 in 0.038s {{(pid=105268) execute /opt/stack/data/venv/lib/python3.12/site-packages/oslo_concurrency/processutils.py:468}}
Apr 17 03:18:17.673429 np0000166946 devstack@neutron-api.service[105268]: DEBUG neutron_lib.callbacks.manager [None req-7b5689f1-c25f-433c-b192-a54b0971897f None None] Publish callbacks ['neutron.plugins.ml2.drivers.ovn.mech_driver.mech_driver.OVNMechanismDriver.post_fork_initialize-276572', 'neutron.services.ovn_l3.plugin.OVNL3RouterPlugin._post_fork_initialize-9985'] for process (None), after_init {{(pid=105268) _notify_loop /opt/stack/data/venv/lib/python3.12/site-packages/neutron_lib/callbacks/manager.py:184}}
Apr 17 03:18:17.673790 np0000166946 devstack@neutron-api.service[105268]: DEBUG oslo_concurrency.lockutils [None req-7b5689f1-c25f-433c-b192-a54b0971897f None None] Acquiring lock "singleton_lock" {{(pid=105268) lock /opt/stack/data/venv/lib/python3.12/site-packages/oslo_concurrency/lockutils.py:390}}
Apr 17 03:18:17.673965 np0000166946 devstack@neutron-api.service[105268]: DEBUG oslo_concurrency.lockutils [None req-7b5689f1-c25f-433c-b192-a54b0971897f None None] Acquired lock "singleton_lock" {{(pid=105268) lock /opt/stack/data/venv/lib/python3.12/site-packages/oslo_concurrency/lockutils.py:393}}
Apr 17 03:18:17.674176 np0000166946 devstack@neutron-api.service[105268]: DEBUG oslo_concurrency.lockutils [None req-7b5689f1-c25f-433c-b192-a54b0971897f None None] Releasing lock "singleton_lock" {{(pid=105268) lock /opt/stack/data/venv/lib/python3.12/site-packages/oslo_concurrency/lockutils.py:413}}
Apr 17 03:18:17.675968 np0000166946 devstack@neutron-api.service[105268]: DEBUG neutron.plugins.ml2.drivers.ovn.mech_driver.mech_driver [None req-7b5689f1-c25f-433c-b192-a54b0971897f None None] Hash Ring setup using WSGI start time 2026-04-17 03:18:08+00:00 {{(pid=105268) _init_hash_ring /opt/stack/neutron/neutron/plugins/ml2/drivers/ovn/mech_driver/mech_driver.py:402}}
Apr 17 03:18:17.676540 np0000166946 devstack@neutron-api.service[105267]: INFO ovsdbapp.backend.ovs_idl.vlog [None req-0769cddb-cf9e-4ad0-8aee-f4f54edded96 None None] ssl:199.19.213.66:6641: connected
Apr 17 03:18:17.681079 np0000166946 devstack@neutron-api.service[105268]: INFO neutron.db.ovn_hash_ring_db [None req-7b5689f1-c25f-433c-b192-a54b0971897f None None] Nodes from host "np0000166946" and group "mechanism_driver" removed from the Hash Ring created at 2026-04-17 03:18:08+00:00
Apr 17 03:18:17.683394 np0000166946 devstack@neutron-api.service[105268]: INFO neutron.db.ovn_hash_ring_db [None req-7b5689f1-c25f-433c-b192-a54b0971897f None None] Node 1974de5c2acb5768a16ab5c3dfc11b95 from host "np0000166946" and group "mechanism_driver" added to the Hash Ring
Apr 17 03:18:17.686526 np0000166946 devstack@neutron-api.service[105268]: DEBUG neutron.plugins.ml2.drivers.ovn.mech_driver.mech_driver [None req-7b5689f1-c25f-433c-b192-a54b0971897f None None] Hash Ring setup, this worker has detected 4 OVN hash ring registers in the database {{(pid=105268) _init_hash_ring /opt/stack/neutron/neutron/plugins/ml2/drivers/ovn/mech_driver/mech_driver.py:412}}
Apr 17 03:18:17.689791 np0000166946 devstack@neutron-api.service[105266]: DEBUG ovsdbapp.backend.ovs_idl [None req-59b5ccd3-f550-4d14-9c29-ddc90d153781 None None] Created lookup_table index Logical_Switch.name {{(pid=105266) autocreate_indices /opt/stack/data/venv/lib/python3.12/site-packages/ovsdbapp/backend/ovs_idl/__init__.py:87}}
Apr 17 03:18:17.689924 np0000166946 devstack@neutron-api.service[105266]: DEBUG ovsdbapp.backend.ovs_idl [None req-59b5ccd3-f550-4d14-9c29-ddc90d153781 None None] Created lookup_table index Logical_Router.name {{(pid=105266) autocreate_indices /opt/stack/data/venv/lib/python3.12/site-packages/ovsdbapp/backend/ovs_idl/__init__.py:87}}
Apr 17 03:18:17.690018 np0000166946 devstack@neutron-api.service[105266]: DEBUG ovsdbapp.backend.ovs_idl [None req-59b5ccd3-f550-4d14-9c29-ddc90d153781 None None] Created lookup_table index Load_Balancer.name {{(pid=105266) autocreate_indices /opt/stack/data/venv/lib/python3.12/site-packages/ovsdbapp/backend/ovs_idl/__init__.py:87}}
Apr 17 03:18:17.690112 np0000166946 devstack@neutron-api.service[105266]: DEBUG ovsdbapp.backend.ovs_idl [None req-59b5ccd3-f550-4d14-9c29-ddc90d153781 None None] Created schema index Copp.name {{(pid=105266) autocreate_indices /opt/stack/data/venv/lib/python3.12/site-packages/ovsdbapp/backend/ovs_idl/__init__.py:106}}
Apr 17 03:18:17.690200 np0000166946 devstack@neutron-api.service[105266]: DEBUG ovsdbapp.backend.ovs_idl [None req-59b5ccd3-f550-4d14-9c29-ddc90d153781 None None] Created schema index Meter.name {{(pid=105266) autocreate_indices /opt/stack/data/venv/lib/python3.12/site-packages/ovsdbapp/backend/ovs_idl/__init__.py:106}}
Apr 17 03:18:17.690469 np0000166946 devstack@neutron-api.service[105266]: DEBUG ovsdbapp.backend.ovs_idl [None req-59b5ccd3-f550-4d14-9c29-ddc90d153781 None None] Created schema index Load_Balancer_Group.name {{(pid=105266) autocreate_indices /opt/stack/data/venv/lib/python3.12/site-packages/ovsdbapp/backend/ovs_idl/__init__.py:106}}
Apr 17 03:18:17.690628 np0000166946 devstack@neutron-api.service[105266]: DEBUG ovsdbapp.backend.ovs_idl [None req-59b5ccd3-f550-4d14-9c29-ddc90d153781 None None] Created schema index HA_Chassis_Group.name {{(pid=105266) autocreate_indices /opt/stack/data/venv/lib/python3.12/site-packages/ovsdbapp/backend/ovs_idl/__init__.py:106}}
Apr 17 03:18:17.690767 np0000166946 devstack@neutron-api.service[105266]: DEBUG ovsdbapp.backend.ovs_idl [None req-59b5ccd3-f550-4d14-9c29-ddc90d153781 None None] Created schema index Address_Set.name {{(pid=105266) autocreate_indices /opt/stack/data/venv/lib/python3.12/site-packages/ovsdbapp/backend/ovs_idl/__init__.py:106}}
Apr 17 03:18:17.690915 np0000166946 devstack@neutron-api.service[105266]: DEBUG ovsdbapp.backend.ovs_idl [None req-59b5ccd3-f550-4d14-9c29-ddc90d153781 None None] Created schema index Connection.target {{(pid=105266) autocreate_indices /opt/stack/data/venv/lib/python3.12/site-packages/ovsdbapp/backend/ovs_idl/__init__.py:106}}
Apr 17 03:18:17.691188 np0000166946 devstack@neutron-api.service[105266]: DEBUG ovsdbapp.backend.ovs_idl [None req-59b5ccd3-f550-4d14-9c29-ddc90d153781 None None] Created schema index Gateway_Chassis.name {{(pid=105266) autocreate_indices /opt/stack/data/venv/lib/python3.12/site-packages/ovsdbapp/backend/ovs_idl/__init__.py:106}}
Apr 17 03:18:17.691430 np0000166946 devstack@neutron-api.service[105266]: DEBUG ovsdbapp.backend.ovs_idl [None req-59b5ccd3-f550-4d14-9c29-ddc90d153781 None None] Created schema index Mirror.name {{(pid=105266) autocreate_indices /opt/stack/data/venv/lib/python3.12/site-packages/ovsdbapp/backend/ovs_idl/__init__.py:106}}
Apr 17 03:18:17.691546 np0000166946 devstack@neutron-api.service[105266]: DEBUG ovsdbapp.backend.ovs_idl [None req-59b5ccd3-f550-4d14-9c29-ddc90d153781 None None] Created schema index Chassis_Template_Var.chassis {{(pid=105266) autocreate_indices /opt/stack/data/venv/lib/python3.12/site-packages/ovsdbapp/backend/ovs_idl/__init__.py:106}}
Apr 17 03:18:17.691677 np0000166946 devstack@neutron-api.service[105266]: DEBUG ovsdbapp.backend.ovs_idl [None req-59b5ccd3-f550-4d14-9c29-ddc90d153781 None None] Created schema index Logical_Router_Port.name {{(pid=105266) autocreate_indices /opt/stack/data/venv/lib/python3.12/site-packages/ovsdbapp/backend/ovs_idl/__init__.py:106}}
Apr 17 03:18:17.691748 np0000166946 devstack@neutron-api.service[105266]: DEBUG ovsdbapp.backend.ovs_idl [None req-59b5ccd3-f550-4d14-9c29-ddc90d153781 None None] Created schema index Port_Group.name {{(pid=105266) autocreate_indices /opt/stack/data/venv/lib/python3.12/site-packages/ovsdbapp/backend/ovs_idl/__init__.py:106}}
Apr 17 03:18:17.691848 np0000166946 devstack@neutron-api.service[105266]: DEBUG ovsdbapp.backend.ovs_idl [None req-59b5ccd3-f550-4d14-9c29-ddc90d153781 None None] Created schema index Logical_Switch_Port.name {{(pid=105266) autocreate_indices /opt/stack/data/venv/lib/python3.12/site-packages/ovsdbapp/backend/ovs_idl/__init__.py:106}}
Apr 17 03:18:17.694610 np0000166946 devstack@neutron-api.service[105266]: INFO ovsdbapp.backend.ovs_idl.vlog [None req-59b5ccd3-f550-4d14-9c29-ddc90d153781 None None] ssl:199.19.213.66:6641: connecting...
Apr 17 03:18:17.702460 np0000166946 devstack@neutron-api.service[105266]: INFO ovsdbapp.backend.ovs_idl.vlog [None req-59b5ccd3-f550-4d14-9c29-ddc90d153781 None None] ssl:199.19.213.66:6641: connected
Apr 17 03:18:17.715578 np0000166946 devstack@neutron-api.service[105267]: DEBUG neutron.common.ovn.hash_ring_manager [None req-0769cddb-cf9e-4ad0-8aee-f4f54edded96 None None] Disallow caching, nodes 3<4 {{(pid=105267) _wait_startup_before_caching /opt/stack/neutron/neutron/common/ovn/hash_ring_manager.py:72}}
Apr 17 03:18:17.723787 np0000166946 devstack@neutron-api.service[105267]: DEBUG neutron.common.ovn.hash_ring_manager [None req-0769cddb-cf9e-4ad0-8aee-f4f54edded96 None None] Hash Ring loaded. 3 active nodes. 0 offline nodes {{(pid=105267) _load_hash_ring /opt/stack/neutron/neutron/common/ovn/hash_ring_manager.py:102}}
Apr 17 03:18:17.729964 np0000166946 devstack@neutron-api.service[105267]: DEBUG neutron.common.ovn.hash_ring_manager [None req-0769cddb-cf9e-4ad0-8aee-f4f54edded96 None None] Hash Ring loaded. 3 active nodes. 0 offline nodes {{(pid=105267) _load_hash_ring /opt/stack/neutron/neutron/common/ovn/hash_ring_manager.py:102}}
Apr 17 03:18:17.739757 np0000166946 devstack@neutron-api.service[105267]: DEBUG neutron.common.ovn.hash_ring_manager [None req-0769cddb-cf9e-4ad0-8aee-f4f54edded96 None None] Hash Ring loaded. 3 active nodes. 0 offline nodes {{(pid=105267) _load_hash_ring /opt/stack/neutron/neutron/common/ovn/hash_ring_manager.py:102}}
Apr 17 03:18:17.739757 np0000166946 devstack@neutron-api.service[105267]: DEBUG neutron.plugins.ml2.drivers.ovn.mech_driver.ovsdb.ovsdb_monitor [None req-0769cddb-cf9e-4ad0-8aee-f4f54edded96 None None] Hash Ring: Node 61a6412de5f65da39103352c69599b90 (host: np0000166946) handling event "create" for row b897e203-54bf-4f89-b55d-10b3713b167d (table: Connection) {{(pid=105267) notify /opt/stack/neutron/neutron/plugins/ml2/drivers/ovn/mech_driver/ovsdb/ovsdb_monitor.py:914}}
Apr 17 03:18:17.742898 np0000166946 devstack@neutron-api.service[105266]: DEBUG neutron.common.ovn.hash_ring_manager [None req-59b5ccd3-f550-4d14-9c29-ddc90d153781 None None] Disallow caching, nodes 3<4 {{(pid=105266) _wait_startup_before_caching /opt/stack/neutron/neutron/common/ovn/hash_ring_manager.py:72}}
Apr 17 03:18:17.748267 np0000166946 devstack@neutron-api.service[105266]: DEBUG neutron.common.ovn.hash_ring_manager [None req-59b5ccd3-f550-4d14-9c29-ddc90d153781 None None] Hash Ring loaded. 3 active nodes. 0 offline nodes {{(pid=105266) _load_hash_ring /opt/stack/neutron/neutron/common/ovn/hash_ring_manager.py:102}}
Apr 17 03:18:17.748673 np0000166946 devstack@neutron-api.service[105266]: DEBUG neutron.plugins.ml2.drivers.ovn.mech_driver.ovsdb.ovsdb_monitor [None req-59b5ccd3-f550-4d14-9c29-ddc90d153781 None None] Hash Ring: Node 8a823d9efdcf539981b8818343c8f0b1 (host: np0000166946) handling event "create" for row 7710bad1-b784-4f6f-ae48-e3673b7e4ef3 (table: ACL) {{(pid=105266) notify /opt/stack/neutron/neutron/plugins/ml2/drivers/ovn/mech_driver/ovsdb/ovsdb_monitor.py:914}}
Apr 17 03:18:17.748860 np0000166946 devstack@neutron-api.service[105268]: DEBUG neutron.plugins.ml2.drivers.ovn.mech_driver.ovsdb.maintenance [None req-7b5689f1-c25f-433c-b192-a54b0971897f None None] Periodic task found: HashRingHealthCheckPeriodics.touch_hash_ring_node {{(pid=105268) add_periodics /opt/stack/neutron/neutron/plugins/ml2/drivers/ovn/mech_driver/ovsdb/maintenance.py:148}}
Apr 17 03:18:17.748966 np0000166946 devstack@neutron-api.service[105267]: DEBUG neutron.common.ovn.hash_ring_manager [None req-0769cddb-cf9e-4ad0-8aee-f4f54edded96 None None] Hash Ring loaded. 3 active nodes. 0 offline nodes {{(pid=105267) _load_hash_ring /opt/stack/neutron/neutron/common/ovn/hash_ring_manager.py:102}}
Apr 17 03:18:17.750482 np0000166946 devstack@neutron-api.service[105266]: DEBUG neutron.common.ovn.hash_ring_manager [None req-59b5ccd3-f550-4d14-9c29-ddc90d153781 None None] Allow caching, nodes 4>=4 {{(pid=105266) _wait_startup_before_caching /opt/stack/neutron/neutron/common/ovn/hash_ring_manager.py:65}}
Apr 17 03:18:17.750633 np0000166946 devstack@neutron-api.service[105266]: DEBUG neutron.plugins.ml2.drivers.ovn.mech_driver.ovsdb.ovsdb_monitor [None req-59b5ccd3-f550-4d14-9c29-ddc90d153781 None None] Hash Ring: Node 8a823d9efdcf539981b8818343c8f0b1 (host: np0000166946) handling event "create" for row f978eeac-1bba-4366-b827-9c931ecd00bd (table: ACL) {{(pid=105266) notify /opt/stack/neutron/neutron/plugins/ml2/drivers/ovn/mech_driver/ovsdb/ovsdb_monitor.py:914}}
Apr 17 03:18:17.750741 np0000166946 devstack@neutron-api.service[105268]: INFO neutron.plugins.ml2.drivers.ovn.mech_driver.mech_driver [None req-7b5689f1-c25f-433c-b192-a54b0971897f None None] Hash Ring probing thread for node 1974de5c2acb5768a16ab5c3dfc11b95 has started
Apr 17 03:18:17.750831 np0000166946 devstack@neutron-api.service[105266]: DEBUG neutron.plugins.ml2.drivers.ovn.mech_driver.ovsdb.ovsdb_monitor [None req-59b5ccd3-f550-4d14-9c29-ddc90d153781 None None] Hash Ring: Node 8a823d9efdcf539981b8818343c8f0b1 (host: np0000166946) handling event "create" for row bdb32129-e08c-48ad-b2f0-61d71322e91e (table: NB_Global) {{(pid=105266) notify /opt/stack/neutron/neutron/plugins/ml2/drivers/ovn/mech_driver/ovsdb/ovsdb_monitor.py:914}}
Apr 17 03:18:17.751019 np0000166946 devstack@neutron-api.service[105266]: DEBUG neutron.plugins.ml2.drivers.ovn.mech_driver.ovsdb.ovsdb_monitor [None req-59b5ccd3-f550-4d14-9c29-ddc90d153781 None None] Hash Ring: Node 8a823d9efdcf539981b8818343c8f0b1 (host: np0000166946) handling event "create" for row 20f591a9-649a-41b9-a081-d6e56cbcf235 (table: Port_Group) {{(pid=105266) notify /opt/stack/neutron/neutron/plugins/ml2/drivers/ovn/mech_driver/ovsdb/ovsdb_monitor.py:914}}
Apr 17 03:18:17.751656 np0000166946 devstack@neutron-api.service[105268]: INFO neutron.plugins.ml2.drivers.ovn.mech_driver.ovsdb.impl_idl_ovn [None req-7b5689f1-c25f-433c-b192-a54b0971897f None None] Getting OvsdbNbOvnIdl for WorkerService with retry
Apr 17 03:18:17.752142 np0000166946 devstack@neutron-api.service[105266]: INFO neutron.plugins.ml2.drivers.ovn.mech_driver.ovsdb.impl_idl_ovn [None req-59b5ccd3-f550-4d14-9c29-ddc90d153781 None None] Getting OvsdbSbOvnIdl for WorkerService with retry
Apr 17 03:18:17.755628 np0000166946 devstack@neutron-api.service[105267]: DEBUG neutron.common.ovn.hash_ring_manager [None req-0769cddb-cf9e-4ad0-8aee-f4f54edded96 None None] Allow caching, nodes 4>=4 {{(pid=105267) _wait_startup_before_caching /opt/stack/neutron/neutron/common/ovn/hash_ring_manager.py:65}}
Apr 17 03:18:17.755857 np0000166946 devstack@neutron-api.service[105267]: DEBUG neutron.plugins.ml2.drivers.ovn.mech_driver.ovsdb.ovsdb_monitor [None req-0769cddb-cf9e-4ad0-8aee-f4f54edded96 None None] Hash Ring: Node 61a6412de5f65da39103352c69599b90 (host: np0000166946) handling event "create" for row b1906b97-288a-460e-984b-565380cbdab8 (table: SSL) {{(pid=105267) notify /opt/stack/neutron/neutron/plugins/ml2/drivers/ovn/mech_driver/ovsdb/ovsdb_monitor.py:914}}
Apr 17 03:18:17.757451 np0000166946 devstack@neutron-api.service[105267]: INFO neutron.plugins.ml2.drivers.ovn.mech_driver.ovsdb.impl_idl_ovn [None req-0769cddb-cf9e-4ad0-8aee-f4f54edded96 None None] Getting OvsdbSbOvnIdl for WorkerService with retry
Apr 17 03:18:17.786339 np0000166946 devstack@neutron-api.service[105266]: DEBUG ovsdbapp.backend.ovs_idl [None req-59b5ccd3-f550-4d14-9c29-ddc90d153781 None None] Created lookup_table index Chassis.name {{(pid=105266) autocreate_indices /opt/stack/data/venv/lib/python3.12/site-packages/ovsdbapp/backend/ovs_idl/__init__.py:87}}
