Apr 17 03:18:57.094846 np0000166946 systemd[1]: Starting devstack@n-api-meta.service - Devstack devstack@n-api-meta.service...
Apr 17 03:18:57.105226 np0000166946 devstack@n-api-meta.service[110422]: [uWSGI] getting INI configuration from /etc/nova/nova-metadata-uwsgi.ini
Apr 17 03:18:57.105892 np0000166946 devstack@n-api-meta.service[110422]: open("./http_plugin.so"): No such file or directory [core/utils.c line 3709]
Apr 17 03:18:57.105892 np0000166946 devstack@n-api-meta.service[110422]: !!! UNABLE to load uWSGI plugin: ./http_plugin.so: cannot open shared object file: No such file or directory !!!
Apr 17 03:18:57.105892 np0000166946 devstack@n-api-meta.service[110422]: open("./python3_plugin.so"): No such file or directory [core/utils.c line 3709]
Apr 17 03:18:57.105892 np0000166946 devstack@n-api-meta.service[110422]: !!! UNABLE to load uWSGI plugin: ./python3_plugin.so: cannot open shared object file: No such file or directory !!!
Apr 17 03:18:57.105892 np0000166946 devstack@n-api-meta.service[110422]: *** Starting uWSGI 2.0.31 (64bit) on [Fri Apr 17 03:18:57 2026] ***
Apr 17 03:18:57.105892 np0000166946 devstack@n-api-meta.service[110422]: compiled with version: 13.3.0 on 17 April 2026 03:01:09
Apr 17 03:18:57.105892 np0000166946 devstack@n-api-meta.service[110422]: os: Linux-6.8.0-110-generic #110-Ubuntu SMP PREEMPT_DYNAMIC Thu Mar 19 15:09:20 UTC 2026
Apr 17 03:18:57.105892 np0000166946 devstack@n-api-meta.service[110422]: nodename: np0000166946
Apr 17 03:18:57.105892 np0000166946 devstack@n-api-meta.service[110422]: machine: x86_64
Apr 17 03:18:57.105892 np0000166946 devstack@n-api-meta.service[110422]: clock source: unix
Apr 17 03:18:57.105892 np0000166946 devstack@n-api-meta.service[110422]: pcre jit disabled
Apr 17 03:18:57.105892 np0000166946 devstack@n-api-meta.service[110422]: detected number of CPU cores: 16
Apr 17 03:18:57.105892 np0000166946 devstack@n-api-meta.service[110422]: current working directory: /
Apr 17 03:18:57.105892 np0000166946 devstack@n-api-meta.service[110422]: detected binary path: /opt/stack/data/venv/bin/uwsgi
Apr 17 03:18:57.105892 np0000166946 devstack@n-api-meta.service[110422]: your processes number limit is 256917
Apr 17 03:18:57.105892 np0000166946 devstack@n-api-meta.service[110422]: your memory page size is 4096 bytes
Apr 17 03:18:57.105892 np0000166946 devstack@n-api-meta.service[110422]: detected max file descriptor number: 2048
Apr 17 03:18:57.105892 np0000166946 devstack@n-api-meta.service[110422]: lock engine: pthread robust mutexes
Apr 17 03:18:57.105892 np0000166946 devstack@n-api-meta.service[110422]: thunder lock: enabled
Apr 17 03:18:57.106686 np0000166946 devstack@n-api-meta.service[110422]: uWSGI http bound on 0.0.0.0:8775 fd 5
Apr 17 03:18:57.106686 np0000166946 devstack@n-api-meta.service[110422]: uwsgi socket 0 bound to TCP address 127.0.0.1:33275 (port auto-assigned) fd 4
Apr 17 03:18:57.106686 np0000166946 devstack@n-api-meta.service[110422]: Python version: 3.12.3 (main, Mar 3 2026, 12:15:18) [GCC 13.3.0]
Apr 17 03:18:57.106686 np0000166946 devstack@n-api-meta.service[110422]: PEP 405 virtualenv detected: /opt/stack/data/venv
Apr 17 03:18:57.106686 np0000166946 devstack@n-api-meta.service[110422]: Set PythonHome to /opt/stack/data/venv
Apr 17 03:18:57.146488 np0000166946 devstack@n-api-meta.service[110422]: Python main interpreter initialized at 0x70b5c64a3668
Apr 17 03:18:57.146530 np0000166946 devstack@n-api-meta.service[110422]: python threads support enabled
Apr 17 03:18:57.146530 np0000166946 devstack@n-api-meta.service[110422]: your server socket listen backlog is limited to 100 connections
Apr 17 03:18:57.146530 np0000166946 devstack@n-api-meta.service[110422]: your mercy for graceful operations on workers is 80 seconds
Apr 17 03:18:57.147011 np0000166946 devstack@n-api-meta.service[110422]: mapped 671795 bytes (656 KB) for 4 cores
Apr 17 03:18:57.147192 np0000166946 devstack@n-api-meta.service[110422]: *** Operational MODE: preforking ***
Apr 17 03:18:57.147454 np0000166946 devstack@n-api-meta.service[110422]: *** uWSGI is running in multiple interpreter mode ***
Apr 17 03:18:57.147454 np0000166946 devstack@n-api-meta.service[110422]: spawned uWSGI master process (pid: 110422)
Apr 17 03:18:57.147752 np0000166946 systemd[1]: Started devstack@n-api-meta.service - Devstack devstack@n-api-meta.service.
Apr 17 03:18:57.148244 np0000166946 devstack@n-api-meta.service[110422]: spawned uWSGI worker 1 (pid: 110423, cores: 1)
Apr 17 03:18:57.148782 np0000166946 devstack@n-api-meta.service[110422]: spawned uWSGI worker 2 (pid: 110424, cores: 1)
Apr 17 03:18:57.149785 np0000166946 devstack@n-api-meta.service[110422]: spawned uWSGI worker 3 (pid: 110425, cores: 1)
Apr 17 03:18:57.150289 np0000166946 devstack@n-api-meta.service[110422]: spawned uWSGI worker 4 (pid: 110426, cores: 1)
Apr 17 03:18:57.150878 np0000166946 devstack@n-api-meta.service[110422]: spawned uWSGI http 1 (pid: 110427)
Apr 17 03:18:57.150878 np0000166946 devstack@n-api-meta.service[110422]: running "unix_signal:15 gracefully_kill_them_all" (master-start)...
Apr 17 03:18:57.663399 np0000166946 devstack@n-api-meta.service[110423]: /opt/stack/data/venv/lib/python3.12/site-packages/oslo_concurrency/lockutils.py:41: EventletDeprecationWarning:
Apr 17 03:18:57.663399 np0000166946 devstack@n-api-meta.service[110423]: Eventlet is deprecated. It is currently being maintained in bugfix mode, and
Apr 17 03:18:57.663399 np0000166946 devstack@n-api-meta.service[110423]: we strongly recommend against using it for new projects.
Apr 17 03:18:57.663399 np0000166946 devstack@n-api-meta.service[110423]: If you are already using Eventlet, we recommend migrating to a different
Apr 17 03:18:57.663399 np0000166946 devstack@n-api-meta.service[110423]: framework. For more detail see
Apr 17 03:18:57.663399 np0000166946 devstack@n-api-meta.service[110423]: https://eventlet.readthedocs.io/en/latest/asyncio/migration.html
Apr 17 03:18:57.663399 np0000166946 devstack@n-api-meta.service[110423]: import eventlet
Apr 17 03:18:57.706806 np0000166946 devstack@n-api-meta.service[110425]: /opt/stack/data/venv/lib/python3.12/site-packages/oslo_concurrency/lockutils.py:41: EventletDeprecationWarning:
Apr 17 03:18:57.706806 np0000166946 devstack@n-api-meta.service[110425]: Eventlet is deprecated. It is currently being maintained in bugfix mode, and
Apr 17 03:18:57.706806 np0000166946 devstack@n-api-meta.service[110425]: we strongly recommend against using it for new projects.
Apr 17 03:18:57.706806 np0000166946 devstack@n-api-meta.service[110425]: If you are already using Eventlet, we recommend migrating to a different
Apr 17 03:18:57.706806 np0000166946 devstack@n-api-meta.service[110425]: framework. For more detail see
Apr 17 03:18:57.706806 np0000166946 devstack@n-api-meta.service[110425]: https://eventlet.readthedocs.io/en/latest/asyncio/migration.html
Apr 17 03:18:57.706806 np0000166946 devstack@n-api-meta.service[110425]: import eventlet
Apr 17 03:18:57.716453 np0000166946 devstack@n-api-meta.service[110426]: /opt/stack/data/venv/lib/python3.12/site-packages/oslo_concurrency/lockutils.py:41: EventletDeprecationWarning:
Apr 17 03:18:57.716453 np0000166946 devstack@n-api-meta.service[110426]: Eventlet is deprecated. It is currently being maintained in bugfix mode, and
Apr 17 03:18:57.716453 np0000166946 devstack@n-api-meta.service[110426]: we strongly recommend against using it for new projects.
Apr 17 03:18:57.716453 np0000166946 devstack@n-api-meta.service[110426]: If you are already using Eventlet, we recommend migrating to a different
Apr 17 03:18:57.716453 np0000166946 devstack@n-api-meta.service[110426]: framework. For more detail see
Apr 17 03:18:57.716453 np0000166946 devstack@n-api-meta.service[110426]: https://eventlet.readthedocs.io/en/latest/asyncio/migration.html
Apr 17 03:18:57.716453 np0000166946 devstack@n-api-meta.service[110426]: import eventlet
Apr 17 03:18:57.734402 np0000166946 devstack@n-api-meta.service[110423]: Service is starting with native threading. This is currently experimental. Do not use it in production without first testing it in pre-production.
Apr 17 03:18:57.768147 np0000166946 devstack@n-api-meta.service[110424]: /opt/stack/data/venv/lib/python3.12/site-packages/oslo_concurrency/lockutils.py:41: EventletDeprecationWarning:
Apr 17 03:18:57.768147 np0000166946 devstack@n-api-meta.service[110424]: Eventlet is deprecated. It is currently being maintained in bugfix mode, and
Apr 17 03:18:57.768147 np0000166946 devstack@n-api-meta.service[110424]: we strongly recommend against using it for new projects.
Apr 17 03:18:57.768147 np0000166946 devstack@n-api-meta.service[110424]: If you are already using Eventlet, we recommend migrating to a different
Apr 17 03:18:57.768147 np0000166946 devstack@n-api-meta.service[110424]: framework. For more detail see
Apr 17 03:18:57.768147 np0000166946 devstack@n-api-meta.service[110424]: https://eventlet.readthedocs.io/en/latest/asyncio/migration.html
Apr 17 03:18:57.768147 np0000166946 devstack@n-api-meta.service[110424]: import eventlet
Apr 17 03:18:57.782124 np0000166946 devstack@n-api-meta.service[110425]: Service is starting with native threading. This is currently experimental. Do not use it in production without first testing it in pre-production.
Apr 17 03:18:57.790989 np0000166946 devstack@n-api-meta.service[110426]: Service is starting with native threading. This is currently experimental. Do not use it in production without first testing it in pre-production.
Apr 17 03:18:57.859302 np0000166946 devstack@n-api-meta.service[110424]: Service is starting with native threading. This is currently experimental. Do not use it in production without first testing it in pre-production.
Apr 17 03:18:59.507410 np0000166946 devstack@n-api-meta.service[110425]: INFO dbcounter [None req-aaa0ecdf-13bd-4391-9a0f-e2463ec5bb6d None None] Registered counter for database nova_api
Apr 17 03:18:59.507885 np0000166946 devstack@n-api-meta.service[110426]: INFO dbcounter [None req-0c3a007b-1854-4972-a0d7-bedb4d3277be None None] Registered counter for database nova_api
Apr 17 03:18:59.551872 np0000166946 devstack@n-api-meta.service[110423]: INFO dbcounter [None req-38d738cd-1990-4f19-8934-0626579bc1cc None None] Registered counter for database nova_api
Apr 17 03:18:59.557706 np0000166946 devstack@n-api-meta.service[110424]: INFO dbcounter [None req-6a0c3fa4-6450-4253-ab87-94205acbb149 None None] Registered counter for database nova_api
Apr 17 03:18:59.592380 np0000166946 devstack@n-api-meta.service[110425]: DEBUG oslo_db.sqlalchemy.engines [None req-aaa0ecdf-13bd-4391-9a0f-e2463ec5bb6d None None] MySQL server mode set to STRICT_TRANS_TABLES,STRICT_ALL_TABLES,NO_ZERO_IN_DATE,NO_ZERO_DATE,ERROR_FOR_DIVISION_BY_ZERO,TRADITIONAL,NO_ENGINE_SUBSTITUTION {{(pid=110425) _check_effective_sql_mode /opt/stack/data/venv/lib/python3.12/site-packages/oslo_db/sqlalchemy/engines.py:325}}
Apr 17 03:18:59.605397 np0000166946 devstack@n-api-meta.service[110423]: DEBUG oslo_db.sqlalchemy.engines [None req-38d738cd-1990-4f19-8934-0626579bc1cc None None] MySQL server mode set to STRICT_TRANS_TABLES,STRICT_ALL_TABLES,NO_ZERO_IN_DATE,NO_ZERO_DATE,ERROR_FOR_DIVISION_BY_ZERO,TRADITIONAL,NO_ENGINE_SUBSTITUTION {{(pid=110423) _check_effective_sql_mode /opt/stack/data/venv/lib/python3.12/site-packages/oslo_db/sqlalchemy/engines.py:325}}
Apr 17 03:18:59.610211 np0000166946 devstack@n-api-meta.service[110426]: DEBUG oslo_db.sqlalchemy.engines [None req-0c3a007b-1854-4972-a0d7-bedb4d3277be None None] MySQL server mode set to STRICT_TRANS_TABLES,STRICT_ALL_TABLES,NO_ZERO_IN_DATE,NO_ZERO_DATE,ERROR_FOR_DIVISION_BY_ZERO,TRADITIONAL,NO_ENGINE_SUBSTITUTION {{(pid=110426) _check_effective_sql_mode /opt/stack/data/venv/lib/python3.12/site-packages/oslo_db/sqlalchemy/engines.py:325}}
Apr 17 03:18:59.619143 np0000166946 devstack@n-api-meta.service[110424]: DEBUG oslo_db.sqlalchemy.engines [None req-6a0c3fa4-6450-4253-ab87-94205acbb149 None None] MySQL server mode set to STRICT_TRANS_TABLES,STRICT_ALL_TABLES,NO_ZERO_IN_DATE,NO_ZERO_DATE,ERROR_FOR_DIVISION_BY_ZERO,TRADITIONAL,NO_ENGINE_SUBSTITUTION {{(pid=110424) _check_effective_sql_mode /opt/stack/data/venv/lib/python3.12/site-packages/oslo_db/sqlalchemy/engines.py:325}}
Apr 17 03:18:59.633140 np0000166946 devstack@n-api-meta.service[110425]: DEBUG dbcounter [-] [110425] Writer thread running {{(pid=110425) stat_writer /opt/stack/data/venv/lib/python3.12/site-packages/dbcounter.py:102}}
Apr 17 03:18:59.635792 np0000166946 devstack@n-api-meta.service[110425]: DEBUG nova.context [None req-aaa0ecdf-13bd-4391-9a0f-e2463ec5bb6d None None] Found 2 cells: 00000000-0000-0000-0000-000000000000(cell0),897a184f-8f35-42f0-a5e8-e559fdb4c66c(cell1) {{(pid=110425) load_cells /opt/stack/nova/nova/context.py:509}}
Apr 17 03:18:59.636060 np0000166946 devstack@n-api-meta.service[110425]: INFO nova.utils [None req-aaa0ecdf-13bd-4391-9a0f-e2463ec5bb6d None None] The cell worker thread pool MainProcess.cell_worker is initialized
Apr 17 03:18:59.637971 np0000166946 devstack@n-api-meta.service[110425]: DEBUG oslo_concurrency.lockutils [None req-aaa0ecdf-13bd-4391-9a0f-e2463ec5bb6d None None] Acquiring lock "00000000-0000-0000-0000-000000000000" by "nova.context.set_target_cell..get_or_set_cached_cell_and_set_connections" {{(pid=110425) inner /opt/stack/data/venv/lib/python3.12/site-packages/oslo_concurrency/lockutils.py:506}}
Apr 17 03:18:59.638108 np0000166946 devstack@n-api-meta.service[110425]: DEBUG oslo_concurrency.lockutils [None req-aaa0ecdf-13bd-4391-9a0f-e2463ec5bb6d None None] Lock "00000000-0000-0000-0000-000000000000" acquired by "nova.context.set_target_cell..get_or_set_cached_cell_and_set_connections" :: waited 0.000s {{(pid=110425) inner /opt/stack/data/venv/lib/python3.12/site-packages/oslo_concurrency/lockutils.py:519}}
Apr 17 03:18:59.638539 np0000166946 devstack@n-api-meta.service[110425]: DEBUG oslo_concurrency.lockutils [None req-aaa0ecdf-13bd-4391-9a0f-e2463ec5bb6d None None] Lock "00000000-0000-0000-0000-000000000000" "released" by "nova.context.set_target_cell..get_or_set_cached_cell_and_set_connections" :: held 0.000s {{(pid=110425) inner /opt/stack/data/venv/lib/python3.12/site-packages/oslo_concurrency/lockutils.py:538}}
Apr 17 03:18:59.639429 np0000166946 devstack@n-api-meta.service[110425]: DEBUG oslo_concurrency.lockutils [None req-aaa0ecdf-13bd-4391-9a0f-e2463ec5bb6d None None] Acquiring lock "897a184f-8f35-42f0-a5e8-e559fdb4c66c" by "nova.context.set_target_cell..get_or_set_cached_cell_and_set_connections" {{(pid=110425) inner /opt/stack/data/venv/lib/python3.12/site-packages/oslo_concurrency/lockutils.py:506}}
Apr 17 03:18:59.639569 np0000166946 devstack@n-api-meta.service[110425]: DEBUG oslo_concurrency.lockutils [None req-aaa0ecdf-13bd-4391-9a0f-e2463ec5bb6d None None] Lock "897a184f-8f35-42f0-a5e8-e559fdb4c66c" acquired by "nova.context.set_target_cell..get_or_set_cached_cell_and_set_connections" :: waited 0.000s {{(pid=110425) inner /opt/stack/data/venv/lib/python3.12/site-packages/oslo_concurrency/lockutils.py:519}}
Apr 17 03:18:59.640613 np0000166946 devstack@n-api-meta.service[110425]: DEBUG oslo_concurrency.lockutils [None req-aaa0ecdf-13bd-4391-9a0f-e2463ec5bb6d None None] Lock "897a184f-8f35-42f0-a5e8-e559fdb4c66c" "released" by "nova.context.set_target_cell..get_or_set_cached_cell_and_set_connections" :: held 0.001s {{(pid=110425) inner /opt/stack/data/venv/lib/python3.12/site-packages/oslo_concurrency/lockutils.py:538}}
Apr 17 03:18:59.643938 np0000166946 devstack@n-api-meta.service[110425]: INFO dbcounter [None req-aaa0ecdf-13bd-4391-9a0f-e2463ec5bb6d None None] Registered counter for database nova_cell0
Apr 17 03:18:59.644685 np0000166946 devstack@n-api-meta.service[110426]: DEBUG dbcounter [-] [110426] Writer thread running {{(pid=110426) stat_writer /opt/stack/data/venv/lib/python3.12/site-packages/dbcounter.py:102}}
Apr 17 03:18:59.647052 np0000166946 devstack@n-api-meta.service[110426]: DEBUG nova.context [None req-0c3a007b-1854-4972-a0d7-bedb4d3277be None None] Found 2 cells: 00000000-0000-0000-0000-000000000000(cell0),897a184f-8f35-42f0-a5e8-e559fdb4c66c(cell1) {{(pid=110426) load_cells /opt/stack/nova/nova/context.py:509}}
Apr 17 03:18:59.647293 np0000166946 devstack@n-api-meta.service[110426]: INFO nova.utils [None req-0c3a007b-1854-4972-a0d7-bedb4d3277be None None] The cell worker thread pool MainProcess.cell_worker is initialized
Apr 17 03:18:59.649156 np0000166946 devstack@n-api-meta.service[110425]: INFO dbcounter [None req-aaa0ecdf-13bd-4391-9a0f-e2463ec5bb6d None None] Registered counter for database nova_cell1
Apr 17 03:18:59.649289 np0000166946 devstack@n-api-meta.service[110426]: DEBUG oslo_concurrency.lockutils [None req-0c3a007b-1854-4972-a0d7-bedb4d3277be None None] Acquiring lock "00000000-0000-0000-0000-000000000000" by "nova.context.set_target_cell..get_or_set_cached_cell_and_set_connections" {{(pid=110426) inner /opt/stack/data/venv/lib/python3.12/site-packages/oslo_concurrency/lockutils.py:506}}
Apr 17 03:18:59.649460 np0000166946 devstack@n-api-meta.service[110426]: DEBUG oslo_concurrency.lockutils [None req-0c3a007b-1854-4972-a0d7-bedb4d3277be None None] Lock "00000000-0000-0000-0000-000000000000" acquired by "nova.context.set_target_cell..get_or_set_cached_cell_and_set_connections" :: waited 0.000s {{(pid=110426) inner /opt/stack/data/venv/lib/python3.12/site-packages/oslo_concurrency/lockutils.py:519}}
Apr 17 03:18:59.649721 np0000166946 devstack@n-api-meta.service[110426]: DEBUG oslo_concurrency.lockutils [None req-0c3a007b-1854-4972-a0d7-bedb4d3277be None None] Lock "00000000-0000-0000-0000-000000000000" "released" by "nova.context.set_target_cell..get_or_set_cached_cell_and_set_connections" :: held 0.000s {{(pid=110426) inner /opt/stack/data/venv/lib/python3.12/site-packages/oslo_concurrency/lockutils.py:538}}
Apr 17 03:18:59.650640 np0000166946 devstack@n-api-meta.service[110426]: DEBUG oslo_concurrency.lockutils [None req-0c3a007b-1854-4972-a0d7-bedb4d3277be None None] Acquiring lock "897a184f-8f35-42f0-a5e8-e559fdb4c66c" by "nova.context.set_target_cell..get_or_set_cached_cell_and_set_connections" {{(pid=110426) inner /opt/stack/data/venv/lib/python3.12/site-packages/oslo_concurrency/lockutils.py:506}}
Apr 17 03:18:59.650878 np0000166946 devstack@n-api-meta.service[110426]: DEBUG oslo_concurrency.lockutils [None req-0c3a007b-1854-4972-a0d7-bedb4d3277be None None] Lock "897a184f-8f35-42f0-a5e8-e559fdb4c66c" acquired by "nova.context.set_target_cell..get_or_set_cached_cell_and_set_connections" :: waited 0.000s {{(pid=110426) inner /opt/stack/data/venv/lib/python3.12/site-packages/oslo_concurrency/lockutils.py:519}}
Apr 17 03:18:59.651766 np0000166946 devstack@n-api-meta.service[110426]: DEBUG oslo_concurrency.lockutils [None req-0c3a007b-1854-4972-a0d7-bedb4d3277be None None] Lock "897a184f-8f35-42f0-a5e8-e559fdb4c66c" "released" by "nova.context.set_target_cell..get_or_set_cached_cell_and_set_connections" :: held 0.001s {{(pid=110426) inner /opt/stack/data/venv/lib/python3.12/site-packages/oslo_concurrency/lockutils.py:538}}
Apr 17 03:18:59.652823 np0000166946 devstack@n-api-meta.service[110423]: DEBUG dbcounter [-] [110423] Writer thread running {{(pid=110423) stat_writer /opt/stack/data/venv/lib/python3.12/site-packages/dbcounter.py:102}}
Apr 17 03:18:59.655889 np0000166946 devstack@n-api-meta.service[110426]: INFO dbcounter [None req-0c3a007b-1854-4972-a0d7-bedb4d3277be None None] Registered counter for database nova_cell0
Apr 17 03:18:59.657746 np0000166946 devstack@n-api-meta.service[110423]: DEBUG nova.context [None req-38d738cd-1990-4f19-8934-0626579bc1cc None None] Found 2 cells: 00000000-0000-0000-0000-000000000000(cell0),897a184f-8f35-42f0-a5e8-e559fdb4c66c(cell1) {{(pid=110423) load_cells /opt/stack/nova/nova/context.py:509}}
Apr 17 03:18:59.657963 np0000166946 devstack@n-api-meta.service[110423]: INFO nova.utils [None req-38d738cd-1990-4f19-8934-0626579bc1cc None None] The cell worker thread pool MainProcess.cell_worker is initialized
Apr 17 03:18:59.659793 np0000166946 devstack@n-api-meta.service[110426]: INFO dbcounter [None req-0c3a007b-1854-4972-a0d7-bedb4d3277be None None] Registered counter for database nova_cell1
Apr 17 03:18:59.659914 np0000166946 devstack@n-api-meta.service[110423]: DEBUG oslo_concurrency.lockutils [None req-38d738cd-1990-4f19-8934-0626579bc1cc None None] Acquiring lock "00000000-0000-0000-0000-000000000000" by "nova.context.set_target_cell..get_or_set_cached_cell_and_set_connections" {{(pid=110423) inner /opt/stack/data/venv/lib/python3.12/site-packages/oslo_concurrency/lockutils.py:506}}
Apr 17 03:18:59.659987 np0000166946 devstack@n-api-meta.service[110423]: DEBUG oslo_concurrency.lockutils [None req-38d738cd-1990-4f19-8934-0626579bc1cc None None] Lock "00000000-0000-0000-0000-000000000000" acquired by "nova.context.set_target_cell..get_or_set_cached_cell_and_set_connections" :: waited 0.000s {{(pid=110423) inner /opt/stack/data/venv/lib/python3.12/site-packages/oslo_concurrency/lockutils.py:519}}
Apr 17 03:18:59.660330 np0000166946 devstack@n-api-meta.service[110423]: DEBUG oslo_concurrency.lockutils [None req-38d738cd-1990-4f19-8934-0626579bc1cc None None] Lock "00000000-0000-0000-0000-000000000000" "released" by "nova.context.set_target_cell..get_or_set_cached_cell_and_set_connections" :: held 0.000s {{(pid=110423) inner /opt/stack/data/venv/lib/python3.12/site-packages/oslo_concurrency/lockutils.py:538}}
Apr 17 03:18:59.661155 np0000166946 devstack@n-api-meta.service[110423]: DEBUG oslo_concurrency.lockutils [None req-38d738cd-1990-4f19-8934-0626579bc1cc None None] Acquiring lock "897a184f-8f35-42f0-a5e8-e559fdb4c66c" by "nova.context.set_target_cell..get_or_set_cached_cell_and_set_connections" {{(pid=110423) inner /opt/stack/data/venv/lib/python3.12/site-packages/oslo_concurrency/lockutils.py:506}}
Apr 17 03:18:59.661282 np0000166946 devstack@n-api-meta.service[110423]: DEBUG oslo_concurrency.lockutils [None req-38d738cd-1990-4f19-8934-0626579bc1cc None None] Lock "897a184f-8f35-42f0-a5e8-e559fdb4c66c" acquired by "nova.context.set_target_cell..get_or_set_cached_cell_and_set_connections" :: waited 0.000s {{(pid=110423) inner /opt/stack/data/venv/lib/python3.12/site-packages/oslo_concurrency/lockutils.py:519}}
Apr 17 03:18:59.662114 np0000166946 devstack@n-api-meta.service[110423]: DEBUG oslo_concurrency.lockutils [None req-38d738cd-1990-4f19-8934-0626579bc1cc None None] Lock "897a184f-8f35-42f0-a5e8-e559fdb4c66c" "released" by "nova.context.set_target_cell..get_or_set_cached_cell_and_set_connections" :: held 0.001s {{(pid=110423) inner /opt/stack/data/venv/lib/python3.12/site-packages/oslo_concurrency/lockutils.py:538}}
Apr 17 03:18:59.663053 np0000166946 devstack@n-api-meta.service[110424]: DEBUG dbcounter [-] [110424] Writer thread running {{(pid=110424) stat_writer /opt/stack/data/venv/lib/python3.12/site-packages/dbcounter.py:102}}
Apr 17 03:18:59.664600 np0000166946 devstack@n-api-meta.service[110423]: INFO dbcounter [None req-38d738cd-1990-4f19-8934-0626579bc1cc None None] Registered counter for database nova_cell0
Apr 17 03:18:59.665657 np0000166946 devstack@n-api-meta.service[110424]: DEBUG nova.context [None req-6a0c3fa4-6450-4253-ab87-94205acbb149 None None] Found 2 cells: 00000000-0000-0000-0000-000000000000(cell0),897a184f-8f35-42f0-a5e8-e559fdb4c66c(cell1) {{(pid=110424) load_cells /opt/stack/nova/nova/context.py:509}}
Apr 17 03:18:59.665856 np0000166946 devstack@n-api-meta.service[110424]: INFO nova.utils [None req-6a0c3fa4-6450-4253-ab87-94205acbb149 None None] The cell worker thread pool MainProcess.cell_worker is initialized
Apr 17 03:18:59.667729 np0000166946 devstack@n-api-meta.service[110424]: DEBUG oslo_concurrency.lockutils [None req-6a0c3fa4-6450-4253-ab87-94205acbb149 None None] Acquiring lock "00000000-0000-0000-0000-000000000000" by "nova.context.set_target_cell..get_or_set_cached_cell_and_set_connections" {{(pid=110424) inner /opt/stack/data/venv/lib/python3.12/site-packages/oslo_concurrency/lockutils.py:506}}
Apr 17 03:18:59.667964 np0000166946 devstack@n-api-meta.service[110424]: DEBUG oslo_concurrency.lockutils [None req-6a0c3fa4-6450-4253-ab87-94205acbb149 None None] Lock "00000000-0000-0000-0000-000000000000" acquired by "nova.context.set_target_cell..get_or_set_cached_cell_and_set_connections" :: waited 0.000s {{(pid=110424) inner /opt/stack/data/venv/lib/python3.12/site-packages/oslo_concurrency/lockutils.py:519}}
Apr 17 03:18:59.679987 np0000166946 devstack@n-api-meta.service[110425]: DEBUG oslo_db.sqlalchemy.engines [None req-aaa0ecdf-13bd-4391-9a0f-e2463ec5bb6d None None] MySQL server mode set to STRICT_TRANS_TABLES,STRICT_ALL_TABLES,NO_ZERO_IN_DATE,NO_ZERO_DATE,ERROR_FOR_DIVISION_BY_ZERO,TRADITIONAL,NO_ENGINE_SUBSTITUTION {{(pid=110425) _check_effective_sql_mode /opt/stack/data/venv/lib/python3.12/site-packages/oslo_db/sqlalchemy/engines.py:325}}
Apr 17 03:18:59.680127 np0000166946 devstack@n-api-meta.service[110424]: DEBUG oslo_concurrency.lockutils [None req-6a0c3fa4-6450-4253-ab87-94205acbb149 None None] Lock "00000000-0000-0000-0000-000000000000" "released" by "nova.context.set_target_cell..get_or_set_cached_cell_and_set_connections" :: held 0.000s {{(pid=110424) inner /opt/stack/data/venv/lib/python3.12/site-packages/oslo_concurrency/lockutils.py:538}}
Apr 17 03:18:59.680127 np0000166946 devstack@n-api-meta.service[110424]: DEBUG oslo_concurrency.lockutils [None req-6a0c3fa4-6450-4253-ab87-94205acbb149 None None] Acquiring lock "897a184f-8f35-42f0-a5e8-e559fdb4c66c" by "nova.context.set_target_cell..get_or_set_cached_cell_and_set_connections" {{(pid=110424) inner /opt/stack/data/venv/lib/python3.12/site-packages/oslo_concurrency/lockutils.py:506}}
Apr 17 03:18:59.680239 np0000166946 devstack@n-api-meta.service[110423]: INFO dbcounter [None req-38d738cd-1990-4f19-8934-0626579bc1cc None None] Registered counter for database nova_cell1
Apr 17 03:18:59.680285 np0000166946 devstack@n-api-meta.service[110424]: DEBUG oslo_concurrency.lockutils [None req-6a0c3fa4-6450-4253-ab87-94205acbb149 None None] Lock "897a184f-8f35-42f0-a5e8-e559fdb4c66c" acquired by "nova.context.set_target_cell..get_or_set_cached_cell_and_set_connections" :: waited 0.000s {{(pid=110424) inner /opt/stack/data/venv/lib/python3.12/site-packages/oslo_concurrency/lockutils.py:519}}
Apr 17 03:18:59.680285 np0000166946 devstack@n-api-meta.service[110424]: DEBUG oslo_concurrency.lockutils [None req-6a0c3fa4-6450-4253-ab87-94205acbb149 None None] Lock "897a184f-8f35-42f0-a5e8-e559fdb4c66c" "released" by "nova.context.set_target_cell..get_or_set_cached_cell_and_set_connections" :: held 0.001s {{(pid=110424) inner /opt/stack/data/venv/lib/python3.12/site-packages/oslo_concurrency/lockutils.py:538}}
Apr 17 03:18:59.680285 np0000166946 devstack@n-api-meta.service[110424]: INFO dbcounter [None req-6a0c3fa4-6450-4253-ab87-94205acbb149 None None] Registered counter for database nova_cell0
Apr 17 03:18:59.680285 np0000166946 devstack@n-api-meta.service[110424]: INFO dbcounter [None req-6a0c3fa4-6450-4253-ab87-94205acbb149 None None] Registered counter for database nova_cell1
Apr 17 03:18:59.688375 np0000166946 devstack@n-api-meta.service[110425]: DEBUG oslo_db.sqlalchemy.engines [None req-aaa0ecdf-13bd-4391-9a0f-e2463ec5bb6d None None] MySQL server mode set to STRICT_TRANS_TABLES,STRICT_ALL_TABLES,NO_ZERO_IN_DATE,NO_ZERO_DATE,ERROR_FOR_DIVISION_BY_ZERO,TRADITIONAL,NO_ENGINE_SUBSTITUTION {{(pid=110425) _check_effective_sql_mode /opt/stack/data/venv/lib/python3.12/site-packages/oslo_db/sqlalchemy/engines.py:325}}
Apr 17 03:18:59.702075 np0000166946 devstack@n-api-meta.service[110426]: DEBUG oslo_db.sqlalchemy.engines [None req-0c3a007b-1854-4972-a0d7-bedb4d3277be None None] MySQL server mode set to STRICT_TRANS_TABLES,STRICT_ALL_TABLES,NO_ZERO_IN_DATE,NO_ZERO_DATE,ERROR_FOR_DIVISION_BY_ZERO,TRADITIONAL,NO_ENGINE_SUBSTITUTION {{(pid=110426) _check_effective_sql_mode /opt/stack/data/venv/lib/python3.12/site-packages/oslo_db/sqlalchemy/engines.py:325}}
Apr 17 03:18:59.716104 np0000166946 devstack@n-api-meta.service[110426]: DEBUG oslo_db.sqlalchemy.engines [None req-0c3a007b-1854-4972-a0d7-bedb4d3277be None None] MySQL server mode set to STRICT_TRANS_TABLES,STRICT_ALL_TABLES,NO_ZERO_IN_DATE,NO_ZERO_DATE,ERROR_FOR_DIVISION_BY_ZERO,TRADITIONAL,NO_ENGINE_SUBSTITUTION {{(pid=110426) _check_effective_sql_mode /opt/stack/data/venv/lib/python3.12/site-packages/oslo_db/sqlalchemy/engines.py:325}}
Apr 17 03:18:59.716917 np0000166946 devstack@n-api-meta.service[110423]: DEBUG oslo_db.sqlalchemy.engines [None req-38d738cd-1990-4f19-8934-0626579bc1cc None None] MySQL server mode set to STRICT_TRANS_TABLES,STRICT_ALL_TABLES,NO_ZERO_IN_DATE,NO_ZERO_DATE,ERROR_FOR_DIVISION_BY_ZERO,TRADITIONAL,NO_ENGINE_SUBSTITUTION {{(pid=110423) _check_effective_sql_mode /opt/stack/data/venv/lib/python3.12/site-packages/oslo_db/sqlalchemy/engines.py:325}}
Apr 17 03:18:59.746837 np0000166946 devstack@n-api-meta.service[110423]: DEBUG oslo_db.sqlalchemy.engines [None req-38d738cd-1990-4f19-8934-0626579bc1cc None None] MySQL server mode set to STRICT_TRANS_TABLES,STRICT_ALL_TABLES,NO_ZERO_IN_DATE,NO_ZERO_DATE,ERROR_FOR_DIVISION_BY_ZERO,TRADITIONAL,NO_ENGINE_SUBSTITUTION {{(pid=110423) _check_effective_sql_mode /opt/stack/data/venv/lib/python3.12/site-packages/oslo_db/sqlalchemy/engines.py:325}}
Apr 17 03:18:59.747212 np0000166946 devstack@n-api-meta.service[110424]: DEBUG oslo_db.sqlalchemy.engines [None req-6a0c3fa4-6450-4253-ab87-94205acbb149 None None] MySQL server mode set to STRICT_TRANS_TABLES,STRICT_ALL_TABLES,NO_ZERO_IN_DATE,NO_ZERO_DATE,ERROR_FOR_DIVISION_BY_ZERO,TRADITIONAL,NO_ENGINE_SUBSTITUTION {{(pid=110424) _check_effective_sql_mode /opt/stack/data/venv/lib/python3.12/site-packages/oslo_db/sqlalchemy/engines.py:325}}
Apr 17 03:18:59.764618 np0000166946 devstack@n-api-meta.service[110424]: DEBUG oslo_db.sqlalchemy.engines [None req-6a0c3fa4-6450-4253-ab87-94205acbb149 None None] MySQL server mode set to STRICT_TRANS_TABLES,STRICT_ALL_TABLES,NO_ZERO_IN_DATE,NO_ZERO_DATE,ERROR_FOR_DIVISION_BY_ZERO,TRADITIONAL,NO_ENGINE_SUBSTITUTION {{(pid=110424) _check_effective_sql_mode /opt/stack/data/venv/lib/python3.12/site-packages/oslo_db/sqlalchemy/engines.py:325}}
Apr 17 03:18:59.816636 np0000166946 devstack@n-api-meta.service[110426]: DEBUG dbcounter [-] [110426] Writer thread running {{(pid=110426) stat_writer /opt/stack/data/venv/lib/python3.12/site-packages/dbcounter.py:102}}
Apr 17 03:18:59.816883 np0000166946 devstack@n-api-meta.service[110425]: DEBUG dbcounter [-] [110425] Writer thread running {{(pid=110425) stat_writer /opt/stack/data/venv/lib/python3.12/site-packages/dbcounter.py:102}}
Apr 17 03:18:59.817324 np0000166946 devstack@n-api-meta.service[110425]: DEBUG dbcounter [-] [110425] Writer thread running {{(pid=110425) stat_writer /opt/stack/data/venv/lib/python3.12/site-packages/dbcounter.py:102}}
Apr 17 03:18:59.821549 np0000166946 devstack@n-api-meta.service[110426]: DEBUG dbcounter [-] [110426] Writer thread running {{(pid=110426) stat_writer /opt/stack/data/venv/lib/python3.12/site-packages/dbcounter.py:102}}
Apr 17 03:18:59.822539 np0000166946 devstack@n-api-meta.service[110425]: INFO dbcounter [None req-aaa0ecdf-13bd-4391-9a0f-e2463ec5bb6d None None] Registered counter for database nova_cell0
Apr 17 03:18:59.825138 np0000166946 devstack@n-api-meta.service[110426]: INFO dbcounter [None req-0c3a007b-1854-4972-a0d7-bedb4d3277be None None] Registered counter for database nova_cell0
Apr 17 03:18:59.827201 np0000166946 devstack@n-api-meta.service[110423]: DEBUG dbcounter [-] [110423] Writer thread running {{(pid=110423) stat_writer /opt/stack/data/venv/lib/python3.12/site-packages/dbcounter.py:102}}
Apr 17 03:18:59.828824 np0000166946 devstack@n-api-meta.service[110423]: DEBUG dbcounter [-] [110423] Writer thread running {{(pid=110423) stat_writer /opt/stack/data/venv/lib/python3.12/site-packages/dbcounter.py:102}}
Apr 17 03:18:59.841944 np0000166946 devstack@n-api-meta.service[110423]: INFO dbcounter [None req-38d738cd-1990-4f19-8934-0626579bc1cc None None] Registered counter for database nova_cell0
Apr 17 03:18:59.845337 np0000166946 devstack@n-api-meta.service[110425]: DEBUG oslo_db.sqlalchemy.engines [None req-aaa0ecdf-13bd-4391-9a0f-e2463ec5bb6d None None] MySQL server mode set to STRICT_TRANS_TABLES,STRICT_ALL_TABLES,NO_ZERO_IN_DATE,NO_ZERO_DATE,ERROR_FOR_DIVISION_BY_ZERO,TRADITIONAL,NO_ENGINE_SUBSTITUTION {{(pid=110425) _check_effective_sql_mode /opt/stack/data/venv/lib/python3.12/site-packages/oslo_db/sqlalchemy/engines.py:325}}
Apr 17 03:18:59.854830 np0000166946 devstack@n-api-meta.service[110425]: DEBUG dbcounter [-] [110425] Writer thread running {{(pid=110425) stat_writer /opt/stack/data/venv/lib/python3.12/site-packages/dbcounter.py:102}}
Apr 17 03:18:59.855036 np0000166946 devstack@n-api-meta.service[110426]: DEBUG oslo_db.sqlalchemy.engines [None req-0c3a007b-1854-4972-a0d7-bedb4d3277be None None] MySQL server mode set to STRICT_TRANS_TABLES,STRICT_ALL_TABLES,NO_ZERO_IN_DATE,NO_ZERO_DATE,ERROR_FOR_DIVISION_BY_ZERO,TRADITIONAL,NO_ENGINE_SUBSTITUTION {{(pid=110426) _check_effective_sql_mode /opt/stack/data/venv/lib/python3.12/site-packages/oslo_db/sqlalchemy/engines.py:325}}
Apr 17 03:18:59.858227 np0000166946 devstack@n-api-meta.service[110423]: DEBUG oslo_db.sqlalchemy.engines [None req-38d738cd-1990-4f19-8934-0626579bc1cc None None] MySQL server mode set to STRICT_TRANS_TABLES,STRICT_ALL_TABLES,NO_ZERO_IN_DATE,NO_ZERO_DATE,ERROR_FOR_DIVISION_BY_ZERO,TRADITIONAL,NO_ENGINE_SUBSTITUTION {{(pid=110423) _check_effective_sql_mode /opt/stack/data/venv/lib/python3.12/site-packages/oslo_db/sqlalchemy/engines.py:325}}
Apr 17 03:18:59.865999 np0000166946 devstack@n-api-meta.service[110423]: DEBUG dbcounter [-] [110423] Writer thread running {{(pid=110423) stat_writer /opt/stack/data/venv/lib/python3.12/site-packages/dbcounter.py:102}}
Apr 17 03:18:59.866167 np0000166946 devstack@n-api-meta.service[110426]: DEBUG dbcounter [-] [110426] Writer thread running {{(pid=110426) stat_writer /opt/stack/data/venv/lib/python3.12/site-packages/dbcounter.py:102}}
Apr 17 03:18:59.870291 np0000166946 devstack@n-api-meta.service[110424]: DEBUG dbcounter [-] [110424] Writer thread running {{(pid=110424) stat_writer /opt/stack/data/venv/lib/python3.12/site-packages/dbcounter.py:102}}
Apr 17 03:18:59.873314 np0000166946 devstack@n-api-meta.service[110424]: DEBUG dbcounter [-] [110424] Writer thread running {{(pid=110424) stat_writer /opt/stack/data/venv/lib/python3.12/site-packages/dbcounter.py:102}}
Apr 17 03:18:59.880585 np0000166946 devstack@n-api-meta.service[110424]: INFO dbcounter [None req-6a0c3fa4-6450-4253-ab87-94205acbb149 None None] Registered counter for database nova_cell0
Apr 17 03:18:59.906566 np0000166946 devstack@n-api-meta.service[110424]: DEBUG oslo_db.sqlalchemy.engines [None req-6a0c3fa4-6450-4253-ab87-94205acbb149 None None] MySQL server mode set to STRICT_TRANS_TABLES,STRICT_ALL_TABLES,NO_ZERO_IN_DATE,NO_ZERO_DATE,ERROR_FOR_DIVISION_BY_ZERO,TRADITIONAL,NO_ENGINE_SUBSTITUTION {{(pid=110424) _check_effective_sql_mode /opt/stack/data/venv/lib/python3.12/site-packages/oslo_db/sqlalchemy/engines.py:325}}
Apr 17 03:18:59.910294 np0000166946 devstack@n-api-meta.service[110426]: WARNING nova.api.metadata.handler [None req-0c3a007b-1854-4972-a0d7-bedb4d3277be None None] metadata_proxy_shared_secret is not configured, the metadata information returned by the proxy cannot be trusted
Apr 17 03:18:59.910981 np0000166946 devstack@n-api-meta.service[110425]: WARNING nova.api.metadata.handler [None req-aaa0ecdf-13bd-4391-9a0f-e2463ec5bb6d None None] metadata_proxy_shared_secret is not configured, the metadata information returned by the proxy cannot be trusted
Apr 17 03:18:59.913033 np0000166946 devstack@n-api-meta.service[110426]: DEBUG nova.api.openstack.wsgi_app [None req-0c3a007b-1854-4972-a0d7-bedb4d3277be None None] ******************************************************************************** {{(pid=110426) log_opt_values /opt/stack/data/venv/lib/python3.12/site-packages/oslo_config/cfg.py:2979}}
Apr 17 03:18:59.913152 np0000166946 devstack@n-api-meta.service[110426]: DEBUG nova.api.openstack.wsgi_app [None req-0c3a007b-1854-4972-a0d7-bedb4d3277be None None] Configuration options gathered from: {{(pid=110426) log_opt_values /opt/stack/data/venv/lib/python3.12/site-packages/oslo_config/cfg.py:2980}}
Apr 17 03:18:59.913217 np0000166946 devstack@n-api-meta.service[110426]: DEBUG nova.api.openstack.wsgi_app [None req-0c3a007b-1854-4972-a0d7-bedb4d3277be None None] command line args: [] {{(pid=110426) log_opt_values /opt/stack/data/venv/lib/python3.12/site-packages/oslo_config/cfg.py:2981}}
Apr 17 03:18:59.913468 np0000166946 devstack@n-api-meta.service[110426]: DEBUG nova.api.openstack.wsgi_app [None req-0c3a007b-1854-4972-a0d7-bedb4d3277be None None] config files: ['/etc/nova/api-paste.ini', '/etc/nova/nova.conf'] {{(pid=110426) log_opt_values /opt/stack/data/venv/lib/python3.12/site-packages/oslo_config/cfg.py:2982}}
Apr 17 03:18:59.913573 np0000166946 devstack@n-api-meta.service[110426]: DEBUG nova.api.openstack.wsgi_app [None req-0c3a007b-1854-4972-a0d7-bedb4d3277be None None] ================================================================================ {{(pid=110426) log_opt_values /opt/stack/data/venv/lib/python3.12/site-packages/oslo_config/cfg.py:2987}}
Apr 17 03:18:59.913768 np0000166946 devstack@n-api-meta.service[110426]: DEBUG nova.api.openstack.wsgi_app [None req-0c3a007b-1854-4972-a0d7-bedb4d3277be None None] allow_resize_to_same_host = True {{(pid=110426) log_opt_values /opt/stack/data/venv/lib/python3.12/site-packages/oslo_config/cfg.py:2995}}
Apr 17 03:18:59.913885 np0000166946 devstack@n-api-meta.service[110426]: DEBUG nova.api.openstack.wsgi_app [None req-0c3a007b-1854-4972-a0d7-bedb4d3277be None None] arq_binding_timeout = 300 {{(pid=110426) log_opt_values /opt/stack/data/venv/lib/python3.12/site-packages/oslo_config/cfg.py:2995}}
Apr 17 03:18:59.914043 np0000166946 devstack@n-api-meta.service[110426]: DEBUG nova.api.openstack.wsgi_app [None req-0c3a007b-1854-4972-a0d7-bedb4d3277be None None] block_device_allocate_retries = 60 {{(pid=110426) log_opt_values /opt/stack/data/venv/lib/python3.12/site-packages/oslo_config/cfg.py:2995}}
Apr 17 03:18:59.914176 np0000166946 devstack@n-api-meta.service[110426]: DEBUG nova.api.openstack.wsgi_app [None req-0c3a007b-1854-4972-a0d7-bedb4d3277be None None] block_device_allocate_retries_interval = 3 {{(pid=110426) log_opt_values /opt/stack/data/venv/lib/python3.12/site-packages/oslo_config/cfg.py:2995}}
Apr 17 03:18:59.914345 np0000166946 devstack@n-api-meta.service[110426]: DEBUG nova.api.openstack.wsgi_app [None req-0c3a007b-1854-4972-a0d7-bedb4d3277be None None] cell_worker_thread_pool_size = 5 {{(pid=110426) log_opt_values /opt/stack/data/venv/lib/python3.12/site-packages/oslo_config/cfg.py:2995}}
Apr 17 03:18:59.914492 np0000166946 devstack@n-api-meta.service[110426]: DEBUG nova.api.openstack.wsgi_app [None req-0c3a007b-1854-4972-a0d7-bedb4d3277be None None] cert = self.pem {{(pid=110426) log_opt_values /opt/stack/data/venv/lib/python3.12/site-packages/oslo_config/cfg.py:2995}}
Apr 17 03:18:59.914628 np0000166946 devstack@n-api-meta.service[110426]: DEBUG nova.api.openstack.wsgi_app [None req-0c3a007b-1854-4972-a0d7-bedb4d3277be None None] compute_driver = libvirt.LibvirtDriver {{(pid=110426) log_opt_values /opt/stack/data/venv/lib/python3.12/site-packages/oslo_config/cfg.py:2995}}
Apr 17 03:18:59.914781 np0000166946 devstack@n-api-meta.service[110426]: DEBUG nova.api.openstack.wsgi_app [None req-0c3a007b-1854-4972-a0d7-bedb4d3277be None None] compute_monitors = [] {{(pid=110426) log_opt_values /opt/stack/data/venv/lib/python3.12/site-packages/oslo_config/cfg.py:2995}}
Apr 17 03:18:59.914902 np0000166946 devstack@n-api-meta.service[110426]: DEBUG nova.api.openstack.wsgi_app [None req-0c3a007b-1854-4972-a0d7-bedb4d3277be None None] config_dir = [] {{(pid=110426) log_opt_values /opt/stack/data/venv/lib/python3.12/site-packages/oslo_config/cfg.py:2995}}
Apr 17 03:18:59.915034 np0000166946 devstack@n-api-meta.service[110426]: DEBUG nova.api.openstack.wsgi_app [None req-0c3a007b-1854-4972-a0d7-bedb4d3277be None None] config_drive_format = iso9660 {{(pid=110426) log_opt_values /opt/stack/data/venv/lib/python3.12/site-packages/oslo_config/cfg.py:2995}}
Apr 17 03:18:59.915163 np0000166946 devstack@n-api-meta.service[110426]: DEBUG nova.api.openstack.wsgi_app [None req-0c3a007b-1854-4972-a0d7-bedb4d3277be None None] config_file = ['/etc/nova/api-paste.ini', '/etc/nova/nova.conf'] {{(pid=110426) log_opt_values /opt/stack/data/venv/lib/python3.12/site-packages/oslo_config/cfg.py:2995}}
Apr 17 03:18:59.915323 np0000166946 devstack@n-api-meta.service[110426]: DEBUG nova.api.openstack.wsgi_app [None req-0c3a007b-1854-4972-a0d7-bedb4d3277be None None] config_source = [] {{(pid=110426) log_opt_values /opt/stack/data/venv/lib/python3.12/site-packages/oslo_config/cfg.py:2995}}
Apr 17 03:18:59.915513 np0000166946 devstack@n-api-meta.service[110426]: DEBUG nova.api.openstack.wsgi_app [None req-0c3a007b-1854-4972-a0d7-bedb4d3277be None None] console_host = np0000166946 {{(pid=110426) log_opt_values /opt/stack/data/venv/lib/python3.12/site-packages/oslo_config/cfg.py:2995}}
Apr 17 03:18:59.915651 np0000166946 devstack@n-api-meta.service[110426]: DEBUG nova.api.openstack.wsgi_app [None req-0c3a007b-1854-4972-a0d7-bedb4d3277be None None] control_exchange = nova {{(pid=110426) log_opt_values /opt/stack/data/venv/lib/python3.12/site-packages/oslo_config/cfg.py:2995}}
Apr 17 03:18:59.915788 np0000166946 devstack@n-api-meta.service[110426]: DEBUG nova.api.openstack.wsgi_app [None req-0c3a007b-1854-4972-a0d7-bedb4d3277be None None] cpu_allocation_ratio = None {{(pid=110426) log_opt_values /opt/stack/data/venv/lib/python3.12/site-packages/oslo_config/cfg.py:2995}}
Apr 17 03:18:59.915909 np0000166946 devstack@n-api-meta.service[110426]: DEBUG nova.api.openstack.wsgi_app [None req-0c3a007b-1854-4972-a0d7-bedb4d3277be None None] daemon = False {{(pid=110426) log_opt_values /opt/stack/data/venv/lib/python3.12/site-packages/oslo_config/cfg.py:2995}}
Apr 17 03:18:59.916057 np0000166946 devstack@n-api-meta.service[110426]: DEBUG nova.api.openstack.wsgi_app [None req-0c3a007b-1854-4972-a0d7-bedb4d3277be None None] debug = True {{(pid=110426) log_opt_values /opt/stack/data/venv/lib/python3.12/site-packages/oslo_config/cfg.py:2995}}
Apr 17 03:18:59.916155 np0000166946 devstack@n-api-meta.service[110426]: DEBUG nova.api.openstack.wsgi_app [None req-0c3a007b-1854-4972-a0d7-bedb4d3277be None None] default_access_ip_network_name = None {{(pid=110426) log_opt_values /opt/stack/data/venv/lib/python3.12/site-packages/oslo_config/cfg.py:2995}}
Apr 17 03:18:59.916341 np0000166946 devstack@n-api-meta.service[110426]: DEBUG nova.api.openstack.wsgi_app [None req-0c3a007b-1854-4972-a0d7-bedb4d3277be None None] default_availability_zone = nova {{(pid=110426) log_opt_values /opt/stack/data/venv/lib/python3.12/site-packages/oslo_config/cfg.py:2995}}
Apr 17 03:18:59.916487 np0000166946 devstack@n-api-meta.service[110426]: DEBUG nova.api.openstack.wsgi_app [None req-0c3a007b-1854-4972-a0d7-bedb4d3277be None None] default_ephemeral_format = ext4 {{(pid=110426) log_opt_values /opt/stack/data/venv/lib/python3.12/site-packages/oslo_config/cfg.py:2995}}
Apr 17 03:18:59.916621 np0000166946 devstack@n-api-meta.service[110426]: DEBUG nova.api.openstack.wsgi_app [None req-0c3a007b-1854-4972-a0d7-bedb4d3277be None None] default_green_pool_size = 1000 {{(pid=110426) log_opt_values /opt/stack/data/venv/lib/python3.12/site-packages/oslo_config/cfg.py:2995}}
Apr 17 03:18:59.916862 np0000166946 devstack@n-api-meta.service[110426]: DEBUG nova.api.openstack.wsgi_app [None req-0c3a007b-1854-4972-a0d7-bedb4d3277be None None] default_log_levels = ['amqp=WARN', 'boto=WARN', 'sqlalchemy=WARN', 'suds=INFO', 'oslo.messaging=INFO', 'oslo_messaging=INFO', 'iso8601=WARN', 'requests.packages.urllib3.connectionpool=WARN', 'urllib3.connectionpool=WARN', 'websocket=WARN', 'requests.packages.urllib3.util.retry=WARN', 'urllib3.util.retry=WARN', 'keystonemiddleware=WARN', 'routes.middleware=WARN', 'stevedore=WARN', 'taskflow=WARN', 'keystoneauth=WARN', 'oslo.cache=INFO', 'oslo_policy=INFO', 'dogpile.core.dogpile=INFO', 'glanceclient=WARN', 'oslo.privsep.daemon=INFO'] {{(pid=110426) log_opt_values /opt/stack/data/venv/lib/python3.12/site-packages/oslo_config/cfg.py:2995}}
Apr 17 03:18:59.917006 np0000166946 devstack@n-api-meta.service[110426]: DEBUG nova.api.openstack.wsgi_app [None req-0c3a007b-1854-4972-a0d7-bedb4d3277be None None] default_schedule_zone = None {{(pid=110426) log_opt_values /opt/stack/data/venv/lib/python3.12/site-packages/oslo_config/cfg.py:2995}}
Apr 17 03:18:59.917142 np0000166946 devstack@n-api-meta.service[110426]: DEBUG nova.api.openstack.wsgi_app [None req-0c3a007b-1854-4972-a0d7-bedb4d3277be None None] default_thread_pool_size = 10 {{(pid=110426) log_opt_values /opt/stack/data/venv/lib/python3.12/site-packages/oslo_config/cfg.py:2995}}
Apr 17 03:18:59.917311 np0000166946 devstack@n-api-meta.service[110426]: DEBUG nova.api.openstack.wsgi_app [None req-0c3a007b-1854-4972-a0d7-bedb4d3277be None None] disk_allocation_ratio = None {{(pid=110426) log_opt_values /opt/stack/data/venv/lib/python3.12/site-packages/oslo_config/cfg.py:2995}}
Apr 17 03:18:59.917485 np0000166946 devstack@n-api-meta.service[110426]: DEBUG nova.api.openstack.wsgi_app [None req-0c3a007b-1854-4972-a0d7-bedb4d3277be None None] enable_new_services = True {{(pid=110426) log_opt_values /opt/stack/data/venv/lib/python3.12/site-packages/oslo_config/cfg.py:2995}}
Apr 17 03:18:59.917619 np0000166946 devstack@n-api-meta.service[110426]: DEBUG nova.api.openstack.wsgi_app [None req-0c3a007b-1854-4972-a0d7-bedb4d3277be None None] flat_injected = False {{(pid=110426) log_opt_values /opt/stack/data/venv/lib/python3.12/site-packages/oslo_config/cfg.py:2995}}
Apr 17 03:18:59.917796 np0000166946 devstack@n-api-meta.service[110426]: DEBUG nova.api.openstack.wsgi_app [None req-0c3a007b-1854-4972-a0d7-bedb4d3277be None None] force_config_drive = False {{(pid=110426) log_opt_values /opt/stack/data/venv/lib/python3.12/site-packages/oslo_config/cfg.py:2995}}
Apr 17 03:18:59.917940 np0000166946 devstack@n-api-meta.service[110426]: DEBUG nova.api.openstack.wsgi_app [None req-0c3a007b-1854-4972-a0d7-bedb4d3277be None None] force_raw_images = True {{(pid=110426) log_opt_values /opt/stack/data/venv/lib/python3.12/site-packages/oslo_config/cfg.py:2995}}
Apr 17 03:18:59.918082 np0000166946 devstack@n-api-meta.service[110426]: DEBUG nova.api.openstack.wsgi_app [None req-0c3a007b-1854-4972-a0d7-bedb4d3277be None None] graceful_shutdown_timeout = 5 {{(pid=110426) log_opt_values /opt/stack/data/venv/lib/python3.12/site-packages/oslo_config/cfg.py:2995}}
Apr 17 03:18:59.918227 np0000166946 devstack@n-api-meta.service[110426]: DEBUG nova.api.openstack.wsgi_app [None req-0c3a007b-1854-4972-a0d7-bedb4d3277be None None] heal_instance_info_cache_interval = -1 {{(pid=110426) log_opt_values /opt/stack/data/venv/lib/python3.12/site-packages/oslo_config/cfg.py:2995}}
Apr 17 03:18:59.918274 np0000166946 devstack@n-api-meta.service[110424]: DEBUG dbcounter [-] [110424] Writer thread running {{(pid=110424) stat_writer /opt/stack/data/venv/lib/python3.12/site-packages/dbcounter.py:102}}
Apr 17 03:18:59.918456 np0000166946 devstack@n-api-meta.service[110426]: DEBUG nova.api.openstack.wsgi_app [None req-0c3a007b-1854-4972-a0d7-bedb4d3277be None None] host = np0000166946 {{(pid=110426) log_opt_values /opt/stack/data/venv/lib/python3.12/site-packages/oslo_config/cfg.py:2995}}
Apr 17 03:18:59.918589 np0000166946 devstack@n-api-meta.service[110426]: DEBUG nova.api.openstack.wsgi_app [None req-0c3a007b-1854-4972-a0d7-bedb4d3277be None None] initial_cpu_allocation_ratio = 4.0 {{(pid=110426) log_opt_values /opt/stack/data/venv/lib/python3.12/site-packages/oslo_config/cfg.py:2995}}
Apr 17 03:18:59.918771 np0000166946 devstack@n-api-meta.service[110426]: DEBUG nova.api.openstack.wsgi_app [None req-0c3a007b-1854-4972-a0d7-bedb4d3277be None None] initial_disk_allocation_ratio = 1.0 {{(pid=110426) log_opt_values /opt/stack/data/venv/lib/python3.12/site-packages/oslo_config/cfg.py:2995}}
Apr 17 03:18:59.918911 np0000166946 devstack@n-api-meta.service[110426]: DEBUG nova.api.openstack.wsgi_app [None req-0c3a007b-1854-4972-a0d7-bedb4d3277be None None] initial_ram_allocation_ratio = 1.0 {{(pid=110426) log_opt_values /opt/stack/data/venv/lib/python3.12/site-packages/oslo_config/cfg.py:2995}}
Apr 17 03:18:59.919143 np0000166946 devstack@n-api-meta.service[110426]: DEBUG nova.api.openstack.wsgi_app [None req-0c3a007b-1854-4972-a0d7-bedb4d3277be None None] injected_network_template = /opt/stack/nova/nova/virt/interfaces.template {{(pid=110426) log_opt_values /opt/stack/data/venv/lib/python3.12/site-packages/oslo_config/cfg.py:2995}}
Apr 17 03:18:59.919267 np0000166946 devstack@n-api-meta.service[110426]: DEBUG nova.api.openstack.wsgi_app [None req-0c3a007b-1854-4972-a0d7-bedb4d3277be None None] instance_build_timeout = 0 {{(pid=110426) log_opt_values /opt/stack/data/venv/lib/python3.12/site-packages/oslo_config/cfg.py:2995}}
Apr 17 03:18:59.919428 np0000166946 devstack@n-api-meta.service[110426]: DEBUG nova.api.openstack.wsgi_app [None req-0c3a007b-1854-4972-a0d7-bedb4d3277be None None] instance_delete_interval = 300 {{(pid=110426) log_opt_values /opt/stack/data/venv/lib/python3.12/site-packages/oslo_config/cfg.py:2995}}
Apr 17 03:18:59.919566 np0000166946 devstack@n-api-meta.service[110426]: DEBUG nova.api.openstack.wsgi_app [None req-0c3a007b-1854-4972-a0d7-bedb4d3277be None None] instance_format = [instance: %(uuid)s] {{(pid=110426) log_opt_values /opt/stack/data/venv/lib/python3.12/site-packages/oslo_config/cfg.py:2995}}
