Apr 22 22:01:26.321844 np0000169588 neutron-periodic-workers[106051]: DEBUG cotyledon.oslo_config_glue [-] ml2.mechanism_drivers = ['ovn'] {{(pid=106051) log_opt_values /opt/stack/data/venv/lib/python3.12/site-packages/oslo_config/cfg.py:3006}}
Apr 22 22:01:26.321901 np0000169588 neutron-periodic-workers[106051]: DEBUG cotyledon.oslo_config_glue [-] ml2.overlay_ip_version = 4 {{(pid=106051) log_opt_values /opt/stack/data/venv/lib/python3.12/site-packages/oslo_config/cfg.py:3006}}
Apr 22 22:01:26.321943 np0000169588 neutron-periodic-workers[106051]: DEBUG cotyledon.oslo_config_glue [-] ml2.path_mtu = 0 {{(pid=106051) log_opt_values /opt/stack/data/venv/lib/python3.12/site-packages/oslo_config/cfg.py:3006}}
Apr 22 22:01:26.322010 np0000169588 neutron-periodic-workers[106051]: DEBUG cotyledon.oslo_config_glue [-] ml2.physical_network_mtus = {} {{(pid=106051) log_opt_values /opt/stack/data/venv/lib/python3.12/site-packages/oslo_config/cfg.py:3006}}
Apr 22 22:01:26.322058 np0000169588 neutron-periodic-workers[106051]: DEBUG cotyledon.oslo_config_glue [-] ml2.project_network_types = ['geneve'] {{(pid=106051) log_opt_values /opt/stack/data/venv/lib/python3.12/site-packages/oslo_config/cfg.py:3006}}
Apr 22 22:01:26.322118 np0000169588 neutron-periodic-workers[106051]: DEBUG cotyledon.oslo_config_glue [-] ml2.tunnelled_network_rp_name = rp_tunnelled {{(pid=106051) log_opt_values /opt/stack/data/venv/lib/python3.12/site-packages/oslo_config/cfg.py:3006}}
Apr 22 22:01:26.322147 np0000169588 neutron-periodic-workers[106051]: DEBUG cotyledon.oslo_config_glue [-] ml2.type_drivers = ['local', 'flat', 'vlan', 'geneve'] {{(pid=106051) log_opt_values /opt/stack/data/venv/lib/python3.12/site-packages/oslo_config/cfg.py:3006}}
Apr 22 22:01:26.322409 np0000169588 neutron-periodic-workers[106051]: DEBUG cotyledon.oslo_config_glue [-] ml2_type_flat.flat_networks = ['public'] {{(pid=106051) log_opt_values /opt/stack/data/venv/lib/python3.12/site-packages/oslo_config/cfg.py:3006}}
Apr 22 22:01:26.322464 np0000169588 neutron-periodic-workers[106051]: DEBUG cotyledon.oslo_config_glue [-] ml2_type_geneve.max_header_size = 38 {{(pid=106051) log_opt_values /opt/stack/data/venv/lib/python3.12/site-packages/oslo_config/cfg.py:3006}}
Apr 22 22:01:26.322510 np0000169588 neutron-periodic-workers[106051]: DEBUG cotyledon.oslo_config_glue [-] ml2_type_geneve.vni_ranges = ['1:65536'] {{(pid=106051) log_opt_values /opt/stack/data/venv/lib/python3.12/site-packages/oslo_config/cfg.py:3006}}
Apr 22 22:01:26.322564 np0000169588 neutron-periodic-workers[106051]: DEBUG cotyledon.oslo_config_glue [-] ml2_type_vlan.network_vlan_ranges = ['public'] {{(pid=106051) log_opt_values /opt/stack/data/venv/lib/python3.12/site-packages/oslo_config/cfg.py:3006}}
Apr 22 22:01:26.323259 np0000169588 neutron-periodic-workers[106051]: DEBUG cotyledon.oslo_config_glue [-] network_log.burst_limit = 25 {{(pid=106051) log_opt_values /opt/stack/data/venv/lib/python3.12/site-packages/oslo_config/cfg.py:3006}}
Apr 22 22:01:26.323310 np0000169588 neutron-periodic-workers[106051]: DEBUG cotyledon.oslo_config_glue [-] network_log.local_output_log_base = None {{(pid=106051) log_opt_values /opt/stack/data/venv/lib/python3.12/site-packages/oslo_config/cfg.py:3006}}
Apr 22 22:01:26.323370 np0000169588 neutron-periodic-workers[106051]: DEBUG cotyledon.oslo_config_glue [-] network_log.rate_limit = 100 {{(pid=106051) log_opt_values /opt/stack/data/venv/lib/python3.12/site-packages/oslo_config/cfg.py:3006}}
Apr 22 22:01:26.323410 np0000169588 neutron-periodic-workers[106051]: DEBUG cotyledon.oslo_config_glue [-] database.asyncio_connection = **** {{(pid=106051) log_opt_values /opt/stack/data/venv/lib/python3.12/site-packages/oslo_config/cfg.py:3006}}
Apr 22 22:01:26.323459 np0000169588 neutron-periodic-workers[106051]: DEBUG cotyledon.oslo_config_glue [-] database.asyncio_slave_connection = **** {{(pid=106051) log_opt_values /opt/stack/data/venv/lib/python3.12/site-packages/oslo_config/cfg.py:3006}}
Apr 22 22:01:26.323519 np0000169588 neutron-periodic-workers[106051]: DEBUG cotyledon.oslo_config_glue [-] database.backend = sqlalchemy {{(pid=106051) log_opt_values /opt/stack/data/venv/lib/python3.12/site-packages/oslo_config/cfg.py:3006}}
Apr 22 22:01:26.323545 np0000169588 neutron-periodic-workers[106051]: DEBUG cotyledon.oslo_config_glue [-] database.connection = **** {{(pid=106051) log_opt_values /opt/stack/data/venv/lib/python3.12/site-packages/oslo_config/cfg.py:3006}}
Apr 22 22:01:26.323610 np0000169588 neutron-periodic-workers[106051]: DEBUG cotyledon.oslo_config_glue [-] database.connection_debug = 0 {{(pid=106051) log_opt_values /opt/stack/data/venv/lib/python3.12/site-packages/oslo_config/cfg.py:3006}}
Apr 22 22:01:26.323640 np0000169588 neutron-periodic-workers[106051]: DEBUG cotyledon.oslo_config_glue [-] database.connection_parameters = {{(pid=106051) log_opt_values /opt/stack/data/venv/lib/python3.12/site-packages/oslo_config/cfg.py:3006}}
Apr 22 22:01:26.323683 np0000169588 neutron-periodic-workers[106051]: DEBUG cotyledon.oslo_config_glue [-] database.connection_recycle_time = 3600 {{(pid=106051) log_opt_values /opt/stack/data/venv/lib/python3.12/site-packages/oslo_config/cfg.py:3006}}
Apr 22 22:01:26.323751 np0000169588 neutron-periodic-workers[106051]: DEBUG cotyledon.oslo_config_glue [-] database.connection_trace = False {{(pid=106051) log_opt_values /opt/stack/data/venv/lib/python3.12/site-packages/oslo_config/cfg.py:3006}}
Apr 22 22:01:26.323751 np0000169588 neutron-periodic-workers[106051]: DEBUG cotyledon.oslo_config_glue [-] database.db_inc_retry_interval = True {{(pid=106051) log_opt_values /opt/stack/data/venv/lib/python3.12/site-packages/oslo_config/cfg.py:3006}}
Apr 22 22:01:26.323834 np0000169588 neutron-periodic-workers[106051]: DEBUG cotyledon.oslo_config_glue [-] database.db_max_retries = 20 {{(pid=106051) log_opt_values /opt/stack/data/venv/lib/python3.12/site-packages/oslo_config/cfg.py:3006}}
Apr 22 22:01:26.323834 np0000169588 neutron-periodic-workers[106051]: DEBUG cotyledon.oslo_config_glue [-] database.db_max_retry_interval = 10 {{(pid=106051) log_opt_values /opt/stack/data/venv/lib/python3.12/site-packages/oslo_config/cfg.py:3006}}
Apr 22 22:01:26.323963 np0000169588 neutron-periodic-workers[106051]: DEBUG cotyledon.oslo_config_glue [-] database.db_retry_interval = 1 {{(pid=106051) log_opt_values /opt/stack/data/venv/lib/python3.12/site-packages/oslo_config/cfg.py:3006}}
Apr 22 22:01:26.323963 np0000169588 neutron-periodic-workers[106051]: DEBUG cotyledon.oslo_config_glue [-] database.max_overflow = 50 {{(pid=106051) log_opt_values /opt/stack/data/venv/lib/python3.12/site-packages/oslo_config/cfg.py:3006}}
Apr 22 22:01:26.323963 np0000169588 neutron-periodic-workers[106051]: DEBUG cotyledon.oslo_config_glue [-] database.max_pool_size = 5 {{(pid=106051) log_opt_values /opt/stack/data/venv/lib/python3.12/site-packages/oslo_config/cfg.py:3006}}
Apr 22 22:01:26.323963 np0000169588 neutron-periodic-workers[106051]: DEBUG cotyledon.oslo_config_glue [-] database.max_retries = 10 {{(pid=106051) log_opt_values /opt/stack/data/venv/lib/python3.12/site-packages/oslo_config/cfg.py:3006}}
Apr 22 22:01:26.324197 np0000169588 neutron-periodic-workers[106051]: DEBUG cotyledon.oslo_config_glue [-] database.mysql_sql_mode = TRADITIONAL {{(pid=106051) log_opt_values /opt/stack/data/venv/lib/python3.12/site-packages/oslo_config/cfg.py:3006}}
Apr 22 22:01:26.324197 np0000169588 neutron-periodic-workers[106051]: DEBUG cotyledon.oslo_config_glue [-] database.mysql_wsrep_sync_wait = None {{(pid=106051) log_opt_values /opt/stack/data/venv/lib/python3.12/site-packages/oslo_config/cfg.py:3006}}
Apr 22 22:01:26.324197 np0000169588 neutron-periodic-workers[106051]: DEBUG cotyledon.oslo_config_glue [-] database.pool_timeout = None {{(pid=106051) log_opt_values /opt/stack/data/venv/lib/python3.12/site-packages/oslo_config/cfg.py:3006}}
Apr 22 22:01:26.324197 np0000169588 neutron-periodic-workers[106051]: DEBUG cotyledon.oslo_config_glue [-] database.retry_interval = 10 {{(pid=106051) log_opt_values /opt/stack/data/venv/lib/python3.12/site-packages/oslo_config/cfg.py:3006}}
Apr 22 22:01:26.324197 np0000169588 neutron-periodic-workers[106051]: DEBUG cotyledon.oslo_config_glue [-] database.slave_connection = **** {{(pid=106051) log_opt_values /opt/stack/data/venv/lib/python3.12/site-packages/oslo_config/cfg.py:3006}}
Apr 22 22:01:26.324334 np0000169588 neutron-periodic-workers[106051]: DEBUG cotyledon.oslo_config_glue [-] database.sqlite_synchronous = True {{(pid=106051) log_opt_values /opt/stack/data/venv/lib/python3.12/site-packages/oslo_config/cfg.py:3006}}
Apr 22 22:01:26.324334 np0000169588 neutron-periodic-workers[106051]: DEBUG cotyledon.oslo_config_glue [-] database.synchronous_reader = True {{(pid=106051) log_opt_values /opt/stack/data/venv/lib/python3.12/site-packages/oslo_config/cfg.py:3006}}
Apr 22 22:01:26.324334 np0000169588 neutron-periodic-workers[106051]: DEBUG cotyledon.oslo_config_glue [-] database.use_db_reconnect = False {{(pid=106051) log_opt_values /opt/stack/data/venv/lib/python3.12/site-packages/oslo_config/cfg.py:3006}}
Apr 22 22:01:26.324446 np0000169588 neutron-periodic-workers[106051]: DEBUG cotyledon.oslo_config_glue [-] ovn.bfd_min_rx = 1000 {{(pid=106051) log_opt_values /opt/stack/data/venv/lib/python3.12/site-packages/oslo_config/cfg.py:3006}}
Apr 22 22:01:26.324446 np0000169588 neutron-periodic-workers[106051]: DEBUG cotyledon.oslo_config_glue [-] ovn.bfd_min_tx = 100 {{(pid=106051) log_opt_values /opt/stack/data/venv/lib/python3.12/site-packages/oslo_config/cfg.py:3006}}
Apr 22 22:01:26.324446 np0000169588 neutron-periodic-workers[106051]: DEBUG cotyledon.oslo_config_glue [-] ovn.bfd_mult = 3 {{(pid=106051) log_opt_values /opt/stack/data/venv/lib/python3.12/site-packages/oslo_config/cfg.py:3006}}
Apr 22 22:01:26.324556 np0000169588 neutron-periodic-workers[106051]: DEBUG cotyledon.oslo_config_glue [-] ovn.broadcast_arps_to_all_routers = True {{(pid=106051) log_opt_values /opt/stack/data/venv/lib/python3.12/site-packages/oslo_config/cfg.py:3006}}
Apr 22 22:01:26.324556 np0000169588 neutron-periodic-workers[106051]: DEBUG cotyledon.oslo_config_glue [-] ovn.dhcp_default_lease_time = 43200 {{(pid=106051) log_opt_values /opt/stack/data/venv/lib/python3.12/site-packages/oslo_config/cfg.py:3006}}
Apr 22 22:01:26.324556 np0000169588 neutron-periodic-workers[106051]: DEBUG cotyledon.oslo_config_glue [-] ovn.disable_ovn_dhcp_for_baremetal_ports = False {{(pid=106051) log_opt_values /opt/stack/data/venv/lib/python3.12/site-packages/oslo_config/cfg.py:3006}}
Apr 22 22:01:26.324673 np0000169588 neutron-periodic-workers[106051]: DEBUG cotyledon.oslo_config_glue [-] ovn.dns_records_ovn_owned = False {{(pid=106051) log_opt_values /opt/stack/data/venv/lib/python3.12/site-packages/oslo_config/cfg.py:3006}}
Apr 22 22:01:26.324673 np0000169588 neutron-periodic-workers[106051]: DEBUG cotyledon.oslo_config_glue [-] ovn.dns_servers = [] {{(pid=106051) log_opt_values /opt/stack/data/venv/lib/python3.12/site-packages/oslo_config/cfg.py:3006}}
Apr 22 22:01:26.324673 np0000169588 neutron-periodic-workers[106051]: DEBUG cotyledon.oslo_config_glue [-] ovn.enable_distributed_floating_ip = False {{(pid=106051) log_opt_values /opt/stack/data/venv/lib/python3.12/site-packages/oslo_config/cfg.py:3006}}
Apr 22 22:01:26.324757 np0000169588 neutron-periodic-workers[106051]: DEBUG cotyledon.oslo_config_glue [-] ovn.fdb_age_threshold = 300 {{(pid=106051) log_opt_values /opt/stack/data/venv/lib/python3.12/site-packages/oslo_config/cfg.py:3006}}
Apr 22 22:01:26.324757 np0000169588 neutron-periodic-workers[106051]: DEBUG cotyledon.oslo_config_glue [-] ovn.ha_failover_strategy = normal {{(pid=106051) log_opt_values /opt/stack/data/venv/lib/python3.12/site-packages/oslo_config/cfg.py:3006}}
Apr 22 22:01:26.324757 np0000169588 neutron-periodic-workers[106051]: DEBUG cotyledon.oslo_config_glue [-] ovn.live_migration_activation_strategy = rarp {{(pid=106051) log_opt_values /opt/stack/data/venv/lib/python3.12/site-packages/oslo_config/cfg.py:3006}}
Apr 22 22:01:26.324857 np0000169588 neutron-periodic-workers[106051]: DEBUG cotyledon.oslo_config_glue [-] ovn.localnet_learn_fdb = False {{(pid=106051) log_opt_values /opt/stack/data/venv/lib/python3.12/site-packages/oslo_config/cfg.py:3006}}
Apr 22 22:01:26.324857 np0000169588 neutron-periodic-workers[106051]: DEBUG cotyledon.oslo_config_glue [-] ovn.mac_binding_age_threshold = 300 {{(pid=106051) log_opt_values /opt/stack/data/venv/lib/python3.12/site-packages/oslo_config/cfg.py:3006}}
Apr 22 22:01:26.324914 np0000169588 neutron-periodic-workers[106051]: DEBUG cotyledon.oslo_config_glue [-] ovn.neutron_sync_mode = log {{(pid=106051) log_opt_values /opt/stack/data/venv/lib/python3.12/site-packages/oslo_config/cfg.py:3006}}
Apr 22 22:01:26.324914 np0000169588 neutron-periodic-workers[106051]: DEBUG cotyledon.oslo_config_glue [-] ovn.ovn_dhcp4_global_options = {} {{(pid=106051) log_opt_values /opt/stack/data/venv/lib/python3.12/site-packages/oslo_config/cfg.py:3006}}
Apr 22 22:01:26.325073 np0000169588 neutron-periodic-workers[106051]: DEBUG cotyledon.oslo_config_glue [-] ovn.ovn_dhcp6_global_options = {} {{(pid=106051) log_opt_values /opt/stack/data/venv/lib/python3.12/site-packages/oslo_config/cfg.py:3006}}
Apr 22 22:01:26.325073 np0000169588 neutron-periodic-workers[106051]: DEBUG cotyledon.oslo_config_glue [-] ovn.ovn_l3_scheduler = leastloaded {{(pid=106051) log_opt_values /opt/stack/data/venv/lib/python3.12/site-packages/oslo_config/cfg.py:3006}}
Apr 22 22:01:26.325073 np0000169588 neutron-periodic-workers[106051]: DEBUG cotyledon.oslo_config_glue [-] ovn.ovn_metadata_enabled = True {{(pid=106051) log_opt_values /opt/stack/data/venv/lib/python3.12/site-packages/oslo_config/cfg.py:3006}}
Apr 22 22:01:26.325158 np0000169588 neutron-periodic-workers[106051]: DEBUG cotyledon.oslo_config_glue [-] ovn.ovn_nb_ca_cert = /opt/stack/data/CA/int-ca/ca-chain.pem {{(pid=106051) log_opt_values /opt/stack/data/venv/lib/python3.12/site-packages/oslo_config/cfg.py:3006}}
Apr 22 22:01:26.325158 np0000169588 neutron-periodic-workers[106051]: DEBUG cotyledon.oslo_config_glue [-] ovn.ovn_nb_certificate = /opt/stack/data/CA/int-ca/devstack-cert.crt {{(pid=106051) log_opt_values /opt/stack/data/venv/lib/python3.12/site-packages/oslo_config/cfg.py:3006}}
Apr 22 22:01:26.325215 np0000169588 neutron-periodic-workers[106051]: DEBUG cotyledon.oslo_config_glue [-] ovn.ovn_nb_connection = ['ssl:199.204.45.205:6641'] {{(pid=106051) log_opt_values /opt/stack/data/venv/lib/python3.12/site-packages/oslo_config/cfg.py:3006}}
Apr 22 22:01:26.325215 np0000169588 neutron-periodic-workers[106051]: DEBUG cotyledon.oslo_config_glue [-] ovn.ovn_nb_private_key = /opt/stack/data/CA/int-ca/private/devstack-cert.key {{(pid=106051) log_opt_values /opt/stack/data/venv/lib/python3.12/site-packages/oslo_config/cfg.py:3006}}
Apr 22 22:01:26.325269 np0000169588 neutron-periodic-workers[106051]: DEBUG cotyledon.oslo_config_glue [-] ovn.ovn_router_indirect_snat = False {{(pid=106051) log_opt_values /opt/stack/data/venv/lib/python3.12/site-packages/oslo_config/cfg.py:3006}}
Apr 22 22:01:26.325328 np0000169588 neutron-periodic-workers[106051]: DEBUG cotyledon.oslo_config_glue [-] ovn.ovn_sb_ca_cert = /opt/stack/data/CA/int-ca/ca-chain.pem {{(pid=106051) log_opt_values /opt/stack/data/venv/lib/python3.12/site-packages/oslo_config/cfg.py:3006}}
Apr 22 22:01:26.325328 np0000169588 neutron-periodic-workers[106051]: DEBUG cotyledon.oslo_config_glue [-] ovn.ovn_sb_certificate = /opt/stack/data/CA/int-ca/devstack-cert.crt {{(pid=106051) log_opt_values /opt/stack/data/venv/lib/python3.12/site-packages/oslo_config/cfg.py:3006}}
Apr 22 22:01:26.325382 np0000169588 neutron-periodic-workers[106051]: DEBUG cotyledon.oslo_config_glue [-] ovn.ovn_sb_connection = ['ssl:199.204.45.205:6642'] {{(pid=106051) log_opt_values /opt/stack/data/venv/lib/python3.12/site-packages/oslo_config/cfg.py:3006}}
Apr 22 22:01:26.325411 np0000169588 neutron-periodic-workers[106051]: DEBUG cotyledon.oslo_config_glue [-] ovn.ovn_sb_private_key = /opt/stack/data/CA/int-ca/private/devstack-cert.key {{(pid=106051) log_opt_values /opt/stack/data/venv/lib/python3.12/site-packages/oslo_config/cfg.py:3006}}
Apr 22 22:01:26.325472 np0000169588 neutron-periodic-workers[106051]: DEBUG cotyledon.oslo_config_glue [-] ovn.ovs_create_tap = False {{(pid=106051) log_opt_values /opt/stack/data/venv/lib/python3.12/site-packages/oslo_config/cfg.py:3006}}
Apr 22 22:01:26.325472 np0000169588 neutron-periodic-workers[106051]: DEBUG cotyledon.oslo_config_glue [-] ovn.ovsdb_connection_timeout = 180 {{(pid=106051) log_opt_values /opt/stack/data/venv/lib/python3.12/site-packages/oslo_config/cfg.py:3006}}
Apr 22 22:01:26.325524 np0000169588 neutron-periodic-workers[106051]: DEBUG cotyledon.oslo_config_glue [-] ovn.ovsdb_log_level = INFO {{(pid=106051) log_opt_values /opt/stack/data/venv/lib/python3.12/site-packages/oslo_config/cfg.py:3006}}
Apr 22 22:01:26.325581 np0000169588 neutron-periodic-workers[106051]: DEBUG cotyledon.oslo_config_glue [-] ovn.ovsdb_probe_interval = 60000 {{(pid=106051) log_opt_values /opt/stack/data/venv/lib/python3.12/site-packages/oslo_config/cfg.py:3006}}
Apr 22 22:01:26.325611 np0000169588 neutron-periodic-workers[106051]: DEBUG cotyledon.oslo_config_glue [-] ovn.ovsdb_retry_max_interval = 180 {{(pid=106051) log_opt_values /opt/stack/data/venv/lib/python3.12/site-packages/oslo_config/cfg.py:3006}}
Apr 22 22:01:26.325645 np0000169588 neutron-periodic-workers[106051]: DEBUG cotyledon.oslo_config_glue [-] ovn.stateless_nat_enabled = False {{(pid=106051) log_opt_values /opt/stack/data/venv/lib/python3.12/site-packages/oslo_config/cfg.py:3006}}
Apr 22 22:01:26.325674 np0000169588 neutron-periodic-workers[106051]: DEBUG cotyledon.oslo_config_glue [-] ovn.vhost_sock_dir = /var/run/openvswitch {{(pid=106051) log_opt_values /opt/stack/data/venv/lib/python3.12/site-packages/oslo_config/cfg.py:3006}}
Apr 22 22:01:26.325757 np0000169588 neutron-periodic-workers[106051]: DEBUG cotyledon.oslo_config_glue [-] OVS.bridge_mac_table_size = 50000 {{(pid=106051) log_opt_values /opt/stack/data/venv/lib/python3.12/site-packages/oslo_config/cfg.py:3006}}
Apr 22 22:01:26.325757 np0000169588 neutron-periodic-workers[106051]: DEBUG cotyledon.oslo_config_glue [-] OVS.igmp_flood = False {{(pid=106051) log_opt_values /opt/stack/data/venv/lib/python3.12/site-packages/oslo_config/cfg.py:3006}}
Apr 22 22:01:26.325811 np0000169588 neutron-periodic-workers[106051]: DEBUG cotyledon.oslo_config_glue [-] OVS.igmp_flood_reports = True {{(pid=106051) log_opt_values /opt/stack/data/venv/lib/python3.12/site-packages/oslo_config/cfg.py:3006}}
Apr 22 22:01:26.325837 np0000169588 neutron-periodic-workers[106051]: DEBUG cotyledon.oslo_config_glue [-] OVS.igmp_flood_unregistered = False {{(pid=106051) log_opt_values /opt/stack/data/venv/lib/python3.12/site-packages/oslo_config/cfg.py:3006}}
Apr 22 22:01:26.325866 np0000169588 neutron-periodic-workers[106051]: DEBUG cotyledon.oslo_config_glue [-] OVS.igmp_snooping_enable = False {{(pid=106051) log_opt_values /opt/stack/data/venv/lib/python3.12/site-packages/oslo_config/cfg.py:3006}}
Apr 22 22:01:26.325924 np0000169588 neutron-periodic-workers[106051]: DEBUG cotyledon.oslo_config_glue [-] OVS.ovsdb_timeout = 10 {{(pid=106051) log_opt_values /opt/stack/data/venv/lib/python3.12/site-packages/oslo_config/cfg.py:3006}}
Apr 22 22:01:26.325954 np0000169588 neutron-periodic-workers[106051]: DEBUG cotyledon.oslo_config_glue [-] ovn_nb_global.fdb_removal_limit = 0 {{(pid=106051) log_opt_values /opt/stack/data/venv/lib/python3.12/site-packages/oslo_config/cfg.py:3006}}
Apr 22 22:01:26.326038 np0000169588 neutron-periodic-workers[106051]: DEBUG cotyledon.oslo_config_glue [-] ovn_nb_global.ignore_lsp_down = False {{(pid=106051) log_opt_values /opt/stack/data/venv/lib/python3.12/site-packages/oslo_config/cfg.py:3006}}
Apr 22 22:01:26.326111 np0000169588 neutron-periodic-workers[106051]: DEBUG cotyledon.oslo_config_glue [-] ovn_nb_global.mac_binding_removal_limit = 0 {{(pid=106051) log_opt_values /opt/stack/data/venv/lib/python3.12/site-packages/oslo_config/cfg.py:3006}}
Apr 22 22:01:26.326111 np0000169588 neutron-periodic-workers[106051]: DEBUG cotyledon.oslo_config_glue [-] ******************************************************************************** {{(pid=106051) log_opt_values /opt/stack/data/venv/lib/python3.12/site-packages/oslo_config/cfg.py:3013}}
Apr 22 22:01:26.326267 np0000169588 neutron-periodic-workers[106051]: DEBUG cotyledon._service_worker [-] Run service ServiceWrapper(0) [106051] {{(pid=106051) wait_forever /opt/stack/data/venv/lib/python3.12/site-packages/cotyledon/_service_worker.py:218}}
Apr 22 22:01:35.985451 np0000169588 neutron-periodic-workers[105312]: DEBUG dbcounter [-] [105312] Writing DB stats neutron:SELECT=4 {{(pid=105312) stat_writer /opt/stack/data/venv/lib/python3.12/site-packages/dbcounter.py:115}}
Apr 22 22:02:13.313184 np0000169588 neutron-periodic-workers[106035]: DEBUG oslo_db.sqlalchemy.engines [None req-eb68e3c2-b6e1-4d59-b7d0-2e8349cc5143 None None] Parent process 105312 forked (106035) with an open database connection, which is being discarded and recreated. {{(pid=106035) checkout /opt/stack/data/venv/lib/python3.12/site-packages/oslo_db/sqlalchemy/engines.py:402}}
Apr 22 22:02:13.323637 np0000169588 neutron-periodic-workers[106035]: DEBUG dbcounter [-] [106035] Writer thread running {{(pid=106035) stat_writer /opt/stack/data/venv/lib/python3.12/site-packages/dbcounter.py:102}}
Apr 22 22:02:13.326976 np0000169588 neutron-periodic-workers[106035]: DEBUG neutron.db.agents_db [None req-eb68e3c2-b6e1-4d59-b7d0-2e8349cc5143 None None] Agent healthcheck: found 0 active agents {{(pid=106035) agent_health_check /opt/stack/neutron/neutron/db/agents_db.py:317}}
Apr 22 22:02:13.326976 np0000169588 neutron-periodic-workers[106035]: DEBUG oslo.service.backend._threading.loopingcall [None req-eb68e3c2-b6e1-4d59-b7d0-2e8349cc5143 None None] Fixed interval looping call 'neutron.plugins.ml2.plugin.AgentDbMixin.agent_health_check' sleeping for 36.98 seconds {{(pid=106035) _run_loop /opt/stack/data/venv/lib/python3.12/site-packages/oslo_service/backend/_threading/loopingcall.py:125}}
Apr 22 22:02:22.299822 np0000169588 neutron-periodic-workers[106024]: DEBUG dbcounter [-] [106024] Writer thread running {{(pid=106024) stat_writer /opt/stack/data/venv/lib/python3.12/site-packages/dbcounter.py:102}}
Apr 22 22:02:22.308837 np0000169588 neutron-periodic-workers[106024]: DEBUG oslo.service.backend._threading.loopingcall [None req-0bf0235d-c09d-4be3-83dc-218907ffdf65 None None] Fixed interval looping call 'neutron.plugins.ml2.plugin.DhcpAgentSchedulerDbMixin.remove_networks_from_down_agents' sleeping for 36.98 seconds {{(pid=106024) _run_loop /opt/stack/data/venv/lib/python3.12/site-packages/oslo_service/backend/_threading/loopingcall.py:125}}
Apr 22 22:02:32.307536 np0000169588 neutron-periodic-workers[106024]: DEBUG dbcounter [-] [106024] Writing DB stats neutron:SELECT=3 {{(pid=106024) stat_writer /opt/stack/data/venv/lib/python3.12/site-packages/dbcounter.py:115}}
Apr 22 22:02:33.323400 np0000169588 neutron-periodic-workers[106035]: DEBUG dbcounter [-] [106035] Writing DB stats neutron:SELECT=1 {{(pid=106035) stat_writer /opt/stack/data/venv/lib/python3.12/site-packages/dbcounter.py:115}}
Apr 22 22:02:50.313420 np0000169588 neutron-periodic-workers[106035]: DEBUG neutron.db.agents_db [None req-eb68e3c2-b6e1-4d59-b7d0-2e8349cc5143 None None] Agent healthcheck: found 0 active agents {{(pid=106035) agent_health_check /opt/stack/neutron/neutron/db/agents_db.py:317}}
Apr 22 22:02:50.314140 np0000169588 neutron-periodic-workers[106035]: DEBUG oslo.service.backend._threading.loopingcall [None req-eb68e3c2-b6e1-4d59-b7d0-2e8349cc5143 None None] Fixed interval looping call 'neutron.plugins.ml2.plugin.AgentDbMixin.agent_health_check' sleeping for 36.99 seconds {{(pid=106035) _run_loop /opt/stack/data/venv/lib/python3.12/site-packages/oslo_service/backend/_threading/loopingcall.py:125}}
Apr 22 22:02:59.298498 np0000169588 neutron-periodic-workers[106024]: DEBUG oslo.service.backend._threading.loopingcall [None req-0bf0235d-c09d-4be3-83dc-218907ffdf65 None None] Fixed interval looping call 'neutron.plugins.ml2.plugin.DhcpAgentSchedulerDbMixin.remove_networks_from_down_agents' sleeping for 36.99 seconds {{(pid=106024) _run_loop /opt/stack/data/venv/lib/python3.12/site-packages/oslo_service/backend/_threading/loopingcall.py:125}}
Apr 22 22:03:00.311193 np0000169588 neutron-periodic-workers[106035]: DEBUG dbcounter [-] [106035] Writing DB stats neutron:SELECT=1 {{(pid=106035) stat_writer /opt/stack/data/venv/lib/python3.12/site-packages/dbcounter.py:115}}
Apr 22 22:03:09.296816 np0000169588 neutron-periodic-workers[106024]: DEBUG dbcounter [-] [106024] Writing DB stats neutron:SELECT=3 {{(pid=106024) stat_writer /opt/stack/data/venv/lib/python3.12/site-packages/dbcounter.py:115}}
Apr 22 22:03:26.346178 np0000169588 neutron-periodic-workers[106051]: DEBUG dbcounter [-] [106051] Writer thread running {{(pid=106051) stat_writer /opt/stack/data/venv/lib/python3.12/site-packages/dbcounter.py:102}}
Apr 22 22:03:26.349004 np0000169588 neutron-periodic-workers[106051]: DEBUG oslo.service.backend._threading.loopingcall [None req-ab6b986b-99db-4618-804b-d3b33af58c77 None None] Fixed interval looping call 'neutron.db.quota.driver_nolock.DbQuotaNoLockDriver._remove_expired_reservations' sleeping for 119.98 seconds {{(pid=106051) _run_loop /opt/stack/data/venv/lib/python3.12/site-packages/oslo_service/backend/_threading/loopingcall.py:125}}
Apr 22 22:03:27.308494 np0000169588 neutron-periodic-workers[106035]: DEBUG neutron.db.agents_db [None req-eb68e3c2-b6e1-4d59-b7d0-2e8349cc5143 None None] Agent healthcheck: found 0 active agents {{(pid=106035) agent_health_check /opt/stack/neutron/neutron/db/agents_db.py:317}}
Apr 22 22:03:27.309627 np0000169588 neutron-periodic-workers[106035]: DEBUG oslo.service.backend._threading.loopingcall [None req-eb68e3c2-b6e1-4d59-b7d0-2e8349cc5143 None None] Fixed interval looping call 'neutron.plugins.ml2.plugin.AgentDbMixin.agent_health_check' sleeping for 37.00 seconds {{(pid=106035) _run_loop /opt/stack/data/venv/lib/python3.12/site-packages/oslo_service/backend/_threading/loopingcall.py:125}}
Apr 22 22:03:36.296116 np0000169588 neutron-periodic-workers[106024]: DEBUG oslo.service.backend._threading.loopingcall [None req-0bf0235d-c09d-4be3-83dc-218907ffdf65 None None] Fixed interval looping call 'neutron.plugins.ml2.plugin.DhcpAgentSchedulerDbMixin.remove_networks_from_down_agents' sleeping for 36.99 seconds {{(pid=106024) _run_loop /opt/stack/data/venv/lib/python3.12/site-packages/oslo_service/backend/_threading/loopingcall.py:125}}
Apr 22 22:03:37.306913 np0000169588 neutron-periodic-workers[106035]: DEBUG dbcounter [-] [106035] Writing DB stats neutron:SELECT=1 {{(pid=106035) stat_writer /opt/stack/data/venv/lib/python3.12/site-packages/dbcounter.py:115}}
Apr 22 22:03:46.295059 np0000169588 neutron-periodic-workers[106024]: DEBUG dbcounter [-] [106024] Writing DB stats neutron:SELECT=3 {{(pid=106024) stat_writer /opt/stack/data/venv/lib/python3.12/site-packages/dbcounter.py:115}}
Apr 22 22:03:46.346735 np0000169588 neutron-periodic-workers[106051]: DEBUG dbcounter [-] [106051] Writing DB stats neutron:DELETE=1 {{(pid=106051) stat_writer /opt/stack/data/venv/lib/python3.12/site-packages/dbcounter.py:115}}
Apr 22 22:04:04.314782 np0000169588 neutron-periodic-workers[106035]: DEBUG neutron.db.agents_db [None req-eb68e3c2-b6e1-4d59-b7d0-2e8349cc5143 None None] Agent healthcheck: found 0 active agents {{(pid=106035) agent_health_check /opt/stack/neutron/neutron/db/agents_db.py:317}}
Apr 22 22:04:04.315483 np0000169588 neutron-periodic-workers[106035]: DEBUG oslo.service.backend._threading.loopingcall [None req-eb68e3c2-b6e1-4d59-b7d0-2e8349cc5143 None None] Fixed interval looping call 'neutron.plugins.ml2.plugin.AgentDbMixin.agent_health_check' sleeping for 36.99 seconds {{(pid=106035) _run_loop /opt/stack/data/venv/lib/python3.12/site-packages/oslo_service/backend/_threading/loopingcall.py:125}}
Apr 22 22:04:13.295423 np0000169588 neutron-periodic-workers[106024]: DEBUG oslo.service.backend._threading.loopingcall [None req-0bf0235d-c09d-4be3-83dc-218907ffdf65 None None] Fixed interval looping call 'neutron.plugins.ml2.plugin.DhcpAgentSchedulerDbMixin.remove_networks_from_down_agents' sleeping for 36.99 seconds {{(pid=106024) _run_loop /opt/stack/data/venv/lib/python3.12/site-packages/oslo_service/backend/_threading/loopingcall.py:125}}
Apr 22 22:04:14.313044 np0000169588 neutron-periodic-workers[106035]: DEBUG dbcounter [-] [106035] Writing DB stats neutron:SELECT=1 {{(pid=106035) stat_writer /opt/stack/data/venv/lib/python3.12/site-packages/dbcounter.py:115}}
Apr 22 22:04:23.294577 np0000169588 neutron-periodic-workers[106024]: DEBUG dbcounter [-] [106024] Writing DB stats neutron:SELECT=3 {{(pid=106024) stat_writer /opt/stack/data/venv/lib/python3.12/site-packages/dbcounter.py:115}}
Apr 22 22:04:41.310810 np0000169588 neutron-periodic-workers[106035]: DEBUG neutron.db.agents_db [None req-eb68e3c2-b6e1-4d59-b7d0-2e8349cc5143 None None] Agent healthcheck: found 0 active agents {{(pid=106035) agent_health_check /opt/stack/neutron/neutron/db/agents_db.py:317}}
Apr 22 22:04:41.311491 np0000169588 neutron-periodic-workers[106035]: DEBUG oslo.service.backend._threading.loopingcall [None req-eb68e3c2-b6e1-4d59-b7d0-2e8349cc5143 None None] Fixed interval looping call 'neutron.plugins.ml2.plugin.AgentDbMixin.agent_health_check' sleeping for 36.99 seconds {{(pid=106035) _run_loop /opt/stack/data/venv/lib/python3.12/site-packages/oslo_service/backend/_threading/loopingcall.py:125}}
Apr 22 22:04:50.294298 np0000169588 neutron-periodic-workers[106024]: DEBUG oslo.service.backend._threading.loopingcall [None req-0bf0235d-c09d-4be3-83dc-218907ffdf65 None None] Fixed interval looping call 'neutron.plugins.ml2.plugin.DhcpAgentSchedulerDbMixin.remove_networks_from_down_agents' sleeping for 36.99 seconds {{(pid=106024) _run_loop /opt/stack/data/venv/lib/python3.12/site-packages/oslo_service/backend/_threading/loopingcall.py:125}}
Apr 22 22:04:51.309247 np0000169588 neutron-periodic-workers[106035]: DEBUG dbcounter [-] [106035] Writing DB stats neutron:SELECT=1 {{(pid=106035) stat_writer /opt/stack/data/venv/lib/python3.12/site-packages/dbcounter.py:115}}
Apr 22 22:05:00.293428 np0000169588 neutron-periodic-workers[106024]: DEBUG dbcounter [-] [106024] Writing DB stats neutron:SELECT=3 {{(pid=106024) stat_writer /opt/stack/data/venv/lib/python3.12/site-packages/dbcounter.py:115}}
Apr 22 22:05:18.306429 np0000169588 neutron-periodic-workers[106035]: DEBUG neutron.db.agents_db [None req-eb68e3c2-b6e1-4d59-b7d0-2e8349cc5143 None None] Agent healthcheck: found 0 active agents {{(pid=106035) agent_health_check /opt/stack/neutron/neutron/db/agents_db.py:317}}
Apr 22 22:05:18.307065 np0000169588 neutron-periodic-workers[106035]: DEBUG oslo.service.backend._threading.loopingcall [None req-eb68e3c2-b6e1-4d59-b7d0-2e8349cc5143 None None] Fixed interval looping call 'neutron.plugins.ml2.plugin.AgentDbMixin.agent_health_check' sleeping for 36.99 seconds {{(pid=106035) _run_loop /opt/stack/data/venv/lib/python3.12/site-packages/oslo_service/backend/_threading/loopingcall.py:125}}
Apr 22 22:05:25.316032 np0000169588 neutron-periodic-workers[106015]: DEBUG dbcounter [-] [106015] Writer thread running {{(pid=106015) stat_writer /opt/stack/data/venv/lib/python3.12/site-packages/dbcounter.py:102}}
Apr 22 22:05:25.324481 np0000169588 neutron-periodic-workers[106015]: DEBUG oslo.service.backend._threading.loopingcall [None req-0cdae361-f5c1-473b-8e56-104e9084402b None None] Fixed interval looping call 'neutron.services.ovn_l3.plugin.L3_NAT_dbonly_mixin._clean_garbage' sleeping for 299.96 seconds {{(pid=106015) _run_loop /opt/stack/data/venv/lib/python3.12/site-packages/oslo_service/backend/_threading/loopingcall.py:125}}
Apr 22 22:05:26.370824 np0000169588 neutron-periodic-workers[106051]: DEBUG oslo.service.backend._threading.loopingcall [None req-ab6b986b-99db-4618-804b-d3b33af58c77 None None] Fixed interval looping call 'neutron.db.quota.driver_nolock.DbQuotaNoLockDriver._remove_expired_reservations' sleeping for 119.96 seconds {{(pid=106051) _run_loop /opt/stack/data/venv/lib/python3.12/site-packages/oslo_service/backend/_threading/loopingcall.py:125}}
Apr 22 22:05:27.324516 np0000169588 neutron-periodic-workers[106024]: DEBUG oslo.service.backend._threading.loopingcall [None req-0bf0235d-c09d-4be3-83dc-218907ffdf65 None None] Fixed interval looping call 'neutron.plugins.ml2.plugin.DhcpAgentSchedulerDbMixin.remove_networks_from_down_agents' sleeping for 36.96 seconds {{(pid=106024) _run_loop /opt/stack/data/venv/lib/python3.12/site-packages/oslo_service/backend/_threading/loopingcall.py:125}}
Apr 22 22:05:28.304362 np0000169588 neutron-periodic-workers[106035]: DEBUG dbcounter [-] [106035] Writing DB stats neutron:SELECT=1 {{(pid=106035) stat_writer /opt/stack/data/venv/lib/python3.12/site-packages/dbcounter.py:115}}
Apr 22 22:05:35.316708 np0000169588 neutron-periodic-workers[106015]: DEBUG dbcounter [-] [106015] Writing DB stats neutron:SELECT=1 {{(pid=106015) stat_writer /opt/stack/data/venv/lib/python3.12/site-packages/dbcounter.py:115}}
Apr 22 22:05:36.333089 np0000169588 neutron-periodic-workers[106051]: DEBUG dbcounter [-] [106051] Writing DB stats neutron:DELETE=1 {{(pid=106051) stat_writer /opt/stack/data/venv/lib/python3.12/site-packages/dbcounter.py:115}}
Apr 22 22:05:37.323496 np0000169588 neutron-periodic-workers[106024]: DEBUG dbcounter [-] [106024] Writing DB stats neutron:SELECT=3 {{(pid=106024) stat_writer /opt/stack/data/venv/lib/python3.12/site-packages/dbcounter.py:115}}
Apr 22 22:05:55.302735 np0000169588 neutron-periodic-workers[106035]: DEBUG neutron.db.agents_db [None req-eb68e3c2-b6e1-4d59-b7d0-2e8349cc5143 None None] Agent healthcheck: found 0 active agents {{(pid=106035) agent_health_check /opt/stack/neutron/neutron/db/agents_db.py:317}}
Apr 22 22:05:55.303366 np0000169588 neutron-periodic-workers[106035]: DEBUG oslo.service.backend._threading.loopingcall [None req-eb68e3c2-b6e1-4d59-b7d0-2e8349cc5143 None None] Fixed interval looping call 'neutron.plugins.ml2.plugin.AgentDbMixin.agent_health_check' sleeping for 36.99 seconds {{(pid=106035) _run_loop /opt/stack/data/venv/lib/python3.12/site-packages/oslo_service/backend/_threading/loopingcall.py:125}}
Apr 22 22:06:04.293166 np0000169588 neutron-periodic-workers[106024]: DEBUG oslo.service.backend._threading.loopingcall [None req-0bf0235d-c09d-4be3-83dc-218907ffdf65 None None] Fixed interval looping call 'neutron.plugins.ml2.plugin.DhcpAgentSchedulerDbMixin.remove_networks_from_down_agents' sleeping for 36.99 seconds {{(pid=106024) _run_loop /opt/stack/data/venv/lib/python3.12/site-packages/oslo_service/backend/_threading/loopingcall.py:125}}
Apr 22 22:06:05.300641 np0000169588 neutron-periodic-workers[106035]: DEBUG dbcounter [-] [106035] Writing DB stats neutron:SELECT=1 {{(pid=106035) stat_writer /opt/stack/data/venv/lib/python3.12/site-packages/dbcounter.py:115}}
Apr 22 22:06:14.294271 np0000169588 neutron-periodic-workers[106024]: DEBUG dbcounter [-] [106024] Writing DB stats neutron:SELECT=3 {{(pid=106024) stat_writer /opt/stack/data/venv/lib/python3.12/site-packages/dbcounter.py:115}}
Apr 22 22:06:32.298844 np0000169588 neutron-periodic-workers[106035]: DEBUG neutron.db.agents_db [None req-eb68e3c2-b6e1-4d59-b7d0-2e8349cc5143 None None] Agent healthcheck: found 0 active agents {{(pid=106035) agent_health_check /opt/stack/neutron/neutron/db/agents_db.py:317}}
Apr 22 22:06:32.299584 np0000169588 neutron-periodic-workers[106035]: DEBUG oslo.service.backend._threading.loopingcall [None req-eb68e3c2-b6e1-4d59-b7d0-2e8349cc5143 None None] Fixed interval looping call 'neutron.plugins.ml2.plugin.AgentDbMixin.agent_health_check' sleeping for 36.99 seconds {{(pid=106035) _run_loop /opt/stack/data/venv/lib/python3.12/site-packages/oslo_service/backend/_threading/loopingcall.py:125}}
Apr 22 22:06:41.294102 np0000169588 neutron-periodic-workers[106024]: DEBUG oslo.service.backend._threading.loopingcall [None req-0bf0235d-c09d-4be3-83dc-218907ffdf65 None None] Fixed interval looping call 'neutron.plugins.ml2.plugin.DhcpAgentSchedulerDbMixin.remove_networks_from_down_agents' sleeping for 36.99 seconds {{(pid=106024) _run_loop /opt/stack/data/venv/lib/python3.12/site-packages/oslo_service/backend/_threading/loopingcall.py:125}}
Apr 22 22:06:42.297675 np0000169588 neutron-periodic-workers[106035]: DEBUG dbcounter [-] [106035] Writing DB stats neutron:SELECT=1 {{(pid=106035) stat_writer /opt/stack/data/venv/lib/python3.12/site-packages/dbcounter.py:115}}
Apr 22 22:06:51.292452 np0000169588 neutron-periodic-workers[106024]: DEBUG dbcounter [-] [106024] Writing DB stats neutron:SELECT=3 {{(pid=106024) stat_writer /opt/stack/data/venv/lib/python3.12/site-packages/dbcounter.py:115}}
Apr 22 22:07:09.304010 np0000169588 neutron-periodic-workers[106035]: DEBUG neutron.db.agents_db [None req-eb68e3c2-b6e1-4d59-b7d0-2e8349cc5143 None None] Agent healthcheck: found 0 active agents {{(pid=106035) agent_health_check /opt/stack/neutron/neutron/db/agents_db.py:317}}
Apr 22 22:07:09.304539 np0000169588 neutron-periodic-workers[106035]: DEBUG oslo.service.backend._threading.loopingcall [None req-eb68e3c2-b6e1-4d59-b7d0-2e8349cc5143 None None] Fixed interval looping call 'neutron.plugins.ml2.plugin.AgentDbMixin.agent_health_check' sleeping for 36.99 seconds {{(pid=106035) _run_loop /opt/stack/data/venv/lib/python3.12/site-packages/oslo_service/backend/_threading/loopingcall.py:125}}
Apr 22 22:07:18.294137 np0000169588 neutron-periodic-workers[106024]: DEBUG oslo.service.backend._threading.loopingcall [None req-0bf0235d-c09d-4be3-83dc-218907ffdf65 None None] Fixed interval looping call 'neutron.plugins.ml2.plugin.DhcpAgentSchedulerDbMixin.remove_networks_from_down_agents' sleeping for 36.99 seconds {{(pid=106024) _run_loop /opt/stack/data/venv/lib/python3.12/site-packages/oslo_service/backend/_threading/loopingcall.py:125}}
Apr 22 22:07:19.299396 np0000169588 neutron-periodic-workers[106035]: DEBUG dbcounter [-] [106035] Writing DB stats neutron:SELECT=1 {{(pid=106035) stat_writer /opt/stack/data/venv/lib/python3.12/site-packages/dbcounter.py:115}}
Apr 22 22:07:26.336953 np0000169588 neutron-periodic-workers[106051]: DEBUG oslo.service.backend._threading.loopingcall [None req-ab6b986b-99db-4618-804b-d3b33af58c77 None None] Fixed interval looping call 'neutron.db.quota.driver_nolock.DbQuotaNoLockDriver._remove_expired_reservations' sleeping for 119.99 seconds {{(pid=106051) _run_loop /opt/stack/data/venv/lib/python3.12/site-packages/oslo_service/backend/_threading/loopingcall.py:125}}
Apr 22 22:07:28.292601 np0000169588 neutron-periodic-workers[106024]: DEBUG dbcounter [-] [106024] Writing DB stats neutron:SELECT=3 {{(pid=106024) stat_writer /opt/stack/data/venv/lib/python3.12/site-packages/dbcounter.py:115}}
Apr 22 22:07:36.335897 np0000169588 neutron-periodic-workers[106051]: DEBUG dbcounter [-] [106051] Writing DB stats neutron:DELETE=1 {{(pid=106051) stat_writer /opt/stack/data/venv/lib/python3.12/site-packages/dbcounter.py:115}}
Apr 22 22:07:46.299625 np0000169588 neutron-periodic-workers[106035]: DEBUG neutron.db.agents_db [None req-eb68e3c2-b6e1-4d59-b7d0-2e8349cc5143 None None] Agent healthcheck: found 0 active agents {{(pid=106035) agent_health_check /opt/stack/neutron/neutron/db/agents_db.py:317}}
Apr 22 22:07:46.300259 np0000169588 neutron-periodic-workers[106035]: DEBUG oslo.service.backend._threading.loopingcall [None req-eb68e3c2-b6e1-4d59-b7d0-2e8349cc5143 None None] Fixed interval looping call 'neutron.plugins.ml2.plugin.AgentDbMixin.agent_health_check' sleeping for 36.99 seconds {{(pid=106035) _run_loop /opt/stack/data/venv/lib/python3.12/site-packages/oslo_service/backend/_threading/loopingcall.py:125}}
Apr 22 22:07:55.293004 np0000169588 neutron-periodic-workers[106024]: DEBUG oslo.service.backend._threading.loopingcall [None req-0bf0235d-c09d-4be3-83dc-218907ffdf65 None None] Fixed interval looping call 'neutron.plugins.ml2.plugin.DhcpAgentSchedulerDbMixin.remove_networks_from_down_agents' sleeping for 36.99 seconds {{(pid=106024) _run_loop /opt/stack/data/venv/lib/python3.12/site-packages/oslo_service/backend/_threading/loopingcall.py:125}}
Apr 22 22:07:56.297881 np0000169588 neutron-periodic-workers[106035]: DEBUG dbcounter [-] [106035] Writing DB stats neutron:SELECT=1 {{(pid=106035) stat_writer /opt/stack/data/venv/lib/python3.12/site-packages/dbcounter.py:115}}
Apr 22 22:08:05.292490 np0000169588 neutron-periodic-workers[106024]: DEBUG dbcounter [-] [106024] Writing DB stats neutron:SELECT=3 {{(pid=106024) stat_writer /opt/stack/data/venv/lib/python3.12/site-packages/dbcounter.py:115}}
Apr 22 22:08:23.295508 np0000169588 neutron-periodic-workers[106035]: DEBUG neutron.db.agents_db [None req-eb68e3c2-b6e1-4d59-b7d0-2e8349cc5143 None None] Agent healthcheck: found 0 active agents {{(pid=106035) agent_health_check /opt/stack/neutron/neutron/db/agents_db.py:317}}
Apr 22 22:08:23.296265 np0000169588 neutron-periodic-workers[106035]: DEBUG oslo.service.backend._threading.loopingcall [None req-eb68e3c2-b6e1-4d59-b7d0-2e8349cc5143 None None] Fixed interval looping call 'neutron.plugins.ml2.plugin.AgentDbMixin.agent_health_check' sleeping for 36.99 seconds {{(pid=106035) _run_loop /opt/stack/data/venv/lib/python3.12/site-packages/oslo_service/backend/_threading/loopingcall.py:125}}
Apr 22 22:08:32.292953 np0000169588 neutron-periodic-workers[106024]: DEBUG oslo.service.backend._threading.loopingcall [None req-0bf0235d-c09d-4be3-83dc-218907ffdf65 None None] Fixed interval looping call 'neutron.plugins.ml2.plugin.DhcpAgentSchedulerDbMixin.remove_networks_from_down_agents' sleeping for 36.99 seconds {{(pid=106024) _run_loop /opt/stack/data/venv/lib/python3.12/site-packages/oslo_service/backend/_threading/loopingcall.py:125}}
Apr 22 22:08:33.293347 np0000169588 neutron-periodic-workers[106035]: DEBUG dbcounter [-] [106035] Writing DB stats neutron:SELECT=1 {{(pid=106035) stat_writer /opt/stack/data/venv/lib/python3.12/site-packages/dbcounter.py:115}}
Apr 22 22:08:42.293888 np0000169588 neutron-periodic-workers[106024]: DEBUG dbcounter [-] [106024] Writing DB stats neutron:SELECT=3 {{(pid=106024) stat_writer /opt/stack/data/venv/lib/python3.12/site-packages/dbcounter.py:115}}
Apr 22 22:09:00.292231 np0000169588 neutron-periodic-workers[106035]: DEBUG neutron.db.agents_db [None req-eb68e3c2-b6e1-4d59-b7d0-2e8349cc5143 None None] Agent healthcheck: found 0 active agents {{(pid=106035) agent_health_check /opt/stack/neutron/neutron/db/agents_db.py:317}}
Apr 22 22:09:00.292873 np0000169588 neutron-periodic-workers[106035]: DEBUG oslo.service.backend._threading.loopingcall [None req-eb68e3c2-b6e1-4d59-b7d0-2e8349cc5143 None None] Fixed interval looping call 'neutron.plugins.ml2.plugin.AgentDbMixin.agent_health_check' sleeping for 36.99 seconds {{(pid=106035) _run_loop /opt/stack/data/venv/lib/python3.12/site-packages/oslo_service/backend/_threading/loopingcall.py:125}}
Apr 22 22:09:09.292147 np0000169588 neutron-periodic-workers[106024]: DEBUG oslo.service.backend._threading.loopingcall [None req-0bf0235d-c09d-4be3-83dc-218907ffdf65 None None] Fixed interval looping call 'neutron.plugins.ml2.plugin.DhcpAgentSchedulerDbMixin.remove_networks_from_down_agents' sleeping for 36.99 seconds {{(pid=106024) _run_loop /opt/stack/data/venv/lib/python3.12/site-packages/oslo_service/backend/_threading/loopingcall.py:125}}
Apr 22 22:09:10.291908 np0000169588 neutron-periodic-workers[106035]: DEBUG dbcounter [-] [106035] Writing DB stats neutron:SELECT=1 {{(pid=106035) stat_writer /opt/stack/data/venv/lib/python3.12/site-packages/dbcounter.py:115}}
Apr 22 22:09:19.291445 np0000169588 neutron-periodic-workers[106024]: DEBUG dbcounter [-] [106024] Writing DB stats neutron:SELECT=3 {{(pid=106024) stat_writer /opt/stack/data/venv/lib/python3.12/site-packages/dbcounter.py:115}}
Apr 22 22:09:26.332923 np0000169588 neutron-periodic-workers[106051]: DEBUG oslo.service.backend._threading.loopingcall [None req-ab6b986b-99db-4618-804b-d3b33af58c77 None None] Fixed interval looping call 'neutron.db.quota.driver_nolock.DbQuotaNoLockDriver._remove_expired_reservations' sleeping for 119.99 seconds {{(pid=106051) _run_loop /opt/stack/data/venv/lib/python3.12/site-packages/oslo_service/backend/_threading/loopingcall.py:125}}
Apr 22 22:09:36.331603 np0000169588 neutron-periodic-workers[106051]: DEBUG dbcounter [-] [106051] Writing DB stats neutron:DELETE=1 {{(pid=106051) stat_writer /opt/stack/data/venv/lib/python3.12/site-packages/dbcounter.py:115}}
Apr 22 22:09:37.287544 np0000169588 neutron-periodic-workers[106035]: DEBUG neutron.db.agents_db [None req-eb68e3c2-b6e1-4d59-b7d0-2e8349cc5143 None None] Agent healthcheck: found 0 active agents {{(pid=106035) agent_health_check /opt/stack/neutron/neutron/db/agents_db.py:317}}
Apr 22 22:09:37.288087 np0000169588 neutron-periodic-workers[106035]: DEBUG oslo.service.backend._threading.loopingcall [None req-eb68e3c2-b6e1-4d59-b7d0-2e8349cc5143 None None] Fixed interval looping call 'neutron.plugins.ml2.plugin.AgentDbMixin.agent_health_check' sleeping for 37.00 seconds {{(pid=106035) _run_loop /opt/stack/data/venv/lib/python3.12/site-packages/oslo_service/backend/_threading/loopingcall.py:125}}
Apr 22 22:09:46.293024 np0000169588 neutron-periodic-workers[106024]: DEBUG oslo.service.backend._threading.loopingcall [None req-0bf0235d-c09d-4be3-83dc-218907ffdf65 None None] Fixed interval looping call 'neutron.plugins.ml2.plugin.DhcpAgentSchedulerDbMixin.remove_networks_from_down_agents' sleeping for 36.99 seconds {{(pid=106024) _run_loop /opt/stack/data/venv/lib/python3.12/site-packages/oslo_service/backend/_threading/loopingcall.py:125}}
Apr 22 22:09:47.286347 np0000169588 neutron-periodic-workers[106035]: DEBUG dbcounter [-] [106035] Writing DB stats neutron:SELECT=1 {{(pid=106035) stat_writer /opt/stack/data/venv/lib/python3.12/site-packages/dbcounter.py:115}}
Apr 22 22:09:56.292532 np0000169588 neutron-periodic-workers[106024]: DEBUG dbcounter [-] [106024] Writing DB stats neutron:SELECT=3 {{(pid=106024) stat_writer /opt/stack/data/venv/lib/python3.12/site-packages/dbcounter.py:115}}
Apr 22 22:10:14.294056 np0000169588 neutron-periodic-workers[106035]: DEBUG neutron.db.agents_db [None req-eb68e3c2-b6e1-4d59-b7d0-2e8349cc5143 None None] Agent healthcheck: found 0 active agents {{(pid=106035) agent_health_check /opt/stack/neutron/neutron/db/agents_db.py:317}}
Apr 22 22:10:14.294056 np0000169588 neutron-periodic-workers[106035]: DEBUG oslo.service.backend._threading.loopingcall [None req-eb68e3c2-b6e1-4d59-b7d0-2e8349cc5143 None None] Fixed interval looping call 'neutron.plugins.ml2.plugin.AgentDbMixin.agent_health_check' sleeping for 36.99 seconds {{(pid=106035) _run_loop /opt/stack/data/venv/lib/python3.12/site-packages/oslo_service/backend/_threading/loopingcall.py:125}}
Apr 22 22:10:23.289867 np0000169588 neutron-periodic-workers[106024]: DEBUG oslo.service.backend._threading.loopingcall [None req-0bf0235d-c09d-4be3-83dc-218907ffdf65 None None] Fixed interval looping call 'neutron.plugins.ml2.plugin.DhcpAgentSchedulerDbMixin.remove_networks_from_down_agents' sleeping for 36.99 seconds {{(pid=106024) _run_loop /opt/stack/data/venv/lib/python3.12/site-packages/oslo_service/backend/_threading/loopingcall.py:125}}
Apr 22 22:10:24.291518 np0000169588 neutron-periodic-workers[106035]: DEBUG dbcounter [-] [106035] Writing DB stats neutron:SELECT=1 {{(pid=106035) stat_writer /opt/stack/data/venv/lib/python3.12/site-packages/dbcounter.py:115}}
Apr 22 22:10:25.297135 np0000169588 neutron-periodic-workers[106015]: DEBUG oslo.service.backend._threading.loopingcall [None req-0cdae361-f5c1-473b-8e56-104e9084402b None None] Fixed interval looping call 'neutron.services.ovn_l3.plugin.L3_NAT_dbonly_mixin._clean_garbage' sleeping for 299.99 seconds {{(pid=106015) _run_loop /opt/stack/data/venv/lib/python3.12/site-packages/oslo_service/backend/_threading/loopingcall.py:125}}
Apr 22 22:10:33.289694 np0000169588 neutron-periodic-workers[106024]: DEBUG dbcounter [-] [106024] Writing DB stats neutron:SELECT=3 {{(pid=106024) stat_writer /opt/stack/data/venv/lib/python3.12/site-packages/dbcounter.py:115}}
Apr 22 22:10:35.288593 np0000169588 neutron-periodic-workers[106015]: DEBUG dbcounter [-] [106015] Writing DB stats neutron:SELECT=1 {{(pid=106015) stat_writer /opt/stack/data/venv/lib/python3.12/site-packages/dbcounter.py:115}}
Apr 22 22:10:51.289461 np0000169588 neutron-periodic-workers[106035]: DEBUG neutron.db.agents_db [None req-eb68e3c2-b6e1-4d59-b7d0-2e8349cc5143 None None] Agent healthcheck: found 0 active agents {{(pid=106035) agent_health_check /opt/stack/neutron/neutron/db/agents_db.py:317}}
Apr 22 22:10:51.289461 np0000169588 neutron-periodic-workers[106035]: DEBUG oslo.service.backend._threading.loopingcall [None req-eb68e3c2-b6e1-4d59-b7d0-2e8349cc5143 None None] Fixed interval looping call 'neutron.plugins.ml2.plugin.AgentDbMixin.agent_health_check' sleeping for 36.99 seconds {{(pid=106035) _run_loop /opt/stack/data/venv/lib/python3.12/site-packages/oslo_service/backend/_threading/loopingcall.py:125}}
Apr 22 22:11:00.298162 np0000169588 neutron-periodic-workers[106024]: DEBUG oslo.service.backend._threading.loopingcall [None req-0bf0235d-c09d-4be3-83dc-218907ffdf65 None None] Fixed interval looping call 'neutron.plugins.ml2.plugin.DhcpAgentSchedulerDbMixin.remove_networks_from_down_agents' sleeping for 36.98 seconds {{(pid=106024) _run_loop /opt/stack/data/venv/lib/python3.12/site-packages/oslo_service/backend/_threading/loopingcall.py:125}}
