Apr 02 13:14:13.082652 np0000162948 devstack@neutron-api.service[102198]: DEBUG ovsdbapp.backend.ovs_idl.transaction [None req-e230bbb1-4df0-46d0-9c52-da54237f6b6b None None] Running txn n=1 command(idx=0): CheckLivenessCommand(_result=None) {{(pid=102198) do_commit /opt/stack/data/venv/lib/python3.12/site-packages/ovsdbapp/backend/ovs_idl/transaction.py:89}}
Apr 02 13:14:13.116672 np0000162948 devstack@neutron-api.service[102200]: DEBUG neutron.plugins.ml2.drivers.ovn.mech_driver.ovsdb.ovsdb_monitor [None req-008674be-ea82-4f65-8bc6-90e08fa79d2f None None] ChassisAgentWriteEvent : Matched Chassis_Private, update, None None {{(pid=102200) matches /opt/stack/neutron/neutron/plugins/ml2/drivers/ovn/mech_driver/ovsdb/ovsdb_monitor.py:64}}
Apr 02 13:14:13.117034 np0000162948 devstack@neutron-api.service[102201]: DEBUG neutron.plugins.ml2.drivers.ovn.mech_driver.ovsdb.ovsdb_monitor [None req-c4d586dd-9efb-43cd-b21e-0ac8f9d9e4d8 None None] ChassisAgentWriteEvent : Matched Chassis_Private, update, None None {{(pid=102201) matches /opt/stack/neutron/neutron/plugins/ml2/drivers/ovn/mech_driver/ovsdb/ovsdb_monitor.py:64}}
Apr 02 13:14:13.117101 np0000162948 devstack@neutron-api.service[102199]: DEBUG neutron.plugins.ml2.drivers.ovn.mech_driver.ovsdb.ovsdb_monitor [None req-1a9eed48-8b3f-4ace-9528-f7c953051d96 None None] ChassisAgentWriteEvent : Matched Chassis_Private, update, None None {{(pid=102199) matches /opt/stack/neutron/neutron/plugins/ml2/drivers/ovn/mech_driver/ovsdb/ovsdb_monitor.py:64}}
Apr 02 13:14:13.118967 np0000162948 devstack@neutron-api.service[102200]: DEBUG neutron.plugins.ml2.drivers.ovn.mech_driver.ovsdb.ovsdb_monitor [None req-cefbb664-613a-47cd-b181-dfa264611552 None None] Touching Hash Ring node "b4522759a7b55837b31ecf77530fe457" from IDL notify handler {{(pid=102200) notify /opt/stack/neutron/neutron/plugins/ml2/drivers/ovn/mech_driver/ovsdb/ovsdb_monitor.py:904}}
Apr 02 13:14:13.122801 np0000162948 devstack@neutron-api.service[102198]: DEBUG neutron.plugins.ml2.drivers.ovn.mech_driver.ovsdb.ovsdb_monitor [None req-9b3122d4-12c1-4676-8e7a-43e9539b35e9 None None] ChassisAgentWriteEvent : Matched Chassis_Private, update, None None {{(pid=102198) matches /opt/stack/neutron/neutron/plugins/ml2/drivers/ovn/mech_driver/ovsdb/ovsdb_monitor.py:64}}
Apr 02 13:14:13.125455 np0000162948 devstack@neutron-api.service[102200]: DEBUG neutron.plugins.ml2.drivers.ovn.mech_driver.ovsdb.ovsdb_monitor [None req-cefbb664-613a-47cd-b181-dfa264611552 None None] Hash Ring: Node b4522759a7b55837b31ecf77530fe457 (host: np0000162948) handling event "update" for row e715f95f-ce30-4503-b4c2-805bd0e8c219 (table: NB_Global) {{(pid=102200) notify /opt/stack/neutron/neutron/plugins/ml2/drivers/ovn/mech_driver/ovsdb/ovsdb_monitor.py:912}}
Apr 02 13:14:13.127243 np0000162948 devstack@neutron-api.service[102199]: DEBUG neutron.common.ovn.hash_ring_manager [None req-1a9eed48-8b3f-4ace-9528-f7c953051d96 None None] Hash Ring loaded. 4 active nodes. 0 offline nodes {{(pid=102199) _load_hash_ring /opt/stack/neutron/neutron/common/ovn/hash_ring_manager.py:102}}
Apr 02 13:14:13.129421 np0000162948 devstack@neutron-api.service[102201]: DEBUG neutron.common.ovn.hash_ring_manager [None req-c4d586dd-9efb-43cd-b21e-0ac8f9d9e4d8 None None] Hash Ring loaded. 4 active nodes. 0 offline nodes {{(pid=102201) _load_hash_ring /opt/stack/neutron/neutron/common/ovn/hash_ring_manager.py:102}}
Apr 02 13:14:13.130229 np0000162948 devstack@neutron-api.service[102200]: DEBUG neutron.plugins.ml2.drivers.ovn.mech_driver.ovsdb.ovsdb_monitor [None req-cefbb664-613a-47cd-b181-dfa264611552 None None] Touching Hash Ring node "b4522759a7b55837b31ecf77530fe457" from IDL notify handler {{(pid=102200) notify /opt/stack/neutron/neutron/plugins/ml2/drivers/ovn/mech_driver/ovsdb/ovsdb_monitor.py:904}}
Apr 02 13:14:13.133586 np0000162948 devstack@neutron-api.service[102200]: DEBUG neutron.common.ovn.hash_ring_manager [None req-008674be-ea82-4f65-8bc6-90e08fa79d2f None None] Hash Ring loaded. 4 active nodes. 0 offline nodes {{(pid=102200) _load_hash_ring /opt/stack/neutron/neutron/common/ovn/hash_ring_manager.py:102}}
Apr 02 13:14:13.134273 np0000162948 devstack@neutron-api.service[102200]: DEBUG neutron.plugins.ml2.drivers.ovn.mech_driver.ovsdb.ovsdb_monitor [None req-008674be-ea82-4f65-8bc6-90e08fa79d2f None None] Hash Ring: Node b4522759a7b55837b31ecf77530fe457 (host: np0000162948) handling event "update" for row 0d7bd8ba-c25c-4531-80ff-b04ff681e436 (table: Chassis_Private) {{(pid=102200) notify /opt/stack/neutron/neutron/plugins/ml2/drivers/ovn/mech_driver/ovsdb/ovsdb_monitor.py:912}}
Apr 02 13:14:13.135186 np0000162948 devstack@neutron-api.service[102200]: DEBUG neutron.plugins.ml2.drivers.ovn.mech_driver.ovsdb.ovsdb_monitor [None req-cefbb664-613a-47cd-b181-dfa264611552 None None] Hash Ring: Node b4522759a7b55837b31ecf77530fe457 (host: np0000162948) handling event "update" for row e715f95f-ce30-4503-b4c2-805bd0e8c219 (table: NB_Global) {{(pid=102200) notify /opt/stack/neutron/neutron/plugins/ml2/drivers/ovn/mech_driver/ovsdb/ovsdb_monitor.py:912}}
Apr 02 13:14:13.136992 np0000162948 devstack@neutron-api.service[102200]: DEBUG neutron.plugins.ml2.drivers.ovn.mech_driver.ovsdb.ovsdb_monitor [None req-cefbb664-613a-47cd-b181-dfa264611552 None None] Touching Hash Ring node "b4522759a7b55837b31ecf77530fe457" from IDL notify handler {{(pid=102200) notify /opt/stack/neutron/neutron/plugins/ml2/drivers/ovn/mech_driver/ovsdb/ovsdb_monitor.py:904}}
Apr 02 13:14:13.137097 np0000162948 devstack@neutron-api.service[102198]: DEBUG neutron.common.ovn.hash_ring_manager [None req-9b3122d4-12c1-4676-8e7a-43e9539b35e9 None None] Hash Ring loaded. 4 active nodes. 0 offline nodes {{(pid=102198) _load_hash_ring /opt/stack/neutron/neutron/common/ovn/hash_ring_manager.py:102}}
Apr 02 13:14:13.139505 np0000162948 devstack@neutron-api.service[102200]: DEBUG neutron.plugins.ml2.drivers.ovn.mech_driver.ovsdb.ovsdb_monitor [None req-cefbb664-613a-47cd-b181-dfa264611552 None None] Hash Ring: Node b4522759a7b55837b31ecf77530fe457 (host: np0000162948) handling event "update" for row e715f95f-ce30-4503-b4c2-805bd0e8c219 (table: NB_Global) {{(pid=102200) notify /opt/stack/neutron/neutron/plugins/ml2/drivers/ovn/mech_driver/ovsdb/ovsdb_monitor.py:912}}
Apr 02 13:14:13.141164 np0000162948 devstack@neutron-api.service[102200]: DEBUG neutron.plugins.ml2.drivers.ovn.mech_driver.ovsdb.ovsdb_monitor [None req-cefbb664-613a-47cd-b181-dfa264611552 None None] Touching Hash Ring node "b4522759a7b55837b31ecf77530fe457" from IDL notify handler {{(pid=102200) notify /opt/stack/neutron/neutron/plugins/ml2/drivers/ovn/mech_driver/ovsdb/ovsdb_monitor.py:904}}
Apr 02 13:14:13.143803 np0000162948 devstack@neutron-api.service[102200]: DEBUG neutron.plugins.ml2.drivers.ovn.mech_driver.ovsdb.ovsdb_monitor [None req-cefbb664-613a-47cd-b181-dfa264611552 None None] Hash Ring: Node b4522759a7b55837b31ecf77530fe457 (host: np0000162948) handling event "update" for row e715f95f-ce30-4503-b4c2-805bd0e8c219 (table: NB_Global) {{(pid=102200) notify /opt/stack/neutron/neutron/plugins/ml2/drivers/ovn/mech_driver/ovsdb/ovsdb_monitor.py:912}}
Apr 02 13:14:13.166027 np0000162948 devstack@neutron-api.service[102198]: DEBUG neutron.plugins.ml2.drivers.helpers [None req-e714fa33-2122-4050-af71-1f30f078c3ac admin admin] geneve segment allocate from pool success with {'geneve_vni': 5969} {{(pid=102198) allocate_partially_specified_segment /opt/stack/neutron/neutron/plugins/ml2/drivers/helpers.py:142}}
Apr 02 13:14:13.175571 np0000162948 devstack@neutron-api.service[102198]: DEBUG neutron_lib.callbacks.manager [None req-e714fa33-2122-4050-af71-1f30f078c3ac admin admin] Publish callbacks ['neutron.services.segments.db._add_segment_host_mapping_for_segment-7711656834552', 'neutron.plugins.ml2.plugin.Ml2Plugin._handle_segment_change-67550'] for segment (3af477e2-721c-433a-ab3c-82b11d6ff522), precommit_create {{(pid=102198) _notify_loop /opt/stack/data/venv/lib/python3.12/site-packages/neutron_lib/callbacks/manager.py:184}}
Apr 02 13:14:13.175789 np0000162948 devstack@neutron-api.service[102198]: INFO neutron.db.segments_db [None req-e714fa33-2122-4050-af71-1f30f078c3ac admin admin] Added segment 3af477e2-721c-433a-ab3c-82b11d6ff522 of type geneve for network 4ff10082-809e-4c93-ade3-f91f381e1034
Apr 02 13:14:13.190467 np0000162948 devstack@neutron-api.service[102198]: DEBUG neutron_lib.callbacks.manager [None req-e714fa33-2122-4050-af71-1f30f078c3ac admin admin] Publish callbacks ['neutron.services.auto_allocate.db._ensure_external_network_default_value_callback-7711655663670'] for network (4ff10082-809e-4c93-ade3-f91f381e1034), precommit_create {{(pid=102198) _notify_loop /opt/stack/data/venv/lib/python3.12/site-packages/neutron_lib/callbacks/manager.py:184}}
Apr 02 13:14:13.204371 np0000162948 devstack@neutron-api.service[102198]: DEBUG neutron.plugins.ml2.drivers.ovn.mech_driver.mech_driver [None req-e714fa33-2122-4050-af71-1f30f078c3ac admin admin] Validating network segment with type geneve, segmentation ID 5969, physical network None {{(pid=102198) _validate_network_segments /opt/stack/neutron/neutron/plugins/ml2/drivers/ovn/mech_driver/mech_driver.py:631}}
Apr 02 13:14:13.204560 np0000162948 devstack@neutron-api.service[102198]: DEBUG neutron.db.ovn_revision_numbers_db [None req-e714fa33-2122-4050-af71-1f30f078c3ac admin admin] create_initial_revision uuid=4ff10082-809e-4c93-ade3-f91f381e1034, type=networks, rev=-1 {{(pid=102198) create_initial_revision /opt/stack/neutron/neutron/db/ovn_revision_numbers_db.py:98}}
Apr 02 13:14:13.237517 np0000162948 devstack@neutron-api.service[102198]: DEBUG neutron_lib.callbacks.manager [None req-e714fa33-2122-4050-af71-1f30f078c3ac admin admin] Publish callbacks ['neutron.plugins.ml2.ovo_rpc._ObjectChangeHandler.handle_event-15779767'] for network (4ff10082-809e-4c93-ade3-f91f381e1034), after_create {{(pid=102198) _notify_loop /opt/stack/data/venv/lib/python3.12/site-packages/neutron_lib/callbacks/manager.py:184}}
Apr 02 13:14:13.258953 np0000162948 devstack@neutron-api.service[102198]: DEBUG neutron.api.rpc.handlers.resources_rpc [None req-e714fa33-2122-4050-af71-1f30f078c3ac admin admin] Pushing event updated for resources: {'Network': ['ID=4ff10082-809e-4c93-ade3-f91f381e1034,revision_number=1']} {{(pid=102198) push /opt/stack/neutron/neutron/api/rpc/handlers/resources_rpc.py:237}}
Apr 02 13:14:13.267723 np0000162948 devstack@neutron-api.service[102198]: DEBUG ovsdbapp.backend.ovs_idl.transaction [None req-e230bbb1-4df0-46d0-9c52-da54237f6b6b None None] Running txn n=1 command(idx=0): AddNetworkCommand(_result=None, network_uuid=4ff10082-809e-4c93-ade3-f91f381e1034, may_exist=True, columns={'external_ids': {'neutron:network_name': 'admin_net', 'neutron:mtu': '1372', 'neutron:revision_number': '1', 'neutron:availability_zone_hints': '', 'neutron:provnet-network-type': 'geneve'}, 'other_config': {'mcast_snoop': 'false', 'mcast_flood_unregistered': 'false', 'vlan-passthru': 'false'}}) {{(pid=102198) do_commit /opt/stack/data/venv/lib/python3.12/site-packages/ovsdbapp/backend/ovs_idl/transaction.py:89}}
Apr 02 13:14:13.275011 np0000162948 devstack@neutron-api.service[102201]: DEBUG neutron.plugins.ml2.drivers.ovn.mech_driver.ovsdb.ovsdb_monitor [None req-9f6b4428-ecde-4cd0-9249-f3d4027866bb None None] Touching Hash Ring node "feb11223699256d3ad991eade40b70ef" from IDL notify handler {{(pid=102201) notify /opt/stack/neutron/neutron/plugins/ml2/drivers/ovn/mech_driver/ovsdb/ovsdb_monitor.py:904}}
Apr 02 13:14:13.278602 np0000162948 devstack@neutron-api.service[102199]: DEBUG neutron.plugins.ml2.drivers.ovn.mech_driver.ovsdb.ovsdb_monitor [None req-1a9eed48-8b3f-4ace-9528-f7c953051d96 None None] Hash Ring: Node 38b6f3a7fb0a55069d14f5613a725580 (host: np0000162948) handling event "create" for row e34e7957-b456-4800-8d80-a8199a9070df (table: Datapath_Binding) {{(pid=102199) notify /opt/stack/neutron/neutron/plugins/ml2/drivers/ovn/mech_driver/ovsdb/ovsdb_monitor.py:912}}
Apr 02 13:14:13.280341 np0000162948 devstack@neutron-api.service[102201]: DEBUG neutron.plugins.ml2.drivers.ovn.mech_driver.ovsdb.ovsdb_monitor [None req-9f6b4428-ecde-4cd0-9249-f3d4027866bb None None] Hash Ring: Node feb11223699256d3ad991eade40b70ef (host: np0000162948) handling event "create" for row 4ff10082-809e-4c93-ade3-f91f381e1034 (table: Logical_Switch) {{(pid=102201) notify /opt/stack/neutron/neutron/plugins/ml2/drivers/ovn/mech_driver/ovsdb/ovsdb_monitor.py:912}}
Apr 02 13:14:13.412338 np0000162948 devstack@neutron-api.service[102198]: INFO neutron.db.ovn_revision_numbers_db [None req-e714fa33-2122-4050-af71-1f30f078c3ac admin admin] Successfully bumped revision number for resource 4ff10082-809e-4c93-ade3-f91f381e1034 (type: networks) to 1
Apr 02 13:14:13.430017 np0000162948 devstack@neutron-api.service[102198]: DEBUG neutron_lib.callbacks.manager [None req-e714fa33-2122-4050-af71-1f30f078c3ac admin admin] Publish callbacks ['neutron.plugins.ml2.plugin.SecurityGroupDbMixin._ensure_default_security_group_handler-1905364'] for port (None), before_create {{(pid=102198) _notify_loop /opt/stack/data/venv/lib/python3.12/site-packages/neutron_lib/callbacks/manager.py:184}}
Apr 02 13:14:13.493691 np0000162948 devstack@neutron-api.service[102198]: DEBUG neutron_lib.callbacks.manager [None req-e714fa33-2122-4050-af71-1f30f078c3ac admin admin] Publish callbacks ['neutron.plugins.ml2.drivers.ovn.mech_driver.mech_driver.OVNMechanismDriver._validate_allowed_address_pairs-314666'] for allowed_address_pair (1ff7d865-2616-4382-b05f-1f107f573035), before_create {{(pid=102198) _notify_loop /opt/stack/data/venv/lib/python3.12/site-packages/neutron_lib/callbacks/manager.py:184}}
Apr 02 13:14:13.494515 np0000162948 devstack@neutron-api.service[102198]: DEBUG neutron_lib.callbacks.manager [None req-e714fa33-2122-4050-af71-1f30f078c3ac admin admin] Publish callbacks [] for port (1ff7d865-2616-4382-b05f-1f107f573035), precommit_create {{(pid=102198) _notify_loop /opt/stack/data/venv/lib/python3.12/site-packages/neutron_lib/callbacks/manager.py:184}}
Apr 02 13:14:13.494515 np0000162948 devstack@neutron-api.service[102198]: DEBUG neutron.plugins.ml2.drivers.ovn.mech_driver.mech_driver [None req-e714fa33-2122-4050-af71-1f30f078c3ac admin admin] No provisioning block for port 1ff7d865-2616-4382-b05f-1f107f573035 since it does not have a host {{(pid=102198) _is_port_provisioning_required /opt/stack/neutron/neutron/plugins/ml2/drivers/ovn/mech_driver/mech_driver.py:884}}
Apr 02 13:14:13.494515 np0000162948 devstack@neutron-api.service[102198]: DEBUG neutron.db.ovn_revision_numbers_db [None req-e714fa33-2122-4050-af71-1f30f078c3ac admin admin] create_initial_revision uuid=1ff7d865-2616-4382-b05f-1f107f573035, type=ports, rev=-1 {{(pid=102198) create_initial_revision /opt/stack/neutron/neutron/db/ovn_revision_numbers_db.py:98}}
Apr 02 13:14:13.582189 np0000162948 devstack@neutron-api.service[102198]: DEBUG neutron_lib.callbacks.manager [None req-e714fa33-2122-4050-af71-1f30f078c3ac admin admin] Publish callbacks ['neutron.plugins.ml2.ovo_rpc._ObjectChangeHandler.handle_event-15779398'] for port (1ff7d865-2616-4382-b05f-1f107f573035), after_create {{(pid=102198) _notify_loop /opt/stack/data/venv/lib/python3.12/site-packages/neutron_lib/callbacks/manager.py:184}}
Apr 02 13:14:13.613078 np0000162948 devstack@neutron-api.service[102198]: DEBUG neutron.api.rpc.handlers.resources_rpc [None req-e714fa33-2122-4050-af71-1f30f078c3ac admin admin] Pushing event updated for resources: {'Port': ['ID=1ff7d865-2616-4382-b05f-1f107f573035,revision_number=1']} {{(pid=102198) push /opt/stack/neutron/neutron/api/rpc/handlers/resources_rpc.py:237}}
Apr 02 13:14:13.619685 np0000162948 devstack@neutron-api.service[102198]: DEBUG ovsdbapp.backend.ovs_idl.transaction [None req-e230bbb1-4df0-46d0-9c52-da54237f6b6b None None] Running txn n=1 command(idx=0): AddLSwitchPortCommand(_result=None, lport=1ff7d865-2616-4382-b05f-1f107f573035, lswitch=neutron-4ff10082-809e-4c93-ade3-f91f381e1034, may_exist=True, network_uuid=4ff10082-809e-4c93-ade3-f91f381e1034, columns={'addresses': ['fa:16:3e:68:54:79'], 'external_ids': {'neutron:port_name': '', 'neutron:device_id': 'ovnmeta-4ff10082-809e-4c93-ade3-f91f381e1034', 'neutron:project_id': 'a4bf9f45efe7466aafda8b6e04cfe139', 'neutron:cidrs': '', 'neutron:device_owner': 'network:distributed', 'neutron:subnet_pool_addr_scope4': '', 'neutron:subnet_pool_addr_scope6': '', 'neutron:network_name': 'neutron-4ff10082-809e-4c93-ade3-f91f381e1034', 'neutron:security_group_ids': '', 'neutron:revision_number': '1', 'neutron:vnic_type': 'normal', 'neutron:port_capabilities': '', 'neutron:mtu': ''}, 'parent_name': [], 'tag': [], 'enabled': True, 'options': {}, 'type': 'localport', 'port_security': [], 'dhcpv4_options': [], 'dhcpv6_options': []}) {{(pid=102198) do_commit /opt/stack/data/venv/lib/python3.12/site-packages/ovsdbapp/backend/ovs_idl/transaction.py:89}}
Apr 02 13:14:13.620124 np0000162948 devstack@neutron-api.service[102198]: DEBUG ovsdbapp.backend.ovs_idl.transaction [None req-e230bbb1-4df0-46d0-9c52-da54237f6b6b None None] Running txn n=1 command(idx=1): QoSDelCommand(_result=None, switch=neutron-4ff10082-809e-4c93-ade3-f91f381e1034, conditions=[('direction', '=', 'to-lport'), ('priority', '=', 2002), ('match', '=', 'outport == "1ff7d865-2616-4382-b05f-1f107f573035"')], if_exists=True) {{(pid=102198) do_commit /opt/stack/data/venv/lib/python3.12/site-packages/ovsdbapp/backend/ovs_idl/transaction.py:89}}
Apr 02 13:14:13.620263 np0000162948 devstack@neutron-api.service[102198]: DEBUG ovsdbapp.backend.ovs_idl.transaction [None req-e230bbb1-4df0-46d0-9c52-da54237f6b6b None None] Running txn n=1 command(idx=2): QoSDelCommand(_result=None, switch=neutron-4ff10082-809e-4c93-ade3-f91f381e1034, conditions=[('direction', '=', 'from-lport'), ('priority', '=', 2002), ('match', '=', 'inport == "1ff7d865-2616-4382-b05f-1f107f573035"')], if_exists=True) {{(pid=102198) do_commit /opt/stack/data/venv/lib/python3.12/site-packages/ovsdbapp/backend/ovs_idl/transaction.py:89}}
Apr 02 13:14:13.626721 np0000162948 devstack@neutron-api.service[102201]: DEBUG neutron.plugins.ml2.drivers.ovn.mech_driver.ovsdb.ovsdb_monitor [None req-9f6b4428-ecde-4cd0-9249-f3d4027866bb None None] Touching Hash Ring node "feb11223699256d3ad991eade40b70ef" from IDL notify handler {{(pid=102201) notify /opt/stack/neutron/neutron/plugins/ml2/drivers/ovn/mech_driver/ovsdb/ovsdb_monitor.py:904}}
Apr 02 13:14:13.627899 np0000162948 devstack@neutron-api.service[102199]: DEBUG neutron.plugins.ml2.drivers.ovn.mech_driver.ovsdb.ovsdb_monitor [None req-6ea5df00-8c34-4a14-b2a0-ac176c45c837 None None] Touching Hash Ring node "38b6f3a7fb0a55069d14f5613a725580" from IDL notify handler {{(pid=102199) notify /opt/stack/neutron/neutron/plugins/ml2/drivers/ovn/mech_driver/ovsdb/ovsdb_monitor.py:904}}
Apr 02 13:14:13.631110 np0000162948 devstack@neutron-api.service[102200]: DEBUG neutron.plugins.ml2.drivers.ovn.mech_driver.ovsdb.ovsdb_monitor [None req-008674be-ea82-4f65-8bc6-90e08fa79d2f None None] Hash Ring: Node b4522759a7b55837b31ecf77530fe457 (host: np0000162948) handling event "create" for row bd980574-a1de-4324-907b-226c6d441401 (table: Port_Binding) {{(pid=102200) notify /opt/stack/neutron/neutron/plugins/ml2/drivers/ovn/mech_driver/ovsdb/ovsdb_monitor.py:912}}
Apr 02 13:14:13.773608 np0000162948 devstack@neutron-api.service[102201]: DEBUG neutron.plugins.ml2.drivers.ovn.mech_driver.ovsdb.ovsdb_monitor [None req-9f6b4428-ecde-4cd0-9249-f3d4027866bb None None] Hash Ring: Node feb11223699256d3ad991eade40b70ef (host: np0000162948) handling event "update" for row 4ff10082-809e-4c93-ade3-f91f381e1034 (table: Logical_Switch) {{(pid=102201) notify /opt/stack/neutron/neutron/plugins/ml2/drivers/ovn/mech_driver/ovsdb/ovsdb_monitor.py:912}}
Apr 02 13:14:13.824720 np0000162948 devstack@neutron-api.service[102199]: DEBUG neutron.plugins.ml2.drivers.ovn.mech_driver.ovsdb.ovsdb_monitor [None req-6ea5df00-8c34-4a14-b2a0-ac176c45c837 None None] Hash Ring: Node 38b6f3a7fb0a55069d14f5613a725580 (host: np0000162948) handling event "create" for row bf0cc215-bdcc-4fd2-8d77-4aee6ef3d59a (table: Logical_Switch_Port) {{(pid=102199) notify /opt/stack/neutron/neutron/plugins/ml2/drivers/ovn/mech_driver/ovsdb/ovsdb_monitor.py:912}}
Apr 02 13:14:13.824968 np0000162948 devstack@neutron-api.service[102198]: INFO neutron.db.ovn_revision_numbers_db [None req-e714fa33-2122-4050-af71-1f30f078c3ac admin admin] Successfully bumped revision number for resource 1ff7d865-2616-4382-b05f-1f107f573035 (type: ports) to 1
Apr 02 13:14:13.827151 np0000162948 devstack@neutron-api.service[102199]: DEBUG ovsdbapp.backend.ovs_idl.event [None req-6ea5df00-8c34-4a14-b2a0-ac176c45c837 None None] Matched CREATE: LogicalSwitchPortCreateEvent(events=('create',), table='Logical_Switch_Port', conditions=[], old_conditions=None), priority=20 to row=Logical_Switch_Port(uuid=bf0cc215-bdcc-4fd2-8d77-4aee6ef3d59a, addresses=['fa:16:3e:68:54:79'], dhcpv4_options=[], dhcpv6_options=[], dynamic_addresses=[], enabled=True, external_ids={'neutron:cidrs': '', 'neutron:device_id': 'ovnmeta-4ff10082-809e-4c93-ade3-f91f381e1034', 'neutron:device_owner': 'network:distributed', 'neutron:mtu': '', 'neutron:network_name': 'neutron-4ff10082-809e-4c93-ade3-f91f381e1034', 'neutron:port_capabilities': '', 'neutron:port_name': '', 'neutron:project_id': 'a4bf9f45efe7466aafda8b6e04cfe139', 'neutron:revision_number': '1', 'neutron:security_group_ids': '', 'neutron:subnet_pool_addr_scope4': '', 'neutron:subnet_pool_addr_scope6': '', 'neutron:vnic_type': 'normal'}, ha_chassis_group=[], mirror_rules=[], name='1ff7d865-2616-4382-b05f-1f107f573035', options={}, parent_name=[], port_security=[], tag=[], tag_request=[], type='localport', up=[]) old= {{(pid=102199) matches /opt/stack/data/venv/lib/python3.12/site-packages/ovsdbapp/backend/ovs_idl/event.py:55}}
Apr 02 13:14:13.828746 np0000162948 devstack@neutron-api.service[102199]: INFO neutron.plugins.ml2.drivers.ovn.mech_driver.mech_driver [-] OVN reports status down for port: 1ff7d865-2616-4382-b05f-1f107f573035
Apr 02 13:14:13.830523 np0000162948 devstack@neutron-api.service[102199]: DEBUG neutron.plugins.ml2.drivers.ovn.mech_driver.ovsdb.ovsdb_monitor [None req-6ea5df00-8c34-4a14-b2a0-ac176c45c837 None None] Touching Hash Ring node "38b6f3a7fb0a55069d14f5613a725580" from IDL notify handler {{(pid=102199) notify /opt/stack/neutron/neutron/plugins/ml2/drivers/ovn/mech_driver/ovsdb/ovsdb_monitor.py:904}}
Apr 02 13:14:13.833723 np0000162948 devstack@neutron-api.service[102198]: DEBUG neutron.pecan_wsgi.hooks.policy_enforcement [None req-e714fa33-2122-4050-af71-1f30f078c3ac admin admin] Attributes excluded by policy engine: ['standard_attr_id'] {{(pid=102198) _exclude_attributes_by_policy /opt/stack/neutron/neutron/pecan_wsgi/hooks/policy_enforcement.py:258}}
Apr 02 13:14:13.834006 np0000162948 devstack@neutron-api.service[102199]: DEBUG neutron.plugins.ml2.drivers.ovn.mech_driver.ovsdb.ovsdb_monitor [None req-6ea5df00-8c34-4a14-b2a0-ac176c45c837 None None] Hash Ring: Node 38b6f3a7fb0a55069d14f5613a725580 (host: np0000162948) handling event "update" for row bf0cc215-bdcc-4fd2-8d77-4aee6ef3d59a (table: Logical_Switch_Port) {{(pid=102199) notify /opt/stack/neutron/neutron/plugins/ml2/drivers/ovn/mech_driver/ovsdb/ovsdb_monitor.py:912}}
Apr 02 13:14:13.834093 np0000162948 devstack@neutron-api.service[102198]: DEBUG neutron_lib.callbacks.manager [None req-e714fa33-2122-4050-af71-1f30f078c3ac admin admin] Publish callbacks [] for network (None), before_response {{(pid=102198) _notify_loop /opt/stack/data/venv/lib/python3.12/site-packages/neutron_lib/callbacks/manager.py:184}}
Apr 02 13:14:13.860854 np0000162948 devstack@neutron-api.service[102199]: DEBUG neutron.db.provisioning_blocks [None req-ad8756da-47c5-46be-9076-16fff9d0f2d3 None None] Transition to ACTIVE for port object 1ff7d865-2616-4382-b05f-1f107f573035 will not be triggered until provisioned by entity L2. {{(pid=102199) add_provisioning_component /opt/stack/neutron/neutron/db/provisioning_blocks.py:74}}
Apr 02 13:14:13.906419 np0000162948 devstack@neutron-api.service[102198]: [pid: 102198|app: 0|req: 23/93] 199.204.45.65 () {68 vars in 1351 bytes} [Thu Apr 2 13:14:12 2026] POST /networking/v2.0/networks => generated 682 bytes in 1456 msecs (HTTP/1.1 201) 4 headers in 162 bytes (1 switches on core 0)
Apr 02 13:14:13.931176 np0000162948 devstack@neutron-api.service[102199]: DEBUG neutron.plugins.ml2.plugin [None req-ad8756da-47c5-46be-9076-16fff9d0f2d3 None None] Current status of the port 1ff7d865-2616-4382-b05f-1f107f573035 is: DOWN; New status is: DOWN {{(pid=102199) _update_individual_port_db_status /opt/stack/neutron/neutron/plugins/ml2/plugin.py:2468}}
Apr 02 13:14:13.932769 np0000162948 devstack@neutron-api.service[102199]: DEBUG ovsdbapp.backend.ovs_idl.transaction [None req-6ea5df00-8c34-4a14-b2a0-ac176c45c837 None None] Running txn n=1 command(idx=0): DbRemoveCommand(_result=None, table=Logical_Switch_Port, record=1ff7d865-2616-4382-b05f-1f107f573035, column=external_ids, values=('neutron:host_id',), keyvalues={}, if_exists=True) {{(pid=102199) do_commit /opt/stack/data/venv/lib/python3.12/site-packages/ovsdbapp/backend/ovs_idl/transaction.py:89}}
Apr 02 13:14:14.149460 np0000162948 devstack@neutron-api.service[102200]: INFO neutron.pecan_wsgi.hooks.translation [None req-71abdefd-e291-4b49-8237-5f34cdc0a650 admin admin] GET failed (client error): The resource could not be found.
Apr 02 13:14:14.150333 np0000162948 devstack@neutron-api.service[102200]: [pid: 102200|app: 0|req: 25/94] 199.204.45.65 () {64 vars in 1327 bytes} [Thu Apr 2 13:14:14 2026] GET /networking/v2.0/networks/admin_net => generated 111 bytes in 13 msecs (HTTP/1.1 404) 4 headers in 164 bytes (1 switches on core 0)
Apr 02 13:14:14.195225 np0000162948 devstack@neutron-api.service[102201]: DEBUG neutron.pecan_wsgi.hooks.policy_enforcement [None req-4d7fed36-f4ab-4bfd-9504-c2c6bdfe2692 admin admin] Attributes excluded by policy engine: ['standard_attr_id'] {{(pid=102201) _exclude_attributes_by_policy /opt/stack/neutron/neutron/pecan_wsgi/hooks/policy_enforcement.py:258}}
Apr 02 13:14:14.195887 np0000162948 devstack@neutron-api.service[102201]: [pid: 102201|app: 0|req: 24/95] 199.204.45.65 () {64 vars in 1339 bytes} [Thu Apr 2 13:14:14 2026] GET /networking/v2.0/networks?name=admin_net => generated 666 bytes in 35 msecs (HTTP/1.1 200) 4 headers in 157 bytes (1 switches on core 0)
Apr 02 13:14:14.407920 np0000162948 devstack@neutron-api.service[102199]: INFO neutron.pecan_wsgi.hooks.translation [None req-48356124-c462-42ec-948f-945a7fc9f905 admin admin] GET failed (client error): The resource could not be found.
Apr 02 13:14:14.408717 np0000162948 devstack@neutron-api.service[102199]: [pid: 102199|app: 0|req: 24/96] 199.204.45.65 () {64 vars in 1333 bytes} [Thu Apr 2 13:14:14 2026] GET /networking/v2.0/subnets/admin_subnet => generated 112 bytes in 12 msecs (HTTP/1.1 404) 4 headers in 164 bytes (1 switches on core 0)
Apr 02 13:14:14.448381 np0000162948 devstack@neutron-api.service[102198]: [pid: 102198|app: 0|req: 24/97] 199.204.45.65 () {64 vars in 1342 bytes} [Thu Apr 2 13:14:14 2026] GET /networking/v2.0/subnets?name=admin_subnet => generated 14 bytes in 28 msecs (HTTP/1.1 200) 4 headers in 156 bytes (1 switches on core 0)
Apr 02 13:14:14.749033 np0000162948 devstack@neutron-api.service[102200]: DEBUG neutron.pecan_wsgi.hooks.policy_enforcement [None req-f110b53c-f9fe-45d7-b13d-fb73d10e8d34 admin admin] Attributes excluded by policy engine: ['standard_attr_id'] {{(pid=102200) _exclude_attributes_by_policy /opt/stack/neutron/neutron/pecan_wsgi/hooks/policy_enforcement.py:258}}
Apr 02 13:14:14.749909 np0000162948 devstack@neutron-api.service[102200]: [pid: 102200|app: 0|req: 26/98] 199.204.45.65 () {64 vars in 1408 bytes} [Thu Apr 2 13:14:14 2026] GET /networking/v2.0/networks/4ff10082-809e-4c93-ade3-f91f381e1034 => generated 663 bytes in 25 msecs (HTTP/1.1 200) 4 headers in 157 bytes (1 switches on core 0)
Apr 02 13:14:14.774350 np0000162948 devstack@neutron-api.service[102201]: DEBUG neutron.api.v2.base [None req-d3332d34-55fe-40d0-b179-a0b3eb5fe582 admin admin] Request body: {'subnet': {'gateway_ip': None, 'project_id': 'a4bf9f45efe7466aafda8b6e04cfe139', 'network_id': '4ff10082-809e-4c93-ade3-f91f381e1034', 'cidr': '10.2.5.0/24', 'name': 'admin_subnet', 'ip_version': 4}} {{(pid=102201) prepare_request_body /opt/stack/neutron/neutron/api/v2/base.py:729}}
Apr 02 13:14:14.835273 np0000162948 devstack@neutron-api.service[102201]: DEBUG neutron.pecan_wsgi.hooks.quota_enforcement [None req-d3332d34-55fe-40d0-b179-a0b3eb5fe582 admin admin] Made reservation on behalf of a4bf9f45efe7466aafda8b6e04cfe139 for: {'subnet': 1} {{(pid=102201) before /opt/stack/neutron/neutron/pecan_wsgi/hooks/quota_enforcement.py:66}}
Apr 02 13:14:14.839550 np0000162948 devstack@neutron-api.service[102201]: DEBUG neutron_lib.callbacks.manager [None req-d3332d34-55fe-40d0-b179-a0b3eb5fe582 admin admin] Publish callbacks [] for subnet (None), before_create {{(pid=102201) _notify_loop /opt/stack/data/venv/lib/python3.12/site-packages/neutron_lib/callbacks/manager.py:184}}
Apr 02 13:14:14.906456 np0000162948 devstack@neutron-api.service[102201]: DEBUG neutron.db.ovn_revision_numbers_db [None req-d3332d34-55fe-40d0-b179-a0b3eb5fe582 admin admin] create_initial_revision uuid=2e43150e-88f5-4562-859b-52bf957fa1c3, type=subnets, rev=-1 {{(pid=102201) create_initial_revision /opt/stack/neutron/neutron/db/ovn_revision_numbers_db.py:98}}
Apr 02 13:14:15.001268 np0000162948 devstack@neutron-api.service[102201]: DEBUG neutron_lib.callbacks.manager [None req-d3332d34-55fe-40d0-b179-a0b3eb5fe582 admin admin] Publish callbacks ['neutron.plugins.ml2.ovo_rpc._ObjectChangeHandler.handle_event-16258947'] for subnet (2e43150e-88f5-4562-859b-52bf957fa1c3), after_create {{(pid=102201) _notify_loop /opt/stack/data/venv/lib/python3.12/site-packages/neutron_lib/callbacks/manager.py:184}}
Apr 02 13:14:15.016991 np0000162948 devstack@neutron-api.service[102201]: DEBUG neutron.api.rpc.handlers.resources_rpc [None req-d3332d34-55fe-40d0-b179-a0b3eb5fe582 admin admin] Pushing event updated for resources: {'Subnet': ['ID=2e43150e-88f5-4562-859b-52bf957fa1c3,revision_number=0']} {{(pid=102201) push /opt/stack/neutron/neutron/api/rpc/handlers/resources_rpc.py:237}}
Apr 02 13:14:15.021894 np0000162948 devstack@neutron-api.service[102201]: DEBUG neutron.api.rpc.callbacks.version_manager [None req-d3332d34-55fe-40d0-b179-a0b3eb5fe582 admin admin] Tracked resource versions report:
Apr 02 13:14:15.021894 np0000162948 devstack@neutron-api.service[102201]: pushed versions:
Apr 02 13:14:15.021894 np0000162948 devstack@neutron-api.service[102201]: { 'AddressGroup': {'1.2'},
Apr 02 13:14:15.021894 np0000162948 devstack@neutron-api.service[102201]: 'Agent': {'1.1'},
Apr 02 13:14:15.021894 np0000162948 devstack@neutron-api.service[102201]: 'ConntrackHelper': {'1.0'},
Apr 02 13:14:15.021894 np0000162948 devstack@neutron-api.service[102201]: 'LocalIPAssociation': {'1.0'},
Apr 02 13:14:15.021894 np0000162948 devstack@neutron-api.service[102201]: 'Log': {'1.0'},
Apr 02 13:14:15.021894 np0000162948 devstack@neutron-api.service[102201]: 'NDPProxy': {'1.0'},
Apr 02 13:14:15.021894 np0000162948 devstack@neutron-api.service[102201]: 'Network': {'1.2'},
Apr 02 13:14:15.021894 np0000162948 devstack@neutron-api.service[102201]: 'Port': {'1.10'},
Apr 02 13:14:15.021894 np0000162948 devstack@neutron-api.service[102201]: 'PortForwarding': {'1.3'},
Apr 02 13:14:15.021894 np0000162948 devstack@neutron-api.service[102201]: 'QosPolicy': {'1.10'},
Apr 02 13:14:15.021894 np0000162948 devstack@neutron-api.service[102201]: 'SecurityGroup': {'1.6'},
Apr 02 13:14:15.021894 np0000162948 devstack@neutron-api.service[102201]: 'SecurityGroupRule': {'1.3'},
Apr 02 13:14:15.021894 np0000162948 devstack@neutron-api.service[102201]: 'SubPort': {'1.0'},
Apr 02 13:14:15.021894 np0000162948 devstack@neutron-api.service[102201]: 'Subnet': {'1.2'},
Apr 02 13:14:15.021894 np0000162948 devstack@neutron-api.service[102201]: 'Trunk': {'1.1'}}
Apr 02 13:14:15.021894 np0000162948 devstack@neutron-api.service[102201]: consumer versions:
Apr 02 13:14:15.021894 np0000162948 devstack@neutron-api.service[102201]: {OVN Controller Gateway agent@np0000162948: {}}
Apr 02 13:14:15.021894 np0000162948 devstack@neutron-api.service[102201]: {{(pid=102201) report /opt/stack/neutron/neutron/api/rpc/callbacks/version_manager.py:183}}
Apr 02 13:14:15.078108 np0000162948 devstack@neutron-api.service[102201]: DEBUG neutron_lib.callbacks.manager [None req-d3332d34-55fe-40d0-b179-a0b3eb5fe582 admin admin] Publish callbacks ['neutron.plugins.ml2.plugin.SecurityGroupDbMixin._ensure_default_security_group_handler-3195549', 'neutron.services.ovn_l3.plugin.OVNL3RouterPlugin._port_update-7711655204918', 'neutron.db.l3_db.L3_NAT_dbonly_mixin._prevent_internal_ip_change_for_fip-7711656725344'] for port (1ff7d865-2616-4382-b05f-1f107f573035), before_update {{(pid=102201) _notify_loop /opt/stack/data/venv/lib/python3.12/site-packages/neutron_lib/callbacks/manager.py:184}}
Apr 02 13:14:15.172370 np0000162948 devstack@neutron-api.service[102201]: DEBUG neutron.db.db_base_plugin_common [None req-d3332d34-55fe-40d0-b179-a0b3eb5fe582 admin admin] Allocated IP 10.2.5.1 (4ff10082-809e-4c93-ade3-f91f381e1034/2e43150e-88f5-4562-859b-52bf957fa1c3/1ff7d865-2616-4382-b05f-1f107f573035) {{(pid=102201) _store_ip_allocation /opt/stack/neutron/neutron/db/db_base_plugin_common.py:131}}
Apr 02 13:14:15.273022 np0000162948 devstack@neutron-api.service[102201]: DEBUG neutron_lib.callbacks.manager [None req-d3332d34-55fe-40d0-b179-a0b3eb5fe582 admin admin] Publish callbacks [] for port (1ff7d865-2616-4382-b05f-1f107f573035), precommit_update {{(pid=102201) _notify_loop /opt/stack/data/venv/lib/python3.12/site-packages/neutron_lib/callbacks/manager.py:184}}
Apr 02 13:14:15.273022 np0000162948 devstack@neutron-api.service[102201]: DEBUG neutron.plugins.ml2.drivers.ovn.mech_driver.mech_driver [None req-d3332d34-55fe-40d0-b179-a0b3eb5fe582 admin admin] No provisioning block for port 1ff7d865-2616-4382-b05f-1f107f573035 since it does not have a host {{(pid=102201) _is_port_provisioning_required /opt/stack/neutron/neutron/plugins/ml2/drivers/ovn/mech_driver/mech_driver.py:884}}
Apr 02 13:14:15.384369 np0000162948 devstack@neutron-api.service[102201]: DEBUG neutron_lib.callbacks.manager [None req-d3332d34-55fe-40d0-b179-a0b3eb5fe582 admin admin] Publish callbacks ['neutron.plugins.ml2.ovo_rpc._ObjectChangeHandler.handle_event-16258962', 'neutron.db.l3_db.L3RpcNotifierMixin._notify_gateway_port_ip_changed-7711656603558', 'neutron.services.ovn_l3.plugin.OVNL3RouterPlugin._port_update-7711655204918'] for port (1ff7d865-2616-4382-b05f-1f107f573035), after_update {{(pid=102201) _notify_loop /opt/stack/data/venv/lib/python3.12/site-packages/neutron_lib/callbacks/manager.py:184}}
Apr 02 13:14:15.418097 np0000162948 devstack@neutron-api.service[102201]: DEBUG neutron.api.rpc.handlers.resources_rpc [None req-d3332d34-55fe-40d0-b179-a0b3eb5fe582 admin admin] Pushing event updated for resources: {'Port': ['ID=1ff7d865-2616-4382-b05f-1f107f573035,revision_number=2']} {{(pid=102201) push /opt/stack/neutron/neutron/api/rpc/handlers/resources_rpc.py:237}}
Apr 02 13:14:15.531737 np0000162948 devstack@neutron-api.service[102201]: DEBUG ovsdbapp.backend.ovs_idl.transaction [None req-9f6b4428-ecde-4cd0-9249-f3d4027866bb None None] Running txn n=1 command(idx=0): CheckRevisionNumberCommand(_result=None, name=1ff7d865-2616-4382-b05f-1f107f573035, resource={'id': '1ff7d865-2616-4382-b05f-1f107f573035', 'name': '', 'network_id': '4ff10082-809e-4c93-ade3-f91f381e1034', 'project_id': 'a4bf9f45efe7466aafda8b6e04cfe139', 'mac_address': 'fa:16:3e:68:54:79', 'admin_state_up': True, 'status': 'DOWN', 'device_id': 'ovnmeta-4ff10082-809e-4c93-ade3-f91f381e1034', 'device_owner': 'network:distributed', 'standard_attr_id': 44, 'fixed_ips': [{'subnet_id': '2e43150e-88f5-4562-859b-52bf957fa1c3', 'ip_address': '10.2.5.1'}], 'allowed_address_pairs': [], 'extra_dhcp_opts': [], 'security_groups': [], 'description': '', 'binding:vnic_type': 'normal', 'binding:profile': {}, 'binding:host_id': '', 'binding:vif_type': 'unbound', 'binding:vif_details': {}, 'port_security_enabled': False, 'tags': [], 'created_at': '2026-04-02T13:14:13Z', 'updated_at': '2026-04-02T13:14:15Z', 'revision_number': 2, 'tenant_id': 'a4bf9f45efe7466aafda8b6e04cfe139', 'network': {'id': '4ff10082-809e-4c93-ade3-f91f381e1034', 'name': 'admin_net', 'tenant_id': 'a4bf9f45efe7466aafda8b6e04cfe139', 'project_id': 'a4bf9f45efe7466aafda8b6e04cfe139', 'admin_state_up': True, 'mtu': 1372, 'status': 'ACTIVE', 'subnets': ['2e43150e-88f5-4562-859b-52bf957fa1c3'], 'standard_attr_id': 42, 'shared': False, 'availability_zone_hints': [], 'availability_zones': [], 'ipv4_address_scope': None, 'ipv6_address_scope': None, 'router:external': False, 'qinq': False, 'vlan_transparent': False, 'description': '', 'port_security_enabled': True, 'tags': [], 'created_at': '2026-04-02T13:14:13Z', 'updated_at': '2026-04-02T13:14:14Z', 'revision_number': 2, 'provider:network_type': 'geneve', 'provider:physical_network': None, 'provider:segmentation_id': 5969}}, resource_type=ports, if_exists=True) {{(pid=102201) do_commit /opt/stack/data/venv/lib/python3.12/site-packages/ovsdbapp/backend/ovs_idl/transaction.py:89}}
Apr 02 13:14:15.532100 np0000162948 devstack@neutron-api.service[102201]: DEBUG ovsdbapp.backend.ovs_idl.transaction [None req-9f6b4428-ecde-4cd0-9249-f3d4027866bb None None] Running txn n=1 command(idx=1): AddDHCPOptionsCommand(_result=None, columns={'cidr': '10.2.5.0/24', 'options': {'server_id': '10.2.5.1', 'lease_time': '43200', 'mtu': '1372', 'server_mac': 'fa:16:3e:9b:77:05', 'dns_server': '{127.0.0.53}', 'classless_static_route': '{169.254.169.254/32,10.2.5.1}'}, 'external_ids': {'subnet_id': '2e43150e-88f5-4562-859b-52bf957fa1c3', 'neutron:network_id': '4ff10082-809e-4c93-ade3-f91f381e1034', 'neutron:revision_number': '0'}}, may_exist=True, subnet_id=2e43150e-88f5-4562-859b-52bf957fa1c3, port_id=None, new_insert=False) {{(pid=102201) do_commit /opt/stack/data/venv/lib/python3.12/site-packages/ovsdbapp/backend/ovs_idl/transaction.py:89}}
Apr 02 13:14:15.532441 np0000162948 devstack@neutron-api.service[102201]: DEBUG ovsdbapp.backend.ovs_idl.transaction [None req-9f6b4428-ecde-4cd0-9249-f3d4027866bb None None] Running txn n=1 command(idx=2): SetLSwitchPortCommand(_result=None, lport=1ff7d865-2616-4382-b05f-1f107f573035, external_ids_update=None, columns={'external_ids': {'neutron:port_name': '', 'neutron:device_id': 'ovnmeta-4ff10082-809e-4c93-ade3-f91f381e1034', 'neutron:project_id': 'a4bf9f45efe7466aafda8b6e04cfe139', 'neutron:cidrs': '10.2.5.1/24', 'neutron:device_owner': 'network:distributed', 'neutron:subnet_pool_addr_scope4': '', 'neutron:subnet_pool_addr_scope6': '', 'neutron:network_name': 'neutron-4ff10082-809e-4c93-ade3-f91f381e1034', 'neutron:security_group_ids': '', 'neutron:revision_number': '2', 'neutron:vnic_type': 'normal', 'neutron:port_capabilities': '', 'neutron:mtu': ''}, 'parent_name': [], 'tag': [], 'options': {}, 'enabled': True, 'port_security': [], 'dhcpv4_options': [], 'dhcpv6_options': [], 'type': 'localport', 'addresses': ['fa:16:3e:68:54:79 10.2.5.1'], 'ha_chassis_group': []}, if_exists=False) {{(pid=102201) do_commit /opt/stack/data/venv/lib/python3.12/site-packages/ovsdbapp/backend/ovs_idl/transaction.py:89}}
Apr 02 13:14:15.533068 np0000162948 devstack@neutron-api.service[102201]: DEBUG ovsdbapp.backend.ovs_idl.transaction [None req-9f6b4428-ecde-4cd0-9249-f3d4027866bb None None] Running txn n=1 command(idx=3): PgDelPortCommand(_result=None, port_group=neutron_pg_drop, lsp=['1ff7d865-2616-4382-b05f-1f107f573035'], if_exists=False) {{(pid=102201) do_commit /opt/stack/data/venv/lib/python3.12/site-packages/ovsdbapp/backend/ovs_idl/transaction.py:89}}
Apr 02 13:14:15.538952 np0000162948 devstack@neutron-api.service[102199]: DEBUG neutron.plugins.ml2.drivers.ovn.mech_driver.ovsdb.ovsdb_monitor [None req-6ea5df00-8c34-4a14-b2a0-ac176c45c837 None None] Touching Hash Ring node "38b6f3a7fb0a55069d14f5613a725580" from IDL notify handler {{(pid=102199) notify /opt/stack/neutron/neutron/plugins/ml2/drivers/ovn/mech_driver/ovsdb/ovsdb_monitor.py:904}}
Apr 02 13:14:15.539702 np0000162948 devstack@neutron-api.service[102200]: DEBUG neutron.plugins.ml2.drivers.ovn.mech_driver.ovsdb.ovsdb_monitor [None req-cefbb664-613a-47cd-b181-dfa264611552 None None] Touching Hash Ring node "b4522759a7b55837b31ecf77530fe457" from IDL notify handler {{(pid=102200) notify /opt/stack/neutron/neutron/plugins/ml2/drivers/ovn/mech_driver/ovsdb/ovsdb_monitor.py:904}}
Apr 02 13:14:15.557354 np0000162948 devstack@neutron-api.service[102200]: DEBUG neutron.plugins.ml2.drivers.ovn.mech_driver.ovsdb.ovsdb_monitor [None req-008674be-ea82-4f65-8bc6-90e08fa79d2f None None] Hash Ring: Node b4522759a7b55837b31ecf77530fe457 (host: np0000162948) handling event "update" for row bd980574-a1de-4324-907b-226c6d441401 (table: Port_Binding) {{(pid=102200) notify /opt/stack/neutron/neutron/plugins/ml2/drivers/ovn/mech_driver/ovsdb/ovsdb_monitor.py:912}}
Apr 02 13:14:15.703467 np0000162948 devstack@neutron-api.service[102199]: DEBUG neutron.plugins.ml2.drivers.ovn.mech_driver.ovsdb.ovsdb_monitor [None req-6ea5df00-8c34-4a14-b2a0-ac176c45c837 None None] Hash Ring: Node 38b6f3a7fb0a55069d14f5613a725580 (host: np0000162948) handling event "update" for row bf0cc215-bdcc-4fd2-8d77-4aee6ef3d59a (table: Logical_Switch_Port) {{(pid=102199) notify /opt/stack/neutron/neutron/plugins/ml2/drivers/ovn/mech_driver/ovsdb/ovsdb_monitor.py:912}}
Apr 02 13:14:15.936479 np0000162948 devstack@neutron-api.service[102200]: DEBUG neutron.plugins.ml2.drivers.ovn.mech_driver.ovsdb.ovsdb_monitor [None req-cefbb664-613a-47cd-b181-dfa264611552 None None] Hash Ring: Node b4522759a7b55837b31ecf77530fe457 (host: np0000162948) handling event "create" for row 0f2138e6-a660-46a2-8aae-800fcf5a485b (table: DHCP_Options) {{(pid=102200) notify /opt/stack/neutron/neutron/plugins/ml2/drivers/ovn/mech_driver/ovsdb/ovsdb_monitor.py:912}}
Apr 02 13:14:15.936749 np0000162948 devstack@neutron-api.service[102201]: INFO neutron.db.ovn_revision_numbers_db [None req-d3332d34-55fe-40d0-b179-a0b3eb5fe582 admin admin] Successfully bumped revision number for resource 1ff7d865-2616-4382-b05f-1f107f573035 (type: ports) to 2
Apr 02 13:14:15.950034 np0000162948 devstack@neutron-api.service[102201]: DEBUG neutron.plugins.ml2.plugin [None req-d3332d34-55fe-40d0-b179-a0b3eb5fe582 admin admin] In _notify_port_updated(), no bound segment for port 1ff7d865-2616-4382-b05f-1f107f573035 on network 4ff10082-809e-4c93-ade3-f91f381e1034 {{(pid=102201) _notify_port_updated /opt/stack/neutron/neutron/plugins/ml2/plugin.py:1036}}
Apr 02 13:14:16.166211 np0000162948 devstack@neutron-api.service[102201]: INFO neutron.db.ovn_revision_numbers_db [None req-d3332d34-55fe-40d0-b179-a0b3eb5fe582 admin admin] Successfully bumped revision number for resource 2e43150e-88f5-4562-859b-52bf957fa1c3 (type: subnets) to 0
Apr 02 13:14:16.169064 np0000162948 devstack@neutron-api.service[102201]: DEBUG neutron.pecan_wsgi.hooks.policy_enforcement [None req-d3332d34-55fe-40d0-b179-a0b3eb5fe582 admin admin] Attributes excluded by policy engine: ['standard_attr_id', 'shared', 'network'] {{(pid=102201) _exclude_attributes_by_policy /opt/stack/neutron/neutron/pecan_wsgi/hooks/policy_enforcement.py:258}}
Apr 02 13:14:16.169813 np0000162948 devstack@neutron-api.service[102201]: DEBUG neutron_lib.callbacks.manager [None req-d3332d34-55fe-40d0-b179-a0b3eb5fe582 admin admin] Publish callbacks [] for subnet (None), before_response {{(pid=102201) _notify_loop /opt/stack/data/venv/lib/python3.12/site-packages/neutron_lib/callbacks/manager.py:184}}
Apr 02 13:14:16.327823 np0000162948 devstack@neutron-api.service[102201]: [pid: 102201|app: 0|req: 25/99] 199.204.45.65 () {68 vars in 1348 bytes} [Thu Apr 2 13:14:14 2026] POST /networking/v2.0/subnets => generated 625 bytes in 1559 msecs (HTTP/1.1 201) 4 headers in 162 bytes (1 switches on core 0)
Apr 02 13:14:16.543254 np0000162948 devstack@neutron-api.service[102199]: INFO neutron.pecan_wsgi.hooks.translation [None req-53956e74-6026-4b4c-9c04-b64437907749 admin admin] GET failed (client error): The resource could not be found.
Apr 02 13:14:16.543888 np0000162948 devstack@neutron-api.service[102199]: [pid: 102199|app: 0|req: 25/100] 199.204.45.65 () {64 vars in 1333 bytes} [Thu Apr 2 13:14:16 2026] GET /networking/v2.0/subnets/admin_subnet => generated 112 bytes in 14 msecs (HTTP/1.1 404) 4 headers in 164 bytes (1 switches on core 0)
Apr 02 13:14:16.579863 np0000162948 devstack@neutron-api.service[102198]: DEBUG neutron.pecan_wsgi.hooks.policy_enforcement [None req-4ee891ec-70e5-49f5-b572-eb0bf308c2b7 admin admin] Attributes excluded by policy engine: ['standard_attr_id', 'shared'] {{(pid=102198) _exclude_attributes_by_policy /opt/stack/neutron/neutron/pecan_wsgi/hooks/policy_enforcement.py:258}}
Apr 02 13:14:16.581007 np0000162948 devstack@neutron-api.service[102198]: [pid: 102198|app: 0|req: 25/101] 199.204.45.65 () {64 vars in 1342 bytes} [Thu Apr 2 13:14:16 2026] GET /networking/v2.0/subnets?name=admin_subnet => generated 628 bytes in 26 msecs (HTTP/1.1 200) 4 headers in 157 bytes (1 switches on core 0)
Apr 02 13:14:21.249795 np0000162948 devstack@neutron-api.service[102200]: [pid: 102200|app: 0|req: 27/102] 199.204.45.65 () {64 vars in 1362 bytes} [Thu Apr 2 13:14:21 2026] GET /networking/v2.0/ports?device_id=manila-admin-share&binding%3Ahost_id=np0000162948 => generated 12 bytes in 70 msecs (HTTP/1.1 200) 4 headers in 156 bytes (1 switches on core 0)
Apr 02 13:14:21.295612 np0000162948 devstack@neutron-api.service[102201]: DEBUG neutron.api.wsgi [None req-b62f529d-2c98-4ccb-a208-f524d1b8de3b service neutron] Missing Content-Type {{(pid=102201) get_content_type /opt/stack/neutron/neutron/api/wsgi.py:85}}
Apr 02 13:14:21.296151 np0000162948 devstack@neutron-api.service[102201]: DEBUG neutron.api.wsgi [None req-b62f529d-2c98-4ccb-a208-f524d1b8de3b service neutron] https://199.204.45.65/networking/v2.0/extensions returned with HTTP 200 {{(pid=102201) __call__ /opt/stack/neutron/neutron/api/wsgi.py:545}}
Apr 02 13:14:21.296724 np0000162948 devstack@neutron-api.service[102201]: [pid: 102201|app: 0|req: 26/103] 199.204.45.65 () {64 vars in 1258 bytes} [Thu Apr 2 13:14:21 2026] GET /networking/v2.0/extensions => generated 15208 bytes in 6 msecs (HTTP/1.1 200) 4 headers in 159 bytes (1 switches on core 0)
Apr 02 13:14:21.343100 np0000162948 devstack@neutron-api.service[102199]: DEBUG neutron.api.v2.base [None req-d5885c18-dc9f-4ddf-a776-14e8f7d82b07 service neutron] Request body: {'port': {'network_id': '4ff10082-809e-4c93-ade3-f91f381e1034', 'admin_state_up': True, 'tenant_id': 'a4bf9f45efe7466aafda8b6e04cfe139', 'port_security_enabled': False, 'binding:host_id': 'np0000162948', 'fixed_ips': [{'subnet_id': '2e43150e-88f5-4562-859b-52bf957fa1c3'}], 'device_owner': 'manila:share', 'device_id': 'manila-admin-share'}} {{(pid=102199) prepare_request_body /opt/stack/neutron/neutron/api/v2/base.py:729}}
Apr 02 13:14:21.362118 np0000162948 devstack@neutron-api.service[102199]: DEBUG neutron.pecan_wsgi.hooks.quota_enforcement [None req-d5885c18-dc9f-4ddf-a776-14e8f7d82b07 service neutron] Made reservation on behalf of a4bf9f45efe7466aafda8b6e04cfe139 for: {'port': 1} {{(pid=102199) before /opt/stack/neutron/neutron/pecan_wsgi/hooks/quota_enforcement.py:66}}
Apr 02 13:14:21.367731 np0000162948 devstack@neutron-api.service[102199]: DEBUG neutron_lib.callbacks.manager [None req-d5885c18-dc9f-4ddf-a776-14e8f7d82b07 service neutron] Publish callbacks ['neutron.plugins.ml2.plugin.SecurityGroupDbMixin._ensure_default_security_group_handler-3180275'] for port (None), before_create {{(pid=102199) _notify_loop /opt/stack/data/venv/lib/python3.12/site-packages/neutron_lib/callbacks/manager.py:184}}
Apr 02 13:14:21.430737 np0000162948 devstack@neutron-api.service[102199]: DEBUG neutron.db.db_base_plugin_common [None req-d5885c18-dc9f-4ddf-a776-14e8f7d82b07 service neutron] Allocated IP 10.2.5.106 (4ff10082-809e-4c93-ade3-f91f381e1034/2e43150e-88f5-4562-859b-52bf957fa1c3/ab960fd4-2a43-4e17-b795-3f99dfdf91f7) {{(pid=102199) _store_ip_allocation /opt/stack/neutron/neutron/db/db_base_plugin_common.py:131}}
Apr 02 13:14:21.484482 np0000162948 devstack@neutron-api.service[102199]: DEBUG neutron_lib.callbacks.manager [None req-d5885c18-dc9f-4ddf-a776-14e8f7d82b07 service neutron] Publish callbacks ['neutron.plugins.ml2.drivers.ovn.mech_driver.mech_driver.OVNMechanismDriver._validate_allowed_address_pairs-326432'] for allowed_address_pair (ab960fd4-2a43-4e17-b795-3f99dfdf91f7), before_create {{(pid=102199) _notify_loop /opt/stack/data/venv/lib/python3.12/site-packages/neutron_lib/callbacks/manager.py:184}}
Apr 02 13:14:21.485536 np0000162948 devstack@neutron-api.service[102199]: DEBUG neutron_lib.callbacks.manager [None req-d5885c18-dc9f-4ddf-a776-14e8f7d82b07 service neutron] Publish callbacks [] for port (ab960fd4-2a43-4e17-b795-3f99dfdf91f7), precommit_create {{(pid=102199) _notify_loop /opt/stack/data/venv/lib/python3.12/site-packages/neutron_lib/callbacks/manager.py:184}}
Apr 02 13:14:21.488986 np0000162948 devstack@neutron-api.service[102199]: DEBUG neutron.db.provisioning_blocks [None req-d5885c18-dc9f-4ddf-a776-14e8f7d82b07 service neutron] Transition to ACTIVE for port object ab960fd4-2a43-4e17-b795-3f99dfdf91f7 will not be triggered until provisioned by entity L2. {{(pid=102199) add_provisioning_component /opt/stack/neutron/neutron/db/provisioning_blocks.py:74}}
