Mar 20 01:27:41.263795 np0000160206 neutron-periodic-workers[103679]: DEBUG cotyledon.oslo_config_glue [-] ml2.overlay_ip_version = 4 {{(pid=103679) log_opt_values /opt/stack/data/venv/lib/python3.12/site-packages/oslo_config/cfg.py:3006}}
Mar 20 01:27:41.263841 np0000160206 neutron-periodic-workers[103679]: DEBUG cotyledon.oslo_config_glue [-] ml2.path_mtu = 0 {{(pid=103679) log_opt_values /opt/stack/data/venv/lib/python3.12/site-packages/oslo_config/cfg.py:3006}}
Mar 20 01:27:41.263889 np0000160206 neutron-periodic-workers[103679]: DEBUG cotyledon.oslo_config_glue [-] ml2.physical_network_mtus = {} {{(pid=103679) log_opt_values /opt/stack/data/venv/lib/python3.12/site-packages/oslo_config/cfg.py:3006}}
Mar 20 01:27:41.263935 np0000160206 neutron-periodic-workers[103679]: DEBUG cotyledon.oslo_config_glue [-] ml2.project_network_types = ['geneve'] {{(pid=103679) log_opt_values /opt/stack/data/venv/lib/python3.12/site-packages/oslo_config/cfg.py:3006}}
Mar 20 01:27:41.263970 np0000160206 neutron-periodic-workers[103679]: DEBUG cotyledon.oslo_config_glue [-] ml2.tunnelled_network_rp_name = rp_tunnelled {{(pid=103679) log_opt_values /opt/stack/data/venv/lib/python3.12/site-packages/oslo_config/cfg.py:3006}}
Mar 20 01:27:41.264079 np0000160206 neutron-periodic-workers[103679]: DEBUG cotyledon.oslo_config_glue [-] ml2.type_drivers = ['local', 'flat', 'vlan', 'geneve'] {{(pid=103679) log_opt_values /opt/stack/data/venv/lib/python3.12/site-packages/oslo_config/cfg.py:3006}}
Mar 20 01:27:41.264079 np0000160206 neutron-periodic-workers[103679]: DEBUG cotyledon.oslo_config_glue [-] ml2_type_flat.flat_networks = ['public'] {{(pid=103679) log_opt_values /opt/stack/data/venv/lib/python3.12/site-packages/oslo_config/cfg.py:3006}}
Mar 20 01:27:41.264146 np0000160206 neutron-periodic-workers[103679]: DEBUG cotyledon.oslo_config_glue [-] ml2_type_geneve.max_header_size = 38 {{(pid=103679) log_opt_values /opt/stack/data/venv/lib/python3.12/site-packages/oslo_config/cfg.py:3006}}
Mar 20 01:27:41.264146 np0000160206 neutron-periodic-workers[103679]: DEBUG cotyledon.oslo_config_glue [-] ml2_type_geneve.vni_ranges = ['1:65536'] {{(pid=103679) log_opt_values /opt/stack/data/venv/lib/python3.12/site-packages/oslo_config/cfg.py:3006}}
Mar 20 01:27:41.264237 np0000160206 neutron-periodic-workers[103679]: DEBUG cotyledon.oslo_config_glue [-] ml2_type_vlan.network_vlan_ranges = ['public'] {{(pid=103679) log_opt_values /opt/stack/data/venv/lib/python3.12/site-packages/oslo_config/cfg.py:3006}}
Mar 20 01:27:41.264302 np0000160206 neutron-periodic-workers[103679]: DEBUG cotyledon.oslo_config_glue [-] network_log.burst_limit = 25 {{(pid=103679) log_opt_values /opt/stack/data/venv/lib/python3.12/site-packages/oslo_config/cfg.py:3006}}
Mar 20 01:27:41.264302 np0000160206 neutron-periodic-workers[103679]: DEBUG cotyledon.oslo_config_glue [-] network_log.local_output_log_base = None {{(pid=103679) log_opt_values /opt/stack/data/venv/lib/python3.12/site-packages/oslo_config/cfg.py:3006}}
Mar 20 01:27:41.264389 np0000160206 neutron-periodic-workers[103679]: DEBUG cotyledon.oslo_config_glue [-] network_log.rate_limit = 100 {{(pid=103679) log_opt_values /opt/stack/data/venv/lib/python3.12/site-packages/oslo_config/cfg.py:3006}}
Mar 20 01:27:41.264389 np0000160206 neutron-periodic-workers[103679]: DEBUG cotyledon.oslo_config_glue [-] database.asyncio_connection = **** {{(pid=103679) log_opt_values /opt/stack/data/venv/lib/python3.12/site-packages/oslo_config/cfg.py:3006}}
Mar 20 01:27:41.264465 np0000160206 neutron-periodic-workers[103679]: DEBUG cotyledon.oslo_config_glue [-] database.asyncio_slave_connection = **** {{(pid=103679) log_opt_values /opt/stack/data/venv/lib/python3.12/site-packages/oslo_config/cfg.py:3006}}
Mar 20 01:27:41.264574 np0000160206 neutron-periodic-workers[103679]: DEBUG cotyledon.oslo_config_glue [-] database.backend = sqlalchemy {{(pid=103679) log_opt_values /opt/stack/data/venv/lib/python3.12/site-packages/oslo_config/cfg.py:3006}}
Mar 20 01:27:41.264574 np0000160206 neutron-periodic-workers[103679]: DEBUG cotyledon.oslo_config_glue [-] database.connection = **** {{(pid=103679) log_opt_values /opt/stack/data/venv/lib/python3.12/site-packages/oslo_config/cfg.py:3006}}
Mar 20 01:27:41.264665 np0000160206 neutron-periodic-workers[103679]: DEBUG cotyledon.oslo_config_glue [-] database.connection_debug = 0 {{(pid=103679) log_opt_values /opt/stack/data/venv/lib/python3.12/site-packages/oslo_config/cfg.py:3006}}
Mar 20 01:27:41.264665 np0000160206 neutron-periodic-workers[103679]: DEBUG cotyledon.oslo_config_glue [-] database.connection_parameters = {{(pid=103679) log_opt_values /opt/stack/data/venv/lib/python3.12/site-packages/oslo_config/cfg.py:3006}}
Mar 20 01:27:41.264665 np0000160206 neutron-periodic-workers[103679]: DEBUG cotyledon.oslo_config_glue [-] database.connection_recycle_time = 3600 {{(pid=103679) log_opt_values /opt/stack/data/venv/lib/python3.12/site-packages/oslo_config/cfg.py:3006}}
Mar 20 01:27:41.264772 np0000160206 neutron-periodic-workers[103679]: DEBUG cotyledon.oslo_config_glue [-] database.connection_trace = False {{(pid=103679) log_opt_values /opt/stack/data/venv/lib/python3.12/site-packages/oslo_config/cfg.py:3006}}
Mar 20 01:27:41.264772 np0000160206 neutron-periodic-workers[103679]: DEBUG cotyledon.oslo_config_glue [-] database.db_inc_retry_interval = True {{(pid=103679) log_opt_values /opt/stack/data/venv/lib/python3.12/site-packages/oslo_config/cfg.py:3006}}
Mar 20 01:27:41.264772 np0000160206 neutron-periodic-workers[103679]: DEBUG cotyledon.oslo_config_glue [-] database.db_max_retries = 20 {{(pid=103679) log_opt_values /opt/stack/data/venv/lib/python3.12/site-packages/oslo_config/cfg.py:3006}}
Mar 20 01:27:41.264872 np0000160206 neutron-periodic-workers[103679]: DEBUG cotyledon.oslo_config_glue [-] database.db_max_retry_interval = 10 {{(pid=103679) log_opt_values /opt/stack/data/venv/lib/python3.12/site-packages/oslo_config/cfg.py:3006}}
Mar 20 01:27:41.264872 np0000160206 neutron-periodic-workers[103679]: DEBUG cotyledon.oslo_config_glue [-] database.db_retry_interval = 1 {{(pid=103679) log_opt_values /opt/stack/data/venv/lib/python3.12/site-packages/oslo_config/cfg.py:3006}}
Mar 20 01:27:41.264946 np0000160206 neutron-periodic-workers[103679]: DEBUG cotyledon.oslo_config_glue [-] database.max_overflow = 50 {{(pid=103679) log_opt_values /opt/stack/data/venv/lib/python3.12/site-packages/oslo_config/cfg.py:3006}}
Mar 20 01:27:41.264946 np0000160206 neutron-periodic-workers[103679]: DEBUG cotyledon.oslo_config_glue [-] database.max_pool_size = 5 {{(pid=103679) log_opt_values /opt/stack/data/venv/lib/python3.12/site-packages/oslo_config/cfg.py:3006}}
Mar 20 01:27:41.265027 np0000160206 neutron-periodic-workers[103679]: DEBUG cotyledon.oslo_config_glue [-] database.max_retries = 10 {{(pid=103679) log_opt_values /opt/stack/data/venv/lib/python3.12/site-packages/oslo_config/cfg.py:3006}}
Mar 20 01:27:41.265027 np0000160206 neutron-periodic-workers[103679]: DEBUG cotyledon.oslo_config_glue [-] database.mysql_sql_mode = TRADITIONAL {{(pid=103679) log_opt_values /opt/stack/data/venv/lib/python3.12/site-packages/oslo_config/cfg.py:3006}}
Mar 20 01:27:41.265109 np0000160206 neutron-periodic-workers[103679]: DEBUG cotyledon.oslo_config_glue [-] database.mysql_wsrep_sync_wait = None {{(pid=103679) log_opt_values /opt/stack/data/venv/lib/python3.12/site-packages/oslo_config/cfg.py:3006}}
Mar 20 01:27:41.265109 np0000160206 neutron-periodic-workers[103679]: DEBUG cotyledon.oslo_config_glue [-] database.pool_timeout = None {{(pid=103679) log_opt_values /opt/stack/data/venv/lib/python3.12/site-packages/oslo_config/cfg.py:3006}}
Mar 20 01:27:41.265109 np0000160206 neutron-periodic-workers[103679]: DEBUG cotyledon.oslo_config_glue [-] database.retry_interval = 10 {{(pid=103679) log_opt_values /opt/stack/data/venv/lib/python3.12/site-packages/oslo_config/cfg.py:3006}}
Mar 20 01:27:41.265209 np0000160206 neutron-periodic-workers[103679]: DEBUG cotyledon.oslo_config_glue [-] database.slave_connection = **** {{(pid=103679) log_opt_values /opt/stack/data/venv/lib/python3.12/site-packages/oslo_config/cfg.py:3006}}
Mar 20 01:27:41.265209 np0000160206 neutron-periodic-workers[103679]: DEBUG cotyledon.oslo_config_glue [-] database.sqlite_synchronous = True {{(pid=103679) log_opt_values /opt/stack/data/venv/lib/python3.12/site-packages/oslo_config/cfg.py:3006}}
Mar 20 01:27:41.265283 np0000160206 neutron-periodic-workers[103679]: DEBUG cotyledon.oslo_config_glue [-] database.synchronous_reader = True {{(pid=103679) log_opt_values /opt/stack/data/venv/lib/python3.12/site-packages/oslo_config/cfg.py:3006}}
Mar 20 01:27:41.265283 np0000160206 neutron-periodic-workers[103679]: DEBUG cotyledon.oslo_config_glue [-] database.use_db_reconnect = False {{(pid=103679) log_opt_values /opt/stack/data/venv/lib/python3.12/site-packages/oslo_config/cfg.py:3006}}
Mar 20 01:27:41.265364 np0000160206 neutron-periodic-workers[103679]: DEBUG cotyledon.oslo_config_glue [-] ovn.bfd_min_rx = 1000 {{(pid=103679) log_opt_values /opt/stack/data/venv/lib/python3.12/site-packages/oslo_config/cfg.py:3006}}
Mar 20 01:27:41.265364 np0000160206 neutron-periodic-workers[103679]: DEBUG cotyledon.oslo_config_glue [-] ovn.bfd_min_tx = 100 {{(pid=103679) log_opt_values /opt/stack/data/venv/lib/python3.12/site-packages/oslo_config/cfg.py:3006}}
Mar 20 01:27:41.265445 np0000160206 neutron-periodic-workers[103679]: DEBUG cotyledon.oslo_config_glue [-] ovn.bfd_mult = 3 {{(pid=103679) log_opt_values /opt/stack/data/venv/lib/python3.12/site-packages/oslo_config/cfg.py:3006}}
Mar 20 01:27:41.265445 np0000160206 neutron-periodic-workers[103679]: DEBUG cotyledon.oslo_config_glue [-] ovn.broadcast_arps_to_all_routers = True {{(pid=103679) log_opt_values /opt/stack/data/venv/lib/python3.12/site-packages/oslo_config/cfg.py:3006}}
Mar 20 01:27:41.265524 np0000160206 neutron-periodic-workers[103679]: DEBUG cotyledon.oslo_config_glue [-] ovn.dhcp_default_lease_time = 43200 {{(pid=103679) log_opt_values /opt/stack/data/venv/lib/python3.12/site-packages/oslo_config/cfg.py:3006}}
Mar 20 01:27:41.265524 np0000160206 neutron-periodic-workers[103679]: DEBUG cotyledon.oslo_config_glue [-] ovn.disable_ovn_dhcp_for_baremetal_ports = False {{(pid=103679) log_opt_values /opt/stack/data/venv/lib/python3.12/site-packages/oslo_config/cfg.py:3006}}
Mar 20 01:27:41.265622 np0000160206 neutron-periodic-workers[103679]: DEBUG cotyledon.oslo_config_glue [-] ovn.dns_records_ovn_owned = False {{(pid=103679) log_opt_values /opt/stack/data/venv/lib/python3.12/site-packages/oslo_config/cfg.py:3006}}
Mar 20 01:27:41.265622 np0000160206 neutron-periodic-workers[103679]: DEBUG cotyledon.oslo_config_glue [-] ovn.dns_servers = [] {{(pid=103679) log_opt_values /opt/stack/data/venv/lib/python3.12/site-packages/oslo_config/cfg.py:3006}}
Mar 20 01:27:41.265713 np0000160206 neutron-periodic-workers[103679]: DEBUG cotyledon.oslo_config_glue [-] ovn.enable_distributed_floating_ip = False {{(pid=103679) log_opt_values /opt/stack/data/venv/lib/python3.12/site-packages/oslo_config/cfg.py:3006}}
Mar 20 01:27:41.265713 np0000160206 neutron-periodic-workers[103679]: DEBUG cotyledon.oslo_config_glue [-] ovn.fdb_age_threshold = 300 {{(pid=103679) log_opt_values /opt/stack/data/venv/lib/python3.12/site-packages/oslo_config/cfg.py:3006}}
Mar 20 01:27:41.265713 np0000160206 neutron-periodic-workers[103679]: DEBUG cotyledon.oslo_config_glue [-] ovn.ha_failover_strategy = normal {{(pid=103679) log_opt_values /opt/stack/data/venv/lib/python3.12/site-packages/oslo_config/cfg.py:3006}}
Mar 20 01:27:41.265817 np0000160206 neutron-periodic-workers[103679]: DEBUG cotyledon.oslo_config_glue [-] ovn.live_migration_activation_strategy = rarp {{(pid=103679) log_opt_values /opt/stack/data/venv/lib/python3.12/site-packages/oslo_config/cfg.py:3006}}
Mar 20 01:27:41.265817 np0000160206 neutron-periodic-workers[103679]: DEBUG cotyledon.oslo_config_glue [-] ovn.localnet_learn_fdb = False {{(pid=103679) log_opt_values /opt/stack/data/venv/lib/python3.12/site-packages/oslo_config/cfg.py:3006}}
Mar 20 01:27:41.265817 np0000160206 neutron-periodic-workers[103679]: DEBUG cotyledon.oslo_config_glue [-] ovn.mac_binding_age_threshold = 300 {{(pid=103679) log_opt_values /opt/stack/data/venv/lib/python3.12/site-packages/oslo_config/cfg.py:3006}}
Mar 20 01:27:41.265919 np0000160206 neutron-periodic-workers[103679]: DEBUG cotyledon.oslo_config_glue [-] ovn.neutron_sync_mode = log {{(pid=103679) log_opt_values /opt/stack/data/venv/lib/python3.12/site-packages/oslo_config/cfg.py:3006}}
Mar 20 01:27:41.265919 np0000160206 neutron-periodic-workers[103679]: DEBUG cotyledon.oslo_config_glue [-] ovn.ovn_dhcp4_global_options = {} {{(pid=103679) log_opt_values /opt/stack/data/venv/lib/python3.12/site-packages/oslo_config/cfg.py:3006}}
Mar 20 01:27:41.265996 np0000160206 neutron-periodic-workers[103679]: DEBUG cotyledon.oslo_config_glue [-] ovn.ovn_dhcp6_global_options = {} {{(pid=103679) log_opt_values /opt/stack/data/venv/lib/python3.12/site-packages/oslo_config/cfg.py:3006}}
Mar 20 01:27:41.265996 np0000160206 neutron-periodic-workers[103679]: DEBUG cotyledon.oslo_config_glue [-] ovn.ovn_l3_scheduler = leastloaded {{(pid=103679) log_opt_values /opt/stack/data/venv/lib/python3.12/site-packages/oslo_config/cfg.py:3006}}
Mar 20 01:27:41.266083 np0000160206 neutron-periodic-workers[103679]: DEBUG cotyledon.oslo_config_glue [-] ovn.ovn_metadata_enabled = True {{(pid=103679) log_opt_values /opt/stack/data/venv/lib/python3.12/site-packages/oslo_config/cfg.py:3006}}
Mar 20 01:27:41.266083 np0000160206 neutron-periodic-workers[103679]: DEBUG cotyledon.oslo_config_glue [-] ovn.ovn_nb_ca_cert = /opt/stack/data/CA/int-ca/ca-chain.pem {{(pid=103679) log_opt_values /opt/stack/data/venv/lib/python3.12/site-packages/oslo_config/cfg.py:3006}}
Mar 20 01:27:41.266167 np0000160206 neutron-periodic-workers[103679]: DEBUG cotyledon.oslo_config_glue [-] ovn.ovn_nb_certificate = /opt/stack/data/CA/int-ca/devstack-cert.crt {{(pid=103679) log_opt_values /opt/stack/data/venv/lib/python3.12/site-packages/oslo_config/cfg.py:3006}}
Mar 20 01:27:41.266167 np0000160206 neutron-periodic-workers[103679]: DEBUG cotyledon.oslo_config_glue [-] ovn.ovn_nb_connection = ['ssl:199.204.45.78:6641'] {{(pid=103679) log_opt_values /opt/stack/data/venv/lib/python3.12/site-packages/oslo_config/cfg.py:3006}}
Mar 20 01:27:41.266249 np0000160206 neutron-periodic-workers[103679]: DEBUG cotyledon.oslo_config_glue [-] ovn.ovn_nb_private_key = /opt/stack/data/CA/int-ca/private/devstack-cert.key {{(pid=103679) log_opt_values /opt/stack/data/venv/lib/python3.12/site-packages/oslo_config/cfg.py:3006}}
Mar 20 01:27:41.266249 np0000160206 neutron-periodic-workers[103679]: DEBUG cotyledon.oslo_config_glue [-] ovn.ovn_router_indirect_snat = False {{(pid=103679) log_opt_values /opt/stack/data/venv/lib/python3.12/site-packages/oslo_config/cfg.py:3006}}
Mar 20 01:27:41.266331 np0000160206 neutron-periodic-workers[103679]: DEBUG cotyledon.oslo_config_glue [-] ovn.ovn_sb_ca_cert = /opt/stack/data/CA/int-ca/ca-chain.pem {{(pid=103679) log_opt_values /opt/stack/data/venv/lib/python3.12/site-packages/oslo_config/cfg.py:3006}}
Mar 20 01:27:41.266331 np0000160206 neutron-periodic-workers[103679]: DEBUG cotyledon.oslo_config_glue [-] ovn.ovn_sb_certificate = /opt/stack/data/CA/int-ca/devstack-cert.crt {{(pid=103679) log_opt_values /opt/stack/data/venv/lib/python3.12/site-packages/oslo_config/cfg.py:3006}}
Mar 20 01:27:41.266331 np0000160206 neutron-periodic-workers[103679]: DEBUG cotyledon.oslo_config_glue [-] ovn.ovn_sb_connection = ['ssl:199.204.45.78:6642'] {{(pid=103679) log_opt_values /opt/stack/data/venv/lib/python3.12/site-packages/oslo_config/cfg.py:3006}}
Mar 20 01:27:41.266418 np0000160206 neutron-periodic-workers[103679]: DEBUG cotyledon.oslo_config_glue [-] ovn.ovn_sb_private_key = /opt/stack/data/CA/int-ca/private/devstack-cert.key {{(pid=103679) log_opt_values /opt/stack/data/venv/lib/python3.12/site-packages/oslo_config/cfg.py:3006}}
Mar 20 01:27:41.266418 np0000160206 neutron-periodic-workers[103679]: DEBUG cotyledon.oslo_config_glue [-] ovn.ovs_create_tap = False {{(pid=103679) log_opt_values /opt/stack/data/venv/lib/python3.12/site-packages/oslo_config/cfg.py:3006}}
Mar 20 01:27:41.266472 np0000160206 neutron-periodic-workers[103679]: DEBUG cotyledon.oslo_config_glue [-] ovn.ovsdb_connection_timeout = 180 {{(pid=103679) log_opt_values /opt/stack/data/venv/lib/python3.12/site-packages/oslo_config/cfg.py:3006}}
Mar 20 01:27:41.266472 np0000160206 neutron-periodic-workers[103679]: DEBUG cotyledon.oslo_config_glue [-] ovn.ovsdb_log_level = INFO {{(pid=103679) log_opt_values /opt/stack/data/venv/lib/python3.12/site-packages/oslo_config/cfg.py:3006}}
Mar 20 01:27:41.266523 np0000160206 neutron-periodic-workers[103679]: DEBUG cotyledon.oslo_config_glue [-] ovn.ovsdb_probe_interval = 60000 {{(pid=103679) log_opt_values /opt/stack/data/venv/lib/python3.12/site-packages/oslo_config/cfg.py:3006}}
Mar 20 01:27:41.266588 np0000160206 neutron-periodic-workers[103679]: DEBUG cotyledon.oslo_config_glue [-] ovn.ovsdb_retry_max_interval = 180 {{(pid=103679) log_opt_values /opt/stack/data/venv/lib/python3.12/site-packages/oslo_config/cfg.py:3006}}
Mar 20 01:27:41.266626 np0000160206 neutron-periodic-workers[103679]: DEBUG cotyledon.oslo_config_glue [-] ovn.stateless_nat_enabled = False {{(pid=103679) log_opt_values /opt/stack/data/venv/lib/python3.12/site-packages/oslo_config/cfg.py:3006}}
Mar 20 01:27:41.266668 np0000160206 neutron-periodic-workers[103679]: DEBUG cotyledon.oslo_config_glue [-] ovn.vhost_sock_dir = /var/run/openvswitch {{(pid=103679) log_opt_values /opt/stack/data/venv/lib/python3.12/site-packages/oslo_config/cfg.py:3006}}
Mar 20 01:27:41.266725 np0000160206 neutron-periodic-workers[103679]: DEBUG cotyledon.oslo_config_glue [-] OVS.bridge_mac_table_size = 50000 {{(pid=103679) log_opt_values /opt/stack/data/venv/lib/python3.12/site-packages/oslo_config/cfg.py:3006}}
Mar 20 01:27:41.266772 np0000160206 neutron-periodic-workers[103679]: DEBUG cotyledon.oslo_config_glue [-] OVS.igmp_flood = False {{(pid=103679) log_opt_values /opt/stack/data/venv/lib/python3.12/site-packages/oslo_config/cfg.py:3006}}
Mar 20 01:27:41.266818 np0000160206 neutron-periodic-workers[103679]: DEBUG cotyledon.oslo_config_glue [-] OVS.igmp_flood_reports = True {{(pid=103679) log_opt_values /opt/stack/data/venv/lib/python3.12/site-packages/oslo_config/cfg.py:3006}}
Mar 20 01:27:41.266878 np0000160206 neutron-periodic-workers[103679]: DEBUG cotyledon.oslo_config_glue [-] OVS.igmp_flood_unregistered = False {{(pid=103679) log_opt_values /opt/stack/data/venv/lib/python3.12/site-packages/oslo_config/cfg.py:3006}}
Mar 20 01:27:41.266925 np0000160206 neutron-periodic-workers[103679]: DEBUG cotyledon.oslo_config_glue [-] OVS.igmp_snooping_enable = False {{(pid=103679) log_opt_values /opt/stack/data/venv/lib/python3.12/site-packages/oslo_config/cfg.py:3006}}
Mar 20 01:27:41.266969 np0000160206 neutron-periodic-workers[103679]: DEBUG cotyledon.oslo_config_glue [-] OVS.ovsdb_timeout = 10 {{(pid=103679) log_opt_values /opt/stack/data/venv/lib/python3.12/site-packages/oslo_config/cfg.py:3006}}
Mar 20 01:27:41.267026 np0000160206 neutron-periodic-workers[103679]: DEBUG cotyledon.oslo_config_glue [-] ovn_nb_global.fdb_removal_limit = 0 {{(pid=103679) log_opt_values /opt/stack/data/venv/lib/python3.12/site-packages/oslo_config/cfg.py:3006}}
Mar 20 01:27:41.267072 np0000160206 neutron-periodic-workers[103679]: DEBUG cotyledon.oslo_config_glue [-] ovn_nb_global.ignore_lsp_down = False {{(pid=103679) log_opt_values /opt/stack/data/venv/lib/python3.12/site-packages/oslo_config/cfg.py:3006}}
Mar 20 01:27:41.267106 np0000160206 neutron-periodic-workers[103679]: DEBUG cotyledon.oslo_config_glue [-] ovn_nb_global.mac_binding_removal_limit = 0 {{(pid=103679) log_opt_values /opt/stack/data/venv/lib/python3.12/site-packages/oslo_config/cfg.py:3006}}
Mar 20 01:27:41.267142 np0000160206 neutron-periodic-workers[103679]: DEBUG cotyledon.oslo_config_glue [-] ******************************************************************************** {{(pid=103679) log_opt_values /opt/stack/data/venv/lib/python3.12/site-packages/oslo_config/cfg.py:3013}}
Mar 20 01:27:41.267297 np0000160206 neutron-periodic-workers[103679]: DEBUG cotyledon._service_worker [-] Run service ServiceWrapper(0) [103679] {{(pid=103679) wait_forever /opt/stack/data/venv/lib/python3.12/site-packages/cotyledon/_service_worker.py:218}}
Mar 20 01:27:50.921929 np0000160206 neutron-periodic-workers[102987]: DEBUG dbcounter [-] [102987] Writing DB stats neutron:SELECT=4 {{(pid=102987) stat_writer /opt/stack/data/venv/lib/python3.12/site-packages/dbcounter.py:115}}
Mar 20 01:28:40.263169 np0000160206 neutron-periodic-workers[103668]: DEBUG oslo_db.sqlalchemy.engines [None req-e7d710a7-3a3e-482b-8385-e24255918d7a None None] Parent process 102987 forked (103668) with an open database connection, which is being discarded and recreated. {{(pid=103668) checkout /opt/stack/data/venv/lib/python3.12/site-packages/oslo_db/sqlalchemy/engines.py:402}}
Mar 20 01:28:40.272073 np0000160206 neutron-periodic-workers[103668]: DEBUG dbcounter [-] [103668] Writer thread running {{(pid=103668) stat_writer /opt/stack/data/venv/lib/python3.12/site-packages/dbcounter.py:102}}
Mar 20 01:28:40.275415 np0000160206 neutron-periodic-workers[103668]: DEBUG neutron.db.agents_db [None req-e7d710a7-3a3e-482b-8385-e24255918d7a None None] Agent healthcheck: found 0 active agents {{(pid=103668) agent_health_check /opt/stack/neutron/neutron/db/agents_db.py:317}}
Mar 20 01:28:40.275697 np0000160206 neutron-periodic-workers[103668]: DEBUG oslo.service.backend._threading.loopingcall [None req-e7d710a7-3a3e-482b-8385-e24255918d7a None None] Fixed interval looping call 'neutron.plugins.ml2.plugin.AgentDbMixin.agent_health_check' sleeping for 36.98 seconds {{(pid=103668) _run_loop /opt/stack/data/venv/lib/python3.12/site-packages/oslo_service/backend/_threading/loopingcall.py:125}}
Mar 20 01:28:50.272334 np0000160206 neutron-periodic-workers[103668]: DEBUG dbcounter [-] [103668] Writing DB stats neutron:SELECT=1 {{(pid=103668) stat_writer /opt/stack/data/venv/lib/python3.12/site-packages/dbcounter.py:115}}
Mar 20 01:28:55.247512 np0000160206 neutron-periodic-workers[103657]: DEBUG dbcounter [-] [103657] Writer thread running {{(pid=103657) stat_writer /opt/stack/data/venv/lib/python3.12/site-packages/dbcounter.py:102}}
Mar 20 01:28:55.255879 np0000160206 neutron-periodic-workers[103657]: DEBUG oslo.service.backend._threading.loopingcall [None req-5dd7cf4c-41bf-4de6-8717-a3fe363b4e64 None None] Fixed interval looping call 'neutron.plugins.ml2.plugin.DhcpAgentSchedulerDbMixin.remove_networks_from_down_agents' sleeping for 36.98 seconds {{(pid=103657) _run_loop /opt/stack/data/venv/lib/python3.12/site-packages/oslo_service/backend/_threading/loopingcall.py:125}}
Mar 20 01:29:05.254908 np0000160206 neutron-periodic-workers[103657]: DEBUG dbcounter [-] [103657] Writing DB stats neutron:SELECT=3 {{(pid=103657) stat_writer /opt/stack/data/venv/lib/python3.12/site-packages/dbcounter.py:115}}
Mar 20 01:29:17.261960 np0000160206 neutron-periodic-workers[103668]: DEBUG neutron.db.agents_db [None req-e7d710a7-3a3e-482b-8385-e24255918d7a None None] Agent healthcheck: found 0 active agents {{(pid=103668) agent_health_check /opt/stack/neutron/neutron/db/agents_db.py:317}}
Mar 20 01:29:17.262734 np0000160206 neutron-periodic-workers[103668]: DEBUG oslo.service.backend._threading.loopingcall [None req-e7d710a7-3a3e-482b-8385-e24255918d7a None None] Fixed interval looping call 'neutron.plugins.ml2.plugin.AgentDbMixin.agent_health_check' sleeping for 36.99 seconds {{(pid=103668) _run_loop /opt/stack/data/venv/lib/python3.12/site-packages/oslo_service/backend/_threading/loopingcall.py:125}}
Mar 20 01:29:27.259853 np0000160206 neutron-periodic-workers[103668]: DEBUG dbcounter [-] [103668] Writing DB stats neutron:SELECT=1 {{(pid=103668) stat_writer /opt/stack/data/venv/lib/python3.12/site-packages/dbcounter.py:115}}
Mar 20 01:29:32.246194 np0000160206 neutron-periodic-workers[103657]: DEBUG oslo.service.backend._threading.loopingcall [None req-5dd7cf4c-41bf-4de6-8717-a3fe363b4e64 None None] Fixed interval looping call 'neutron.plugins.ml2.plugin.DhcpAgentSchedulerDbMixin.remove_networks_from_down_agents' sleeping for 36.99 seconds {{(pid=103657) _run_loop /opt/stack/data/venv/lib/python3.12/site-packages/oslo_service/backend/_threading/loopingcall.py:125}}
Mar 20 01:29:41.285719 np0000160206 neutron-periodic-workers[103679]: DEBUG dbcounter [-] [103679] Writer thread running {{(pid=103679) stat_writer /opt/stack/data/venv/lib/python3.12/site-packages/dbcounter.py:102}}
Mar 20 01:29:41.287680 np0000160206 neutron-periodic-workers[103679]: DEBUG oslo.service.backend._threading.loopingcall [None req-f40c0e87-4ba3-46d6-9fd0-ec0f4d74c37e None None] Fixed interval looping call 'neutron.db.quota.driver_nolock.DbQuotaNoLockDriver._remove_expired_reservations' sleeping for 119.98 seconds {{(pid=103679) _run_loop /opt/stack/data/venv/lib/python3.12/site-packages/oslo_service/backend/_threading/loopingcall.py:125}}
Mar 20 01:29:42.245243 np0000160206 neutron-periodic-workers[103657]: DEBUG dbcounter [-] [103657] Writing DB stats neutron:SELECT=3 {{(pid=103657) stat_writer /opt/stack/data/venv/lib/python3.12/site-packages/dbcounter.py:115}}
Mar 20 01:29:51.286507 np0000160206 neutron-periodic-workers[103679]: DEBUG dbcounter [-] [103679] Writing DB stats neutron:DELETE=1 {{(pid=103679) stat_writer /opt/stack/data/venv/lib/python3.12/site-packages/dbcounter.py:115}}
Mar 20 01:29:54.257638 np0000160206 neutron-periodic-workers[103668]: DEBUG neutron.db.agents_db [None req-e7d710a7-3a3e-482b-8385-e24255918d7a None None] Agent healthcheck: found 0 active agents {{(pid=103668) agent_health_check /opt/stack/neutron/neutron/db/agents_db.py:317}}
Mar 20 01:29:54.258344 np0000160206 neutron-periodic-workers[103668]: DEBUG oslo.service.backend._threading.loopingcall [None req-e7d710a7-3a3e-482b-8385-e24255918d7a None None] Fixed interval looping call 'neutron.plugins.ml2.plugin.AgentDbMixin.agent_health_check' sleeping for 36.99 seconds {{(pid=103668) _run_loop /opt/stack/data/venv/lib/python3.12/site-packages/oslo_service/backend/_threading/loopingcall.py:125}}
Mar 20 01:30:04.255800 np0000160206 neutron-periodic-workers[103668]: DEBUG dbcounter [-] [103668] Writing DB stats neutron:SELECT=1 {{(pid=103668) stat_writer /opt/stack/data/venv/lib/python3.12/site-packages/dbcounter.py:115}}
Mar 20 01:30:09.247055 np0000160206 neutron-periodic-workers[103657]: DEBUG oslo.service.backend._threading.loopingcall [None req-5dd7cf4c-41bf-4de6-8717-a3fe363b4e64 None None] Fixed interval looping call 'neutron.plugins.ml2.plugin.DhcpAgentSchedulerDbMixin.remove_networks_from_down_agents' sleeping for 36.99 seconds {{(pid=103657) _run_loop /opt/stack/data/venv/lib/python3.12/site-packages/oslo_service/backend/_threading/loopingcall.py:125}}
Mar 20 01:30:19.246021 np0000160206 neutron-periodic-workers[103657]: DEBUG dbcounter [-] [103657] Writing DB stats neutron:SELECT=3 {{(pid=103657) stat_writer /opt/stack/data/venv/lib/python3.12/site-packages/dbcounter.py:115}}
Mar 20 01:30:23.240456 np0000160206 neutron-periodic-workers[103647]: DEBUG dbcounter [-] [103647] Writer thread running {{(pid=103647) stat_writer /opt/stack/data/venv/lib/python3.12/site-packages/dbcounter.py:102}}
Mar 20 01:30:23.251480 np0000160206 neutron-periodic-workers[103647]: DEBUG oslo.service.backend._threading.loopingcall [None req-bfeecd31-8959-4145-a959-ef1d31323a69 None None] Fixed interval looping call 'neutron.services.ovn_l3.plugin.L3_NAT_dbonly_mixin._clean_garbage' sleeping for 299.96 seconds {{(pid=103647) _run_loop /opt/stack/data/venv/lib/python3.12/site-packages/oslo_service/backend/_threading/loopingcall.py:125}}
Mar 20 01:30:31.253308 np0000160206 neutron-periodic-workers[103668]: DEBUG neutron.db.agents_db [None req-e7d710a7-3a3e-482b-8385-e24255918d7a None None] Agent healthcheck: found 0 active agents {{(pid=103668) agent_health_check /opt/stack/neutron/neutron/db/agents_db.py:317}}
Mar 20 01:30:31.254121 np0000160206 neutron-periodic-workers[103668]: DEBUG oslo.service.backend._threading.loopingcall [None req-e7d710a7-3a3e-482b-8385-e24255918d7a None None] Fixed interval looping call 'neutron.plugins.ml2.plugin.AgentDbMixin.agent_health_check' sleeping for 36.99 seconds {{(pid=103668) _run_loop /opt/stack/data/venv/lib/python3.12/site-packages/oslo_service/backend/_threading/loopingcall.py:125}}
Mar 20 01:30:33.241117 np0000160206 neutron-periodic-workers[103647]: DEBUG dbcounter [-] [103647] Writing DB stats neutron:SELECT=1 {{(pid=103647) stat_writer /opt/stack/data/venv/lib/python3.12/site-packages/dbcounter.py:115}}
Mar 20 01:30:41.251651 np0000160206 neutron-periodic-workers[103668]: DEBUG dbcounter [-] [103668] Writing DB stats neutron:SELECT=1 {{(pid=103668) stat_writer /opt/stack/data/venv/lib/python3.12/site-packages/dbcounter.py:115}}
Mar 20 01:30:46.246456 np0000160206 neutron-periodic-workers[103657]: DEBUG oslo.service.backend._threading.loopingcall [None req-5dd7cf4c-41bf-4de6-8717-a3fe363b4e64 None None] Fixed interval looping call 'neutron.plugins.ml2.plugin.DhcpAgentSchedulerDbMixin.remove_networks_from_down_agents' sleeping for 36.99 seconds {{(pid=103657) _run_loop /opt/stack/data/venv/lib/python3.12/site-packages/oslo_service/backend/_threading/loopingcall.py:125}}
Mar 20 01:30:56.245726 np0000160206 neutron-periodic-workers[103657]: DEBUG dbcounter [-] [103657] Writing DB stats neutron:SELECT=3 {{(pid=103657) stat_writer /opt/stack/data/venv/lib/python3.12/site-packages/dbcounter.py:115}}
Mar 20 01:31:08.249861 np0000160206 neutron-periodic-workers[103668]: DEBUG neutron.db.agents_db [None req-e7d710a7-3a3e-482b-8385-e24255918d7a None None] Agent healthcheck: found 0 active agents {{(pid=103668) agent_health_check /opt/stack/neutron/neutron/db/agents_db.py:317}}
Mar 20 01:31:08.250513 np0000160206 neutron-periodic-workers[103668]: DEBUG oslo.service.backend._threading.loopingcall [None req-e7d710a7-3a3e-482b-8385-e24255918d7a None None] Fixed interval looping call 'neutron.plugins.ml2.plugin.AgentDbMixin.agent_health_check' sleeping for 36.99 seconds {{(pid=103668) _run_loop /opt/stack/data/venv/lib/python3.12/site-packages/oslo_service/backend/_threading/loopingcall.py:125}}
Mar 20 01:31:18.247919 np0000160206 neutron-periodic-workers[103668]: DEBUG dbcounter [-] [103668] Writing DB stats neutron:SELECT=1 {{(pid=103668) stat_writer /opt/stack/data/venv/lib/python3.12/site-packages/dbcounter.py:115}}
Mar 20 01:31:23.241495 np0000160206 neutron-periodic-workers[103657]: DEBUG oslo.service.backend._threading.loopingcall [None req-5dd7cf4c-41bf-4de6-8717-a3fe363b4e64 None None] Fixed interval looping call 'neutron.plugins.ml2.plugin.DhcpAgentSchedulerDbMixin.remove_networks_from_down_agents' sleeping for 37.00 seconds {{(pid=103657) _run_loop /opt/stack/data/venv/lib/python3.12/site-packages/oslo_service/backend/_threading/loopingcall.py:125}}
Mar 20 01:31:33.241122 np0000160206 neutron-periodic-workers[103657]: DEBUG dbcounter [-] [103657] Writing DB stats neutron:SELECT=3 {{(pid=103657) stat_writer /opt/stack/data/venv/lib/python3.12/site-packages/dbcounter.py:115}}
Mar 20 01:31:41.272511 np0000160206 neutron-periodic-workers[103679]: DEBUG oslo.service.backend._threading.loopingcall [None req-f40c0e87-4ba3-46d6-9fd0-ec0f4d74c37e None None] Fixed interval looping call 'neutron.db.quota.driver_nolock.DbQuotaNoLockDriver._remove_expired_reservations' sleeping for 120.00 seconds {{(pid=103679) _run_loop /opt/stack/data/venv/lib/python3.12/site-packages/oslo_service/backend/_threading/loopingcall.py:125}}
Mar 20 01:31:45.246218 np0000160206 neutron-periodic-workers[103668]: DEBUG neutron.db.agents_db [None req-e7d710a7-3a3e-482b-8385-e24255918d7a None None] Agent healthcheck: found 0 active agents {{(pid=103668) agent_health_check /opt/stack/neutron/neutron/db/agents_db.py:317}}
Mar 20 01:31:45.246842 np0000160206 neutron-periodic-workers[103668]: DEBUG oslo.service.backend._threading.loopingcall [None req-e7d710a7-3a3e-482b-8385-e24255918d7a None None] Fixed interval looping call 'neutron.plugins.ml2.plugin.AgentDbMixin.agent_health_check' sleeping for 36.99 seconds {{(pid=103668) _run_loop /opt/stack/data/venv/lib/python3.12/site-packages/oslo_service/backend/_threading/loopingcall.py:125}}
Mar 20 01:31:51.271432 np0000160206 neutron-periodic-workers[103679]: DEBUG dbcounter [-] [103679] Writing DB stats neutron:DELETE=1 {{(pid=103679) stat_writer /opt/stack/data/venv/lib/python3.12/site-packages/dbcounter.py:115}}
Mar 20 01:31:55.244338 np0000160206 neutron-periodic-workers[103668]: DEBUG dbcounter [-] [103668] Writing DB stats neutron:SELECT=1 {{(pid=103668) stat_writer /opt/stack/data/venv/lib/python3.12/site-packages/dbcounter.py:115}}
Mar 20 01:32:00.250117 np0000160206 neutron-periodic-workers[103657]: DEBUG oslo.service.backend._threading.loopingcall [None req-5dd7cf4c-41bf-4de6-8717-a3fe363b4e64 None None] Fixed interval looping call 'neutron.plugins.ml2.plugin.DhcpAgentSchedulerDbMixin.remove_networks_from_down_agents' sleeping for 36.99 seconds {{(pid=103657) _run_loop /opt/stack/data/venv/lib/python3.12/site-packages/oslo_service/backend/_threading/loopingcall.py:125}}
Mar 20 01:32:10.249129 np0000160206 neutron-periodic-workers[103657]: DEBUG dbcounter [-] [103657] Writing DB stats neutron:SELECT=3 {{(pid=103657) stat_writer /opt/stack/data/venv/lib/python3.12/site-packages/dbcounter.py:115}}
Mar 20 01:32:22.240874 np0000160206 neutron-periodic-workers[103668]: DEBUG neutron.db.agents_db [None req-e7d710a7-3a3e-482b-8385-e24255918d7a None None] Agent healthcheck: found 0 active agents {{(pid=103668) agent_health_check /opt/stack/neutron/neutron/db/agents_db.py:317}}
Mar 20 01:32:22.241475 np0000160206 neutron-periodic-workers[103668]: DEBUG oslo.service.backend._threading.loopingcall [None req-e7d710a7-3a3e-482b-8385-e24255918d7a None None] Fixed interval looping call 'neutron.plugins.ml2.plugin.AgentDbMixin.agent_health_check' sleeping for 37.00 seconds {{(pid=103668) _run_loop /opt/stack/data/venv/lib/python3.12/site-packages/oslo_service/backend/_threading/loopingcall.py:125}}
Mar 20 01:32:32.239275 np0000160206 neutron-periodic-workers[103668]: DEBUG dbcounter [-] [103668] Writing DB stats neutron:SELECT=1 {{(pid=103668) stat_writer /opt/stack/data/venv/lib/python3.12/site-packages/dbcounter.py:115}}
Mar 20 01:32:37.250243 np0000160206 neutron-periodic-workers[103657]: DEBUG oslo.service.backend._threading.loopingcall [None req-5dd7cf4c-41bf-4de6-8717-a3fe363b4e64 None None] Fixed interval looping call 'neutron.plugins.ml2.plugin.DhcpAgentSchedulerDbMixin.remove_networks_from_down_agents' sleeping for 36.99 seconds {{(pid=103657) _run_loop /opt/stack/data/venv/lib/python3.12/site-packages/oslo_service/backend/_threading/loopingcall.py:125}}
Mar 20 01:32:47.248516 np0000160206 neutron-periodic-workers[103657]: DEBUG dbcounter [-] [103657] Writing DB stats neutron:SELECT=3 {{(pid=103657) stat_writer /opt/stack/data/venv/lib/python3.12/site-packages/dbcounter.py:115}}
Mar 20 01:32:59.246752 np0000160206 neutron-periodic-workers[103668]: DEBUG neutron.db.agents_db [None req-e7d710a7-3a3e-482b-8385-e24255918d7a None None] Agent healthcheck: found 0 active agents {{(pid=103668) agent_health_check /opt/stack/neutron/neutron/db/agents_db.py:317}}
Mar 20 01:32:59.247825 np0000160206 neutron-periodic-workers[103668]: DEBUG oslo.service.backend._threading.loopingcall [None req-e7d710a7-3a3e-482b-8385-e24255918d7a None None] Fixed interval looping call 'neutron.plugins.ml2.plugin.AgentDbMixin.agent_health_check' sleeping for 36.99 seconds {{(pid=103668) _run_loop /opt/stack/data/venv/lib/python3.12/site-packages/oslo_service/backend/_threading/loopingcall.py:125}}
Mar 20 01:33:09.245055 np0000160206 neutron-periodic-workers[103668]: DEBUG dbcounter [-] [103668] Writing DB stats neutron:SELECT=1 {{(pid=103668) stat_writer /opt/stack/data/venv/lib/python3.12/site-packages/dbcounter.py:115}}
Mar 20 01:33:14.252589 np0000160206 neutron-periodic-workers[103657]: DEBUG oslo.service.backend._threading.loopingcall [None req-5dd7cf4c-41bf-4de6-8717-a3fe363b4e64 None None] Fixed interval looping call 'neutron.plugins.ml2.plugin.DhcpAgentSchedulerDbMixin.remove_networks_from_down_agents' sleeping for 36.99 seconds {{(pid=103657) _run_loop /opt/stack/data/venv/lib/python3.12/site-packages/oslo_service/backend/_threading/loopingcall.py:125}}
Mar 20 01:33:24.251017 np0000160206 neutron-periodic-workers[103657]: DEBUG dbcounter [-] [103657] Writing DB stats neutron:SELECT=3 {{(pid=103657) stat_writer /opt/stack/data/venv/lib/python3.12/site-packages/dbcounter.py:115}}
Mar 20 01:33:36.243828 np0000160206 neutron-periodic-workers[103668]: DEBUG neutron.db.agents_db [None req-e7d710a7-3a3e-482b-8385-e24255918d7a None None] Agent healthcheck: found 0 active agents {{(pid=103668) agent_health_check /opt/stack/neutron/neutron/db/agents_db.py:317}}
Mar 20 01:33:36.244783 np0000160206 neutron-periodic-workers[103668]: DEBUG oslo.service.backend._threading.loopingcall [None req-e7d710a7-3a3e-482b-8385-e24255918d7a None None] Fixed interval looping call 'neutron.plugins.ml2.plugin.AgentDbMixin.agent_health_check' sleeping for 36.99 seconds {{(pid=103668) _run_loop /opt/stack/data/venv/lib/python3.12/site-packages/oslo_service/backend/_threading/loopingcall.py:125}}
Mar 20 01:33:41.277993 np0000160206 neutron-periodic-workers[103679]: DEBUG oslo.service.backend._threading.loopingcall [None req-f40c0e87-4ba3-46d6-9fd0-ec0f4d74c37e None None] Fixed interval looping call 'neutron.db.quota.driver_nolock.DbQuotaNoLockDriver._remove_expired_reservations' sleeping for 120.00 seconds {{(pid=103679) _run_loop /opt/stack/data/venv/lib/python3.12/site-packages/oslo_service/backend/_threading/loopingcall.py:125}}
Mar 20 01:33:46.241725 np0000160206 neutron-periodic-workers[103668]: DEBUG dbcounter [-] [103668] Writing DB stats neutron:SELECT=1 {{(pid=103668) stat_writer /opt/stack/data/venv/lib/python3.12/site-packages/dbcounter.py:115}}
Mar 20 01:33:51.252568 np0000160206 neutron-periodic-workers[103657]: DEBUG oslo.service.backend._threading.loopingcall [None req-5dd7cf4c-41bf-4de6-8717-a3fe363b4e64 None None] Fixed interval looping call 'neutron.plugins.ml2.plugin.DhcpAgentSchedulerDbMixin.remove_networks_from_down_agents' sleeping for 36.99 seconds {{(pid=103657) _run_loop /opt/stack/data/venv/lib/python3.12/site-packages/oslo_service/backend/_threading/loopingcall.py:125}}
Mar 20 01:33:51.276480 np0000160206 neutron-periodic-workers[103679]: DEBUG dbcounter [-] [103679] Writing DB stats neutron:DELETE=1 {{(pid=103679) stat_writer /opt/stack/data/venv/lib/python3.12/site-packages/dbcounter.py:115}}
Mar 20 01:34:01.251852 np0000160206 neutron-periodic-workers[103657]: DEBUG dbcounter [-] [103657] Writing DB stats neutron:SELECT=3 {{(pid=103657) stat_writer /opt/stack/data/venv/lib/python3.12/site-packages/dbcounter.py:115}}
Mar 20 01:34:13.239501 np0000160206 neutron-periodic-workers[103668]: DEBUG neutron.db.agents_db [None req-e7d710a7-3a3e-482b-8385-e24255918d7a None None] Agent healthcheck: found 0 active agents {{(pid=103668) agent_health_check /opt/stack/neutron/neutron/db/agents_db.py:317}}
Mar 20 01:34:13.240069 np0000160206 neutron-periodic-workers[103668]: DEBUG oslo.service.backend._threading.loopingcall [None req-e7d710a7-3a3e-482b-8385-e24255918d7a None None] Fixed interval looping call 'neutron.plugins.ml2.plugin.AgentDbMixin.agent_health_check' sleeping for 36.99 seconds {{(pid=103668) _run_loop /opt/stack/data/venv/lib/python3.12/site-packages/oslo_service/backend/_threading/loopingcall.py:125}}
Mar 20 01:34:23.238064 np0000160206 neutron-periodic-workers[103668]: DEBUG dbcounter [-] [103668] Writing DB stats neutron:SELECT=1 {{(pid=103668) stat_writer /opt/stack/data/venv/lib/python3.12/site-packages/dbcounter.py:115}}
Mar 20 01:34:28.255369 np0000160206 neutron-periodic-workers[103657]: DEBUG oslo.service.backend._threading.loopingcall [None req-5dd7cf4c-41bf-4de6-8717-a3fe363b4e64 None None] Fixed interval looping call 'neutron.plugins.ml2.plugin.DhcpAgentSchedulerDbMixin.remove_networks_from_down_agents' sleeping for 36.99 seconds {{(pid=103657) _run_loop /opt/stack/data/venv/lib/python3.12/site-packages/oslo_service/backend/_threading/loopingcall.py:125}}
Mar 20 01:34:38.254070 np0000160206 neutron-periodic-workers[103657]: DEBUG dbcounter [-] [103657] Writing DB stats neutron:SELECT=3 {{(pid=103657) stat_writer /opt/stack/data/venv/lib/python3.12/site-packages/dbcounter.py:115}}
Mar 20 01:34:50.235457 np0000160206 neutron-periodic-workers[103668]: DEBUG neutron.db.agents_db [None req-e7d710a7-3a3e-482b-8385-e24255918d7a None None] Agent healthcheck: found 0 active agents {{(pid=103668) agent_health_check /opt/stack/neutron/neutron/db/agents_db.py:317}}
Mar 20 01:34:50.236078 np0000160206 neutron-periodic-workers[103668]: DEBUG oslo.service.backend._threading.loopingcall [None req-e7d710a7-3a3e-482b-8385-e24255918d7a None None] Fixed interval looping call 'neutron.plugins.ml2.plugin.AgentDbMixin.agent_health_check' sleeping for 36.99 seconds {{(pid=103668) _run_loop /opt/stack/data/venv/lib/python3.12/site-packages/oslo_service/backend/_threading/loopingcall.py:125}}
Mar 20 01:35:00.233434 np0000160206 neutron-periodic-workers[103668]: DEBUG dbcounter [-] [103668] Writing DB stats neutron:SELECT=1 {{(pid=103668) stat_writer /opt/stack/data/venv/lib/python3.12/site-packages/dbcounter.py:115}}
Mar 20 01:35:05.254979 np0000160206 neutron-periodic-workers[103657]: DEBUG oslo.service.backend._threading.loopingcall [None req-5dd7cf4c-41bf-4de6-8717-a3fe363b4e64 None None] Fixed interval looping call 'neutron.plugins.ml2.plugin.DhcpAgentSchedulerDbMixin.remove_networks_from_down_agents' sleeping for 36.99 seconds {{(pid=103657) _run_loop /opt/stack/data/venv/lib/python3.12/site-packages/oslo_service/backend/_threading/loopingcall.py:125}}
Mar 20 01:35:15.253437 np0000160206 neutron-periodic-workers[103657]: DEBUG dbcounter [-] [103657] Writing DB stats neutron:SELECT=3 {{(pid=103657) stat_writer /opt/stack/data/venv/lib/python3.12/site-packages/dbcounter.py:115}}
Mar 20 01:35:23.223855 np0000160206 neutron-periodic-workers[103647]: DEBUG oslo.service.backend._threading.loopingcall [None req-bfeecd31-8959-4145-a959-ef1d31323a69 None None] Fixed interval looping call 'neutron.services.ovn_l3.plugin.L3_NAT_dbonly_mixin._clean_garbage' sleeping for 299.99 seconds {{(pid=103647) _run_loop /opt/stack/data/venv/lib/python3.12/site-packages/oslo_service/backend/_threading/loopingcall.py:125}}
Mar 20 01:35:27.231526 np0000160206 neutron-periodic-workers[103668]: DEBUG neutron.db.agents_db [None req-e7d710a7-3a3e-482b-8385-e24255918d7a None None] Agent healthcheck: found 0 active agents {{(pid=103668) agent_health_check /opt/stack/neutron/neutron/db/agents_db.py:317}}
Mar 20 01:35:27.232132 np0000160206 neutron-periodic-workers[103668]: DEBUG oslo.service.backend._threading.loopingcall [None req-e7d710a7-3a3e-482b-8385-e24255918d7a None None] Fixed interval looping call 'neutron.plugins.ml2.plugin.AgentDbMixin.agent_health_check' sleeping for 36.99 seconds {{(pid=103668) _run_loop /opt/stack/data/venv/lib/python3.12/site-packages/oslo_service/backend/_threading/loopingcall.py:125}}
Mar 20 01:35:33.216783 np0000160206 neutron-periodic-workers[103647]: DEBUG dbcounter [-] [103647] Writing DB stats neutron:SELECT=1 {{(pid=103647) stat_writer /opt/stack/data/venv/lib/python3.12/site-packages/dbcounter.py:115}}
Mar 20 01:35:37.254990 np0000160206 neutron-periodic-workers[103668]: DEBUG dbcounter [-] [103668] Writing DB stats neutron:SELECT=1 {{(pid=103668) stat_writer /opt/stack/data/venv/lib/python3.12/site-packages/dbcounter.py:115}}
Mar 20 01:35:41.282426 np0000160206 neutron-periodic-workers[103679]: DEBUG oslo.service.backend._threading.loopingcall [None req-f40c0e87-4ba3-46d6-9fd0-ec0f4d74c37e None None] Fixed interval looping call 'neutron.db.quota.driver_nolock.DbQuotaNoLockDriver._remove_expired_reservations' sleeping for 120.00 seconds {{(pid=103679) _run_loop /opt/stack/data/venv/lib/python3.12/site-packages/oslo_service/backend/_threading/loopingcall.py:125}}
Mar 20 01:35:42.256834 np0000160206 neutron-periodic-workers[103657]: DEBUG oslo.service.backend._threading.loopingcall [None req-5dd7cf4c-41bf-4de6-8717-a3fe363b4e64 None None] Fixed interval looping call 'neutron.plugins.ml2.plugin.DhcpAgentSchedulerDbMixin.remove_networks_from_down_agents' sleeping for 36.99 seconds {{(pid=103657) _run_loop /opt/stack/data/venv/lib/python3.12/site-packages/oslo_service/backend/_threading/loopingcall.py:125}}
Mar 20 01:35:51.281415 np0000160206 neutron-periodic-workers[103679]: DEBUG dbcounter [-] [103679] Writing DB stats neutron:DELETE=1 {{(pid=103679) stat_writer /opt/stack/data/venv/lib/python3.12/site-packages/dbcounter.py:115}}
Mar 20 01:35:52.255499 np0000160206 neutron-periodic-workers[103657]: DEBUG dbcounter [-] [103657] Writing DB stats neutron:SELECT=3 {{(pid=103657) stat_writer /opt/stack/data/venv/lib/python3.12/site-packages/dbcounter.py:115}}
Mar 20 01:36:04.226478 np0000160206 neutron-periodic-workers[103668]: DEBUG neutron.db.agents_db [None req-e7d710a7-3a3e-482b-8385-e24255918d7a None None] Agent healthcheck: found 0 active agents {{(pid=103668) agent_health_check /opt/stack/neutron/neutron/db/agents_db.py:317}}
Mar 20 01:36:04.227354 np0000160206 neutron-periodic-workers[103668]: DEBUG oslo.service.backend._threading.loopingcall [None req-e7d710a7-3a3e-482b-8385-e24255918d7a None None] Fixed interval looping call 'neutron.plugins.ml2.plugin.AgentDbMixin.agent_health_check' sleeping for 37.00 seconds {{(pid=103668) _run_loop /opt/stack/data/venv/lib/python3.12/site-packages/oslo_service/backend/_threading/loopingcall.py:125}}
Mar 20 01:36:14.225140 np0000160206 neutron-periodic-workers[103668]: DEBUG dbcounter [-] [103668] Writing DB stats neutron:SELECT=1 {{(pid=103668) stat_writer /opt/stack/data/venv/lib/python3.12/site-packages/dbcounter.py:115}}
Mar 20 01:36:19.258032 np0000160206 neutron-periodic-workers[103657]: DEBUG oslo.service.backend._threading.loopingcall [None req-5dd7cf4c-41bf-4de6-8717-a3fe363b4e64 None None] Fixed interval looping call 'neutron.plugins.ml2.plugin.DhcpAgentSchedulerDbMixin.remove_networks_from_down_agents' sleeping for 36.99 seconds {{(pid=103657) _run_loop /opt/stack/data/venv/lib/python3.12/site-packages/oslo_service/backend/_threading/loopingcall.py:125}}
Mar 20 01:36:29.257029 np0000160206 neutron-periodic-workers[103657]: DEBUG dbcounter [-] [103657] Writing DB stats neutron:SELECT=3 {{(pid=103657) stat_writer /opt/stack/data/venv/lib/python3.12/site-packages/dbcounter.py:115}}
Mar 20 01:36:41.232393 np0000160206 neutron-periodic-workers[103668]: DEBUG neutron.db.agents_db [None req-e7d710a7-3a3e-482b-8385-e24255918d7a None None] Agent healthcheck: found 0 active agents {{(pid=103668) agent_health_check /opt/stack/neutron/neutron/db/agents_db.py:317}}
Mar 20 01:36:41.233199 np0000160206 neutron-periodic-workers[103668]: DEBUG oslo.service.backend._threading.loopingcall [None req-e7d710a7-3a3e-482b-8385-e24255918d7a None None] Fixed interval looping call 'neutron.plugins.ml2.plugin.AgentDbMixin.agent_health_check' sleeping for 36.99 seconds {{(pid=103668) _run_loop /opt/stack/data/venv/lib/python3.12/site-packages/oslo_service/backend/_threading/loopingcall.py:125}}
Mar 20 01:36:51.230964 np0000160206 neutron-periodic-workers[103668]: DEBUG dbcounter [-] [103668] Writing DB stats neutron:SELECT=1 {{(pid=103668) stat_writer /opt/stack/data/venv/lib/python3.12/site-packages/dbcounter.py:115}}
Mar 20 01:36:56.257735 np0000160206 neutron-periodic-workers[103657]: DEBUG oslo.service.backend._threading.loopingcall [None req-5dd7cf4c-41bf-4de6-8717-a3fe363b4e64 None None] Fixed interval looping call 'neutron.plugins.ml2.plugin.DhcpAgentSchedulerDbMixin.remove_networks_from_down_agents' sleeping for 36.99 seconds {{(pid=103657) _run_loop /opt/stack/data/venv/lib/python3.12/site-packages/oslo_service/backend/_threading/loopingcall.py:125}}
Mar 20 01:37:06.257342 np0000160206 neutron-periodic-workers[103657]: DEBUG dbcounter [-] [103657] Writing DB stats neutron:SELECT=3 {{(pid=103657) stat_writer /opt/stack/data/venv/lib/python3.12/site-packages/dbcounter.py:115}}
Mar 20 01:37:18.227840 np0000160206 neutron-periodic-workers[103668]: DEBUG neutron.db.agents_db [None req-e7d710a7-3a3e-482b-8385-e24255918d7a None None] Agent healthcheck: found 0 active agents {{(pid=103668) agent_health_check /opt/stack/neutron/neutron/db/agents_db.py:317}}
Mar 20 01:37:18.228624 np0000160206 neutron-periodic-workers[103668]: DEBUG oslo.service.backend._threading.loopingcall [None req-e7d710a7-3a3e-482b-8385-e24255918d7a None None] Fixed interval looping call 'neutron.plugins.ml2.plugin.AgentDbMixin.agent_health_check' sleeping for 36.99 seconds {{(pid=103668) _run_loop /opt/stack/data/venv/lib/python3.12/site-packages/oslo_service/backend/_threading/loopingcall.py:125}}
Mar 20 01:37:28.226680 np0000160206 neutron-periodic-workers[103668]: DEBUG dbcounter [-] [103668] Writing DB stats neutron:SELECT=1 {{(pid=103668) stat_writer /opt/stack/data/venv/lib/python3.12/site-packages/dbcounter.py:115}}
Mar 20 01:37:33.259000 np0000160206 neutron-periodic-workers[103657]: DEBUG oslo.service.backend._threading.loopingcall [None req-5dd7cf4c-41bf-4de6-8717-a3fe363b4e64 None None] Fixed interval looping call 'neutron.plugins.ml2.plugin.DhcpAgentSchedulerDbMixin.remove_networks_from_down_agents' sleeping for 36.99 seconds {{(pid=103657) _run_loop /opt/stack/data/venv/lib/python3.12/site-packages/oslo_service/backend/_threading/loopingcall.py:125}}
