2026-03-31 06:13:48.461 7 INFO placement.requestlog [None req-ebcda48f-9b42-40d8-a330-77fa2964864e 594d818ed5f14c1d9987fcc18fe9559e 3b9ee06a20fd404c83460c5fc99ed5a0 - - e9ba06c0e3ac4937b1963d42d00dc8cb e9ba06c0e3ac4937b1963d42d00dc8cb] 10.0.0.173 "GET /resource_providers/0779edae-b6c3-46da-a791-4b685e8083d5/aggregates" status: 404 len: 235 microversion: 1.1 [pid: 7|app: 0|req: 330/664] 10.0.0.173 () {32 vars in 816 bytes} [Tue Mar 31 06:13:48 2026] GET /resource_providers/0779edae-b6c3-46da-a791-4b685e8083d5/aggregates => generated 235 bytes in 10 msecs (HTTP/1.1 404) 5 headers in 202 bytes (1 switches on core 0)
2026-03-31 06:13:48.468 8 INFO placement.requestlog [None req-e6a6daa6-ef68-4fb2-bfdf-2d80dff6338f 594d818ed5f14c1d9987fcc18fe9559e 3b9ee06a20fd404c83460c5fc99ed5a0 - - e9ba06c0e3ac4937b1963d42d00dc8cb e9ba06c0e3ac4937b1963d42d00dc8cb] 10.0.0.173 "GET /resource_providers/0779edae-b6c3-46da-a791-4b685e8083d5/aggregates" status: 404 len: 235 microversion: 1.1 [pid: 8|app: 0|req: 335/665] 10.0.0.173 () {32 vars in 816 bytes} [Tue Mar 31 06:13:48 2026] GET /resource_providers/0779edae-b6c3-46da-a791-4b685e8083d5/aggregates => generated 235 bytes in 10 msecs (HTTP/1.1 404) 5 headers in 202 bytes (1 switches on core 0)
2026-03-31 06:13:48.488 7 INFO placement.requestlog [None req-3b419446-6266-4b9d-99f0-a5f056398199 594d818ed5f14c1d9987fcc18fe9559e 3b9ee06a20fd404c83460c5fc99ed5a0 - - e9ba06c0e3ac4937b1963d42d00dc8cb e9ba06c0e3ac4937b1963d42d00dc8cb] 10.0.0.173 "DELETE /resource_providers/0779edae-b6c3-46da-a791-4b685e8083d5" status: 404 len: 246 microversion: 1.1 [pid: 7|app: 0|req: 331/666] 10.0.0.173 () {34 vars in 816 bytes} [Tue Mar 31 06:13:48 2026] DELETE /resource_providers/0779edae-b6c3-46da-a791-4b685e8083d5 => generated 246 bytes in 9 msecs (HTTP/1.1 404) 6 headers in 231 bytes (1 switches on core 0)
2026-03-31 06:13:48.497 8 INFO placement.requestlog [None req-16b9f4ba-4aac-4cc1-9ac5-d5327b907505 594d818ed5f14c1d9987fcc18fe9559e 3b9ee06a20fd404c83460c5fc99ed5a0 - - e9ba06c0e3ac4937b1963d42d00dc8cb e9ba06c0e3ac4937b1963d42d00dc8cb] 10.0.0.173 "DELETE /resource_providers/0779edae-b6c3-46da-a791-4b685e8083d5" status: 404 len: 246 microversion: 1.1 [pid: 8|app: 0|req: 336/667] 10.0.0.173 () {34 vars in 816 bytes} [Tue Mar 31 06:13:48 2026] DELETE /resource_providers/0779edae-b6c3-46da-a791-4b685e8083d5 => generated 246 bytes in 11 msecs (HTTP/1.1 404) 6 headers in 231 bytes (1 switches on core 0)
2026-03-31 06:13:48.582 7 INFO placement.requestlog [req-8997d7b6-64f5-432b-9f9d-8790c1b6a83a req-688f8e96-26d5-4016-bbc8-595d26677743 f4ae066f542247d3b7c2bf656e0289b7 3b9ee06a20fd404c83460c5fc99ed5a0 - - e9ba06c0e3ac4937b1963d42d00dc8cb e9ba06c0e3ac4937b1963d42d00dc8cb] 199.204.45.157 "DELETE /allocations/b38ee192-565f-4094-82a5-b5a9e2163d10" status: 204 len: 0 microversion: 1.0 [pid: 7|app: 0|req: 332/668] 199.204.45.157 () {34 vars in 841 bytes} [Tue Mar 31 06:13:48 2026] DELETE /allocations/b38ee192-565f-4094-82a5-b5a9e2163d10 => generated 0 bytes in 23 msecs (HTTP/1.1 204) 5 headers in 198 bytes (1 switches on core 0)
2026-03-31 06:13:49.916 8 INFO placement.requestlog [None req-8e1858b9-c830-4308-9ea5-47ed44c8b0ae 594d818ed5f14c1d9987fcc18fe9559e 3b9ee06a20fd404c83460c5fc99ed5a0 - - e9ba06c0e3ac4937b1963d42d00dc8cb e9ba06c0e3ac4937b1963d42d00dc8cb] 10.0.0.173 "GET /resource_providers/9b4bed81-4e79-4df5-97eb-ee902bd3855d/aggregates" status: 404 len: 235 microversion: 1.1 [pid: 8|app: 0|req: 337/669] 10.0.0.173 () {32 vars in 816 bytes} [Tue Mar 31 06:13:49 2026] GET /resource_providers/9b4bed81-4e79-4df5-97eb-ee902bd3855d/aggregates => generated 235 bytes in 9 msecs (HTTP/1.1 404) 5 headers in 202 bytes (1 switches on core 0)
2026-03-31 06:13:49.921 7 INFO placement.requestlog [None req-1d081116-071d-4e41-b2e9-48a36b76934a 594d818ed5f14c1d9987fcc18fe9559e 3b9ee06a20fd404c83460c5fc99ed5a0 - - e9ba06c0e3ac4937b1963d42d00dc8cb e9ba06c0e3ac4937b1963d42d00dc8cb] 10.0.0.173 "GET /resource_providers/9b4bed81-4e79-4df5-97eb-ee902bd3855d/aggregates" status: 404 len: 235 microversion: 1.1 [pid: 7|app: 0|req: 333/670] 10.0.0.173 () {32 vars in 816 bytes} [Tue Mar 31 06:13:49 2026] GET /resource_providers/9b4bed81-4e79-4df5-97eb-ee902bd3855d/aggregates => generated 235 bytes in 14 msecs (HTTP/1.1 404) 5 headers in 202 bytes (1 switches on core 0)
2026-03-31 06:13:49.948 7 INFO placement.requestlog [None req-47d239f5-df0a-4d9b-b054-df6d6caf404b 594d818ed5f14c1d9987fcc18fe9559e 3b9ee06a20fd404c83460c5fc99ed5a0 - - e9ba06c0e3ac4937b1963d42d00dc8cb e9ba06c0e3ac4937b1963d42d00dc8cb] 10.0.0.173 "DELETE /resource_providers/9b4bed81-4e79-4df5-97eb-ee902bd3855d" status: 404 len: 246 microversion: 1.1 [pid: 7|app: 0|req: 334/671] 10.0.0.173 () {34 vars in 816 bytes} [Tue Mar 31 06:13:49 2026] DELETE /resource_providers/9b4bed81-4e79-4df5-97eb-ee902bd3855d => generated 246 bytes in 9 msecs (HTTP/1.1 404) 6 headers in 231 bytes (1 switches on core 0)
2026-03-31 06:13:49.949 8 INFO placement.requestlog [None req-4f66fcb2-cabf-4f45-92df-f8b38d1e3a9d 594d818ed5f14c1d9987fcc18fe9559e 3b9ee06a20fd404c83460c5fc99ed5a0 - - e9ba06c0e3ac4937b1963d42d00dc8cb e9ba06c0e3ac4937b1963d42d00dc8cb] 10.0.0.173 "DELETE /resource_providers/9b4bed81-4e79-4df5-97eb-ee902bd3855d" status: 404 len: 246 microversion: 1.1 [pid: 8|app: 0|req: 338/672] 10.0.0.173 () {34 vars in 816 bytes} [Tue Mar 31 06:13:49 2026] DELETE /resource_providers/9b4bed81-4e79-4df5-97eb-ee902bd3855d => generated 246 bytes in 12 msecs (HTTP/1.1 404) 6 headers in 231 bytes (1 switches on core 0)
2026-03-31 06:13:51.890 7 INFO placement.requestlog [None req-d1274c09-5cf2-4a92-a199-c61119e1bbc1 - - - - - -] 10.0.0.206 "GET /" status: 200 len: 136 microversion: 1.0
2026-03-31 06:13:51.890 8 INFO placement.requestlog [None req-f093b65c-32af-491b-9b25-7fe86e5df9ee - - - - - -] 10.0.0.206 "GET /" status: 200 len: 136 microversion: 1.0
2026-03-31 06:13:52.246 7 INFO placement.requestlog [None req-da8f7547-8476-4126-b6cc-ec1085966907 594d818ed5f14c1d9987fcc18fe9559e 3b9ee06a20fd404c83460c5fc99ed5a0 - - e9ba06c0e3ac4937b1963d42d00dc8cb e9ba06c0e3ac4937b1963d42d00dc8cb] 10.0.0.173 "GET /resource_providers/c57fff8f-8f68-434c-b936-bba484192b56/aggregates" status: 404 len: 235 microversion: 1.1 [pid: 7|app: 0|req: 336/675] 10.0.0.173 () {32 vars in 816 bytes} [Tue Mar 31 06:13:52 2026] GET /resource_providers/c57fff8f-8f68-434c-b936-bba484192b56/aggregates => generated 235 bytes in 11 msecs (HTTP/1.1 404) 5 headers in 202 bytes (1 switches on core 0)
2026-03-31 06:13:52.255 8 INFO placement.requestlog [None req-5101d087-61bf-451b-a32f-85227f27a2c0 594d818ed5f14c1d9987fcc18fe9559e 3b9ee06a20fd404c83460c5fc99ed5a0 - - e9ba06c0e3ac4937b1963d42d00dc8cb e9ba06c0e3ac4937b1963d42d00dc8cb] 10.0.0.173 "GET /resource_providers/c57fff8f-8f68-434c-b936-bba484192b56/aggregates" status: 404 len: 235 microversion: 1.1 [pid: 8|app: 0|req: 340/676] 10.0.0.173 () {32 vars in 816 bytes} [Tue Mar 31 06:13:52 2026] GET /resource_providers/c57fff8f-8f68-434c-b936-bba484192b56/aggregates => generated 235 bytes in 20 msecs (HTTP/1.1 404) 5 headers in 202 bytes (1 switches on core 0)
2026-03-31 06:13:52.269 7 INFO placement.requestlog [None req-c52cd7de-d63e-49d9-8c81-ed730bc5b636 594d818ed5f14c1d9987fcc18fe9559e 3b9ee06a20fd404c83460c5fc99ed5a0 - - e9ba06c0e3ac4937b1963d42d00dc8cb e9ba06c0e3ac4937b1963d42d00dc8cb] 10.0.0.173 "DELETE /resource_providers/c57fff8f-8f68-434c-b936-bba484192b56" status: 404 len: 246 microversion: 1.1 [pid: 7|app: 0|req: 337/677] 10.0.0.173 () {34 vars in 816 bytes} [Tue Mar 31 06:13:52 2026] DELETE /resource_providers/c57fff8f-8f68-434c-b936-bba484192b56 => generated 246 bytes in 15 msecs (HTTP/1.1 404) 6 headers in 231 bytes (1 switches on core 0)
2026-03-31 06:13:52.278 8 INFO placement.requestlog [None req-5e79f7dc-2230-44b9-90ad-8c684c8ad3d4 594d818ed5f14c1d9987fcc18fe9559e 3b9ee06a20fd404c83460c5fc99ed5a0 - - e9ba06c0e3ac4937b1963d42d00dc8cb e9ba06c0e3ac4937b1963d42d00dc8cb] 10.0.0.173 "DELETE /resource_providers/c57fff8f-8f68-434c-b936-bba484192b56" status: 404 len: 246 microversion: 1.1 [pid: 8|app: 0|req: 341/678] 10.0.0.173 () {34 vars in 816 bytes} [Tue Mar 31 06:13:52 2026] DELETE /resource_providers/c57fff8f-8f68-434c-b936-bba484192b56 => generated 246 bytes in 13 msecs (HTTP/1.1 404) 6 headers in 231 bytes (1 switches on core 0)
2026-03-31 06:13:52.487 7 INFO placement.requestlog [None req-986feed4-6b2c-4711-a3bd-ee2b5ea74122 594d818ed5f14c1d9987fcc18fe9559e 3b9ee06a20fd404c83460c5fc99ed5a0 - - e9ba06c0e3ac4937b1963d42d00dc8cb e9ba06c0e3ac4937b1963d42d00dc8cb] 10.0.0.173 "GET /resource_providers/762a272d-41f0-4c76-b68c-f20e42f111e7/aggregates" status: 404 len: 235 microversion: 1.1 [pid: 7|app: 0|req: 338/679] 10.0.0.173 () {32 vars in 816 bytes} [Tue Mar 31 06:13:52 2026] GET /resource_providers/762a272d-41f0-4c76-b68c-f20e42f111e7/aggregates => generated 235 bytes in 10 msecs (HTTP/1.1 404) 5 headers in 202 bytes (1 switches on core 0)
2026-03-31 06:13:52.490 8 INFO placement.requestlog [None req-4d98b1bc-44af-43f7-8656-319ea65850a7 594d818ed5f14c1d9987fcc18fe9559e 3b9ee06a20fd404c83460c5fc99ed5a0 - - e9ba06c0e3ac4937b1963d42d00dc8cb e9ba06c0e3ac4937b1963d42d00dc8cb] 10.0.0.173 "GET /resource_providers/762a272d-41f0-4c76-b68c-f20e42f111e7/aggregates" status: 404 len: 235 microversion: 1.1 [pid: 8|app: 0|req: 342/680] 10.0.0.173 () {32 vars in 816 bytes} [Tue Mar 31 06:13:52 2026] GET /resource_providers/762a272d-41f0-4c76-b68c-f20e42f111e7/aggregates => generated 235 bytes in 9 msecs (HTTP/1.1 404) 5 headers in 202 bytes (1 switches on core 0)
2026-03-31 06:13:52.514 8 INFO placement.requestlog [None req-2c894391-b345-4d9f-a8ca-af651642a37a 594d818ed5f14c1d9987fcc18fe9559e 3b9ee06a20fd404c83460c5fc99ed5a0 - - e9ba06c0e3ac4937b1963d42d00dc8cb e9ba06c0e3ac4937b1963d42d00dc8cb] 10.0.0.173 "DELETE /resource_providers/762a272d-41f0-4c76-b68c-f20e42f111e7" status: 404 len: 246 microversion: 1.1
2026-03-31 06:13:52.514 7 INFO placement.requestlog [None req-efa8e950-2034-463b-9c73-c5ae64549e2a 594d818ed5f14c1d9987fcc18fe9559e 3b9ee06a20fd404c83460c5fc99ed5a0 - - e9ba06c0e3ac4937b1963d42d00dc8cb e9ba06c0e3ac4937b1963d42d00dc8cb] 10.0.0.173 "DELETE /resource_providers/762a272d-41f0-4c76-b68c-f20e42f111e7" status: 404 len: 246 microversion: 1.1 [pid: 8|app: 0|req: 343/681] 10.0.0.173 () {34 vars in 816 bytes} [Tue Mar 31 06:13:52 2026] DELETE /resource_providers/762a272d-41f0-4c76-b68c-f20e42f111e7 => generated 246 bytes in 9 msecs (HTTP/1.1 404) 6 headers in 231 bytes (1 switches on core 0) [pid: 7|app: 0|req: 339/682] 10.0.0.173 () {34 vars in 816 bytes} [Tue Mar 31 06:13:52 2026] DELETE /resource_providers/762a272d-41f0-4c76-b68c-f20e42f111e7 => generated 246 bytes in 11 msecs (HTTP/1.1 404) 6 headers in 231 bytes (1 switches on core 0)
2026-03-31 06:13:54.284 8 INFO placement.requestlog [None req-5f04e582-c10f-443f-895f-e8f19c9f6634 594d818ed5f14c1d9987fcc18fe9559e 3b9ee06a20fd404c83460c5fc99ed5a0 - - e9ba06c0e3ac4937b1963d42d00dc8cb e9ba06c0e3ac4937b1963d42d00dc8cb] 10.0.0.173 "GET /resource_providers/57f1d41b-340a-4d8b-9fc9-54c4264ef464/aggregates" status: 404 len: 235 microversion: 1.1 [pid: 8|app: 0|req: 344/683] 10.0.0.173 () {32 vars in 816 bytes} [Tue Mar 31 06:13:54 2026] GET /resource_providers/57f1d41b-340a-4d8b-9fc9-54c4264ef464/aggregates => generated 235 bytes in 8 msecs (HTTP/1.1 404) 5 headers in 202 bytes (1 switches on core 0)
2026-03-31 06:13:54.302 7 INFO placement.requestlog [None req-db1fe031-5ae9-4562-a19e-81d9f6420655 594d818ed5f14c1d9987fcc18fe9559e 3b9ee06a20fd404c83460c5fc99ed5a0 - - e9ba06c0e3ac4937b1963d42d00dc8cb e9ba06c0e3ac4937b1963d42d00dc8cb] 10.0.0.173 "GET /resource_providers/57f1d41b-340a-4d8b-9fc9-54c4264ef464/aggregates" status: 404 len: 235 microversion: 1.1 [pid: 7|app: 0|req: 340/684] 10.0.0.173 () {32 vars in 816 bytes} [Tue Mar 31 06:13:54 2026] GET /resource_providers/57f1d41b-340a-4d8b-9fc9-54c4264ef464/aggregates => generated 235 bytes in 9 msecs (HTTP/1.1 404) 5 headers in 202 bytes (1 switches on core 0)
2026-03-31 06:13:54.304 8 INFO placement.requestlog [None req-bf27df15-90da-40ae-9194-300a47e9758f 594d818ed5f14c1d9987fcc18fe9559e 3b9ee06a20fd404c83460c5fc99ed5a0 - - e9ba06c0e3ac4937b1963d42d00dc8cb e9ba06c0e3ac4937b1963d42d00dc8cb] 10.0.0.173 "DELETE /resource_providers/57f1d41b-340a-4d8b-9fc9-54c4264ef464" status: 404 len: 246 microversion: 1.1 [pid: 8|app: 0|req: 345/685] 10.0.0.173 () {34 vars in 816 bytes} [Tue Mar 31 06:13:54 2026] DELETE /resource_providers/57f1d41b-340a-4d8b-9fc9-54c4264ef464 => generated 246 bytes in 11 msecs (HTTP/1.1 404) 6 headers in 231 bytes (1 switches on core 0)
2026-03-31 06:13:54.322 7 INFO placement.requestlog [None req-bbbbe049-94c7-496e-87cb-62bdd7461dbf 594d818ed5f14c1d9987fcc18fe9559e 3b9ee06a20fd404c83460c5fc99ed5a0 - - e9ba06c0e3ac4937b1963d42d00dc8cb e9ba06c0e3ac4937b1963d42d00dc8cb] 10.0.0.173 "DELETE /resource_providers/57f1d41b-340a-4d8b-9fc9-54c4264ef464" status: 404 len: 246 microversion: 1.1 [pid: 7|app: 0|req: 341/686] 10.0.0.173 () {34 vars in 816 bytes} [Tue Mar 31 06:13:54 2026] DELETE /resource_providers/57f1d41b-340a-4d8b-9fc9-54c4264ef464 => generated 246 bytes in 12 msecs (HTTP/1.1 404) 6 headers in 231 bytes (1 switches on core 0)
2026-03-31 06:14:01.890 8 INFO placement.requestlog [None req-efc7e2d7-785b-459b-9352-1ec531012e7b - - - - - -] 10.0.0.206 "GET /" status: 200 len: 136 microversion: 1.0
2026-03-31 06:14:01.891 7 INFO placement.requestlog [None req-c29e6151-cb38-4db8-88ff-adf044d3d802 - - - - - -] 10.0.0.206 "GET /" status: 200 len: 136 microversion: 1.0
2026-03-31 06:14:02.514 8 INFO placement.requestlog [req-f7c53bda-4fdb-4c4f-bd8f-502cc135ad78 req-c3716c79-8006-45e8-af3a-0cc37f780463 f4ae066f542247d3b7c2bf656e0289b7 3b9ee06a20fd404c83460c5fc99ed5a0 - - e9ba06c0e3ac4937b1963d42d00dc8cb e9ba06c0e3ac4937b1963d42d00dc8cb] 199.204.45.157 "GET /resource_providers/0ea89c8f-e5ad-4dc6-9eef-279578295624/allocations" status: 200 len: 152 microversion: 1.0 [pid: 8|app: 0|req: 347/689] 199.204.45.157 () {32 vars in 857 bytes} [Tue Mar 31 06:14:02 2026] GET /resource_providers/0ea89c8f-e5ad-4dc6-9eef-279578295624/allocations => generated 152 bytes in 15 msecs (HTTP/1.1 200) 6 headers in 224 bytes (1 switches on core 0)
2026-03-31 06:14:02.534 7 INFO placement.requestlog [req-f7c53bda-4fdb-4c4f-bd8f-502cc135ad78 req-caef7074-9860-4bff-ad53-fa090ce8f0e4 f4ae066f542247d3b7c2bf656e0289b7 3b9ee06a20fd404c83460c5fc99ed5a0 - - e9ba06c0e3ac4937b1963d42d00dc8cb e9ba06c0e3ac4937b1963d42d00dc8cb] 199.204.45.157 "GET /allocations/ddfee9ec-31bb-490f-b0b7-34a9aeac7957" status: 200 len: 257 microversion: 1.28 [pid: 7|app: 0|req: 343/690] 199.204.45.157 () {34 vars in 863 bytes} [Tue Mar 31 06:14:02 2026] GET /allocations/ddfee9ec-31bb-490f-b0b7-34a9aeac7957 => generated 257 bytes in 13 msecs (HTTP/1.1 200) 8 headers in 296 bytes (1 switches on core 0)
2026-03-31 06:14:03.604 8 INFO placement.requestlog [req-f7c53bda-4fdb-4c4f-bd8f-502cc135ad78 req-435e4463-2368-40f9-b539-d043b2f04f65 f4ae066f542247d3b7c2bf656e0289b7 3b9ee06a20fd404c83460c5fc99ed5a0 - - e9ba06c0e3ac4937b1963d42d00dc8cb e9ba06c0e3ac4937b1963d42d00dc8cb] 199.204.45.157 "DELETE /allocations/ddfee9ec-31bb-490f-b0b7-34a9aeac7957" status: 204 len: 0 microversion: 1.0 [pid: 8|app: 0|req: 348/691] 199.204.45.157 () {34 vars in 841 bytes} [Tue Mar 31 06:14:03 2026] DELETE /allocations/ddfee9ec-31bb-490f-b0b7-34a9aeac7957 => generated 0 bytes in 44 msecs (HTTP/1.1 204) 5 headers in 198 bytes (1 switches on core 0)
2026-03-31 06:14:04.417 7 INFO placement.requestlog [req-8a1461b4-5f57-4e39-8272-2cbf9bd29fd6 req-450fa00d-3546-4ab4-b93c-1decdddce5b6 f4ae066f542247d3b7c2bf656e0289b7 3b9ee06a20fd404c83460c5fc99ed5a0 - - e9ba06c0e3ac4937b1963d42d00dc8cb e9ba06c0e3ac4937b1963d42d00dc8cb] 10.0.0.247 "GET /allocation_candidates?limit=1000&resources=DISK_GB%3A1%2CMEMORY_MB%3A512%2CVCPU%3A1&root_required=%21COMPUTE_STATUS_DISABLED" status: 200 len: 2442 microversion: 1.36 [pid: 7|app: 0|req: 344/692] 10.0.0.247 () {34 vars in 1012 bytes} [Tue Mar 31 06:14:04 2026] GET /allocation_candidates?limit=1000&resources=DISK_GB%3A1%2CMEMORY_MB%3A512%2CVCPU%3A1&root_required=%21COMPUTE_STATUS_DISABLED => generated 2442 bytes in 47 msecs (HTTP/1.1 200) 8 headers in 297 bytes (1 switches on core 0)
2026-03-31 06:14:04.444 8 INFO placement.requestlog [req-8a1461b4-5f57-4e39-8272-2cbf9bd29fd6 req-e71f1601-bf30-4a89-8c58-3f4afef84a7c f4ae066f542247d3b7c2bf656e0289b7 3b9ee06a20fd404c83460c5fc99ed5a0 - - e9ba06c0e3ac4937b1963d42d00dc8cb e9ba06c0e3ac4937b1963d42d00dc8cb] 10.0.0.247 "GET /allocations/0ec5c44f-5fec-461c-9f23-da0d0ad7de7d" status: 200 len: 19 microversion: 1.28 [pid: 8|app: 0|req: 349/693] 10.0.0.247 () {34 vars in 861 bytes} [Tue Mar 31 06:14:04 2026] GET /allocations/0ec5c44f-5fec-461c-9f23-da0d0ad7de7d => generated 19 bytes in 11 msecs (HTTP/1.1 200) 8 headers in 295 bytes (1 switches on core 0)
2026-03-31 06:14:04.509 7 INFO placement.requestlog [req-8a1461b4-5f57-4e39-8272-2cbf9bd29fd6 req-b4b01508-cefc-4258-99b4-b7d356c4003c f4ae066f542247d3b7c2bf656e0289b7 3b9ee06a20fd404c83460c5fc99ed5a0 - - e9ba06c0e3ac4937b1963d42d00dc8cb e9ba06c0e3ac4937b1963d42d00dc8cb] 10.0.0.247 "PUT /allocations/0ec5c44f-5fec-461c-9f23-da0d0ad7de7d" status: 204 len: 0 microversion: 1.36 [pid: 7|app: 0|req: 345/694] 10.0.0.247 () {38 vars in 914 bytes} [Tue Mar 31 06:14:04 2026] PUT /allocations/0ec5c44f-5fec-461c-9f23-da0d0ad7de7d => generated 0 bytes in 59 msecs (HTTP/1.1 204) 5 headers in 199 bytes (1 switches on core 0)
2026-03-31 06:14:06.009 8 INFO placement.requestlog [req-8a1461b4-5f57-4e39-8272-2cbf9bd29fd6 req-1e089f97-bcce-4fbf-bfbc-6f88c0d5672a f4ae066f542247d3b7c2bf656e0289b7 3b9ee06a20fd404c83460c5fc99ed5a0 - - e9ba06c0e3ac4937b1963d42d00dc8cb e9ba06c0e3ac4937b1963d42d00dc8cb] 199.204.45.157 "GET /allocations/0ec5c44f-5fec-461c-9f23-da0d0ad7de7d" status: 200 len: 257 microversion: 1.28 [pid: 8|app: 0|req: 350/695] 199.204.45.157 () {34 vars in 863 bytes} [Tue Mar 31 06:14:05 2026] GET /allocations/0ec5c44f-5fec-461c-9f23-da0d0ad7de7d => generated 257 bytes in 17 msecs (HTTP/1.1 200) 8 headers in 296 bytes (1 switches on core 0)
2026-03-31 06:14:07.055 7 INFO placement.requestlog [req-8a1461b4-5f57-4e39-8272-2cbf9bd29fd6 req-1a449e97-e46b-4266-b25e-6ca97887ce08 f4ae066f542247d3b7c2bf656e0289b7 3b9ee06a20fd404c83460c5fc99ed5a0 - - e9ba06c0e3ac4937b1963d42d00dc8cb e9ba06c0e3ac4937b1963d42d00dc8cb] 199.204.45.157 "GET /resource_providers/0ea89c8f-e5ad-4dc6-9eef-279578295624/allocations" status: 200 len: 152 microversion: 1.0 [pid: 7|app: 0|req: 346/696] 199.204.45.157 () {32 vars in 857 bytes} [Tue Mar 31 06:14:07 2026] GET /resource_providers/0ea89c8f-e5ad-4dc6-9eef-279578295624/allocations => generated 152 bytes in 21 msecs (HTTP/1.1 200) 6 headers in 224 bytes (1 switches on core 0)
2026-03-31 06:14:07.073 8 INFO placement.requestlog [req-8a1461b4-5f57-4e39-8272-2cbf9bd29fd6 req-88b3ee26-15b7-4e68-9a5d-005004bbf5f0 f4ae066f542247d3b7c2bf656e0289b7 3b9ee06a20fd404c83460c5fc99ed5a0 - - e9ba06c0e3ac4937b1963d42d00dc8cb e9ba06c0e3ac4937b1963d42d00dc8cb] 199.204.45.157 "GET /allocations/0ec5c44f-5fec-461c-9f23-da0d0ad7de7d" status: 200 len: 257 microversion: 1.28 [pid: 8|app: 0|req: 351/697] 199.204.45.157 () {34 vars in 863 bytes} [Tue Mar 31 06:14:07 2026] GET /allocations/0ec5c44f-5fec-461c-9f23-da0d0ad7de7d => generated 257 bytes in 12 msecs (HTTP/1.1 200) 8 headers in 296 bytes (1 switches on core 0)
2026-03-31 06:14:08.083 7 INFO placement.requestlog [None req-86cf0520-d7b1-43f7-8663-6fe0fee96d4a 594d818ed5f14c1d9987fcc18fe9559e 3b9ee06a20fd404c83460c5fc99ed5a0 - - e9ba06c0e3ac4937b1963d42d00dc8cb e9ba06c0e3ac4937b1963d42d00dc8cb] 10.0.0.173 "GET /resource_providers/61ddc1ef-9f98-4957-9cb1-2b30b757bc28/aggregates" status: 404 len: 235 microversion: 1.1 [pid: 7|app: 0|req: 347/698] 10.0.0.173 () {32 vars in 816 bytes} [Tue Mar 31 06:14:08 2026] GET /resource_providers/61ddc1ef-9f98-4957-9cb1-2b30b757bc28/aggregates => generated 235 bytes in 13 msecs (HTTP/1.1 404) 5 headers in 202 bytes (1 switches on core 0)
2026-03-31 06:14:08.086 8 INFO placement.requestlog [None req-d14467be-b5ea-45a5-8dba-1bb692f55afa 594d818ed5f14c1d9987fcc18fe9559e 3b9ee06a20fd404c83460c5fc99ed5a0 - - e9ba06c0e3ac4937b1963d42d00dc8cb e9ba06c0e3ac4937b1963d42d00dc8cb] 10.0.0.173 "GET /resource_providers/61ddc1ef-9f98-4957-9cb1-2b30b757bc28/aggregates" status: 404 len: 235 microversion: 1.1 [pid: 8|app: 0|req: 352/699] 10.0.0.173 () {32 vars in 816 bytes} [Tue Mar 31 06:14:08 2026] GET /resource_providers/61ddc1ef-9f98-4957-9cb1-2b30b757bc28/aggregates => generated 235 bytes in 10 msecs (HTTP/1.1 404) 5 headers in 202 bytes (1 switches on core 0)
2026-03-31 06:14:08.104 7 INFO placement.requestlog [None req-2b552897-e3f4-4edc-babd-fcbbd7b5c3a5 594d818ed5f14c1d9987fcc18fe9559e 3b9ee06a20fd404c83460c5fc99ed5a0 - - e9ba06c0e3ac4937b1963d42d00dc8cb e9ba06c0e3ac4937b1963d42d00dc8cb] 10.0.0.173 "DELETE /resource_providers/61ddc1ef-9f98-4957-9cb1-2b30b757bc28" status: 404 len: 246 microversion: 1.1 [pid: 7|app: 0|req: 348/700] 10.0.0.173 () {34 vars in 816 bytes} [Tue Mar 31 06:14:08 2026] DELETE /resource_providers/61ddc1ef-9f98-4957-9cb1-2b30b757bc28 => generated 246 bytes in 9 msecs (HTTP/1.1 404) 6 headers in 231 bytes (1 switches on core 0)
2026-03-31 06:14:08.112 8 INFO placement.requestlog [None req-0210fdc8-6964-49c2-8667-2d6293c6b95c 594d818ed5f14c1d9987fcc18fe9559e 3b9ee06a20fd404c83460c5fc99ed5a0 - - e9ba06c0e3ac4937b1963d42d00dc8cb e9ba06c0e3ac4937b1963d42d00dc8cb] 10.0.0.173 "DELETE /resource_providers/61ddc1ef-9f98-4957-9cb1-2b30b757bc28" status: 404 len: 246 microversion: 1.1 [pid: 8|app: 0|req: 353/701] 10.0.0.173 () {34 vars in 816 bytes} [Tue Mar 31 06:14:08 2026] DELETE /resource_providers/61ddc1ef-9f98-4957-9cb1-2b30b757bc28 => generated 246 bytes in 11 msecs (HTTP/1.1 404) 6 headers in 231 bytes (1 switches on core 0)
2026-03-31 06:14:11.890 7 INFO placement.requestlog [None req-c2a1d642-57cc-49fd-b9e1-6259a96fb20d - - - - - -] 10.0.0.206 "GET /" status: 200 len: 136 microversion: 1.0
2026-03-31 06:14:11.890 8 INFO placement.requestlog [None req-ae657af0-3b03-40b3-9f80-b09e70db74ee - - - - - -] 10.0.0.206 "GET /" status: 200 len: 136 microversion: 1.0
2026-03-31 06:14:18.176 7 INFO placement.requestlog [None req-3f1d6680-fa15-451a-923f-2be069444aca 594d818ed5f14c1d9987fcc18fe9559e 3b9ee06a20fd404c83460c5fc99ed5a0 - - e9ba06c0e3ac4937b1963d42d00dc8cb e9ba06c0e3ac4937b1963d42d00dc8cb] 10.0.0.173 "GET /resource_providers/8944b826-67de-44c7-9961-21189fdb0a9d/aggregates" status: 404 len: 235 microversion: 1.1 [pid: 7|app: 0|req: 350/704] 10.0.0.173 () {32 vars in 816 bytes} [Tue Mar 31 06:14:18 2026] GET /resource_providers/8944b826-67de-44c7-9961-21189fdb0a9d/aggregates => generated 235 bytes in 9 msecs (HTTP/1.1 404) 5 headers in 202 bytes (1 switches on core 0)
2026-03-31 06:14:18.179 8 INFO placement.requestlog [None req-3b80132a-bf27-4528-a8c1-bbe1f6b730fa 594d818ed5f14c1d9987fcc18fe9559e 3b9ee06a20fd404c83460c5fc99ed5a0 - - e9ba06c0e3ac4937b1963d42d00dc8cb e9ba06c0e3ac4937b1963d42d00dc8cb] 10.0.0.173 "GET /resource_providers/8944b826-67de-44c7-9961-21189fdb0a9d/aggregates" status: 404 len: 235 microversion: 1.1 [pid: 8|app: 0|req: 355/705] 10.0.0.173 () {32 vars in 816 bytes} [Tue Mar 31 06:14:18 2026] GET /resource_providers/8944b826-67de-44c7-9961-21189fdb0a9d/aggregates => generated 235 bytes in 11 msecs (HTTP/1.1 404) 5 headers in 202 bytes (1 switches on core 0)
2026-03-31 06:14:18.199 7 INFO placement.requestlog [None req-ce3c7922-6d77-42ad-90d0-cc75040b197f 594d818ed5f14c1d9987fcc18fe9559e 3b9ee06a20fd404c83460c5fc99ed5a0 - - e9ba06c0e3ac4937b1963d42d00dc8cb e9ba06c0e3ac4937b1963d42d00dc8cb] 10.0.0.173 "DELETE /resource_providers/8944b826-67de-44c7-9961-21189fdb0a9d" status: 404 len: 246 microversion: 1.1 [pid: 7|app: 0|req: 351/706] 10.0.0.173 () {34 vars in 816 bytes} [Tue Mar 31 06:14:18 2026] DELETE /resource_providers/8944b826-67de-44c7-9961-21189fdb0a9d => generated 246 bytes in 10 msecs (HTTP/1.1 404) 6 headers in 231 bytes (1 switches on core 0)
2026-03-31 06:14:18.204 8 INFO placement.requestlog [None req-e18297dc-0f1a-4e00-b93d-bf42f531e938 594d818ed5f14c1d9987fcc18fe9559e 3b9ee06a20fd404c83460c5fc99ed5a0 - - e9ba06c0e3ac4937b1963d42d00dc8cb e9ba06c0e3ac4937b1963d42d00dc8cb] 10.0.0.173 "DELETE /resource_providers/8944b826-67de-44c7-9961-21189fdb0a9d" status: 404 len: 246 microversion: 1.1 [pid: 8|app: 0|req: 356/707] 10.0.0.173 () {34 vars in 816 bytes} [Tue Mar 31 06:14:18 2026] DELETE /resource_providers/8944b826-67de-44c7-9961-21189fdb0a9d => generated 246 bytes in 11 msecs (HTTP/1.1 404) 6 headers in 231 bytes (1 switches on core 0)
2026-03-31 06:14:18.676 8 INFO placement.requestlog [None req-dcfde592-740a-418a-9ff8-ddda399002ff 594d818ed5f14c1d9987fcc18fe9559e 3b9ee06a20fd404c83460c5fc99ed5a0 - - e9ba06c0e3ac4937b1963d42d00dc8cb e9ba06c0e3ac4937b1963d42d00dc8cb] 10.0.0.173 "GET /resource_providers/4ae20417-7dae-4c0b-a8a6-7ecb367f81e8/aggregates" status: 404 len: 235 microversion: 1.1 [pid: 8|app: 0|req: 357/708] 10.0.0.173 () {32 vars in 816 bytes} [Tue Mar 31 06:14:18 2026] GET /resource_providers/4ae20417-7dae-4c0b-a8a6-7ecb367f81e8/aggregates => generated 235 bytes in 9 msecs (HTTP/1.1 404) 5 headers in 202 bytes (1 switches on core 0)
2026-03-31 06:14:18.678 7 INFO placement.requestlog [None req-fd66bd0a-7ff0-4a42-9897-fdbe27bba02a 594d818ed5f14c1d9987fcc18fe9559e 3b9ee06a20fd404c83460c5fc99ed5a0 - - e9ba06c0e3ac4937b1963d42d00dc8cb e9ba06c0e3ac4937b1963d42d00dc8cb] 10.0.0.173 "GET /resource_providers/4ae20417-7dae-4c0b-a8a6-7ecb367f81e8/aggregates" status: 404 len: 235 microversion: 1.1 [pid: 7|app: 0|req: 352/709] 10.0.0.173 () {32 vars in 816 bytes} [Tue Mar 31 06:14:18 2026] GET /resource_providers/4ae20417-7dae-4c0b-a8a6-7ecb367f81e8/aggregates => generated 235 bytes in 11 msecs (HTTP/1.1 404) 5 headers in 202 bytes (1 switches on core 0)
2026-03-31 06:14:18.698 8 INFO placement.requestlog [None req-d1abda7c-a656-45a6-bcde-7c8c192a3ad5 594d818ed5f14c1d9987fcc18fe9559e 3b9ee06a20fd404c83460c5fc99ed5a0 - - e9ba06c0e3ac4937b1963d42d00dc8cb e9ba06c0e3ac4937b1963d42d00dc8cb] 10.0.0.173 "DELETE /resource_providers/4ae20417-7dae-4c0b-a8a6-7ecb367f81e8" status: 404 len: 246 microversion: 1.1 [pid: 8|app: 0|req: 358/710] 10.0.0.173 () {34 vars in 816 bytes} [Tue Mar 31 06:14:18 2026] DELETE /resource_providers/4ae20417-7dae-4c0b-a8a6-7ecb367f81e8 => generated 246 bytes in 12 msecs (HTTP/1.1 404) 6 headers in 231 bytes (1 switches on core 0)
2026-03-31 06:14:18.701 7 INFO placement.requestlog [None req-1c2433b5-02c8-499c-8669-e8d294cf26a5 594d818ed5f14c1d9987fcc18fe9559e 3b9ee06a20fd404c83460c5fc99ed5a0 - - e9ba06c0e3ac4937b1963d42d00dc8cb e9ba06c0e3ac4937b1963d42d00dc8cb] 10.0.0.173 "DELETE /resource_providers/4ae20417-7dae-4c0b-a8a6-7ecb367f81e8" status: 404 len: 246 microversion: 1.1 [pid: 7|app: 0|req: 353/711] 10.0.0.173 () {34 vars in 816 bytes} [Tue Mar 31 06:14:18 2026] DELETE /resource_providers/4ae20417-7dae-4c0b-a8a6-7ecb367f81e8 => generated 246 bytes in 11 msecs (HTTP/1.1 404) 6 headers in 231 bytes (1 switches on core 0)
2026-03-31 06:14:21.047 8 INFO placement.requestlog [req-f74db822-f82c-452a-a8a9-eb72540a46a1 req-f11d73e9-ce7b-42c8-861c-92a09bff104b f4ae066f542247d3b7c2bf656e0289b7 3b9ee06a20fd404c83460c5fc99ed5a0 - - e9ba06c0e3ac4937b1963d42d00dc8cb e9ba06c0e3ac4937b1963d42d00dc8cb] 10.0.0.247 "GET /allocation_candidates?limit=1000&resources=DISK_GB%3A1%2CMEMORY_MB%3A512%2CVCPU%3A1&root_required=%21COMPUTE_STATUS_DISABLED" status: 200 len: 2444 microversion: 1.36 [pid: 8|app: 0|req: 359/712] 10.0.0.247 () {34 vars in 1012 bytes} [Tue Mar 31 06:14:20 2026] GET /allocation_candidates?limit=1000&resources=DISK_GB%3A1%2CMEMORY_MB%3A512%2CVCPU%3A1&root_required=%21COMPUTE_STATUS_DISABLED => generated 2444 bytes in 47 msecs (HTTP/1.1 200) 8 headers in 297 bytes (1 switches on core 0)
2026-03-31 06:14:21.079 7 INFO placement.requestlog [req-f74db822-f82c-452a-a8a9-eb72540a46a1 req-99b91b05-8b02-4141-a97a-0c877f93bcf3 f4ae066f542247d3b7c2bf656e0289b7 3b9ee06a20fd404c83460c5fc99ed5a0 - - e9ba06c0e3ac4937b1963d42d00dc8cb e9ba06c0e3ac4937b1963d42d00dc8cb] 10.0.0.247 "GET /allocations/abcc96ce-cffc-4d0f-915e-2c362e0394c6" status: 200 len: 19 microversion: 1.28 [pid: 7|app: 0|req: 354/713] 10.0.0.247 () {34 vars in 861 bytes} [Tue Mar 31 06:14:21 2026] GET /allocations/abcc96ce-cffc-4d0f-915e-2c362e0394c6 => generated 19 bytes in 10 msecs (HTTP/1.1 200) 8 headers in 295 bytes (1 switches on core 0)
2026-03-31 06:14:21.175 8 INFO placement.requestlog [req-f74db822-f82c-452a-a8a9-eb72540a46a1 req-9d61099c-f11a-4182-8e30-55e65103299e f4ae066f542247d3b7c2bf656e0289b7 3b9ee06a20fd404c83460c5fc99ed5a0 - - e9ba06c0e3ac4937b1963d42d00dc8cb e9ba06c0e3ac4937b1963d42d00dc8cb] 10.0.0.247 "PUT /allocations/abcc96ce-cffc-4d0f-915e-2c362e0394c6" status: 204 len: 0 microversion: 1.36 [pid: 8|app: 0|req: 360/714] 10.0.0.247 () {38 vars in 914 bytes} [Tue Mar 31 06:14:21 2026] PUT /allocations/abcc96ce-cffc-4d0f-915e-2c362e0394c6 => generated 0 bytes in 83 msecs (HTTP/1.1 204) 5 headers in 199 bytes (1 switches on core 0)
2026-03-31 06:14:21.890 8 INFO placement.requestlog [None req-60597c99-2d37-4db2-beba-2e17a522c40a - - - - - -] 10.0.0.206 "GET /" status: 200 len: 136 microversion: 1.0
2026-03-31 06:14:21.891 7 INFO placement.requestlog [None req-4377c262-e726-45b6-986f-6b279c46483d - - - - - -] 10.0.0.206 "GET /" status: 200 len: 136 microversion: 1.0
2026-03-31 06:14:22.728 8 INFO placement.requestlog [req-f74db822-f82c-452a-a8a9-eb72540a46a1 req-1bb86fd2-b916-4159-8ab0-505c5e95a022 f4ae066f542247d3b7c2bf656e0289b7 3b9ee06a20fd404c83460c5fc99ed5a0 - - e9ba06c0e3ac4937b1963d42d00dc8cb e9ba06c0e3ac4937b1963d42d00dc8cb] 199.204.45.157 "GET /allocations/abcc96ce-cffc-4d0f-915e-2c362e0394c6" status: 200 len: 257 microversion: 1.28 [pid: 8|app: 0|req: 362/717] 199.204.45.157 () {34 vars in 863 bytes} [Tue Mar 31 06:14:22 2026] GET /allocations/abcc96ce-cffc-4d0f-915e-2c362e0394c6 => generated 257 bytes in 15 msecs (HTTP/1.1 200) 8 headers in 296 bytes (1 switches on core 0)
2026-03-31 06:14:23.777 7 INFO placement.requestlog [req-f74db822-f82c-452a-a8a9-eb72540a46a1 req-dd446d91-d906-4222-a72b-bf22862ead7b f4ae066f542247d3b7c2bf656e0289b7 3b9ee06a20fd404c83460c5fc99ed5a0 - - e9ba06c0e3ac4937b1963d42d00dc8cb e9ba06c0e3ac4937b1963d42d00dc8cb] 199.204.45.157 "GET /resource_providers/0ea89c8f-e5ad-4dc6-9eef-279578295624/allocations" status: 200 len: 252 microversion: 1.0 [pid: 7|app: 0|req: 356/718] 199.204.45.157 () {32 vars in 857 bytes} [Tue Mar 31 06:14:23 2026] GET /resource_providers/0ea89c8f-e5ad-4dc6-9eef-279578295624/allocations => generated 252 bytes in 23 msecs (HTTP/1.1 200) 6 headers in 224 bytes (1 switches on core 0)
2026-03-31 06:14:23.804 8 INFO placement.requestlog [req-f74db822-f82c-452a-a8a9-eb72540a46a1 req-ffd840ed-d6bc-4eeb-b181-144f62a45da7 f4ae066f542247d3b7c2bf656e0289b7 3b9ee06a20fd404c83460c5fc99ed5a0 - - e9ba06c0e3ac4937b1963d42d00dc8cb e9ba06c0e3ac4937b1963d42d00dc8cb] 199.204.45.157 "GET /allocations/abcc96ce-cffc-4d0f-915e-2c362e0394c6" status: 200 len: 257 microversion: 1.28 [pid: 8|app: 0|req: 363/719] 199.204.45.157 () {34 vars in 863 bytes} [Tue Mar 31 06:14:23 2026] GET /allocations/abcc96ce-cffc-4d0f-915e-2c362e0394c6 => generated 257 bytes in 21 msecs (HTTP/1.1 200) 8 headers in 296 bytes (1 switches on core 0)
2026-03-31 06:14:23.832 7 INFO placement.requestlog [req-f74db822-f82c-452a-a8a9-eb72540a46a1 req-5a42a8ce-0c74-48d5-baff-493cdda1e346 f4ae066f542247d3b7c2bf656e0289b7 3b9ee06a20fd404c83460c5fc99ed5a0 - - e9ba06c0e3ac4937b1963d42d00dc8cb e9ba06c0e3ac4937b1963d42d00dc8cb] 199.204.45.157 "GET /allocations/0ec5c44f-5fec-461c-9f23-da0d0ad7de7d" status: 200 len: 257 microversion: 1.28 [pid: 7|app: 0|req: 357/720] 199.204.45.157 () {34 vars in 863 bytes} [Tue Mar 31 06:14:23 2026] GET /allocations/0ec5c44f-5fec-461c-9f23-da0d0ad7de7d => generated 257 bytes in 17 msecs (HTTP/1.1 200) 8 headers in 296 bytes (1 switches on core 0)
2026-03-31 06:14:24.214 8 INFO placement.requestlog [None req-2a72c8dc-c1d7-4709-b84f-c1f23ed24190 594d818ed5f14c1d9987fcc18fe9559e 3b9ee06a20fd404c83460c5fc99ed5a0 - - e9ba06c0e3ac4937b1963d42d00dc8cb e9ba06c0e3ac4937b1963d42d00dc8cb] 10.0.0.173 "GET /resource_providers/572c68fd-33fa-46a5-8710-aa4420b43c85/aggregates" status: 404 len: 235 microversion: 1.1 [pid: 8|app: 0|req: 364/721] 10.0.0.173 () {32 vars in 816 bytes} [Tue Mar 31 06:14:24 2026] GET /resource_providers/572c68fd-33fa-46a5-8710-aa4420b43c85/aggregates => generated 235 bytes in 11 msecs (HTTP/1.1 404) 5 headers in 202 bytes (1 switches on core 0)
2026-03-31 06:14:24.225 7 INFO placement.requestlog [None req-cb19eab4-68e7-4cd3-8ed3-fea9115aceb3 594d818ed5f14c1d9987fcc18fe9559e 3b9ee06a20fd404c83460c5fc99ed5a0 - - e9ba06c0e3ac4937b1963d42d00dc8cb e9ba06c0e3ac4937b1963d42d00dc8cb] 10.0.0.173 "GET /resource_providers/572c68fd-33fa-46a5-8710-aa4420b43c85/aggregates" status: 404 len: 235 microversion: 1.1 [pid: 7|app: 0|req: 358/722] 10.0.0.173 () {32 vars in 816 bytes} [Tue Mar 31 06:14:24 2026] GET /resource_providers/572c68fd-33fa-46a5-8710-aa4420b43c85/aggregates => generated 235 bytes in 17 msecs (HTTP/1.1 404) 5 headers in 202 bytes (1 switches on core 0)
2026-03-31 06:14:24.236 8 INFO placement.requestlog [None req-e113d85b-2676-4cbe-9ca3-d01d64decc49 594d818ed5f14c1d9987fcc18fe9559e 3b9ee06a20fd404c83460c5fc99ed5a0 - - e9ba06c0e3ac4937b1963d42d00dc8cb e9ba06c0e3ac4937b1963d42d00dc8cb] 10.0.0.173 "DELETE /resource_providers/572c68fd-33fa-46a5-8710-aa4420b43c85" status: 404 len: 246 microversion: 1.1 [pid: 8|app: 0|req: 365/723] 10.0.0.173 () {34 vars in 816 bytes} [Tue Mar 31 06:14:24 2026] DELETE /resource_providers/572c68fd-33fa-46a5-8710-aa4420b43c85 => generated 246 bytes in 10 msecs (HTTP/1.1 404) 6 headers in 231 bytes (1 switches on core 0)
2026-03-31 06:14:24.245 7 INFO placement.requestlog [None req-e5fb57df-486f-43b5-a0d2-6a90759e30e1 594d818ed5f14c1d9987fcc18fe9559e 3b9ee06a20fd404c83460c5fc99ed5a0 - - e9ba06c0e3ac4937b1963d42d00dc8cb e9ba06c0e3ac4937b1963d42d00dc8cb] 10.0.0.173 "DELETE /resource_providers/572c68fd-33fa-46a5-8710-aa4420b43c85" status: 404 len: 246 microversion: 1.1 [pid: 7|app: 0|req: 359/724] 10.0.0.173 () {34 vars in 816 bytes} [Tue Mar 31 06:14:24 2026] DELETE /resource_providers/572c68fd-33fa-46a5-8710-aa4420b43c85 => generated 246 bytes in 10 msecs (HTTP/1.1 404) 6 headers in 231 bytes (1 switches on core 0)
2026-03-31 06:14:29.379 8 INFO placement.requestlog [None req-e4a864ad-d345-4d7e-b9bc-24a5c4804417 594d818ed5f14c1d9987fcc18fe9559e 3b9ee06a20fd404c83460c5fc99ed5a0 - - e9ba06c0e3ac4937b1963d42d00dc8cb e9ba06c0e3ac4937b1963d42d00dc8cb] 10.0.0.173 "GET /resource_providers/e24205ea-1205-488d-b1d9-12dfd257b659/aggregates" status: 404 len: 235 microversion: 1.1 [pid: 8|app: 0|req: 366/725] 10.0.0.173 () {32 vars in 816 bytes} [Tue Mar 31 06:14:29 2026] GET /resource_providers/e24205ea-1205-488d-b1d9-12dfd257b659/aggregates => generated 235 bytes in 10 msecs (HTTP/1.1 404) 5 headers in 202 bytes (1 switches on core 0)
2026-03-31 06:14:29.386 7 INFO placement.requestlog [None req-cbfce741-19d2-467e-982a-2c7c1323745e 594d818ed5f14c1d9987fcc18fe9559e 3b9ee06a20fd404c83460c5fc99ed5a0 - - e9ba06c0e3ac4937b1963d42d00dc8cb e9ba06c0e3ac4937b1963d42d00dc8cb] 10.0.0.173 "GET /resource_providers/e24205ea-1205-488d-b1d9-12dfd257b659/aggregates" status: 404 len: 235 microversion: 1.1 [pid: 7|app: 0|req: 360/726] 10.0.0.173 () {32 vars in 816 bytes} [Tue Mar 31 06:14:29 2026] GET /resource_providers/e24205ea-1205-488d-b1d9-12dfd257b659/aggregates => generated 235 bytes in 12 msecs (HTTP/1.1 404) 5 headers in 202 bytes (1 switches on core 0)
2026-03-31 06:14:29.407 7 INFO placement.requestlog [None req-d5aa55b8-7b90-48ab-981a-d4f4578758c9 594d818ed5f14c1d9987fcc18fe9559e 3b9ee06a20fd404c83460c5fc99ed5a0 - - e9ba06c0e3ac4937b1963d42d00dc8cb e9ba06c0e3ac4937b1963d42d00dc8cb] 10.0.0.173 "DELETE /resource_providers/e24205ea-1205-488d-b1d9-12dfd257b659" status: 404 len: 246 microversion: 1.1 [pid: 7|app: 0|req: 361/727] 10.0.0.173 () {34 vars in 816 bytes} [Tue Mar 31 06:14:29 2026] DELETE /resource_providers/e24205ea-1205-488d-b1d9-12dfd257b659 => generated 246 bytes in 10 msecs (HTTP/1.1 404) 6 headers in 231 bytes (1 switches on core 0)
2026-03-31 06:14:29.408 8 INFO placement.requestlog [None req-9021a148-f7c5-4744-977c-e4a5b6ae7389 594d818ed5f14c1d9987fcc18fe9559e 3b9ee06a20fd404c83460c5fc99ed5a0 - - e9ba06c0e3ac4937b1963d42d00dc8cb e9ba06c0e3ac4937b1963d42d00dc8cb] 10.0.0.173 "DELETE /resource_providers/e24205ea-1205-488d-b1d9-12dfd257b659" status: 404 len: 246 microversion: 1.1 [pid: 8|app: 0|req: 367/728] 10.0.0.173 () {34 vars in 816 bytes} [Tue Mar 31 06:14:29 2026] DELETE /resource_providers/e24205ea-1205-488d-b1d9-12dfd257b659 => generated 246 bytes in 11 msecs (HTTP/1.1 404) 6 headers in 231 bytes (1 switches on core 0)
2026-03-31 06:14:31.890 7 INFO placement.requestlog [None req-69e68e0f-02e6-4a5e-9dc8-3266880f78a9 - - - - - -] 10.0.0.206 "GET /" status: 200 len: 136 microversion: 1.0
2026-03-31 06:14:31.902 8 INFO placement.requestlog [None req-f65ebc9f-34bb-4b6d-ba35-a96f3e20e7af - - - - - -] 10.0.0.206 "GET /" status: 200 len: 136 microversion: 1.0
2026-03-31 06:14:37.433 8 INFO placement.requestlog [None req-1d2566ef-ea49-41ff-9507-bb06530970e1 594d818ed5f14c1d9987fcc18fe9559e 3b9ee06a20fd404c83460c5fc99ed5a0 - - e9ba06c0e3ac4937b1963d42d00dc8cb e9ba06c0e3ac4937b1963d42d00dc8cb] 10.0.0.173 "GET /resource_providers/66865324-2b74-4982-a986-d30527524472/aggregates" status: 404 len: 235 microversion: 1.1 [pid: 8|app: 0|req: 369/731] 10.0.0.173 () {32 vars in 816 bytes} [Tue Mar 31 06:14:37 2026] GET /resource_providers/66865324-2b74-4982-a986-d30527524472/aggregates => generated 235 bytes in 12 msecs (HTTP/1.1 404) 5 headers in 202 bytes (1 switches on core 0)
2026-03-31 06:14:37.439 7 INFO placement.requestlog [None req-4d69413a-3521-44e9-8557-c29d58fc8c3b 594d818ed5f14c1d9987fcc18fe9559e 3b9ee06a20fd404c83460c5fc99ed5a0 - - e9ba06c0e3ac4937b1963d42d00dc8cb e9ba06c0e3ac4937b1963d42d00dc8cb] 10.0.0.173 "GET /resource_providers/66865324-2b74-4982-a986-d30527524472/aggregates" status: 404 len: 235 microversion: 1.1 [pid: 7|app: 0|req: 363/732] 10.0.0.173 () {32 vars in 816 bytes} [Tue Mar 31 06:14:37 2026] GET /resource_providers/66865324-2b74-4982-a986-d30527524472/aggregates => generated 235 bytes in 24 msecs (HTTP/1.1 404) 5 headers in 202 bytes (1 switches on core 0)
2026-03-31 06:14:37.480 7 INFO placement.requestlog [None req-b8ce7353-593b-46a8-898e-85ffd49c107f 594d818ed5f14c1d9987fcc18fe9559e 3b9ee06a20fd404c83460c5fc99ed5a0 - - e9ba06c0e3ac4937b1963d42d00dc8cb e9ba06c0e3ac4937b1963d42d00dc8cb] 10.0.0.173 "DELETE /resource_providers/66865324-2b74-4982-a986-d30527524472" status: 404 len: 246 microversion: 1.1 [pid: 7|app: 0|req: 364/733] 10.0.0.173 () {34 vars in 816 bytes} [Tue Mar 31 06:14:37 2026] DELETE /resource_providers/66865324-2b74-4982-a986-d30527524472 => generated 246 bytes in 10 msecs (HTTP/1.1 404) 6 headers in 231 bytes (1 switches on core 0)
2026-03-31 06:14:37.482 8 INFO placement.requestlog [None req-5a8d546d-f6c3-4305-bd3c-a62288715bc7 594d818ed5f14c1d9987fcc18fe9559e 3b9ee06a20fd404c83460c5fc99ed5a0 - - e9ba06c0e3ac4937b1963d42d00dc8cb e9ba06c0e3ac4937b1963d42d00dc8cb] 10.0.0.173 "DELETE /resource_providers/66865324-2b74-4982-a986-d30527524472" status: 404 len: 246 microversion: 1.1 [pid: 8|app: 0|req: 370/734] 10.0.0.173 () {34 vars in 816 bytes} [Tue Mar 31 06:14:37 2026] DELETE /resource_providers/66865324-2b74-4982-a986-d30527524472 => generated 246 bytes in 17 msecs (HTTP/1.1 404) 6 headers in 231 bytes (1 switches on core 0)
2026-03-31 06:14:39.507 7 INFO placement.requestlog [None req-6804f7fe-142a-4886-8795-e3df6d367f5f 594d818ed5f14c1d9987fcc18fe9559e 3b9ee06a20fd404c83460c5fc99ed5a0 - - e9ba06c0e3ac4937b1963d42d00dc8cb e9ba06c0e3ac4937b1963d42d00dc8cb] 10.0.0.173 "GET /resource_providers/4c0295c6-0506-47de-a9b8-b945e9928797/aggregates" status: 404 len: 235 microversion: 1.1 [pid: 7|app: 0|req: 365/735] 10.0.0.173 () {32 vars in 816 bytes} [Tue Mar 31 06:14:39 2026] GET /resource_providers/4c0295c6-0506-47de-a9b8-b945e9928797/aggregates => generated 235 bytes in 16 msecs (HTTP/1.1 404) 5 headers in 202 bytes (1 switches on core 0)
2026-03-31 06:14:39.508 8 INFO placement.requestlog [None req-b3aecda5-fb77-4a68-973c-07bf95033a88 594d818ed5f14c1d9987fcc18fe9559e 3b9ee06a20fd404c83460c5fc99ed5a0 - - e9ba06c0e3ac4937b1963d42d00dc8cb e9ba06c0e3ac4937b1963d42d00dc8cb] 10.0.0.173 "GET /resource_providers/4c0295c6-0506-47de-a9b8-b945e9928797/aggregates" status: 404 len: 235 microversion: 1.1 [pid: 8|app: 0|req: 371/736] 10.0.0.173 () {32 vars in 816 bytes} [Tue Mar 31 06:14:39 2026] GET /resource_providers/4c0295c6-0506-47de-a9b8-b945e9928797/aggregates => generated 235 bytes in 16 msecs (HTTP/1.1 404) 5 headers in 202 bytes (1 switches on core 0)
2026-03-31 06:14:39.542 8 INFO placement.requestlog [None req-2398ce6b-38c4-488f-a109-00f305b2f2a4 594d818ed5f14c1d9987fcc18fe9559e 3b9ee06a20fd404c83460c5fc99ed5a0 - - e9ba06c0e3ac4937b1963d42d00dc8cb e9ba06c0e3ac4937b1963d42d00dc8cb] 10.0.0.173 "DELETE /resource_providers/4c0295c6-0506-47de-a9b8-b945e9928797" status: 404 len: 246 microversion: 1.1 [pid: 8|app: 0|req: 372/737] 10.0.0.173 () {34 vars in 816 bytes} [Tue Mar 31 06:14:39 2026] DELETE /resource_providers/4c0295c6-0506-47de-a9b8-b945e9928797 => generated 246 bytes in 11 msecs (HTTP/1.1 404) 6 headers in 231 bytes (1 switches on core 0)
2026-03-31 06:14:39.551 7 INFO placement.requestlog [None req-ecf723bc-8e6c-4c29-9526-cfcc6fc1480c 594d818ed5f14c1d9987fcc18fe9559e 3b9ee06a20fd404c83460c5fc99ed5a0 - - e9ba06c0e3ac4937b1963d42d00dc8cb e9ba06c0e3ac4937b1963d42d00dc8cb] 10.0.0.173 "DELETE /resource_providers/4c0295c6-0506-47de-a9b8-b945e9928797" status: 404 len: 246 microversion: 1.1 [pid: 7|app: 0|req: 366/738] 10.0.0.173 () {34 vars in 816 bytes} [Tue Mar 31 06:14:39 2026] DELETE /resource_providers/4c0295c6-0506-47de-a9b8-b945e9928797 => generated 246 bytes in 24 msecs (HTTP/1.1 404) 6 headers in 231 bytes (1 switches on core 0)
2026-03-31 06:14:41.891 8 INFO placement.requestlog [None req-b7876c7b-98b0-4bca-8825-47c8c803a20c - - - - - -] 10.0.0.206 "GET /" status: 200 len: 136 microversion: 1.0
2026-03-31 06:14:41.893 7 INFO placement.requestlog [None req-b42360bd-8826-40b8-9140-d90a619d1774 - - - - - -] 10.0.0.206 "GET /" status: 200 len: 136 microversion: 1.0
2026-03-31 06:14:42.208 8 INFO placement.requestlog [req-47d06b30-282b-4d3a-ade6-62665d78b486 req-16e33978-4d50-4f8d-b5eb-681308254f29 f4ae066f542247d3b7c2bf656e0289b7 3b9ee06a20fd404c83460c5fc99ed5a0 - - e9ba06c0e3ac4937b1963d42d00dc8cb e9ba06c0e3ac4937b1963d42d00dc8cb] 199.204.45.157 "GET /resource_providers/0ea89c8f-e5ad-4dc6-9eef-279578295624/allocations" status: 200 len: 252 microversion: 1.0 [pid: 8|app: 0|req: 374/741] 199.204.45.157 () {32 vars in 857 bytes} [Tue Mar 31 06:14:42 2026] GET /resource_providers/0ea89c8f-e5ad-4dc6-9eef-279578295624/allocations => generated 252 bytes in 21 msecs (HTTP/1.1 200) 6 headers in 224 bytes (1 switches on core 0)
2026-03-31 06:14:42.240 7 INFO placement.requestlog [req-47d06b30-282b-4d3a-ade6-62665d78b486 req-656f212d-e25d-4baf-8d5d-4b0ce4a2f066 f4ae066f542247d3b7c2bf656e0289b7 3b9ee06a20fd404c83460c5fc99ed5a0 - - e9ba06c0e3ac4937b1963d42d00dc8cb e9ba06c0e3ac4937b1963d42d00dc8cb] 199.204.45.157 "GET /resource_providers/0ea89c8f-e5ad-4dc6-9eef-279578295624/allocations" status: 200 len: 252 microversion: 1.0 [pid: 7|app: 0|req: 368/742] 199.204.45.157 () {32 vars in 857 bytes} [Tue Mar 31 06:14:42 2026] GET /resource_providers/0ea89c8f-e5ad-4dc6-9eef-279578295624/allocations => generated 252 bytes in 22 msecs (HTTP/1.1 200) 6 headers in 224 bytes (1 switches on core 0)
2026-03-31 06:14:42.256 8 INFO placement.requestlog [req-47d06b30-282b-4d3a-ade6-62665d78b486 req-5ce158b5-e59c-4a3d-b470-2c717d16c1d4 f4ae066f542247d3b7c2bf656e0289b7 3b9ee06a20fd404c83460c5fc99ed5a0 - - e9ba06c0e3ac4937b1963d42d00dc8cb e9ba06c0e3ac4937b1963d42d00dc8cb] 199.204.45.157 "GET /allocations/abcc96ce-cffc-4d0f-915e-2c362e0394c6" status: 200 len: 257 microversion: 1.28 [pid: 8|app: 0|req: 375/743] 199.204.45.157 () {34 vars in 863 bytes} [Tue Mar 31 06:14:42 2026] GET /allocations/abcc96ce-cffc-4d0f-915e-2c362e0394c6 => generated 257 bytes in 12 msecs (HTTP/1.1 200) 8 headers in 296 bytes (1 switches on core 0)
2026-03-31 06:14:42.276 7 INFO placement.requestlog [req-47d06b30-282b-4d3a-ade6-62665d78b486 req-67e95262-5ba3-48cc-8918-472781d19fda f4ae066f542247d3b7c2bf656e0289b7 3b9ee06a20fd404c83460c5fc99ed5a0 - - e9ba06c0e3ac4937b1963d42d00dc8cb e9ba06c0e3ac4937b1963d42d00dc8cb] 199.204.45.157 "GET /allocations/0ec5c44f-5fec-461c-9f23-da0d0ad7de7d" status: 200 len: 257 microversion: 1.28 [pid: 7|app: 0|req: 369/744] 199.204.45.157 () {34 vars in 863 bytes} [Tue Mar 31 06:14:42 2026] GET /allocations/0ec5c44f-5fec-461c-9f23-da0d0ad7de7d => generated 257 bytes in 14 msecs (HTTP/1.1 200) 8 headers in 296 bytes (1 switches on core 0)
2026-03-31 06:14:43.334 8 INFO placement.requestlog [req-ad6d9428-6e04-47a8-98b3-99743d86fab4 req-d3fcb263-b4fb-46b8-b5b5-02bd37400cd6 f4ae066f542247d3b7c2bf656e0289b7 3b9ee06a20fd404c83460c5fc99ed5a0 - - e9ba06c0e3ac4937b1963d42d00dc8cb e9ba06c0e3ac4937b1963d42d00dc8cb] 199.204.45.157 "DELETE /allocations/abcc96ce-cffc-4d0f-915e-2c362e0394c6" status: 204 len: 0 microversion: 1.0 [pid: 8|app: 0|req: 376/745] 199.204.45.157 () {34 vars in 841 bytes} [Tue Mar 31 06:14:43 2026] DELETE /allocations/abcc96ce-cffc-4d0f-915e-2c362e0394c6 => generated 0 bytes in 30 msecs (HTTP/1.1 204) 5 headers in 198 bytes (1 switches on core 0)
2026-03-31 06:14:46.814 8 INFO placement.requestlog [None req-bf5906b5-ac31-4f36-8801-87f33700d5f2 594d818ed5f14c1d9987fcc18fe9559e 3b9ee06a20fd404c83460c5fc99ed5a0 - - e9ba06c0e3ac4937b1963d42d00dc8cb e9ba06c0e3ac4937b1963d42d00dc8cb] 10.0.0.173 "GET /resource_providers/19d3f844-f806-42e7-ae3e-24d4eb12baa5/aggregates" status: 404 len: 235 microversion: 1.1 [pid: 8|app: 0|req: 377/746] 10.0.0.173 () {32 vars in 816 bytes} [Tue Mar 31 06:14:46 2026] GET /resource_providers/19d3f844-f806-42e7-ae3e-24d4eb12baa5/aggregates => generated 235 bytes in 10 msecs (HTTP/1.1 404) 5 headers in 202 bytes (1 switches on core 0)
2026-03-31 06:14:46.814 7 INFO placement.requestlog [None req-ed742e0c-f096-4002-9896-3b2066bca74f 594d818ed5f14c1d9987fcc18fe9559e 3b9ee06a20fd404c83460c5fc99ed5a0 - - e9ba06c0e3ac4937b1963d42d00dc8cb e9ba06c0e3ac4937b1963d42d00dc8cb] 10.0.0.173 "GET /resource_providers/19d3f844-f806-42e7-ae3e-24d4eb12baa5/aggregates" status: 404 len: 235 microversion: 1.1 [pid: 7|app: 0|req: 370/747] 10.0.0.173 () {32 vars in 816 bytes} [Tue Mar 31 06:14:46 2026] GET /resource_providers/19d3f844-f806-42e7-ae3e-24d4eb12baa5/aggregates => generated 235 bytes in 11 msecs (HTTP/1.1 404) 5 headers in 202 bytes (1 switches on core 0)
2026-03-31 06:14:46.842 7 INFO placement.requestlog [None req-65147e29-77c3-40b5-9f8d-6829ce55705d 594d818ed5f14c1d9987fcc18fe9559e 3b9ee06a20fd404c83460c5fc99ed5a0 - - e9ba06c0e3ac4937b1963d42d00dc8cb e9ba06c0e3ac4937b1963d42d00dc8cb] 10.0.0.173 "DELETE /resource_providers/19d3f844-f806-42e7-ae3e-24d4eb12baa5" status: 404 len: 246 microversion: 1.1 [pid: 7|app: 0|req: 371/748] 10.0.0.173 () {34 vars in 816 bytes} [Tue Mar 31 06:14:46 2026] DELETE /resource_providers/19d3f844-f806-42e7-ae3e-24d4eb12baa5 => generated 246 bytes in 9 msecs (HTTP/1.1 404) 6 headers in 231 bytes (1 switches on core 0)
2026-03-31 06:14:46.843 8 INFO placement.requestlog [None req-8557f211-0ca8-4095-a2a3-021bcaace05f 594d818ed5f14c1d9987fcc18fe9559e 3b9ee06a20fd404c83460c5fc99ed5a0 - - e9ba06c0e3ac4937b1963d42d00dc8cb e9ba06c0e3ac4937b1963d42d00dc8cb] 10.0.0.173 "DELETE /resource_providers/19d3f844-f806-42e7-ae3e-24d4eb12baa5" status: 404 len: 246 microversion: 1.1 [pid: 8|app: 0|req: 378/749] 10.0.0.173 () {34 vars in 816 bytes} [Tue Mar 31 06:14:46 2026] DELETE /resource_providers/19d3f844-f806-42e7-ae3e-24d4eb12baa5 => generated 246 bytes in 11 msecs (HTTP/1.1 404) 6 headers in 231 bytes (1 switches on core 0)
2026-03-31 06:14:51.890 8 INFO placement.requestlog [None req-b711d782-a8a5-495b-8920-6d6eb9d9398e - - - - - -] 10.0.0.206 "GET /" status: 200 len: 136 microversion: 1.0
2026-03-31 06:14:51.891 7 INFO placement.requestlog [None req-462a8d67-6116-4383-8c9e-52a4f987792d - - - - - -] 10.0.0.206 "GET /" status: 200 len: 136 microversion: 1.0
2026-03-31 06:14:55.984 8 INFO placement.requestlog [req-aadbc44b-1745-4fdc-9c1c-73c75e1a6bcc req-22009c63-eb9d-4dda-a149-462d9ddead1b f4ae066f542247d3b7c2bf656e0289b7 3b9ee06a20fd404c83460c5fc99ed5a0 - - e9ba06c0e3ac4937b1963d42d00dc8cb e9ba06c0e3ac4937b1963d42d00dc8cb] 10.0.0.247 "GET /allocation_candidates?limit=1000&resources=DISK_GB%3A1%2CMEMORY_MB%3A512%2CVCPU%3A1&root_required=%21COMPUTE_STATUS_DISABLED" status: 200 len: 2444 microversion: 1.36 [pid: 8|app: 0|req: 380/752] 10.0.0.247 () {34 vars in 1012 bytes} [Tue Mar 31 06:14:55 2026] GET /allocation_candidates?limit=1000&resources=DISK_GB%3A1%2CMEMORY_MB%3A512%2CVCPU%3A1&root_required=%21COMPUTE_STATUS_DISABLED => generated 2444 bytes in 43 msecs (HTTP/1.1 200) 8 headers in 297 bytes (1 switches on core 0)
2026-03-31 06:14:56.007 7 INFO placement.requestlog [req-aadbc44b-1745-4fdc-9c1c-73c75e1a6bcc req-21cdfc06-eb81-4ff0-a28c-ebd389eadd94 f4ae066f542247d3b7c2bf656e0289b7 3b9ee06a20fd404c83460c5fc99ed5a0 - - e9ba06c0e3ac4937b1963d42d00dc8cb e9ba06c0e3ac4937b1963d42d00dc8cb] 10.0.0.247 "GET /allocations/76262309-44cf-434b-942d-501977cd5bef" status: 200 len: 19 microversion: 1.28 [pid: 7|app: 0|req: 373/753] 10.0.0.247 () {34 vars in 861 bytes} [Tue Mar 31 06:14:55 2026] GET /allocations/76262309-44cf-434b-942d-501977cd5bef => generated 19 bytes in 9 msecs (HTTP/1.1 200) 8 headers in 295 bytes (1 switches on core 0)
