2026-03-31 06:15:30.937 7 INFO neutron.db.ovn_revision_numbers_db [None req-b7e46b2c-953c-47c4-aa66-a90005ba3d89 - - - - - -] Successfully bumped revision number for resource bce6bece-d84f-4830-9a1d-1813cc485114 (type: ports) to 2
2026-03-31 06:15:30.948 8 INFO neutron.db.ovn_revision_numbers_db [None req-80a7d4eb-e1c2-4af0-b6b6-14f9b6eef9e9 06a8c04bdd1a41c0b3aca546668d9e00 4eff98234cd94fe4b60fe6524cf0257c - - default default] Successfully bumped revision number for resource 4c9d556c-9fad-402f-bbe7-651782ece858 (type: security_groups) to 1
2026-03-31 06:15:30.966 8 INFO neutron.db.ovn_revision_numbers_db [None req-80a7d4eb-e1c2-4af0-b6b6-14f9b6eef9e9 06a8c04bdd1a41c0b3aca546668d9e00 4eff98234cd94fe4b60fe6524cf0257c - - default default] Successfully bumped revision number for resource 2e3b9714-76e3-40ee-a9a1-07c38926e252 (type: security_group_rules) to 0
2026-03-31 06:15:30.973 7 INFO neutron.db.ovn_revision_numbers_db [None req-b7e46b2c-953c-47c4-aa66-a90005ba3d89 - - - - - -] Successfully bumped revision number for resource 747fcc2e-0327-4a25-940d-6fad197765d8 (type: subnets) to 0
2026-03-31 06:15:30.985 8 INFO neutron.db.ovn_revision_numbers_db [None req-80a7d4eb-e1c2-4af0-b6b6-14f9b6eef9e9 06a8c04bdd1a41c0b3aca546668d9e00 4eff98234cd94fe4b60fe6524cf0257c - - default default] Successfully bumped revision number for resource 900e5459-b1f5-4ad9-a8f0-6fd89dea2efb (type: security_group_rules) to 0 [pid: 7|app: 0|req: 754/1660] 10.0.0.79 () {34 vars in 668 bytes} [Tue Mar 31 06:15:30 2026] POST /v2.0/subnets => generated 647 bytes in 667 msecs (HTTP/1.1 201) 4 headers in 162 bytes (1 switches on core 0)
2026-03-31 06:15:31.005 8 INFO neutron.db.ovn_revision_numbers_db [None req-80a7d4eb-e1c2-4af0-b6b6-14f9b6eef9e9 06a8c04bdd1a41c0b3aca546668d9e00 4eff98234cd94fe4b60fe6524cf0257c - - default default] Successfully bumped revision number for resource d277fb42-d5fd-4f75-92d0-57a6653fb863 (type: security_group_rules) to 0
2026-03-31 06:15:31.017 8 INFO neutron.db.ovn_revision_numbers_db [None req-80a7d4eb-e1c2-4af0-b6b6-14f9b6eef9e9 06a8c04bdd1a41c0b3aca546668d9e00 4eff98234cd94fe4b60fe6524cf0257c - - default default] Successfully bumped revision number for resource fdbcca2d-96bd-464a-bf6c-2668d8ef47a2 (type: security_group_rules) to 0 [pid: 7|app: 0|req: 755/1661] 10.0.0.79 () {32 vars in 646 bytes} [Tue Mar 31 06:15:30 2026] GET /v2.0/subnets => generated 1908 bytes in 46 msecs (HTTP/1.1 200) 4 headers in 158 bytes (1 switches on core 0)
2026-03-31 06:15:31.105 8 INFO neutron.db.segments_db [None req-80a7d4eb-e1c2-4af0-b6b6-14f9b6eef9e9 06a8c04bdd1a41c0b3aca546668d9e00 4eff98234cd94fe4b60fe6524cf0257c - - default default] Added segment 5a27ef88-42a2-4f14-923d-3f529c830972 of type geneve for network 440e0aad-2466-4e91-881a-d719eb68e2ef
2026-03-31 06:15:31.245 8 INFO neutron.db.ovn_revision_numbers_db [None req-80a7d4eb-e1c2-4af0-b6b6-14f9b6eef9e9 06a8c04bdd1a41c0b3aca546668d9e00 4eff98234cd94fe4b60fe6524cf0257c - - default default] Successfully bumped revision number for resource 440e0aad-2466-4e91-881a-d719eb68e2ef (type: networks) to 1 [pid: 7|app: 0|req: 756/1662] 10.0.0.79 () {34 vars in 680 bytes} [Tue Mar 31 06:15:31 2026] POST /v2.0/rbac-policies => generated 324 bytes in 213 msecs (HTTP/1.1 201) 4 headers in 162 bytes (1 switches on core 0) [pid: 7|app: 0|req: 757/1663] 10.0.0.79 () {32 vars in 723 bytes} [Tue Mar 31 06:15:31 2026] DELETE /v2.0/subnets/f9b3dc77-a15e-4b4b-9ca9-8f65eaee841e => generated 0 bytes in 179 msecs (HTTP/1.1 204) 3 headers in 131 bytes (1 switches on core 0)
2026-03-31 06:15:31.436 8 WARNING neutron.scheduler.dhcp_agent_scheduler [None req-80a7d4eb-e1c2-4af0-b6b6-14f9b6eef9e9 06a8c04bdd1a41c0b3aca546668d9e00 4eff98234cd94fe4b60fe6524cf0257c - - default default] No more DHCP agents
2026-03-31 06:15:31.443 8 WARNING neutron.api.rpc.agentnotifiers.dhcp_rpc_agent_api [None req-80a7d4eb-e1c2-4af0-b6b6-14f9b6eef9e9 06a8c04bdd1a41c0b3aca546668d9e00 4eff98234cd94fe4b60fe6524cf0257c - - default default] Unable to schedule network 440e0aad-2466-4e91-881a-d719eb68e2ef: no agents available; will retry on subsequent port and subnet creation events.
2026-03-31 06:15:31.555 8 INFO neutron.plugins.ml2.drivers.ovn.mech_driver.mech_driver [None req-f4b43ceb-45d4-45da-931d-c6862f7e595f - - - - - -] OVN reports status down for port: 18ea61f2-947c-4cbe-80a5-1b6587b94bc4
2026-03-31 06:15:31.656 8 INFO neutron.db.ovn_revision_numbers_db [None req-80a7d4eb-e1c2-4af0-b6b6-14f9b6eef9e9 06a8c04bdd1a41c0b3aca546668d9e00 4eff98234cd94fe4b60fe6524cf0257c - - default default] Successfully bumped revision number for resource 18ea61f2-947c-4cbe-80a5-1b6587b94bc4 (type: ports) to 1 [pid: 7|app: 0|req: 758/1664] 10.0.0.79 () {32 vars in 723 bytes} [Tue Mar 31 06:15:31 2026] DELETE /v2.0/subnets/90b580ef-7295-4c23-9263-7cab7fb6d0a7 => generated 0 bytes in 223 msecs (HTTP/1.1 204) 3 headers in 131 bytes (1 switches on core 0) [pid: 8|app: 0|req: 907/1665] 10.0.0.79 () {34 vars in 670 bytes} [Tue Mar 31 06:15:30 2026] POST /v2.0/networks => generated 633 bytes in 1164 msecs (HTTP/1.1 201) 4 headers in 162 bytes (1 switches on core 0) [pid: 8|app: 0|req: 908/1666] 10.0.0.79 () {32 vars in 646 bytes} [Tue Mar 31 06:15:31 2026] GET /v2.0/subnets => generated 649 bytes in 41 msecs (HTTP/1.1 200) 4 headers in 157 bytes (1 switches on core 0) [pid: 7|app: 0|req: 759/1667] 10.0.0.79 () {32 vars in 722 bytes} [Tue Mar 31 06:15:31 2026] GET /v2.0/networks/42e85d7b-c7bc-4fcd-b351-a35de28c751e => generated 654 bytes in 330 msecs (HTTP/1.1 200) 4 headers in 157 bytes (1 switches on core 0)
2026-03-31 06:15:32.124 7 INFO neutron_taas.services.taas.taas_plugin [None req-6a4e0afe-9994-4627-8f92-71be53588e54 070ba00d7af246398b66f01a9ac49b9b fb5aa193bc4740b99d1ec0cc26f5ed0c - - default default] TaaS: Handle Delete Port: 4ee47739-d496-4dc7-8e41-9d7cdd8d9858
2026-03-31 06:15:32.127 7 INFO neutron_taas.services.taas.tap_mirror_plugin [None req-6a4e0afe-9994-4627-8f92-71be53588e54 070ba00d7af246398b66f01a9ac49b9b fb5aa193bc4740b99d1ec0cc26f5ed0c - - default default] Tap Mirror: Handle Delete Port: 4ee47739-d496-4dc7-8e41-9d7cdd8d9858
2026-03-31 06:15:32.158 8 WARNING neutron.scheduler.dhcp_agent_scheduler [None req-1f7a4789-8e94-4974-bc5c-5d2bdaae6c09 06a8c04bdd1a41c0b3aca546668d9e00 4eff98234cd94fe4b60fe6524cf0257c - - default default] No more DHCP agents
2026-03-31 06:15:32.162 8 WARNING neutron.api.rpc.agentnotifiers.dhcp_rpc_agent_api [None req-1f7a4789-8e94-4974-bc5c-5d2bdaae6c09 06a8c04bdd1a41c0b3aca546668d9e00 4eff98234cd94fe4b60fe6524cf0257c - - default default] Unable to schedule network ea375b39-6afe-4858-8cfc-050f89a402ca: no agents available; will retry on subsequent port and subnet creation events.
2026-03-31 06:15:32.321 7 INFO neutron.plugins.ml2.drivers.ovn.mech_driver.mech_driver [None req-e2c40f37-ca48-4f87-82b3-6b61e449a85b - - - - - -] OVN reports status down for port: 6a974073-b560-4a74-807a-ea295b5abeee
2026-03-31 06:15:32.361 8 INFO neutron.db.ovn_revision_numbers_db [None req-1f7a4789-8e94-4974-bc5c-5d2bdaae6c09 06a8c04bdd1a41c0b3aca546668d9e00 4eff98234cd94fe4b60fe6524cf0257c - - default default] Successfully bumped revision number for resource 6a974073-b560-4a74-807a-ea295b5abeee (type: ports) to 1
2026-03-31 06:15:32.386 7 INFO neutron.services.segments.plugin [-] Segment 4698ae21-5795-4bdd-ba5f-d1e2d34d880c resource provider aggregate not found
2026-03-31 06:15:32.387 7 INFO neutron.services.segments.plugin [-] Segment 4698ae21-5795-4bdd-ba5f-d1e2d34d880c resource provider aggregate not found
2026-03-31 06:15:32.420 7 INFO neutron.services.segments.plugin [-] Segment 4698ae21-5795-4bdd-ba5f-d1e2d34d880c resource provider not found; error: Placement Client Error (4xx): {"errors": [{"status": 404, "title": "Not Found", "detail": "The resource could not be found.\n\n No resource provider with uuid 4698ae21-5795-4bdd-ba5f-d1e2d34d880c found for delete ", "request_id": "req-d443977d-b8f4-4d92-b35c-23714f35e87a"}]}
2026-03-31 06:15:32.421 7 INFO neutron.services.segments.plugin [-] Segment 4698ae21-5795-4bdd-ba5f-d1e2d34d880c resource provider not found; error: Placement Client Error (4xx): {"errors": [{"status": 404, "title": "Not Found", "detail": "The resource could not be found.\n\n No resource provider with uuid 4698ae21-5795-4bdd-ba5f-d1e2d34d880c found for delete ", "request_id": "req-7bec2784-fd33-47fe-8abc-f2f238b72f9f"}]} [pid: 7|app: 0|req: 760/1668] 10.0.0.79 () {32 vars in 725 bytes} [Tue Mar 31 06:15:31 2026] DELETE /v2.0/networks/345c5202-16ee-41aa-8a30-11236e242282 => generated 0 bytes in 471 msecs (HTTP/1.1 204) 3 headers in 131 bytes (1 switches on core 0)
2026-03-31 06:15:32.651 7 INFO neutron.db.ovn_revision_numbers_db [None req-89ededa4-52cf-4a95-8d37-0a50bcfc7ce2 3020cf50a4204fa0906f02e54c04f78a c7ee67c2de984018aead6103ffab8a14 - - default default] Successfully bumped revision number for resource f85ec1f6-88e0-412f-a83e-e2068ff1d518 (type: security_groups) to 1
2026-03-31 06:15:32.663 7 INFO neutron.db.ovn_revision_numbers_db [None req-89ededa4-52cf-4a95-8d37-0a50bcfc7ce2 3020cf50a4204fa0906f02e54c04f78a c7ee67c2de984018aead6103ffab8a14 - - default default] Successfully bumped revision number for resource 077c4d14-cbc1-4b54-a63f-a7eff33e6c90 (type: security_group_rules) to 0
2026-03-31 06:15:32.678 7 INFO neutron.db.ovn_revision_numbers_db [None req-89ededa4-52cf-4a95-8d37-0a50bcfc7ce2 3020cf50a4204fa0906f02e54c04f78a c7ee67c2de984018aead6103ffab8a14 - - default default] Successfully bumped revision number for resource 8ba5a384-074e-41d3-b134-c249a3edffcb (type: security_group_rules) to 0
2026-03-31 06:15:32.692 7 INFO neutron.db.ovn_revision_numbers_db [None req-89ededa4-52cf-4a95-8d37-0a50bcfc7ce2 3020cf50a4204fa0906f02e54c04f78a c7ee67c2de984018aead6103ffab8a14 - - default default] Successfully bumped revision number for resource ca65d05b-b7a0-4429-bfa5-822db68b5c16 (type: security_group_rules) to 0
2026-03-31 06:15:32.703 7 INFO neutron.db.ovn_revision_numbers_db [None req-89ededa4-52cf-4a95-8d37-0a50bcfc7ce2 3020cf50a4204fa0906f02e54c04f78a c7ee67c2de984018aead6103ffab8a14 - - default default] Successfully bumped revision number for resource e850a3c5-a8fd-4528-bf17-365cae4ea04f (type: security_group_rules) to 0 [pid: 7|app: 0|req: 761/1669] 10.0.0.79 () {32 vars in 773 bytes} [Tue Mar 31 06:15:32 2026] GET /v2.0/security-groups?tenant_id=e3f132f58b0b46998d0ceadd4071e943&name=default => generated 2925 bytes in 272 msecs (HTTP/1.1 200) 4 headers in 158 bytes (1 switches on core 0)
2026-03-31 06:15:32.776 7 INFO neutron.pecan_wsgi.hooks.translation [None req-db74c974-5f46-446a-942f-41f22f456e9f 2cedf9bdbf344d6a8d83911fad6b4727 c2391f3c8034458889977a9c7654f2ed - - default default] GET failed (client error): The resource could not be found. [pid: 7|app: 0|req: 762/1670] 10.0.0.79 () {32 vars in 722 bytes} [Tue Mar 31 06:15:32 2026] GET /v2.0/networks/42e85d7b-c7bc-4fcd-b351-a35de28c751e => generated 138 bytes in 44 msecs (HTTP/1.1 404) 4 headers in 164 bytes (1 switches on core 0)
2026-03-31 06:15:32.878 7 INFO neutron_taas.services.taas.taas_plugin [None req-edd0067a-6d30-4a21-8c24-ffac80cbd2b6 070ba00d7af246398b66f01a9ac49b9b fb5aa193bc4740b99d1ec0cc26f5ed0c - - default default] TaaS: Handle Delete Port: 56d438a9-07bb-44ca-9d86-a206bb4308ef
2026-03-31 06:15:32.884 7 INFO neutron_taas.services.taas.tap_mirror_plugin [None req-edd0067a-6d30-4a21-8c24-ffac80cbd2b6 070ba00d7af246398b66f01a9ac49b9b fb5aa193bc4740b99d1ec0cc26f5ed0c - - default default] Tap Mirror: Handle Delete Port: 56d438a9-07bb-44ca-9d86-a206bb4308ef
2026-03-31 06:15:32.995 8 INFO neutron.plugins.ml2.drivers.ovn.mech_driver.ovsdb.commands [None req-bc7121aa-9ed0-4dee-a397-7ed6d485b8a2 - - - - - -] Schedule LRP lrp-6a974073-b560-4a74-807a-ea295b5abeee on gateway 991ada7e-2edb-497e-9f12-31c1b57f0ab8 with priority 1
2026-03-31 06:15:33.061 8 INFO neutron.db.ovn_revision_numbers_db [None req-1f7a4789-8e94-4974-bc5c-5d2bdaae6c09 06a8c04bdd1a41c0b3aca546668d9e00 4eff98234cd94fe4b60fe6524cf0257c - - default default] Successfully bumped revision number for resource 6a974073-b560-4a74-807a-ea295b5abeee (type: router_ports) to 1
2026-03-31 06:15:33.074 7 INFO neutron.plugins.ml2.drivers.ovn.mech_driver.ovsdb.ovsdb_monitor [None req-cca4e3ef-944b-4095-ba18-569416ef7a81 - - - - - -] Router f3700ba5-a691-40bd-af6a-520f52acf2ff is bound to host instance
2026-03-31 06:15:33.085 7 INFO neutron.plugins.ml2.drivers.ovn.mech_driver.mech_driver [None req-e2c40f37-ca48-4f87-82b3-6b61e449a85b - - - - - -] OVN reports status up for port: 6a974073-b560-4a74-807a-ea295b5abeee
2026-03-31 06:15:33.122 7 INFO neutron.plugins.ml2.plugin [None req-e2c40f37-ca48-4f87-82b3-6b61e449a85b - - - - - -] Attempt 1 to provision port 6a974073-b560-4a74-807a-ea295b5abeee
2026-03-31 06:15:33.143 8 INFO neutron.db.ovn_revision_numbers_db [None req-1f7a4789-8e94-4974-bc5c-5d2bdaae6c09 06a8c04bdd1a41c0b3aca546668d9e00 4eff98234cd94fe4b60fe6524cf0257c - - default default] Successfully bumped revision number for resource f3700ba5-a691-40bd-af6a-520f52acf2ff (type: routers) to 2 [pid: 8|app: 0|req: 909/1671] 10.0.0.79 () {34 vars in 668 bytes} [Tue Mar 31 06:15:31 2026] POST /v2.0/routers => generated 955 bytes in 1410 msecs (HTTP/1.1 201) 4 headers in 162 bytes (1 switches on core 0) [pid: 7|app: 0|req: 763/1672] 10.0.0.79 () {32 vars in 725 bytes} [Tue Mar 31 06:15:32 2026] DELETE /v2.0/networks/035644dc-95fc-445e-8d86-d14cb317f0e1 => generated 0 bytes in 570 msecs (HTTP/1.1 204) 3 headers in 131 bytes (1 switches on core 0) [pid: 8|app: 0|req: 910/1673] 10.0.0.79 () {32 vars in 739 bytes} [Tue Mar 31 06:15:33 2026] DELETE /v2.0/security-groups/f85ec1f6-88e0-412f-a83e-e2068ff1d518 => generated 0 bytes in 237 msecs (HTTP/1.1 204) 2 headers in 112 bytes (1 switches on core 0) [pid: 8|app: 0|req: 911/1674] 10.0.0.79 () {32 vars in 775 bytes} [Tue Mar 31 06:15:33 2026] GET /v2.0/subnets?project_id=4eff98234cd94fe4b60fe6524cf0257c&cidr=10.100.0.0%2F28 => generated 14 bytes in 127 msecs (HTTP/1.1 200) 4 headers in 156 bytes (1 switches on core 0)
2026-03-31 06:15:33.629 8 INFO neutron_taas.services.taas.taas_plugin [None req-e429074c-8c08-4cc4-a0ea-37fc89452e3b 070ba00d7af246398b66f01a9ac49b9b fb5aa193bc4740b99d1ec0cc26f5ed0c - - default default] TaaS: Handle Delete Port: 1ab26a90-8326-49b5-aad3-8a0f205fa048
2026-03-31 06:15:33.631 8 INFO neutron_taas.services.taas.tap_mirror_plugin [None req-e429074c-8c08-4cc4-a0ea-37fc89452e3b 070ba00d7af246398b66f01a9ac49b9b fb5aa193bc4740b99d1ec0cc26f5ed0c - - default default] Tap Mirror: Handle Delete Port: 1ab26a90-8326-49b5-aad3-8a0f205fa048
2026-03-31 06:15:33.816 8 INFO neutron.services.segments.plugin [-] Segment 0962f944-5e0e-42c5-b202-12b44d4a74a6 resource provider aggregate not found
2026-03-31 06:15:33.817 8 INFO neutron.services.segments.plugin [-] Segment 0962f944-5e0e-42c5-b202-12b44d4a74a6 resource provider aggregate not found
2026-03-31 06:15:33.837 8 INFO neutron.services.segments.plugin [-] Segment 0962f944-5e0e-42c5-b202-12b44d4a74a6 resource provider not found; error: Placement Client Error (4xx): {"errors": [{"status": 404, "title": "Not Found", "detail": "The resource could not be found.\n\n No resource provider with uuid 0962f944-5e0e-42c5-b202-12b44d4a74a6 found for delete ", "request_id": "req-a66f4a58-c81c-4ca4-a822-9ae6ac0bfe5e"}]}
2026-03-31 06:15:33.838 8 INFO neutron.services.segments.plugin [-] Segment 0962f944-5e0e-42c5-b202-12b44d4a74a6 resource provider not found; error: Placement Client Error (4xx): {"errors": [{"status": 404, "title": "Not Found", "detail": "The resource could not be found.\n\n No resource provider with uuid 0962f944-5e0e-42c5-b202-12b44d4a74a6 found for delete ", "request_id": "req-51cd1be2-8d6e-4993-81a7-cac3efe8cd3f"}]} [pid: 8|app: 0|req: 912/1675] 10.0.0.79 () {32 vars in 725 bytes} [Tue Mar 31 06:15:33 2026] DELETE /v2.0/networks/b3081ab6-4745-4aea-a015-22ac1b8bf6d4 => generated 0 bytes in 350 msecs (HTTP/1.1 204) 3 headers in 131 bytes (1 switches on core 0)
2026-03-31 06:15:34.008 8 INFO neutron.db.ovn_revision_numbers_db [None req-1dc107ae-d963-411f-ac86-d749c6903ad2 3020cf50a4204fa0906f02e54c04f78a c7ee67c2de984018aead6103ffab8a14 - - default default] Successfully bumped revision number for resource 41a58d16-14de-4362-bc41-ea2ae7d43ce9 (type: security_groups) to 1
2026-03-31 06:15:34.020 8 INFO neutron.db.ovn_revision_numbers_db [None req-1dc107ae-d963-411f-ac86-d749c6903ad2 3020cf50a4204fa0906f02e54c04f78a c7ee67c2de984018aead6103ffab8a14 - - default default] Successfully bumped revision number for resource 0676a43d-f666-4008-b407-1cfc832eacf2 (type: security_group_rules) to 0
2026-03-31 06:15:34.033 8 INFO neutron.db.ovn_revision_numbers_db [None req-1dc107ae-d963-411f-ac86-d749c6903ad2 3020cf50a4204fa0906f02e54c04f78a c7ee67c2de984018aead6103ffab8a14 - - default default] Successfully bumped revision number for resource 2c5107db-97d1-44a8-8df9-02382a15090c (type: security_group_rules) to 0
2026-03-31 06:15:34.046 8 INFO neutron.db.ovn_revision_numbers_db [None req-1dc107ae-d963-411f-ac86-d749c6903ad2 3020cf50a4204fa0906f02e54c04f78a c7ee67c2de984018aead6103ffab8a14 - - default default] Successfully bumped revision number for resource 3a862835-a51a-4096-b4d7-2b9e24190df4 (type: security_group_rules) to 0
2026-03-31 06:15:34.059 8 INFO neutron.db.ovn_revision_numbers_db [None req-1dc107ae-d963-411f-ac86-d749c6903ad2 3020cf50a4204fa0906f02e54c04f78a c7ee67c2de984018aead6103ffab8a14 - - default default] Successfully bumped revision number for resource 9e6216a7-f1f0-42e5-b100-29e886492cb1 (type: security_group_rules) to 0 [pid: 8|app: 0|req: 913/1676] 10.0.0.79 () {32 vars in 773 bytes} [Tue Mar 31 06:15:33 2026] GET /v2.0/security-groups?tenant_id=1fb0a8f159e54906845be95f98a73b9a&name=default => generated 2925 bytes in 220 msecs (HTTP/1.1 200) 4 headers in 158 bytes (1 switches on core 0) [pid: 8|app: 0|req: 914/1677] 10.0.0.79 () {32 vars in 693 bytes} [Tue Mar 31 06:15:34 2026] GET /v2.0/networks?router%3Aexternal=True => generated 753 bytes in 42 msecs (HTTP/1.1 200) 4 headers in 157 bytes (1 switches on core 0)
2026-03-31 06:15:34.215 7 INFO neutron_taas.services.taas.taas_plugin [None req-df336f9d-4890-44ea-9967-d684f6656915 9611f6b5b5b04898b7c074d0f98acde9 b943730be50a453196c75c8c4efb201b - - default default] TaaS: Handle Delete Port: bce6bece-d84f-4830-9a1d-1813cc485114
2026-03-31 06:15:34.223 7 INFO neutron_taas.services.taas.tap_mirror_plugin [None req-df336f9d-4890-44ea-9967-d684f6656915 9611f6b5b5b04898b7c074d0f98acde9 b943730be50a453196c75c8c4efb201b - - default default] Tap Mirror: Handle Delete Port: bce6bece-d84f-4830-9a1d-1813cc485114
2026-03-31 06:15:34.236 8 INFO neutron_taas.services.taas.taas_plugin [None req-723100be-86ce-44d0-b844-5dd48c521c93 070ba00d7af246398b66f01a9ac49b9b fb5aa193bc4740b99d1ec0cc26f5ed0c - - default default] TaaS: Handle Delete Port: 8e2dab47-55cc-48f1-80ee-3ce2b6fc4e29
2026-03-31 06:15:34.239 8 INFO neutron_taas.services.taas.tap_mirror_plugin [None req-723100be-86ce-44d0-b844-5dd48c521c93 070ba00d7af246398b66f01a9ac49b9b fb5aa193bc4740b99d1ec0cc26f5ed0c - - default default] Tap Mirror: Handle Delete Port: 8e2dab47-55cc-48f1-80ee-3ce2b6fc4e29 [pid: 8|app: 0|req: 915/1678] 10.0.0.79 () {32 vars in 725 bytes} [Tue Mar 31 06:15:34 2026] DELETE /v2.0/networks/ed516b69-2d45-4738-a8ac-9a51bc8e6345 => generated 0 bytes in 306 msecs (HTTP/1.1 204) 3 headers in 131 bytes (1 switches on core 0)
2026-03-31 06:15:34.448 7 INFO neutron.services.segments.plugin [-] Segment 6211852b-4de4-4781-9927-74f6cd5e3cb8 resource provider aggregate not found
2026-03-31 06:15:34.455 7 INFO neutron.services.segments.plugin [-] Segment 6211852b-4de4-4781-9927-74f6cd5e3cb8 resource provider aggregate not found
2026-03-31 06:15:34.476 7 INFO neutron.services.segments.plugin [-] Segment 6211852b-4de4-4781-9927-74f6cd5e3cb8 resource provider not found; error: Placement Client Error (4xx): {"errors": [{"status": 404, "title": "Not Found", "detail": "The resource could not be found.\n\n No resource provider with uuid 6211852b-4de4-4781-9927-74f6cd5e3cb8 found for delete ", "request_id": "req-10343b5f-c22d-44b5-bf12-cd130df6fab5"}]}
2026-03-31 06:15:34.485 7 INFO neutron.services.segments.plugin [-] Segment 6211852b-4de4-4781-9927-74f6cd5e3cb8 resource provider not found; error: Placement Client Error (4xx): {"errors": [{"status": 404, "title": "Not Found", "detail": "The resource could not be found.\n\n No resource provider with uuid 6211852b-4de4-4781-9927-74f6cd5e3cb8 found for delete ", "request_id": "req-4e9a575a-ff4b-4a19-876a-5c352c1ff9f2"}]} [pid: 8|app: 0|req: 916/1679] 10.0.0.79 () {32 vars in 739 bytes} [Tue Mar 31 06:15:34 2026] DELETE /v2.0/security-groups/41a58d16-14de-4362-bc41-ea2ae7d43ce9 => generated 0 bytes in 254 msecs (HTTP/1.1 204) 2 headers in 112 bytes (1 switches on core 0) [pid: 8|app: 0|req: 917/1680] 10.0.0.79 () {32 vars in 783 bytes} [Tue Mar 31 06:15:34 2026] GET /v2.0/subnets?network_id=ea375b39-6afe-4858-8cfc-050f89a402ca&cidr=10.100.0.0%2F28 => generated 14 bytes in 21 msecs (HTTP/1.1 200) 4 headers in 156 bytes (1 switches on core 0)
2026-03-31 06:15:34.925 8 WARNING neutron.scheduler.dhcp_agent_scheduler [None req-66680802-07ba-48a2-9acb-0eb20b548009 06a8c04bdd1a41c0b3aca546668d9e00 4eff98234cd94fe4b60fe6524cf0257c - - default default] No more DHCP agents
2026-03-31 06:15:34.927 8 WARNING neutron.api.rpc.agentnotifiers.dhcp_rpc_agent_api [None req-66680802-07ba-48a2-9acb-0eb20b548009 06a8c04bdd1a41c0b3aca546668d9e00 4eff98234cd94fe4b60fe6524cf0257c - - default default] Unable to schedule network 440e0aad-2466-4e91-881a-d719eb68e2ef: no agents available; will retry on subsequent port and subnet creation events. [pid: 7|app: 0|req: 764/1681] 10.0.0.79 () {32 vars in 725 bytes} [Tue Mar 31 06:15:33 2026] DELETE /v2.0/networks/42e85d7b-c7bc-4fcd-b351-a35de28c751e => generated 0 bytes in 1593 msecs (HTTP/1.1 204) 3 headers in 131 bytes (1 switches on core 0)
2026-03-31 06:15:34.975 7 INFO neutron.pecan_wsgi.hooks.translation [None req-b4c0bdd1-7111-4536-a82e-ef41cd5e71d1 9611f6b5b5b04898b7c074d0f98acde9 b943730be50a453196c75c8c4efb201b - - default default] DELETE failed (client error): The resource could not be found. [pid: 7|app: 0|req: 765/1682] 10.0.0.79 () {32 vars in 723 bytes} [Tue Mar 31 06:15:34 2026] DELETE /v2.0/subnets/19fd63b2-178f-4211-8be1-09eb58c9cae3 => generated 136 bytes in 36 msecs (HTTP/1.1 404) 4 headers in 164 bytes (1 switches on core 0)
2026-03-31 06:15:35.003 7 INFO neutron.pecan_wsgi.hooks.translation [None req-9bd0b832-0b4e-443f-bc74-b63f637f4635 9611f6b5b5b04898b7c074d0f98acde9 b943730be50a453196c75c8c4efb201b - - default default] DELETE failed (client error): The resource could not be found. [pid: 7|app: 0|req: 766/1683] 10.0.0.79 () {32 vars in 723 bytes} [Tue Mar 31 06:15:34 2026] DELETE /v2.0/subnets/b229cfd8-c1d8-49f2-a155-3806f4e41aef => generated 136 bytes in 24 msecs (HTTP/1.1 404) 4 headers in 164 bytes (1 switches on core 0)
2026-03-31 06:15:35.118 7 INFO neutron.db.ovn_revision_numbers_db [None req-4a3002b2-960e-4117-b61a-bb2bd38a2bdd - - - - - -] Successfully bumped revision number for resource 6a974073-b560-4a74-807a-ea295b5abeee (type: ports) to 4 [pid: 7|app: 0|req: 767/1684] 10.0.0.79 () {32 vars in 773 bytes} [Tue Mar 31 06:15:35 2026] GET /v2.0/security-groups?tenant_id=fb5aa193bc4740b99d1ec0cc26f5ed0c&name=default => generated 2925 bytes in 209 msecs (HTTP/1.1 200) 4 headers in 158 bytes (1 switches on core 0)
2026-03-31 06:15:35.245 7 INFO neutron.pecan_wsgi.hooks.translation [None req-6af3fad4-1959-4479-be26-3c4d8331949b 9611f6b5b5b04898b7c074d0f98acde9 b943730be50a453196c75c8c4efb201b - - default default] DELETE failed (client error): The resource could not be found. [pid: 7|app: 0|req: 768/1685] 10.0.0.79 () {32 vars in 723 bytes} [Tue Mar 31 06:15:35 2026] DELETE /v2.0/subnets/747fcc2e-0327-4a25-940d-6fad197765d8 => generated 136 bytes in 32 msecs (HTTP/1.1 404) 4 headers in 164 bytes (1 switches on core 0)
2026-03-31 06:15:35.439 8 INFO neutron.db.ovn_revision_numbers_db [None req-0ee25d03-9b92-408d-89f2-21cbdda6f9a8 - - - - - -] Successfully bumped revision number for resource 18ea61f2-947c-4cbe-80a5-1b6587b94bc4 (type: ports) to 2
2026-03-31 06:15:35.478 8 INFO neutron.db.ovn_revision_numbers_db [None req-0ee25d03-9b92-408d-89f2-21cbdda6f9a8 - - - - - -] Successfully bumped revision number for resource 5ec1892c-f476-4b6c-ab26-8a4e0b300f8c (type: subnets) to 0 [pid: 8|app: 0|req: 918/1686] 10.0.0.79 () {34 vars in 668 bytes} [Tue Mar 31 06:15:34 2026] POST /v2.0/subnets => generated 657 bytes in 769 msecs (HTTP/1.1 201) 4 headers in 162 bytes (1 switches on core 0) [pid: 7|app: 0|req: 769/1689] 10.0.0.79 () {32 vars in 739 bytes} [Tue Mar 31 06:15:35 2026] DELETE /v2.0/security-groups/b2672daf-04e7-436a-b13e-ccc8ba034450 => generated 0 bytes in 428 msecs (HTTP/1.1 204) 2 headers in 112 bytes (1 switches on core 0)
2026-03-31 06:15:35.688 7 INFO neutron.db.ovn_revision_numbers_db [None req-4a3002b2-960e-4117-b61a-bb2bd38a2bdd - - - - - -] Successfully bumped revision number for resource 6a974073-b560-4a74-807a-ea295b5abeee (type: ports) to 5
2026-03-31 06:15:35.873 8 INFO neutron.services.segments.plugin [-] Segment 6127c015-5ddd-48d2-88c7-34ce77228850 resource provider aggregate not found
2026-03-31 06:15:35.883 8 INFO neutron.services.segments.plugin [-] Segment 6127c015-5ddd-48d2-88c7-34ce77228850 resource provider aggregate not found
2026-03-31 06:15:35.902 8 INFO neutron.services.segments.plugin [-] Segment 6127c015-5ddd-48d2-88c7-34ce77228850 resource provider not found; error: Placement Client Error (4xx): {"errors": [{"status": 404, "title": "Not Found", "detail": "The resource could not be found.\n\n No resource provider with uuid 6127c015-5ddd-48d2-88c7-34ce77228850 found for delete ", "request_id": "req-ca5ef7cc-3746-4b6d-a40d-0cdb0670399e"}]}
2026-03-31 06:15:35.903 8 INFO neutron.services.segments.plugin [-] Segment 6127c015-5ddd-48d2-88c7-34ce77228850 resource provider not found; error: Placement Client Error (4xx): {"errors": [{"status": 404, "title": "Not Found", "detail": "The resource could not be found.\n\n No resource provider with uuid 6127c015-5ddd-48d2-88c7-34ce77228850 found for delete ", "request_id": "req-22e331d4-122e-4e0a-afc8-76242255a8c1"}]}
2026-03-31 06:15:36.059 8 WARNING neutron.scheduler.dhcp_agent_scheduler [None req-ffe6ff89-1804-4d31-8973-7b816a4530e5 06a8c04bdd1a41c0b3aca546668d9e00 4eff98234cd94fe4b60fe6524cf0257c - - default default] No more DHCP agents
2026-03-31 06:15:36.060 8 WARNING neutron.api.rpc.agentnotifiers.dhcp_rpc_agent_api [None req-ffe6ff89-1804-4d31-8973-7b816a4530e5 06a8c04bdd1a41c0b3aca546668d9e00 4eff98234cd94fe4b60fe6524cf0257c - - default default] Unable to schedule network 440e0aad-2466-4e91-881a-d719eb68e2ef: no agents available; will retry on subsequent port and subnet creation events.
2026-03-31 06:15:36.169 8 INFO neutron.plugins.ml2.drivers.ovn.mech_driver.mech_driver [None req-f4b43ceb-45d4-45da-931d-c6862f7e595f - - - - - -] OVN reports status down for port: f4a60e8a-995c-4218-8efb-dfe959b7b745
2026-03-31 06:15:36.229 8 INFO neutron.db.ovn_revision_numbers_db [None req-ffe6ff89-1804-4d31-8973-7b816a4530e5 06a8c04bdd1a41c0b3aca546668d9e00 4eff98234cd94fe4b60fe6524cf0257c - - default default] Successfully bumped revision number for resource f4a60e8a-995c-4218-8efb-dfe959b7b745 (type: ports) to 1
2026-03-31 06:15:36.259 7 INFO neutron.db.ovn_revision_numbers_db [None req-2d6f448f-b1b0-4705-b021-b985bb3dac33 3020cf50a4204fa0906f02e54c04f78a c7ee67c2de984018aead6103ffab8a14 - - default default] Successfully bumped revision number for resource c21ce73f-6f9e-4595-9252-fd6cbe0edce0 (type: security_groups) to 1
2026-03-31 06:15:36.282 7 INFO neutron.db.ovn_revision_numbers_db [None req-2d6f448f-b1b0-4705-b021-b985bb3dac33 3020cf50a4204fa0906f02e54c04f78a c7ee67c2de984018aead6103ffab8a14 - - default default] Successfully bumped revision number for resource 362e18c7-2c8f-4a27-a8c2-ce1a383e8720 (type: security_group_rules) to 0
2026-03-31 06:15:36.296 7 INFO neutron.db.ovn_revision_numbers_db [None req-2d6f448f-b1b0-4705-b021-b985bb3dac33 3020cf50a4204fa0906f02e54c04f78a c7ee67c2de984018aead6103ffab8a14 - - default default] Successfully bumped revision number for resource 55c65d59-1b44-4bb0-97bf-3d22c3eb0792 (type: security_group_rules) to 0
2026-03-31 06:15:36.308 7 INFO neutron.db.ovn_revision_numbers_db [None req-2d6f448f-b1b0-4705-b021-b985bb3dac33 3020cf50a4204fa0906f02e54c04f78a c7ee67c2de984018aead6103ffab8a14 - - default default] Successfully bumped revision number for resource 5c184a1b-bad0-407b-98b3-11e4722c264c (type: security_group_rules) to 0
2026-03-31 06:15:36.321 7 INFO neutron.db.ovn_revision_numbers_db [None req-2d6f448f-b1b0-4705-b021-b985bb3dac33 3020cf50a4204fa0906f02e54c04f78a c7ee67c2de984018aead6103ffab8a14 - - default default] Successfully bumped revision number for resource 888171ca-76ce-4355-aa0d-acdcd58c855b (type: security_group_rules) to 0 [pid: 7|app: 0|req: 770/1690] 10.0.0.79 () {32 vars in 773 bytes} [Tue Mar 31 06:15:35 2026] GET /v2.0/security-groups?tenant_id=24d6fc711668434897f403f5da223b2d&name=default => generated 2925 bytes in 386 msecs (HTTP/1.1 200) 4 headers in 158 bytes (1 switches on core 0)
2026-03-31 06:15:36.496 7 INFO neutron.services.segments.plugin [-] Segment 3f11e611-e2fd-44e5-86f1-148058f14736 resource provider aggregate not found
2026-03-31 06:15:36.513 7 INFO neutron.services.segments.plugin [-] Segment 3f11e611-e2fd-44e5-86f1-148058f14736 resource provider not found; error: Placement Client Error (4xx): {"errors": [{"status": 404, "title": "Not Found", "detail": "The resource could not be found.\n\n No resource provider with uuid 3f11e611-e2fd-44e5-86f1-148058f14736 found for delete ", "request_id": "req-3fc04e1c-cab5-4343-9f2a-94fe54003fcc"}]}
2026-03-31 06:15:36.516 7 INFO neutron.services.segments.plugin [-] Segment 3f11e611-e2fd-44e5-86f1-148058f14736 resource provider aggregate not found
2026-03-31 06:15:36.537 7 INFO neutron.services.segments.plugin [-] Segment 3f11e611-e2fd-44e5-86f1-148058f14736 resource provider not found; error: Placement Client Error (4xx): {"errors": [{"status": 404, "title": "Not Found", "detail": "The resource could not be found.\n\n No resource provider with uuid 3f11e611-e2fd-44e5-86f1-148058f14736 found for delete ", "request_id": "req-c14573c9-a070-4635-b04a-3c5b5314bad8"}]} [pid: 7|app: 0|req: 771/1691] 10.0.0.79 () {32 vars in 739 bytes} [Tue Mar 31 06:15:36 2026] DELETE /v2.0/security-groups/c21ce73f-6f9e-4595-9252-fd6cbe0edce0 => generated 0 bytes in 245 msecs (HTTP/1.1 204) 2 headers in 112 bytes (1 switches on core 0)
2026-03-31 06:15:36.896 7 INFO neutron.db.ovn_revision_numbers_db [None req-f4d1e320-c201-4ca2-9c3a-5c7ad059826a 3020cf50a4204fa0906f02e54c04f78a c7ee67c2de984018aead6103ffab8a14 - - default default] Successfully bumped revision number for resource 5ee647f1-6872-4e9c-8e2f-294fb6e3cc9a (type: security_groups) to 1
2026-03-31 06:15:36.911 7 INFO neutron.db.ovn_revision_numbers_db [None req-f4d1e320-c201-4ca2-9c3a-5c7ad059826a 3020cf50a4204fa0906f02e54c04f78a c7ee67c2de984018aead6103ffab8a14 - - default default] Successfully bumped revision number for resource 1280b7ff-439a-400b-9510-f5cf18644563 (type: security_group_rules) to 0
2026-03-31 06:15:36.923 7 INFO neutron.db.ovn_revision_numbers_db [None req-f4d1e320-c201-4ca2-9c3a-5c7ad059826a 3020cf50a4204fa0906f02e54c04f78a c7ee67c2de984018aead6103ffab8a14 - - default default] Successfully bumped revision number for resource 576a2650-bc79-473d-9239-4320b097304a (type: security_group_rules) to 0
2026-03-31 06:15:36.939 7 INFO neutron.db.ovn_revision_numbers_db [None req-f4d1e320-c201-4ca2-9c3a-5c7ad059826a 3020cf50a4204fa0906f02e54c04f78a c7ee67c2de984018aead6103ffab8a14 - - default default] Successfully bumped revision number for resource b390a8c5-1b56-41cb-914c-254d46613ff3 (type: security_group_rules) to 0
2026-03-31 06:15:36.943 8 INFO neutron.plugins.ml2.drivers.ovn.mech_driver.mech_driver [None req-f4b43ceb-45d4-45da-931d-c6862f7e595f - - - - - -] OVN reports status up for port: f4a60e8a-995c-4218-8efb-dfe959b7b745
2026-03-31 06:15:36.957 7 INFO neutron.db.ovn_revision_numbers_db [None req-f4d1e320-c201-4ca2-9c3a-5c7ad059826a 3020cf50a4204fa0906f02e54c04f78a c7ee67c2de984018aead6103ffab8a14 - - default default] Successfully bumped revision number for resource fbd88e7b-bb5a-4030-bb22-8140de7f1b39 (type: security_group_rules) to 0
2026-03-31 06:15:36.966 8 INFO neutron.plugins.ml2.plugin [None req-f4b43ceb-45d4-45da-931d-c6862f7e595f - - - - - -] Attempt 1 to provision port f4a60e8a-995c-4218-8efb-dfe959b7b745 [pid: 7|app: 0|req: 772/1692] 10.0.0.79 () {32 vars in 773 bytes} [Tue Mar 31 06:15:36 2026] GET /v2.0/security-groups?tenant_id=c2391f3c8034458889977a9c7654f2ed&name=default => generated 2925 bytes in 232 msecs (HTTP/1.1 200) 4 headers in 158 bytes (1 switches on core 0)
2026-03-31 06:15:37.101 8 WARNING neutron.scheduler.dhcp_agent_scheduler [None req-ffe6ff89-1804-4d31-8973-7b816a4530e5 06a8c04bdd1a41c0b3aca546668d9e00 4eff98234cd94fe4b60fe6524cf0257c - - default default] No more DHCP agents
2026-03-31 06:15:37.109 8 WARNING neutron.api.rpc.agentnotifiers.dhcp_rpc_agent_api [None req-ffe6ff89-1804-4d31-8973-7b816a4530e5 06a8c04bdd1a41c0b3aca546668d9e00 4eff98234cd94fe4b60fe6524cf0257c - - default default] Unable to schedule network 440e0aad-2466-4e91-881a-d719eb68e2ef: no agents available; will retry on subsequent port and subnet creation events. [pid: 7|app: 0|req: 773/1693] 10.0.0.79 () {32 vars in 739 bytes} [Tue Mar 31 06:15:36 2026] DELETE /v2.0/security-groups/5ee647f1-6872-4e9c-8e2f-294fb6e3cc9a => generated 0 bytes in 256 msecs (HTTP/1.1 204) 2 headers in 112 bytes (1 switches on core 0) [pid: 7|app: 0|req: 774/1694] 10.0.0.79 () {32 vars in 773 bytes} [Tue Mar 31 06:15:37 2026] GET /v2.0/security-groups?tenant_id=b943730be50a453196c75c8c4efb201b&name=default => generated 2925 bytes in 23 msecs (HTTP/1.1 200) 4 headers in 158 bytes (1 switches on core 0) [pid: 7|app: 0|req: 775/1695] 10.0.0.79 () {32 vars in 739 bytes} [Tue Mar 31 06:15:37 2026] DELETE /v2.0/security-groups/d1357912-58bf-4064-bb50-40d9be28d7d2 => generated 0 bytes in 185 msecs (HTTP/1.1 204) 2 headers in 112 bytes (1 switches on core 0) [pid: 7|app: 0|req: 776/1696] 10.0.0.79 () {32 vars in 622 bytes} [Tue Mar 31 06:15:37 2026] GET / => generated 151 bytes in 1 msecs (HTTP/1.1 200) 3 headers in 91 bytes (1 switches on core 0) [pid: 7|app: 0|req: 777/1697] 10.0.0.79 () {32 vars in 632 bytes} [Tue Mar 31 06:15:37 2026] GET /v2.0/ => generated 632 bytes in 89 msecs (HTTP/1.1 200) 4 headers in 157 bytes (1 switches on core 0)
2026-03-31 06:15:37.801 8 INFO neutron.db.ovn_revision_numbers_db [None req-f4b43ceb-45d4-45da-931d-c6862f7e595f - - - - - -] Successfully bumped revision number for resource f4a60e8a-995c-4218-8efb-dfe959b7b745 (type: ports) to 2
2026-03-31 06:15:37.980 8 INFO neutron.db.ovn_revision_numbers_db [None req-ffe6ff89-1804-4d31-8973-7b816a4530e5 06a8c04bdd1a41c0b3aca546668d9e00 4eff98234cd94fe4b60fe6524cf0257c - - default default] Successfully bumped revision number for resource f4a60e8a-995c-4218-8efb-dfe959b7b745 (type: router_ports) to 1 [pid: 8|app: 0|req: 921/1698] 10.0.0.79 () {34 vars in 782 bytes} [Tue Mar 31 06:15:35 2026] PUT /v2.0/routers/f3700ba5-a691-40bd-af6a-520f52acf2ff/add_router_interface => generated 309 bytes in 2486 msecs (HTTP/1.1 200) 4 headers in 157 bytes (1 switches on core 0) [pid: 7|app: 0|req: 778/1699] 10.0.0.79 () {32 vars in 648 bytes} [Tue Mar 31 06:15:37 2026] GET /v2.0/networks => generated 2920 bytes in 56 msecs (HTTP/1.1 200) 4 headers in 158 bytes (1 switches on core 0) [pid: 8|app: 0|req: 922/1700] 10.0.0.79 () {32 vars in 646 bytes} [Tue Mar 31 06:15:38 2026] GET /v2.0/subnets => generated 1973 bytes in 33 msecs (HTTP/1.1 200) 4 headers in 158 bytes (1 switches on core 0) [pid: 7|app: 0|req: 779/1701] 10.0.0.79 () {32 vars in 646 bytes} [Tue Mar 31 06:15:38 2026] GET /v2.0/routers => generated 976 bytes in 73 msecs (HTTP/1.1 200) 4 headers in 157 bytes (1 switches on core 0)
2026-03-31 06:15:38.375 8 INFO neutron.db.ovn_revision_numbers_db [None req-d4c88aec-877e-4cc3-9cbe-d3432d49a8b4 06a8c04bdd1a41c0b3aca546668d9e00 4eff98234cd94fe4b60fe6524cf0257c - - default default] Successfully bumped revision number for resource 456176c3-187c-45fc-81ce-6b52a6051c20 (type: security_groups) to 1
2026-03-31 06:15:38.391 8 INFO neutron.db.ovn_revision_numbers_db [None req-d4c88aec-877e-4cc3-9cbe-d3432d49a8b4 06a8c04bdd1a41c0b3aca546668d9e00 4eff98234cd94fe4b60fe6524cf0257c - - default default] Successfully bumped revision number for resource cca16c43-f7d0-49f3-b93f-3e24347aafb2 (type: security_group_rules) to 0
2026-03-31 06:15:38.403 8 INFO neutron.db.ovn_revision_numbers_db [None req-d4c88aec-877e-4cc3-9cbe-d3432d49a8b4 06a8c04bdd1a41c0b3aca546668d9e00 4eff98234cd94fe4b60fe6524cf0257c - - default default] Successfully bumped revision number for resource e224a14c-a974-4f9e-a195-edf521fc584b (type: security_group_rules) to 0 [pid: 8|app: 0|req: 923/1702] 10.0.0.79 () {34 vars in 684 bytes} [Tue Mar 31 06:15:38 2026] POST /v2.0/security-groups => generated 1675 bytes in 203 msecs (HTTP/1.1 201) 4 headers in 163 bytes (1 switches on core 0)
2026-03-31 06:15:38.606 7 INFO neutron.db.ovn_revision_numbers_db [None req-9013cdeb-6f07-4fe5-8934-4d0c8e44c28e 3020cf50a4204fa0906f02e54c04f78a c7ee67c2de984018aead6103ffab8a14 - - default default] Successfully bumped revision number for resource cdd49368-1f54-4f72-9997-a45b847f90a8 (type: security_groups) to 1
2026-03-31 06:15:38.618 7 INFO neutron.db.ovn_revision_numbers_db [None req-9013cdeb-6f07-4fe5-8934-4d0c8e44c28e 3020cf50a4204fa0906f02e54c04f78a c7ee67c2de984018aead6103ffab8a14 - - default default] Successfully bumped revision number for resource 2c38deb0-1061-4cbc-a3b0-e510d271c416 (type: security_group_rules) to 0
2026-03-31 06:15:38.621 8 INFO neutron.db.ovn_revision_numbers_db [None req-29ad7bdd-fee7-4cef-b6d8-711c54bd2a9c 06a8c04bdd1a41c0b3aca546668d9e00 4eff98234cd94fe4b60fe6524cf0257c - - default default] Successfully bumped revision number for resource d01fba61-8832-45c1-bc94-f71ebcacf9ac (type: security_group_rules) to 0
2026-03-31 06:15:38.632 7 INFO neutron.db.ovn_revision_numbers_db [None req-9013cdeb-6f07-4fe5-8934-4d0c8e44c28e 3020cf50a4204fa0906f02e54c04f78a c7ee67c2de984018aead6103ffab8a14 - - default default] Successfully bumped revision number for resource 477eca9c-e956-451d-8c22-a81e89e78025 (type: security_group_rules) to 0
2026-03-31 06:15:38.643 7 INFO neutron.db.ovn_revision_numbers_db [None req-9013cdeb-6f07-4fe5-8934-4d0c8e44c28e 3020cf50a4204fa0906f02e54c04f78a c7ee67c2de984018aead6103ffab8a14 - - default default] Successfully bumped revision number for resource 6543b112-429d-4123-836c-b8d5bf4f52f0 (type: security_group_rules) to 0
2026-03-31 06:15:38.656 7 INFO neutron.db.ovn_revision_numbers_db [None req-9013cdeb-6f07-4fe5-8934-4d0c8e44c28e 3020cf50a4204fa0906f02e54c04f78a c7ee67c2de984018aead6103ffab8a14 - - default default] Successfully bumped revision number for resource 920ab092-7d5d-42df-986c-e0f6d5904a4c (type: security_group_rules) to 0 [pid: 8|app: 0|req: 924/1703] 10.0.0.79 () {34 vars in 694 bytes} [Tue Mar 31 06:15:38 2026] POST /v2.0/security-group-rules => generated 597 bytes in 205 msecs (HTTP/1.1 201) 4 headers in 162 bytes (1 switches on core 0) [pid: 7|app: 0|req: 780/1704] 10.0.0.79 () {32 vars in 773 bytes} [Tue Mar 31 06:15:38 2026] GET /v2.0/security-groups?tenant_id=708220ec79b541d499d3e32f6df2b78b&name=default => generated 2925 bytes in 405 msecs (HTTP/1.1 200) 4 headers in 158 bytes (1 switches on core 0)
2026-03-31 06:15:38.845 7 INFO neutron.db.ovn_revision_numbers_db [None req-11e1bd77-63c1-4eeb-9a5b-b4c4c908ed66 06a8c04bdd1a41c0b3aca546668d9e00 4eff98234cd94fe4b60fe6524cf0257c - - default default] Successfully bumped revision number for resource 2e63ece3-c210-4a44-8c47-5938dc8f8dd8 (type: security_group_rules) to 0
2026-03-31 06:15:38.875 8 INFO neutron.db.ovn_revision_numbers_db [None req-34be21a5-89a9-4f25-a1ab-01577f46eadd 3020cf50a4204fa0906f02e54c04f78a c7ee67c2de984018aead6103ffab8a14 - - default default] Successfully bumped revision number for resource e79be0fb-dde6-4c16-ba29-2c9a325f827e (type: security_groups) to 1 [pid: 7|app: 0|req: 781/1705] 10.0.0.79 () {34 vars in 694 bytes} [Tue Mar 31 06:15:38 2026] POST /v2.0/security-group-rules => generated 596 bytes in 189 msecs (HTTP/1.1 201) 4 headers in 162 bytes (1 switches on core 0)
2026-03-31 06:15:38.895 8 INFO neutron.db.ovn_revision_numbers_db [None req-34be21a5-89a9-4f25-a1ab-01577f46eadd 3020cf50a4204fa0906f02e54c04f78a c7ee67c2de984018aead6103ffab8a14 - - default default] Successfully bumped revision number for resource 7667b25d-c96f-423a-a72a-a59aea847aeb (type: security_group_rules) to 0
2026-03-31 06:15:38.910 8 INFO neutron.db.ovn_revision_numbers_db [None req-34be21a5-89a9-4f25-a1ab-01577f46eadd 3020cf50a4204fa0906f02e54c04f78a c7ee67c2de984018aead6103ffab8a14 - - default default] Successfully bumped revision number for resource 79d10f14-0216-49da-b973-91b99c07a26c (type: security_group_rules) to 0
2026-03-31 06:15:38.920 8 INFO neutron.db.ovn_revision_numbers_db [None req-34be21a5-89a9-4f25-a1ab-01577f46eadd 3020cf50a4204fa0906f02e54c04f78a c7ee67c2de984018aead6103ffab8a14 - - default default] Successfully bumped revision number for resource d98ffbd8-e65d-4219-ad8f-1d249565f100 (type: security_group_rules) to 0
2026-03-31 06:15:38.931 8 INFO neutron.db.ovn_revision_numbers_db [None req-34be21a5-89a9-4f25-a1ab-01577f46eadd 3020cf50a4204fa0906f02e54c04f78a c7ee67c2de984018aead6103ffab8a14 - - default default] Successfully bumped revision number for resource ea086d1d-4e42-42d6-89f9-3f393f3936b5 (type: security_group_rules) to 0 [pid: 8|app: 0|req: 925/1706] 10.0.0.79 () {32 vars in 773 bytes} [Tue Mar 31 06:15:38 2026] GET /v2.0/security-groups?tenant_id=70f77a9e9c354375911ca1c247f5395d&name=default => generated 2925 bytes in 313 msecs (HTTP/1.1 200) 4 headers in 158 bytes (1 switches on core 0)
2026-03-31 06:15:39.126 8 INFO neutron.db.ovn_revision_numbers_db [None req-16b9d3d0-0653-45c6-950d-bf98c9e4f1f2 06a8c04bdd1a41c0b3aca546668d9e00 4eff98234cd94fe4b60fe6524cf0257c - - default default] Successfully bumped revision number for resource 1160504a-bdd3-4592-ae98-e83c46e92fbb (type: security_group_rules) to 0 [pid: 7|app: 0|req: 782/1707] 10.0.0.79 () {32 vars in 739 bytes} [Tue Mar 31 06:15:38 2026] DELETE /v2.0/security-groups/cdd49368-1f54-4f72-9997-a45b847f90a8 => generated 0 bytes in 269 msecs (HTTP/1.1 204) 2 headers in 112 bytes (1 switches on core 0) [pid: 8|app: 0|req: 926/1708] 10.0.0.79 () {34 vars in 694 bytes} [Tue Mar 31 06:15:38 2026] POST /v2.0/security-group-rules => generated 602 bytes in 179 msecs (HTTP/1.1 201) 4 headers in 162 bytes (1 switches on core 0) [pid: 8|app: 0|req: 927/1709] 10.0.0.54 () {28 vars in 580 bytes} [Tue Mar 31 06:15:39 2026] GET /v2.0/agents => generated 1214 bytes in 118 msecs (HTTP/1.1 200) 4 headers in 158 bytes (1 switches on core 0) [pid: 7|app: 0|req: 783/1710] 10.0.0.79 () {32 vars in 739 bytes} [Tue Mar 31 06:15:39 2026] DELETE /v2.0/security-groups/e79be0fb-dde6-4c16-ba29-2c9a325f827e => generated 0 bytes in 296 msecs (HTTP/1.1 204) 2 headers in 112 bytes (1 switches on core 0) [pid: 7|app: 0|req: 784/1711] 10.0.0.54 () {28 vars in 582 bytes} [Tue Mar 31 06:15:39 2026] GET /v2.0/subnets => generated 1973 bytes in 41 msecs (HTTP/1.1 200) 4 headers in 158 bytes (1 switches on core 0) [pid: 7|app: 0|req: 785/1712] 10.0.0.54 () {28 vars in 590 bytes} [Tue Mar 31 06:15:39 2026] GET /v2.0/subnetpools => generated 19 bytes in 8 msecs (HTTP/1.1 200) 4 headers in 156 bytes (1 switches on core 0)
2026-03-31 06:15:39.504 8 INFO neutron.db.ovn_revision_numbers_db [None req-fe6787b2-de92-49fe-bde9-4bee00b6679d 06a8c04bdd1a41c0b3aca546668d9e00 4eff98234cd94fe4b60fe6524cf0257c - - default default] Successfully bumped revision number for resource 65798ce1-b3f7-445e-bcb1-08044d0dcaeb (type: security_group_rules) to 0 [pid: 7|app: 0|req: 786/1713] 10.0.0.54 () {28 vars in 598 bytes} [Tue Mar 31 06:15:39 2026] GET /v2.0/security-groups => generated 24408 bytes in 44 msecs (HTTP/1.1 200) 4 headers in 159 bytes (1 switches on core 0) [pid: 8|app: 0|req: 928/1714] 10.0.0.79 () {34 vars in 694 bytes} [Tue Mar 31 06:15:39 2026] POST /v2.0/security-group-rules => generated 601 bytes in 279 msecs (HTTP/1.1 201) 4 headers in 162 bytes (1 switches on core 0)
2026-03-31 06:15:39.585 7 INFO neutron.db.securitygroups_db [None req-fdea704b-5ff4-46e7-846a-b5eead9d371b 06a8c04bdd1a41c0b3aca546668d9e00 4eff98234cd94fe4b60fe6524cf0257c - - default default] Project 4eff98234cd94fe4b60fe6524cf0257c added a security group rule with legacy IPv6 ICMP protocol name icmp, ipv6-icmp should be used instead. It was automatically converted. [pid: 8|app: 0|req: 929/1715] 10.0.0.54 () {28 vars in 578 bytes} [Tue Mar 31 06:15:39 2026] GET /v2.0/ports => generated 8400 bytes in 65 msecs (HTTP/1.1 200) 4 headers in 158 bytes (1 switches on core 0)
2026-03-31 06:15:39.684 7 INFO neutron.db.ovn_revision_numbers_db [None req-fdea704b-5ff4-46e7-846a-b5eead9d371b 06a8c04bdd1a41c0b3aca546668d9e00 4eff98234cd94fe4b60fe6524cf0257c - - default default] Successfully bumped revision number for resource 5431e96e-89ee-4240-b549-54481baff83c (type: security_group_rules) to 0 [pid: 7|app: 0|req: 787/1716] 10.0.0.79 () {34 vars in 694 bytes} [Tue Mar 31 06:15:39 2026] POST /v2.0/security-group-rules => generated 607 bytes in 164 msecs (HTTP/1.1 201) 4 headers in 162 bytes (1 switches on core 0) [pid: 7|app: 0|req: 788/1717] 10.0.0.54 () {28 vars in 590 bytes} [Tue Mar 31 06:15:39 2026] GET /v2.0/floatingips => generated 19 bytes in 19 msecs (HTTP/1.1 200) 4 headers in 156 bytes (1 switches on core 0)
2026-03-31 06:15:39.776 7 INFO neutron.db.securitygroups_db [None req-12f1ea80-3d93-4b7b-94e8-98b9f20d2b99 06a8c04bdd1a41c0b3aca546668d9e00 4eff98234cd94fe4b60fe6524cf0257c - - default default] Project 4eff98234cd94fe4b60fe6524cf0257c added a security group rule with legacy IPv6 ICMP protocol name icmp, ipv6-icmp should be used instead. It was automatically converted.
2026-03-31 06:15:39.779 8 INFO neutron.db.ovn_revision_numbers_db [None req-9b22c2b2-c678-4661-8e5b-33442826e349 3020cf50a4204fa0906f02e54c04f78a c7ee67c2de984018aead6103ffab8a14 - - default default] Successfully bumped revision number for resource f172cf98-c5aa-4cdb-a4b7-5a6a750d7963 (type: security_groups) to 1
2026-03-31 06:15:39.800 8 INFO neutron.db.ovn_revision_numbers_db [None req-9b22c2b2-c678-4661-8e5b-33442826e349 3020cf50a4204fa0906f02e54c04f78a c7ee67c2de984018aead6103ffab8a14 - - default default] Successfully bumped revision number for resource 906bd374-50e4-41ab-bbea-9e0311ca74a0 (type: security_group_rules) to 0
2026-03-31 06:15:39.816 8 INFO neutron.db.ovn_revision_numbers_db [None req-9b22c2b2-c678-4661-8e5b-33442826e349 3020cf50a4204fa0906f02e54c04f78a c7ee67c2de984018aead6103ffab8a14 - - default default] Successfully bumped revision number for resource be71baa4-72bc-4d36-967f-93fbdc4709e3 (type: security_group_rules) to 0
2026-03-31 06:15:39.827 8 INFO neutron.db.ovn_revision_numbers_db [None req-9b22c2b2-c678-4661-8e5b-33442826e349 3020cf50a4204fa0906f02e54c04f78a c7ee67c2de984018aead6103ffab8a14 - - default default] Successfully bumped revision number for resource e8d5bf5e-caee-43e5-ab4b-87f9a9141920 (type: security_group_rules) to 0
2026-03-31 06:15:39.839 8 INFO neutron.db.ovn_revision_numbers_db [None req-9b22c2b2-c678-4661-8e5b-33442826e349 3020cf50a4204fa0906f02e54c04f78a c7ee67c2de984018aead6103ffab8a14 - - default default] Successfully bumped revision number for resource f3c0d0fb-5d81-4d81-b487-025a782c5ed8 (type: security_group_rules) to 0 [pid: 8|app: 0|req: 930/1718] 10.0.0.79 () {32 vars in 773 bytes} [Tue Mar 31 06:15:39 2026] GET /v2.0/security-groups?tenant_id=dbccd1f7f44940d99c2b28ccbec9a9cc&name=default => generated 2925 bytes in 254 msecs (HTTP/1.1 200) 4 headers in 158 bytes (1 switches on core 0)
