2026-03-31 06:13:18.484 7 INFO cinder.api.openstack.wsgi [req-eb4b15e1-b0dc-455a-b9aa-354056d968b4 req-87d05558-db0d-4ada-8e67-b274b38c8444 02dc88ad87f64f29be15811b7b55442c b704b372c59d4bba944466e1919774c1 - - default default] http://cinder-api.openstack.svc.cluster.local:8776/v3/b704b372c59d4bba944466e1919774c1/attachments returned with HTTP 200 [pid: 7|app: 0|req: 337/674] 10.0.0.167 () {40 vars in 1057 bytes} [Tue Mar 31 06:13:18 2026] POST /v3/b704b372c59d4bba944466e1919774c1/attachments => generated 273 bytes in 88 msecs (HTTP/1.1 200) 7 headers in 286 bytes (1 switches on core 0)
2026-03-31 06:13:24.572 8 INFO cinder.api.openstack.wsgi [req-eb4b15e1-b0dc-455a-b9aa-354056d968b4 req-2c20a01c-6d56-468a-925e-d3dc6eaa0fd8 02dc88ad87f64f29be15811b7b55442c b704b372c59d4bba944466e1919774c1 - - default default] GET http://cinder-api.openstack.svc.cluster.local:8776/
2026-03-31 06:13:24.573 8 INFO cinder.api.openstack.wsgi [req-eb4b15e1-b0dc-455a-b9aa-354056d968b4 req-2c20a01c-6d56-468a-925e-d3dc6eaa0fd8 02dc88ad87f64f29be15811b7b55442c b704b372c59d4bba944466e1919774c1 - - default default] http://cinder-api.openstack.svc.cluster.local:8776/ returned with HTTP 300 [pid: 8|app: 0|req: 338/675] 199.204.45.157 () {32 vars in 840 bytes} [Tue Mar 31 06:13:24 2026] GET / => generated 411 bytes in 1 msecs (HTTP/1.1 300) 5 headers in 169 bytes (1 switches on core 0) /var/lib/openstack/lib/python3.12/site-packages/pycadf/identifier.py:70: UserWarning: Invalid uuid: cinderv3. To ensure interoperability, identifiers should be a valid uuid. warnings.warn(('Invalid uuid: %s. To ensure interoperability, '
2026-03-31 06:13:24.622 7 INFO cinder.api.openstack.wsgi [req-eb4b15e1-b0dc-455a-b9aa-354056d968b4 req-db8ace5c-2f07-45cf-939c-b60e267f877f 02dc88ad87f64f29be15811b7b55442c b704b372c59d4bba944466e1919774c1 - - default default] GET http://cinder-api.openstack.svc.cluster.local:8776/v3/b704b372c59d4bba944466e1919774c1/volumes/d5d8328f-3265-44c1-9b03-d1aeb03ca268 /var/lib/openstack/lib/python3.12/site-packages/oslo_context/context.py:100: DeprecationWarning: Policy enforcement is depending on the value of is_admin. This key is deprecated. Please update your policy file to use the standard policy values. warnings.warn('Policy enforcement is depending on the value of '
2026-03-31 06:13:24.642 7 INFO cinder.volume.api [req-eb4b15e1-b0dc-455a-b9aa-354056d968b4 req-db8ace5c-2f07-45cf-939c-b60e267f877f 02dc88ad87f64f29be15811b7b55442c b704b372c59d4bba944466e1919774c1 - - default default] Volume info retrieved successfully.
2026-03-31 06:13:24.648 7 INFO cinder.api.openstack.wsgi [req-eb4b15e1-b0dc-455a-b9aa-354056d968b4 req-db8ace5c-2f07-45cf-939c-b60e267f877f 02dc88ad87f64f29be15811b7b55442c b704b372c59d4bba944466e1919774c1 - - default default] http://cinder-api.openstack.svc.cluster.local:8776/v3/b704b372c59d4bba944466e1919774c1/volumes/d5d8328f-3265-44c1-9b03-d1aeb03ca268 returned with HTTP 200 [pid: 7|app: 0|req: 338/676] 199.204.45.157 () {36 vars in 1073 bytes} [Tue Mar 31 06:13:24 2026] GET /v3/b704b372c59d4bba944466e1919774c1/volumes/d5d8328f-3265-44c1-9b03-d1aeb03ca268 => generated 1521 bytes in 34 msecs (HTTP/1.1 200) 7 headers in 287 bytes (1 switches on core 0)
2026-03-31 06:13:24.928 8 INFO cinder.api.openstack.wsgi [req-eb4b15e1-b0dc-455a-b9aa-354056d968b4 req-2c20a01c-6d56-468a-925e-d3dc6eaa0fd8 02dc88ad87f64f29be15811b7b55442c b704b372c59d4bba944466e1919774c1 - - default default] GET http://10.0.0.99:8776/
2026-03-31 06:13:24.929 8 INFO cinder.api.openstack.wsgi [req-eb4b15e1-b0dc-455a-b9aa-354056d968b4 req-2c20a01c-6d56-468a-925e-d3dc6eaa0fd8 02dc88ad87f64f29be15811b7b55442c b704b372c59d4bba944466e1919774c1 - - default default] http://10.0.0.99:8776/ returned with HTTP 300
2026-03-31 06:13:24.929 7 INFO cinder.api.openstack.wsgi [req-eb4b15e1-b0dc-455a-b9aa-354056d968b4 req-db8ace5c-2f07-45cf-939c-b60e267f877f 02dc88ad87f64f29be15811b7b55442c b704b372c59d4bba944466e1919774c1 - - default default] GET http://10.0.0.99:8776/
2026-03-31 06:13:24.932 7 INFO cinder.api.openstack.wsgi [req-eb4b15e1-b0dc-455a-b9aa-354056d968b4 req-db8ace5c-2f07-45cf-939c-b60e267f877f 02dc88ad87f64f29be15811b7b55442c b704b372c59d4bba944466e1919774c1 - - default default] http://10.0.0.99:8776/ returned with HTTP 300 /var/lib/openstack/lib/python3.12/site-packages/pycadf/identifier.py:70: UserWarning: Invalid uuid: cinderv3. To ensure interoperability, identifiers should be a valid uuid. warnings.warn(('Invalid uuid: %s. To ensure interoperability, '
2026-03-31 06:13:26.541 8 INFO cinder.api.openstack.wsgi [req-eb4b15e1-b0dc-455a-b9aa-354056d968b4 req-5e579995-94d8-4a2e-b0bc-eb6cb68cbbcf 02dc88ad87f64f29be15811b7b55442c b704b372c59d4bba944466e1919774c1 - - default default] PUT http://cinder-api.openstack.svc.cluster.local:8776/v3/b704b372c59d4bba944466e1919774c1/attachments/027b2928-c62f-4af6-8e94-e839220c52a5 /var/lib/openstack/lib/python3.12/site-packages/oslo_context/context.py:100: DeprecationWarning: Policy enforcement is depending on the value of is_admin. This key is deprecated. Please update your policy file to use the standard policy values. warnings.warn('Policy enforcement is depending on the value of '
2026-03-31 06:13:27.583 8 INFO cinder.api.openstack.wsgi [req-eb4b15e1-b0dc-455a-b9aa-354056d968b4 req-5e579995-94d8-4a2e-b0bc-eb6cb68cbbcf 02dc88ad87f64f29be15811b7b55442c b704b372c59d4bba944466e1919774c1 - - default default] http://cinder-api.openstack.svc.cluster.local:8776/v3/b704b372c59d4bba944466e1919774c1/attachments/027b2928-c62f-4af6-8e94-e839220c52a5 returned with HTTP 200 [pid: 8|app: 0|req: 340/679] 199.204.45.157 () {40 vars in 1135 bytes} [Tue Mar 31 06:13:26 2026] PUT /v3/b704b372c59d4bba944466e1919774c1/attachments/027b2928-c62f-4af6-8e94-e839220c52a5 => generated 802 bytes in 1052 msecs (HTTP/1.1 200) 7 headers in 286 bytes (1 switches on core 0) /var/lib/openstack/lib/python3.12/site-packages/pycadf/identifier.py:70: UserWarning: Invalid uuid: cinderv3. To ensure interoperability, identifiers should be a valid uuid. warnings.warn(('Invalid uuid: %s. To ensure interoperability, '
2026-03-31 06:13:28.106 7 INFO cinder.api.openstack.wsgi [req-eb4b15e1-b0dc-455a-b9aa-354056d968b4 req-ab401c7a-7e85-4e1c-9904-80043a0e1841 02dc88ad87f64f29be15811b7b55442c b704b372c59d4bba944466e1919774c1 - - default default] POST http://cinder-api.openstack.svc.cluster.local:8776/v3/b704b372c59d4bba944466e1919774c1/attachments/027b2928-c62f-4af6-8e94-e839220c52a5/action /var/lib/openstack/lib/python3.12/site-packages/oslo_context/context.py:100: DeprecationWarning: Policy enforcement is depending on the value of is_admin. This key is deprecated. Please update your policy file to use the standard policy values. warnings.warn('Policy enforcement is depending on the value of '
2026-03-31 06:13:28.166 7 INFO cinder.api.openstack.wsgi [req-eb4b15e1-b0dc-455a-b9aa-354056d968b4 req-ab401c7a-7e85-4e1c-9904-80043a0e1841 02dc88ad87f64f29be15811b7b55442c b704b372c59d4bba944466e1919774c1 - - default default] http://cinder-api.openstack.svc.cluster.local:8776/v3/b704b372c59d4bba944466e1919774c1/attachments/027b2928-c62f-4af6-8e94-e839220c52a5/action returned with HTTP 204 [pid: 7|app: 0|req: 340/680] 199.204.45.157 () {40 vars in 1148 bytes} [Tue Mar 31 06:13:28 2026] POST /v3/b704b372c59d4bba944466e1919774c1/attachments/027b2928-c62f-4af6-8e94-e839220c52a5/action => generated 0 bytes in 72 msecs (HTTP/1.1 204) 7 headers in 292 bytes (1 switches on core 0)
2026-03-31 06:13:34.929 7 INFO cinder.api.openstack.wsgi [req-eb4b15e1-b0dc-455a-b9aa-354056d968b4 req-ab401c7a-7e85-4e1c-9904-80043a0e1841 02dc88ad87f64f29be15811b7b55442c b704b372c59d4bba944466e1919774c1 - - default default] GET http://10.0.0.99:8776/
2026-03-31 06:13:34.929 8 INFO cinder.api.openstack.wsgi [req-eb4b15e1-b0dc-455a-b9aa-354056d968b4 req-5e579995-94d8-4a2e-b0bc-eb6cb68cbbcf 02dc88ad87f64f29be15811b7b55442c b704b372c59d4bba944466e1919774c1 - - default default] GET http://10.0.0.99:8776/
2026-03-31 06:13:34.930 7 INFO cinder.api.openstack.wsgi [req-eb4b15e1-b0dc-455a-b9aa-354056d968b4 req-ab401c7a-7e85-4e1c-9904-80043a0e1841 02dc88ad87f64f29be15811b7b55442c b704b372c59d4bba944466e1919774c1 - - default default] http://10.0.0.99:8776/ returned with HTTP 300
2026-03-31 06:13:34.930 8 INFO cinder.api.openstack.wsgi [req-eb4b15e1-b0dc-455a-b9aa-354056d968b4 req-5e579995-94d8-4a2e-b0bc-eb6cb68cbbcf 02dc88ad87f64f29be15811b7b55442c b704b372c59d4bba944466e1919774c1 - - default default] http://10.0.0.99:8776/ returned with HTTP 300 /var/lib/openstack/lib/python3.12/site-packages/pycadf/identifier.py:70: UserWarning: Invalid uuid: cinderv3. To ensure interoperability, identifiers should be a valid uuid. warnings.warn(('Invalid uuid: %s. To ensure interoperability, '
2026-03-31 06:13:39.301 7 INFO cinder.api.openstack.wsgi [None req-3ca58cc0-fe35-4779-befb-430e7b7b5071 3020cf50a4204fa0906f02e54c04f78a c7ee67c2de984018aead6103ffab8a14 - - default default] GET http://cinder-api.openstack.svc.cluster.local:8776/v3/c7ee67c2de984018aead6103ffab8a14/os-services
2026-03-31 06:13:39.305 7 INFO cinder.api.openstack.wsgi [None req-3ca58cc0-fe35-4779-befb-430e7b7b5071 3020cf50a4204fa0906f02e54c04f78a c7ee67c2de984018aead6103ffab8a14 - - default default] http://cinder-api.openstack.svc.cluster.local:8776/v3/c7ee67c2de984018aead6103ffab8a14/os-services returned with HTTP 200 [pid: 7|app: 0|req: 342/683] 10.0.0.54 () {28 vars in 644 bytes} [Tue Mar 31 06:13:39 2026] GET /v3/c7ee67c2de984018aead6103ffab8a14/os-services => generated 646 bytes in 105 msecs (HTTP/1.1 200) 7 headers in 285 bytes (1 switches on core 0) /var/lib/openstack/lib/python3.12/site-packages/pycadf/identifier.py:70: UserWarning: Invalid uuid: cinderv3. To ensure interoperability, identifiers should be a valid uuid. warnings.warn(('Invalid uuid: %s. To ensure interoperability, '
2026-03-31 06:13:39.359 8 INFO cinder.api.openstack.wsgi [None req-0893851a-96cf-4c1f-b288-4b01b6c91ce2 3020cf50a4204fa0906f02e54c04f78a c7ee67c2de984018aead6103ffab8a14 - - default default] GET http://cinder-api.openstack.svc.cluster.local:8776/v3/c7ee67c2de984018aead6103ffab8a14/os-quota-sets/2a88055013fc49b9bbf0e1afc976ec87?usage=true /var/lib/openstack/lib/python3.12/site-packages/oslo_context/context.py:100: DeprecationWarning: Policy enforcement is depending on the value of is_admin. This key is deprecated. Please update your policy file to use the standard policy values. warnings.warn('Policy enforcement is depending on the value of '
2026-03-31 06:13:39.400 8 INFO cinder.api.openstack.wsgi [None req-0893851a-96cf-4c1f-b288-4b01b6c91ce2 3020cf50a4204fa0906f02e54c04f78a c7ee67c2de984018aead6103ffab8a14 - - default default] http://cinder-api.openstack.svc.cluster.local:8776/v3/c7ee67c2de984018aead6103ffab8a14/os-quota-sets/2a88055013fc49b9bbf0e1afc976ec87?usage=true returned with HTTP 200 [pid: 8|app: 0|req: 342/684] 10.0.0.54 () {28 vars in 735 bytes} [Tue Mar 31 06:13:39 2026] GET /v3/c7ee67c2de984018aead6103ffab8a14/os-quota-sets/2a88055013fc49b9bbf0e1afc976ec87?usage=true => generated 847 bytes in 51 msecs (HTTP/1.1 200) 7 headers in 285 bytes (1 switches on core 0)
2026-03-31 06:13:39.415 7 INFO cinder.api.openstack.wsgi [None req-870551b2-1918-47b1-8991-5c3533087097 3020cf50a4204fa0906f02e54c04f78a c7ee67c2de984018aead6103ffab8a14 - - default default] GET http://cinder-api.openstack.svc.cluster.local:8776/v3/c7ee67c2de984018aead6103ffab8a14/os-quota-sets/3b07663e4ffa497e9202b3b8b6176d84?usage=true
2026-03-31 06:13:39.444 7 INFO cinder.api.openstack.wsgi [None req-870551b2-1918-47b1-8991-5c3533087097 3020cf50a4204fa0906f02e54c04f78a c7ee67c2de984018aead6103ffab8a14 - - default default] http://cinder-api.openstack.svc.cluster.local:8776/v3/c7ee67c2de984018aead6103ffab8a14/os-quota-sets/3b07663e4ffa497e9202b3b8b6176d84?usage=true returned with HTTP 200 [pid: 7|app: 0|req: 343/685] 10.0.0.54 () {28 vars in 735 bytes} [Tue Mar 31 06:13:39 2026] GET /v3/c7ee67c2de984018aead6103ffab8a14/os-quota-sets/3b07663e4ffa497e9202b3b8b6176d84?usage=true => generated 847 bytes in 37 msecs (HTTP/1.1 200) 7 headers in 285 bytes (1 switches on core 0)
2026-03-31 06:13:39.455 8 INFO cinder.api.openstack.wsgi [None req-2fed79e8-83fb-4a23-a57e-b720afcd3be5 3020cf50a4204fa0906f02e54c04f78a c7ee67c2de984018aead6103ffab8a14 - - default default] GET http://cinder-api.openstack.svc.cluster.local:8776/v3/c7ee67c2de984018aead6103ffab8a14/os-quota-sets/3b9ee06a20fd404c83460c5fc99ed5a0?usage=true
2026-03-31 06:13:39.481 8 INFO cinder.api.openstack.wsgi [None req-2fed79e8-83fb-4a23-a57e-b720afcd3be5 3020cf50a4204fa0906f02e54c04f78a c7ee67c2de984018aead6103ffab8a14 - - default default] http://cinder-api.openstack.svc.cluster.local:8776/v3/c7ee67c2de984018aead6103ffab8a14/os-quota-sets/3b9ee06a20fd404c83460c5fc99ed5a0?usage=true returned with HTTP 200 [pid: 8|app: 0|req: 343/686] 10.0.0.54 () {28 vars in 735 bytes} [Tue Mar 31 06:13:39 2026] GET /v3/c7ee67c2de984018aead6103ffab8a14/os-quota-sets/3b9ee06a20fd404c83460c5fc99ed5a0?usage=true => generated 845 bytes in 33 msecs (HTTP/1.1 200) 7 headers in 285 bytes (1 switches on core 0)
2026-03-31 06:13:39.498 7 INFO cinder.api.openstack.wsgi [None req-48242cdc-b3b8-42dd-a778-a19bad12340a 3020cf50a4204fa0906f02e54c04f78a c7ee67c2de984018aead6103ffab8a14 - - default default] GET http://cinder-api.openstack.svc.cluster.local:8776/v3/c7ee67c2de984018aead6103ffab8a14/os-quota-sets/7a1a539bb496472d99ae23bb5a087794?usage=true
2026-03-31 06:13:39.538 7 INFO cinder.api.openstack.wsgi [None req-48242cdc-b3b8-42dd-a778-a19bad12340a 3020cf50a4204fa0906f02e54c04f78a c7ee67c2de984018aead6103ffab8a14 - - default default] http://cinder-api.openstack.svc.cluster.local:8776/v3/c7ee67c2de984018aead6103ffab8a14/os-quota-sets/7a1a539bb496472d99ae23bb5a087794?usage=true returned with HTTP 200 [pid: 7|app: 0|req: 344/687] 10.0.0.54 () {28 vars in 735 bytes} [Tue Mar 31 06:13:39 2026] GET /v3/c7ee67c2de984018aead6103ffab8a14/os-quota-sets/7a1a539bb496472d99ae23bb5a087794?usage=true => generated 847 bytes in 51 msecs (HTTP/1.1 200) 7 headers in 285 bytes (1 switches on core 0)
2026-03-31 06:13:39.558 8 INFO cinder.api.openstack.wsgi [None req-0e584efb-fb3e-4376-a0cb-71a65e4846d1 3020cf50a4204fa0906f02e54c04f78a c7ee67c2de984018aead6103ffab8a14 - - default default] GET http://cinder-api.openstack.svc.cluster.local:8776/v3/c7ee67c2de984018aead6103ffab8a14/os-quota-sets/ae2bc705dbd347fab5d728a1ebc2f8a3?usage=true
2026-03-31 06:13:39.583 8 INFO cinder.api.openstack.wsgi [None req-0e584efb-fb3e-4376-a0cb-71a65e4846d1 3020cf50a4204fa0906f02e54c04f78a c7ee67c2de984018aead6103ffab8a14 - - default default] http://cinder-api.openstack.svc.cluster.local:8776/v3/c7ee67c2de984018aead6103ffab8a14/os-quota-sets/ae2bc705dbd347fab5d728a1ebc2f8a3?usage=true returned with HTTP 200 [pid: 8|app: 0|req: 344/688] 10.0.0.54 () {28 vars in 735 bytes} [Tue Mar 31 06:13:39 2026] GET /v3/c7ee67c2de984018aead6103ffab8a14/os-quota-sets/ae2bc705dbd347fab5d728a1ebc2f8a3?usage=true => generated 847 bytes in 35 msecs (HTTP/1.1 200) 7 headers in 285 bytes (1 switches on core 0)
2026-03-31 06:13:39.598 7 INFO cinder.api.openstack.wsgi [None req-5debd3d5-6b23-41d3-8d47-b4ccfff37ce4 3020cf50a4204fa0906f02e54c04f78a c7ee67c2de984018aead6103ffab8a14 - - default default] GET http://cinder-api.openstack.svc.cluster.local:8776/v3/c7ee67c2de984018aead6103ffab8a14/os-quota-sets/b704b372c59d4bba944466e1919774c1?usage=true
2026-03-31 06:13:39.618 7 INFO cinder.api.openstack.wsgi [None req-5debd3d5-6b23-41d3-8d47-b4ccfff37ce4 3020cf50a4204fa0906f02e54c04f78a c7ee67c2de984018aead6103ffab8a14 - - default default] http://cinder-api.openstack.svc.cluster.local:8776/v3/c7ee67c2de984018aead6103ffab8a14/os-quota-sets/b704b372c59d4bba944466e1919774c1?usage=true returned with HTTP 200 [pid: 7|app: 0|req: 345/689] 10.0.0.54 () {28 vars in 735 bytes} [Tue Mar 31 06:13:39 2026] GET /v3/c7ee67c2de984018aead6103ffab8a14/os-quota-sets/b704b372c59d4bba944466e1919774c1?usage=true => generated 847 bytes in 30 msecs (HTTP/1.1 200) 7 headers in 285 bytes (1 switches on core 0)
2026-03-31 06:13:39.637 8 INFO cinder.api.openstack.wsgi [None req-1c9eb3f1-46db-4399-90dc-f0c1a57c5204 3020cf50a4204fa0906f02e54c04f78a c7ee67c2de984018aead6103ffab8a14 - - default default] GET http://cinder-api.openstack.svc.cluster.local:8776/v3/c7ee67c2de984018aead6103ffab8a14/os-quota-sets/c7ee67c2de984018aead6103ffab8a14?usage=true
2026-03-31 06:13:39.665 8 INFO cinder.api.openstack.wsgi [None req-1c9eb3f1-46db-4399-90dc-f0c1a57c5204 3020cf50a4204fa0906f02e54c04f78a c7ee67c2de984018aead6103ffab8a14 - - default default] http://cinder-api.openstack.svc.cluster.local:8776/v3/c7ee67c2de984018aead6103ffab8a14/os-quota-sets/c7ee67c2de984018aead6103ffab8a14?usage=true returned with HTTP 200 [pid: 8|app: 0|req: 345/690] 10.0.0.54 () {28 vars in 735 bytes} [Tue Mar 31 06:13:39 2026] GET /v3/c7ee67c2de984018aead6103ffab8a14/os-quota-sets/c7ee67c2de984018aead6103ffab8a14?usage=true => generated 845 bytes in 41 msecs (HTTP/1.1 200) 7 headers in 285 bytes (1 switches on core 0)
2026-03-31 06:13:39.676 7 INFO cinder.api.openstack.wsgi [None req-b608311b-21d9-426a-adbf-38739e8e153a 3020cf50a4204fa0906f02e54c04f78a c7ee67c2de984018aead6103ffab8a14 - - default default] GET http://cinder-api.openstack.svc.cluster.local:8776/v3/c7ee67c2de984018aead6103ffab8a14/volumes/detail?all_tenants=true
2026-03-31 06:13:39.690 7 INFO cinder.volume.api [None req-b608311b-21d9-426a-adbf-38739e8e153a 3020cf50a4204fa0906f02e54c04f78a c7ee67c2de984018aead6103ffab8a14 - - default default] Get all volumes completed successfully. /var/lib/openstack/lib/python3.12/site-packages/oslo_context/context.py:100: DeprecationWarning: Policy enforcement is depending on the value of is_admin. This key is deprecated. Please update your policy file to use the standard policy values. warnings.warn('Policy enforcement is depending on the value of '
2026-03-31 06:13:39.698 7 INFO cinder.api.openstack.wsgi [None req-b608311b-21d9-426a-adbf-38739e8e153a 3020cf50a4204fa0906f02e54c04f78a c7ee67c2de984018aead6103ffab8a14 - - default default] http://cinder-api.openstack.svc.cluster.local:8776/v3/c7ee67c2de984018aead6103ffab8a14/volumes/detail?all_tenants=true returned with HTTP 200 [pid: 7|app: 0|req: 346/691] 10.0.0.54 () {28 vars in 683 bytes} [Tue Mar 31 06:13:39 2026] GET /v3/c7ee67c2de984018aead6103ffab8a14/volumes/detail?all_tenants=true => generated 1807 bytes in 27 msecs (HTTP/1.1 200) 7 headers in 286 bytes (1 switches on core 0)
2026-03-31 06:13:39.710 8 INFO cinder.api.openstack.wsgi [None req-e490db22-28cc-4cf1-ab43-583fbfe90226 3020cf50a4204fa0906f02e54c04f78a c7ee67c2de984018aead6103ffab8a14 - - default default] GET http://cinder-api.openstack.svc.cluster.local:8776/v3/c7ee67c2de984018aead6103ffab8a14/scheduler-stats/get_pools?detail=true
2026-03-31 06:13:40.214 8 INFO cinder.api.openstack.wsgi [None req-e490db22-28cc-4cf1-ab43-583fbfe90226 3020cf50a4204fa0906f02e54c04f78a c7ee67c2de984018aead6103ffab8a14 - - default default] http://cinder-api.openstack.svc.cluster.local:8776/v3/c7ee67c2de984018aead6103ffab8a14/scheduler-stats/get_pools?detail=true returned with HTTP 200 [pid: 8|app: 0|req: 346/692] 10.0.0.54 () {28 vars in 695 bytes} [Tue Mar 31 06:13:39 2026] GET /v3/c7ee67c2de984018aead6103ffab8a14/scheduler-stats/get_pools?detail=true => generated 670 bytes in 512 msecs (HTTP/1.1 200) 7 headers in 285 bytes (1 switches on core 0) /var/lib/openstack/lib/python3.12/site-packages/pycadf/identifier.py:70: UserWarning: Invalid uuid: cinderv3. To ensure interoperability, identifiers should be a valid uuid. warnings.warn(('Invalid uuid: %s. To ensure interoperability, '
2026-03-31 06:13:40.232 7 INFO cinder.api.openstack.wsgi [None req-44cc557f-055e-46f0-885a-6888571ac75e 3020cf50a4204fa0906f02e54c04f78a c7ee67c2de984018aead6103ffab8a14 - - default default] GET http://cinder-api.openstack.svc.cluster.local:8776/v3/c7ee67c2de984018aead6103ffab8a14/volumes/detail?all_tenants=true
2026-03-31 06:13:40.256 7 INFO cinder.volume.api [None req-44cc557f-055e-46f0-885a-6888571ac75e 3020cf50a4204fa0906f02e54c04f78a c7ee67c2de984018aead6103ffab8a14 - - default default] Get all volumes completed successfully. /var/lib/openstack/lib/python3.12/site-packages/oslo_context/context.py:100: DeprecationWarning: Policy enforcement is depending on the value of is_admin. This key is deprecated. Please update your policy file to use the standard policy values. warnings.warn('Policy enforcement is depending on the value of '
2026-03-31 06:13:40.268 7 INFO cinder.api.openstack.wsgi [None req-44cc557f-055e-46f0-885a-6888571ac75e 3020cf50a4204fa0906f02e54c04f78a c7ee67c2de984018aead6103ffab8a14 - - default default] http://cinder-api.openstack.svc.cluster.local:8776/v3/c7ee67c2de984018aead6103ffab8a14/volumes/detail?all_tenants=true returned with HTTP 200 [pid: 7|app: 0|req: 347/693] 10.0.0.54 () {28 vars in 683 bytes} [Tue Mar 31 06:13:40 2026] GET /v3/c7ee67c2de984018aead6103ffab8a14/volumes/detail?all_tenants=true => generated 1807 bytes in 49 msecs (HTTP/1.1 200) 7 headers in 286 bytes (1 switches on core 0)
2026-03-31 06:13:40.287 8 INFO cinder.api.openstack.wsgi [None req-f13a7cdb-d019-4233-b054-eac6ea7508f0 3020cf50a4204fa0906f02e54c04f78a c7ee67c2de984018aead6103ffab8a14 - - default default] GET http://cinder-api.openstack.svc.cluster.local:8776/v3/c7ee67c2de984018aead6103ffab8a14/snapshots?all_tenants=true
2026-03-31 06:13:40.300 8 INFO cinder.volume.api [None req-f13a7cdb-d019-4233-b054-eac6ea7508f0 3020cf50a4204fa0906f02e54c04f78a c7ee67c2de984018aead6103ffab8a14 - - default default] Get all snapshots completed successfully.
2026-03-31 06:13:40.301 8 INFO cinder.api.openstack.wsgi [None req-f13a7cdb-d019-4233-b054-eac6ea7508f0 3020cf50a4204fa0906f02e54c04f78a c7ee67c2de984018aead6103ffab8a14 - - default default] http://cinder-api.openstack.svc.cluster.local:8776/v3/c7ee67c2de984018aead6103ffab8a14/snapshots?all_tenants=true returned with HTTP 200 [pid: 8|app: 0|req: 347/694] 10.0.0.54 () {28 vars in 673 bytes} [Tue Mar 31 06:13:40 2026] GET /v3/c7ee67c2de984018aead6103ffab8a14/snapshots?all_tenants=true => generated 17 bytes in 24 msecs (HTTP/1.1 200) 7 headers in 284 bytes (1 switches on core 0) /var/lib/openstack/lib/python3.12/site-packages/pycadf/identifier.py:70: UserWarning: Invalid uuid: cinderv3. To ensure interoperability, identifiers should be a valid uuid. warnings.warn(('Invalid uuid: %s. To ensure interoperability, '
2026-03-31 06:13:43.416 7 INFO cinder.api.openstack.wsgi [req-be72f1c4-50b5-4e5e-bc8a-5249f976999a req-07ea6869-59eb-4d97-8eac-8f105ec241d4 02dc88ad87f64f29be15811b7b55442c b704b372c59d4bba944466e1919774c1 - - default default] DELETE http://cinder-api.openstack.svc.cluster.local:8776/v3/b704b372c59d4bba944466e1919774c1/attachments/027b2928-c62f-4af6-8e94-e839220c52a5 /var/lib/openstack/lib/python3.12/site-packages/oslo_context/context.py:100: DeprecationWarning: Policy enforcement is depending on the value of is_admin. This key is deprecated. Please update your policy file to use the standard policy values. warnings.warn('Policy enforcement is depending on the value of '
2026-03-31 06:13:43.984 7 INFO cinder.api.openstack.wsgi [req-be72f1c4-50b5-4e5e-bc8a-5249f976999a req-07ea6869-59eb-4d97-8eac-8f105ec241d4 02dc88ad87f64f29be15811b7b55442c b704b372c59d4bba944466e1919774c1 - - default default] http://cinder-api.openstack.svc.cluster.local:8776/v3/b704b372c59d4bba944466e1919774c1/attachments/027b2928-c62f-4af6-8e94-e839220c52a5 returned with HTTP 200 [pid: 7|app: 0|req: 348/695] 199.204.45.157 () {38 vars in 1103 bytes} [Tue Mar 31 06:13:43 2026] DELETE /v3/b704b372c59d4bba944466e1919774c1/attachments/027b2928-c62f-4af6-8e94-e839220c52a5 => generated 19 bytes in 579 msecs (HTTP/1.1 200) 7 headers in 285 bytes (1 switches on core 0)
2026-03-31 06:13:44.005 8 INFO cinder.api.openstack.wsgi [req-be72f1c4-50b5-4e5e-bc8a-5249f976999a req-92fd176c-6225-41a7-a56d-5db0daeccca3 02dc88ad87f64f29be15811b7b55442c b704b372c59d4bba944466e1919774c1 - - default default] DELETE http://cinder-api.openstack.svc.cluster.local:8776/v3/b704b372c59d4bba944466e1919774c1/volumes/d5d8328f-3265-44c1-9b03-d1aeb03ca268
2026-03-31 06:13:44.005 8 INFO cinder.api.v3.volumes [req-be72f1c4-50b5-4e5e-bc8a-5249f976999a req-92fd176c-6225-41a7-a56d-5db0daeccca3 02dc88ad87f64f29be15811b7b55442c b704b372c59d4bba944466e1919774c1 - - default default] Delete volume with id: d5d8328f-3265-44c1-9b03-d1aeb03ca268 /var/lib/openstack/lib/python3.12/site-packages/oslo_context/context.py:100: DeprecationWarning: Policy enforcement is depending on the value of is_admin. This key is deprecated. Please update your policy file to use the standard policy values. warnings.warn('Policy enforcement is depending on the value of '
2026-03-31 06:13:44.017 8 INFO cinder.volume.api [req-be72f1c4-50b5-4e5e-bc8a-5249f976999a req-92fd176c-6225-41a7-a56d-5db0daeccca3 02dc88ad87f64f29be15811b7b55442c b704b372c59d4bba944466e1919774c1 - - default default] Volume info retrieved successfully.
2026-03-31 06:13:44.048 8 INFO cinder.volume.api [req-be72f1c4-50b5-4e5e-bc8a-5249f976999a req-92fd176c-6225-41a7-a56d-5db0daeccca3 02dc88ad87f64f29be15811b7b55442c b704b372c59d4bba944466e1919774c1 - - default default] Delete volume request issued successfully.
2026-03-31 06:13:44.048 8 INFO cinder.api.openstack.wsgi [req-be72f1c4-50b5-4e5e-bc8a-5249f976999a req-92fd176c-6225-41a7-a56d-5db0daeccca3 02dc88ad87f64f29be15811b7b55442c b704b372c59d4bba944466e1919774c1 - - default default] http://cinder-api.openstack.svc.cluster.local:8776/v3/b704b372c59d4bba944466e1919774c1/volumes/d5d8328f-3265-44c1-9b03-d1aeb03ca268 returned with HTTP 202 [pid: 8|app: 0|req: 348/696] 199.204.45.157 () {36 vars in 1054 bytes} [Tue Mar 31 06:13:44 2026] DELETE /v3/b704b372c59d4bba944466e1919774c1/volumes/d5d8328f-3265-44c1-9b03-d1aeb03ca268 => generated 0 bytes in 50 msecs (HTTP/1.1 202) 6 headers in 233 bytes (1 switches on core 0)
2026-03-31 06:13:44.928 7 INFO cinder.api.openstack.wsgi [req-be72f1c4-50b5-4e5e-bc8a-5249f976999a req-07ea6869-59eb-4d97-8eac-8f105ec241d4 02dc88ad87f64f29be15811b7b55442c b704b372c59d4bba944466e1919774c1 - - default default] GET http://10.0.0.99:8776/
2026-03-31 06:13:44.928 8 INFO cinder.api.openstack.wsgi [req-be72f1c4-50b5-4e5e-bc8a-5249f976999a req-92fd176c-6225-41a7-a56d-5db0daeccca3 02dc88ad87f64f29be15811b7b55442c b704b372c59d4bba944466e1919774c1 - - default default] GET http://10.0.0.99:8776/
2026-03-31 06:13:44.929 7 INFO cinder.api.openstack.wsgi [req-be72f1c4-50b5-4e5e-bc8a-5249f976999a req-07ea6869-59eb-4d97-8eac-8f105ec241d4 02dc88ad87f64f29be15811b7b55442c b704b372c59d4bba944466e1919774c1 - - default default] http://10.0.0.99:8776/ returned with HTTP 300
2026-03-31 06:13:44.929 8 INFO cinder.api.openstack.wsgi [req-be72f1c4-50b5-4e5e-bc8a-5249f976999a req-92fd176c-6225-41a7-a56d-5db0daeccca3 02dc88ad87f64f29be15811b7b55442c b704b372c59d4bba944466e1919774c1 - - default default] http://10.0.0.99:8776/ returned with HTTP 300
2026-03-31 06:13:54.928 8 INFO cinder.api.openstack.wsgi [req-be72f1c4-50b5-4e5e-bc8a-5249f976999a req-92fd176c-6225-41a7-a56d-5db0daeccca3 02dc88ad87f64f29be15811b7b55442c b704b372c59d4bba944466e1919774c1 - - default default] GET http://10.0.0.99:8776/
2026-03-31 06:13:54.929 7 INFO cinder.api.openstack.wsgi [req-be72f1c4-50b5-4e5e-bc8a-5249f976999a req-07ea6869-59eb-4d97-8eac-8f105ec241d4 02dc88ad87f64f29be15811b7b55442c b704b372c59d4bba944466e1919774c1 - - default default] GET http://10.0.0.99:8776/
2026-03-31 06:13:54.929 8 INFO cinder.api.openstack.wsgi [req-be72f1c4-50b5-4e5e-bc8a-5249f976999a req-92fd176c-6225-41a7-a56d-5db0daeccca3 02dc88ad87f64f29be15811b7b55442c b704b372c59d4bba944466e1919774c1 - - default default] http://10.0.0.99:8776/ returned with HTTP 300
2026-03-31 06:13:54.930 7 INFO cinder.api.openstack.wsgi [req-be72f1c4-50b5-4e5e-bc8a-5249f976999a req-07ea6869-59eb-4d97-8eac-8f105ec241d4 02dc88ad87f64f29be15811b7b55442c b704b372c59d4bba944466e1919774c1 - - default default] http://10.0.0.99:8776/ returned with HTTP 300
2026-03-31 06:14:04.928 8 INFO cinder.api.openstack.wsgi [req-be72f1c4-50b5-4e5e-bc8a-5249f976999a req-92fd176c-6225-41a7-a56d-5db0daeccca3 02dc88ad87f64f29be15811b7b55442c b704b372c59d4bba944466e1919774c1 - - default default] GET http://10.0.0.99:8776/
2026-03-31 06:14:04.929 8 INFO cinder.api.openstack.wsgi [req-be72f1c4-50b5-4e5e-bc8a-5249f976999a req-92fd176c-6225-41a7-a56d-5db0daeccca3 02dc88ad87f64f29be15811b7b55442c b704b372c59d4bba944466e1919774c1 - - default default] http://10.0.0.99:8776/ returned with HTTP 300
2026-03-31 06:14:04.929 7 INFO cinder.api.openstack.wsgi [req-be72f1c4-50b5-4e5e-bc8a-5249f976999a req-07ea6869-59eb-4d97-8eac-8f105ec241d4 02dc88ad87f64f29be15811b7b55442c b704b372c59d4bba944466e1919774c1 - - default default] GET http://10.0.0.99:8776/
2026-03-31 06:14:04.930 7 INFO cinder.api.openstack.wsgi [req-be72f1c4-50b5-4e5e-bc8a-5249f976999a req-07ea6869-59eb-4d97-8eac-8f105ec241d4 02dc88ad87f64f29be15811b7b55442c b704b372c59d4bba944466e1919774c1 - - default default] http://10.0.0.99:8776/ returned with HTTP 300
2026-03-31 06:14:14.929 7 INFO cinder.api.openstack.wsgi [req-be72f1c4-50b5-4e5e-bc8a-5249f976999a req-07ea6869-59eb-4d97-8eac-8f105ec241d4 02dc88ad87f64f29be15811b7b55442c b704b372c59d4bba944466e1919774c1 - - default default] GET http://10.0.0.99:8776/
2026-03-31 06:14:14.929 8 INFO cinder.api.openstack.wsgi [req-be72f1c4-50b5-4e5e-bc8a-5249f976999a req-92fd176c-6225-41a7-a56d-5db0daeccca3 02dc88ad87f64f29be15811b7b55442c b704b372c59d4bba944466e1919774c1 - - default default] GET http://10.0.0.99:8776/
2026-03-31 06:14:14.930 7 INFO cinder.api.openstack.wsgi [req-be72f1c4-50b5-4e5e-bc8a-5249f976999a req-07ea6869-59eb-4d97-8eac-8f105ec241d4 02dc88ad87f64f29be15811b7b55442c b704b372c59d4bba944466e1919774c1 - - default default] http://10.0.0.99:8776/ returned with HTTP 300
2026-03-31 06:14:14.930 8 INFO cinder.api.openstack.wsgi [req-be72f1c4-50b5-4e5e-bc8a-5249f976999a req-92fd176c-6225-41a7-a56d-5db0daeccca3 02dc88ad87f64f29be15811b7b55442c b704b372c59d4bba944466e1919774c1 - - default default] http://10.0.0.99:8776/ returned with HTTP 300
2026-03-31 06:14:24.928 8 INFO cinder.api.openstack.wsgi [req-be72f1c4-50b5-4e5e-bc8a-5249f976999a req-92fd176c-6225-41a7-a56d-5db0daeccca3 02dc88ad87f64f29be15811b7b55442c b704b372c59d4bba944466e1919774c1 - - default default] GET http://10.0.0.99:8776/
2026-03-31 06:14:24.928 7 INFO cinder.api.openstack.wsgi [req-be72f1c4-50b5-4e5e-bc8a-5249f976999a req-07ea6869-59eb-4d97-8eac-8f105ec241d4 02dc88ad87f64f29be15811b7b55442c b704b372c59d4bba944466e1919774c1 - - default default] GET http://10.0.0.99:8776/
2026-03-31 06:14:24.929 8 INFO cinder.api.openstack.wsgi [req-be72f1c4-50b5-4e5e-bc8a-5249f976999a req-92fd176c-6225-41a7-a56d-5db0daeccca3 02dc88ad87f64f29be15811b7b55442c b704b372c59d4bba944466e1919774c1 - - default default] http://10.0.0.99:8776/ returned with HTTP 300
2026-03-31 06:14:24.930 7 INFO cinder.api.openstack.wsgi [req-be72f1c4-50b5-4e5e-bc8a-5249f976999a req-07ea6869-59eb-4d97-8eac-8f105ec241d4 02dc88ad87f64f29be15811b7b55442c b704b372c59d4bba944466e1919774c1 - - default default] http://10.0.0.99:8776/ returned with HTTP 300 /var/lib/openstack/lib/python3.12/site-packages/pycadf/identifier.py:70: UserWarning: Invalid uuid: cinderv3. To ensure interoperability, identifiers should be a valid uuid. warnings.warn(('Invalid uuid: %s. To ensure interoperability, '
2026-03-31 06:14:31.222 8 INFO cinder.api.openstack.wsgi [req-a5758708-9a0d-4131-a2d8-ccaa21957b06 req-47fcff40-3388-4a07-adbd-724c6925338f ec1836ec085b4914a2d239853ccb4b8d c8eb797b7bbe43e6a6606d4f9f21c416 - - default default] GET http://cinder-api.openstack.svc.cluster.local:8776/v3/c8eb797b7bbe43e6a6606d4f9f21c416/attachments?instance_id=0ec5c44f-5fec-461c-9f23-da0d0ad7de7d
2026-03-31 06:14:31.238 8 INFO cinder.api.openstack.wsgi [req-a5758708-9a0d-4131-a2d8-ccaa21957b06 req-47fcff40-3388-4a07-adbd-724c6925338f ec1836ec085b4914a2d239853ccb4b8d c8eb797b7bbe43e6a6606d4f9f21c416 - - default default] http://cinder-api.openstack.svc.cluster.local:8776/v3/c8eb797b7bbe43e6a6606d4f9f21c416/attachments?instance_id=0ec5c44f-5fec-461c-9f23-da0d0ad7de7d returned with HTTP 200 [pid: 8|app: 0|req: 354/707] 199.204.45.157 () {36 vars in 1104 bytes} [Tue Mar 31 06:14:31 2026] GET /v3/c8eb797b7bbe43e6a6606d4f9f21c416/attachments?instance_id=0ec5c44f-5fec-461c-9f23-da0d0ad7de7d => generated 19 bytes in 25 msecs (HTTP/1.1 200) 7 headers in 285 bytes (1 switches on core 0)
2026-03-31 06:14:34.928 7 INFO cinder.api.openstack.wsgi [req-be72f1c4-50b5-4e5e-bc8a-5249f976999a req-07ea6869-59eb-4d97-8eac-8f105ec241d4 02dc88ad87f64f29be15811b7b55442c b704b372c59d4bba944466e1919774c1 - - default default] GET http://10.0.0.99:8776/
2026-03-31 06:14:34.929 7 INFO cinder.api.openstack.wsgi [req-be72f1c4-50b5-4e5e-bc8a-5249f976999a req-07ea6869-59eb-4d97-8eac-8f105ec241d4 02dc88ad87f64f29be15811b7b55442c b704b372c59d4bba944466e1919774c1 - - default default] http://10.0.0.99:8776/ returned with HTTP 300
2026-03-31 06:14:34.930 8 INFO cinder.api.openstack.wsgi [req-a5758708-9a0d-4131-a2d8-ccaa21957b06 req-47fcff40-3388-4a07-adbd-724c6925338f ec1836ec085b4914a2d239853ccb4b8d c8eb797b7bbe43e6a6606d4f9f21c416 - - default default] GET http://10.0.0.99:8776/
2026-03-31 06:14:34.930 8 INFO cinder.api.openstack.wsgi [req-a5758708-9a0d-4131-a2d8-ccaa21957b06 req-47fcff40-3388-4a07-adbd-724c6925338f ec1836ec085b4914a2d239853ccb4b8d c8eb797b7bbe43e6a6606d4f9f21c416 - - default default] http://10.0.0.99:8776/ returned with HTTP 300 /var/lib/openstack/lib/python3.12/site-packages/pycadf/identifier.py:70: UserWarning: Invalid uuid: cinderv3. To ensure interoperability, identifiers should be a valid uuid. warnings.warn(('Invalid uuid: %s. To ensure interoperability, '
2026-03-31 06:14:39.255 7 INFO cinder.api.openstack.wsgi [None req-259b278c-8a97-4b03-a474-3e2ed46b4bd9 3020cf50a4204fa0906f02e54c04f78a c7ee67c2de984018aead6103ffab8a14 - - default default] GET http://cinder-api.openstack.svc.cluster.local:8776/v3/c7ee67c2de984018aead6103ffab8a14/os-quota-sets/1476a4c230b64f9094beccfd145bb806?usage=true /var/lib/openstack/lib/python3.12/site-packages/oslo_context/context.py:100: DeprecationWarning: Policy enforcement is depending on the value of is_admin. This key is deprecated. Please update your policy file to use the standard policy values. warnings.warn('Policy enforcement is depending on the value of '
2026-03-31 06:14:39.289 7 INFO cinder.api.openstack.wsgi [None req-259b278c-8a97-4b03-a474-3e2ed46b4bd9 3020cf50a4204fa0906f02e54c04f78a c7ee67c2de984018aead6103ffab8a14 - - default default] http://cinder-api.openstack.svc.cluster.local:8776/v3/c7ee67c2de984018aead6103ffab8a14/os-quota-sets/1476a4c230b64f9094beccfd145bb806?usage=true returned with HTTP 200 [pid: 7|app: 0|req: 355/710] 10.0.0.54 () {28 vars in 735 bytes} [Tue Mar 31 06:14:39 2026] GET /v3/c7ee67c2de984018aead6103ffab8a14/os-quota-sets/1476a4c230b64f9094beccfd145bb806?usage=true => generated 847 bytes in 171 msecs (HTTP/1.1 200) 7 headers in 285 bytes (1 switches on core 0)
2026-03-31 06:14:39.309 8 INFO cinder.api.openstack.wsgi [None req-e213483c-d368-4bb3-966c-ac1c4c167c30 3020cf50a4204fa0906f02e54c04f78a c7ee67c2de984018aead6103ffab8a14 - - default default] GET http://cinder-api.openstack.svc.cluster.local:8776/v3/c7ee67c2de984018aead6103ffab8a14/os-quota-sets/3b9ee06a20fd404c83460c5fc99ed5a0?usage=true
2026-03-31 06:14:39.337 8 INFO cinder.api.openstack.wsgi [None req-e213483c-d368-4bb3-966c-ac1c4c167c30 3020cf50a4204fa0906f02e54c04f78a c7ee67c2de984018aead6103ffab8a14 - - default default] http://cinder-api.openstack.svc.cluster.local:8776/v3/c7ee67c2de984018aead6103ffab8a14/os-quota-sets/3b9ee06a20fd404c83460c5fc99ed5a0?usage=true returned with HTTP 200 [pid: 8|app: 0|req: 356/711] 10.0.0.54 () {28 vars in 735 bytes} [Tue Mar 31 06:14:39 2026] GET /v3/c7ee67c2de984018aead6103ffab8a14/os-quota-sets/3b9ee06a20fd404c83460c5fc99ed5a0?usage=true => generated 845 bytes in 37 msecs (HTTP/1.1 200) 7 headers in 285 bytes (1 switches on core 0)
2026-03-31 06:14:39.354 7 INFO cinder.api.openstack.wsgi [None req-e8e2fffe-ed8e-4cba-bb5e-bfb9b608ebcc 3020cf50a4204fa0906f02e54c04f78a c7ee67c2de984018aead6103ffab8a14 - - default default] GET http://cinder-api.openstack.svc.cluster.local:8776/v3/c7ee67c2de984018aead6103ffab8a14/os-quota-sets/5dc6305dc9ad40e08eb5eb81e412a443?usage=true
2026-03-31 06:14:39.383 7 INFO cinder.api.openstack.wsgi [None req-e8e2fffe-ed8e-4cba-bb5e-bfb9b608ebcc 3020cf50a4204fa0906f02e54c04f78a c7ee67c2de984018aead6103ffab8a14 - - default default] http://cinder-api.openstack.svc.cluster.local:8776/v3/c7ee67c2de984018aead6103ffab8a14/os-quota-sets/5dc6305dc9ad40e08eb5eb81e412a443?usage=true returned with HTTP 200 [pid: 7|app: 0|req: 356/712] 10.0.0.54 () {28 vars in 735 bytes} [Tue Mar 31 06:14:39 2026] GET /v3/c7ee67c2de984018aead6103ffab8a14/os-quota-sets/5dc6305dc9ad40e08eb5eb81e412a443?usage=true => generated 847 bytes in 40 msecs (HTTP/1.1 200) 7 headers in 285 bytes (1 switches on core 0)
2026-03-31 06:14:39.398 8 INFO cinder.api.openstack.wsgi [None req-7b8916ed-8324-4158-ad3f-f37ef5c70dfe 3020cf50a4204fa0906f02e54c04f78a c7ee67c2de984018aead6103ffab8a14 - - default default] GET http://cinder-api.openstack.svc.cluster.local:8776/v3/c7ee67c2de984018aead6103ffab8a14/os-quota-sets/7a1a539bb496472d99ae23bb5a087794?usage=true
2026-03-31 06:14:39.417 8 INFO cinder.api.openstack.wsgi [None req-7b8916ed-8324-4158-ad3f-f37ef5c70dfe 3020cf50a4204fa0906f02e54c04f78a c7ee67c2de984018aead6103ffab8a14 - - default default] http://cinder-api.openstack.svc.cluster.local:8776/v3/c7ee67c2de984018aead6103ffab8a14/os-quota-sets/7a1a539bb496472d99ae23bb5a087794?usage=true returned with HTTP 200 [pid: 8|app: 0|req: 357/713] 10.0.0.54 () {28 vars in 735 bytes} [Tue Mar 31 06:14:39 2026] GET /v3/c7ee67c2de984018aead6103ffab8a14/os-quota-sets/7a1a539bb496472d99ae23bb5a087794?usage=true => generated 847 bytes in 30 msecs (HTTP/1.1 200) 7 headers in 285 bytes (1 switches on core 0)
2026-03-31 06:14:39.435 7 INFO cinder.api.openstack.wsgi [None req-d725b310-e6fb-43f0-8d39-9f0a12d2983a 3020cf50a4204fa0906f02e54c04f78a c7ee67c2de984018aead6103ffab8a14 - - default default] GET http://cinder-api.openstack.svc.cluster.local:8776/v3/c7ee67c2de984018aead6103ffab8a14/os-quota-sets/c7ee67c2de984018aead6103ffab8a14?usage=true
2026-03-31 06:14:39.462 7 INFO cinder.api.openstack.wsgi [None req-d725b310-e6fb-43f0-8d39-9f0a12d2983a 3020cf50a4204fa0906f02e54c04f78a c7ee67c2de984018aead6103ffab8a14 - - default default] http://cinder-api.openstack.svc.cluster.local:8776/v3/c7ee67c2de984018aead6103ffab8a14/os-quota-sets/c7ee67c2de984018aead6103ffab8a14?usage=true returned with HTTP 200 [pid: 7|app: 0|req: 357/714] 10.0.0.54 () {28 vars in 735 bytes} [Tue Mar 31 06:14:39 2026] GET /v3/c7ee67c2de984018aead6103ffab8a14/os-quota-sets/c7ee67c2de984018aead6103ffab8a14?usage=true => generated 845 bytes in 40 msecs (HTTP/1.1 200) 7 headers in 285 bytes (1 switches on core 0)
2026-03-31 06:14:39.474 8 INFO cinder.api.openstack.wsgi [None req-4f7fa1ad-3f29-4382-b5b1-8375f851043b 3020cf50a4204fa0906f02e54c04f78a c7ee67c2de984018aead6103ffab8a14 - - default default] GET http://cinder-api.openstack.svc.cluster.local:8776/v3/c7ee67c2de984018aead6103ffab8a14/os-quota-sets/c8eb797b7bbe43e6a6606d4f9f21c416?usage=true
2026-03-31 06:14:39.504 8 INFO cinder.api.openstack.wsgi [None req-4f7fa1ad-3f29-4382-b5b1-8375f851043b 3020cf50a4204fa0906f02e54c04f78a c7ee67c2de984018aead6103ffab8a14 - - default default] http://cinder-api.openstack.svc.cluster.local:8776/v3/c7ee67c2de984018aead6103ffab8a14/os-quota-sets/c8eb797b7bbe43e6a6606d4f9f21c416?usage=true returned with HTTP 200 [pid: 8|app: 0|req: 358/715] 10.0.0.54 () {28 vars in 735 bytes} [Tue Mar 31 06:14:39 2026] GET /v3/c7ee67c2de984018aead6103ffab8a14/os-quota-sets/c8eb797b7bbe43e6a6606d4f9f21c416?usage=true => generated 847 bytes in 37 msecs (HTTP/1.1 200) 7 headers in 285 bytes (1 switches on core 0)
2026-03-31 06:14:39.521 7 INFO cinder.api.openstack.wsgi [None req-fdccf68a-77f2-477d-8acb-1655d00ea160 3020cf50a4204fa0906f02e54c04f78a c7ee67c2de984018aead6103ffab8a14 - - default default] GET http://cinder-api.openstack.svc.cluster.local:8776/v3/c7ee67c2de984018aead6103ffab8a14/os-quota-sets/f450442780064e28aa94a08ae3b2b741?usage=true
2026-03-31 06:14:39.557 7 INFO cinder.api.openstack.wsgi [None req-fdccf68a-77f2-477d-8acb-1655d00ea160 3020cf50a4204fa0906f02e54c04f78a c7ee67c2de984018aead6103ffab8a14 - - default default] http://cinder-api.openstack.svc.cluster.local:8776/v3/c7ee67c2de984018aead6103ffab8a14/os-quota-sets/f450442780064e28aa94a08ae3b2b741?usage=true returned with HTTP 200 [pid: 7|app: 0|req: 358/716] 10.0.0.54 () {28 vars in 735 bytes} [Tue Mar 31 06:14:39 2026] GET /v3/c7ee67c2de984018aead6103ffab8a14/os-quota-sets/f450442780064e28aa94a08ae3b2b741?usage=true => generated 847 bytes in 45 msecs (HTTP/1.1 200) 7 headers in 285 bytes (1 switches on core 0)
2026-03-31 06:14:39.567 8 INFO cinder.api.openstack.wsgi [None req-150c5ed9-667c-4cc2-a444-8cd1d2cb8c48 3020cf50a4204fa0906f02e54c04f78a c7ee67c2de984018aead6103ffab8a14 - - default default] GET http://cinder-api.openstack.svc.cluster.local:8776/v3/c7ee67c2de984018aead6103ffab8a14/volumes/detail?all_tenants=true
2026-03-31 06:14:39.577 8 INFO cinder.volume.api [None req-150c5ed9-667c-4cc2-a444-8cd1d2cb8c48 3020cf50a4204fa0906f02e54c04f78a c7ee67c2de984018aead6103ffab8a14 - - default default] Get all volumes completed successfully.
2026-03-31 06:14:39.579 8 INFO cinder.api.openstack.wsgi [None req-150c5ed9-667c-4cc2-a444-8cd1d2cb8c48 3020cf50a4204fa0906f02e54c04f78a c7ee67c2de984018aead6103ffab8a14 - - default default] http://cinder-api.openstack.svc.cluster.local:8776/v3/c7ee67c2de984018aead6103ffab8a14/volumes/detail?all_tenants=true returned with HTTP 200 [pid: 8|app: 0|req: 359/717] 10.0.0.54 () {28 vars in 683 bytes} [Tue Mar 31 06:14:39 2026] GET /v3/c7ee67c2de984018aead6103ffab8a14/volumes/detail?all_tenants=true => generated 15 bytes in 18 msecs (HTTP/1.1 200) 7 headers in 284 bytes (1 switches on core 0)
2026-03-31 06:14:39.603 7 INFO cinder.api.openstack.wsgi [None req-41205760-4b07-4775-a5dc-12f28e2b6645 3020cf50a4204fa0906f02e54c04f78a c7ee67c2de984018aead6103ffab8a14 - - default default] GET http://cinder-api.openstack.svc.cluster.local:8776/v3/c7ee67c2de984018aead6103ffab8a14/os-services
2026-03-31 06:14:39.610 7 INFO cinder.api.openstack.wsgi [None req-41205760-4b07-4775-a5dc-12f28e2b6645 3020cf50a4204fa0906f02e54c04f78a c7ee67c2de984018aead6103ffab8a14 - - default default] http://cinder-api.openstack.svc.cluster.local:8776/v3/c7ee67c2de984018aead6103ffab8a14/os-services returned with HTTP 200 [pid: 7|app: 0|req: 359/718] 10.0.0.54 () {28 vars in 644 bytes} [Tue Mar 31 06:14:39 2026] GET /v3/c7ee67c2de984018aead6103ffab8a14/os-services => generated 646 bytes in 16 msecs (HTTP/1.1 200) 7 headers in 285 bytes (1 switches on core 0)
2026-03-31 06:14:39.620 8 INFO cinder.api.openstack.wsgi [None req-84ce2304-0347-41cb-817b-ccbb5459b297 3020cf50a4204fa0906f02e54c04f78a c7ee67c2de984018aead6103ffab8a14 - - default default] GET http://cinder-api.openstack.svc.cluster.local:8776/v3/c7ee67c2de984018aead6103ffab8a14/volumes/detail?all_tenants=true
2026-03-31 06:14:39.629 8 INFO cinder.volume.api [None req-84ce2304-0347-41cb-817b-ccbb5459b297 3020cf50a4204fa0906f02e54c04f78a c7ee67c2de984018aead6103ffab8a14 - - default default] Get all volumes completed successfully.
2026-03-31 06:14:39.631 8 INFO cinder.api.openstack.wsgi [None req-84ce2304-0347-41cb-817b-ccbb5459b297 3020cf50a4204fa0906f02e54c04f78a c7ee67c2de984018aead6103ffab8a14 - - default default] http://cinder-api.openstack.svc.cluster.local:8776/v3/c7ee67c2de984018aead6103ffab8a14/volumes/detail?all_tenants=true returned with HTTP 200 [pid: 8|app: 0|req: 360/719] 10.0.0.54 () {28 vars in 683 bytes} [Tue Mar 31 06:14:39 2026] GET /v3/c7ee67c2de984018aead6103ffab8a14/volumes/detail?all_tenants=true => generated 15 bytes in 17 msecs (HTTP/1.1 200) 7 headers in 284 bytes (1 switches on core 0)
2026-03-31 06:14:39.643 7 INFO cinder.api.openstack.wsgi [None req-c55071c0-9b8d-4996-ba34-3956ea2ffced 3020cf50a4204fa0906f02e54c04f78a c7ee67c2de984018aead6103ffab8a14 - - default default] GET http://cinder-api.openstack.svc.cluster.local:8776/v3/c7ee67c2de984018aead6103ffab8a14/snapshots?all_tenants=true
2026-03-31 06:14:39.658 7 INFO cinder.volume.api [None req-c55071c0-9b8d-4996-ba34-3956ea2ffced 3020cf50a4204fa0906f02e54c04f78a c7ee67c2de984018aead6103ffab8a14 - - default default] Get all snapshots completed successfully.
2026-03-31 06:14:39.658 7 INFO cinder.api.openstack.wsgi [None req-c55071c0-9b8d-4996-ba34-3956ea2ffced 3020cf50a4204fa0906f02e54c04f78a c7ee67c2de984018aead6103ffab8a14 - - default default] http://cinder-api.openstack.svc.cluster.local:8776/v3/c7ee67c2de984018aead6103ffab8a14/snapshots?all_tenants=true returned with HTTP 200 [pid: 7|app: 0|req: 360/720] 10.0.0.54 () {28 vars in 673 bytes} [Tue Mar 31 06:14:39 2026] GET /v3/c7ee67c2de984018aead6103ffab8a14/snapshots?all_tenants=true => generated 17 bytes in 24 msecs (HTTP/1.1 200) 7 headers in 284 bytes (1 switches on core 0)
2026-03-31 06:14:39.671 8 INFO cinder.api.openstack.wsgi [None req-cec01737-4e2e-4765-a5dc-5c6c228c7792 3020cf50a4204fa0906f02e54c04f78a c7ee67c2de984018aead6103ffab8a14 - - default default] GET http://cinder-api.openstack.svc.cluster.local:8776/v3/c7ee67c2de984018aead6103ffab8a14/scheduler-stats/get_pools?detail=true
2026-03-31 06:14:40.175 8 INFO cinder.api.openstack.wsgi [None req-cec01737-4e2e-4765-a5dc-5c6c228c7792 3020cf50a4204fa0906f02e54c04f78a c7ee67c2de984018aead6103ffab8a14 - - default default] http://cinder-api.openstack.svc.cluster.local:8776/v3/c7ee67c2de984018aead6103ffab8a14/scheduler-stats/get_pools?detail=true returned with HTTP 200 [pid: 8|app: 0|req: 361/721] 10.0.0.54 () {28 vars in 695 bytes} [Tue Mar 31 06:14:39 2026] GET /v3/c7ee67c2de984018aead6103ffab8a14/scheduler-stats/get_pools?detail=true => generated 670 bytes in 510 msecs (HTTP/1.1 200) 7 headers in 285 bytes (1 switches on core 0)
2026-03-31 06:14:44.929 7 INFO cinder.api.openstack.wsgi [None req-c55071c0-9b8d-4996-ba34-3956ea2ffced 3020cf50a4204fa0906f02e54c04f78a c7ee67c2de984018aead6103ffab8a14 - - default default] GET http://10.0.0.99:8776/
2026-03-31 06:14:44.930 7 INFO cinder.api.openstack.wsgi [None req-c55071c0-9b8d-4996-ba34-3956ea2ffced 3020cf50a4204fa0906f02e54c04f78a c7ee67c2de984018aead6103ffab8a14 - - default default] http://10.0.0.99:8776/ returned with HTTP 300
2026-03-31 06:14:44.929 8 INFO cinder.api.openstack.wsgi [None req-cec01737-4e2e-4765-a5dc-5c6c228c7792 3020cf50a4204fa0906f02e54c04f78a c7ee67c2de984018aead6103ffab8a14 - - default default] GET http://10.0.0.99:8776/
2026-03-31 06:14:44.933 8 INFO cinder.api.openstack.wsgi [None req-cec01737-4e2e-4765-a5dc-5c6c228c7792 3020cf50a4204fa0906f02e54c04f78a c7ee67c2de984018aead6103ffab8a14 - - default default] http://10.0.0.99:8776/ returned with HTTP 300
2026-03-31 06:14:54.929 8 INFO cinder.api.openstack.wsgi [None req-cec01737-4e2e-4765-a5dc-5c6c228c7792 3020cf50a4204fa0906f02e54c04f78a c7ee67c2de984018aead6103ffab8a14 - - default default] GET http://10.0.0.99:8776/
2026-03-31 06:14:54.929 7 INFO cinder.api.openstack.wsgi [None req-c55071c0-9b8d-4996-ba34-3956ea2ffced 3020cf50a4204fa0906f02e54c04f78a c7ee67c2de984018aead6103ffab8a14 - - default default] GET http://10.0.0.99:8776/
2026-03-31 06:14:54.930 7 INFO cinder.api.openstack.wsgi [None req-c55071c0-9b8d-4996-ba34-3956ea2ffced 3020cf50a4204fa0906f02e54c04f78a c7ee67c2de984018aead6103ffab8a14 - - default default] http://10.0.0.99:8776/ returned with HTTP 300
2026-03-31 06:14:54.930 8 INFO cinder.api.openstack.wsgi [None req-cec01737-4e2e-4765-a5dc-5c6c228c7792 3020cf50a4204fa0906f02e54c04f78a c7ee67c2de984018aead6103ffab8a14 - - default default] http://10.0.0.99:8776/ returned with HTTP 300
2026-03-31 06:14:55.827 7 INFO cinder.api.openstack.wsgi [None req-c55071c0-9b8d-4996-ba34-3956ea2ffced 3020cf50a4204fa0906f02e54c04f78a c7ee67c2de984018aead6103ffab8a14 - - default default] GET http://cinder-api.openstack.svc.cluster.local:8776/
2026-03-31 06:14:55.828 7 INFO cinder.api.openstack.wsgi [None req-c55071c0-9b8d-4996-ba34-3956ea2ffced 3020cf50a4204fa0906f02e54c04f78a c7ee67c2de984018aead6103ffab8a14 - - default default] http://cinder-api.openstack.svc.cluster.local:8776/ returned with HTTP 300 [pid: 7|app: 0|req: 363/726] 10.0.0.79 () {30 vars in 410 bytes} [Tue Mar 31 06:14:55 2026] GET / => generated 411 bytes in 2 msecs (HTTP/1.1 300) 5 headers in 169 bytes (1 switches on core 0)
2026-03-31 06:14:58.877 8 INFO cinder.api.openstack.wsgi [None req-0f451632-0ca1-4954-a1e8-b28fbb9f7579 8da847f181d64933b6be5f790badb5ba b7e3c1609be94d7eae0bac76025dca56 - - default default] POST http://cinder-api.openstack.svc.cluster.local:8776/v3/b7e3c1609be94d7eae0bac76025dca56/volumes
2026-03-31 06:14:58.880 8 INFO cinder.api.v3.volumes [None req-0f451632-0ca1-4954-a1e8-b28fbb9f7579 8da847f181d64933b6be5f790badb5ba b7e3c1609be94d7eae0bac76025dca56 - - default default] Create volume of 1 GB
2026-03-31 06:14:58.893 8 INFO cinder.volume.api [None req-0f451632-0ca1-4954-a1e8-b28fbb9f7579 8da847f181d64933b6be5f790badb5ba b7e3c1609be94d7eae0bac76025dca56 - - default default] Availability Zones retrieved successfully.
2026-03-31 06:14:59.174 8 INFO cinder.volume.api [None req-0f451632-0ca1-4954-a1e8-b28fbb9f7579 8da847f181d64933b6be5f790badb5ba b7e3c1609be94d7eae0bac76025dca56 - - default default] Create volume request issued successfully.
