+ COMMAND=start + start + for KEYSTONE_WSGI_SCRIPT in keystone-wsgi-public ++ type -p keystone-wsgi-public + cp -a /var/lib/openstack/bin/keystone-wsgi-public /var/www/cgi-bin/keystone/ + '[' -f /etc/apache2/envvars ']' + source /etc/apache2/envvars ++ unset HOME ++ '[' '' '!=' '' ']' ++ SUFFIX= ++ export APACHE_RUN_USER=www-data ++ APACHE_RUN_USER=www-data ++ export APACHE_RUN_GROUP=www-data ++ APACHE_RUN_GROUP=www-data ++ export APACHE_PID_FILE=/var/run/apache2/apache2.pid ++ APACHE_PID_FILE=/var/run/apache2/apache2.pid ++ export APACHE_RUN_DIR=/var/run/apache2 ++ APACHE_RUN_DIR=/var/run/apache2 ++ export APACHE_LOCK_DIR=/var/lock/apache2 ++ APACHE_LOCK_DIR=/var/lock/apache2 ++ export APACHE_LOG_DIR=/var/log/apache2 ++ APACHE_LOG_DIR=/var/log/apache2 ++ export LANG=C ++ LANG=C ++ export LANG + '[' -f /var/run/apache2/apache2.pid ']' + exec apache2 -DFOREGROUND AH00558: apache2: Could not reliably determine the server's fully qualified domain name, using 10.0.0.190. Set the 'ServerName' directive globally to suppress this message AH00558: apache2: Could not reliably determine the server's fully qualified domain name, using 10.0.0.190. Set the 'ServerName' directive globally to suppress this message
[Mon Jun 22 23:15:03.399954 2026] [mpm_event:notice] [pid 1:tid 139732918904704] AH00489: Apache/2.4.58 (Ubuntu) mod_wsgi/5.0.0 Python/3.12 configured -- resuming normal operations
[Mon Jun 22 23:15:03.400379 2026] [core:notice] [pid 1:tid 139732918904704] AH00094: Command line: 'apache2 -D FOREGROUND'
[Mon Jun 22 23:16:04.855511 2026] [wsgi:error] [pid 12:tid 139732281083584] /var/lib/openstack/lib/python3.12/site-packages/oslo_utils/importutils.py:77: EventletDeprecationWarning:
[Mon Jun 22 23:16:04.855553 2026] [wsgi:error] [pid 12:tid 139732281083584] Eventlet is deprecated. It is currently being maintained in bugfix mode, and
[Mon Jun 22 23:16:04.855555 2026] [wsgi:error] [pid 12:tid 139732281083584] we strongly recommend against using it for new projects.
[Mon Jun 22 23:16:04.855557 2026] [wsgi:error] [pid 12:tid 139732281083584]
[Mon Jun 22 23:16:04.855558 2026] [wsgi:error] [pid 12:tid 139732281083584] If you are already using Eventlet, we recommend migrating to a different
[Mon Jun 22 23:16:04.855559 2026] [wsgi:error] [pid 12:tid 139732281083584] framework. For more detail see
[Mon Jun 22 23:16:04.855560 2026] [wsgi:error] [pid 12:tid 139732281083584] https://eventlet.readthedocs.io/en/latest/asyncio/migration.html
[Mon Jun 22 23:16:04.855561 2026] [wsgi:error] [pid 12:tid 139732281083584]
[Mon Jun 22 23:16:04.855562 2026] [wsgi:error] [pid 12:tid 139732281083584] __import__(import_str)
[Mon Jun 22 23:16:04.856193 2026] [wsgi:error] [pid 10:tid 139732281083584] /var/lib/openstack/lib/python3.12/site-packages/oslo_utils/importutils.py:77: EventletDeprecationWarning:
[Mon Jun 22 23:16:04.856232 2026] [wsgi:error] [pid 10:tid 139732281083584] Eventlet is deprecated. It is currently being maintained in bugfix mode, and
[Mon Jun 22 23:16:04.856234 2026] [wsgi:error] [pid 10:tid 139732281083584] we strongly recommend against using it for new projects.
[Mon Jun 22 23:16:04.856235 2026] [wsgi:error] [pid 10:tid 139732281083584]
[Mon Jun 22 23:16:04.856236 2026] [wsgi:error] [pid 10:tid 139732281083584] If you are already using Eventlet, we recommend migrating to a different
[Mon Jun 22 23:16:04.856237 2026] [wsgi:error] [pid 10:tid 139732281083584] framework. For more detail see
[Mon Jun 22 23:16:04.856238 2026] [wsgi:error] [pid 10:tid 139732281083584] https://eventlet.readthedocs.io/en/latest/asyncio/migration.html
[Mon Jun 22 23:16:04.856239 2026] [wsgi:error] [pid 10:tid 139732281083584]
[Mon Jun 22 23:16:04.856240 2026] [wsgi:error] [pid 10:tid 139732281083584] __import__(import_str) 10.0.0.1 - - [22/Jun/2026:23:16:04 +0000] "GET /v3/ HTTP/1.1" 200 250 10.0.0.1 - - [22/Jun/2026:23:16:04 +0000] "GET /v3/ HTTP/1.1" 200 250
[Mon Jun 22 23:16:18.339852 2026] [wsgi:error] [pid 9:tid 139732281083584] /var/lib/openstack/lib/python3.12/site-packages/oslo_utils/importutils.py:77: EventletDeprecationWarning:
[Mon Jun 22 23:16:18.339894 2026] [wsgi:error] [pid 9:tid 139732281083584] Eventlet is deprecated. It is currently being maintained in bugfix mode, and
[Mon Jun 22 23:16:18.339895 2026] [wsgi:error] [pid 9:tid 139732281083584] we strongly recommend against using it for new projects.
[Mon Jun 22 23:16:18.339897 2026] [wsgi:error] [pid 9:tid 139732281083584]
[Mon Jun 22 23:16:18.339898 2026] [wsgi:error] [pid 9:tid 139732281083584] If you are already using Eventlet, we recommend migrating to a different
[Mon Jun 22 23:16:18.339899 2026] [wsgi:error] [pid 9:tid 139732281083584] framework. For more detail see
[Mon Jun 22 23:16:18.339900 2026] [wsgi:error] [pid 9:tid 139732281083584] https://eventlet.readthedocs.io/en/latest/asyncio/migration.html
[Mon Jun 22 23:16:18.339901 2026] [wsgi:error] [pid 9:tid 139732281083584]
[Mon Jun 22 23:16:18.339902 2026] [wsgi:error] [pid 9:tid 139732281083584] __import__(import_str) 10.0.0.4 - - [22/Jun/2026:23:16:17 +0000] "GET / HTTP/1.1" 300 295
[Mon Jun 22 23:16:23.536787 2026] [wsgi:error] [pid 11:tid 139732281083584] /var/lib/openstack/lib/python3.12/site-packages/oslo_utils/importutils.py:77: EventletDeprecationWarning:
[Mon Jun 22 23:16:23.536830 2026] [wsgi:error] [pid 11:tid 139732281083584] Eventlet is deprecated. It is currently being maintained in bugfix mode, and
[Mon Jun 22 23:16:23.536832 2026] [wsgi:error] [pid 11:tid 139732281083584] we strongly recommend against using it for new projects.
[Mon Jun 22 23:16:23.536833 2026] [wsgi:error] [pid 11:tid 139732281083584]
[Mon Jun 22 23:16:23.536835 2026] [wsgi:error] [pid 11:tid 139732281083584] If you are already using Eventlet, we recommend migrating to a different
[Mon Jun 22 23:16:23.536836 2026] [wsgi:error] [pid 11:tid 139732281083584] framework. For more detail see
[Mon Jun 22 23:16:23.536837 2026] [wsgi:error] [pid 11:tid 139732281083584] https://eventlet.readthedocs.io/en/latest/asyncio/migration.html
[Mon Jun 22 23:16:23.536838 2026] [wsgi:error] [pid 11:tid 139732281083584]
[Mon Jun 22 23:16:23.536839 2026] [wsgi:error] [pid 11:tid 139732281083584] __import__(import_str)
[Mon Jun 22 23:16:28.142539 2026] [wsgi:error] [pid 11:tid 139732281083584] [remote 10.0.0.4:47736] 2026-06-22 23:16:28.139 11 WARNING keystone.identity.core [None req-4ac2387a-4e0d-4156-90f8-e107bf85ad0b - - - - - -] Invalid domain name (atmosphere) found in config file name: keystone.exception.DomainNotFound: Could not find domain: atmosphere.
[Mon Jun 22 23:16:28.186681 2026] [wsgi:error] [pid 11:tid 139732281083584] [remote 10.0.0.4:47736] 2026-06-22 23:16:28.186 11 WARNING keystone.common.password_hashing [None req-4ac2387a-4e0d-4156-90f8-e107bf85ad0b - - - - - -] Truncating password to algorithm specific maximum length 72 characters.
[Mon Jun 22 23:16:28.462767 2026] [wsgi:error] [pid 11:tid 139732281083584] [remote 10.0.0.4:47736] 2026-06-22 23:16:28.462 11 WARNING keystone.common.fernet_utils [None req-4ac2387a-4e0d-4156-90f8-e107bf85ad0b - - - - - -] key_repository is world readable: /etc/keystone/fernet-keys/ 10.0.0.4 - - [22/Jun/2026:23:16:22 +0000] "POST /v3/auth/tokens HTTP/1.1" 201 1360
[Mon Jun 22 23:16:28.823099 2026] [wsgi:error] [pid 10:tid 139732281083584] [remote 10.0.0.4:47736] 2026-06-22 23:16:28.820 10 WARNING keystone.identity.core [None req-783a0033-2b02-4a5f-b68d-d3f88f3cf958 - - - - - -] Invalid domain name (atmosphere) found in config file name: keystone.exception.DomainNotFound: Could not find domain: atmosphere. 10.0.0.4 - - [22/Jun/2026:23:16:28 +0000] "POST /v3/domains HTTP/1.1" 201 261 10.0.0.112 - - [22/Jun/2026:23:16:39 +0000] "GET / HTTP/1.1" 300 295
[Mon Jun 22 23:16:40.040611 2026] [wsgi:error] [pid 9:tid 139732281083584] [remote 10.0.0.112:33056] 2026-06-22 23:16:40.040 9 WARNING keystone.common.password_hashing [None req-7e4a216c-3577-4ff2-9d00-19d63276ea16 - - - - - -] Truncating password to algorithm specific maximum length 72 characters.
[Mon Jun 22 23:16:40.309407 2026] [wsgi:error] [pid 9:tid 139732281083584] [remote 10.0.0.112:33056] 2026-06-22 23:16:40.309 9 WARNING keystone.common.fernet_utils [None req-7e4a216c-3577-4ff2-9d00-19d63276ea16 - - - - - -] key_repository is world readable: /etc/keystone/fernet-keys/ 10.0.0.112 - - [22/Jun/2026:23:16:39 +0000] "POST /v3/auth/tokens HTTP/1.1" 201 1360 10.0.0.112 - - [22/Jun/2026:23:16:40 +0000] "GET /v3/roles/admin HTTP/1.1" 404 83
[Mon Jun 22 23:16:40.573986 2026] [wsgi:error] [pid 10:tid 139732281083584] [remote 10.0.0.112:33056] 2026-06-22 23:16:40.573 10 WARNING keystone.common.rbac_enforcer.enforcer [None req-da93e288-b6f6-4272-9616-d48ba8571d78 8f6c017fd5c9475e8e7ee2a558fbe4e3 fe50fb82114b4ae4ab90fe1c8d4eb3d1 - - default default] Deprecated policy rules found. Use oslopolicy-policy-generator and oslopolicy-policy-upgrade to detect and resolve deprecated policies in your configuration. 10.0.0.112 - - [22/Jun/2026:23:16:40 +0000] "GET /v3/roles?name=admin HTTP/1.1" 200 389
[Mon Jun 22 23:16:41.032365 2026] [wsgi:error] [pid 12:tid 139732281083584] [remote 10.0.0.112:33056] 2026-06-22 23:16:41.032 12 WARNING keystone.common.rbac_enforcer.enforcer [None req-6b80578b-9433-4fd6-a859-3a0dc7e85933 8f6c017fd5c9475e8e7ee2a558fbe4e3 fe50fb82114b4ae4ab90fe1c8d4eb3d1 - - default default] Deprecated policy rules found. Use oslopolicy-policy-generator and oslopolicy-policy-upgrade to detect and resolve deprecated policies in your configuration. 10.0.0.112 - - [22/Jun/2026:23:16:40 +0000] "GET /v3/users/admin-RegionOne HTTP/1.1" 404 93
[Mon Jun 22 23:16:41.168048 2026] [wsgi:error] [pid 9:tid 139732281083584] [remote 10.0.0.112:33056] 2026-06-22 23:16:41.167 9 WARNING keystone.common.rbac_enforcer.enforcer [None req-05d42d12-030e-477d-b986-85208ac75996 8f6c017fd5c9475e8e7ee2a558fbe4e3 fe50fb82114b4ae4ab90fe1c8d4eb3d1 - - default default] Deprecated policy rules found. Use oslopolicy-policy-generator and oslopolicy-policy-upgrade to detect and resolve deprecated policies in your configuration. 10.0.0.112 - - [22/Jun/2026:23:16:41 +0000] "GET /v3/users?name=admin-RegionOne HTTP/1.1" 200 422
[Mon Jun 22 23:16:41.330874 2026] [wsgi:error] [pid 11:tid 139732281083584] [remote 10.0.0.112:33056] 2026-06-22 23:16:41.330 11 WARNING keystone.common.rbac_enforcer.enforcer [None req-d500c76c-38de-4097-9f57-e573f6727fcd 8f6c017fd5c9475e8e7ee2a558fbe4e3 fe50fb82114b4ae4ab90fe1c8d4eb3d1 - - default default] Deprecated policy rules found. Use oslopolicy-policy-generator and oslopolicy-policy-upgrade to detect and resolve deprecated policies in your configuration. 10.0.0.112 - - [22/Jun/2026:23:16:41 +0000] "GET /v3/domains/default HTTP/1.1" 200 224 10.0.0.112 - - [22/Jun/2026:23:16:41 +0000] "PUT /v3/domains/default/users/8f6c017fd5c9475e8e7ee2a558fbe4e3/roles/a786e08db660491d872042353f6bf372 HTTP/1.1" 204 - 10.0.0.1 - - [22/Jun/2026:23:16:50 +0000] "GET / HTTP/1.1" 300 281 10.0.0.1 - - [22/Jun/2026:23:16:52 +0000] "GET /v3 HTTP/1.1" 200 266
[Mon Jun 22 23:16:52.293076 2026] [wsgi:error] [pid 11:tid 139732281083584] [remote 10.0.0.1:40982] 2026-06-22 23:16:52.292 11 WARNING keystone.common.password_hashing [None req-d497b492-05d0-43d9-9a44-8a40c00871aa - - - - - -] Truncating password to algorithm specific maximum length 72 characters.
[Mon Jun 22 23:16:52.580811 2026] [wsgi:error] [pid 11:tid 139732281083584] [remote 10.0.0.1:40982] 2026-06-22 23:16:52.580 11 WARNING keystone.common.fernet_utils [None req-d497b492-05d0-43d9-9a44-8a40c00871aa - - - - - -] key_repository is world readable: /etc/keystone/fernet-keys/ 10.0.0.1 - - [22/Jun/2026:23:16:52 +0000] "POST /v3/auth/tokens HTTP/1.1" 201 1360 10.0.0.1 - - [22/Jun/2026:23:16:52 +0000] "GET / HTTP/1.1" 300 281 10.0.0.1 - - [22/Jun/2026:23:16:52 +0000] "GET /v3/domains/atmosphere HTTP/1.1" 404 90 10.0.0.1 - - [22/Jun/2026:23:16:52 +0000] "GET /v3/domains?name=atmosphere HTTP/1.1" 200 370 10.0.0.1 - - [22/Jun/2026:23:16:52 +0000] "GET /v3/domains/eeb6ae48be7844fbae83d73f9c28851f HTTP/1.1" 200 247 10.0.0.1 - - [22/Jun/2026:23:16:53 +0000] "GET /v3 HTTP/1.1" 200 266
[Mon Jun 22 23:16:53.634550 2026] [wsgi:error] [pid 12:tid 139732281083584] [remote 10.0.0.1:40996] 2026-06-22 23:16:53.634 12 WARNING keystone.common.password_hashing [None req-8d45b7f3-f591-46aa-8b75-45b80d85ac41 - - - - - -] Truncating password to algorithm specific maximum length 72 characters.
[Mon Jun 22 23:16:53.905431 2026] [wsgi:error] [pid 12:tid 139732281083584] [remote 10.0.0.1:40996] 2026-06-22 23:16:53.905 12 WARNING keystone.common.fernet_utils [None req-8d45b7f3-f591-46aa-8b75-45b80d85ac41 - - - - - -] key_repository is world readable: /etc/keystone/fernet-keys/ 10.0.0.1 - - [22/Jun/2026:23:16:53 +0000] "POST /v3/auth/tokens HTTP/1.1" 201 1360 10.0.0.1 - - [22/Jun/2026:23:16:53 +0000] "GET / HTTP/1.1" 300 281 10.0.0.1 - - [22/Jun/2026:23:16:53 +0000] "GET /v3/OS-FEDERATION/identity_providers/atmosphere HTTP/1.1" 404 101 10.0.0.1 - - [22/Jun/2026:23:16:53 +0000] "GET /v3/OS-FEDERATION/identity_providers HTTP/1.1" 200 156 10.0.0.1 - - [22/Jun/2026:23:16:53 +0000] "PUT /v3/OS-FEDERATION/identity_providers/atmosphere HTTP/1.1" 201 342 10.0.0.1 - - [22/Jun/2026:23:16:54 +0000] "GET /v3 HTTP/1.1" 200 266
[Mon Jun 22 23:16:54.801282 2026] [wsgi:error] [pid 11:tid 139732281083584] [remote 10.0.0.1:40996] 2026-06-22 23:16:54.801 11 WARNING keystone.common.password_hashing [None req-e9a70c09-410b-411f-bbf6-a370ca067c5a - - - - - -] Truncating password to algorithm specific maximum length 72 characters.
[Mon Jun 22 23:16:55.079455 2026] [wsgi:error] [pid 11:tid 139732281083584] [remote 10.0.0.1:40996] 2026-06-22 23:16:55.079 11 WARNING keystone.common.fernet_utils [None req-e9a70c09-410b-411f-bbf6-a370ca067c5a - - - - - -] key_repository is world readable: /etc/keystone/fernet-keys/ 10.0.0.1 - - [22/Jun/2026:23:16:54 +0000] "POST /v3/auth/tokens HTTP/1.1" 201 1360 10.0.0.1 - - [22/Jun/2026:23:16:55 +0000] "GET / HTTP/1.1" 300 281 10.0.0.1 - - [22/Jun/2026:23:16:55 +0000] "GET /v3/OS-FEDERATION/mappings/atmosphere-openid HTTP/1.1" 404 98 10.0.0.1 - - [22/Jun/2026:23:16:55 +0000] "GET /v3/OS-FEDERATION/mappings HTTP/1.1" 200 136 10.0.0.1 - - [22/Jun/2026:23:16:55 +0000] "PUT /v3/OS-FEDERATION/mappings/atmosphere-openid HTTP/1.1" 201 357 10.0.0.1 - - [22/Jun/2026:23:16:55 +0000] "GET /v3 HTTP/1.1" 200 266
[Mon Jun 22 23:16:55.934928 2026] [wsgi:error] [pid 12:tid 139732281083584] [remote 10.0.0.1:40982] 2026-06-22 23:16:55.934 12 WARNING keystone.common.password_hashing [None req-ad78d4b1-952a-4f84-8a36-099fc5c65161 - - - - - -] Truncating password to algorithm specific maximum length 72 characters.
[Mon Jun 22 23:16:56.204351 2026] [wsgi:error] [pid 12:tid 139732281083584] [remote 10.0.0.1:40982] 2026-06-22 23:16:56.204 12 WARNING keystone.common.fernet_utils [None req-ad78d4b1-952a-4f84-8a36-099fc5c65161 - - - - - -] key_repository is world readable: /etc/keystone/fernet-keys/ 10.0.0.1 - - [22/Jun/2026:23:16:55 +0000] "POST /v3/auth/tokens HTTP/1.1" 201 1360 10.0.0.1 - - [22/Jun/2026:23:16:56 +0000] "GET / HTTP/1.1" 300 281 10.0.0.1 - - [22/Jun/2026:23:16:56 +0000] "GET /v3/OS-FEDERATION/identity_providers/atmosphere/protocols/openid?idp_id=atmosphere HTTP/1.1" 404 131 10.0.0.1 - - [22/Jun/2026:23:16:56 +0000] "GET /v3/OS-FEDERATION/identity_providers/atmosphere/protocols HTTP/1.1" 200 168 10.0.0.1 - - [22/Jun/2026:23:16:56 +0000] "PUT /v3/OS-FEDERATION/identity_providers/atmosphere/protocols/openid HTTP/1.1" 201 224 10.0.0.1 - - [22/Jun/2026:23:17:04 +0000] "GET /v3/ HTTP/1.1" 200 250 10.0.0.1 - - [22/Jun/2026:23:17:04 +0000] "GET /v3/ HTTP/1.1" 200 250 10.0.0.1 - - [22/Jun/2026:23:18:04 +0000] "GET /v3/ HTTP/1.1" 200 250 10.0.0.1 - - [22/Jun/2026:23:18:04 +0000] "GET /v3/ HTTP/1.1" 200 250 10.0.0.13 - - [22/Jun/2026:23:18:19 +0000] "GET / HTTP/1.1" 300 295
[Mon Jun 22 23:18:19.682414 2026] [wsgi:error] [pid 11:tid 139732281083584] [remote 10.0.0.13:33248] 2026-06-22 23:18:19.682 11 WARNING keystone.common.password_hashing [None req-76f16268-096d-4da3-9faf-153b53f3b864 - - - - - -] Truncating password to algorithm specific maximum length 72 characters.
[Mon Jun 22 23:18:19.951845 2026] [wsgi:error] [pid 11:tid 139732281083584] [remote 10.0.0.13:33248] 2026-06-22 23:18:19.951 11 WARNING keystone.common.fernet_utils [None req-76f16268-096d-4da3-9faf-153b53f3b864 - - - - - -] key_repository is world readable: /etc/keystone/fernet-keys/ 10.0.0.13 - - [22/Jun/2026:23:18:19 +0000] "POST /v3/auth/tokens HTTP/1.1" 201 1360 10.0.0.13 - - [22/Jun/2026:23:18:20 +0000] "GET /v3/services HTTP/1.1" 200 355 10.0.0.13 - - [22/Jun/2026:23:18:23 +0000] "GET / HTTP/1.1" 300 295
[Mon Jun 22 23:18:23.723708 2026] [wsgi:error] [pid 9:tid 139732281083584] [remote 10.0.0.13:33256] 2026-06-22 23:18:23.723 9 WARNING keystone.common.password_hashing [None req-ccc2ffa8-27ac-4964-9cdf-a3bc873293df - - - - - -] Truncating password to algorithm specific maximum length 72 characters.
[Mon Jun 22 23:18:24.012534 2026] [wsgi:error] [pid 9:tid 139732281083584] [remote 10.0.0.13:33256] 2026-06-22 23:18:24.012 9 WARNING keystone.common.fernet_utils [None req-ccc2ffa8-27ac-4964-9cdf-a3bc873293df - - - - - -] key_repository is world readable: /etc/keystone/fernet-keys/ 10.0.0.13 - - [22/Jun/2026:23:18:23 +0000] "POST /v3/auth/tokens HTTP/1.1" 201 1360 10.0.0.13 - - [22/Jun/2026:23:18:24 +0000] "GET /v3/services HTTP/1.1" 200 355 10.0.0.13 - - [22/Jun/2026:23:18:27 +0000] "GET / HTTP/1.1" 300 295
[Mon Jun 22 23:18:27.607758 2026] [wsgi:error] [pid 10:tid 139732281083584] [remote 10.0.0.13:33260] 2026-06-22 23:18:27.607 10 WARNING keystone.common.password_hashing [None req-3f097cb9-1a21-41fd-be02-d50ee0adf52a - - - - - -] Truncating password to algorithm specific maximum length 72 characters.
[Mon Jun 22 23:18:27.881034 2026] [wsgi:error] [pid 10:tid 139732281083584] [remote 10.0.0.13:33260] 2026-06-22 23:18:27.880 10 WARNING keystone.common.fernet_utils [None req-3f097cb9-1a21-41fd-be02-d50ee0adf52a - - - - - -] key_repository is world readable: /etc/keystone/fernet-keys/ 10.0.0.13 - - [22/Jun/2026:23:18:27 +0000] "POST /v3/auth/tokens HTTP/1.1" 201 1360 10.0.0.13 - - [22/Jun/2026:23:18:27 +0000] "GET /v3/services HTTP/1.1" 200 355 10.0.0.13 - - [22/Jun/2026:23:18:31 +0000] "GET / HTTP/1.1" 300 295
[Mon Jun 22 23:18:31.412048 2026] [wsgi:error] [pid 12:tid 139732281083584] [remote 10.0.0.13:35676] 2026-06-22 23:18:31.411 12 WARNING keystone.common.password_hashing [None req-65d9faf0-7f33-42a6-81a9-d4c2acd17426 - - - - - -] Truncating password to algorithm specific maximum length 72 characters.
[Mon Jun 22 23:18:31.687479 2026] [wsgi:error] [pid 12:tid 139732281083584] [remote 10.0.0.13:35676] 2026-06-22 23:18:31.687 12 WARNING keystone.common.fernet_utils [None req-65d9faf0-7f33-42a6-81a9-d4c2acd17426 - - - - - -] key_repository is world readable: /etc/keystone/fernet-keys/ 10.0.0.13 - - [22/Jun/2026:23:18:31 +0000] "POST /v3/auth/tokens HTTP/1.1" 201 1360 10.0.0.13 - - [22/Jun/2026:23:18:31 +0000] "POST /v3/services HTTP/1.1" 201 296 10.0.0.161 - - [22/Jun/2026:23:18:42 +0000] "GET / HTTP/1.1" 300 295
[Mon Jun 22 23:18:42.784397 2026] [wsgi:error] [pid 9:tid 139732281083584] [remote 10.0.0.161:52010] 2026-06-22 23:18:42.784 9 WARNING keystone.common.password_hashing [None req-7cf81858-f3a0-4167-a845-237ffdd1ba67 - - - - - -] Truncating password to algorithm specific maximum length 72 characters. 10.0.0.161 - - [22/Jun/2026:23:18:43 +0000] "GET / HTTP/1.1" 300 295
[Mon Jun 22 23:18:43.061241 2026] [wsgi:error] [pid 9:tid 139732281083584] [remote 10.0.0.161:52010] 2026-06-22 23:18:43.061 9 WARNING keystone.common.fernet_utils [None req-7cf81858-f3a0-4167-a845-237ffdd1ba67 - - - - - -] key_repository is world readable: /etc/keystone/fernet-keys/
[Mon Jun 22 23:18:43.069725 2026] [wsgi:error] [pid 12:tid 139732281083584] [remote 10.0.0.161:52020] 2026-06-22 23:18:43.069 12 WARNING keystone.common.password_hashing [None req-24d5919c-fb5f-4431-b835-86bc907fd4ea - - - - - -] Truncating password to algorithm specific maximum length 72 characters. 10.0.0.161 - - [22/Jun/2026:23:18:42 +0000] "POST /v3/auth/tokens HTTP/1.1" 201 1464 10.0.0.161 - - [22/Jun/2026:23:18:43 +0000] "GET /v3/services HTTP/1.1" 200 639 10.0.0.161 - - [22/Jun/2026:23:18:43 +0000] "GET / HTTP/1.1" 300 295
[Mon Jun 22 23:18:43.247112 2026] [wsgi:error] [pid 9:tid 139732281083584] [remote 10.0.0.161:52028] 2026-06-22 23:18:43.246 9 WARNING keystone.common.password_hashing [None req-9e15df8a-b51a-49e4-83a5-e438b75a804b - - - - - -] Truncating password to algorithm specific maximum length 72 characters.
[Mon Jun 22 23:18:43.353552 2026] [wsgi:error] [pid 12:tid 139732281083584] [remote 10.0.0.161:52020] 2026-06-22 23:18:43.353 12 WARNING keystone.common.fernet_utils [None req-24d5919c-fb5f-4431-b835-86bc907fd4ea - - - - - -] key_repository is world readable: /etc/keystone/fernet-keys/ 10.0.0.161 - - [22/Jun/2026:23:18:43 +0000] "POST /v3/auth/tokens HTTP/1.1" 201 1464 10.0.0.161 - - [22/Jun/2026:23:18:43 +0000] "GET /v3/services HTTP/1.1" 200 639
[Mon Jun 22 23:18:43.516273 2026] [wsgi:error] [pid 9:tid 139732281083584] [remote 10.0.0.161:52028] 2026-06-22 23:18:43.516 9 WARNING keystone.common.fernet_utils [None req-9e15df8a-b51a-49e4-83a5-e438b75a804b - - - - - -] key_repository is world readable: /etc/keystone/fernet-keys/ 10.0.0.161 - - [22/Jun/2026:23:18:43 +0000] "POST /v3/auth/tokens HTTP/1.1" 201 1464 10.0.0.161 - - [22/Jun/2026:23:18:43 +0000] "GET /v3/services HTTP/1.1" 200 639 10.0.0.161 - - [22/Jun/2026:23:18:44 +0000] "GET / HTTP/1.1" 300 295
[Mon Jun 22 23:18:44.756998 2026] [wsgi:error] [pid 10:tid 139732281083584] [remote 10.0.0.161:52032] 2026-06-22 23:18:44.756 10 WARNING keystone.common.password_hashing [None req-7e29c901-511b-4dd9-8c26-46fb4005a75f - - - - - -] Truncating password to algorithm specific maximum length 72 characters. 10.0.0.161 - - [22/Jun/2026:23:18:45 +0000] "GET / HTTP/1.1" 300 295
[Mon Jun 22 23:18:45.034596 2026] [wsgi:error] [pid 11:tid 139732281083584] [remote 10.0.0.161:52046] 2026-06-22 23:18:45.034 11 WARNING keystone.common.password_hashing [None req-a6220244-37aa-4bde-ba96-11d099cdb3f4 - - - - - -] Truncating password to algorithm specific maximum length 72 characters.
[Mon Jun 22 23:18:45.044974 2026] [wsgi:error] [pid 10:tid 139732281083584] [remote 10.0.0.161:52032] 2026-06-22 23:18:45.044 10 WARNING keystone.common.fernet_utils [None req-7e29c901-511b-4dd9-8c26-46fb4005a75f - - - - - -] key_repository is world readable: /etc/keystone/fernet-keys/ 10.0.0.161 - - [22/Jun/2026:23:18:44 +0000] "POST /v3/auth/tokens HTTP/1.1" 201 1464 10.0.0.161 - - [22/Jun/2026:23:18:45 +0000] "GET /v3/endpoints HTTP/1.1" 200 1227 10.0.0.161 - - [22/Jun/2026:23:18:45 +0000] "GET /v3/services/6f02b06733bf4b65ae338bb91f09cf40 HTTP/1.1" 200 233 10.0.0.161 - - [22/Jun/2026:23:18:45 +0000] "GET /v3/services/6f02b06733bf4b65ae338bb91f09cf40 HTTP/1.1" 200 233 10.0.0.161 - - [22/Jun/2026:23:18:45 +0000] "GET /v3/services/6f02b06733bf4b65ae338bb91f09cf40 HTTP/1.1" 200 233
[Mon Jun 22 23:18:45.305021 2026] [wsgi:error] [pid 11:tid 139732281083584] [remote 10.0.0.161:52046] 2026-06-22 23:18:45.304 11 WARNING keystone.common.fernet_utils [None req-a6220244-37aa-4bde-ba96-11d099cdb3f4 - - - - - -] key_repository is world readable: /etc/keystone/fernet-keys/ 10.0.0.161 - - [22/Jun/2026:23:18:45 +0000] "GET / HTTP/1.1" 300 295 10.0.0.161 - - [22/Jun/2026:23:18:45 +0000] "POST /v3/auth/tokens HTTP/1.1" 201 1464
[Mon Jun 22 23:18:45.323151 2026] [wsgi:error] [pid 10:tid 139732281083584] [remote 10.0.0.161:52058] 2026-06-22 23:18:45.323 10 WARNING keystone.common.password_hashing [None req-b1d35932-55a6-4c07-b20a-842425b9c900 - - - - - -] Truncating password to algorithm specific maximum length 72 characters. 10.0.0.161 - - [22/Jun/2026:23:18:45 +0000] "GET /v3/endpoints HTTP/1.1" 200 1227 10.0.0.161 - - [22/Jun/2026:23:18:45 +0000] "GET /v3/services/6f02b06733bf4b65ae338bb91f09cf40 HTTP/1.1" 200 233 10.0.0.161 - - [22/Jun/2026:23:18:45 +0000] "GET /v3/services/6f02b06733bf4b65ae338bb91f09cf40 HTTP/1.1" 200 233 10.0.0.161 - - [22/Jun/2026:23:18:45 +0000] "GET /v3/services/6f02b06733bf4b65ae338bb91f09cf40 HTTP/1.1" 200 233
[Mon Jun 22 23:18:45.604536 2026] [wsgi:error] [pid 10:tid 139732281083584] [remote 10.0.0.161:52058] 2026-06-22 23:18:45.604 10 WARNING keystone.common.fernet_utils [None req-b1d35932-55a6-4c07-b20a-842425b9c900 - - - - - -] key_repository is world readable: /etc/keystone/fernet-keys/ 10.0.0.161 - - [22/Jun/2026:23:18:45 +0000] "POST /v3/auth/tokens HTTP/1.1" 201 1464 10.0.0.161 - - [22/Jun/2026:23:18:45 +0000] "GET /v3/endpoints HTTP/1.1" 200 1227 10.0.0.161 - - [22/Jun/2026:23:18:45 +0000] "GET /v3/services/6f02b06733bf4b65ae338bb91f09cf40 HTTP/1.1" 200 233 10.0.0.161 - - [22/Jun/2026:23:18:45 +0000] "GET /v3/services/6f02b06733bf4b65ae338bb91f09cf40 HTTP/1.1" 200 233 10.0.0.161 - - [22/Jun/2026:23:18:45 +0000] "GET /v3/services/6f02b06733bf4b65ae338bb91f09cf40 HTTP/1.1" 200 233 10.0.0.161 - - [22/Jun/2026:23:18:46 +0000] "GET / HTTP/1.1" 300 295 10.0.0.161 - - [22/Jun/2026:23:18:46 +0000] "GET / HTTP/1.1" 300 295
[Mon Jun 22 23:18:46.962440 2026] [wsgi:error] [pid 11:tid 139732281083584] [remote 10.0.0.161:52074] 2026-06-22 23:18:46.962 11 WARNING keystone.common.password_hashing [None req-e5661155-5421-4d82-8b37-b139db4c9f31 - - - - - -] Truncating password to algorithm specific maximum length 72 characters.
[Mon Jun 22 23:18:46.974186 2026] [wsgi:error] [pid 10:tid 139732281083584] [remote 10.0.0.161:52088] 2026-06-22 23:18:46.974 10 WARNING keystone.common.password_hashing [None req-b0a27f0f-1a28-431d-8056-66cc73704cc6 - - - - - -] Truncating password to algorithm specific maximum length 72 characters.
[Mon Jun 22 23:18:47.233179 2026] [wsgi:error] [pid 11:tid 139732281083584] [remote 10.0.0.161:52074] 2026-06-22 23:18:47.233 11 WARNING keystone.common.fernet_utils [None req-e5661155-5421-4d82-8b37-b139db4c9f31 - - - - - -] key_repository is world readable: /etc/keystone/fernet-keys/ 10.0.0.161 - - [22/Jun/2026:23:18:46 +0000] "POST /v3/auth/tokens HTTP/1.1" 201 1464
[Mon Jun 22 23:18:47.242472 2026] [wsgi:error] [pid 10:tid 139732281083584] [remote 10.0.0.161:52088] 2026-06-22 23:18:47.242 10 WARNING keystone.common.fernet_utils [None req-b0a27f0f-1a28-431d-8056-66cc73704cc6 - - - - - -] key_repository is world readable: /etc/keystone/fernet-keys/ 10.0.0.161 - - [22/Jun/2026:23:18:46 +0000] "POST /v3/auth/tokens HTTP/1.1" 201 1464 10.0.0.161 - - [22/Jun/2026:23:18:47 +0000] "GET /v3/services/75d3a78331704674aa3b82fca886dd34 HTTP/1.1" 200 296 10.0.0.161 - - [22/Jun/2026:23:18:47 +0000] "GET /v3/services/75d3a78331704674aa3b82fca886dd34 HTTP/1.1" 200 296 10.0.0.161 - - [22/Jun/2026:23:18:47 +0000] "GET /v3/regions/RegionOne HTTP/1.1" 200 173 10.0.0.161 - - [22/Jun/2026:23:18:47 +0000] "GET /v3/regions/RegionOne HTTP/1.1" 200 173 10.0.0.161 - - [22/Jun/2026:23:18:47 +0000] "GET / HTTP/1.1" 300 295
[Mon Jun 22 23:18:47.538818 2026] [wsgi:error] [pid 10:tid 139732281083584] [remote 10.0.0.161:52104] 2026-06-22 23:18:47.538 10 WARNING keystone.common.password_hashing [None req-3bf24288-4c94-4c1c-b5f7-296ecd5499c0 - - - - - -] Truncating password to algorithm specific maximum length 72 characters. 10.0.0.161 - - [22/Jun/2026:23:18:47 +0000] "POST /v3/endpoints HTTP/1.1" 201 380 10.0.0.161 - - [22/Jun/2026:23:18:47 +0000] "POST /v3/endpoints HTTP/1.1" 201 370
[Mon Jun 22 23:18:47.816704 2026] [wsgi:error] [pid 10:tid 139732281083584] [remote 10.0.0.161:52104] 2026-06-22 23:18:47.816 10 WARNING keystone.common.fernet_utils [None req-3bf24288-4c94-4c1c-b5f7-296ecd5499c0 - - - - - -] key_repository is world readable: /etc/keystone/fernet-keys/ 10.0.0.161 - - [22/Jun/2026:23:18:47 +0000] "POST /v3/auth/tokens HTTP/1.1" 201 1810 10.0.0.161 - - [22/Jun/2026:23:18:47 +0000] "GET /v3/services/75d3a78331704674aa3b82fca886dd34 HTTP/1.1" 200 296 10.0.0.161 - - [22/Jun/2026:23:18:47 +0000] "GET /v3/regions/RegionOne HTTP/1.1" 200 173 10.0.0.161 - - [22/Jun/2026:23:18:48 +0000] "POST /v3/endpoints HTTP/1.1" 201 383 10.0.0.161 - - [22/Jun/2026:23:18:49 +0000] "GET / HTTP/1.1" 300 295 10.0.0.161 - - [22/Jun/2026:23:18:49 +0000] "GET / HTTP/1.1" 300 295
[Mon Jun 22 23:18:49.049003 2026] [wsgi:error] [pid 11:tid 139732281083584] [remote 10.0.0.161:45012] 2026-06-22 23:18:49.048 11 WARNING keystone.common.password_hashing [None req-c8ccb708-5e0c-48f7-bad3-4bef9204b7bf - - - - - -] Truncating password to algorithm specific maximum length 72 characters.
[Mon Jun 22 23:18:49.063162 2026] [wsgi:error] [pid 9:tid 139732281083584] [remote 10.0.0.161:45026] 2026-06-22 23:18:49.062 9 WARNING keystone.common.password_hashing [None req-32d378f8-d383-4d83-ad21-99130be42ae8 - - - - - -] Truncating password to algorithm specific maximum length 72 characters.
[Mon Jun 22 23:18:49.331233 2026] [wsgi:error] [pid 11:tid 139732281083584] [remote 10.0.0.161:45012] 2026-06-22 23:18:49.331 11 WARNING keystone.common.fernet_utils [None req-c8ccb708-5e0c-48f7-bad3-4bef9204b7bf - - - - - -] key_repository is world readable: /etc/keystone/fernet-keys/
[Mon Jun 22 23:18:49.342936 2026] [wsgi:error] [pid 9:tid 139732281083584] [remote 10.0.0.161:45026] 2026-06-22 23:18:49.342 9 WARNING keystone.common.fernet_utils [None req-32d378f8-d383-4d83-ad21-99130be42ae8 - - - - - -] key_repository is world readable: /etc/keystone/fernet-keys/ 10.0.0.161 - - [22/Jun/2026:23:18:49 +0000] "POST /v3/auth/tokens HTTP/1.1" 201 1992 10.0.0.161 - - [22/Jun/2026:23:18:49 +0000] "POST /v3/auth/tokens HTTP/1.1" 201 1992 10.0.0.161 - - [22/Jun/2026:23:18:49 +0000] "GET /v3/endpoints/450946cff6844cecb7b4169b0b3cba99 HTTP/1.1" 200 370 10.0.0.161 - - [22/Jun/2026:23:18:49 +0000] "GET / HTTP/1.1" 300 295
[Mon Jun 22 23:18:49.481421 2026] [wsgi:error] [pid 9:tid 139732281083584] [remote 10.0.0.161:45028] 2026-06-22 23:18:49.481 9 WARNING keystone.common.password_hashing [None req-d4994702-f362-43d2-9581-292157388d6a - - - - - -] Truncating password to algorithm specific maximum length 72 characters. 10.0.0.161 - - [22/Jun/2026:23:18:49 +0000] "GET /v3/endpoints/d5b3bd930f4740fe9434beab6a095179 HTTP/1.1" 200 380 10.0.0.161 - - [22/Jun/2026:23:18:49 +0000] "GET /v3/services/75d3a78331704674aa3b82fca886dd34 HTTP/1.1" 200 296 10.0.0.161 - - [22/Jun/2026:23:18:49 +0000] "GET /v3/services/75d3a78331704674aa3b82fca886dd34 HTTP/1.1" 200 296
[Mon Jun 22 23:18:49.765690 2026] [wsgi:error] [pid 9:tid 139732281083584] [remote 10.0.0.161:45028] 2026-06-22 23:18:49.765 9 WARNING keystone.common.fernet_utils [None req-d4994702-f362-43d2-9581-292157388d6a - - - - - -] key_repository is world readable: /etc/keystone/fernet-keys/ 10.0.0.161 - - [22/Jun/2026:23:18:49 +0000] "POST /v3/auth/tokens HTTP/1.1" 201 1992 10.0.0.161 - - [22/Jun/2026:23:18:49 +0000] "GET /v3/endpoints/23b3d097f1cb4294928b4ef02fdfc172 HTTP/1.1" 200 383 10.0.0.161 - - [22/Jun/2026:23:18:49 +0000] "GET /v3/services/75d3a78331704674aa3b82fca886dd34 HTTP/1.1" 200 296 10.0.0.221 - - [22/Jun/2026:23:19:02 +0000] "GET / HTTP/1.1" 300 295
[Mon Jun 22 23:19:02.043266 2026] [wsgi:error] [pid 9:tid 139732281083584] [remote 10.0.0.221:52884] 2026-06-22 23:19:02.043 9 WARNING keystone.common.password_hashing [None req-0b4f0dcd-0a13-40fb-a41e-8d9d89ae0856 - - - - - -] Truncating password to algorithm specific maximum length 72 characters.
[Mon Jun 22 23:19:02.332004 2026] [wsgi:error] [pid 9:tid 139732281083584] [remote 10.0.0.221:52884] 2026-06-22 23:19:02.331 9 WARNING keystone.common.fernet_utils [None req-0b4f0dcd-0a13-40fb-a41e-8d9d89ae0856 - - - - - -] key_repository is world readable: /etc/keystone/fernet-keys/ 10.0.0.221 - - [22/Jun/2026:23:19:02 +0000] "POST /v3/auth/tokens HTTP/1.1" 201 1992 10.0.0.221 - - [22/Jun/2026:23:19:02 +0000] "POST /v3/domains HTTP/1.1" 201 284 10.0.0.1 - - [22/Jun/2026:23:19:04 +0000] "GET /v3/ HTTP/1.1" 200 250 10.0.0.1 - - [22/Jun/2026:23:19:04 +0000] "GET /v3/ HTTP/1.1" 200 250 10.0.0.221 - - [22/Jun/2026:23:19:04 +0000] "GET / HTTP/1.1" 300 295
[Mon Jun 22 23:19:04.040905 2026] [wsgi:error] [pid 12:tid 139732281083584] [remote 10.0.0.221:52898] 2026-06-22 23:19:04.040 12 WARNING keystone.common.password_hashing [None req-22610d3b-5825-446b-b3c0-553d95fd4da4 - - - - - -] Truncating password to algorithm specific maximum length 72 characters.
[Mon Jun 22 23:19:04.310154 2026] [wsgi:error] [pid 12:tid 139732281083584] [remote 10.0.0.221:52898] 2026-06-22 23:19:04.309 12 WARNING keystone.common.fernet_utils [None req-22610d3b-5825-446b-b3c0-553d95fd4da4 - - - - - -] key_repository is world readable: /etc/keystone/fernet-keys/ 10.0.0.221 - - [22/Jun/2026:23:19:04 +0000] "POST /v3/auth/tokens HTTP/1.1" 201 1992
[Mon Jun 22 23:19:04.492276 2026] [wsgi:error] [pid 10:tid 139732281083584] [remote 10.0.0.221:52898] 2026-06-22 23:19:04.480 10 ERROR keystone.server.flask.application [None req-cd08fa0a-7984-414a-bf71-472f01976fe6 8f6c017fd5c9475e8e7ee2a558fbe4e3 fe50fb82114b4ae4ab90fe1c8d4eb3d1 - - default default] Conflict occurred attempting to store project - it is not permitted to have two projects acting as domains with the same name: service.: keystone.exception.Conflict: Conflict occurred attempting to store project - it is not permitted to have two projects acting as domains with the same name: service.
[Mon Jun 22 23:19:04.492303 2026] [wsgi:error] [pid 10:tid 139732281083584] [remote 10.0.0.221:52898] 2026-06-22 23:19:04.480 10 ERROR keystone.server.flask.application
Traceback (most recent call last):
[Mon Jun 22 23:19:04.492305 2026] [wsgi:error] [pid 10:tid 139732281083584] [remote 10.0.0.221:52898] 2026-06-22 23:19:04.480 10 ERROR keystone.server.flask.application
File "/var/lib/openstack/lib/python3.12/site-packages/sqlalchemy/engine/base.py", line 1969, in _exec_single_context
[Mon Jun 22 23:19:04.492307 2026] [wsgi:error] [pid 10:tid 139732281083584] [remote 10.0.0.221:52898] 2026-06-22 23:19:04.480 10 ERROR keystone.server.flask.application self.dialect.do_execute(
[Mon Jun 22 23:19:04.492308 2026] [wsgi:error] [pid 10:tid 139732281083584] [remote 10.0.0.221:52898] 2026-06-22 23:19:04.480 10 ERROR keystone.server.flask.application
File "/var/lib/openstack/lib/python3.12/site-packages/sqlalchemy/engine/default.py", line 952, in do_execute
[Mon Jun 22 23:19:04.492310 2026] [wsgi:error] [pid 10:tid 139732281083584] [remote 10.0.0.221:52898] 2026-06-22 23:19:04.480 10 ERROR keystone.server.flask.application cursor.execute(statement, parameters)
[Mon Jun 22 23:19:04.492311 2026] [wsgi:error] [pid 10:tid 139732281083584] [remote 10.0.0.221:52898] 2026-06-22 23:19:04.480 10 ERROR keystone.server.flask.application
File "/var/lib/openstack/lib/python3.12/site-packages/pymysql/cursors.py", line 159, in execute
[Mon Jun 22 23:19:04.492313 2026] [wsgi:error] [pid 10:tid 139732281083584] [remote 10.0.0.221:52898] 2026-06-22 23:19:04.480 10 ERROR keystone.server.flask.application result = self._query(query)
[Mon Jun 22 23:19:04.492314 2026] [wsgi:error] [pid 10:tid 139732281083584] [remote 10.0.0.221:52898] 2026-06-22 23:19:04.480 10 ERROR keystone.server.flask.application ^^^^^^^^^^^^^^^^^^
[Mon Jun 22 23:19:04.492316 2026] [wsgi:error] [pid 10:tid 139732281083584] [remote 10.0.0.221:52898] 2026-06-22 23:19:04.480 10 ERROR keystone.server.flask.application
File "/var/lib/openstack/lib/python3.12/site-packages/pymysql/cursors.py", line 330, in _query
[Mon Jun 22 23:19:04.492317 2026] [wsgi:error] [pid 10:tid 139732281083584] [remote 10.0.0.221:52898] 2026-06-22 23:19:04.480 10 ERROR keystone.server.flask.application conn.query(q)
[Mon Jun 22 23:19:04.492318 2026] [wsgi:error] [pid 10:tid 139732281083584] [remote 10.0.0.221:52898] 2026-06-22 23:19:04.480 10 ERROR keystone.server.flask.application
File "/var/lib/openstack/lib/python3.12/site-packages/pymysql/connections.py", line 582, in query
[Mon Jun 22 23:19:04.492320 2026] [wsgi:error] [pid 10:tid 139732281083584] [remote 10.0.0.221:52898] 2026-06-22 23:19:04.480 10 ERROR keystone.server.flask.application self._affected_rows = self._read_query_result(unbuffered=unbuffered)
[Mon Jun 22 23:19:04.492322 2026] [wsgi:error] [pid 10:tid 139732281083584] [remote 10.0.0.221:52898] 2026-06-22 23:19:04.480 10 ERROR keystone.server.flask.application ^^^^^^^^^^^^^^^^^^^^^^^^^^^^^^^^^^^^^^^^^^^^^^
[Mon Jun 22 23:19:04.492323 2026] [wsgi:error] [pid 10:tid 139732281083584] [remote 10.0.0.221:52898] 2026-06-22 23:19:04.480 10 ERROR keystone.server.flask.application
File "/var/lib/openstack/lib/python3.12/site-packages/pymysql/connections.py", line 847, in _read_query_result
[Mon Jun 22 23:19:04.492325 2026] [wsgi:error] [pid 10:tid 139732281083584] [remote 10.0.0.221:52898] 2026-06-22 23:19:04.480 10 ERROR keystone.server.flask.application result.read()
[Mon Jun 22 23:19:04.492327 2026] [wsgi:error] [pid 10:tid 139732281083584] [remote 10.0.0.221:52898] 2026-06-22 23:19:04.480 10 ERROR keystone.server.flask.application
File "/var/lib/openstack/lib/python3.12/site-packages/pymysql/connections.py", line 1245, in read
[Mon Jun 22 23:19:04.492329 2026] [wsgi:error] [pid 10:tid 139732281083584] [remote 10.0.0.221:52898] 2026-06-22 23:19:04.480 10 ERROR keystone.server.flask.application first_packet = self.connection._read_packet()
[Mon Jun 22 23:19:04.492330 2026] [wsgi:error] [pid 10:tid 139732281083584] [remote 10.0.0.221:52898] 2026-06-22 23:19:04.480 10 ERROR keystone.server.flask.application ^^^^^^^^^^^^^^^^^^^^^^^^^^^^^^
[Mon Jun 22 23:19:04.492332 2026] [wsgi:error] [pid 10:tid 139732281083584] [remote 10.0.0.221:52898] 2026-06-22 23:19:04.480 10 ERROR keystone.server.flask.application
File "/var/lib/openstack/lib/python3.12/site-packages/pymysql/connections.py", line 803, in _read_packet
[Mon Jun 22 23:19:04.492333 2026] [wsgi:error] [pid 10:tid 139732281083584] [remote 10.0.0.221:52898] 2026-06-22 23:19:04.480 10 ERROR keystone.server.flask.application packet.raise_for_error()
[Mon Jun 22 23:19:04.492334 2026] [wsgi:error] [pid 10:tid 139732281083584] [remote 10.0.0.221:52898] 2026-06-22 23:19:04.480 10 ERROR keystone.server.flask.application
File "/var/lib/openstack/lib/python3.12/site-packages/pymysql/protocol.py", line 219, in raise_for_error
[Mon Jun 22 23:19:04.492336 2026] [wsgi:error] [pid 10:tid 139732281083584] [remote 10.0.0.221:52898] 2026-06-22 23:19:04.480 10 ERROR keystone.server.flask.application err.raise_mysql_exception(self._data)
[Mon Jun 22 23:19:04.492337 2026] [wsgi:error] [pid 10:tid 139732281083584] [remote 10.0.0.221:52898] 2026-06-22 23:19:04.480 10 ERROR keystone.server.flask.application
File "/var/lib/openstack/lib/python3.12/site-packages/pymysql/err.py", line 154, in raise_mysql_exception
[Mon Jun 22 23:19:04.492339 2026] [wsgi:error] [pid 10:tid 139732281083584] [remote 10.0.0.221:52898] 2026-06-22 23:19:04.480 10 ERROR keystone.server.flask.application raise errorclass(errno, errval, sqlstate=sqlstate)
[Mon Jun 22 23:19:04.492340 2026] [wsgi:error] [pid 10:tid 139732281083584] [remote 10.0.0.221:52898] 2026-06-22 23:19:04.480 10 ERROR keystone.server.flask.application pymysql.err.IntegrityError: (1062, "Duplicate entry '<>-service' for key 'project.ixu_project_name_domain_id'")
[Mon Jun 22 23:19:04.492342 2026] [wsgi:error] [pid 10:tid 139732281083584] [remote 10.0.0.221:52898] 2026-06-22 23:19:04.480 10 ERROR keystone.server.flask.application
[Mon Jun 22 23:19:04.492343 2026] [wsgi:error] [pid 10:tid 139732281083584] [remote 10.0.0.221:52898] 2026-06-22 23:19:04.480 10 ERROR keystone.server.flask.application The above exception was the direct cause of the following exception:
[Mon Jun 22 23:19:04.492344 2026] [wsgi:error] [pid 10:tid 139732281083584] [remote 10.0.0.221:52898] 2026-06-22 23:19:04.480 10 ERROR keystone.server.flask.application
[Mon Jun 22 23:19:04.492346 2026] [wsgi:error] [pid 10:tid 139732281083584] [remote 10.0.0.221:52898] 2026-06-22 23:19:04.480 10 ERROR keystone.server.flask.application
Traceback (most recent call last):
[Mon Jun 22 23:19:04.492347 2026] [wsgi:error] [pid 10:tid 139732281083584] [remote 10.0.0.221:52898] 2026-06-22 23:19:04.480 10 ERROR keystone.server.flask.application
File "/var/lib/openstack/lib/python3.12/site-packages/keystone/common/sql/core.py", line 575, in wrapper
[Mon Jun 22 23:19:04.492348 2026] [wsgi:error] [pid 10:tid 139732281083584] [remote 10.0.0.221:52898] 2026-06-22 23:19:04.480 10 ERROR keystone.server.flask.application return method(*args, **kwargs)
[Mon Jun 22 23:19:04.492350 2026] [wsgi:error] [pid 10:tid 139732281083584] [remote 10.0.0.221:52898] 2026-06-22 23:19:04.480 10 ERROR keystone.server.flask.application ^^^^^^^^^^^^^^^^^^^^^^^
[Mon Jun 22 23:19:04.492353 2026] [wsgi:error] [pid 10:tid 139732281083584] [remote 10.0.0.221:52898] 2026-06-22 23:19:04.480 10 ERROR keystone.server.flask.application
File "/var/lib/openstack/lib/python3.12/site-packages/keystone/resource/backends/sql.py", line 278, in create_project
[Mon Jun 22 23:19:04.492355 2026] [wsgi:error] [pid 10:tid 139732281083584] [remote 10.0.0.221:52898] 2026-06-22 23:19:04.480 10 ERROR keystone.server.flask.application with sql.session_for_write() as session:
[Mon Jun 22 23:19:04.492356 2026] [wsgi:error] [pid 10:tid 139732281083584] [remote 10.0.0.221:52898] 2026-06-22 23:19:04.480 10 ERROR keystone.server.flask.application
File "/usr/lib/python3.12/contextlib.py", line 144, in __exit__
[Mon Jun 22 23:19:04.492358 2026] [wsgi:error] [pid 10:tid 139732281083584] [remote 10.0.0.221:52898] 2026-06-22 23:19:04.480 10 ERROR keystone.server.flask.application next(self.gen)
[Mon Jun 22 23:19:04.492359 2026] [wsgi:error] [pid 10:tid 139732281083584] [remote 10.0.0.221:52898] 2026-06-22 23:19:04.480 10 ERROR keystone.server.flask.application
File "/var/lib/openstack/lib/python3.12/site-packages/oslo_db/sqlalchemy/enginefacade.py", line 1175, in _transaction_scope
[Mon Jun 22 23:19:04.492360 2026] [wsgi:error] [pid 10:tid 139732281083584] [remote 10.0.0.221:52898] 2026-06-22 23:19:04.480 10 ERROR keystone.server.flask.application with current._produce_block(
[Mon Jun 22 23:19:04.492362 2026] [wsgi:error] [pid 10:tid 139732281083584] [remote 10.0.0.221:52898] 2026-06-22 23:19:04.480 10 ERROR keystone.server.flask.application
File "/usr/lib/python3.12/contextlib.py", line 144, in __exit__
[Mon Jun 22 23:19:04.492363 2026] [wsgi:error] [pid 10:tid 139732281083584] [remote 10.0.0.221:52898] 2026-06-22 23:19:04.480 10 ERROR keystone.server.flask.application next(self.gen)
[Mon Jun 22 23:19:04.492365 2026] [wsgi:error] [pid 10:tid 139732281083584] [remote 10.0.0.221:52898] 2026-06-22 23:19:04.480 10 ERROR keystone.server.flask.application
File "/var/lib/openstack/lib/python3.12/site-packages/oslo_db/sqlalchemy/enginefacade.py", line 837, in _session
[Mon Jun 22 23:19:04.492366 2026] [wsgi:error] [pid 10:tid 139732281083584] [remote 10.0.0.221:52898] 2026-06-22 23:19:04.480 10 ERROR keystone.server.flask.application with excutils.save_and_reraise_exception():
[Mon Jun 22 23:19:04.492367 2026] [wsgi:error] [pid 10:tid 139732281083584] [remote 10.0.0.221:52898] 2026-06-22 23:19:04.480 10 ERROR keystone.server.flask.application
File "/var/lib/openstack/lib/python3.12/site-packages/oslo_utils/excutils.py", line 266, in __exit__
[Mon Jun 22 23:19:04.492369 2026] [wsgi:error] [pid 10:tid 139732281083584] [remote 10.0.0.221:52898] 2026-06-22 23:19:04.480 10 ERROR keystone.server.flask.application self.force_reraise()
[Mon Jun 22 23:19:04.492370 2026] [wsgi:error] [pid 10:tid 139732281083584] [remote 10.0.0.221:52898] 2026-06-22 23:19:04.480 10 ERROR keystone.server.flask.application
File "/var/lib/openstack/lib/python3.12/site-packages/oslo_utils/excutils.py", line 232, in force_reraise
[Mon Jun 22 23:19:04.492372 2026] [wsgi:error] [pid 10:tid 139732281083584] [remote 10.0.0.221:52898] 2026-06-22 23:19:04.480 10 ERROR keystone.server.flask.application raise self.value
[Mon Jun 22 23:19:04.492373 2026] [wsgi:error] [pid 10:tid 139732281083584] [remote 10.0.0.221:52898] 2026-06-22 23:19:04.480 10 ERROR keystone.server.flask.application
File "/var/lib/openstack/lib/python3.12/site-packages/oslo_db/sqlalchemy/enginefacade.py", line 835, in _session
[Mon Jun 22 23:19:04.492374 2026] [wsgi:error] [pid 10:tid 139732281083584] [remote 10.0.0.221:52898] 2026-06-22 23:19:04.480 10 ERROR keystone.server.flask.application self._end_session_transaction(self.session)
[Mon Jun 22 23:19:04.492376 2026] [wsgi:error] [pid 10:tid 139732281083584] [remote 10.0.0.221:52898] 2026-06-22 23:19:04.480 10 ERROR keystone.server.flask.application
File "/var/lib/openstack/lib/python3.12/site-packages/oslo_db/sqlalchemy/enginefacade.py", line 748, in _end_session_transaction
[Mon Jun 22 23:19:04.492378 2026] [wsgi:error] [pid 10:tid 139732281083584] [remote 10.0.0.221:52898] 2026-06-22 23:19:04.480 10 ERROR keystone.server.flask.application session.commit()
[Mon Jun 22 23:19:04.492379 2026] [wsgi:error] [pid 10:tid 139732281083584] [remote 10.0.0.221:52898] 2026-06-22 23:19:04.480 10 ERROR keystone.server.flask.application
File "/var/lib/openstack/lib/python3.12/site-packages/sqlalchemy/orm/session.py", line 2034, in commit
[Mon Jun 22 23:19:04.492389 2026] [wsgi:error] [pid 10:tid 139732281083584] [remote 10.0.0.221:52898] 2026-06-22 23:19:04.480 10 ERROR keystone.server.flask.application trans.commit(_to_root=True)
[Mon Jun 22 23:19:04.492391 2026] [wsgi:error] [pid 10:tid 139732281083584] [remote 10.0.0.221:52898] 2026-06-22 23:19:04.480 10 ERROR keystone.server.flask.application File "", line 2, in commit
[Mon Jun 22 23:19:04.492392 2026] [wsgi:error] [pid 10:tid 139732281083584] [remote 10.0.0.221:52898] 2026-06-22 23:19:04.480 10 ERROR keystone.server.flask.application
File "/var/lib/openstack/lib/python3.12/site-packages/sqlalchemy/orm/state_changes.py", line 137, in _go
[Mon Jun 22 23:19:04.492394 2026] [wsgi:error] [pid 10:tid 139732281083584] [remote 10.0.0.221:52898] 2026-06-22 23:19:04.480 10 ERROR keystone.server.flask.application ret_value = fn(self, *arg, **kw)
[Mon Jun 22 23:19:04.492395 2026] [wsgi:error] [pid 10:tid 139732281083584] [remote 10.0.0.221:52898] 2026-06-22 23:19:04.480 10 ERROR keystone.server.flask.application ^^^^^^^^^^^^^^^^^^^^
[Mon Jun 22 23:19:04.492397 2026] [wsgi:error] [pid 10:tid 139732281083584] [remote 10.0.0.221:52898] 2026-06-22 23:19:04.480 10 ERROR keystone.server.flask.application
File "/var/lib/openstack/lib/python3.12/site-packages/sqlalchemy/orm/session.py", line 1315, in commit
[Mon Jun 22 23:19:04.492398 2026] [wsgi:error] [pid 10:tid 139732281083584] [remote 10.0.0.221:52898] 2026-06-22 23:19:04.480 10 ERROR keystone.server.flask.application self._prepare_impl()
[Mon Jun 22 23:19:04.492400 2026] [wsgi:error] [pid 10:tid 139732281083584] [remote 10.0.0.221:52898] 2026-06-22 23:19:04.480 10 ERROR keystone.server.flask.application File "", line 2, in _prepare_impl
[Mon Jun 22 23:19:04.492401 2026] [wsgi:error] [pid 10:tid 139732281083584] [remote 10.0.0.221:52898] 2026-06-22 23:19:04.480 10 ERROR keystone.server.flask.application
File "/var/lib/openstack/lib/python3.12/site-packages/sqlalchemy/orm/state_changes.py", line 137, in _go
[Mon Jun 22 23:19:04.492403 2026] [wsgi:error] [pid 10:tid 139732281083584] [remote 10.0.0.221:52898] 2026-06-22 23:19:04.480 10 ERROR keystone.server.flask.application ret_value = fn(self, *arg, **kw)
[Mon Jun 22 23:19:04.492404 2026] [wsgi:error] [pid 10:tid 139732281083584] [remote 10.0.0.221:52898] 2026-06-22 23:19:04.480 10 ERROR keystone.server.flask.application ^^^^^^^^^^^^^^^^^^^^
[Mon Jun 22 23:19:04.492406 2026] [wsgi:error] [pid 10:tid 139732281083584] [remote 10.0.0.221:52898] 2026-06-22 23:19:04.480 10 ERROR keystone.server.flask.application
File "/var/lib/openstack/lib/python3.12/site-packages/sqlalchemy/orm/session.py", line 1290, in _prepare_impl
[Mon Jun 22 23:19:04.492408 2026] [wsgi:error] [pid 10:tid 139732281083584] [remote 10.0.0.221:52898] 2026-06-22 23:19:04.480 10 ERROR keystone.server.flask.application self.session.flush()
[Mon Jun 22 23:19:04.492409 2026] [wsgi:error] [pid 10:tid 139732281083584] [remote 10.0.0.221:52898] 2026-06-22 23:19:04.480 10 ERROR keystone.server.flask.application
File "/var/lib/openstack/lib/python3.12/site-packages/sqlalchemy/orm/session.py", line 4352, in flush
[Mon Jun 22 23:19:04.492411 2026] [wsgi:error] [pid 10:tid 139732281083584] [remote 10.0.0.221:52898] 2026-06-22 23:19:04.480 10 ERROR keystone.server.flask.application self._flush(objects)
[Mon Jun 22 23:19:04.492412 2026] [wsgi:error] [pid 10:tid 139732281083584] [remote 10.0.0.221:52898] 2026-06-22 23:19:04.480 10 ERROR keystone.server.flask.application
File "/var/lib/openstack/lib/python3.12/site-packages/sqlalchemy/orm/session.py", line 4487, in _flush
[Mon Jun 22 23:19:04.492414 2026] [wsgi:error] [pid 10:tid 139732281083584] [remote 10.0.0.221:52898] 2026-06-22 23:19:04.480 10 ERROR keystone.server.flask.application with util.safe_reraise():
[Mon Jun 22 23:19:04.492430 2026] [wsgi:error] [pid 10:tid 139732281083584] [remote 10.0.0.221:52898] 2026-06-22 23:19:04.480 10 ERROR keystone.server.flask.application
File "/var/lib/openstack/lib/python3.12/site-packages/sqlalchemy/util/langhelpers.py", line 122, in __exit__
[Mon Jun 22 23:19:04.492432 2026] [wsgi:error] [pid 10:tid 139732281083584] [remote 10.0.0.221:52898] 2026-06-22 23:19:04.480 10 ERROR keystone.server.flask.application raise exc_value.with_traceback(exc_tb)
[Mon Jun 22 23:19:04.492435 2026] [wsgi:error] [pid 10:tid 139732281083584] [remote 10.0.0.221:52898] 2026-06-22 23:19:04.480 10 ERROR keystone.server.flask.application
File "/var/lib/openstack/lib/python3.12/site-packages/sqlalchemy/orm/session.py", line 4448, in _flush
[Mon Jun 22 23:19:04.492437 2026] [wsgi:error] [pid 10:tid 139732281083584] [remote 10.0.0.221:52898] 2026-06-22 23:19:04.480 10 ERROR keystone.server.flask.application flush_context.execute()
[Mon Jun 22 23:19:04.492439 2026] [wsgi:error] [pid 10:tid 139732281083584] [remote 10.0.0.221:52898] 2026-06-22 23:19:04.480 10 ERROR keystone.server.flask.application
