2026-06-24 04:58:40.154 8 INFO neutron.db.l3_db [None req-08a0ffb8-7e15-4522-ac61-93bd56259072 18ca19966204400d9bdc4685ef141e12 7920ab0c137d4ee891db2fbbeefcdd83 - - default default] Floating IP 5847117a-70f2-4d36-bda1-1df9b0883587 associated. External IP: 10.96.250.201, port: 8560475c-42db-44db-90d8-c426bf41c9c4. [pid: 8|app: 0|req: 999/1932] 10.0.0.181 () {34 vars in 749 bytes} [Wed Jun 24 04:58:39 2026] PUT /v2.0/floatingips/5847117a-70f2-4d36-bda1-1df9b0883587 => generated 856 bytes in 608 msecs (HTTP/1.1 200) 4 headers in 157 bytes (1 switches on core 0)
2026-06-24 04:58:40.197 7 INFO neutron.db.ovn_revision_numbers_db [None req-6f879e30-8afd-47a3-8a58-86cc4e08a18e 0e65a919bf2647d1842c937545726093 6647114ce1754b35b8dbd0c23153e8a5 - - default default] Successfully bumped revision number for resource 12d5038d-b8bf-4f4a-a443-4487c93d427a (type: security_groups) to 1
2026-06-24 04:58:40.209 7 INFO neutron.db.ovn_revision_numbers_db [None req-6f879e30-8afd-47a3-8a58-86cc4e08a18e 0e65a919bf2647d1842c937545726093 6647114ce1754b35b8dbd0c23153e8a5 - - default default] Successfully bumped revision number for resource 7acbbbbd-f946-4346-a74a-d69801f16894 (type: security_group_rules) to 0
2026-06-24 04:58:40.221 7 INFO neutron.db.ovn_revision_numbers_db [None req-6f879e30-8afd-47a3-8a58-86cc4e08a18e 0e65a919bf2647d1842c937545726093 6647114ce1754b35b8dbd0c23153e8a5 - - default default] Successfully bumped revision number for resource 83c3b41d-7e14-4307-a06c-502bd527ebcb (type: security_group_rules) to 0
2026-06-24 04:58:40.241 7 INFO neutron.db.ovn_revision_numbers_db [None req-6f879e30-8afd-47a3-8a58-86cc4e08a18e 0e65a919bf2647d1842c937545726093 6647114ce1754b35b8dbd0c23153e8a5 - - default default] Successfully bumped revision number for resource 982b9ba7-4ff8-4d1c-94c6-456d339866c1 (type: security_group_rules) to 0 [pid: 8|app: 0|req: 1000/1933] 10.0.0.181 () {32 vars in 739 bytes} [Wed Jun 24 04:58:40 2026] GET /v2.0/floatingips/fa852ef4-7b95-4078-9848-b48495128556/tags => generated 52 bytes in 54 msecs (HTTP/1.1 200) 4 headers in 156 bytes (1 switches on core 0)
2026-06-24 04:58:40.263 7 INFO neutron.db.ovn_revision_numbers_db [None req-6f879e30-8afd-47a3-8a58-86cc4e08a18e 0e65a919bf2647d1842c937545726093 6647114ce1754b35b8dbd0c23153e8a5 - - default default] Successfully bumped revision number for resource d0f597b8-fb91-47fc-a674-43eb7e37bdb2 (type: security_group_rules) to 0
2026-06-24 04:58:40.376 7 INFO neutron.db.segments_db [None req-6f879e30-8afd-47a3-8a58-86cc4e08a18e 0e65a919bf2647d1842c937545726093 6647114ce1754b35b8dbd0c23153e8a5 - - default default] Added segment 44d06bb3-a010-446a-8a70-c9d29992cf7b of type geneve for network 54ffcd77-f403-4a53-8b2c-cee70a2c4935
2026-06-24 04:58:40.420 8 INFO neutron_taas.services.taas.taas_plugin [None req-8a03b419-4261-44c7-868e-e98db4c4d7e7 6f01e0a339d144ab865ebbbbcab6095d e5da994ec15b446482ad8bc51cd9ebd4 - - default default] TaaS: Handle Delete Port: 8c31e947-1e1e-4cbe-af92-85cc2198f3e4
2026-06-24 04:58:40.423 8 INFO neutron_taas.services.taas.tap_mirror_plugin [None req-8a03b419-4261-44c7-868e-e98db4c4d7e7 6f01e0a339d144ab865ebbbbcab6095d e5da994ec15b446482ad8bc51cd9ebd4 - - default default] Tap Mirror: Handle Delete Port: 8c31e947-1e1e-4cbe-af92-85cc2198f3e4
2026-06-24 04:58:40.476 7 INFO neutron.db.ovn_revision_numbers_db [None req-6f879e30-8afd-47a3-8a58-86cc4e08a18e 0e65a919bf2647d1842c937545726093 6647114ce1754b35b8dbd0c23153e8a5 - - default default] Successfully bumped revision number for resource 54ffcd77-f403-4a53-8b2c-cee70a2c4935 (type: networks) to 1
2026-06-24 04:58:40.509 8 INFO neutron.notifiers.nova [-] Nova event matching ['req-8ab1c438-0abf-42bb-89d7-e9f6dfa39a72'] response: {'name': 'network-changed', 'server_uuid': '3f98db00-a5e8-48ba-b77a-d6ce2ddab222', 'tag': '8560475c-42db-44db-90d8-c426bf41c9c4', 'status': 'completed', 'code': 200} [pid: 8|app: 0|req: 1001/1934] 10.0.0.181 () {32 vars in 720 bytes} [Wed Jun 24 04:58:40 2026] DELETE /v2.0/ports/8c31e947-1e1e-4cbe-af92-85cc2198f3e4 => generated 0 bytes in 362 msecs (HTTP/1.1 204) 3 headers in 131 bytes (1 switches on core 0)
2026-06-24 04:58:40.639 7 WARNING neutron.scheduler.dhcp_agent_scheduler [None req-6f879e30-8afd-47a3-8a58-86cc4e08a18e 0e65a919bf2647d1842c937545726093 6647114ce1754b35b8dbd0c23153e8a5 - - default default] No more DHCP agents
2026-06-24 04:58:40.640 7 WARNING neutron.api.rpc.agentnotifiers.dhcp_rpc_agent_api [None req-6f879e30-8afd-47a3-8a58-86cc4e08a18e 0e65a919bf2647d1842c937545726093 6647114ce1754b35b8dbd0c23153e8a5 - - default default] Unable to schedule network 54ffcd77-f403-4a53-8b2c-cee70a2c4935: no agents available; will retry on subsequent port and subnet creation events. [pid: 8|app: 0|req: 1002/1935] 10.0.0.181 () {32 vars in 729 bytes} [Wed Jun 24 04:58:40 2026] GET /v2.0/floatingips/5847117a-70f2-4d36-bda1-1df9b0883587 => generated 858 bytes in 36 msecs (HTTP/1.1 200) 4 headers in 157 bytes (1 switches on core 0) [pid: 8|app: 0|req: 1003/1936] 10.0.0.181 () {34 vars in 759 bytes} [Wed Jun 24 04:58:40 2026] PUT /v2.0/floatingips/fa852ef4-7b95-4078-9848-b48495128556/tags => generated 37 bytes in 79 msecs (HTTP/1.1 200) 4 headers in 156 bytes (1 switches on core 0)
2026-06-24 04:58:40.729 7 INFO neutron.db.ovn_revision_numbers_db [None req-6f879e30-8afd-47a3-8a58-86cc4e08a18e 0e65a919bf2647d1842c937545726093 6647114ce1754b35b8dbd0c23153e8a5 - - default default] Successfully bumped revision number for resource 5342617d-579c-4b00-9485-3d247ab339ec (type: ports) to 1 [pid: 7|app: 0|req: 934/1937] 10.0.0.181 () {34 vars in 670 bytes} [Wed Jun 24 04:58:39 2026] POST /v2.0/networks => generated 664 bytes in 903 msecs (HTTP/1.1 201) 4 headers in 162 bytes (1 switches on core 0) [pid: 7|app: 0|req: 935/1938] 10.0.0.181 () {32 vars in 739 bytes} [Wed Jun 24 04:58:40 2026] GET /v2.0/floatingips/fa852ef4-7b95-4078-9848-b48495128556/tags => generated 37 bytes in 35 msecs (HTTP/1.1 200) 4 headers in 156 bytes (1 switches on core 0)
2026-06-24 04:58:40.873 8 INFO neutron_taas.services.taas.taas_plugin [None req-29a167fc-0166-47d1-9c7a-5a4688df9a5d 6f01e0a339d144ab865ebbbbcab6095d e5da994ec15b446482ad8bc51cd9ebd4 - - default default] TaaS: Handle Delete Port: 17f7e83c-4d0d-4e39-9d89-e6302dcfd8ba
2026-06-24 04:58:40.876 8 INFO neutron_taas.services.taas.tap_mirror_plugin [None req-29a167fc-0166-47d1-9c7a-5a4688df9a5d 6f01e0a339d144ab865ebbbbcab6095d e5da994ec15b446482ad8bc51cd9ebd4 - - default default] Tap Mirror: Handle Delete Port: 17f7e83c-4d0d-4e39-9d89-e6302dcfd8ba
2026-06-24 04:58:41.029 7 WARNING neutron.scheduler.dhcp_agent_scheduler [None req-46609a90-ca2c-401d-a396-e5fe718d460f 0e65a919bf2647d1842c937545726093 6647114ce1754b35b8dbd0c23153e8a5 - - default default] No more DHCP agents
2026-06-24 04:58:41.030 7 WARNING neutron.api.rpc.agentnotifiers.dhcp_rpc_agent_api [None req-46609a90-ca2c-401d-a396-e5fe718d460f 0e65a919bf2647d1842c937545726093 6647114ce1754b35b8dbd0c23153e8a5 - - default default] Unable to schedule network 54ffcd77-f403-4a53-8b2c-cee70a2c4935: no agents available; will retry on subsequent port and subnet creation events. [pid: 8|app: 0|req: 1004/1939] 10.0.0.181 () {32 vars in 720 bytes} [Wed Jun 24 04:58:40 2026] DELETE /v2.0/ports/17f7e83c-4d0d-4e39-9d89-e6302dcfd8ba => generated 0 bytes in 332 msecs (HTTP/1.1 204) 3 headers in 131 bytes (1 switches on core 0)
2026-06-24 04:58:41.108 8 INFO neutron.plugins.ml2.drivers.ovn.mech_driver.mech_driver [None req-3144fb21-1528-405c-b131-e7dabc082e5b - - - - - -] OVN reports status down for port: 61026351-eeda-45d0-bc73-d649e6f10153 [pid: 8|app: 0|req: 1005/1940] 10.0.0.181 () {32 vars in 747 bytes} [Wed Jun 24 04:58:41 2026] GET /v2.0/floatingips/fa852ef4-7b95-4078-9848-b48495128556/tags/red => generated 0 bytes in 60 msecs (HTTP/1.1 204) 2 headers in 112 bytes (1 switches on core 0)
2026-06-24 04:58:41.138 7 INFO neutron.db.ovn_revision_numbers_db [None req-46609a90-ca2c-401d-a396-e5fe718d460f 0e65a919bf2647d1842c937545726093 6647114ce1754b35b8dbd0c23153e8a5 - - default default] Successfully bumped revision number for resource 61026351-eeda-45d0-bc73-d649e6f10153 (type: ports) to 1 [pid: 8|app: 0|req: 1006/1941] 199.204.45.222 () {34 vars in 1080 bytes} [Wed Jun 24 04:58:41 2026] GET /v2.0/ports?tenant_id=7920ab0c137d4ee891db2fbbeefcdd83&device_id=3f98db00-a5e8-48ba-b77a-d6ce2ddab222 => generated 1213 bytes in 50 msecs (HTTP/1.1 200) 4 headers in 158 bytes (1 switches on core 0) [pid: 7|app: 0|req: 936/1942] 10.0.0.181 () {34 vars in 665 bytes} [Wed Jun 24 04:58:40 2026] POST /v2.0/ports => generated 774 bytes in 382 msecs (HTTP/1.1 201) 4 headers in 162 bytes (1 switches on core 0) /var/lib/openstack/lib/python3.12/site-packages/pycadf/identifier.py:70: UserWarning: Invalid uuid: neutron. To ensure interoperability, identifiers should be a valid uuid. warnings.warn(('Invalid uuid: %s. To ensure interoperability, '
2026-06-24 04:58:41.209 7 INFO neutron.api.v2.resource [None req-8e8aaa84-07a3-4e9f-a4ad-8f3fcee9c36c 4a79716058bc498fbca16d2fb7ca5da8 15cc0a07404a44d48f08a8c03acec7e2 - - default default] show failed (client error): The resource could not be found. [pid: 7|app: 0|req: 937/1943] 10.0.0.181 () {32 vars in 751 bytes} [Wed Jun 24 04:58:41 2026] GET /v2.0/floatingips/fa852ef4-7b95-4078-9848-b48495128556/tags/green => generated 99 bytes in 31 msecs (HTTP/1.1 404) 4 headers in 163 bytes (1 switches on core 0) [pid: 8|app: 0|req: 1007/1944] 10.0.0.181 () {32 vars in 736 bytes} [Wed Jun 24 04:58:41 2026] GET /v2.0/ports?device_id=be1ce041-5ef2-401b-8097-572d5e8d773b => generated 946 bytes in 50 msecs (HTTP/1.1 200) 4 headers in 157 bytes (1 switches on core 0) [pid: 7|app: 0|req: 938/1945] 199.204.45.222 () {34 vars in 986 bytes} [Wed Jun 24 04:58:41 2026] GET /v2.0/networks?id=914e8442-d347-4159-9b6d-7a81fcddcadb => generated 798 bytes in 32 msecs (HTTP/1.1 200) 4 headers in 157 bytes (1 switches on core 0) [pid: 7|app: 0|req: 939/1946] 10.0.0.181 () {32 vars in 750 bytes} [Wed Jun 24 04:58:41 2026] DELETE /v2.0/floatingips/fa852ef4-7b95-4078-9848-b48495128556/tags/red => generated 0 bytes in 40 msecs (HTTP/1.1 204) 2 headers in 112 bytes (1 switches on core 0)
2026-06-24 04:58:41.305 8 INFO neutron.db.segments_db [None req-e445f7fd-c4ec-477c-8d68-16f4233d2fa5 0e65a919bf2647d1842c937545726093 6647114ce1754b35b8dbd0c23153e8a5 - - default default] Added segment 35985174-b845-4060-bf68-cbed60a1d67b of type geneve for network 8f43586f-2797-4e4a-90e6-e312a49e0c4a
2026-06-24 04:58:41.417 8 INFO neutron.db.ovn_revision_numbers_db [None req-e445f7fd-c4ec-477c-8d68-16f4233d2fa5 0e65a919bf2647d1842c937545726093 6647114ce1754b35b8dbd0c23153e8a5 - - default default] Successfully bumped revision number for resource 8f43586f-2797-4e4a-90e6-e312a49e0c4a (type: networks) to 1
2026-06-24 04:58:41.584 8 WARNING neutron.scheduler.dhcp_agent_scheduler [None req-e445f7fd-c4ec-477c-8d68-16f4233d2fa5 0e65a919bf2647d1842c937545726093 6647114ce1754b35b8dbd0c23153e8a5 - - default default] No more DHCP agents
2026-06-24 04:58:41.585 8 WARNING neutron.api.rpc.agentnotifiers.dhcp_rpc_agent_api [None req-e445f7fd-c4ec-477c-8d68-16f4233d2fa5 0e65a919bf2647d1842c937545726093 6647114ce1754b35b8dbd0c23153e8a5 - - default default] Unable to schedule network 8f43586f-2797-4e4a-90e6-e312a49e0c4a: no agents available; will retry on subsequent port and subnet creation events.
2026-06-24 04:58:41.586 7 INFO neutron_taas.services.taas.taas_plugin [None req-05cb24c6-8b9a-4059-89a2-75d21580150a 6f01e0a339d144ab865ebbbbcab6095d e5da994ec15b446482ad8bc51cd9ebd4 - - default default] TaaS: Handle Delete Port: b5f93f73-e653-4690-8eaf-ec83613da3b2
2026-06-24 04:58:41.592 7 INFO neutron_taas.services.taas.tap_mirror_plugin [None req-05cb24c6-8b9a-4059-89a2-75d21580150a 6f01e0a339d144ab865ebbbbcab6095d e5da994ec15b446482ad8bc51cd9ebd4 - - default default] Tap Mirror: Handle Delete Port: b5f93f73-e653-4690-8eaf-ec83613da3b2
2026-06-24 04:58:41.639 8 INFO neutron.plugins.ml2.drivers.ovn.mech_driver.mech_driver [None req-3144fb21-1528-405c-b131-e7dabc082e5b - - - - - -] OVN reports status down for port: 8874a895-0705-4aaf-8af0-e97fce1f75a0
2026-06-24 04:58:41.699 8 INFO neutron.db.ovn_revision_numbers_db [None req-e445f7fd-c4ec-477c-8d68-16f4233d2fa5 0e65a919bf2647d1842c937545726093 6647114ce1754b35b8dbd0c23153e8a5 - - default default] Successfully bumped revision number for resource 8874a895-0705-4aaf-8af0-e97fce1f75a0 (type: ports) to 1 [pid: 8|app: 0|req: 1008/1947] 10.0.0.181 () {34 vars in 670 bytes} [Wed Jun 24 04:58:41 2026] POST /v2.0/networks => generated 650 bytes in 517 msecs (HTTP/1.1 201) 4 headers in 162 bytes (1 switches on core 0) [pid: 8|app: 0|req: 1009/1948] 199.204.45.222 () {34 vars in 1060 bytes} [Wed Jun 24 04:58:41 2026] GET /v2.0/floatingips?fixed_ip_address=10.100.0.13&port_id=8560475c-42db-44db-90d8-c426bf41c9c4 => generated 861 bytes in 45 msecs (HTTP/1.1 200) 4 headers in 157 bytes (1 switches on core 0) [pid: 8|app: 0|req: 1010/1949] 10.0.0.181 () {32 vars in 739 bytes} [Wed Jun 24 04:58:41 2026] GET /v2.0/floatingips/fa852ef4-7b95-4078-9848-b48495128556/tags => generated 30 bytes in 57 msecs (HTTP/1.1 200) 4 headers in 156 bytes (1 switches on core 0)
2026-06-24 04:58:42.005 8 WARNING neutron.scheduler.dhcp_agent_scheduler [None req-cd98b933-cc20-48a8-972c-d7e4e84453fb 0e65a919bf2647d1842c937545726093 6647114ce1754b35b8dbd0c23153e8a5 - - default default] No more DHCP agents
2026-06-24 04:58:42.007 8 WARNING neutron.api.rpc.agentnotifiers.dhcp_rpc_agent_api [None req-cd98b933-cc20-48a8-972c-d7e4e84453fb 0e65a919bf2647d1842c937545726093 6647114ce1754b35b8dbd0c23153e8a5 - - default default] Unable to schedule network 8f43586f-2797-4e4a-90e6-e312a49e0c4a: no agents available; will retry on subsequent port and subnet creation events. [pid: 7|app: 0|req: 940/1950] 10.0.0.181 () {34 vars in 789 bytes} [Wed Jun 24 04:58:41 2026] PUT /v2.0/routers/be1ce041-5ef2-401b-8097-572d5e8d773b/remove_router_interface => generated 309 bytes in 840 msecs (HTTP/1.1 200) 4 headers in 157 bytes (1 switches on core 0) /var/lib/openstack/lib/python3.12/site-packages/pycadf/identifier.py:70: UserWarning: Invalid uuid: neutron. To ensure interoperability, identifiers should be a valid uuid. warnings.warn(('Invalid uuid: %s. To ensure interoperability, ' [pid: 7|app: 0|req: 941/1951] 199.204.45.222 () {34 vars in 984 bytes} [Wed Jun 24 04:58:42 2026] GET /v2.0/subnets?id=8539397d-6ddb-4ec2-9a91-f4d9ca611e74 => generated 678 bytes in 23 msecs (HTTP/1.1 200) 4 headers in 157 bytes (1 switches on core 0)
2026-06-24 04:58:42.182 7 INFO neutron.api.v2.resource [None req-78d32ae1-4ad1-4afd-ae79-48e1bf93243f 4a79716058bc498fbca16d2fb7ca5da8 15cc0a07404a44d48f08a8c03acec7e2 - - default default] delete failed (client error): The resource could not be found. [pid: 7|app: 0|req: 942/1952] 10.0.0.181 () {32 vars in 754 bytes} [Wed Jun 24 04:58:42 2026] DELETE /v2.0/floatingips/fa852ef4-7b95-4078-9848-b48495128556/tags/green => generated 99 bytes in 35 msecs (HTTP/1.1 404) 4 headers in 163 bytes (1 switches on core 0)
2026-06-24 04:58:42.435 7 WARNING neutron.plugins.ml2.drivers.ovn.mech_driver.ovsdb.ovn_client [None req-2332b3cc-7403-4df5-8003-4eaf16fd4107 - - - - - -] No port found with ID b5f93f73-e653-4690-8eaf-ec83613da3b2: RuntimeError: No port found with ID b5f93f73-e653-4690-8eaf-ec83613da3b2
2026-06-24 04:58:42.438 8 INFO neutron.db.ovn_revision_numbers_db [None req-9bd4f554-ce5c-4942-94ad-aefa8fc402d7 - - - - - -] Successfully bumped revision number for resource 8874a895-0705-4aaf-8af0-e97fce1f75a0 (type: ports) to 2
2026-06-24 04:58:42.471 8 INFO neutron.db.ovn_revision_numbers_db [None req-9bd4f554-ce5c-4942-94ad-aefa8fc402d7 - - - - - -] Successfully bumped revision number for resource f0a73d7e-087f-461c-92dd-006a126f18a3 (type: subnets) to 0 [pid: 8|app: 0|req: 1011/1953] 10.0.0.181 () {34 vars in 669 bytes} [Wed Jun 24 04:58:41 2026] POST /v2.0/subnets => generated 626 bytes in 650 msecs (HTTP/1.1 201) 4 headers in 162 bytes (1 switches on core 0) [pid: 8|app: 0|req: 1012/1954] 199.204.45.222 () {34 vars in 1052 bytes} [Wed Jun 24 04:58:42 2026] GET /v2.0/ports?network_id=914e8442-d347-4159-9b6d-7a81fcddcadb&device_owner=network%3Adhcp => generated 12 bytes in 18 msecs (HTTP/1.1 200) 4 headers in 156 bytes (1 switches on core 0) [pid: 8|app: 0|req: 1013/1955] 10.0.0.181 () {32 vars in 742 bytes} [Wed Jun 24 04:58:42 2026] DELETE /v2.0/floatingips/fa852ef4-7b95-4078-9848-b48495128556/tags => generated 0 bytes in 48 msecs (HTTP/1.1 204) 2 headers in 112 bytes (1 switches on core 0)
2026-06-24 04:58:42.609 7 INFO neutron_taas.services.taas.taas_plugin [None req-c060f92b-89d6-4122-8f46-3166af5ccfb7 6f01e0a339d144ab865ebbbbcab6095d e5da994ec15b446482ad8bc51cd9ebd4 - - default default] TaaS: Handle Delete Port: 749c2b89-2bee-452f-b467-b0d9fffa7c52
2026-06-24 04:58:42.611 7 INFO neutron_taas.services.taas.tap_mirror_plugin [None req-c060f92b-89d6-4122-8f46-3166af5ccfb7 6f01e0a339d144ab865ebbbbcab6095d e5da994ec15b446482ad8bc51cd9ebd4 - - default default] Tap Mirror: Handle Delete Port: 749c2b89-2bee-452f-b467-b0d9fffa7c52
2026-06-24 04:58:42.652 7 INFO neutron.plugins.ml2.drivers.ovn.mech_driver.mech_driver [None req-2332b3cc-7403-4df5-8003-4eaf16fd4107 - - - - - -] OVN reports status down for port: 5342617d-579c-4b00-9485-3d247ab339ec
2026-06-24 04:58:42.811 8 WARNING neutron.scheduler.dhcp_agent_scheduler [None req-07ff0d51-dc0b-4d9d-b426-4d2725f6f958 0e65a919bf2647d1842c937545726093 6647114ce1754b35b8dbd0c23153e8a5 - - default default] No more DHCP agents
2026-06-24 04:58:42.813 8 WARNING neutron.api.rpc.agentnotifiers.dhcp_rpc_agent_api [None req-07ff0d51-dc0b-4d9d-b426-4d2725f6f958 0e65a919bf2647d1842c937545726093 6647114ce1754b35b8dbd0c23153e8a5 - - default default] Unable to schedule network 8f43586f-2797-4e4a-90e6-e312a49e0c4a: no agents available; will retry on subsequent port and subnet creation events.
2026-06-24 04:58:42.934 7 INFO neutron.plugins.ml2.drivers.ovn.mech_driver.mech_driver [None req-2332b3cc-7403-4df5-8003-4eaf16fd4107 - - - - - -] OVN reports status down for port: d491890f-5b09-4cbf-99f3-2e366b8cb299
2026-06-24 04:58:42.958 8 INFO neutron.db.ovn_revision_numbers_db [None req-07ff0d51-dc0b-4d9d-b426-4d2725f6f958 0e65a919bf2647d1842c937545726093 6647114ce1754b35b8dbd0c23153e8a5 - - default default] Successfully bumped revision number for resource d491890f-5b09-4cbf-99f3-2e366b8cb299 (type: ports) to 1 [pid: 8|app: 0|req: 1014/1956] 10.0.0.181 () {34 vars in 665 bytes} [Wed Jun 24 04:58:42 2026] POST /v2.0/ports => generated 953 bytes in 424 msecs (HTTP/1.1 201) 4 headers in 162 bytes (1 switches on core 0) /var/lib/openstack/lib/python3.12/site-packages/pycadf/identifier.py:70: UserWarning: Invalid uuid: neutron. To ensure interoperability, identifiers should be a valid uuid. warnings.warn(('Invalid uuid: %s. To ensure interoperability, ' [pid: 8|app: 0|req: 1015/1957] 199.204.45.222 () {34 vars in 1012 bytes} [Wed Jun 24 04:58:42 2026] GET /v2.0/networks/914e8442-d347-4159-9b6d-7a81fcddcadb?fields=segments => generated 14 bytes in 41 msecs (HTTP/1.1 200) 4 headers in 156 bytes (1 switches on core 0) [pid: 8|app: 0|req: 1016/1958] 10.0.0.181 () {32 vars in 739 bytes} [Wed Jun 24 04:58:43 2026] GET /v2.0/floatingips/fa852ef4-7b95-4078-9848-b48495128556/tags => generated 12 bytes in 31 msecs (HTTP/1.1 200) 4 headers in 156 bytes (1 switches on core 0) [pid: 7|app: 0|req: 943/1959] 10.0.0.181 () {32 vars in 724 bytes} [Wed Jun 24 04:58:42 2026] DELETE /v2.0/routers/be1ce041-5ef2-401b-8097-572d5e8d773b => generated 0 bytes in 981 msecs (HTTP/1.1 204) 2 headers in 112 bytes (1 switches on core 0) /var/lib/openstack/lib/python3.12/site-packages/pycadf/identifier.py:70: UserWarning: Invalid uuid: neutron. To ensure interoperability, identifiers should be a valid uuid. warnings.warn(('Invalid uuid: %s. To ensure interoperability, '
2026-06-24 04:58:43.169 8 INFO neutron_taas.services.taas.taas_plugin [None req-68bf974a-8ede-4a0b-8f39-fe1a37e17092 0e65a919bf2647d1842c937545726093 6647114ce1754b35b8dbd0c23153e8a5 - - default default] TaaS: Handle Delete Port: d491890f-5b09-4cbf-99f3-2e366b8cb299
2026-06-24 04:58:43.171 8 INFO neutron_taas.services.taas.tap_mirror_plugin [None req-68bf974a-8ede-4a0b-8f39-fe1a37e17092 0e65a919bf2647d1842c937545726093 6647114ce1754b35b8dbd0c23153e8a5 - - default default] Tap Mirror: Handle Delete Port: d491890f-5b09-4cbf-99f3-2e366b8cb299 [pid: 7|app: 0|req: 944/1960] 199.204.45.222 () {34 vars in 1112 bytes} [Wed Jun 24 04:58:43 2026] GET /v2.0/networks/914e8442-d347-4159-9b6d-7a81fcddcadb?fields=provider%3Aphysical_network&fields=provider%3Anetwork_type => generated 79 bytes in 30 msecs (HTTP/1.1 200) 4 headers in 156 bytes (1 switches on core 0)
2026-06-24 04:58:43.320 7 INFO neutron_taas.services.taas.taas_plugin [None req-3960a75d-3eee-4046-b1a2-47a5df8f3f5e 4a79716058bc498fbca16d2fb7ca5da8 15cc0a07404a44d48f08a8c03acec7e2 - - default default] TaaS: Handle Delete Port: fd6205dc-e8d4-47ce-9dd7-46000f049406 [pid: 8|app: 0|req: 1017/1961] 10.0.0.181 () {32 vars in 720 bytes} [Wed Jun 24 04:58:43 2026] DELETE /v2.0/ports/d491890f-5b09-4cbf-99f3-2e366b8cb299 => generated 0 bytes in 265 msecs (HTTP/1.1 204) 3 headers in 131 bytes (1 switches on core 0)
2026-06-24 04:58:43.326 7 INFO neutron_taas.services.taas.tap_mirror_plugin [None req-3960a75d-3eee-4046-b1a2-47a5df8f3f5e 4a79716058bc498fbca16d2fb7ca5da8 15cc0a07404a44d48f08a8c03acec7e2 - - default default] Tap Mirror: Handle Delete Port: fd6205dc-e8d4-47ce-9dd7-46000f049406 [pid: 8|app: 0|req: 1018/1962] 10.0.0.181 () {32 vars in 724 bytes} [Wed Jun 24 04:58:43 2026] DELETE /v2.0/subnets/ccf317b8-a3f2-48b6-afc9-ee218839111f => generated 0 bytes in 150 msecs (HTTP/1.1 204) 3 headers in 131 bytes (1 switches on core 0)
2026-06-24 04:58:43.484 8 INFO neutron.pecan_wsgi.hooks.translation [None req-4116bda5-8447-4273-bc01-c3bedff1b8ac 0e65a919bf2647d1842c937545726093 6647114ce1754b35b8dbd0c23153e8a5 - - default default] DELETE failed (client error): The resource could not be found. [pid: 8|app: 0|req: 1019/1963] 10.0.0.181 () {32 vars in 720 bytes} [Wed Jun 24 04:58:43 2026] DELETE /v2.0/ports/d491890f-5b09-4cbf-99f3-2e366b8cb299 => generated 132 bytes in 16 msecs (HTTP/1.1 404) 4 headers in 164 bytes (1 switches on core 0) [pid: 7|app: 0|req: 945/1964] 10.0.0.181 () {32 vars in 732 bytes} [Wed Jun 24 04:58:43 2026] DELETE /v2.0/floatingips/fa852ef4-7b95-4078-9848-b48495128556 => generated 0 bytes in 294 msecs (HTTP/1.1 204) 2 headers in 112 bytes (1 switches on core 0)
2026-06-24 04:58:43.518 7 INFO neutron.pecan_wsgi.hooks.translation [None req-44566080-46cc-4a1d-8f84-42ed57dc94b0 0e65a919bf2647d1842c937545726093 6647114ce1754b35b8dbd0c23153e8a5 - - default default] GET failed (client error): The resource could not be found. [pid: 7|app: 0|req: 946/1965] 10.0.0.181 () {32 vars in 717 bytes} [Wed Jun 24 04:58:43 2026] GET /v2.0/ports/d491890f-5b09-4cbf-99f3-2e366b8cb299 => generated 132 bytes in 27 msecs (HTTP/1.1 404) 4 headers in 164 bytes (1 switches on core 0)
2026-06-24 04:58:43.642 8 INFO neutron_taas.services.taas.taas_plugin [None req-b342b314-09f2-47f5-8994-fe0ced37a3f1 6f01e0a339d144ab865ebbbbcab6095d e5da994ec15b446482ad8bc51cd9ebd4 - - default default] TaaS: Handle Delete Port: 65d143fe-4b1e-4f3c-9d8e-a0fe5e93ae94
2026-06-24 04:58:43.646 8 INFO neutron_taas.services.taas.tap_mirror_plugin [None req-b342b314-09f2-47f5-8994-fe0ced37a3f1 6f01e0a339d144ab865ebbbbcab6095d e5da994ec15b446482ad8bc51cd9ebd4 - - default default] Tap Mirror: Handle Delete Port: 65d143fe-4b1e-4f3c-9d8e-a0fe5e93ae94 [pid: 7|app: 0|req: 947/1966] 10.0.0.181 () {32 vars in 724 bytes} [Wed Jun 24 04:58:43 2026] DELETE /v2.0/subnets/f0a73d7e-087f-461c-92dd-006a126f18a3 => generated 0 bytes in 173 msecs (HTTP/1.1 204) 3 headers in 131 bytes (1 switches on core 0)
2026-06-24 04:58:43.832 8 INFO neutron.services.segments.plugin [-] Segment 807b812d-217b-4ea5-8654-b0f17af90a5e resource provider aggregate not found
2026-06-24 04:58:43.834 7 INFO neutron_taas.services.taas.taas_plugin [None req-1decd0d6-f4ab-49a2-8dab-d9ad27cadce1 0e65a919bf2647d1842c937545726093 6647114ce1754b35b8dbd0c23153e8a5 - - default default] TaaS: Handle Delete Port: 8874a895-0705-4aaf-8af0-e97fce1f75a0
2026-06-24 04:58:43.837 7 INFO neutron_taas.services.taas.tap_mirror_plugin [None req-1decd0d6-f4ab-49a2-8dab-d9ad27cadce1 0e65a919bf2647d1842c937545726093 6647114ce1754b35b8dbd0c23153e8a5 - - default default] Tap Mirror: Handle Delete Port: 8874a895-0705-4aaf-8af0-e97fce1f75a0
2026-06-24 04:58:43.838 8 INFO neutron.services.segments.plugin [-] Segment 807b812d-217b-4ea5-8654-b0f17af90a5e resource provider aggregate not found
2026-06-24 04:58:43.855 8 INFO neutron.services.segments.plugin [-] Segment 807b812d-217b-4ea5-8654-b0f17af90a5e resource provider not found; error: Placement Client Error (4xx): {"errors": [{"status": 404, "title": "Not Found", "detail": "The resource could not be found.\n\n No resource provider with uuid 807b812d-217b-4ea5-8654-b0f17af90a5e found for delete ", "request_id": "req-1fd538ab-3931-4f86-a9ea-eb098822fb84"}]}
2026-06-24 04:58:43.860 8 INFO neutron.services.segments.plugin [-] Segment 807b812d-217b-4ea5-8654-b0f17af90a5e resource provider not found; error: Placement Client Error (4xx): {"errors": [{"status": 404, "title": "Not Found", "detail": "The resource could not be found.\n\n No resource provider with uuid 807b812d-217b-4ea5-8654-b0f17af90a5e found for delete ", "request_id": "req-ed35af84-c818-487e-b8a9-3fb420c62213"}]} [pid: 8|app: 0|req: 1020/1967] 10.0.0.181 () {32 vars in 726 bytes} [Wed Jun 24 04:58:43 2026] DELETE /v2.0/networks/3f43b16e-c8a2-4332-a533-ff405d135b35 => generated 0 bytes in 388 msecs (HTTP/1.1 204) 3 headers in 131 bytes (1 switches on core 0)
2026-06-24 04:58:44.031 7 INFO neutron.services.segments.plugin [-] Segment 35985174-b845-4060-bf68-cbed60a1d67b resource provider aggregate not found
2026-06-24 04:58:44.035 7 INFO neutron.services.segments.plugin [-] Segment 35985174-b845-4060-bf68-cbed60a1d67b resource provider aggregate not found
2026-06-24 04:58:44.049 7 INFO neutron.services.segments.plugin [-] Segment 35985174-b845-4060-bf68-cbed60a1d67b resource provider not found; error: Placement Client Error (4xx): {"errors": [{"status": 404, "title": "Not Found", "detail": "The resource could not be found.\n\n No resource provider with uuid 35985174-b845-4060-bf68-cbed60a1d67b found for delete ", "request_id": "req-3c0a27e2-2ded-4cd6-9056-152228aa1426"}]}
2026-06-24 04:58:44.053 7 INFO neutron.services.segments.plugin [-] Segment 35985174-b845-4060-bf68-cbed60a1d67b resource provider not found; error: Placement Client Error (4xx): {"errors": [{"status": 404, "title": "Not Found", "detail": "The resource could not be found.\n\n No resource provider with uuid 35985174-b845-4060-bf68-cbed60a1d67b found for delete ", "request_id": "req-bb31a38a-10bd-4f6a-b26e-3f72c14830e9"}]} [pid: 7|app: 0|req: 948/1970] 10.0.0.181 () {32 vars in 726 bytes} [Wed Jun 24 04:58:43 2026] DELETE /v2.0/networks/8f43586f-2797-4e4a-90e6-e312a49e0c4a => generated 0 bytes in 379 msecs (HTTP/1.1 204) 3 headers in 131 bytes (1 switches on core 0)
2026-06-24 04:58:44.190 8 INFO neutron.db.segments_db [None req-2fe073d1-ec80-4552-ab52-c4b8978a176e 0e65a919bf2647d1842c937545726093 6647114ce1754b35b8dbd0c23153e8a5 - - default default] Added segment 2d0feb88-4a96-4289-90a7-97db62449da4 of type geneve for network 1e6cd5fa-2028-4a1e-878d-6ee98ce07196
2026-06-24 04:58:44.289 8 INFO neutron.db.ovn_revision_numbers_db [None req-2fe073d1-ec80-4552-ab52-c4b8978a176e 0e65a919bf2647d1842c937545726093 6647114ce1754b35b8dbd0c23153e8a5 - - default default] Successfully bumped revision number for resource 1e6cd5fa-2028-4a1e-878d-6ee98ce07196 (type: networks) to 1
2026-06-24 04:58:44.470 8 WARNING neutron.scheduler.dhcp_agent_scheduler [None req-2fe073d1-ec80-4552-ab52-c4b8978a176e 0e65a919bf2647d1842c937545726093 6647114ce1754b35b8dbd0c23153e8a5 - - default default] No more DHCP agents
2026-06-24 04:58:44.471 8 WARNING neutron.api.rpc.agentnotifiers.dhcp_rpc_agent_api [None req-2fe073d1-ec80-4552-ab52-c4b8978a176e 0e65a919bf2647d1842c937545726093 6647114ce1754b35b8dbd0c23153e8a5 - - default default] Unable to schedule network 1e6cd5fa-2028-4a1e-878d-6ee98ce07196: no agents available; will retry on subsequent port and subnet creation events.
2026-06-24 04:58:44.546 7 INFO neutron.plugins.ml2.drivers.ovn.mech_driver.mech_driver [None req-2332b3cc-7403-4df5-8003-4eaf16fd4107 - - - - - -] OVN reports status down for port: 62a04b55-2dd7-439d-a996-fb95ff052eaf
2026-06-24 04:58:44.551 8 INFO neutron.db.ovn_revision_numbers_db [None req-2fe073d1-ec80-4552-ab52-c4b8978a176e 0e65a919bf2647d1842c937545726093 6647114ce1754b35b8dbd0c23153e8a5 - - default default] Successfully bumped revision number for resource 62a04b55-2dd7-439d-a996-fb95ff052eaf (type: ports) to 1 [pid: 8|app: 0|req: 1023/1971] 10.0.0.181 () {34 vars in 670 bytes} [Wed Jun 24 04:58:44 2026] POST /v2.0/networks => generated 651 bytes in 481 msecs (HTTP/1.1 201) 4 headers in 162 bytes (1 switches on core 0)
2026-06-24 04:58:44.624 7 INFO neutron.db.ovn_revision_numbers_db [None req-8b3b4bed-3bc7-470e-9667-c9a1123b7b7e 68fb04aa81794d5985560094e6f4847d 241bb766c1604e579122081c468fcea8 - - default default] Successfully bumped revision number for resource d536c8cc-8f47-450b-9476-d30caabec37d (type: security_groups) to 1
2026-06-24 04:58:44.642 7 INFO neutron.db.ovn_revision_numbers_db [None req-8b3b4bed-3bc7-470e-9667-c9a1123b7b7e 68fb04aa81794d5985560094e6f4847d 241bb766c1604e579122081c468fcea8 - - default default] Successfully bumped revision number for resource 0215dad5-6df7-4815-99d3-67b91c662f2d (type: security_group_rules) to 0 [pid: 8|app: 0|req: 1024/1972] 10.0.0.181 () {32 vars in 774 bytes} [Wed Jun 24 04:58:44 2026] GET /v2.0/security-groups?tenant_id=e5da994ec15b446482ad8bc51cd9ebd4&name=default => generated 2925 bytes in 71 msecs (HTTP/1.1 200) 4 headers in 158 bytes (1 switches on core 0)
2026-06-24 04:58:44.654 7 INFO neutron.db.ovn_revision_numbers_db [None req-8b3b4bed-3bc7-470e-9667-c9a1123b7b7e 68fb04aa81794d5985560094e6f4847d 241bb766c1604e579122081c468fcea8 - - default default] Successfully bumped revision number for resource a95fe305-d3fc-429e-b0a6-35501f5fc5c2 (type: security_group_rules) to 0
2026-06-24 04:58:44.666 7 INFO neutron.db.ovn_revision_numbers_db [None req-8b3b4bed-3bc7-470e-9667-c9a1123b7b7e 68fb04aa81794d5985560094e6f4847d 241bb766c1604e579122081c468fcea8 - - default default] Successfully bumped revision number for resource c38a022a-aead-4ce0-beb9-f7fb39723ca6 (type: security_group_rules) to 0
2026-06-24 04:58:44.679 7 INFO neutron.db.ovn_revision_numbers_db [None req-8b3b4bed-3bc7-470e-9667-c9a1123b7b7e 68fb04aa81794d5985560094e6f4847d 241bb766c1604e579122081c468fcea8 - - default default] Successfully bumped revision number for resource f2eeae64-703f-456e-a321-bf84ce7d2a7f (type: security_group_rules) to 0 [pid: 7|app: 0|req: 949/1973] 10.0.0.181 () {32 vars in 774 bytes} [Wed Jun 24 04:58:44 2026] GET /v2.0/security-groups?tenant_id=4879fe037e634383b8cd0b9e9f5d096b&name=default => generated 2925 bytes in 516 msecs (HTTP/1.1 200) 4 headers in 158 bytes (1 switches on core 0)
2026-06-24 04:58:44.827 8 WARNING neutron.scheduler.dhcp_agent_scheduler [None req-d4f4ed9a-1865-4a1e-83d1-b46ae415ca1b 0e65a919bf2647d1842c937545726093 6647114ce1754b35b8dbd0c23153e8a5 - - default default] No more DHCP agents
2026-06-24 04:58:44.829 8 WARNING neutron.api.rpc.agentnotifiers.dhcp_rpc_agent_api [None req-d4f4ed9a-1865-4a1e-83d1-b46ae415ca1b 0e65a919bf2647d1842c937545726093 6647114ce1754b35b8dbd0c23153e8a5 - - default default] Unable to schedule network 1e6cd5fa-2028-4a1e-878d-6ee98ce07196: no agents available; will retry on subsequent port and subnet creation events. [pid: 7|app: 0|req: 950/1974] 10.0.0.181 () {32 vars in 740 bytes} [Wed Jun 24 04:58:44 2026] DELETE /v2.0/security-groups/68faa3aa-3fd5-4046-bb8a-76af43ad6e09 => generated 0 bytes in 259 msecs (HTTP/1.1 204) 2 headers in 112 bytes (1 switches on core 0) [pid: 7|app: 0|req: 951/1975] 10.0.0.181 () {32 vars in 740 bytes} [Wed Jun 24 04:58:44 2026] DELETE /v2.0/security-groups/d536c8cc-8f47-450b-9476-d30caabec37d => generated 0 bytes in 269 msecs (HTTP/1.1 204) 2 headers in 112 bytes (1 switches on core 0)
2026-06-24 04:58:45.367 8 INFO neutron.db.ovn_revision_numbers_db [None req-a26295b2-8b6f-4cb9-b95a-291a252e5cd0 - - - - - -] Successfully bumped revision number for resource 62a04b55-2dd7-439d-a996-fb95ff052eaf (type: ports) to 2
2026-06-24 04:58:45.409 8 INFO neutron.db.ovn_revision_numbers_db [None req-a26295b2-8b6f-4cb9-b95a-291a252e5cd0 - - - - - -] Successfully bumped revision number for resource 1965c780-3532-46d1-881f-22119371da03 (type: subnets) to 0 [pid: 8|app: 0|req: 1025/1976] 10.0.0.181 () {34 vars in 669 bytes} [Wed Jun 24 04:58:44 2026] POST /v2.0/subnets => generated 626 bytes in 776 msecs (HTTP/1.1 201) 4 headers in 162 bytes (1 switches on core 0)
2026-06-24 04:58:45.514 7 INFO neutron.db.ovn_revision_numbers_db [None req-2f8aa0d4-eda6-4cb1-b027-fb8d14c34381 68fb04aa81794d5985560094e6f4847d 241bb766c1604e579122081c468fcea8 - - default default] Successfully bumped revision number for resource 70c3ffa2-1a38-45a6-9ee8-e68920125622 (type: security_groups) to 1
2026-06-24 04:58:45.525 7 INFO neutron.db.ovn_revision_numbers_db [None req-2f8aa0d4-eda6-4cb1-b027-fb8d14c34381 68fb04aa81794d5985560094e6f4847d 241bb766c1604e579122081c468fcea8 - - default default] Successfully bumped revision number for resource 1123a3c8-c91d-41e1-a3a3-8e886b5c9d4f (type: security_group_rules) to 0
2026-06-24 04:58:45.537 7 INFO neutron.db.ovn_revision_numbers_db [None req-2f8aa0d4-eda6-4cb1-b027-fb8d14c34381 68fb04aa81794d5985560094e6f4847d 241bb766c1604e579122081c468fcea8 - - default default] Successfully bumped revision number for resource 421943fb-45bf-4307-bd8a-5889c0c83fdc (type: security_group_rules) to 0
2026-06-24 04:58:45.548 7 INFO neutron.db.ovn_revision_numbers_db [None req-2f8aa0d4-eda6-4cb1-b027-fb8d14c34381 68fb04aa81794d5985560094e6f4847d 241bb766c1604e579122081c468fcea8 - - default default] Successfully bumped revision number for resource b62d805f-535b-4453-b229-99bb447fb603 (type: security_group_rules) to 0
2026-06-24 04:58:45.559 7 INFO neutron.db.ovn_revision_numbers_db [None req-2f8aa0d4-eda6-4cb1-b027-fb8d14c34381 68fb04aa81794d5985560094e6f4847d 241bb766c1604e579122081c468fcea8 - - default default] Successfully bumped revision number for resource b7a2189e-add4-4543-8be3-b7e77e5243e5 (type: security_group_rules) to 0 [pid: 7|app: 0|req: 952/1977] 10.0.0.181 () {32 vars in 774 bytes} [Wed Jun 24 04:58:45 2026] GET /v2.0/security-groups?tenant_id=15cc0a07404a44d48f08a8c03acec7e2&name=default => generated 2925 bytes in 217 msecs (HTTP/1.1 200) 4 headers in 158 bytes (1 switches on core 0)
2026-06-24 04:58:45.679 8 WARNING neutron.scheduler.dhcp_agent_scheduler [None req-170e26de-02c7-468a-8630-dffb906a532c 0e65a919bf2647d1842c937545726093 6647114ce1754b35b8dbd0c23153e8a5 - - default default] No more DHCP agents
2026-06-24 04:58:45.681 8 WARNING neutron.api.rpc.agentnotifiers.dhcp_rpc_agent_api [None req-170e26de-02c7-468a-8630-dffb906a532c 0e65a919bf2647d1842c937545726093 6647114ce1754b35b8dbd0c23153e8a5 - - default default] Unable to schedule network 1e6cd5fa-2028-4a1e-878d-6ee98ce07196: no agents available; will retry on subsequent port and subnet creation events.
2026-06-24 04:58:45.790 7 INFO neutron.plugins.ml2.drivers.ovn.mech_driver.mech_driver [None req-2332b3cc-7403-4df5-8003-4eaf16fd4107 - - - - - -] OVN reports status down for port: a83b602d-d15c-4670-8c88-5e35c4f1ec6b
2026-06-24 04:58:45.811 8 INFO neutron.db.ovn_revision_numbers_db [None req-170e26de-02c7-468a-8630-dffb906a532c 0e65a919bf2647d1842c937545726093 6647114ce1754b35b8dbd0c23153e8a5 - - default default] Successfully bumped revision number for resource a83b602d-d15c-4670-8c88-5e35c4f1ec6b (type: ports) to 1 [pid: 8|app: 0|req: 1026/1978] 10.0.0.181 () {34 vars in 665 bytes} [Wed Jun 24 04:58:45 2026] POST /v2.0/ports => generated 916 bytes in 404 msecs (HTTP/1.1 201) 4 headers in 162 bytes (1 switches on core 0) [pid: 7|app: 0|req: 953/1979] 10.0.0.181 () {32 vars in 740 bytes} [Wed Jun 24 04:58:45 2026] DELETE /v2.0/security-groups/70c3ffa2-1a38-45a6-9ee8-e68920125622 => generated 0 bytes in 324 msecs (HTTP/1.1 204) 2 headers in 112 bytes (1 switches on core 0)
2026-06-24 04:58:45.975 8 INFO neutron_taas.services.taas.taas_plugin [None req-b9e730e4-b9bb-4e8f-b3df-cd20c7a7ba70 0e65a919bf2647d1842c937545726093 6647114ce1754b35b8dbd0c23153e8a5 - - default default] TaaS: Handle Delete Port: a83b602d-d15c-4670-8c88-5e35c4f1ec6b
2026-06-24 04:58:45.978 8 INFO neutron_taas.services.taas.tap_mirror_plugin [None req-b9e730e4-b9bb-4e8f-b3df-cd20c7a7ba70 0e65a919bf2647d1842c937545726093 6647114ce1754b35b8dbd0c23153e8a5 - - default default] Tap Mirror: Handle Delete Port: a83b602d-d15c-4670-8c88-5e35c4f1ec6b [pid: 8|app: 0|req: 1027/1980] 10.0.0.181 () {32 vars in 720 bytes} [Wed Jun 24 04:58:45 2026] DELETE /v2.0/ports/a83b602d-d15c-4670-8c88-5e35c4f1ec6b => generated 0 bytes in 301 msecs (HTTP/1.1 204) 3 headers in 131 bytes (1 switches on core 0)
2026-06-24 04:58:46.162 7 INFO neutron.pecan_wsgi.hooks.translation [None req-16bf4a55-da39-4619-8128-865a2afeca22 0e65a919bf2647d1842c937545726093 6647114ce1754b35b8dbd0c23153e8a5 - - default default] GET failed (client error): The resource could not be found. [pid: 7|app: 0|req: 954/1981] 10.0.0.181 () {32 vars in 717 bytes} [Wed Jun 24 04:58:46 2026] GET /v2.0/ports/a83b602d-d15c-4670-8c88-5e35c4f1ec6b => generated 132 bytes in 16 msecs (HTTP/1.1 404) 4 headers in 164 bytes (1 switches on core 0) [pid: 8|app: 0|req: 1028/1982] 10.0.0.181 () {32 vars in 724 bytes} [Wed Jun 24 04:58:46 2026] DELETE /v2.0/subnets/1965c780-3532-46d1-881f-22119371da03 => generated 0 bytes in 142 msecs (HTTP/1.1 204) 3 headers in 131 bytes (1 switches on core 0)
2026-06-24 04:58:46.450 7 INFO neutron_taas.services.taas.taas_plugin [None req-d860f9c3-326b-44fe-aa3c-aaf675531c12 0e65a919bf2647d1842c937545726093 6647114ce1754b35b8dbd0c23153e8a5 - - default default] TaaS: Handle Delete Port: 62a04b55-2dd7-439d-a996-fb95ff052eaf
2026-06-24 04:58:46.452 7 INFO neutron_taas.services.taas.tap_mirror_plugin [None req-d860f9c3-326b-44fe-aa3c-aaf675531c12 0e65a919bf2647d1842c937545726093 6647114ce1754b35b8dbd0c23153e8a5 - - default default] Tap Mirror: Handle Delete Port: 62a04b55-2dd7-439d-a996-fb95ff052eaf
2026-06-24 04:58:46.645 7 INFO neutron.services.segments.plugin [-] Segment 2d0feb88-4a96-4289-90a7-97db62449da4 resource provider aggregate not found
2026-06-24 04:58:46.649 7 INFO neutron.services.segments.plugin [-] Segment 2d0feb88-4a96-4289-90a7-97db62449da4 resource provider aggregate not found
2026-06-24 04:58:46.665 7 INFO neutron.services.segments.plugin [-] Segment 2d0feb88-4a96-4289-90a7-97db62449da4 resource provider not found; error: Placement Client Error (4xx): {"errors": [{"status": 404, "title": "Not Found", "detail": "The resource could not be found.\n\n No resource provider with uuid 2d0feb88-4a96-4289-90a7-97db62449da4 found for delete ", "request_id": "req-b69ded30-b452-4a31-a9a4-0b05425f9e0b"}]}
2026-06-24 04:58:46.676 7 INFO neutron.services.segments.plugin [-] Segment 2d0feb88-4a96-4289-90a7-97db62449da4 resource provider not found; error: Placement Client Error (4xx): {"errors": [{"status": 404, "title": "Not Found", "detail": "The resource could not be found.\n\n No resource provider with uuid 2d0feb88-4a96-4289-90a7-97db62449da4 found for delete ", "request_id": "req-d9f08e76-8b02-4819-9e9c-dee2a73e2c28"}]} [pid: 7|app: 0|req: 955/1983] 10.0.0.181 () {32 vars in 726 bytes} [Wed Jun 24 04:58:46 2026] DELETE /v2.0/networks/1e6cd5fa-2028-4a1e-878d-6ee98ce07196 => generated 0 bytes in 396 msecs (HTTP/1.1 204) 3 headers in 131 bytes (1 switches on core 0)
2026-06-24 04:58:46.917 8 WARNING neutron.scheduler.dhcp_agent_scheduler [None req-f13a7950-cf87-4834-8a8c-463549159ba8 0e65a919bf2647d1842c937545726093 6647114ce1754b35b8dbd0c23153e8a5 - - default default] No more DHCP agents
2026-06-24 04:58:46.918 8 WARNING neutron.api.rpc.agentnotifiers.dhcp_rpc_agent_api [None req-f13a7950-cf87-4834-8a8c-463549159ba8 0e65a919bf2647d1842c937545726093 6647114ce1754b35b8dbd0c23153e8a5 - - default default] Unable to schedule network 54ffcd77-f403-4a53-8b2c-cee70a2c4935: no agents available; will retry on subsequent port and subnet creation events.
2026-06-24 04:58:46.995 7 INFO neutron.plugins.ml2.drivers.ovn.mech_driver.mech_driver [None req-2332b3cc-7403-4df5-8003-4eaf16fd4107 - - - - - -] OVN reports status down for port: 65d7bd32-2145-4e30-9305-f2107743f2ca
2026-06-24 04:58:47.001 8 INFO neutron.db.ovn_revision_numbers_db [None req-f13a7950-cf87-4834-8a8c-463549159ba8 0e65a919bf2647d1842c937545726093 6647114ce1754b35b8dbd0c23153e8a5 - - default default] Successfully bumped revision number for resource 65d7bd32-2145-4e30-9305-f2107743f2ca (type: ports) to 1 [pid: 8|app: 0|req: 1029/1984] 10.0.0.181 () {34 vars in 665 bytes} [Wed Jun 24 04:58:46 2026] POST /v2.0/ports => generated 774 bytes in 326 msecs (HTTP/1.1 201) 4 headers in 162 bytes (1 switches on core 0) /var/lib/openstack/lib/python3.12/site-packages/pycadf/identifier.py:70: UserWarning: Invalid uuid: neutron. To ensure interoperability, identifiers should be a valid uuid. warnings.warn(('Invalid uuid: %s. To ensure interoperability, '
2026-06-24 04:58:47.179 7 INFO neutron.db.ovn_revision_numbers_db [None req-dd0fd619-295b-48dc-ac4d-0121be192a3b 9b670e3819714fc28c705e13ae79c9a8 74bc3d86e92a4206894064176aaf9179 - - default default] Successfully bumped revision number for resource 78ec46d6-5cfa-4d73-b722-7c92a3101de8 (type: security_groups) to 1
2026-06-24 04:58:47.189 7 INFO neutron.db.ovn_revision_numbers_db [None req-dd0fd619-295b-48dc-ac4d-0121be192a3b 9b670e3819714fc28c705e13ae79c9a8 74bc3d86e92a4206894064176aaf9179 - - default default] Successfully bumped revision number for resource 25c87ebc-994a-46ce-933c-831022bc2644 (type: security_group_rules) to 0
2026-06-24 04:58:47.200 7 INFO neutron.db.ovn_revision_numbers_db [None req-dd0fd619-295b-48dc-ac4d-0121be192a3b 9b670e3819714fc28c705e13ae79c9a8 74bc3d86e92a4206894064176aaf9179 - - default default] Successfully bumped revision number for resource 6ca67031-2c61-4475-9795-70246815f314 (type: security_group_rules) to 0
2026-06-24 04:58:47.212 7 INFO neutron.db.ovn_revision_numbers_db [None req-dd0fd619-295b-48dc-ac4d-0121be192a3b 9b670e3819714fc28c705e13ae79c9a8 74bc3d86e92a4206894064176aaf9179 - - default default] Successfully bumped revision number for resource 9e1b7828-43f5-4a87-a539-c23266201a04 (type: security_group_rules) to 0
2026-06-24 04:58:47.222 7 INFO neutron.db.ovn_revision_numbers_db [None req-dd0fd619-295b-48dc-ac4d-0121be192a3b 9b670e3819714fc28c705e13ae79c9a8 74bc3d86e92a4206894064176aaf9179 - - default default] Successfully bumped revision number for resource a4ecd4eb-c75e-4712-b0b9-ecc6b417a1df (type: security_group_rules) to 0
2026-06-24 04:58:47.262 7 INFO neutron.plugins.ml2.drivers.ovn.mech_driver.mech_driver [None req-2332b3cc-7403-4df5-8003-4eaf16fd4107 - - - - - -] OVN reports status down for port: 65d7bd32-2145-4e30-9305-f2107743f2ca
2026-06-24 04:58:47.287 8 INFO neutron.db.ovn_revision_numbers_db [None req-6c4d3ef5-7e1c-4452-bf19-9c5cd6a4c53a 0e65a919bf2647d1842c937545726093 6647114ce1754b35b8dbd0c23153e8a5 - - default default] Successfully bumped revision number for resource 65d7bd32-2145-4e30-9305-f2107743f2ca (type: ports) to 2
2026-06-24 04:58:47.300 7 INFO neutron.db.segments_db [None req-dd0fd619-295b-48dc-ac4d-0121be192a3b 9b670e3819714fc28c705e13ae79c9a8 74bc3d86e92a4206894064176aaf9179 - - default default] Added segment 9f84aba3-5234-4deb-9c8d-6ccf2ccfa4b9 of type geneve for network bca707bd-216d-4bad-92a5-8b5660597469 [pid: 8|app: 0|req: 1030/1985] 10.0.0.181 () {34 vars in 737 bytes} [Wed Jun 24 04:58:47 2026] PUT /v2.0/ports/65d7bd32-2145-4e30-9305-f2107743f2ca => generated 752 bytes in 256 msecs (HTTP/1.1 200) 4 headers in 157 bytes (1 switches on core 0) /var/lib/openstack/lib/python3.12/site-packages/pycadf/identifier.py:70: UserWarning: Invalid uuid: neutron. To ensure interoperability, identifiers should be a valid uuid. warnings.warn(('Invalid uuid: %s. To ensure interoperability, '
2026-06-24 04:58:47.460 7 INFO neutron.db.ovn_revision_numbers_db [None req-dd0fd619-295b-48dc-ac4d-0121be192a3b 9b670e3819714fc28c705e13ae79c9a8 74bc3d86e92a4206894064176aaf9179 - - default default] Successfully bumped revision number for resource bca707bd-216d-4bad-92a5-8b5660597469 (type: networks) to 1
2026-06-24 04:58:47.463 8 INFO neutron_taas.services.taas.taas_plugin [None req-420ee743-42ec-407a-906a-3fb7657ec750 0e65a919bf2647d1842c937545726093 6647114ce1754b35b8dbd0c23153e8a5 - - default default] TaaS: Handle Delete Port: 65d7bd32-2145-4e30-9305-f2107743f2ca
2026-06-24 04:58:47.466 8 INFO neutron_taas.services.taas.tap_mirror_plugin [None req-420ee743-42ec-407a-906a-3fb7657ec750 0e65a919bf2647d1842c937545726093 6647114ce1754b35b8dbd0c23153e8a5 - - default default] Tap Mirror: Handle Delete Port: 65d7bd32-2145-4e30-9305-f2107743f2ca [pid: 8|app: 0|req: 1031/1986] 10.0.0.181 () {32 vars in 720 bytes} [Wed Jun 24 04:58:47 2026] DELETE /v2.0/ports/65d7bd32-2145-4e30-9305-f2107743f2ca => generated 0 bytes in 262 msecs (HTTP/1.1 204) 3 headers in 131 bytes (1 switches on core 0)
2026-06-24 04:58:47.626 7 WARNING neutron.scheduler.dhcp_agent_scheduler [None req-dd0fd619-295b-48dc-ac4d-0121be192a3b 9b670e3819714fc28c705e13ae79c9a8 74bc3d86e92a4206894064176aaf9179 - - default default] No more DHCP agents
2026-06-24 04:58:47.627 7 WARNING neutron.api.rpc.agentnotifiers.dhcp_rpc_agent_api [None req-dd0fd619-295b-48dc-ac4d-0121be192a3b 9b670e3819714fc28c705e13ae79c9a8 74bc3d86e92a4206894064176aaf9179 - - default default] Unable to schedule network bca707bd-216d-4bad-92a5-8b5660597469: no agents available; will retry on subsequent port and subnet creation events. [pid: 8|app: 0|req: 1032/1987] 10.0.0.181 () {32 vars in 643 bytes} [Wed Jun 24 04:58:47 2026] GET /v2.0/ports => generated 1533 bytes in 53 msecs (HTTP/1.1 200) 4 headers in 158 bytes (1 switches on core 0)
2026-06-24 04:58:47.652 8 INFO neutron.pecan_wsgi.hooks.translation [None req-91a56025-78b2-4eda-8d86-bb1b24a1fd38 0e65a919bf2647d1842c937545726093 6647114ce1754b35b8dbd0c23153e8a5 - - default default] GET failed (client error): The resource could not be found. [pid: 8|app: 0|req: 1033/1988] 10.0.0.181 () {32 vars in 717 bytes} [Wed Jun 24 04:58:47 2026] GET /v2.0/ports/65d7bd32-2145-4e30-9305-f2107743f2ca => generated 132 bytes in 18 msecs (HTTP/1.1 404) 4 headers in 164 bytes (1 switches on core 0)
2026-06-24 04:58:47.683 7 INFO neutron.plugins.ml2.drivers.ovn.mech_driver.mech_driver [None req-2332b3cc-7403-4df5-8003-4eaf16fd4107 - - - - - -] OVN reports status down for port: 38a97a09-bb14-40fd-8743-a82ad554e015 [pid: 8|app: 0|req: 1034/1989] 10.0.0.181 () {32 vars in 643 bytes} [Wed Jun 24 04:58:47 2026] GET /v2.0/ports => generated 1533 bytes in 52 msecs (HTTP/1.1 200) 4 headers in 158 bytes (1 switches on core 0)
2026-06-24 04:58:47.749 7 INFO neutron.db.ovn_revision_numbers_db [None req-dd0fd619-295b-48dc-ac4d-0121be192a3b 9b670e3819714fc28c705e13ae79c9a8 74bc3d86e92a4206894064176aaf9179 - - default default] Successfully bumped revision number for resource 38a97a09-bb14-40fd-8743-a82ad554e015 (type: ports) to 1 [pid: 8|app: 0|req: 1035/1990] 10.0.0.181 () {32 vars in 717 bytes} [Wed Jun 24 04:58:47 2026] GET /v2.0/ports/61026351-eeda-45d0-bc73-d649e6f10153 => generated 774 bytes in 36 msecs (HTTP/1.1 200) 4 headers in 157 bytes (1 switches on core 0)
2026-06-24 04:58:47.782 8 INFO neutron.pecan_wsgi.hooks.translation [None req-16ed2a4c-0a7d-4565-b5fa-5e38e3eacdee 0e65a919bf2647d1842c937545726093 6647114ce1754b35b8dbd0c23153e8a5 - - default default] DELETE failed (client error): The resource could not be found. [pid: 8|app: 0|req: 1036/1991] 10.0.0.181 () {32 vars in 720 bytes} [Wed Jun 24 04:58:47 2026] DELETE /v2.0/ports/a83b602d-d15c-4670-8c88-5e35c4f1ec6b => generated 132 bytes in 22 msecs (HTTP/1.1 404) 4 headers in 164 bytes (1 switches on core 0)
2026-06-24 04:58:47.799 8 INFO neutron.pecan_wsgi.hooks.translation [None req-09c25784-1358-4a6c-a8dd-2cf0dc0dd407 0e65a919bf2647d1842c937545726093 6647114ce1754b35b8dbd0c23153e8a5 - - default default] DELETE failed (client error): The resource could not be found. [pid: 8|app: 0|req: 1037/1992] 10.0.0.181 () {32 vars in 724 bytes} [Wed Jun 24 04:58:47 2026] DELETE /v2.0/subnets/1965c780-3532-46d1-881f-22119371da03 => generated 136 bytes in 12 msecs (HTTP/1.1 404) 4 headers in 164 bytes (1 switches on core 0) [pid: 7|app: 0|req: 956/1993] 10.0.0.181 () {34 vars in 670 bytes} [Wed Jun 24 04:58:46 2026] POST /v2.0/networks => generated 667 bytes in 1031 msecs (HTTP/1.1 201) 4 headers in 162 bytes (1 switches on core 0)
2026-06-24 04:58:47.815 8 INFO neutron.pecan_wsgi.hooks.translation [None req-a2668347-7613-41ec-81d5-e7e40b66807c 0e65a919bf2647d1842c937545726093 6647114ce1754b35b8dbd0c23153e8a5 - - default default] DELETE failed (client error): The resource could not be found. [pid: 8|app: 0|req: 1038/1994] 10.0.0.181 () {32 vars in 724 bytes} [Wed Jun 24 04:58:47 2026] DELETE /v2.0/subnets/f0a73d7e-087f-461c-92dd-006a126f18a3 => generated 136 bytes in 11 msecs (HTTP/1.1 404) 4 headers in 164 bytes (1 switches on core 0)
2026-06-24 04:58:47.961 7 INFO neutron_taas.services.taas.taas_plugin [None req-1c60f5f6-155f-4eee-ad75-66678eb7e49b 0e65a919bf2647d1842c937545726093 6647114ce1754b35b8dbd0c23153e8a5 - - default default] TaaS: Handle Delete Port: 61026351-eeda-45d0-bc73-d649e6f10153
