2026-06-24 04:56:37.813 8 INFO neutron.db.ovn_revision_numbers_db [None req-24599ec2-f835-47d1-941c-61408386fabf 68fb04aa81794d5985560094e6f4847d 241bb766c1604e579122081c468fcea8 - - default default] Successfully bumped revision number for resource c6edf933-83aa-40ca-ac50-560c264a6ea9 (type: security_group_rules) to 0 [pid: 7|app: 0|req: 524/1111] 10.0.0.181 () {32 vars in 724 bytes} [Wed Jun 24 04:56:37 2026] DELETE /v2.0/routers/504fddab-1cd0-44e6-8b45-069908a540fa => generated 0 bytes in 752 msecs (HTTP/1.1 204) 2 headers in 112 bytes (1 switches on core 0) [pid: 8|app: 0|req: 588/1112] 10.0.0.181 () {32 vars in 774 bytes} [Wed Jun 24 04:56:37 2026] GET /v2.0/security-groups?tenant_id=5890fe82426348beb56879a0ed27659c&name=default => generated 2925 bytes in 356 msecs (HTTP/1.1 200) 4 headers in 158 bytes (1 switches on core 0) [pid: 7|app: 0|req: 525/1113] 10.0.0.169 () {34 vars in 990 bytes} [Wed Jun 24 04:56:37 2026] GET /v2.0/ports?device_id=a1652245-3953-4814-8840-75e50f8e607e => generated 975 bytes in 35 msecs (HTTP/1.1 200) 4 headers in 157 bytes (1 switches on core 0) [pid: 8|app: 0|req: 589/1114] 10.0.0.181 () {32 vars in 736 bytes} [Wed Jun 24 04:56:37 2026] GET /v2.0/ports?device_id=504fddab-1cd0-44e6-8b45-069908a540fa => generated 12 bytes in 16 msecs (HTTP/1.1 200) 4 headers in 156 bytes (1 switches on core 0) [pid: 8|app: 0|req: 590/1115] 10.0.0.169 () {34 vars in 1040 bytes} [Wed Jun 24 04:56:37 2026] GET /v2.0/security-groups?id=3841fde0-3e2e-4db2-a921-d1eba4863832&fields=id&fields=name => generated 113 bytes in 24 msecs (HTTP/1.1 200) 4 headers in 157 bytes (1 switches on core 0)
2026-06-24 04:56:37.917 8 INFO neutron.api.v2.resource [None req-528d1ed8-48ea-4518-9e5e-66588a9fd396 c31af8d9c6b3418097deef51a681f810 59c52966c67c4355b12fe11cd2bff344 - - default default] delete failed (client error): The resource could not be found. [pid: 8|app: 0|req: 591/1116] 10.0.0.181 () {32 vars in 724 bytes} [Wed Jun 24 04:56:37 2026] DELETE /v2.0/routers/504fddab-1cd0-44e6-8b45-069908a540fa => generated 135 bytes in 16 msecs (HTTP/1.1 404) 4 headers in 164 bytes (1 switches on core 0) [pid: 8|app: 0|req: 592/1117] 10.0.0.181 () {32 vars in 736 bytes} [Wed Jun 24 04:56:37 2026] GET /v2.0/ports?device_id=e262da7a-2e5b-48ad-a23b-a177f488acc5 => generated 12 bytes in 21 msecs (HTTP/1.1 200) 4 headers in 156 bytes (1 switches on core 0)
2026-06-24 04:56:37.967 8 INFO neutron.api.v2.resource [None req-4f615485-234b-4fdb-ba54-49e7a8b049f5 c31af8d9c6b3418097deef51a681f810 59c52966c67c4355b12fe11cd2bff344 - - default default] delete failed (client error): The resource could not be found. [pid: 8|app: 0|req: 593/1118] 10.0.0.181 () {32 vars in 724 bytes} [Wed Jun 24 04:56:37 2026] DELETE /v2.0/routers/e262da7a-2e5b-48ad-a23b-a177f488acc5 => generated 135 bytes in 21 msecs (HTTP/1.1 404) 4 headers in 164 bytes (1 switches on core 0)
2026-06-24 04:56:37.987 8 INFO neutron.pecan_wsgi.hooks.translation [None req-55ea25d5-a429-4a14-84e4-8159a8b68a31 c31af8d9c6b3418097deef51a681f810 59c52966c67c4355b12fe11cd2bff344 - - default default] DELETE failed (client error): The resource could not be found. [pid: 8|app: 0|req: 594/1119] 10.0.0.181 () {32 vars in 724 bytes} [Wed Jun 24 04:56:37 2026] DELETE /v2.0/subnets/9f6c28b5-073f-4e12-8958-74f2bdda56a8 => generated 136 bytes in 20 msecs (HTTP/1.1 404) 4 headers in 164 bytes (1 switches on core 0) [pid: 8|app: 0|req: 595/1120] 10.0.0.181 () {32 vars in 736 bytes} [Wed Jun 24 04:56:37 2026] GET /v2.0/ports?device_id=8e1c3c8e-6416-4ad7-95ae-796340b2a977 => generated 12 bytes in 19 msecs (HTTP/1.1 200) 4 headers in 156 bytes (1 switches on core 0)
2026-06-24 04:56:38.037 8 INFO neutron.api.v2.resource [None req-075c91df-92a6-4aa4-b62e-21ce7018131f c31af8d9c6b3418097deef51a681f810 59c52966c67c4355b12fe11cd2bff344 - - default default] delete failed (client error): The resource could not be found. [pid: 8|app: 0|req: 596/1121] 10.0.0.181 () {32 vars in 724 bytes} [Wed Jun 24 04:56:38 2026] DELETE /v2.0/routers/8e1c3c8e-6416-4ad7-95ae-796340b2a977 => generated 135 bytes in 18 msecs (HTTP/1.1 404) 4 headers in 164 bytes (1 switches on core 0)
2026-06-24 04:56:38.058 8 INFO neutron.pecan_wsgi.hooks.translation [None req-5ad907fc-af6f-47fe-8bcd-7c17cb596aa6 c31af8d9c6b3418097deef51a681f810 59c52966c67c4355b12fe11cd2bff344 - - default default] DELETE failed (client error): The resource could not be found. [pid: 8|app: 0|req: 597/1122] 10.0.0.181 () {32 vars in 724 bytes} [Wed Jun 24 04:56:38 2026] DELETE /v2.0/subnets/c55327f4-ed09-458d-b778-e3cd21872f42 => generated 136 bytes in 18 msecs (HTTP/1.1 404) 4 headers in 164 bytes (1 switches on core 0) [pid: 7|app: 0|req: 526/1123] 10.0.0.181 () {32 vars in 740 bytes} [Wed Jun 24 04:56:37 2026] DELETE /v2.0/security-groups/79718764-3c9b-4e9a-b030-816df1e18087 => generated 0 bytes in 214 msecs (HTTP/1.1 204) 2 headers in 112 bytes (1 switches on core 0) [pid: 8|app: 0|req: 598/1124] 10.0.0.181 () {32 vars in 736 bytes} [Wed Jun 24 04:56:38 2026] GET /v2.0/ports?device_id=f30d3d1a-1ac2-4a94-8671-ab7248a189c2 => generated 12 bytes in 22 msecs (HTTP/1.1 200) 4 headers in 156 bytes (1 switches on core 0)
2026-06-24 04:56:38.111 7 INFO neutron.api.v2.resource [None req-1f3a0f1c-f511-4ac6-b072-0edf18b58f8e c31af8d9c6b3418097deef51a681f810 59c52966c67c4355b12fe11cd2bff344 - - default default] delete failed (client error): The resource could not be found. [pid: 7|app: 0|req: 527/1125] 10.0.0.181 () {32 vars in 724 bytes} [Wed Jun 24 04:56:38 2026] DELETE /v2.0/routers/f30d3d1a-1ac2-4a94-8671-ab7248a189c2 => generated 135 bytes in 18 msecs (HTTP/1.1 404) 4 headers in 164 bytes (1 switches on core 0)
2026-06-24 04:56:38.131 8 INFO neutron.pecan_wsgi.hooks.translation [None req-e07d4206-b6d4-430a-829e-e8dee548ef4d c31af8d9c6b3418097deef51a681f810 59c52966c67c4355b12fe11cd2bff344 - - default default] DELETE failed (client error): The resource could not be found. [pid: 8|app: 0|req: 599/1126] 10.0.0.181 () {32 vars in 724 bytes} [Wed Jun 24 04:56:38 2026] DELETE /v2.0/subnets/427ef438-dfca-44e3-ae3b-1ce50c4d7067 => generated 136 bytes in 16 msecs (HTTP/1.1 404) 4 headers in 164 bytes (1 switches on core 0)
2026-06-24 04:56:38.150 7 INFO neutron.pecan_wsgi.hooks.translation [None req-8b378f6c-bc12-4ba7-8de0-5dd85fba7fc3 c31af8d9c6b3418097deef51a681f810 59c52966c67c4355b12fe11cd2bff344 - - default default] DELETE failed (client error): The resource could not be found. [pid: 7|app: 0|req: 528/1127] 10.0.0.181 () {32 vars in 724 bytes} [Wed Jun 24 04:56:38 2026] DELETE /v2.0/subnets/214d8834-5147-4b64-a4e9-f7e1ad0cbad7 => generated 136 bytes in 15 msecs (HTTP/1.1 404) 4 headers in 164 bytes (1 switches on core 0)
2026-06-24 04:56:38.280 8 INFO neutron.db.ovn_revision_numbers_db [None req-08b4678f-0b4b-44fd-9190-f4791be4e286 68fb04aa81794d5985560094e6f4847d 241bb766c1604e579122081c468fcea8 - - default default] Successfully bumped revision number for resource 3010192f-a179-44fa-bcd4-430bd8066a6c (type: security_groups) to 1
2026-06-24 04:56:38.296 8 INFO neutron.db.ovn_revision_numbers_db [None req-08b4678f-0b4b-44fd-9190-f4791be4e286 68fb04aa81794d5985560094e6f4847d 241bb766c1604e579122081c468fcea8 - - default default] Successfully bumped revision number for resource 8193652d-85c7-49bf-a1f7-337e6ea61035 (type: security_group_rules) to 0
2026-06-24 04:56:38.310 8 INFO neutron.db.ovn_revision_numbers_db [None req-08b4678f-0b4b-44fd-9190-f4791be4e286 68fb04aa81794d5985560094e6f4847d 241bb766c1604e579122081c468fcea8 - - default default] Successfully bumped revision number for resource e0361947-72e6-4640-a2b1-e6701f817374 (type: security_group_rules) to 0
2026-06-24 04:56:38.326 8 INFO neutron.db.ovn_revision_numbers_db [None req-08b4678f-0b4b-44fd-9190-f4791be4e286 68fb04aa81794d5985560094e6f4847d 241bb766c1604e579122081c468fcea8 - - default default] Successfully bumped revision number for resource f420c3f4-8aa1-4254-9d5c-9b3fb4eb135e (type: security_group_rules) to 0
2026-06-24 04:56:38.344 8 INFO neutron.db.ovn_revision_numbers_db [None req-08b4678f-0b4b-44fd-9190-f4791be4e286 68fb04aa81794d5985560094e6f4847d 241bb766c1604e579122081c468fcea8 - - default default] Successfully bumped revision number for resource fc64ddeb-259a-4ebf-aa04-7f455ba1da56 (type: security_group_rules) to 0 [pid: 8|app: 0|req: 600/1128] 10.0.0.181 () {32 vars in 774 bytes} [Wed Jun 24 04:56:38 2026] GET /v2.0/security-groups?tenant_id=543181af38d542fa9d65189b48e4c720&name=default => generated 2925 bytes in 238 msecs (HTTP/1.1 200) 4 headers in 158 bytes (1 switches on core 0) [pid: 8|app: 0|req: 601/1129] 199.204.45.222 () {34 vars in 994 bytes} [Wed Jun 24 04:56:38 2026] GET /v2.0/ports?device_id=a1652245-3953-4814-8840-75e50f8e607e => generated 975 bytes in 40 msecs (HTTP/1.1 200) 4 headers in 157 bytes (1 switches on core 0)
2026-06-24 04:56:38.616 8 INFO neutron_taas.services.taas.taas_plugin [req-61735eee-e5cb-45b2-913c-2804f3a673f0 req-db784990-8e70-47b4-8ff9-01d274a72c14 a959824bb9fd437db4c2c1d20bd7bc38 f8bf2f8ce008410da3ac6d3f304a90ca - - default default] TaaS: Handle Delete Port: 23bde6b6-f7cb-4e45-b1b4-8718d273f4d1
2026-06-24 04:56:38.620 8 INFO neutron_taas.services.taas.tap_mirror_plugin [req-61735eee-e5cb-45b2-913c-2804f3a673f0 req-db784990-8e70-47b4-8ff9-01d274a72c14 a959824bb9fd437db4c2c1d20bd7bc38 f8bf2f8ce008410da3ac6d3f304a90ca - - default default] Tap Mirror: Handle Delete Port: 23bde6b6-f7cb-4e45-b1b4-8718d273f4d1 [pid: 7|app: 0|req: 529/1130] 10.0.0.181 () {32 vars in 740 bytes} [Wed Jun 24 04:56:38 2026] DELETE /v2.0/security-groups/3010192f-a179-44fa-bcd4-430bd8066a6c => generated 0 bytes in 277 msecs (HTTP/1.1 204) 2 headers in 112 bytes (1 switches on core 0) [pid: 7|app: 0|req: 530/1131] 10.0.0.169 () {34 vars in 990 bytes} [Wed Jun 24 04:56:38 2026] GET /v2.0/ports?device_id=6abd150c-31fb-4fe4-b62a-7f8b8e2ec7dc => generated 12 bytes in 19 msecs (HTTP/1.1 200) 4 headers in 156 bytes (1 switches on core 0)
2026-06-24 04:56:38.780 8 INFO neutron.db.l3_db [req-61735eee-e5cb-45b2-913c-2804f3a673f0 req-db784990-8e70-47b4-8ff9-01d274a72c14 a959824bb9fd437db4c2c1d20bd7bc38 f8bf2f8ce008410da3ac6d3f304a90ca - - default default] Floating IP bfa56b47-7451-4ca1-885d-aa9931bd2ae2 disassociated. External IP: 10.96.250.204, port: 23bde6b6-f7cb-4e45-b1b4-8718d273f4d1. [pid: 8|app: 0|req: 602/1132] 199.204.45.222 () {36 vars in 997 bytes} [Wed Jun 24 04:56:38 2026] DELETE /v2.0/ports/23bde6b6-f7cb-4e45-b1b4-8718d273f4d1 => generated 0 bytes in 418 msecs (HTTP/1.1 204) 3 headers in 131 bytes (1 switches on core 0)
2026-06-24 04:56:38.905 7 WARNING neutron.plugins.ml2.drivers.ovn.mech_driver.ovsdb.ovn_client [None req-2c3d4f95-0978-4642-9e9c-5825ae1c0485 - - - - - -] No port found with ID 9cffa31e-a70f-4e9d-bfbc-303292b7e5c1: RuntimeError: No port found with ID 9cffa31e-a70f-4e9d-bfbc-303292b7e5c1
2026-06-24 04:56:38.923 8 INFO neutron.notifiers.nova [-] Nova event matching ['req-bd0c6b37-c614-4a2c-9603-2ba210287a54'] response: {'server_uuid': 'a1652245-3953-4814-8840-75e50f8e607e', 'name': 'network-vif-deleted', 'tag': '23bde6b6-f7cb-4e45-b1b4-8718d273f4d1', 'status': 'completed', 'code': 200}
2026-06-24 04:56:38.938 7 INFO neutron.plugins.ml2.drivers.ovn.mech_driver.mech_driver [None req-2c3d4f95-0978-4642-9e9c-5825ae1c0485 - - - - - -] OVN reports status down for port: 3d4501d4-0451-4cd1-83a7-ed8e5ff03f52 [pid: 7|app: 0|req: 531/1133] 10.0.0.181 () {32 vars in 774 bytes} [Wed Jun 24 04:56:38 2026] GET /v2.0/security-groups?tenant_id=59c52966c67c4355b12fe11cd2bff344&name=default => generated 2925 bytes in 259 msecs (HTTP/1.1 200) 4 headers in 158 bytes (1 switches on core 0)
2026-06-24 04:56:38.954 7 INFO neutron.plugins.ml2.drivers.ovn.mech_driver.mech_driver [None req-2c3d4f95-0978-4642-9e9c-5825ae1c0485 - - - - - -] OVN reports status down for port: c2a31feb-d9af-445d-936f-21883e1ff823
2026-06-24 04:56:38.969 7 INFO neutron.plugins.ml2.drivers.ovn.mech_driver.mech_driver [None req-2c3d4f95-0978-4642-9e9c-5825ae1c0485 - - - - - -] OVN reports status up for port: c2a31feb-d9af-445d-936f-21883e1ff823 [pid: 8|app: 0|req: 603/1134] 10.0.0.169 () {34 vars in 990 bytes} [Wed Jun 24 04:56:38 2026] GET /v2.0/ports?device_id=a1652245-3953-4814-8840-75e50f8e607e => generated 12 bytes in 19 msecs (HTTP/1.1 200) 4 headers in 156 bytes (1 switches on core 0)
2026-06-24 04:56:39.012 7 INFO neutron.plugins.ml2.drivers.ovn.mech_driver.mech_driver [None req-2c3d4f95-0978-4642-9e9c-5825ae1c0485 - - - - - -] OVN reports status down for port: 23bde6b6-f7cb-4e45-b1b4-8718d273f4d1 [pid: 7|app: 0|req: 532/1135] 10.0.0.181 () {32 vars in 740 bytes} [Wed Jun 24 04:56:38 2026] DELETE /v2.0/security-groups/151fd6be-35e7-4cf0-b2dc-b57116f69dc0 => generated 0 bytes in 253 msecs (HTTP/1.1 204) 2 headers in 112 bytes (1 switches on core 0) [pid: 8|app: 0|req: 604/1136] 10.0.0.169 () {34 vars in 990 bytes} [Wed Jun 24 04:56:39 2026] GET /v2.0/ports?device_id=6abd150c-31fb-4fe4-b62a-7f8b8e2ec7dc => generated 12 bytes in 20 msecs (HTTP/1.1 200) 4 headers in 156 bytes (1 switches on core 0) /var/lib/openstack/lib/python3.12/site-packages/pycadf/identifier.py:70: UserWarning: Invalid uuid: neutron. To ensure interoperability, identifiers should be a valid uuid. warnings.warn(('Invalid uuid: %s. To ensure interoperability, ' [pid: 7|app: 0|req: 533/1137] 10.0.0.169 () {34 vars in 990 bytes} [Wed Jun 24 04:56:40 2026] GET /v2.0/ports?device_id=a1652245-3953-4814-8840-75e50f8e607e => generated 12 bytes in 17 msecs (HTTP/1.1 200) 4 headers in 156 bytes (1 switches on core 0) [pid: 7|app: 0|req: 534/1138] 10.0.0.181 () {32 vars in 740 bytes} [Wed Jun 24 04:56:40 2026] DELETE /v2.0/security-groups/b36da2a8-dcf7-4f51-a8c6-6ab1ea58809b => generated 0 bytes in 144 msecs (HTTP/1.1 204) 2 headers in 112 bytes (1 switches on core 0)
2026-06-24 04:56:41.037 7 INFO neutron.api.v2.resource [None req-7b163503-663c-4934-8a91-b66ab2da82a3 ee2cad182c3b403bb51ce4a2f6cffa1a d4766067d9574d12a08b63c57c34ab05 - - default default] show failed (client error): The resource could not be found. [pid: 7|app: 0|req: 535/1139] 10.0.0.181 () {32 vars in 737 bytes} [Wed Jun 24 04:56:41 2026] GET /v2.0/security-groups/b36da2a8-dcf7-4f51-a8c6-6ab1ea58809b => generated 146 bytes in 11 msecs (HTTP/1.1 404) 4 headers in 164 bytes (1 switches on core 0)
2026-06-24 04:56:41.167 7 INFO neutron_taas.services.taas.taas_plugin [None req-3a4095b9-504a-443c-807d-5ddd357c331f ee2cad182c3b403bb51ce4a2f6cffa1a d4766067d9574d12a08b63c57c34ab05 - - default default] TaaS: Handle Delete Port: 55b93377-38e3-4063-b6df-f82dedfa8f5e
2026-06-24 04:56:41.172 7 INFO neutron_taas.services.taas.tap_mirror_plugin [None req-3a4095b9-504a-443c-807d-5ddd357c331f ee2cad182c3b403bb51ce4a2f6cffa1a d4766067d9574d12a08b63c57c34ab05 - - default default] Tap Mirror: Handle Delete Port: 55b93377-38e3-4063-b6df-f82dedfa8f5e
2026-06-24 04:56:41.187 8 INFO neutron.db.ovn_revision_numbers_db [None req-b138d496-f10f-4b47-bf2d-92167a2bb0e5 23fa8b49a50f4045a0edee1248504f8e 9141456eeb5b458d9670f41cf354a1da - - default default] Successfully bumped revision number for resource b4941fcc-30e7-4709-b2c6-5c75e5d39e69 (type: security_groups) to 1
2026-06-24 04:56:41.206 8 INFO neutron.db.ovn_revision_numbers_db [None req-b138d496-f10f-4b47-bf2d-92167a2bb0e5 23fa8b49a50f4045a0edee1248504f8e 9141456eeb5b458d9670f41cf354a1da - - default default] Successfully bumped revision number for resource 501af583-8fd3-43c2-9392-94b0e942d4bf (type: security_group_rules) to 0
2026-06-24 04:56:41.219 8 INFO neutron.db.ovn_revision_numbers_db [None req-b138d496-f10f-4b47-bf2d-92167a2bb0e5 23fa8b49a50f4045a0edee1248504f8e 9141456eeb5b458d9670f41cf354a1da - - default default] Successfully bumped revision number for resource 8142a521-41e9-487c-aaf0-6d179b08b22f (type: security_group_rules) to 0
2026-06-24 04:56:41.229 8 INFO neutron.db.ovn_revision_numbers_db [None req-b138d496-f10f-4b47-bf2d-92167a2bb0e5 23fa8b49a50f4045a0edee1248504f8e 9141456eeb5b458d9670f41cf354a1da - - default default] Successfully bumped revision number for resource a040eb63-c1e5-406a-8af7-7f95558a4c62 (type: security_group_rules) to 0
2026-06-24 04:56:41.240 8 INFO neutron.db.ovn_revision_numbers_db [None req-b138d496-f10f-4b47-bf2d-92167a2bb0e5 23fa8b49a50f4045a0edee1248504f8e 9141456eeb5b458d9670f41cf354a1da - - default default] Successfully bumped revision number for resource f9462b8a-a321-42c5-89e8-dfe4d45259f4 (type: security_group_rules) to 0
2026-06-24 04:56:41.334 8 INFO neutron.db.segments_db [None req-b138d496-f10f-4b47-bf2d-92167a2bb0e5 23fa8b49a50f4045a0edee1248504f8e 9141456eeb5b458d9670f41cf354a1da - - default default] Added segment 40d953be-3f28-4a20-b037-a059eaa1c93f of type geneve for network a006dd78-0966-4872-96db-4fa0d7daabd6 [pid: 7|app: 0|req: 536/1140] 10.0.0.181 () {32 vars in 732 bytes} [Wed Jun 24 04:56:41 2026] DELETE /v2.0/floatingips/4a992a74-db47-4bbd-8331-006d2d8f1967 => generated 0 bytes in 311 msecs (HTTP/1.1 204) 2 headers in 112 bytes (1 switches on core 0) [pid: 7|app: 0|req: 537/1141] 10.0.0.169 () {34 vars in 990 bytes} [Wed Jun 24 04:56:41 2026] GET /v2.0/ports?device_id=a1652245-3953-4814-8840-75e50f8e607e => generated 12 bytes in 19 msecs (HTTP/1.1 200) 4 headers in 156 bytes (1 switches on core 0)
2026-06-24 04:56:41.467 8 INFO neutron.db.ovn_revision_numbers_db [None req-b138d496-f10f-4b47-bf2d-92167a2bb0e5 23fa8b49a50f4045a0edee1248504f8e 9141456eeb5b458d9670f41cf354a1da - - default default] Successfully bumped revision number for resource a006dd78-0966-4872-96db-4fa0d7daabd6 (type: networks) to 1
2026-06-24 04:56:41.658 8 WARNING neutron.scheduler.dhcp_agent_scheduler [None req-b138d496-f10f-4b47-bf2d-92167a2bb0e5 23fa8b49a50f4045a0edee1248504f8e 9141456eeb5b458d9670f41cf354a1da - - default default] No more DHCP agents
2026-06-24 04:56:41.659 8 WARNING neutron.api.rpc.agentnotifiers.dhcp_rpc_agent_api [None req-b138d496-f10f-4b47-bf2d-92167a2bb0e5 23fa8b49a50f4045a0edee1248504f8e 9141456eeb5b458d9670f41cf354a1da - - default default] Unable to schedule network a006dd78-0966-4872-96db-4fa0d7daabd6: no agents available; will retry on subsequent port and subnet creation events.
2026-06-24 04:56:41.713 8 INFO neutron.plugins.ml2.drivers.ovn.mech_driver.mech_driver [None req-bed44080-daeb-40dd-81fc-72b7f25ebeea - - - - - -] OVN reports status down for port: 31617cdf-7f75-464e-a4fb-7aa870b98d1a
2026-06-24 04:56:41.736 7 INFO neutron_taas.services.taas.taas_plugin [None req-de673ee5-1188-430d-bfb1-c574e65bc17f 68fb04aa81794d5985560094e6f4847d 241bb766c1604e579122081c468fcea8 - - default default] TaaS: Handle Delete Port: 397752c1-0fe1-49aa-a7f3-470e4ad30f23
2026-06-24 04:56:41.738 7 INFO neutron_taas.services.taas.tap_mirror_plugin [None req-de673ee5-1188-430d-bfb1-c574e65bc17f 68fb04aa81794d5985560094e6f4847d 241bb766c1604e579122081c468fcea8 - - default default] Tap Mirror: Handle Delete Port: 397752c1-0fe1-49aa-a7f3-470e4ad30f23
2026-06-24 04:56:41.768 8 INFO neutron.db.ovn_revision_numbers_db [None req-b138d496-f10f-4b47-bf2d-92167a2bb0e5 23fa8b49a50f4045a0edee1248504f8e 9141456eeb5b458d9670f41cf354a1da - - default default] Successfully bumped revision number for resource 31617cdf-7f75-464e-a4fb-7aa870b98d1a (type: ports) to 1 [pid: 8|app: 0|req: 605/1142] 10.0.0.181 () {34 vars in 670 bytes} [Wed Jun 24 04:56:40 2026] POST /v2.0/networks => generated 649 bytes in 948 msecs (HTTP/1.1 201) 4 headers in 162 bytes (1 switches on core 0)
2026-06-24 04:56:41.902 8 INFO neutron.db.segments_db [None req-addd07a8-fb86-4ab3-b162-486ed19aea01 23fa8b49a50f4045a0edee1248504f8e 9141456eeb5b458d9670f41cf354a1da - - default default] Added segment 608a4e4a-b81f-46b9-91ce-efa001431ada of type geneve for network b2977724-2c09-4094-b937-5862a1517c11
2026-06-24 04:56:42.014 8 INFO neutron.db.ovn_revision_numbers_db [None req-addd07a8-fb86-4ab3-b162-486ed19aea01 23fa8b49a50f4045a0edee1248504f8e 9141456eeb5b458d9670f41cf354a1da - - default default] Successfully bumped revision number for resource b2977724-2c09-4094-b937-5862a1517c11 (type: networks) to 1
2026-06-24 04:56:42.165 8 WARNING neutron.scheduler.dhcp_agent_scheduler [None req-addd07a8-fb86-4ab3-b162-486ed19aea01 23fa8b49a50f4045a0edee1248504f8e 9141456eeb5b458d9670f41cf354a1da - - default default] No more DHCP agents
2026-06-24 04:56:42.167 8 WARNING neutron.api.rpc.agentnotifiers.dhcp_rpc_agent_api [None req-addd07a8-fb86-4ab3-b162-486ed19aea01 23fa8b49a50f4045a0edee1248504f8e 9141456eeb5b458d9670f41cf354a1da - - default default] Unable to schedule network b2977724-2c09-4094-b937-5862a1517c11: no agents available; will retry on subsequent port and subnet creation events.
2026-06-24 04:56:42.235 8 INFO neutron.plugins.ml2.drivers.ovn.mech_driver.mech_driver [None req-bed44080-daeb-40dd-81fc-72b7f25ebeea - - - - - -] OVN reports status down for port: 083d898d-38e3-4789-b036-1f73a00c2954
2026-06-24 04:56:42.301 8 INFO neutron.db.ovn_revision_numbers_db [None req-addd07a8-fb86-4ab3-b162-486ed19aea01 23fa8b49a50f4045a0edee1248504f8e 9141456eeb5b458d9670f41cf354a1da - - default default] Successfully bumped revision number for resource 083d898d-38e3-4789-b036-1f73a00c2954 (type: ports) to 1 [pid: 8|app: 0|req: 606/1143] 10.0.0.181 () {34 vars in 670 bytes} [Wed Jun 24 04:56:41 2026] POST /v2.0/networks => generated 649 bytes in 551 msecs (HTTP/1.1 201) 4 headers in 162 bytes (1 switches on core 0) [pid: 7|app: 0|req: 538/1144] 10.0.0.181 () {34 vars in 789 bytes} [Wed Jun 24 04:56:41 2026] PUT /v2.0/routers/1f87912b-ca6b-4def-8c1e-e58c36004abe/remove_router_interface => generated 309 bytes in 1005 msecs (HTTP/1.1 200) 4 headers in 157 bytes (1 switches on core 0) /var/lib/openstack/lib/python3.12/site-packages/pycadf/identifier.py:70: UserWarning: Invalid uuid: neutron. To ensure interoperability, identifiers should be a valid uuid. warnings.warn(('Invalid uuid: %s. To ensure interoperability, '
2026-06-24 04:56:42.539 8 WARNING neutron.scheduler.dhcp_agent_scheduler [None req-4dede72c-30ce-4161-a943-84a3b5442bd0 23fa8b49a50f4045a0edee1248504f8e 9141456eeb5b458d9670f41cf354a1da - - default default] No more DHCP agents
2026-06-24 04:56:42.540 8 WARNING neutron.api.rpc.agentnotifiers.dhcp_rpc_agent_api [None req-4dede72c-30ce-4161-a943-84a3b5442bd0 23fa8b49a50f4045a0edee1248504f8e 9141456eeb5b458d9670f41cf354a1da - - default default] Unable to schedule network a006dd78-0966-4872-96db-4fa0d7daabd6: no agents available; will retry on subsequent port and subnet creation events.
2026-06-24 04:56:42.712 7 INFO neutron_taas.services.taas.taas_plugin [None req-3b412fe1-c194-4809-b6c2-a66145af73d6 68fb04aa81794d5985560094e6f4847d 241bb766c1604e579122081c468fcea8 - - default default] TaaS: Handle Delete Port: 051f6c2d-f6de-4b73-b5d2-a5724964c423
2026-06-24 04:56:42.715 7 INFO neutron_taas.services.taas.tap_mirror_plugin [None req-3b412fe1-c194-4809-b6c2-a66145af73d6 68fb04aa81794d5985560094e6f4847d 241bb766c1604e579122081c468fcea8 - - default default] Tap Mirror: Handle Delete Port: 051f6c2d-f6de-4b73-b5d2-a5724964c423
2026-06-24 04:56:42.907 8 INFO neutron.db.ovn_revision_numbers_db [None req-95644bd3-984e-4742-8623-53ba21cbe7d8 - - - - - -] Successfully bumped revision number for resource 31617cdf-7f75-464e-a4fb-7aa870b98d1a (type: ports) to 2
2026-06-24 04:56:42.937 8 INFO neutron.db.ovn_revision_numbers_db [None req-95644bd3-984e-4742-8623-53ba21cbe7d8 - - - - - -] Successfully bumped revision number for resource a9b1c448-1947-46f7-8a4e-9fdde0e822ca (type: subnets) to 0 [pid: 8|app: 0|req: 607/1145] 10.0.0.181 () {34 vars in 669 bytes} [Wed Jun 24 04:56:42 2026] POST /v2.0/subnets => generated 626 bytes in 580 msecs (HTTP/1.1 201) 4 headers in 162 bytes (1 switches on core 0) [pid: 7|app: 0|req: 539/1146] 10.0.0.181 () {32 vars in 724 bytes} [Wed Jun 24 04:56:42 2026] DELETE /v2.0/routers/1f87912b-ca6b-4def-8c1e-e58c36004abe => generated 0 bytes in 693 msecs (HTTP/1.1 204) 2 headers in 112 bytes (1 switches on core 0) [pid: 8|app: 0|req: 608/1147] 10.0.0.181 () {32 vars in 740 bytes} [Wed Jun 24 04:56:42 2026] DELETE /v2.0/security-groups/3841fde0-3e2e-4db2-a921-d1eba4863832 => generated 0 bytes in 138 msecs (HTTP/1.1 204) 2 headers in 112 bytes (1 switches on core 0) [pid: 8|app: 0|req: 609/1148] 10.0.0.181 () {32 vars in 724 bytes} [Wed Jun 24 04:56:43 2026] DELETE /v2.0/subnets/fa98ed43-9a1f-4ce2-b2dd-ab4c5f95e479 => generated 0 bytes in 183 msecs (HTTP/1.1 204) 3 headers in 131 bytes (1 switches on core 0)
2026-06-24 04:56:43.280 7 WARNING neutron.scheduler.dhcp_agent_scheduler [None req-18c6033b-7f7b-482d-9119-6d4f412fb21e 23fa8b49a50f4045a0edee1248504f8e 9141456eeb5b458d9670f41cf354a1da - - default default] No more DHCP agents
2026-06-24 04:56:43.282 7 WARNING neutron.api.rpc.agentnotifiers.dhcp_rpc_agent_api [None req-18c6033b-7f7b-482d-9119-6d4f412fb21e 23fa8b49a50f4045a0edee1248504f8e 9141456eeb5b458d9670f41cf354a1da - - default default] Unable to schedule network b2977724-2c09-4094-b937-5862a1517c11: no agents available; will retry on subsequent port and subnet creation events.
2026-06-24 04:56:43.287 8 INFO neutron.api.v2.resource [None req-4fbd1049-2ce5-4957-b325-2c126a2bd990 a959824bb9fd437db4c2c1d20bd7bc38 f8bf2f8ce008410da3ac6d3f304a90ca - - default default] show failed (client error): The resource could not be found. [pid: 8|app: 0|req: 610/1149] 10.0.0.181 () {32 vars in 737 bytes} [Wed Jun 24 04:56:43 2026] GET /v2.0/security-groups/3841fde0-3e2e-4db2-a921-d1eba4863832 => generated 146 bytes in 12 msecs (HTTP/1.1 404) 4 headers in 164 bytes (1 switches on core 0)
2026-06-24 04:56:43.410 8 INFO neutron_taas.services.taas.taas_plugin [None req-07e267e8-1df3-4d39-9083-afe94baac48a 68fb04aa81794d5985560094e6f4847d 241bb766c1604e579122081c468fcea8 - - default default] TaaS: Handle Delete Port: 0089d301-c7c9-45d7-a7b6-f6a5d5c2f84f
2026-06-24 04:56:43.414 8 INFO neutron_taas.services.taas.tap_mirror_plugin [None req-07e267e8-1df3-4d39-9083-afe94baac48a 68fb04aa81794d5985560094e6f4847d 241bb766c1604e579122081c468fcea8 - - default default] Tap Mirror: Handle Delete Port: 0089d301-c7c9-45d7-a7b6-f6a5d5c2f84f
2026-06-24 04:56:43.594 8 INFO neutron.services.segments.plugin [-] Segment 7fed9919-cbc4-42ab-9714-e9d7f986d68d resource provider aggregate not found
2026-06-24 04:56:43.599 8 INFO neutron.services.segments.plugin [-] Segment 7fed9919-cbc4-42ab-9714-e9d7f986d68d resource provider aggregate not found
2026-06-24 04:56:43.610 8 INFO neutron.services.segments.plugin [-] Segment 7fed9919-cbc4-42ab-9714-e9d7f986d68d resource provider not found; error: Placement Client Error (4xx): {"errors": [{"status": 404, "title": "Not Found", "detail": "The resource could not be found.\n\n No resource provider with uuid 7fed9919-cbc4-42ab-9714-e9d7f986d68d found for delete ", "request_id": "req-22ed4e2c-22d4-4b49-bd18-1040b010c4c2"}]}
2026-06-24 04:56:43.612 8 INFO neutron.services.segments.plugin [-] Segment 7fed9919-cbc4-42ab-9714-e9d7f986d68d resource provider not found; error: Placement Client Error (4xx): {"errors": [{"status": 404, "title": "Not Found", "detail": "The resource could not be found.\n\n No resource provider with uuid 7fed9919-cbc4-42ab-9714-e9d7f986d68d found for delete ", "request_id": "req-72362086-402e-4a5e-8cfe-627e47ac8613"}]} [pid: 8|app: 0|req: 611/1150] 10.0.0.181 () {32 vars in 726 bytes} [Wed Jun 24 04:56:43 2026] DELETE /v2.0/networks/05c76026-df76-4bab-83d9-56a13ebc928d => generated 0 bytes in 346 msecs (HTTP/1.1 204) 3 headers in 131 bytes (1 switches on core 0)
2026-06-24 04:56:43.748 8 INFO neutron_taas.services.taas.taas_plugin [None req-435c0dc4-9c2f-44cd-9705-31be067158b4 a959824bb9fd437db4c2c1d20bd7bc38 f8bf2f8ce008410da3ac6d3f304a90ca - - default default] TaaS: Handle Delete Port: 37d77f80-f2da-48d6-b0c9-74d5396a3c70
2026-06-24 04:56:43.750 8 INFO neutron_taas.services.taas.tap_mirror_plugin [None req-435c0dc4-9c2f-44cd-9705-31be067158b4 a959824bb9fd437db4c2c1d20bd7bc38 f8bf2f8ce008410da3ac6d3f304a90ca - - default default] Tap Mirror: Handle Delete Port: 37d77f80-f2da-48d6-b0c9-74d5396a3c70
2026-06-24 04:56:43.767 7 INFO neutron.db.ovn_revision_numbers_db [None req-3bd9bb23-6834-4016-9fd2-55d1f62175e1 - - - - - -] Successfully bumped revision number for resource 083d898d-38e3-4789-b036-1f73a00c2954 (type: ports) to 2
2026-06-24 04:56:43.802 7 INFO neutron.db.ovn_revision_numbers_db [None req-3bd9bb23-6834-4016-9fd2-55d1f62175e1 - - - - - -] Successfully bumped revision number for resource eb5d5484-4b5d-4cb7-9d5c-ac0cc035e4a9 (type: subnets) to 0 [pid: 7|app: 0|req: 540/1151] 10.0.0.181 () {34 vars in 669 bytes} [Wed Jun 24 04:56:43 2026] POST /v2.0/subnets => generated 626 bytes in 740 msecs (HTTP/1.1 201) 4 headers in 162 bytes (1 switches on core 0) [pid: 7|app: 0|req: 541/1152] 10.0.0.181 () {32 vars in 774 bytes} [Wed Jun 24 04:56:43 2026] GET /v2.0/security-groups?tenant_id=d4766067d9574d12a08b63c57c34ab05&name=default => generated 2925 bytes in 23 msecs (HTTP/1.1 200) 4 headers in 158 bytes (1 switches on core 0) [pid: 8|app: 0|req: 612/1153] 10.0.0.181 () {32 vars in 732 bytes} [Wed Jun 24 04:56:43 2026] DELETE /v2.0/floatingips/bfa56b47-7451-4ca1-885d-aa9931bd2ae2 => generated 0 bytes in 259 msecs (HTTP/1.1 204) 2 headers in 112 bytes (1 switches on core 0)
2026-06-24 04:56:43.943 7 INFO neutron.db.ovn_revision_numbers_db [None req-483c5815-ac59-4ae6-9c0a-d13b94a80be5 23fa8b49a50f4045a0edee1248504f8e 9141456eeb5b458d9670f41cf354a1da - - default default] Successfully bumped revision number for resource 5e8637a6-bc9b-44e8-83ff-405a2d40f7f2 (type: routers) to 1 [pid: 7|app: 0|req: 542/1154] 10.0.0.181 () {34 vars in 669 bytes} [Wed Jun 24 04:56:43 2026] POST /v2.0/routers => generated 603 bytes in 117 msecs (HTTP/1.1 201) 4 headers in 162 bytes (1 switches on core 0) [pid: 8|app: 0|req: 613/1157] 10.0.0.181 () {32 vars in 740 bytes} [Wed Jun 24 04:56:43 2026] DELETE /v2.0/security-groups/0a799b03-2ed2-488d-ad10-bfafc9f1734a => generated 0 bytes in 211 msecs (HTTP/1.1 204) 2 headers in 112 bytes (1 switches on core 0)
2026-06-24 04:56:44.334 7 WARNING neutron.scheduler.dhcp_agent_scheduler [None req-a3248ef6-1c71-4b69-ad5a-19022c733cfa 23fa8b49a50f4045a0edee1248504f8e 9141456eeb5b458d9670f41cf354a1da - - default default] No more DHCP agents
2026-06-24 04:56:44.336 7 WARNING neutron.api.rpc.agentnotifiers.dhcp_rpc_agent_api [None req-a3248ef6-1c71-4b69-ad5a-19022c733cfa 23fa8b49a50f4045a0edee1248504f8e 9141456eeb5b458d9670f41cf354a1da - - default default] Unable to schedule network a006dd78-0966-4872-96db-4fa0d7daabd6: no agents available; will retry on subsequent port and subnet creation events.
2026-06-24 04:56:44.365 8 INFO neutron_taas.services.taas.taas_plugin [None req-fa4f50b2-1106-4c5d-80d6-7bce1c4f810c 68fb04aa81794d5985560094e6f4847d 241bb766c1604e579122081c468fcea8 - - default default] TaaS: Handle Delete Port: 4fe38760-b2d2-4748-80b4-4082f3aa75c7
2026-06-24 04:56:44.368 8 INFO neutron_taas.services.taas.tap_mirror_plugin [None req-fa4f50b2-1106-4c5d-80d6-7bce1c4f810c 68fb04aa81794d5985560094e6f4847d 241bb766c1604e579122081c468fcea8 - - default default] Tap Mirror: Handle Delete Port: 4fe38760-b2d2-4748-80b4-4082f3aa75c7
2026-06-24 04:56:44.460 7 INFO neutron.plugins.ml2.drivers.ovn.mech_driver.mech_driver [None req-2c3d4f95-0978-4642-9e9c-5825ae1c0485 - - - - - -] OVN reports status down for port: 93307544-7b32-43eb-8b4a-de3aaf2df0ad
2026-06-24 04:56:44.513 7 INFO neutron.db.ovn_revision_numbers_db [None req-a3248ef6-1c71-4b69-ad5a-19022c733cfa 23fa8b49a50f4045a0edee1248504f8e 9141456eeb5b458d9670f41cf354a1da - - default default] Successfully bumped revision number for resource 93307544-7b32-43eb-8b4a-de3aaf2df0ad (type: ports) to 1 [pid: 8|app: 0|req: 614/1158] 10.0.0.181 () {34 vars in 789 bytes} [Wed Jun 24 04:56:44 2026] PUT /v2.0/routers/88836f21-da6e-484a-856a-3aafe04e1ad7/remove_router_interface => generated 309 bytes in 867 msecs (HTTP/1.1 200) 4 headers in 157 bytes (1 switches on core 0)
2026-06-24 04:56:45.053 7 INFO neutron.plugins.ml2.drivers.ovn.mech_driver.mech_driver [None req-2c3d4f95-0978-4642-9e9c-5825ae1c0485 - - - - - -] OVN reports status up for port: 93307544-7b32-43eb-8b4a-de3aaf2df0ad
2026-06-24 04:56:45.080 7 INFO neutron.plugins.ml2.plugin [None req-2c3d4f95-0978-4642-9e9c-5825ae1c0485 - - - - - -] Attempt 1 to provision port 93307544-7b32-43eb-8b4a-de3aaf2df0ad /var/lib/openstack/lib/python3.12/site-packages/pycadf/identifier.py:70: UserWarning: Invalid uuid: neutron. To ensure interoperability, identifiers should be a valid uuid. warnings.warn(('Invalid uuid: %s. To ensure interoperability, '
2026-06-24 04:56:45.190 7 WARNING neutron.scheduler.dhcp_agent_scheduler [None req-a3248ef6-1c71-4b69-ad5a-19022c733cfa 23fa8b49a50f4045a0edee1248504f8e 9141456eeb5b458d9670f41cf354a1da - - default default] No more DHCP agents
2026-06-24 04:56:45.192 7 WARNING neutron.api.rpc.agentnotifiers.dhcp_rpc_agent_api [None req-a3248ef6-1c71-4b69-ad5a-19022c733cfa 23fa8b49a50f4045a0edee1248504f8e 9141456eeb5b458d9670f41cf354a1da - - default default] Unable to schedule network a006dd78-0966-4872-96db-4fa0d7daabd6: no agents available; will retry on subsequent port and subnet creation events.
2026-06-24 04:56:45.227 8 INFO neutron.db.ovn_revision_numbers_db [None req-2e8f8dcc-a0ea-4cd7-a34b-302b237cf60d 68fb04aa81794d5985560094e6f4847d 241bb766c1604e579122081c468fcea8 - - default default] Successfully bumped revision number for resource ad7cb871-e7f1-4315-9cac-538978b1c410 (type: security_groups) to 1
2026-06-24 04:56:45.238 8 INFO neutron.db.ovn_revision_numbers_db [None req-2e8f8dcc-a0ea-4cd7-a34b-302b237cf60d 68fb04aa81794d5985560094e6f4847d 241bb766c1604e579122081c468fcea8 - - default default] Successfully bumped revision number for resource 1f281f1b-3866-4dce-a144-f55e2684784e (type: security_group_rules) to 0
2026-06-24 04:56:45.249 8 INFO neutron.db.ovn_revision_numbers_db [None req-2e8f8dcc-a0ea-4cd7-a34b-302b237cf60d 68fb04aa81794d5985560094e6f4847d 241bb766c1604e579122081c468fcea8 - - default default] Successfully bumped revision number for resource 34ede39f-e679-42fb-b270-e050a1768bf7 (type: security_group_rules) to 0
2026-06-24 04:56:45.261 8 INFO neutron.db.ovn_revision_numbers_db [None req-2e8f8dcc-a0ea-4cd7-a34b-302b237cf60d 68fb04aa81794d5985560094e6f4847d 241bb766c1604e579122081c468fcea8 - - default default] Successfully bumped revision number for resource 78ec6b85-da55-4019-8244-3089eb2e1fa6 (type: security_group_rules) to 0
2026-06-24 04:56:45.271 8 INFO neutron.db.ovn_revision_numbers_db [None req-2e8f8dcc-a0ea-4cd7-a34b-302b237cf60d 68fb04aa81794d5985560094e6f4847d 241bb766c1604e579122081c468fcea8 - - default default] Successfully bumped revision number for resource 9190690f-00ec-47ac-98f7-b980b029bda1 (type: security_group_rules) to 0 [pid: 8|app: 0|req: 615/1159] 10.0.0.181 () {32 vars in 774 bytes} [Wed Jun 24 04:56:44 2026] GET /v2.0/security-groups?tenant_id=c7ca68fcf10348bebd05f7c35d6d55d7&name=default => generated 2925 bytes in 339 msecs (HTTP/1.1 200) 4 headers in 158 bytes (1 switches on core 0)
2026-06-24 04:56:45.592 7 INFO neutron.db.ovn_revision_numbers_db [None req-a3248ef6-1c71-4b69-ad5a-19022c733cfa 23fa8b49a50f4045a0edee1248504f8e 9141456eeb5b458d9670f41cf354a1da - - default default] Successfully bumped revision number for resource 93307544-7b32-43eb-8b4a-de3aaf2df0ad (type: router_ports) to 1 [pid: 7|app: 0|req: 545/1160] 10.0.0.181 () {34 vars in 783 bytes} [Wed Jun 24 04:56:43 2026] PUT /v2.0/routers/5e8637a6-bc9b-44e8-83ff-405a2d40f7f2/add_router_interface => generated 309 bytes in 1636 msecs (HTTP/1.1 200) 4 headers in 157 bytes (1 switches on core 0)
2026-06-24 04:56:45.630 8 INFO neutron_taas.services.taas.taas_plugin [None req-2695299b-1780-4be9-afb9-35beb6e483b8 68fb04aa81794d5985560094e6f4847d 241bb766c1604e579122081c468fcea8 - - default default] TaaS: Handle Delete Port: 5ceb1397-1121-4a96-a1f4-400fc6efb198
2026-06-24 04:56:45.634 8 INFO neutron_taas.services.taas.tap_mirror_plugin [None req-2695299b-1780-4be9-afb9-35beb6e483b8 68fb04aa81794d5985560094e6f4847d 241bb766c1604e579122081c468fcea8 - - default default] Tap Mirror: Handle Delete Port: 5ceb1397-1121-4a96-a1f4-400fc6efb198
2026-06-24 04:56:45.773 7 INFO neutron.db.ovn_revision_numbers_db [None req-2c3d4f95-0978-4642-9e9c-5825ae1c0485 - - - - - -] Successfully bumped revision number for resource 93307544-7b32-43eb-8b4a-de3aaf2df0ad (type: ports) to 2 [pid: 8|app: 0|req: 616/1161] 10.0.0.181 () {32 vars in 724 bytes} [Wed Jun 24 04:56:45 2026] DELETE /v2.0/routers/88836f21-da6e-484a-856a-3aafe04e1ad7 => generated 0 bytes in 683 msecs (HTTP/1.1 204) 2 headers in 112 bytes (1 switches on core 0) [pid: 7|app: 0|req: 546/1162] 10.0.0.181 () {32 vars in 740 bytes} [Wed Jun 24 04:56:45 2026] DELETE /v2.0/security-groups/ad7cb871-e7f1-4315-9cac-538978b1c410 => generated 0 bytes in 405 msecs (HTTP/1.1 204) 2 headers in 112 bytes (1 switches on core 0) [pid: 8|app: 0|req: 617/1163] 10.0.0.181 () {32 vars in 717 bytes} [Wed Jun 24 04:56:45 2026] GET /v2.0/ports/93307544-7b32-43eb-8b4a-de3aaf2df0ad => generated 943 bytes in 33 msecs (HTTP/1.1 200) 4 headers in 157 bytes (1 switches on core 0) [pid: 8|app: 0|req: 618/1164] 10.0.0.181 () {32 vars in 724 bytes} [Wed Jun 24 04:56:46 2026] DELETE /v2.0/subnets/b86fda2f-c973-45b4-b905-c469f6e8b4f9 => generated 0 bytes in 163 msecs (HTTP/1.1 204) 3 headers in 131 bytes (1 switches on core 0)
2026-06-24 04:56:46.371 7 INFO neutron.db.ovn_revision_numbers_db [None req-65fc4c03-a028-4287-a269-de89eb35bad2 68fb04aa81794d5985560094e6f4847d 241bb766c1604e579122081c468fcea8 - - default default] Successfully bumped revision number for resource 6fbe5278-0b10-4804-ba62-6444234ae6a3 (type: security_groups) to 1
2026-06-24 04:56:46.385 7 INFO neutron.db.ovn_revision_numbers_db [None req-65fc4c03-a028-4287-a269-de89eb35bad2 68fb04aa81794d5985560094e6f4847d 241bb766c1604e579122081c468fcea8 - - default default] Successfully bumped revision number for resource 69e7e2b6-c5ce-45d9-9920-8fc3543bc36a (type: security_group_rules) to 0
2026-06-24 04:56:46.399 7 INFO neutron.db.ovn_revision_numbers_db [None req-65fc4c03-a028-4287-a269-de89eb35bad2 68fb04aa81794d5985560094e6f4847d 241bb766c1604e579122081c468fcea8 - - default default] Successfully bumped revision number for resource 7d02dd88-9df0-4241-ad59-88e687f95ad3 (type: security_group_rules) to 0
2026-06-24 04:56:46.413 7 INFO neutron.db.ovn_revision_numbers_db [None req-65fc4c03-a028-4287-a269-de89eb35bad2 68fb04aa81794d5985560094e6f4847d 241bb766c1604e579122081c468fcea8 - - default default] Successfully bumped revision number for resource e4f96025-3792-477a-91d2-f19a1cb04e61 (type: security_group_rules) to 0
2026-06-24 04:56:46.423 7 INFO neutron.db.ovn_revision_numbers_db [None req-65fc4c03-a028-4287-a269-de89eb35bad2 68fb04aa81794d5985560094e6f4847d 241bb766c1604e579122081c468fcea8 - - default default] Successfully bumped revision number for resource e854711d-e188-4b7d-bf2d-0575154edad0 (type: security_group_rules) to 0
2026-06-24 04:56:46.499 7 INFO neutron.db.segments_db [None req-65fc4c03-a028-4287-a269-de89eb35bad2 68fb04aa81794d5985560094e6f4847d 241bb766c1604e579122081c468fcea8 - - default default] Added segment 88ce80b9-c40a-4681-a280-3615ca61c86e of type geneve for network 90834dad-083f-4c76-9ec6-1339ea16a0a0
2026-06-24 04:56:46.602 7 INFO neutron.db.ovn_revision_numbers_db [None req-65fc4c03-a028-4287-a269-de89eb35bad2 68fb04aa81794d5985560094e6f4847d 241bb766c1604e579122081c468fcea8 - - default default] Successfully bumped revision number for resource 90834dad-083f-4c76-9ec6-1339ea16a0a0 (type: networks) to 1
2026-06-24 04:56:46.682 8 WARNING neutron.scheduler.dhcp_agent_scheduler [None req-66615c55-8fdd-4608-9ed7-f817607755ff 23fa8b49a50f4045a0edee1248504f8e 9141456eeb5b458d9670f41cf354a1da - - default default] No more DHCP agents
2026-06-24 04:56:46.684 8 WARNING neutron.api.rpc.agentnotifiers.dhcp_rpc_agent_api [None req-66615c55-8fdd-4608-9ed7-f817607755ff 23fa8b49a50f4045a0edee1248504f8e 9141456eeb5b458d9670f41cf354a1da - - default default] Unable to schedule network b2977724-2c09-4094-b937-5862a1517c11: no agents available; will retry on subsequent port and subnet creation events.
2026-06-24 04:56:46.771 7 WARNING neutron.scheduler.dhcp_agent_scheduler [None req-65fc4c03-a028-4287-a269-de89eb35bad2 68fb04aa81794d5985560094e6f4847d 241bb766c1604e579122081c468fcea8 - - default default] No more DHCP agents
2026-06-24 04:56:46.784 7 WARNING neutron.api.rpc.agentnotifiers.dhcp_rpc_agent_api [None req-65fc4c03-a028-4287-a269-de89eb35bad2 68fb04aa81794d5985560094e6f4847d 241bb766c1604e579122081c468fcea8 - - default default] Unable to schedule network 90834dad-083f-4c76-9ec6-1339ea16a0a0: no agents available; will retry on subsequent port and subnet creation events.
2026-06-24 04:56:46.791 8 INFO neutron.plugins.ml2.drivers.ovn.mech_driver.mech_driver [None req-bed44080-daeb-40dd-81fc-72b7f25ebeea - - - - - -] OVN reports status down for port: b9100c85-ca8b-4a0e-9682-68529b5f9067
2026-06-24 04:56:46.862 8 INFO neutron.db.ovn_revision_numbers_db [None req-66615c55-8fdd-4608-9ed7-f817607755ff 23fa8b49a50f4045a0edee1248504f8e 9141456eeb5b458d9670f41cf354a1da - - default default] Successfully bumped revision number for resource b9100c85-ca8b-4a0e-9682-68529b5f9067 (type: ports) to 1
2026-06-24 04:56:46.872 7 INFO neutron.db.ovn_revision_numbers_db [None req-65fc4c03-a028-4287-a269-de89eb35bad2 68fb04aa81794d5985560094e6f4847d 241bb766c1604e579122081c468fcea8 - - default default] Successfully bumped revision number for resource 4e2c332d-62a4-420f-b057-3eb9756b0aa2 (type: ports) to 1 [pid: 7|app: 0|req: 547/1165] 10.0.0.181 () {34 vars in 671 bytes} [Wed Jun 24 04:56:46 2026] POST /v2.0/networks => generated 765 bytes in 887 msecs (HTTP/1.1 201) 4 headers in 162 bytes (1 switches on core 0)
2026-06-24 04:56:46.999 7 INFO neutron.db.ovn_revision_numbers_db [None req-853c5841-ed8a-434d-aa5b-61835a512e8a 68fb04aa81794d5985560094e6f4847d 241bb766c1604e579122081c468fcea8 - - default default] Successfully bumped revision number for resource ad9f207f-3912-4837-a4b5-cbeceda46f00 (type: security_groups) to 1
2026-06-24 04:56:47.010 7 INFO neutron.db.ovn_revision_numbers_db [None req-853c5841-ed8a-434d-aa5b-61835a512e8a 68fb04aa81794d5985560094e6f4847d 241bb766c1604e579122081c468fcea8 - - default default] Successfully bumped revision number for resource 2b84fce6-b409-4f98-9da6-831589f7a9bb (type: security_group_rules) to 0
2026-06-24 04:56:47.021 7 INFO neutron.db.ovn_revision_numbers_db [None req-853c5841-ed8a-434d-aa5b-61835a512e8a 68fb04aa81794d5985560094e6f4847d 241bb766c1604e579122081c468fcea8 - - default default] Successfully bumped revision number for resource 91ca88cc-97fa-4787-a79c-b61f3c223209 (type: security_group_rules) to 0
2026-06-24 04:56:47.031 7 INFO neutron.db.ovn_revision_numbers_db [None req-853c5841-ed8a-434d-aa5b-61835a512e8a 68fb04aa81794d5985560094e6f4847d 241bb766c1604e579122081c468fcea8 - - default default] Successfully bumped revision number for resource acfed40c-e499-4b91-ab4e-afde6d52db59 (type: security_group_rules) to 0
2026-06-24 04:56:47.044 7 INFO neutron.db.ovn_revision_numbers_db [None req-853c5841-ed8a-434d-aa5b-61835a512e8a 68fb04aa81794d5985560094e6f4847d 241bb766c1604e579122081c468fcea8 - - default default] Successfully bumped revision number for resource fbfbc29d-dd16-4a40-b642-e00df3ee0cdb (type: security_group_rules) to 0 [pid: 7|app: 0|req: 548/1166] 10.0.0.181 () {32 vars in 774 bytes} [Wed Jun 24 04:56:46 2026] GET /v2.0/security-groups?tenant_id=9aae07739fc740c9bab7fcd102975a95&name=default => generated 2925 bytes in 191 msecs (HTTP/1.1 200) 4 headers in 158 bytes (1 switches on core 0)
2026-06-24 04:56:47.198 7 INFO neutron_taas.services.taas.taas_plugin [None req-c1a0d6a9-920f-47c6-b5cc-fdbde1e56f5d 68fb04aa81794d5985560094e6f4847d 241bb766c1604e579122081c468fcea8 - - default default] TaaS: Handle Delete Port: 36e286c3-6a16-472c-97d5-bef2d08f6faa
2026-06-24 04:56:47.200 7 INFO neutron_taas.services.taas.tap_mirror_plugin [None req-c1a0d6a9-920f-47c6-b5cc-fdbde1e56f5d 68fb04aa81794d5985560094e6f4847d 241bb766c1604e579122081c468fcea8 - - default default] Tap Mirror: Handle Delete Port: 36e286c3-6a16-472c-97d5-bef2d08f6faa
2026-06-24 04:56:47.392 7 INFO neutron.services.segments.plugin [-] Segment 34e8b0ff-d82b-46fa-b00a-8f197390638e resource provider aggregate not found
2026-06-24 04:56:47.405 7 INFO neutron.services.segments.plugin [-] Segment 34e8b0ff-d82b-46fa-b00a-8f197390638e resource provider aggregate not found
2026-06-24 04:56:47.412 7 INFO neutron.services.segments.plugin [-] Segment 34e8b0ff-d82b-46fa-b00a-8f197390638e resource provider not found; error: Placement Client Error (4xx): {"errors": [{"status": 404, "title": "Not Found", "detail": "The resource could not be found.\n\n No resource provider with uuid 34e8b0ff-d82b-46fa-b00a-8f197390638e found for delete ", "request_id": "req-8b574b54-9fe4-4e10-ad25-4e84efe5ab70"}]}
2026-06-24 04:56:47.421 7 INFO neutron.services.segments.plugin [-] Segment 34e8b0ff-d82b-46fa-b00a-8f197390638e resource provider not found; error: Placement Client Error (4xx): {"errors": [{"status": 404, "title": "Not Found", "detail": "The resource could not be found.\n\n No resource provider with uuid 34e8b0ff-d82b-46fa-b00a-8f197390638e found for delete ", "request_id": "req-883bbfe1-36af-4629-8e80-c39e7d84a106"}]} [pid: 7|app: 0|req: 549/1167] 10.0.0.181 () {32 vars in 726 bytes} [Wed Jun 24 04:56:47 2026] DELETE /v2.0/networks/889dcc46-9b72-4b94-841a-4d7513ec5d56 => generated 0 bytes in 367 msecs (HTTP/1.1 204) 3 headers in 131 bytes (1 switches on core 0)
2026-06-24 04:56:47.505 8 INFO neutron.plugins.ml2.drivers.ovn.mech_driver.mech_driver [None req-bed44080-daeb-40dd-81fc-72b7f25ebeea - - - - - -] OVN reports status up for port: b9100c85-ca8b-4a0e-9682-68529b5f9067
2026-06-24 04:56:47.530 8 INFO neutron.plugins.ml2.plugin [None req-bed44080-daeb-40dd-81fc-72b7f25ebeea - - - - - -] Attempt 1 to provision port b9100c85-ca8b-4a0e-9682-68529b5f9067
2026-06-24 04:56:47.592 7 WARNING neutron.scheduler.dhcp_agent_scheduler [None req-2fc89ad9-d501-4749-8382-4677fc67301a 68fb04aa81794d5985560094e6f4847d 241bb766c1604e579122081c468fcea8 - - default default] No more DHCP agents
2026-06-24 04:56:47.593 7 WARNING neutron.api.rpc.agentnotifiers.dhcp_rpc_agent_api [None req-2fc89ad9-d501-4749-8382-4677fc67301a 68fb04aa81794d5985560094e6f4847d 241bb766c1604e579122081c468fcea8 - - default default] Unable to schedule network 90834dad-083f-4c76-9ec6-1339ea16a0a0: no agents available; will retry on subsequent port and subnet creation events.
2026-06-24 04:56:47.628 8 WARNING neutron.scheduler.dhcp_agent_scheduler [None req-66615c55-8fdd-4608-9ed7-f817607755ff 23fa8b49a50f4045a0edee1248504f8e 9141456eeb5b458d9670f41cf354a1da - - default default] No more DHCP agents
2026-06-24 04:56:47.630 8 WARNING neutron.api.rpc.agentnotifiers.dhcp_rpc_agent_api [None req-66615c55-8fdd-4608-9ed7-f817607755ff 23fa8b49a50f4045a0edee1248504f8e 9141456eeb5b458d9670f41cf354a1da - - default default] Unable to schedule network b2977724-2c09-4094-b937-5862a1517c11: no agents available; will retry on subsequent port and subnet creation events.
2026-06-24 04:56:48.008 7 INFO neutron.db.ovn_revision_numbers_db [None req-10fdcbbc-5737-44d0-a9dc-d063e9e560c3 - - - - - -] Successfully bumped revision number for resource 4e2c332d-62a4-420f-b057-3eb9756b0aa2 (type: ports) to 2
2026-06-24 04:56:48.015 8 INFO neutron.db.ovn_revision_numbers_db [None req-66615c55-8fdd-4608-9ed7-f817607755ff 23fa8b49a50f4045a0edee1248504f8e 9141456eeb5b458d9670f41cf354a1da - - default default] Successfully bumped revision number for resource b9100c85-ca8b-4a0e-9682-68529b5f9067 (type: router_ports) to 1 [pid: 8|app: 0|req: 619/1168] 10.0.0.181 () {34 vars in 783 bytes} [Wed Jun 24 04:56:46 2026] PUT /v2.0/routers/5e8637a6-bc9b-44e8-83ff-405a2d40f7f2/add_router_interface => generated 309 bytes in 1832 msecs (HTTP/1.1 200) 4 headers in 157 bytes (1 switches on core 0)
2026-06-24 04:56:48.034 7 INFO neutron.db.ovn_revision_numbers_db [None req-10fdcbbc-5737-44d0-a9dc-d063e9e560c3 - - - - - -] Successfully bumped revision number for resource 93dd7b44-aaef-426c-a6b5-69067666ee72 (type: subnets) to 0 [pid: 7|app: 0|req: 550/1169] 10.0.0.181 () {34 vars in 669 bytes} [Wed Jun 24 04:56:47 2026] POST /v2.0/subnets => generated 690 bytes in 597 msecs (HTTP/1.1 201) 4 headers in 162 bytes (1 switches on core 0) [pid: 7|app: 0|req: 551/1170] 10.0.0.181 () {32 vars in 774 bytes} [Wed Jun 24 04:56:48 2026] GET /v2.0/security-groups?tenant_id=f8bf2f8ce008410da3ac6d3f304a90ca&name=default => generated 2921 bytes in 27 msecs (HTTP/1.1 200) 4 headers in 158 bytes (1 switches on core 0) [pid: 7|app: 0|req: 552/1171] 10.0.0.181 () {32 vars in 717 bytes} [Wed Jun 24 04:56:48 2026] GET /v2.0/ports/b9100c85-ca8b-4a0e-9682-68529b5f9067 => generated 943 bytes in 30 msecs (HTTP/1.1 200) 4 headers in 157 bytes (1 switches on core 0)
2026-06-24 04:56:48.218 8 INFO neutron.db.ovn_revision_numbers_db [None req-bed44080-daeb-40dd-81fc-72b7f25ebeea - - - - - -] Successfully bumped revision number for resource b9100c85-ca8b-4a0e-9682-68529b5f9067 (type: ports) to 2 [pid: 8|app: 0|req: 620/1172] 10.0.0.181 () {32 vars in 740 bytes} [Wed Jun 24 04:56:48 2026] DELETE /v2.0/security-groups/ad9f207f-3912-4837-a4b5-cbeceda46f00 => generated 0 bytes in 390 msecs (HTTP/1.1 204) 2 headers in 112 bytes (1 switches on core 0)
2026-06-24 04:56:48.600 7 WARNING neutron.scheduler.dhcp_agent_scheduler [None req-9ec81835-d2ae-4dc7-b52d-f4df43b444da 68fb04aa81794d5985560094e6f4847d 241bb766c1604e579122081c468fcea8 - - default default] No more DHCP agents
