Apr 02 13:07:01.731461 np0000162946 devstack@neutron-api.service[102101]: DEBUG neutron.plugins.ml2.drivers.ovn.mech_driver.ovsdb.ovsdb_monitor [None req-77741303-f948-4ea4-8dec-d96705ff4b0f None None] Touching Hash Ring node "dced9c43609951bc9e86bb0d62e689ca" from IDL notify handler {{(pid=102101) notify /opt/stack/neutron/neutron/plugins/ml2/drivers/ovn/mech_driver/ovsdb/ovsdb_monitor.py:904}}
Apr 02 13:07:01.732089 np0000162946 devstack@neutron-api.service[102104]: DEBUG ovsdbapp.backend.ovs_idl.event [None req-9cb9e367-81bd-4623-8ce0-4aef11a31476 None None] Matched CREATE: LogicalSwitchPortCreateEvent(events=('create',), table='Logical_Switch_Port', conditions=[], old_conditions=None), priority=20 to row=Logical_Switch_Port(uuid=d9dee9e4-6166-418b-b634-0af6861799dc, addresses=['fa:16:3e:0e:6f:28'], dhcpv4_options=[], dhcpv6_options=[], dynamic_addresses=[], enabled=True, external_ids={'neutron:cidrs': '', 'neutron:device_id': 'ovnmeta-b613b51f-71ed-48fe-9ef6-a4e7db78c419', 'neutron:device_owner': 'network:distributed', 'neutron:mtu': '', 'neutron:network_name': 'neutron-b613b51f-71ed-48fe-9ef6-a4e7db78c419', 'neutron:port_capabilities': '', 'neutron:port_name': '', 'neutron:project_id': 'b836ed5c7a7d47478a0dad4d8ac18e9c', 'neutron:revision_number': '1', 'neutron:security_group_ids': '', 'neutron:subnet_pool_addr_scope4': '', 'neutron:subnet_pool_addr_scope6': '', 'neutron:vnic_type': 'normal'}, ha_chassis_group=[], mirror_rules=[], name='3dcfadf7-990c-4b36-a8c6-65dc53157ae3', options={}, parent_name=[], port_security=[], tag=[], tag_request=[], type='localport', up=[]) old= {{(pid=102104) matches /opt/stack/data/venv/lib/python3.12/site-packages/ovsdbapp/backend/ovs_idl/event.py:55}}
Apr 02 13:07:01.733042 np0000162946 devstack@neutron-api.service[102104]: INFO neutron.plugins.ml2.drivers.ovn.mech_driver.mech_driver [None req-6a331af0-75e8-4628-bb67-13a7b67d6b5a None None] OVN reports status down for port: 3dcfadf7-990c-4b36-a8c6-65dc53157ae3
Apr 02 13:07:01.735277 np0000162946 devstack@neutron-api.service[102104]: DEBUG neutron.plugins.ml2.drivers.ovn.mech_driver.ovsdb.ovsdb_monitor [None req-00bf0fa1-57f7-4785-a5a9-5c87a35822c3 None None] Hash Ring: Node 11f67b666a9350f4a21db23f90b8b0a5 (host: np0000162946) handling event "create" for row 4ecbe2e7-9f84-412e-97d8-1f6ca1f890da (table: Port_Binding) {{(pid=102104) notify /opt/stack/neutron/neutron/plugins/ml2/drivers/ovn/mech_driver/ovsdb/ovsdb_monitor.py:912}}
Apr 02 13:07:01.737629 np0000162946 devstack@neutron-api.service[102104]: DEBUG neutron.plugins.ml2.drivers.ovn.mech_driver.ovsdb.ovsdb_monitor [None req-9cb9e367-81bd-4623-8ce0-4aef11a31476 None None] Hash Ring: Node 11f67b666a9350f4a21db23f90b8b0a5 (host: np0000162946) handling event "update" for row d9dee9e4-6166-418b-b634-0af6861799dc (table: Logical_Switch_Port) {{(pid=102104) notify /opt/stack/neutron/neutron/plugins/ml2/drivers/ovn/mech_driver/ovsdb/ovsdb_monitor.py:912}}
Apr 02 13:07:01.738369 np0000162946 devstack@neutron-api.service[102101]: DEBUG neutron.plugins.ml2.drivers.ovn.mech_driver.ovsdb.ovsdb_monitor [None req-77741303-f948-4ea4-8dec-d96705ff4b0f None None] Hash Ring: Node dced9c43609951bc9e86bb0d62e689ca (host: np0000162946) handling event "update" for row b613b51f-71ed-48fe-9ef6-a4e7db78c419 (table: Logical_Switch) {{(pid=102101) notify /opt/stack/neutron/neutron/plugins/ml2/drivers/ovn/mech_driver/ovsdb/ovsdb_monitor.py:912}}
Apr 02 13:07:01.761000 np0000162946 devstack@neutron-api.service[102104]: DEBUG neutron.db.provisioning_blocks [None req-6a331af0-75e8-4628-bb67-13a7b67d6b5a None None] Transition to ACTIVE for port object 3dcfadf7-990c-4b36-a8c6-65dc53157ae3 will not be triggered until provisioned by entity L2. {{(pid=102104) add_provisioning_component /opt/stack/neutron/neutron/db/provisioning_blocks.py:74}}
Apr 02 13:07:01.763869 np0000162946 devstack@neutron-api.service[102103]: INFO neutron.db.ovn_revision_numbers_db [None req-1c77fa74-f9d2-46ba-a1ec-63695ffdf6be admin admin] Successfully bumped revision number for resource 3dcfadf7-990c-4b36-a8c6-65dc53157ae3 (type: ports) to 1
Apr 02 13:07:01.771618 np0000162946 devstack@neutron-api.service[102103]: DEBUG neutron.pecan_wsgi.hooks.policy_enforcement [None req-1c77fa74-f9d2-46ba-a1ec-63695ffdf6be admin admin] Attributes excluded by policy engine: ['standard_attr_id'] {{(pid=102103) _exclude_attributes_by_policy /opt/stack/neutron/neutron/pecan_wsgi/hooks/policy_enforcement.py:258}}
Apr 02 13:07:01.771963 np0000162946 devstack@neutron-api.service[102103]: DEBUG neutron_lib.callbacks.manager [None req-1c77fa74-f9d2-46ba-a1ec-63695ffdf6be admin admin] Publish callbacks [] for network (None), before_response {{(pid=102103) _notify_loop /opt/stack/data/venv/lib/python3.12/site-packages/neutron_lib/callbacks/manager.py:184}}
Apr 02 13:07:01.785565 np0000162946 devstack@neutron-api.service[102103]: [pid: 102103|app: 0|req: 23/93] 199.204.45.23 () {68 vars in 1351 bytes} [Thu Apr 2 13:07:01 2026] POST /networking/v2.0/networks => generated 683 bytes in 565 msecs (HTTP/1.1 201) 4 headers in 162 bytes (1 switches on core 0)
Apr 02 13:07:01.788525 np0000162946 devstack@neutron-api.service[102104]: DEBUG neutron.plugins.ml2.plugin [None req-6a331af0-75e8-4628-bb67-13a7b67d6b5a None None] Current status of the port 3dcfadf7-990c-4b36-a8c6-65dc53157ae3 is: DOWN; New status is: DOWN {{(pid=102104) _update_individual_port_db_status /opt/stack/neutron/neutron/plugins/ml2/plugin.py:2468}}
Apr 02 13:07:01.789935 np0000162946 devstack@neutron-api.service[102104]: DEBUG ovsdbapp.backend.ovs_idl.transaction [None req-9cb9e367-81bd-4623-8ce0-4aef11a31476 None None] Running txn n=1 command(idx=0): DbRemoveCommand(_result=None, table=Logical_Switch_Port, record=3dcfadf7-990c-4b36-a8c6-65dc53157ae3, column=external_ids, values=('neutron:host_id',), keyvalues={}, if_exists=True) {{(pid=102104) do_commit /opt/stack/data/venv/lib/python3.12/site-packages/ovsdbapp/backend/ovs_idl/transaction.py:89}}
Apr 02 13:07:01.986972 np0000162946 devstack@neutron-api.service[102101]: INFO neutron.pecan_wsgi.hooks.translation [None req-2961617a-d552-4f0a-8da9-b380c0e2d3ce admin admin] GET failed (client error): The resource could not be found.
Apr 02 13:07:01.987441 np0000162946 devstack@neutron-api.service[102101]: [pid: 102101|app: 0|req: 25/94] 199.204.45.23 () {64 vars in 1327 bytes} [Thu Apr 2 13:07:01 2026] GET /networking/v2.0/networks/admin_net => generated 111 bytes in 12 msecs (HTTP/1.1 404) 4 headers in 164 bytes (1 switches on core 0)
Apr 02 13:07:02.037782 np0000162946 devstack@neutron-api.service[102102]: DEBUG neutron.pecan_wsgi.hooks.policy_enforcement [None req-0c2e78ef-0d5f-4da6-8613-b8808cdc1480 admin admin] Attributes excluded by policy engine: ['standard_attr_id'] {{(pid=102102) _exclude_attributes_by_policy /opt/stack/neutron/neutron/pecan_wsgi/hooks/policy_enforcement.py:258}}
Apr 02 13:07:02.038823 np0000162946 devstack@neutron-api.service[102102]: [pid: 102102|app: 0|req: 24/95] 199.204.45.23 () {64 vars in 1339 bytes} [Thu Apr 2 13:07:01 2026] GET /networking/v2.0/networks?name=admin_net => generated 667 bytes in 40 msecs (HTTP/1.1 200) 4 headers in 157 bytes (1 switches on core 0)
Apr 02 13:07:02.108903 np0000162946 devstack@neutron-api.service[102103]: DEBUG futurist.periodics [-] Submitting periodic callback 'neutron.plugins.ml2.drivers.ovn.mech_driver.ovsdb.maintenance.HashRingHealthCheckPeriodics.touch_hash_ring_node' {{(pid=102103) _process_scheduled /opt/stack/data/venv/lib/python3.12/site-packages/futurist/periodics.py:784}}
Apr 02 13:07:02.110837 np0000162946 devstack@neutron-api.service[102103]: DEBUG neutron.plugins.ml2.drivers.ovn.mech_driver.ovsdb.maintenance [-] Touching Hash Ring node "a3e5a32a6c6252009a56b242089c762b" from periodic health check thread {{(pid=102103) touch_hash_ring_node /opt/stack/neutron/neutron/plugins/ml2/drivers/ovn/mech_driver/ovsdb/maintenance.py:1232}}
Apr 02 13:07:02.133312 np0000162946 devstack@neutron-api.service[102102]: DEBUG futurist.periodics [-] Submitting periodic callback 'neutron.plugins.ml2.drivers.ovn.mech_driver.ovsdb.maintenance.HashRingHealthCheckPeriodics.touch_hash_ring_node' {{(pid=102102) _process_scheduled /opt/stack/data/venv/lib/python3.12/site-packages/futurist/periodics.py:784}}
Apr 02 13:07:02.134459 np0000162946 devstack@neutron-api.service[102102]: DEBUG neutron.plugins.ml2.drivers.ovn.mech_driver.ovsdb.maintenance [-] Touching Hash Ring node "22953b6b1246539e9a891befe91bf7c5" from periodic health check thread {{(pid=102102) touch_hash_ring_node /opt/stack/neutron/neutron/plugins/ml2/drivers/ovn/mech_driver/ovsdb/maintenance.py:1232}}
Apr 02 13:07:02.152073 np0000162946 devstack@neutron-api.service[102104]: DEBUG futurist.periodics [-] Submitting periodic callback 'neutron.plugins.ml2.drivers.ovn.mech_driver.ovsdb.maintenance.HashRingHealthCheckPeriodics.touch_hash_ring_node' {{(pid=102104) _process_scheduled /opt/stack/data/venv/lib/python3.12/site-packages/futurist/periodics.py:784}}
Apr 02 13:07:02.153005 np0000162946 devstack@neutron-api.service[102104]: DEBUG neutron.plugins.ml2.drivers.ovn.mech_driver.ovsdb.maintenance [-] Touching Hash Ring node "11f67b666a9350f4a21db23f90b8b0a5" from periodic health check thread {{(pid=102104) touch_hash_ring_node /opt/stack/neutron/neutron/plugins/ml2/drivers/ovn/mech_driver/ovsdb/maintenance.py:1232}}
Apr 02 13:07:02.250693 np0000162946 devstack@neutron-api.service[102104]: INFO neutron.pecan_wsgi.hooks.translation [None req-d9a43dde-2068-4c21-b836-b0146a8332f3 admin admin] GET failed (client error): The resource could not be found.
Apr 02 13:07:02.251344 np0000162946 devstack@neutron-api.service[102104]: [pid: 102104|app: 0|req: 24/96] 199.204.45.23 () {64 vars in 1333 bytes} [Thu Apr 2 13:07:02 2026] GET /networking/v2.0/subnets/admin_subnet => generated 112 bytes in 11 msecs (HTTP/1.1 404) 4 headers in 164 bytes (1 switches on core 0)
Apr 02 13:07:02.283118 np0000162946 devstack@neutron-api.service[102103]: [pid: 102103|app: 0|req: 24/97] 199.204.45.23 () {64 vars in 1342 bytes} [Thu Apr 2 13:07:02 2026] GET /networking/v2.0/subnets?name=admin_subnet => generated 14 bytes in 24 msecs (HTTP/1.1 200) 4 headers in 156 bytes (1 switches on core 0)
Apr 02 13:07:02.542783 np0000162946 devstack@neutron-api.service[102101]: DEBUG neutron.pecan_wsgi.hooks.policy_enforcement [None req-f2f72ec2-f138-4370-aae8-17454444ec31 admin admin] Attributes excluded by policy engine: ['standard_attr_id'] {{(pid=102101) _exclude_attributes_by_policy /opt/stack/neutron/neutron/pecan_wsgi/hooks/policy_enforcement.py:258}}
Apr 02 13:07:02.543314 np0000162946 devstack@neutron-api.service[102101]: [pid: 102101|app: 0|req: 26/98] 199.204.45.23 () {64 vars in 1408 bytes} [Thu Apr 2 13:07:02 2026] GET /networking/v2.0/networks/b613b51f-71ed-48fe-9ef6-a4e7db78c419 => generated 664 bytes in 28 msecs (HTTP/1.1 200) 4 headers in 157 bytes (1 switches on core 0)
Apr 02 13:07:02.564611 np0000162946 devstack@neutron-api.service[102102]: DEBUG neutron.api.v2.base [None req-d643b81a-b251-4840-9cc5-653f2bc5062c admin admin] Request body: {'subnet': {'name': 'admin_subnet', 'cidr': '10.2.5.0/24', 'ip_version': 4, 'network_id': 'b613b51f-71ed-48fe-9ef6-a4e7db78c419', 'project_id': 'b836ed5c7a7d47478a0dad4d8ac18e9c', 'gateway_ip': None}} {{(pid=102102) prepare_request_body /opt/stack/neutron/neutron/api/v2/base.py:729}}
Apr 02 13:07:02.582232 np0000162946 devstack@neutron-api.service[102102]: DEBUG neutron.pecan_wsgi.hooks.quota_enforcement [None req-d643b81a-b251-4840-9cc5-653f2bc5062c admin admin] Made reservation on behalf of b836ed5c7a7d47478a0dad4d8ac18e9c for: {'subnet': 1} {{(pid=102102) before /opt/stack/neutron/neutron/pecan_wsgi/hooks/quota_enforcement.py:66}}
Apr 02 13:07:02.585304 np0000162946 devstack@neutron-api.service[102102]: DEBUG neutron_lib.callbacks.manager [None req-d643b81a-b251-4840-9cc5-653f2bc5062c admin admin] Publish callbacks [] for subnet (None), before_create {{(pid=102102) _notify_loop /opt/stack/data/venv/lib/python3.12/site-packages/neutron_lib/callbacks/manager.py:184}}
Apr 02 13:07:02.649432 np0000162946 devstack@neutron-api.service[102102]: DEBUG neutron.db.ovn_revision_numbers_db [None req-d643b81a-b251-4840-9cc5-653f2bc5062c admin admin] create_initial_revision uuid=26f6e5b6-a783-423b-966c-aa920446614b, type=subnets, rev=-1 {{(pid=102102) create_initial_revision /opt/stack/neutron/neutron/db/ovn_revision_numbers_db.py:98}}
Apr 02 13:07:02.657442 np0000162946 devstack@neutron-api.service[102102]: DEBUG neutron_lib.callbacks.manager [None req-d643b81a-b251-4840-9cc5-653f2bc5062c admin admin] Publish callbacks ['neutron.plugins.ml2.ovo_rpc._ObjectChangeHandler.handle_event-1564961'] for subnet (26f6e5b6-a783-423b-966c-aa920446614b), after_create {{(pid=102102) _notify_loop /opt/stack/data/venv/lib/python3.12/site-packages/neutron_lib/callbacks/manager.py:184}}
Apr 02 13:07:02.671663 np0000162946 devstack@neutron-api.service[102102]: DEBUG neutron.api.rpc.handlers.resources_rpc [None req-d643b81a-b251-4840-9cc5-653f2bc5062c admin admin] Pushing event updated for resources: {'Subnet': ['ID=26f6e5b6-a783-423b-966c-aa920446614b,revision_number=0']} {{(pid=102102) push /opt/stack/neutron/neutron/api/rpc/handlers/resources_rpc.py:237}}
Apr 02 13:07:02.676056 np0000162946 devstack@neutron-api.service[102102]: DEBUG neutron.api.rpc.callbacks.version_manager [None req-d643b81a-b251-4840-9cc5-653f2bc5062c admin admin] Tracked resource versions report:
Apr 02 13:07:02.676056 np0000162946 devstack@neutron-api.service[102102]: pushed versions:
Apr 02 13:07:02.676056 np0000162946 devstack@neutron-api.service[102102]: { 'AddressGroup': {'1.2'},
Apr 02 13:07:02.676056 np0000162946 devstack@neutron-api.service[102102]: 'Agent': {'1.1'},
Apr 02 13:07:02.676056 np0000162946 devstack@neutron-api.service[102102]: 'ConntrackHelper': {'1.0'},
Apr 02 13:07:02.676056 np0000162946 devstack@neutron-api.service[102102]: 'LocalIPAssociation': {'1.0'},
Apr 02 13:07:02.676056 np0000162946 devstack@neutron-api.service[102102]: 'Log': {'1.0'},
Apr 02 13:07:02.676056 np0000162946 devstack@neutron-api.service[102102]: 'NDPProxy': {'1.0'},
Apr 02 13:07:02.676056 np0000162946 devstack@neutron-api.service[102102]: 'Network': {'1.2'},
Apr 02 13:07:02.676056 np0000162946 devstack@neutron-api.service[102102]: 'Port': {'1.10'},
Apr 02 13:07:02.676056 np0000162946 devstack@neutron-api.service[102102]: 'PortForwarding': {'1.3'},
Apr 02 13:07:02.676056 np0000162946 devstack@neutron-api.service[102102]: 'QosPolicy': {'1.10'},
Apr 02 13:07:02.676056 np0000162946 devstack@neutron-api.service[102102]: 'SecurityGroup': {'1.6'},
Apr 02 13:07:02.676056 np0000162946 devstack@neutron-api.service[102102]: 'SecurityGroupRule': {'1.3'},
Apr 02 13:07:02.676056 np0000162946 devstack@neutron-api.service[102102]: 'SubPort': {'1.0'},
Apr 02 13:07:02.676056 np0000162946 devstack@neutron-api.service[102102]: 'Subnet': {'1.2'},
Apr 02 13:07:02.676056 np0000162946 devstack@neutron-api.service[102102]: 'Trunk': {'1.1'}}
Apr 02 13:07:02.676056 np0000162946 devstack@neutron-api.service[102102]: consumer versions:
Apr 02 13:07:02.676056 np0000162946 devstack@neutron-api.service[102102]: {OVN Controller Gateway agent@np0000162946: {}}
Apr 02 13:07:02.676056 np0000162946 devstack@neutron-api.service[102102]: {{(pid=102102) report /opt/stack/neutron/neutron/api/rpc/callbacks/version_manager.py:183}}
Apr 02 13:07:02.722068 np0000162946 devstack@neutron-api.service[102102]: DEBUG neutron_lib.callbacks.manager [None req-d643b81a-b251-4840-9cc5-653f2bc5062c admin admin] Publish callbacks ['neutron.plugins.ml2.plugin.SecurityGroupDbMixin._ensure_default_security_group_handler-8336388', 'neutron.services.ovn_l3.plugin.OVNL3RouterPlugin._port_update-7948502325392', 'neutron.db.l3_db.L3_NAT_dbonly_mixin._prevent_internal_ip_change_for_fip-7948503845818'] for port (3dcfadf7-990c-4b36-a8c6-65dc53157ae3), before_update {{(pid=102102) _notify_loop /opt/stack/data/venv/lib/python3.12/site-packages/neutron_lib/callbacks/manager.py:184}}
Apr 02 13:07:02.807903 np0000162946 devstack@neutron-api.service[102102]: DEBUG neutron.db.db_base_plugin_common [None req-d643b81a-b251-4840-9cc5-653f2bc5062c admin admin] Allocated IP 10.2.5.1 (b613b51f-71ed-48fe-9ef6-a4e7db78c419/26f6e5b6-a783-423b-966c-aa920446614b/3dcfadf7-990c-4b36-a8c6-65dc53157ae3) {{(pid=102102) _store_ip_allocation /opt/stack/neutron/neutron/db/db_base_plugin_common.py:131}}
Apr 02 13:07:02.874277 np0000162946 devstack@neutron-api.service[102102]: DEBUG neutron_lib.callbacks.manager [None req-d643b81a-b251-4840-9cc5-653f2bc5062c admin admin] Publish callbacks [] for port (3dcfadf7-990c-4b36-a8c6-65dc53157ae3), precommit_update {{(pid=102102) _notify_loop /opt/stack/data/venv/lib/python3.12/site-packages/neutron_lib/callbacks/manager.py:184}}
Apr 02 13:07:02.874521 np0000162946 devstack@neutron-api.service[102102]: DEBUG neutron.plugins.ml2.drivers.ovn.mech_driver.mech_driver [None req-d643b81a-b251-4840-9cc5-653f2bc5062c admin admin] No provisioning block for port 3dcfadf7-990c-4b36-a8c6-65dc53157ae3 since it does not have a host {{(pid=102102) _is_port_provisioning_required /opt/stack/neutron/neutron/plugins/ml2/drivers/ovn/mech_driver/mech_driver.py:884}}
Apr 02 13:07:02.889743 np0000162946 devstack@neutron-api.service[102102]: DEBUG neutron_lib.callbacks.manager [None req-d643b81a-b251-4840-9cc5-653f2bc5062c admin admin] Publish callbacks ['neutron.plugins.ml2.ovo_rpc._ObjectChangeHandler.handle_event-1564991', 'neutron.db.l3_db.L3RpcNotifierMixin._notify_gateway_port_ip_changed-7948503722888', 'neutron.services.ovn_l3.plugin.OVNL3RouterPlugin._port_update-7948502325392'] for port (3dcfadf7-990c-4b36-a8c6-65dc53157ae3), after_update {{(pid=102102) _notify_loop /opt/stack/data/venv/lib/python3.12/site-packages/neutron_lib/callbacks/manager.py:184}}
Apr 02 13:07:02.922713 np0000162946 devstack@neutron-api.service[102102]: DEBUG neutron.api.rpc.handlers.resources_rpc [None req-d643b81a-b251-4840-9cc5-653f2bc5062c admin admin] Pushing event updated for resources: {'Port': ['ID=3dcfadf7-990c-4b36-a8c6-65dc53157ae3,revision_number=2']} {{(pid=102102) push /opt/stack/neutron/neutron/api/rpc/handlers/resources_rpc.py:237}}
Apr 02 13:07:03.019907 np0000162946 devstack@neutron-api.service[102102]: DEBUG ovsdbapp.backend.ovs_idl.transaction [None req-2af38c8c-4ec1-4331-9615-9bcae73725e2 None None] Running txn n=1 command(idx=0): CheckRevisionNumberCommand(_result=None, name=3dcfadf7-990c-4b36-a8c6-65dc53157ae3, resource={'id': '3dcfadf7-990c-4b36-a8c6-65dc53157ae3', 'name': '', 'network_id': 'b613b51f-71ed-48fe-9ef6-a4e7db78c419', 'project_id': 'b836ed5c7a7d47478a0dad4d8ac18e9c', 'mac_address': 'fa:16:3e:0e:6f:28', 'admin_state_up': True, 'status': 'DOWN', 'device_id': 'ovnmeta-b613b51f-71ed-48fe-9ef6-a4e7db78c419', 'device_owner': 'network:distributed', 'standard_attr_id': 44, 'fixed_ips': [{'subnet_id': '26f6e5b6-a783-423b-966c-aa920446614b', 'ip_address': '10.2.5.1'}], 'allowed_address_pairs': [], 'extra_dhcp_opts': [], 'security_groups': [], 'description': '', 'binding:vnic_type': 'normal', 'binding:profile': {}, 'binding:host_id': '', 'binding:vif_type': 'unbound', 'binding:vif_details': {}, 'port_security_enabled': False, 'tags': [], 'created_at': '2026-04-02T13:07:01Z', 'updated_at': '2026-04-02T13:07:02Z', 'revision_number': 2, 'tenant_id': 'b836ed5c7a7d47478a0dad4d8ac18e9c', 'network': {'id': 'b613b51f-71ed-48fe-9ef6-a4e7db78c419', 'name': 'admin_net', 'tenant_id': 'b836ed5c7a7d47478a0dad4d8ac18e9c', 'project_id': 'b836ed5c7a7d47478a0dad4d8ac18e9c', 'admin_state_up': True, 'mtu': 1372, 'status': 'ACTIVE', 'subnets': ['26f6e5b6-a783-423b-966c-aa920446614b'], 'standard_attr_id': 42, 'shared': False, 'availability_zone_hints': [], 'availability_zones': [], 'ipv4_address_scope': None, 'ipv6_address_scope': None, 'router:external': False, 'qinq': False, 'vlan_transparent': False, 'description': '', 'port_security_enabled': True, 'tags': [], 'created_at': '2026-04-02T13:07:01Z', 'updated_at': '2026-04-02T13:07:02Z', 'revision_number': 2, 'provider:network_type': 'geneve', 'provider:physical_network': None, 'provider:segmentation_id': 51228}}, resource_type=ports, if_exists=True) {{(pid=102102) do_commit /opt/stack/data/venv/lib/python3.12/site-packages/ovsdbapp/backend/ovs_idl/transaction.py:89}}
Apr 02 13:07:03.020663 np0000162946 devstack@neutron-api.service[102102]: DEBUG ovsdbapp.backend.ovs_idl.transaction [None req-2af38c8c-4ec1-4331-9615-9bcae73725e2 None None] Running txn n=1 command(idx=1): AddDHCPOptionsCommand(_result=None, columns={'cidr': '10.2.5.0/24', 'options': {'server_id': '10.2.5.1', 'lease_time': '43200', 'mtu': '1372', 'server_mac': 'fa:16:3e:f7:21:0c', 'dns_server': '{127.0.0.53}', 'classless_static_route': '{169.254.169.254/32,10.2.5.1}'}, 'external_ids': {'subnet_id': '26f6e5b6-a783-423b-966c-aa920446614b', 'neutron:network_id': 'b613b51f-71ed-48fe-9ef6-a4e7db78c419', 'neutron:revision_number': '0'}}, may_exist=True, subnet_id=26f6e5b6-a783-423b-966c-aa920446614b, port_id=None, new_insert=False) {{(pid=102102) do_commit /opt/stack/data/venv/lib/python3.12/site-packages/ovsdbapp/backend/ovs_idl/transaction.py:89}}
Apr 02 13:07:03.021376 np0000162946 devstack@neutron-api.service[102102]: DEBUG ovsdbapp.backend.ovs_idl.transaction [None req-2af38c8c-4ec1-4331-9615-9bcae73725e2 None None] Running txn n=1 command(idx=2): SetLSwitchPortCommand(_result=None, lport=3dcfadf7-990c-4b36-a8c6-65dc53157ae3, external_ids_update=None, columns={'external_ids': {'neutron:port_name': '', 'neutron:device_id': 'ovnmeta-b613b51f-71ed-48fe-9ef6-a4e7db78c419', 'neutron:project_id': 'b836ed5c7a7d47478a0dad4d8ac18e9c', 'neutron:cidrs': '10.2.5.1/24', 'neutron:device_owner': 'network:distributed', 'neutron:subnet_pool_addr_scope4': '', 'neutron:subnet_pool_addr_scope6': '', 'neutron:network_name': 'neutron-b613b51f-71ed-48fe-9ef6-a4e7db78c419', 'neutron:security_group_ids': '', 'neutron:revision_number': '2', 'neutron:vnic_type': 'normal', 'neutron:port_capabilities': '', 'neutron:mtu': ''}, 'parent_name': [], 'tag': [], 'options': {}, 'enabled': True, 'port_security': [], 'dhcpv4_options': [], 'dhcpv6_options': [], 'type': 'localport', 'addresses': ['fa:16:3e:0e:6f:28 10.2.5.1'], 'ha_chassis_group': []}, if_exists=False) {{(pid=102102) do_commit /opt/stack/data/venv/lib/python3.12/site-packages/ovsdbapp/backend/ovs_idl/transaction.py:89}}
Apr 02 13:07:03.023198 np0000162946 devstack@neutron-api.service[102102]: DEBUG ovsdbapp.backend.ovs_idl.transaction [None req-2af38c8c-4ec1-4331-9615-9bcae73725e2 None None] Running txn n=1 command(idx=3): PgDelPortCommand(_result=None, port_group=neutron_pg_drop, lsp=['3dcfadf7-990c-4b36-a8c6-65dc53157ae3'], if_exists=False) {{(pid=102102) do_commit /opt/stack/data/venv/lib/python3.12/site-packages/ovsdbapp/backend/ovs_idl/transaction.py:89}}
Apr 02 13:07:03.065996 np0000162946 devstack@neutron-api.service[102102]: DEBUG neutron.plugins.ml2.drivers.ovn.mech_driver.ovsdb.ovsdb_monitor [None req-2af38c8c-4ec1-4331-9615-9bcae73725e2 None None] Touching Hash Ring node "22953b6b1246539e9a891befe91bf7c5" from IDL notify handler {{(pid=102102) notify /opt/stack/neutron/neutron/plugins/ml2/drivers/ovn/mech_driver/ovsdb/ovsdb_monitor.py:904}}
Apr 02 13:07:03.066637 np0000162946 devstack@neutron-api.service[102104]: DEBUG neutron.plugins.ml2.drivers.ovn.mech_driver.ovsdb.ovsdb_monitor [None req-9cb9e367-81bd-4623-8ce0-4aef11a31476 None None] Touching Hash Ring node "11f67b666a9350f4a21db23f90b8b0a5" from IDL notify handler {{(pid=102104) notify /opt/stack/neutron/neutron/plugins/ml2/drivers/ovn/mech_driver/ovsdb/ovsdb_monitor.py:904}}
Apr 02 13:07:03.072257 np0000162946 devstack@neutron-api.service[102104]: DEBUG neutron.plugins.ml2.drivers.ovn.mech_driver.ovsdb.ovsdb_monitor [None req-00bf0fa1-57f7-4785-a5a9-5c87a35822c3 None None] Touching Hash Ring node "11f67b666a9350f4a21db23f90b8b0a5" from IDL notify handler {{(pid=102104) notify /opt/stack/neutron/neutron/plugins/ml2/drivers/ovn/mech_driver/ovsdb/ovsdb_monitor.py:904}}
Apr 02 13:07:03.076556 np0000162946 devstack@neutron-api.service[102102]: DEBUG neutron.plugins.ml2.drivers.ovn.mech_driver.ovsdb.ovsdb_monitor [None req-2af38c8c-4ec1-4331-9615-9bcae73725e2 None None] Hash Ring: Node 22953b6b1246539e9a891befe91bf7c5 (host: np0000162946) handling event "create" for row ba1c3116-4021-4c9e-a759-315ee046d940 (table: DHCP_Options) {{(pid=102102) notify /opt/stack/neutron/neutron/plugins/ml2/drivers/ovn/mech_driver/ovsdb/ovsdb_monitor.py:912}}
Apr 02 13:07:03.080343 np0000162946 devstack@neutron-api.service[102104]: DEBUG neutron.plugins.ml2.drivers.ovn.mech_driver.ovsdb.ovsdb_monitor [None req-9cb9e367-81bd-4623-8ce0-4aef11a31476 None None] Hash Ring: Node 11f67b666a9350f4a21db23f90b8b0a5 (host: np0000162946) handling event "update" for row d9dee9e4-6166-418b-b634-0af6861799dc (table: Logical_Switch_Port) {{(pid=102104) notify /opt/stack/neutron/neutron/plugins/ml2/drivers/ovn/mech_driver/ovsdb/ovsdb_monitor.py:912}}
Apr 02 13:07:03.081408 np0000162946 devstack@neutron-api.service[102104]: DEBUG neutron.plugins.ml2.drivers.ovn.mech_driver.ovsdb.ovsdb_monitor [None req-00bf0fa1-57f7-4785-a5a9-5c87a35822c3 None None] Hash Ring: Node 11f67b666a9350f4a21db23f90b8b0a5 (host: np0000162946) handling event "update" for row 4ecbe2e7-9f84-412e-97d8-1f6ca1f890da (table: Port_Binding) {{(pid=102104) notify /opt/stack/neutron/neutron/plugins/ml2/drivers/ovn/mech_driver/ovsdb/ovsdb_monitor.py:912}}
Apr 02 13:07:03.108692 np0000162946 devstack@neutron-api.service[102102]: INFO neutron.db.ovn_revision_numbers_db [None req-d643b81a-b251-4840-9cc5-653f2bc5062c admin admin] Successfully bumped revision number for resource 3dcfadf7-990c-4b36-a8c6-65dc53157ae3 (type: ports) to 2
Apr 02 13:07:03.118622 np0000162946 devstack@neutron-api.service[102102]: DEBUG neutron.plugins.ml2.plugin [None req-d643b81a-b251-4840-9cc5-653f2bc5062c admin admin] In _notify_port_updated(), no bound segment for port 3dcfadf7-990c-4b36-a8c6-65dc53157ae3 on network b613b51f-71ed-48fe-9ef6-a4e7db78c419 {{(pid=102102) _notify_port_updated /opt/stack/neutron/neutron/plugins/ml2/plugin.py:1036}}
Apr 02 13:07:03.138591 np0000162946 devstack@neutron-api.service[102102]: INFO neutron.db.ovn_revision_numbers_db [None req-d643b81a-b251-4840-9cc5-653f2bc5062c admin admin] Successfully bumped revision number for resource 26f6e5b6-a783-423b-966c-aa920446614b (type: subnets) to 0
Apr 02 13:07:03.142330 np0000162946 devstack@neutron-api.service[102102]: DEBUG neutron.pecan_wsgi.hooks.policy_enforcement [None req-d643b81a-b251-4840-9cc5-653f2bc5062c admin admin] Attributes excluded by policy engine: ['standard_attr_id', 'shared', 'network'] {{(pid=102102) _exclude_attributes_by_policy /opt/stack/neutron/neutron/pecan_wsgi/hooks/policy_enforcement.py:258}}
Apr 02 13:07:03.142935 np0000162946 devstack@neutron-api.service[102102]: DEBUG neutron_lib.callbacks.manager [None req-d643b81a-b251-4840-9cc5-653f2bc5062c admin admin] Publish callbacks [] for subnet (None), before_response {{(pid=102102) _notify_loop /opt/stack/data/venv/lib/python3.12/site-packages/neutron_lib/callbacks/manager.py:184}}
Apr 02 13:07:03.158753 np0000162946 devstack@neutron-api.service[102102]: [pid: 102102|app: 0|req: 25/99] 199.204.45.23 () {68 vars in 1348 bytes} [Thu Apr 2 13:07:02 2026] POST /networking/v2.0/subnets => generated 625 bytes in 600 msecs (HTTP/1.1 201) 4 headers in 162 bytes (1 switches on core 0)
Apr 02 13:07:03.362579 np0000162946 devstack@neutron-api.service[102104]: INFO neutron.pecan_wsgi.hooks.translation [None req-67cc6301-4fce-443e-a5c0-5dfc62b0706a admin admin] GET failed (client error): The resource could not be found.
Apr 02 13:07:03.363197 np0000162946 devstack@neutron-api.service[102104]: [pid: 102104|app: 0|req: 25/100] 199.204.45.23 () {64 vars in 1333 bytes} [Thu Apr 2 13:07:03 2026] GET /networking/v2.0/subnets/admin_subnet => generated 112 bytes in 13 msecs (HTTP/1.1 404) 4 headers in 164 bytes (1 switches on core 0)
Apr 02 13:07:03.395789 np0000162946 devstack@neutron-api.service[102103]: DEBUG neutron.pecan_wsgi.hooks.policy_enforcement [None req-db3543ee-b945-4105-b2b2-955458341017 admin admin] Attributes excluded by policy engine: ['standard_attr_id', 'shared'] {{(pid=102103) _exclude_attributes_by_policy /opt/stack/neutron/neutron/pecan_wsgi/hooks/policy_enforcement.py:258}}
Apr 02 13:07:03.396468 np0000162946 devstack@neutron-api.service[102103]: [pid: 102103|app: 0|req: 25/101] 199.204.45.23 () {64 vars in 1342 bytes} [Thu Apr 2 13:07:03 2026] GET /networking/v2.0/subnets?name=admin_subnet => generated 628 bytes in 23 msecs (HTTP/1.1 200) 4 headers in 157 bytes (1 switches on core 0)
Apr 02 13:07:05.484483 np0000162946 devstack@neutron-api.service[102101]: DEBUG neutron.plugins.ml2.drivers.ovn.mech_driver.ovsdb.ovsdb_monitor [None req-956c1713-d00c-4162-b16a-0de3a1f8ac2b None None] ChassisOVNAgentWriteEvent : Matched Chassis_Private, update, None None {{(pid=102101) matches /opt/stack/neutron/neutron/plugins/ml2/drivers/ovn/mech_driver/ovsdb/ovsdb_monitor.py:64}}
Apr 02 13:07:05.485406 np0000162946 devstack@neutron-api.service[102102]: DEBUG neutron.plugins.ml2.drivers.ovn.mech_driver.ovsdb.ovsdb_monitor [None req-415f14b9-f4ca-4cd2-8c16-79ffc120d1ca None None] ChassisOVNAgentWriteEvent : Matched Chassis_Private, update, None None {{(pid=102102) matches /opt/stack/neutron/neutron/plugins/ml2/drivers/ovn/mech_driver/ovsdb/ovsdb_monitor.py:64}}
Apr 02 13:07:05.485943 np0000162946 devstack@neutron-api.service[102104]: DEBUG neutron.plugins.ml2.drivers.ovn.mech_driver.ovsdb.ovsdb_monitor [None req-00bf0fa1-57f7-4785-a5a9-5c87a35822c3 None None] ChassisOVNAgentWriteEvent : Matched Chassis_Private, update, None None {{(pid=102104) matches /opt/stack/neutron/neutron/plugins/ml2/drivers/ovn/mech_driver/ovsdb/ovsdb_monitor.py:64}}
Apr 02 13:07:05.486448 np0000162946 devstack@neutron-api.service[102103]: DEBUG neutron.plugins.ml2.drivers.ovn.mech_driver.ovsdb.ovsdb_monitor [None req-21ac0b55-e524-4ef9-a735-373fa7b5ccbf None None] ChassisOVNAgentWriteEvent : Matched Chassis_Private, update, None None {{(pid=102103) matches /opt/stack/neutron/neutron/plugins/ml2/drivers/ovn/mech_driver/ovsdb/ovsdb_monitor.py:64}}
Apr 02 13:07:05.487264 np0000162946 devstack@neutron-api.service[102103]: DEBUG neutron.plugins.ml2.drivers.ovn.mech_driver.ovsdb.ovsdb_monitor [None req-21ac0b55-e524-4ef9-a735-373fa7b5ccbf None None] Touching Hash Ring node "a3e5a32a6c6252009a56b242089c762b" from IDL notify handler {{(pid=102103) notify /opt/stack/neutron/neutron/plugins/ml2/drivers/ovn/mech_driver/ovsdb/ovsdb_monitor.py:904}}
Apr 02 13:07:05.496019 np0000162946 devstack@neutron-api.service[102103]: DEBUG neutron.plugins.ml2.drivers.ovn.mech_driver.ovsdb.ovsdb_monitor [None req-21ac0b55-e524-4ef9-a735-373fa7b5ccbf None None] Hash Ring: Node a3e5a32a6c6252009a56b242089c762b (host: np0000162946) handling event "update" for row 08910200-a66a-4b1e-beeb-3f622325d487 (table: Chassis_Private) {{(pid=102103) notify /opt/stack/neutron/neutron/plugins/ml2/drivers/ovn/mech_driver/ovsdb/ovsdb_monitor.py:912}}
Apr 02 13:07:08.115912 np0000162946 devstack@neutron-api.service[102101]: [pid: 102101|app: 0|req: 27/102] 199.204.45.23 () {64 vars in 1362 bytes} [Thu Apr 2 13:07:08 2026] GET /networking/v2.0/ports?device_id=manila-admin-share&binding%3Ahost_id=np0000162946 => generated 12 bytes in 68 msecs (HTTP/1.1 200) 4 headers in 156 bytes (1 switches on core 0)
Apr 02 13:07:08.162722 np0000162946 devstack@neutron-api.service[102102]: DEBUG neutron.api.wsgi [None req-b0cc5930-d782-4da9-aa7c-79f7163665ef service neutron] Missing Content-Type {{(pid=102102) get_content_type /opt/stack/neutron/neutron/api/wsgi.py:85}}
Apr 02 13:07:08.163846 np0000162946 devstack@neutron-api.service[102102]: DEBUG neutron.api.wsgi [None req-b0cc5930-d782-4da9-aa7c-79f7163665ef service neutron] https://199.204.45.23/networking/v2.0/extensions returned with HTTP 200 {{(pid=102102) __call__ /opt/stack/neutron/neutron/api/wsgi.py:545}}
Apr 02 13:07:08.164374 np0000162946 devstack@neutron-api.service[102102]: [pid: 102102|app: 0|req: 26/103] 199.204.45.23 () {64 vars in 1258 bytes} [Thu Apr 2 13:07:08 2026] GET /networking/v2.0/extensions => generated 15208 bytes in 6 msecs (HTTP/1.1 200) 4 headers in 159 bytes (1 switches on core 0)
Apr 02 13:07:08.207419 np0000162946 devstack@neutron-api.service[102104]: DEBUG neutron.api.v2.base [None req-323e0447-85d5-42b3-8d48-0ad0f75a713a service neutron] Request body: {'port': {'network_id': 'b613b51f-71ed-48fe-9ef6-a4e7db78c419', 'admin_state_up': True, 'tenant_id': 'b836ed5c7a7d47478a0dad4d8ac18e9c', 'port_security_enabled': False, 'binding:host_id': 'np0000162946', 'fixed_ips': [{'subnet_id': '26f6e5b6-a783-423b-966c-aa920446614b'}], 'device_owner': 'manila:share', 'device_id': 'manila-admin-share'}} {{(pid=102104) prepare_request_body /opt/stack/neutron/neutron/api/v2/base.py:729}}
Apr 02 13:07:08.224500 np0000162946 devstack@neutron-api.service[102104]: DEBUG neutron.pecan_wsgi.hooks.quota_enforcement [None req-323e0447-85d5-42b3-8d48-0ad0f75a713a service neutron] Made reservation on behalf of b836ed5c7a7d47478a0dad4d8ac18e9c for: {'port': 1} {{(pid=102104) before /opt/stack/neutron/neutron/pecan_wsgi/hooks/quota_enforcement.py:66}}
Apr 02 13:07:08.229741 np0000162946 devstack@neutron-api.service[102104]: DEBUG neutron_lib.callbacks.manager [None req-323e0447-85d5-42b3-8d48-0ad0f75a713a service neutron] Publish callbacks ['neutron.plugins.ml2.plugin.SecurityGroupDbMixin._ensure_default_security_group_handler-1307723'] for port (None), before_create {{(pid=102104) _notify_loop /opt/stack/data/venv/lib/python3.12/site-packages/neutron_lib/callbacks/manager.py:184}}
Apr 02 13:07:08.296475 np0000162946 devstack@neutron-api.service[102104]: DEBUG neutron.db.db_base_plugin_common [None req-323e0447-85d5-42b3-8d48-0ad0f75a713a service neutron] Allocated IP 10.2.5.207 (b613b51f-71ed-48fe-9ef6-a4e7db78c419/26f6e5b6-a783-423b-966c-aa920446614b/7159a9c3-cce7-44a6-8cc5-c1ecc80d674a) {{(pid=102104) _store_ip_allocation /opt/stack/neutron/neutron/db/db_base_plugin_common.py:131}}
Apr 02 13:07:08.355601 np0000162946 devstack@neutron-api.service[102104]: DEBUG neutron_lib.callbacks.manager [None req-323e0447-85d5-42b3-8d48-0ad0f75a713a service neutron] Publish callbacks ['neutron.plugins.ml2.drivers.ovn.mech_driver.mech_driver.OVNMechanismDriver._validate_allowed_address_pairs-369832'] for allowed_address_pair (7159a9c3-cce7-44a6-8cc5-c1ecc80d674a), before_create {{(pid=102104) _notify_loop /opt/stack/data/venv/lib/python3.12/site-packages/neutron_lib/callbacks/manager.py:184}}
Apr 02 13:07:08.357545 np0000162946 devstack@neutron-api.service[102104]: DEBUG neutron_lib.callbacks.manager [None req-323e0447-85d5-42b3-8d48-0ad0f75a713a service neutron] Publish callbacks [] for port (7159a9c3-cce7-44a6-8cc5-c1ecc80d674a), precommit_create {{(pid=102104) _notify_loop /opt/stack/data/venv/lib/python3.12/site-packages/neutron_lib/callbacks/manager.py:184}}
Apr 02 13:07:08.360450 np0000162946 devstack@neutron-api.service[102104]: DEBUG neutron.db.provisioning_blocks [None req-323e0447-85d5-42b3-8d48-0ad0f75a713a service neutron] Transition to ACTIVE for port object 7159a9c3-cce7-44a6-8cc5-c1ecc80d674a will not be triggered until provisioned by entity L2. {{(pid=102104) add_provisioning_component /opt/stack/neutron/neutron/db/provisioning_blocks.py:74}}
Apr 02 13:07:08.360575 np0000162946 devstack@neutron-api.service[102104]: DEBUG neutron.db.ovn_revision_numbers_db [None req-323e0447-85d5-42b3-8d48-0ad0f75a713a service neutron] create_initial_revision uuid=7159a9c3-cce7-44a6-8cc5-c1ecc80d674a, type=ports, rev=-1 {{(pid=102104) create_initial_revision /opt/stack/neutron/neutron/db/ovn_revision_numbers_db.py:98}}
Apr 02 13:07:08.372770 np0000162946 devstack@neutron-api.service[102104]: DEBUG neutron_lib.callbacks.manager [None req-323e0447-85d5-42b3-8d48-0ad0f75a713a service neutron] Publish callbacks ['neutron.plugins.ml2.ovo_rpc._ObjectChangeHandler.handle_event-6824517'] for port (7159a9c3-cce7-44a6-8cc5-c1ecc80d674a), after_create {{(pid=102104) _notify_loop /opt/stack/data/venv/lib/python3.12/site-packages/neutron_lib/callbacks/manager.py:184}}
Apr 02 13:07:08.395753 np0000162946 devstack@neutron-api.service[102104]: DEBUG neutron.api.rpc.handlers.resources_rpc [None req-323e0447-85d5-42b3-8d48-0ad0f75a713a service neutron] Pushing event updated for resources: {'Port': ['ID=7159a9c3-cce7-44a6-8cc5-c1ecc80d674a,revision_number=1']} {{(pid=102104) push /opt/stack/neutron/neutron/api/rpc/handlers/resources_rpc.py:237}}
Apr 02 13:07:08.432556 np0000162946 devstack@neutron-api.service[102104]: DEBUG ovsdbapp.backend.ovs_idl.transaction [None req-9cb9e367-81bd-4623-8ce0-4aef11a31476 None None] Running txn n=1 command(idx=0): AddLSwitchPortCommand(_result=None, lport=7159a9c3-cce7-44a6-8cc5-c1ecc80d674a, lswitch=neutron-b613b51f-71ed-48fe-9ef6-a4e7db78c419, may_exist=True, network_uuid=b613b51f-71ed-48fe-9ef6-a4e7db78c419, columns={'addresses': ['fa:16:3e:60:0f:e7 10.2.5.207', 'unknown'], 'external_ids': {'neutron:port_name': '', 'neutron:device_id': 'manila-admin-share', 'neutron:project_id': 'b836ed5c7a7d47478a0dad4d8ac18e9c', 'neutron:cidrs': '10.2.5.207/24', 'neutron:device_owner': 'manila:share', 'neutron:subnet_pool_addr_scope4': '', 'neutron:subnet_pool_addr_scope6': '', 'neutron:network_name': 'neutron-b613b51f-71ed-48fe-9ef6-a4e7db78c419', 'neutron:security_group_ids': '', 'neutron:revision_number': '1', 'neutron:vnic_type': 'normal', 'neutron:port_capabilities': '', 'neutron:mtu': ''}, 'parent_name': [], 'tag': [], 'enabled': True, 'options': {'requested-chassis': 'np0000162946'}, 'type': '', 'port_security': [], 'dhcpv4_options': [UUID('ba1c3116-4021-4c9e-a759-315ee046d940')], 'dhcpv6_options': []}) {{(pid=102104) do_commit /opt/stack/data/venv/lib/python3.12/site-packages/ovsdbapp/backend/ovs_idl/transaction.py:89}}
Apr 02 13:07:08.433722 np0000162946 devstack@neutron-api.service[102104]: DEBUG ovsdbapp.backend.ovs_idl.transaction [None req-9cb9e367-81bd-4623-8ce0-4aef11a31476 None None] Running txn n=1 command(idx=1): QoSDelCommand(_result=None, switch=neutron-b613b51f-71ed-48fe-9ef6-a4e7db78c419, conditions=[('direction', '=', 'to-lport'), ('priority', '=', 2002), ('match', '=', 'outport == "7159a9c3-cce7-44a6-8cc5-c1ecc80d674a"')], if_exists=True) {{(pid=102104) do_commit /opt/stack/data/venv/lib/python3.12/site-packages/ovsdbapp/backend/ovs_idl/transaction.py:89}}
Apr 02 13:07:08.434326 np0000162946 devstack@neutron-api.service[102104]: DEBUG ovsdbapp.backend.ovs_idl.transaction [None req-9cb9e367-81bd-4623-8ce0-4aef11a31476 None None] Running txn n=1 command(idx=2): QoSDelCommand(_result=None, switch=neutron-b613b51f-71ed-48fe-9ef6-a4e7db78c419, conditions=[('direction', '=', 'from-lport'), ('priority', '=', 2002), ('match', '=', 'inport == "7159a9c3-cce7-44a6-8cc5-c1ecc80d674a"')], if_exists=True) {{(pid=102104) do_commit /opt/stack/data/venv/lib/python3.12/site-packages/ovsdbapp/backend/ovs_idl/transaction.py:89}}
Apr 02 13:07:08.446306 np0000162946 devstack@neutron-api.service[102101]: DEBUG neutron.plugins.ml2.drivers.ovn.mech_driver.ovsdb.ovsdb_monitor [None req-956c1713-d00c-4162-b16a-0de3a1f8ac2b None None] Hash Ring: Node dced9c43609951bc9e86bb0d62e689ca (host: np0000162946) handling event "create" for row 7b3766be-3c81-429b-959f-4cd92857f7e0 (table: Port_Binding) {{(pid=102101) notify /opt/stack/neutron/neutron/plugins/ml2/drivers/ovn/mech_driver/ovsdb/ovsdb_monitor.py:912}}
Apr 02 13:07:08.446918 np0000162946 devstack@neutron-api.service[102104]: DEBUG neutron.plugins.ml2.drivers.ovn.mech_driver.ovsdb.ovsdb_monitor [None req-9cb9e367-81bd-4623-8ce0-4aef11a31476 None None] Touching Hash Ring node "11f67b666a9350f4a21db23f90b8b0a5" from IDL notify handler {{(pid=102104) notify /opt/stack/neutron/neutron/plugins/ml2/drivers/ovn/mech_driver/ovsdb/ovsdb_monitor.py:904}}
Apr 02 13:07:08.449323 np0000162946 devstack@neutron-api.service[102101]: DEBUG neutron.plugins.ml2.drivers.ovn.mech_driver.ovsdb.ovsdb_monitor [None req-77741303-f948-4ea4-8dec-d96705ff4b0f None None] Touching Hash Ring node "dced9c43609951bc9e86bb0d62e689ca" from IDL notify handler {{(pid=102101) notify /opt/stack/neutron/neutron/plugins/ml2/drivers/ovn/mech_driver/ovsdb/ovsdb_monitor.py:904}}
Apr 02 13:07:08.458188 np0000162946 devstack@neutron-api.service[102104]: DEBUG neutron.plugins.ml2.drivers.ovn.mech_driver.ovsdb.ovsdb_monitor [None req-9cb9e367-81bd-4623-8ce0-4aef11a31476 None None] Hash Ring: Node 11f67b666a9350f4a21db23f90b8b0a5 (host: np0000162946) handling event "create" for row b31cce96-90e4-4c95-b0f1-c056e3d35b99 (table: Logical_Switch_Port) {{(pid=102104) notify /opt/stack/neutron/neutron/plugins/ml2/drivers/ovn/mech_driver/ovsdb/ovsdb_monitor.py:912}}
Apr 02 13:07:08.459429 np0000162946 devstack@neutron-api.service[102104]: DEBUG ovsdbapp.backend.ovs_idl.event [None req-9cb9e367-81bd-4623-8ce0-4aef11a31476 None None] Matched CREATE: LogicalSwitchPortCreateEvent(events=('create',), table='Logical_Switch_Port', conditions=[], old_conditions=None), priority=20 to row=Logical_Switch_Port(uuid=b31cce96-90e4-4c95-b0f1-c056e3d35b99, addresses=['fa:16:3e:60:0f:e7 10.2.5.207', 'unknown'], dhcpv4_options=ba1c3116-4021-4c9e-a759-315ee046d940, dhcpv6_options=[], dynamic_addresses=[], enabled=True, external_ids={'neutron:cidrs': '10.2.5.207/24', 'neutron:device_id': 'manila-admin-share', 'neutron:device_owner': 'manila:share', 'neutron:mtu': '', 'neutron:network_name': 'neutron-b613b51f-71ed-48fe-9ef6-a4e7db78c419', 'neutron:port_capabilities': '', 'neutron:port_name': '', 'neutron:project_id': 'b836ed5c7a7d47478a0dad4d8ac18e9c', 'neutron:revision_number': '1', 'neutron:security_group_ids': '', 'neutron:subnet_pool_addr_scope4': '', 'neutron:subnet_pool_addr_scope6': '', 'neutron:vnic_type': 'normal'}, ha_chassis_group=[], mirror_rules=[], name='7159a9c3-cce7-44a6-8cc5-c1ecc80d674a', options={'requested-chassis': 'np0000162946'}, parent_name=[], port_security=[], tag=[], tag_request=[], type='', up=[]) old= {{(pid=102104) matches /opt/stack/data/venv/lib/python3.12/site-packages/ovsdbapp/backend/ovs_idl/event.py:55}}
Apr 02 13:07:08.461967 np0000162946 devstack@neutron-api.service[102104]: INFO neutron.plugins.ml2.drivers.ovn.mech_driver.mech_driver [None req-6a331af0-75e8-4628-bb67-13a7b67d6b5a None None] OVN reports status down for port: 7159a9c3-cce7-44a6-8cc5-c1ecc80d674a
Apr 02 13:07:08.462165 np0000162946 devstack@neutron-api.service[102101]: DEBUG neutron.plugins.ml2.drivers.ovn.mech_driver.ovsdb.ovsdb_monitor [None req-77741303-f948-4ea4-8dec-d96705ff4b0f None None] Hash Ring: Node dced9c43609951bc9e86bb0d62e689ca (host: np0000162946) handling event "update" for row b613b51f-71ed-48fe-9ef6-a4e7db78c419 (table: Logical_Switch) {{(pid=102101) notify /opt/stack/neutron/neutron/plugins/ml2/drivers/ovn/mech_driver/ovsdb/ovsdb_monitor.py:912}}
Apr 02 13:07:08.462668 np0000162946 devstack@neutron-api.service[102104]: DEBUG neutron.plugins.ml2.drivers.ovn.mech_driver.ovsdb.ovsdb_monitor [None req-9cb9e367-81bd-4623-8ce0-4aef11a31476 None None] Touching Hash Ring node "11f67b666a9350f4a21db23f90b8b0a5" from IDL notify handler {{(pid=102104) notify /opt/stack/neutron/neutron/plugins/ml2/drivers/ovn/mech_driver/ovsdb/ovsdb_monitor.py:904}}
Apr 02 13:07:08.466289 np0000162946 devstack@neutron-api.service[102104]: DEBUG neutron.plugins.ml2.drivers.ovn.mech_driver.ovsdb.ovsdb_monitor [None req-9cb9e367-81bd-4623-8ce0-4aef11a31476 None None] Hash Ring: Node 11f67b666a9350f4a21db23f90b8b0a5 (host: np0000162946) handling event "update" for row b31cce96-90e4-4c95-b0f1-c056e3d35b99 (table: Logical_Switch_Port) {{(pid=102104) notify /opt/stack/neutron/neutron/plugins/ml2/drivers/ovn/mech_driver/ovsdb/ovsdb_monitor.py:912}}
Apr 02 13:07:08.523891 np0000162946 devstack@neutron-api.service[102104]: DEBUG neutron.db.provisioning_blocks [None req-6a331af0-75e8-4628-bb67-13a7b67d6b5a None None] Ignored duplicate provisioning block setup for port 7159a9c3-cce7-44a6-8cc5-c1ecc80d674a by entity L2. {{(pid=102104) add_provisioning_component /opt/stack/neutron/neutron/db/provisioning_blocks.py:69}}
Apr 02 13:07:08.529346 np0000162946 devstack@neutron-api.service[102104]: INFO neutron.db.ovn_revision_numbers_db [None req-323e0447-85d5-42b3-8d48-0ad0f75a713a service neutron] Successfully bumped revision number for resource 7159a9c3-cce7-44a6-8cc5-c1ecc80d674a (type: ports) to 1
Apr 02 13:07:08.562035 np0000162946 devstack@neutron-api.service[102104]: DEBUG neutron.plugins.ml2.managers [None req-323e0447-85d5-42b3-8d48-0ad0f75a713a service neutron] Attempting to bind port 7159a9c3-cce7-44a6-8cc5-c1ecc80d674a on host np0000162946 for vnic_type normal with profile {{(pid=102104) bind_port /opt/stack/neutron/neutron/plugins/ml2/managers.py:814}}
Apr 02 13:07:08.562289 np0000162946 devstack@neutron-api.service[102104]: DEBUG neutron.plugins.ml2.managers [None req-323e0447-85d5-42b3-8d48-0ad0f75a713a service neutron] Attempting to bind port 7159a9c3-cce7-44a6-8cc5-c1ecc80d674a by drivers ovn on host np0000162946 at level 0 using segments [{'id': '947f002e-c7f1-40e3-ad58-1554d3ef12ec', 'network_type': 'geneve', 'physical_network': None, 'segmentation_id': 51228, 'network_id': 'b613b51f-71ed-48fe-9ef6-a4e7db78c419'}] {{(pid=102104) _bind_port_level /opt/stack/neutron/neutron/plugins/ml2/managers.py:839}}
Apr 02 13:07:08.563872 np0000162946 devstack@neutron-api.service[102104]: DEBUG neutron.plugins.ml2.drivers.ovn.mech_driver.mech_driver [None req-323e0447-85d5-42b3-8d48-0ad0f75a713a service neutron] Attempting to bind port 7159a9c3-cce7-44a6-8cc5-c1ecc80d674a on host np0000162946 for network segment with type geneve, segmentation ID 51228, physical network None {{(pid=102104) bind_port /opt/stack/neutron/neutron/plugins/ml2/drivers/ovn/mech_driver/mech_driver.py:1194}}
Apr 02 13:07:08.564608 np0000162946 devstack@neutron-api.service[102104]: DEBUG neutron.plugins.ml2.managers [None req-323e0447-85d5-42b3-8d48-0ad0f75a713a service neutron] Bound port: 7159a9c3-cce7-44a6-8cc5-c1ecc80d674a, host: np0000162946, vif_type: ovs, vif_details: {"port_filter": true, "connectivity": "l2", "ovs_create_tap": false, "bridge_name": "br-int", "datapath_type": "system"}, binding_levels: [{'bound_driver': 'ovn', 'bound_segment': {'id': '947f002e-c7f1-40e3-ad58-1554d3ef12ec', 'network_type': 'geneve', 'physical_network': None, 'segmentation_id': 51228, 'network_id': 'b613b51f-71ed-48fe-9ef6-a4e7db78c419'}}] {{(pid=102104) _bind_port_level /opt/stack/neutron/neutron/plugins/ml2/managers.py:950}}
Apr 02 13:07:08.564844 np0000162946 devstack@neutron-api.service[102104]: DEBUG neutron_lib.callbacks.manager [None req-323e0447-85d5-42b3-8d48-0ad0f75a713a service neutron] Publish callbacks ['neutron.plugins.ml2.plugin.SecurityGroupDbMixin._ensure_default_security_group_handler-1307723', 'neutron.services.ovn_l3.plugin.OVNL3RouterPlugin._port_update-7948502312950', 'neutron.db.l3_db.L3_NAT_dbonly_mixin._prevent_internal_ip_change_for_fip-7948503843660'] for port (7159a9c3-cce7-44a6-8cc5-c1ecc80d674a), before_update {{(pid=102104) _notify_loop /opt/stack/data/venv/lib/python3.12/site-packages/neutron_lib/callbacks/manager.py:184}}
Apr 02 13:07:08.583863 np0000162946 devstack@neutron-api.service[102104]: DEBUG neutron.plugins.ml2.plugin [None req-6a331af0-75e8-4628-bb67-13a7b67d6b5a None None] Current status of the port 7159a9c3-cce7-44a6-8cc5-c1ecc80d674a is: DOWN; New status is: DOWN {{(pid=102104) _update_individual_port_db_status /opt/stack/neutron/neutron/plugins/ml2/plugin.py:2468}}
Apr 02 13:07:08.586508 np0000162946 devstack@neutron-api.service[102104]: DEBUG ovsdbapp.backend.ovs_idl.transaction [None req-9cb9e367-81bd-4623-8ce0-4aef11a31476 None None] Running txn n=1 command(idx=0): DbRemoveCommand(_result=None, table=Logical_Switch_Port, record=7159a9c3-cce7-44a6-8cc5-c1ecc80d674a, column=external_ids, values=('neutron:host_id',), keyvalues={}, if_exists=True) {{(pid=102104) do_commit /opt/stack/data/venv/lib/python3.12/site-packages/ovsdbapp/backend/ovs_idl/transaction.py:89}}
Apr 02 13:07:08.630108 np0000162946 devstack@neutron-api.service[102104]: DEBUG neutron.plugins.ml2.db [None req-323e0447-85d5-42b3-8d48-0ad0f75a713a service neutron] For port 7159a9c3-cce7-44a6-8cc5-c1ecc80d674a, host np0000162946, cleared binding levels {{(pid=102104) clear_binding_levels /opt/stack/neutron/neutron/plugins/ml2/db.py:87}}
Apr 02 13:07:08.633909 np0000162946 devstack@neutron-api.service[102104]: DEBUG neutron.plugins.ml2.db [None req-323e0447-85d5-42b3-8d48-0ad0f75a713a service neutron] For port 7159a9c3-cce7-44a6-8cc5-c1ecc80d674a, host np0000162946, set binding levels [PortBindingLevel(driver='ovn',host='np0000162946',level=0,port_id=7159a9c3-cce7-44a6-8cc5-c1ecc80d674a,segment=NetworkSegment(947f002e-c7f1-40e3-ad58-1554d3ef12ec),segment_id=947f002e-c7f1-40e3-ad58-1554d3ef12ec)] {{(pid=102104) set_binding_levels /opt/stack/neutron/neutron/plugins/ml2/db.py:59}}
Apr 02 13:07:08.635494 np0000162946 devstack@neutron-api.service[102104]: DEBUG neutron.plugins.ml2.drivers.ovn.mech_driver.mech_driver [None req-323e0447-85d5-42b3-8d48-0ad0f75a713a service neutron] No provisioning block for port 7159a9c3-cce7-44a6-8cc5-c1ecc80d674a since host unchanged {{(pid=102104) _is_port_provisioning_required /opt/stack/neutron/neutron/plugins/ml2/drivers/ovn/mech_driver/mech_driver.py:889}}
