2026-07-09 04:42:04.042 9 INFO neutron.wsgi [None req-9fe6e594-a543-4b77-8db5-e8e6f9390739 2c7d36acc14a41b38e1156d9b79756dc 33b3cd7159eb423c8d28d778042da396 - - default default] 10.0.0.101 "POST /v2.0/networks HTTP/1.1" status: 201 len: 830 time: 0.9194276 /var/lib/openstack/lib/python3.10/site-packages/pycadf/identifier.py:71: UserWarning: Invalid uuid: neutron. To ensure interoperability, identifiers should be a valid uuid. warnings.warn(('Invalid uuid: %s. To ensure interoperability, '
2026-07-09 04:42:04.092 9 INFO neutron.db.ovn_revision_numbers_db [None req-a3e100cf-addb-45a1-b52d-20b26c009ef8 cd0aae0c2f474f2cb2c14456a301c3b4 b809e5e5db7c4170a41041cb04a8ce38 - - default default] Successfully bumped revision number for resource dc0d4eed-a84a-44d4-91c4-e948f96e3331 (type: ports) to 1
2026-07-09 04:42:04.157 9 WARNING neutron.scheduler.dhcp_agent_scheduler [None req-61f57909-675f-495d-a5b1-803e2ea5255a 9dc4878d478e4f5ebae76f35d6d50715 0b14e957a8b743f699f8b57aa9a6319b - - default default] No more DHCP agents
2026-07-09 04:42:04.160 9 WARNING neutron.api.rpc.agentnotifiers.dhcp_rpc_agent_api [None req-61f57909-675f-495d-a5b1-803e2ea5255a 9dc4878d478e4f5ebae76f35d6d50715 0b14e957a8b743f699f8b57aa9a6319b - - default default] Unable to schedule network 6b8b3b90-4c4d-4f7f-aee2-5f02b7adad1a: no agents available; will retry on subsequent port and subnet creation events.
2026-07-09 04:42:04.294 9 INFO neutron.db.ovn_revision_numbers_db [None req-61f57909-675f-495d-a5b1-803e2ea5255a 9dc4878d478e4f5ebae76f35d6d50715 0b14e957a8b743f699f8b57aa9a6319b - - default default] Successfully bumped revision number for resource f5d64062-b904-432d-8f97-5c226509c684 (type: ports) to 1
2026-07-09 04:42:04.301 10 WARNING neutron.scheduler.dhcp_agent_scheduler [None req-47eff9f0-1d9a-4dbf-a84b-c4ed65a988fc 2c7d36acc14a41b38e1156d9b79756dc 33b3cd7159eb423c8d28d778042da396 - - default default] No more DHCP agents
2026-07-09 04:42:04.304 10 WARNING neutron.api.rpc.agentnotifiers.dhcp_rpc_agent_api [None req-47eff9f0-1d9a-4dbf-a84b-c4ed65a988fc 2c7d36acc14a41b38e1156d9b79756dc 33b3cd7159eb423c8d28d778042da396 - - default default] Unable to schedule network 397d82b0-b0a7-46c7-a5a9-6ab91eec16ae: no agents available; will retry on subsequent port and subnet creation events.
2026-07-09 04:42:04.338 9 INFO neutron.wsgi [None req-61f57909-675f-495d-a5b1-803e2ea5255a 9dc4878d478e4f5ebae76f35d6d50715 0b14e957a8b743f699f8b57aa9a6319b - - default default] 10.0.0.101 "POST /v2.0/ports HTTP/1.1" status: 201 len: 942 time: 0.5945270 /var/lib/openstack/lib/python3.10/site-packages/pycadf/identifier.py:71: UserWarning: Invalid uuid: neutron. To ensure interoperability, identifiers should be a valid uuid. warnings.warn(('Invalid uuid: %s. To ensure interoperability, '
2026-07-09 04:42:04.406 10 WARNING neutron.plugins.ml2.drivers.ovn.mech_driver.ovsdb.ovn_client [None req-e397f195-ee57-495a-9fa2-aa8ede6a2fcb - - - - - -] No hosting information found for port 4d16775a-8eb3-44fd-8425-0a7b3c10ee8c: RuntimeError: No hosting information found for port 4d16775a-8eb3-44fd-8425-0a7b3c10ee8c
2026-07-09 04:42:04.414 10 INFO neutron.db.ovn_revision_numbers_db [None req-47eff9f0-1d9a-4dbf-a84b-c4ed65a988fc 2c7d36acc14a41b38e1156d9b79756dc 33b3cd7159eb423c8d28d778042da396 - - default default] Successfully bumped revision number for resource 630594a5-5ca1-4507-8d14-76a6d94dfb95 (type: ports) to 1
2026-07-09 04:42:04.450 10 INFO neutron.wsgi [None req-47eff9f0-1d9a-4dbf-a84b-c4ed65a988fc 2c7d36acc14a41b38e1156d9b79756dc 33b3cd7159eb423c8d28d778042da396 - - default default] 10.0.0.101 "POST /v2.0/ports HTTP/1.1" status: 201 len: 942 time: 0.4018567
2026-07-09 04:42:04.513 10 INFO neutron.wsgi [None req-158ae381-0640-4790-bf74-da12196655b7 2c7d36acc14a41b38e1156d9b79756dc 33b3cd7159eb423c8d28d778042da396 - - default default] 10.0.0.101 "PUT /v2.0/ports/ddcfcd25-e506-4838-ac1d-13d7a0acba32/tags HTTP/1.1" status: 200 len: 210 time: 0.0584733
2026-07-09 04:42:04.574 10 INFO neutron.wsgi [None req-d9ae6b3b-15a0-4779-b563-60a86241a4ec 2c7d36acc14a41b38e1156d9b79756dc 33b3cd7159eb423c8d28d778042da396 - - default default] 10.0.0.101 "PUT /v2.0/ports/e3fbb99e-d4b9-4aa8-a774-daec70240595/tags HTTP/1.1" status: 200 len: 218 time: 0.0507030
2026-07-09 04:42:04.638 10 INFO neutron.wsgi [None req-e0536bad-7a6f-464a-aac6-c1e4c723ac93 9dc4878d478e4f5ebae76f35d6d50715 0b14e957a8b743f699f8b57aa9a6319b - - default default] 10.0.0.101 "POST /v2.0/trunks HTTP/1.1" status: 201 len: 608 time: 0.2941840
2026-07-09 04:42:04.640 10 INFO neutron.wsgi [None req-3baae765-3640-4afa-8689-04d8dd0bc91d 2c7d36acc14a41b38e1156d9b79756dc 33b3cd7159eb423c8d28d778042da396 - - default default] 10.0.0.101 "PUT /v2.0/ports/7e19560c-a0d6-42e8-891a-86ee20316aea/tags HTTP/1.1" status: 200 len: 227 time: 0.0591724
2026-07-09 04:42:04.704 10 INFO neutron.wsgi [None req-f7b4c1ef-b8fe-447c-9248-d7aa10e9f25e 2c7d36acc14a41b38e1156d9b79756dc 33b3cd7159eb423c8d28d778042da396 - - default default] 10.0.0.101 "PUT /v2.0/ports/3789fb3c-9070-48fb-ad20-969563417716/tags HTTP/1.1" status: 200 len: 212 time: 0.0514820
2026-07-09 04:42:04.761 10 INFO neutron.db.segments_db [None req-ea228e8e-8cbf-4bc8-822a-04a77d373c91 9dc4878d478e4f5ebae76f35d6d50715 0b14e957a8b743f699f8b57aa9a6319b - - default default] Added segment 668005af-15ab-41bd-85f8-df1124e3deea of type geneve for network c637f41f-cbbc-4e75-a540-a06f664e6c7d
2026-07-09 04:42:04.926 10 INFO neutron.wsgi [None req-22d7065b-060d-48da-89fe-f9b9997cbfec 2c7d36acc14a41b38e1156d9b79756dc 33b3cd7159eb423c8d28d778042da396 - - default default] 10.0.0.101 "GET /v2.0/ports?tags=red HTTP/1.1" status: 200 len: 2448 time: 0.2170293
2026-07-09 04:42:04.977 10 INFO neutron.db.ovn_revision_numbers_db [None req-ea228e8e-8cbf-4bc8-822a-04a77d373c91 9dc4878d478e4f5ebae76f35d6d50715 0b14e957a8b743f699f8b57aa9a6319b - - default default] Successfully bumped revision number for resource c637f41f-cbbc-4e75-a540-a06f664e6c7d (type: networks) to 1
2026-07-09 04:42:04.995 10 INFO neutron.wsgi [None req-91eb5adf-2509-4ad0-9c72-9e5ab61fbce3 2c7d36acc14a41b38e1156d9b79756dc 33b3cd7159eb423c8d28d778042da396 - - default default] 10.0.0.101 "GET /v2.0/ports?tags=red%2Cblue HTTP/1.1" status: 200 len: 1708 time: 0.0576768
2026-07-09 04:42:05.060 10 INFO neutron.wsgi [None req-e1e6516e-127d-4b18-9820-2af2f118717a 2c7d36acc14a41b38e1156d9b79756dc 33b3cd7159eb423c8d28d778042da396 - - default default] 10.0.0.101 "GET /v2.0/ports?tags-any=blue HTTP/1.1" status: 200 len: 1708 time: 0.0556626 /var/lib/openstack/lib/python3.10/site-packages/pycadf/identifier.py:71: UserWarning: Invalid uuid: neutron. To ensure interoperability, identifiers should be a valid uuid. warnings.warn(('Invalid uuid: %s. To ensure interoperability, '
2026-07-09 04:42:05.175 10 INFO neutron.wsgi [req-9d9e7066-f380-45eb-83b9-81693351d026 req-067e03f6-b1d9-444b-b17f-c5e92c540520 6e675e500bae44548af8e2b38dc01156 fddc7f84f2ad4dfa9b5279b2c4872fd8 - - dc4e7848fc574f3a9055485e644bae63 dc4e7848fc574f3a9055485e644bae63] 10.0.0.66 "GET /v2.0/ports?device_id=da8bc588-abfe-4e24-a9cc-88b8849713f8 HTTP/1.1" status: 200 len: 1409 time: 0.0312757
2026-07-09 04:42:05.205 10 WARNING neutron.scheduler.dhcp_agent_scheduler [None req-ea228e8e-8cbf-4bc8-822a-04a77d373c91 9dc4878d478e4f5ebae76f35d6d50715 0b14e957a8b743f699f8b57aa9a6319b - - default default] No more DHCP agents
2026-07-09 04:42:05.209 10 WARNING neutron.api.rpc.agentnotifiers.dhcp_rpc_agent_api [None req-ea228e8e-8cbf-4bc8-822a-04a77d373c91 9dc4878d478e4f5ebae76f35d6d50715 0b14e957a8b743f699f8b57aa9a6319b - - default default] Unable to schedule network c637f41f-cbbc-4e75-a540-a06f664e6c7d: no agents available; will retry on subsequent port and subnet creation events.
2026-07-09 04:42:05.235 10 INFO neutron.wsgi [req-9d9e7066-f380-45eb-83b9-81693351d026 req-4f6e6273-139d-44af-9310-ed1d6972d97e 6e675e500bae44548af8e2b38dc01156 fddc7f84f2ad4dfa9b5279b2c4872fd8 - - dc4e7848fc574f3a9055485e644bae63 dc4e7848fc574f3a9055485e644bae63] 10.0.0.66 "GET /v2.0/security-groups?id=6a9668c8-4e82-454c-927a-abce80ef9d26&fields=id&fields=name HTTP/1.1" status: 200 len: 313 time: 0.0479524
2026-07-09 04:42:05.295 10 INFO neutron.db.ovn_revision_numbers_db [None req-ea228e8e-8cbf-4bc8-822a-04a77d373c91 9dc4878d478e4f5ebae76f35d6d50715 0b14e957a8b743f699f8b57aa9a6319b - - default default] Successfully bumped revision number for resource bbead35e-b19e-40d0-b21d-d4cef2095def (type: ports) to 1
2026-07-09 04:42:05.305 9 INFO neutron.wsgi [None req-dc6d5782-208c-42d0-9a81-79c7e0ae4ee2 2c7d36acc14a41b38e1156d9b79756dc 33b3cd7159eb423c8d28d778042da396 - - default default] 10.0.0.101 "GET /v2.0/ports?tags-any=red%2Cblue HTTP/1.1" status: 200 len: 2448 time: 0.2373598
2026-07-09 04:42:05.330 10 INFO neutron.wsgi [None req-ea228e8e-8cbf-4bc8-822a-04a77d373c91 9dc4878d478e4f5ebae76f35d6d50715 0b14e957a8b743f699f8b57aa9a6319b - - default default] 10.0.0.101 "POST /v2.0/networks HTTP/1.1" status: 201 len: 830 time: 0.6861284
2026-07-09 04:42:05.389 9 INFO neutron.plugins.ml2.drivers.ovn.mech_driver.mech_driver [None req-741ffbae-2623-4cd3-9090-0f8197765c2f - - - - - -] OVN reports status up for port: dc0d4eed-a84a-44d4-91c4-e948f96e3331
2026-07-09 04:42:05.421 9 INFO neutron.plugins.ml2.drivers.ovn.mech_driver.ovsdb.ovsdb_monitor [None req-3fea4fe8-187a-4dd2-b75d-c5a0ca8bcd46 - - - - - -] Router 35e1ae61-a1d0-45db-967b-3ad67e9f792b is bound to host instance
2026-07-09 04:42:05.423 9 INFO neutron.plugins.ml2.plugin [None req-741ffbae-2623-4cd3-9090-0f8197765c2f - - - - - -] Attempt 1 to provision port dc0d4eed-a84a-44d4-91c4-e948f96e3331
2026-07-09 04:42:05.490 9 INFO neutron.db.ovn_revision_numbers_db [None req-a3e100cf-addb-45a1-b52d-20b26c009ef8 cd0aae0c2f474f2cb2c14456a301c3b4 b809e5e5db7c4170a41041cb04a8ce38 - - default default] Successfully bumped revision number for resource dc0d4eed-a84a-44d4-91c4-e948f96e3331 (type: router_ports) to 1
2026-07-09 04:42:05.503 10 INFO neutron.wsgi [None req-188a2409-039a-4de6-a343-42712959d670 2c7d36acc14a41b38e1156d9b79756dc 33b3cd7159eb423c8d28d778042da396 - - default default] 10.0.0.101 "GET /v2.0/ports?not-tags=red HTTP/1.1" status: 200 len: 5463 time: 0.1918056
2026-07-09 04:42:05.685 10 WARNING neutron.scheduler.dhcp_agent_scheduler [None req-f95d165b-5bf8-4455-88e8-d268d607fcf6 9dc4878d478e4f5ebae76f35d6d50715 0b14e957a8b743f699f8b57aa9a6319b - - default default] No more DHCP agents
2026-07-09 04:42:05.689 10 WARNING neutron.api.rpc.agentnotifiers.dhcp_rpc_agent_api [None req-f95d165b-5bf8-4455-88e8-d268d607fcf6 9dc4878d478e4f5ebae76f35d6d50715 0b14e957a8b743f699f8b57aa9a6319b - - default default] Unable to schedule network c637f41f-cbbc-4e75-a540-a06f664e6c7d: no agents available; will retry on subsequent port and subnet creation events.
2026-07-09 04:42:05.698 9 INFO neutron.db.ovn_revision_numbers_db [None req-a3e100cf-addb-45a1-b52d-20b26c009ef8 cd0aae0c2f474f2cb2c14456a301c3b4 b809e5e5db7c4170a41041cb04a8ce38 - - default default] Successfully bumped revision number for resource 35e1ae61-a1d0-45db-967b-3ad67e9f792b (type: routers) to 2
2026-07-09 04:42:05.731 9 INFO neutron.wsgi [None req-a3e100cf-addb-45a1-b52d-20b26c009ef8 cd0aae0c2f474f2cb2c14456a301c3b4 b809e5e5db7c4170a41041cb04a8ce38 - - default default] 10.0.0.101 "POST /v2.0/routers HTTP/1.1" status: 201 len: 873 time: 2.7118919 /var/lib/openstack/lib/python3.10/site-packages/pycadf/identifier.py:71: UserWarning: Invalid uuid: neutron. To ensure interoperability, identifiers should be a valid uuid. warnings.warn(('Invalid uuid: %s. To ensure interoperability, '
2026-07-09 04:42:05.798 9 INFO neutron.wsgi [None req-5eddf918-e211-4157-8cea-fd51c8f32e2a 2c7d36acc14a41b38e1156d9b79756dc 33b3cd7159eb423c8d28d778042da396 - - default default] 10.0.0.101 "GET /v2.0/ports?not-tags=red%2Cblue HTTP/1.1" status: 200 len: 6203 time: 0.2794237
2026-07-09 04:42:05.811 10 INFO neutron.db.ovn_revision_numbers_db [None req-f95d165b-5bf8-4455-88e8-d268d607fcf6 9dc4878d478e4f5ebae76f35d6d50715 0b14e957a8b743f699f8b57aa9a6319b - - default default] Successfully bumped revision number for resource c94fde4f-a4f8-4bf6-bf25-544b5dd75cfd (type: ports) to 1
2026-07-09 04:42:05.849 10 INFO neutron.wsgi [None req-f95d165b-5bf8-4455-88e8-d268d607fcf6 9dc4878d478e4f5ebae76f35d6d50715 0b14e957a8b743f699f8b57aa9a6319b - - default default] 10.0.0.101 "POST /v2.0/ports HTTP/1.1" status: 201 len: 942 time: 0.5087750
2026-07-09 04:42:05.878 9 INFO neutron.wsgi [None req-9eba67a5-9be7-43ce-bb7e-5285ca4c56b8 2c7d36acc14a41b38e1156d9b79756dc 33b3cd7159eb423c8d28d778042da396 - - default default] 10.0.0.101 "GET /v2.0/ports?not-tags-any=blue HTTP/1.1" status: 200 len: 6203 time: 0.0742185
2026-07-09 04:42:05.940 9 INFO neutron.wsgi [None req-ed8cf240-91a0-4a63-b155-ec849ed9d8e5 2c7d36acc14a41b38e1156d9b79756dc 33b3cd7159eb423c8d28d778042da396 - - default default] 10.0.0.101 "GET /v2.0/ports?not-tags-any=red%2Cblue HTTP/1.1" status: 200 len: 5463 time: 0.0550976
2026-07-09 04:42:06.095 10 INFO neutron.wsgi [None req-c46a4cf0-da20-4eef-9be5-013390be1d05 9dc4878d478e4f5ebae76f35d6d50715 0b14e957a8b743f699f8b57aa9a6319b - - default default] 10.0.0.101 "POST /v2.0/trunks HTTP/1.1" status: 201 len: 608 time: 0.2408342
2026-07-09 04:42:06.202 10 INFO neutron.db.segments_db [None req-94db0aca-e9b1-41af-9493-31479a378ee6 9dc4878d478e4f5ebae76f35d6d50715 0b14e957a8b743f699f8b57aa9a6319b - - default default] Added segment 934fb12d-86d2-46cc-b75b-c737c8c1b4fb of type geneve for network 2c9ea230-8822-44ad-a958-4229f2e1a855
2026-07-09 04:42:06.257 10 WARNING neutron.scheduler.dhcp_agent_scheduler [None req-9fb47144-5a4a-43fc-8216-247c6920af88 cd0aae0c2f474f2cb2c14456a301c3b4 b809e5e5db7c4170a41041cb04a8ce38 - - default default] No more DHCP agents
2026-07-09 04:42:06.268 10 WARNING neutron.api.rpc.agentnotifiers.dhcp_rpc_agent_api [None req-9fb47144-5a4a-43fc-8216-247c6920af88 cd0aae0c2f474f2cb2c14456a301c3b4 b809e5e5db7c4170a41041cb04a8ce38 - - default default] Unable to schedule network 4297aa63-ae3a-4d15-b67f-49d1a51a785c: no agents available; will retry on subsequent port and subnet creation events.
2026-07-09 04:42:06.277 9 INFO neutron.wsgi [None req-cc121764-4ef9-405f-9653-326dd1b4812c 2c7d36acc14a41b38e1156d9b79756dc 33b3cd7159eb423c8d28d778042da396 - - default default] 10.0.0.101 "DELETE /v2.0/ports/ddcfcd25-e506-4838-ac1d-13d7a0acba32 HTTP/1.1" status: 204 len: 168 time: 0.3281243
2026-07-09 04:42:06.409 9 INFO neutron.db.ovn_revision_numbers_db [None req-3fea4fe8-187a-4dd2-b75d-c5a0ca8bcd46 - - - - - -] Successfully bumped revision number for resource dc0d4eed-a84a-44d4-91c4-e948f96e3331 (type: ports) to 1
2026-07-09 04:42:06.653 9 INFO neutron.wsgi [None req-ab90b40b-d1dc-4466-a58a-4ee6431b990f 2c7d36acc14a41b38e1156d9b79756dc 33b3cd7159eb423c8d28d778042da396 - - default default] 10.0.0.101 "DELETE /v2.0/ports/e3fbb99e-d4b9-4aa8-a774-daec70240595 HTTP/1.1" status: 204 len: 168 time: 0.3479767
2026-07-09 04:42:06.685 10 INFO neutron.db.ovn_revision_numbers_db [None req-94db0aca-e9b1-41af-9493-31479a378ee6 9dc4878d478e4f5ebae76f35d6d50715 0b14e957a8b743f699f8b57aa9a6319b - - default default] Successfully bumped revision number for resource 2c9ea230-8822-44ad-a958-4229f2e1a855 (type: networks) to 1
2026-07-09 04:42:06.844 10 INFO neutron.db.ovn_revision_numbers_db [None req-9fb47144-5a4a-43fc-8216-247c6920af88 cd0aae0c2f474f2cb2c14456a301c3b4 b809e5e5db7c4170a41041cb04a8ce38 - - default default] Successfully bumped revision number for resource 364176c0-1190-49ee-bb20-feba321904fa (type: ports) to 1
2026-07-09 04:42:06.964 10 WARNING neutron.scheduler.dhcp_agent_scheduler [None req-94db0aca-e9b1-41af-9493-31479a378ee6 9dc4878d478e4f5ebae76f35d6d50715 0b14e957a8b743f699f8b57aa9a6319b - - default default] No more DHCP agents
2026-07-09 04:42:06.967 10 WARNING neutron.api.rpc.agentnotifiers.dhcp_rpc_agent_api [None req-94db0aca-e9b1-41af-9493-31479a378ee6 9dc4878d478e4f5ebae76f35d6d50715 0b14e957a8b743f699f8b57aa9a6319b - - default default] Unable to schedule network 2c9ea230-8822-44ad-a958-4229f2e1a855: no agents available; will retry on subsequent port and subnet creation events.
2026-07-09 04:42:06.980 9 INFO neutron.db.ovn_revision_numbers_db [None req-3fea4fe8-187a-4dd2-b75d-c5a0ca8bcd46 - - - - - -] Successfully bumped revision number for resource dc0d4eed-a84a-44d4-91c4-e948f96e3331 (type: router_ports) to 3
2026-07-09 04:42:07.090 10 INFO neutron.db.ovn_revision_numbers_db [None req-94db0aca-e9b1-41af-9493-31479a378ee6 9dc4878d478e4f5ebae76f35d6d50715 0b14e957a8b743f699f8b57aa9a6319b - - default default] Successfully bumped revision number for resource e0f9f450-a574-4ee7-9c84-f8dc1623a481 (type: ports) to 1
2026-07-09 04:42:07.123 10 INFO neutron.wsgi [None req-94db0aca-e9b1-41af-9493-31479a378ee6 9dc4878d478e4f5ebae76f35d6d50715 0b14e957a8b743f699f8b57aa9a6319b - - default default] 10.0.0.101 "POST /v2.0/networks HTTP/1.1" status: 201 len: 831 time: 1.0216348
2026-07-09 04:42:07.136 9 INFO neutron.wsgi [None req-6d19f20e-1b60-41a5-afe7-9290e4e8395e 2c7d36acc14a41b38e1156d9b79756dc 33b3cd7159eb423c8d28d778042da396 - - default default] 10.0.0.101 "DELETE /v2.0/ports/7e19560c-a0d6-42e8-891a-86ee20316aea HTTP/1.1" status: 204 len: 168 time: 0.4787958
2026-07-09 04:42:07.205 9 INFO neutron.db.ovn_revision_numbers_db [None req-3fea4fe8-187a-4dd2-b75d-c5a0ca8bcd46 - - - - - -] Successfully bumped revision number for resource dc0d4eed-a84a-44d4-91c4-e948f96e3331 (type: ports) to 2
2026-07-09 04:42:07.427 9 INFO neutron.wsgi [None req-bd9e1a4b-0398-46d0-95e0-42a39eb019ff 2c7d36acc14a41b38e1156d9b79756dc 33b3cd7159eb423c8d28d778042da396 - - default default] 10.0.0.101 "DELETE /v2.0/ports/3789fb3c-9070-48fb-ad20-969563417716 HTTP/1.1" status: 204 len: 168 time: 0.2839513
2026-07-09 04:42:07.516 9 INFO neutron.db.ovn_revision_numbers_db [None req-3fea4fe8-187a-4dd2-b75d-c5a0ca8bcd46 - - - - - -] Successfully bumped revision number for resource dc0d4eed-a84a-44d4-91c4-e948f96e3331 (type: ports) to 4
2026-07-09 04:42:07.561 10 WARNING neutron.scheduler.dhcp_agent_scheduler [None req-cc9e7c27-2245-4342-9375-76828c5a85e8 9dc4878d478e4f5ebae76f35d6d50715 0b14e957a8b743f699f8b57aa9a6319b - - default default] No more DHCP agents
2026-07-09 04:42:07.563 10 WARNING neutron.api.rpc.agentnotifiers.dhcp_rpc_agent_api [None req-cc9e7c27-2245-4342-9375-76828c5a85e8 9dc4878d478e4f5ebae76f35d6d50715 0b14e957a8b743f699f8b57aa9a6319b - - default default] Unable to schedule network 2c9ea230-8822-44ad-a958-4229f2e1a855: no agents available; will retry on subsequent port and subnet creation events.
2026-07-09 04:42:07.565 10 INFO neutron.db.ovn_revision_numbers_db [None req-9fb47144-5a4a-43fc-8216-247c6920af88 cd0aae0c2f474f2cb2c14456a301c3b4 b809e5e5db7c4170a41041cb04a8ce38 - - default default] Successfully bumped revision number for resource 364176c0-1190-49ee-bb20-feba321904fa (type: router_ports) to 1
2026-07-09 04:42:07.711 10 INFO neutron.db.ovn_revision_numbers_db [None req-cc9e7c27-2245-4342-9375-76828c5a85e8 9dc4878d478e4f5ebae76f35d6d50715 0b14e957a8b743f699f8b57aa9a6319b - - default default] Successfully bumped revision number for resource da3076c0-4332-486e-b5e3-c993b6809097 (type: ports) to 1
2026-07-09 04:42:07.754 10 INFO neutron.wsgi [None req-cc9e7c27-2245-4342-9375-76828c5a85e8 9dc4878d478e4f5ebae76f35d6d50715 0b14e957a8b743f699f8b57aa9a6319b - - default default] 10.0.0.101 "POST /v2.0/ports HTTP/1.1" status: 201 len: 942 time: 0.6241584 /var/lib/openstack/lib/python3.10/site-packages/pycadf/identifier.py:71: UserWarning: Invalid uuid: neutron. To ensure interoperability, identifiers should be a valid uuid. warnings.warn(('Invalid uuid: %s. To ensure interoperability, '
2026-07-09 04:42:07.764 9 INFO neutron.wsgi [None req-f953c273-ed58-49a3-84fc-b369a606fae7 2c7d36acc14a41b38e1156d9b79756dc 33b3cd7159eb423c8d28d778042da396 - - default default] 10.0.0.101 "DELETE /v2.0/ports/630594a5-5ca1-4507-8d14-76a6d94dfb95 HTTP/1.1" status: 204 len: 168 time: 0.3291526
2026-07-09 04:42:07.825 10 INFO neutron.db.ovn_revision_numbers_db [None req-9fb47144-5a4a-43fc-8216-247c6920af88 cd0aae0c2f474f2cb2c14456a301c3b4 b809e5e5db7c4170a41041cb04a8ce38 - - default default] Successfully bumped revision number for resource 364176c0-1190-49ee-bb20-feba321904fa (type: ports) to 1
2026-07-09 04:42:07.904 9 INFO neutron.db.ovn_revision_numbers_db [None req-3fea4fe8-187a-4dd2-b75d-c5a0ca8bcd46 - - - - - -] Successfully bumped revision number for resource dc0d4eed-a84a-44d4-91c4-e948f96e3331 (type: router_ports) to 4
2026-07-09 04:42:07.960 10 WARNING neutron.scheduler.dhcp_agent_scheduler [None req-9fb47144-5a4a-43fc-8216-247c6920af88 cd0aae0c2f474f2cb2c14456a301c3b4 b809e5e5db7c4170a41041cb04a8ce38 - - default default] No more DHCP agents
2026-07-09 04:42:07.962 10 WARNING neutron.api.rpc.agentnotifiers.dhcp_rpc_agent_api [None req-9fb47144-5a4a-43fc-8216-247c6920af88 cd0aae0c2f474f2cb2c14456a301c3b4 b809e5e5db7c4170a41041cb04a8ce38 - - default default] Unable to schedule network 4297aa63-ae3a-4d15-b67f-49d1a51a785c: no agents available; will retry on subsequent port and subnet creation events.
2026-07-09 04:42:08.050 10 INFO neutron.wsgi [None req-c8c2aa8e-8ad2-42eb-a16f-b99d5dcc3da2 9dc4878d478e4f5ebae76f35d6d50715 0b14e957a8b743f699f8b57aa9a6319b - - default default] 10.0.0.101 "POST /v2.0/trunks HTTP/1.1" status: 201 len: 608 time: 0.2917447
2026-07-09 04:42:08.113 9 INFO neutron.plugins.ml2.drivers.ovn.mech_driver.mech_driver [None req-741ffbae-2623-4cd3-9090-0f8197765c2f - - - - - -] OVN reports status up for port: 364176c0-1190-49ee-bb20-feba321904fa
2026-07-09 04:42:08.132 9 INFO neutron.plugins.ml2.plugin [None req-741ffbae-2623-4cd3-9090-0f8197765c2f - - - - - -] Attempt 1 to provision port 364176c0-1190-49ee-bb20-feba321904fa
2026-07-09 04:42:08.163 10 INFO neutron.db.segments_db [None req-bc7522ce-1ac7-4a72-b4fe-e5afc9b51360 9dc4878d478e4f5ebae76f35d6d50715 0b14e957a8b743f699f8b57aa9a6319b - - default default] Added segment ba5c113d-5111-4ec2-9266-e667909bd54f of type geneve for network 2d1e6e3b-58b1-415b-8f54-63eedea9519e
2026-07-09 04:42:08.223 9 INFO neutron.services.segments.plugin [-] Segment d9737c34-bc78-4875-b593-309dc6ceca31 resource provider aggregate not found
2026-07-09 04:42:08.232 9 INFO neutron.services.segments.plugin [-] Segment d9737c34-bc78-4875-b593-309dc6ceca31 resource provider aggregate not found
2026-07-09 04:42:08.251 9 INFO neutron.services.segments.plugin [-] Segment d9737c34-bc78-4875-b593-309dc6ceca31 resource provider not found; error: Placement Client Error (4xx): {"errors": [{"status": 404, "title": "Not Found", "detail": "The resource could not be found.\n\n No resource provider with uuid d9737c34-bc78-4875-b593-309dc6ceca31 found for delete ", "request_id": "req-d2f39738-a95c-40c9-beaa-1136bf78e4f4"}]}
2026-07-09 04:42:08.262 9 INFO neutron.services.segments.plugin [-] Segment d9737c34-bc78-4875-b593-309dc6ceca31 resource provider not found; error: Placement Client Error (4xx): {"errors": [{"status": 404, "title": "Not Found", "detail": "The resource could not be found.\n\n No resource provider with uuid d9737c34-bc78-4875-b593-309dc6ceca31 found for delete ", "request_id": "req-8f2e58c2-bd9b-4e1a-ba94-7d75bb9e365b"}]}
2026-07-09 04:42:08.298 9 INFO neutron.wsgi [None req-b766a0bc-0b36-460b-b6fd-267619597fc2 2c7d36acc14a41b38e1156d9b79756dc 33b3cd7159eb423c8d28d778042da396 - - default default] 10.0.0.101 "DELETE /v2.0/networks/d9a897a6-ef4d-47e5-a70b-c6510b23f269 HTTP/1.1" status: 204 len: 168 time: 0.5284908
2026-07-09 04:42:08.522 9 INFO neutron.db.ovn_revision_numbers_db [None req-741ffbae-2623-4cd3-9090-0f8197765c2f - - - - - -] Successfully bumped revision number for resource 364176c0-1190-49ee-bb20-feba321904fa (type: ports) to 2
2026-07-09 04:42:08.530 10 INFO neutron.db.ovn_revision_numbers_db [None req-bc7522ce-1ac7-4a72-b4fe-e5afc9b51360 9dc4878d478e4f5ebae76f35d6d50715 0b14e957a8b743f699f8b57aa9a6319b - - default default] Successfully bumped revision number for resource 2d1e6e3b-58b1-415b-8f54-63eedea9519e (type: networks) to 1
2026-07-09 04:42:08.699 9 INFO neutron.db.ovn_revision_numbers_db [None req-741ffbae-2623-4cd3-9090-0f8197765c2f - - - - - -] Successfully bumped revision number for resource 364176c0-1190-49ee-bb20-feba321904fa (type: router_ports) to 2
2026-07-09 04:42:08.748 10 WARNING neutron.scheduler.dhcp_agent_scheduler [None req-bc7522ce-1ac7-4a72-b4fe-e5afc9b51360 9dc4878d478e4f5ebae76f35d6d50715 0b14e957a8b743f699f8b57aa9a6319b - - default default] No more DHCP agents
2026-07-09 04:42:08.752 10 WARNING neutron.api.rpc.agentnotifiers.dhcp_rpc_agent_api [None req-bc7522ce-1ac7-4a72-b4fe-e5afc9b51360 9dc4878d478e4f5ebae76f35d6d50715 0b14e957a8b743f699f8b57aa9a6319b - - default default] Unable to schedule network 2d1e6e3b-58b1-415b-8f54-63eedea9519e: no agents available; will retry on subsequent port and subnet creation events.
2026-07-09 04:42:08.786 9 INFO neutron.wsgi [None req-2ba23ad2-d6d7-4bef-bea7-a3edc7744123 2c7d36acc14a41b38e1156d9b79756dc 33b3cd7159eb423c8d28d778042da396 - - default default] 10.0.0.101 "DELETE /v2.0/networks/e5326920-0560-4361-8acf-e5fc7a985b08 HTTP/1.1" status: 204 len: 168 time: 0.4787154
2026-07-09 04:42:08.853 10 INFO neutron.db.ovn_revision_numbers_db [None req-bc7522ce-1ac7-4a72-b4fe-e5afc9b51360 9dc4878d478e4f5ebae76f35d6d50715 0b14e957a8b743f699f8b57aa9a6319b - - default default] Successfully bumped revision number for resource 88d1a855-1795-4e28-8be4-46ee6b785798 (type: ports) to 1
2026-07-09 04:42:08.886 10 INFO neutron.wsgi [None req-bc7522ce-1ac7-4a72-b4fe-e5afc9b51360 9dc4878d478e4f5ebae76f35d6d50715 0b14e957a8b743f699f8b57aa9a6319b - - default default] 10.0.0.101 "POST /v2.0/networks HTTP/1.1" status: 201 len: 831 time: 0.8294921
2026-07-09 04:42:08.991 10 INFO neutron.wsgi [None req-9fb47144-5a4a-43fc-8216-247c6920af88 cd0aae0c2f474f2cb2c14456a301c3b4 b809e5e5db7c4170a41041cb04a8ce38 - - default default] 10.0.0.101 "PUT /v2.0/routers/35e1ae61-a1d0-45db-967b-3ad67e9f792b/add_router_interface HTTP/1.1" status: 200 len: 503 time: 3.2523088
2026-07-09 04:42:09.121 10 WARNING neutron.scheduler.dhcp_agent_scheduler [None req-582b4312-f0e1-4c3a-947e-b7b32abb396c 9dc4878d478e4f5ebae76f35d6d50715 0b14e957a8b743f699f8b57aa9a6319b - - default default] No more DHCP agents
2026-07-09 04:42:09.124 10 WARNING neutron.api.rpc.agentnotifiers.dhcp_rpc_agent_api [None req-582b4312-f0e1-4c3a-947e-b7b32abb396c 9dc4878d478e4f5ebae76f35d6d50715 0b14e957a8b743f699f8b57aa9a6319b - - default default] Unable to schedule network 2d1e6e3b-58b1-415b-8f54-63eedea9519e: no agents available; will retry on subsequent port and subnet creation events.
2026-07-09 04:42:09.147 9 INFO neutron.wsgi [None req-ae1e7cad-c163-4a7b-8a88-cec7787c2ea8 2c7d36acc14a41b38e1156d9b79756dc 33b3cd7159eb423c8d28d778042da396 - - default default] 10.0.0.101 "DELETE /v2.0/networks/70be053e-9e91-4147-88e7-9fd78d2c94f5 HTTP/1.1" status: 204 len: 168 time: 0.3502367 /var/lib/openstack/lib/python3.10/site-packages/pycadf/identifier.py:71: UserWarning: Invalid uuid: neutron. To ensure interoperability, identifiers should be a valid uuid. warnings.warn(('Invalid uuid: %s. To ensure interoperability, '
2026-07-09 04:42:09.259 10 INFO neutron.db.ovn_revision_numbers_db [None req-582b4312-f0e1-4c3a-947e-b7b32abb396c 9dc4878d478e4f5ebae76f35d6d50715 0b14e957a8b743f699f8b57aa9a6319b - - default default] Successfully bumped revision number for resource 9ed3a695-c21a-4512-863e-20200581a1f3 (type: ports) to 1
2026-07-09 04:42:09.305 10 INFO neutron.wsgi [None req-582b4312-f0e1-4c3a-947e-b7b32abb396c 9dc4878d478e4f5ebae76f35d6d50715 0b14e957a8b743f699f8b57aa9a6319b - - default default] 10.0.0.101 "POST /v2.0/ports HTTP/1.1" status: 201 len: 942 time: 0.4130089
2026-07-09 04:42:09.324 10 INFO neutron.wsgi [req-662cd58c-ba70-4d09-a3db-bf17eb9fbd43 req-ae6f2030-25c5-4bef-a5c2-1c3f5e1f6007 4427ddf4a9434e43b121b9c4ac9d73c8 0edfaf6d1d89410f8bda80dfd8aa3dc7 - - default default] 10.0.0.98 "GET /v2.0/ports?device_id=da8bc588-abfe-4e24-a9cc-88b8849713f8 HTTP/1.1" status: 200 len: 1170 time: 0.1134989
2026-07-09 04:42:09.385 10 INFO neutron.wsgi [req-662cd58c-ba70-4d09-a3db-bf17eb9fbd43 req-61a16dde-c7c1-4632-8e2e-a7d805d4f985 4427ddf4a9434e43b121b9c4ac9d73c8 0edfaf6d1d89410f8bda80dfd8aa3dc7 - - default default] 10.0.0.98 "GET /v2.0/security-groups?id=6a9668c8-4e82-454c-927a-abce80ef9d26&fields=id&fields=name HTTP/1.1" status: 200 len: 313 time: 0.0520012
2026-07-09 04:42:09.554 9 INFO neutron.wsgi [None req-4c50fec6-f9ad-4297-a4d3-14221b8e3bec 9dc4878d478e4f5ebae76f35d6d50715 0b14e957a8b743f699f8b57aa9a6319b - - default default] 10.0.0.101 "POST /v2.0/trunks HTTP/1.1" status: 201 len: 608 time: 0.2431142
2026-07-09 04:42:09.577 10 INFO neutron.services.segments.plugin [-] Segment ea49e8b0-142b-455b-a069-9510f4fbae20 resource provider aggregate not found
2026-07-09 04:42:09.584 10 INFO neutron.services.segments.plugin [-] Segment ea49e8b0-142b-455b-a069-9510f4fbae20 resource provider aggregate not found
2026-07-09 04:42:09.599 10 INFO neutron.services.segments.plugin [-] Segment ea49e8b0-142b-455b-a069-9510f4fbae20 resource provider not found; error: Placement Client Error (4xx): {"errors": [{"status": 404, "title": "Not Found", "detail": "The resource could not be found.\n\n No resource provider with uuid ea49e8b0-142b-455b-a069-9510f4fbae20 found for delete ", "request_id": "req-f7d7c602-7738-41e3-b700-e69b44a3b5b0"}]}
2026-07-09 04:42:09.600 10 INFO neutron.services.segments.plugin [-] Segment ea49e8b0-142b-455b-a069-9510f4fbae20 resource provider not found; error: Placement Client Error (4xx): {"errors": [{"status": 404, "title": "Not Found", "detail": "The resource could not be found.\n\n No resource provider with uuid ea49e8b0-142b-455b-a069-9510f4fbae20 found for delete ", "request_id": "req-91d032b8-400b-4304-a84e-c9612c814805"}]}
2026-07-09 04:42:09.620 10 INFO neutron.wsgi [req-02281644-1d8e-4601-920a-41943523ee19 req-6592fe8e-9d1c-4e4f-8e4b-01aee01614f6 4427ddf4a9434e43b121b9c4ac9d73c8 0edfaf6d1d89410f8bda80dfd8aa3dc7 - - default default] 10.0.0.98 "GET /v2.0/ports?device_id=da8bc588-abfe-4e24-a9cc-88b8849713f8 HTTP/1.1" status: 200 len: 1170 time: 0.0591667
2026-07-09 04:42:09.630 9 INFO neutron.wsgi [None req-98b7b216-b974-4d43-8135-463211a120dd 9dc4878d478e4f5ebae76f35d6d50715 0b14e957a8b743f699f8b57aa9a6319b - - default default] 10.0.0.101 "PUT /v2.0/trunks/4d60b19a-5717-4ea3-833d-79012534ccb5/tags HTTP/1.1" status: 200 len: 210 time: 0.0727973
2026-07-09 04:42:09.647 10 INFO neutron.wsgi [None req-d9c02466-7316-4819-a7d3-3eb1a2a9df94 2c7d36acc14a41b38e1156d9b79756dc 33b3cd7159eb423c8d28d778042da396 - - default default] 10.0.0.101 "DELETE /v2.0/networks/b7c0b86f-281e-46f5-90d3-aceaeedd7aa5 HTTP/1.1" status: 204 len: 168 time: 0.4934008
2026-07-09 04:42:09.673 10 INFO neutron.wsgi [req-02281644-1d8e-4601-920a-41943523ee19 req-baf5db20-b7b6-4292-b888-36bff7935437 4427ddf4a9434e43b121b9c4ac9d73c8 0edfaf6d1d89410f8bda80dfd8aa3dc7 - - default default] 10.0.0.98 "GET /v2.0/security-groups?id=6a9668c8-4e82-454c-927a-abce80ef9d26&fields=id&fields=name HTTP/1.1" status: 200 len: 313 time: 0.0453467
2026-07-09 04:42:09.678 9 INFO neutron.wsgi [None req-e01a5ae7-b073-4191-aa0a-f91921577723 9dc4878d478e4f5ebae76f35d6d50715 0b14e957a8b743f699f8b57aa9a6319b - - default default] 10.0.0.101 "PUT /v2.0/trunks/6444b9a2-26b2-48b8-b895-7271ff70455b/tags HTTP/1.1" status: 200 len: 218 time: 0.0422883
2026-07-09 04:42:09.740 9 INFO neutron.wsgi [None req-45c4ae87-805b-41d7-b1bb-96ec1ac696c2 9dc4878d478e4f5ebae76f35d6d50715 0b14e957a8b743f699f8b57aa9a6319b - - default default] 10.0.0.101 "PUT /v2.0/trunks/072dc042-cff9-44f9-8031-818839210b51/tags HTTP/1.1" status: 200 len: 227 time: 0.0524421
2026-07-09 04:42:09.778 9 INFO neutron.wsgi [None req-c67832c0-5390-4d4e-924e-1e8937498754 9dc4878d478e4f5ebae76f35d6d50715 0b14e957a8b743f699f8b57aa9a6319b - - default default] 10.0.0.101 "PUT /v2.0/trunks/d93ccc1e-96ef-4699-b5e8-f7099546dd85/tags HTTP/1.1" status: 200 len: 212 time: 0.0282733
2026-07-09 04:42:09.810 10 INFO neutron.wsgi [None req-9f40a2ef-1a6e-43cc-9af8-084b387a512f 9dc4878d478e4f5ebae76f35d6d50715 0b14e957a8b743f699f8b57aa9a6319b - - default default] 10.0.0.101 "GET /v2.0/trunks?tags=red HTTP/1.1" status: 200 len: 1447 time: 0.0254929
2026-07-09 04:42:09.851 10 INFO neutron.wsgi [None req-5d220c7e-f8cd-40a4-accd-93b20d2a1a68 9dc4878d478e4f5ebae76f35d6d50715 0b14e957a8b743f699f8b57aa9a6319b - - default default] 10.0.0.101 "GET /v2.0/trunks?tags=red%2Cblue HTTP/1.1" status: 200 len: 1041 time: 0.0294993
2026-07-09 04:42:09.879 10 INFO neutron.db.ovn_revision_numbers_db [None req-a9cd21a1-bc85-4430-9174-2ec156fb8f76 9a302f991d234fa5bf2eac8c922e31c1 57f0f5de20af4a078e395ae4c94e4d08 - - default default] Successfully bumped revision number for resource 9366c68e-adde-4f63-9415-4954de4a2147 (type: security_groups) to 1
2026-07-09 04:42:09.892 9 INFO neutron.wsgi [None req-e57840a2-ec6e-4a94-9f0c-1aeef54e23a5 9dc4878d478e4f5ebae76f35d6d50715 0b14e957a8b743f699f8b57aa9a6319b - - default default] 10.0.0.101 "GET /v2.0/trunks?tags-any=blue HTTP/1.1" status: 200 len: 1041 time: 0.0343857
2026-07-09 04:42:09.895 10 INFO neutron.db.ovn_revision_numbers_db [None req-a9cd21a1-bc85-4430-9174-2ec156fb8f76 9a302f991d234fa5bf2eac8c922e31c1 57f0f5de20af4a078e395ae4c94e4d08 - - default default] Successfully bumped revision number for resource 58d12227-e35b-4f05-b395-7548d5431ed2 (type: security_group_rules) to 0
2026-07-09 04:42:09.922 10 INFO neutron.wsgi [None req-cd0468f4-bbe5-41d3-aba3-1407a2fd3c45 9dc4878d478e4f5ebae76f35d6d50715 0b14e957a8b743f699f8b57aa9a6319b - - default default] 10.0.0.101 "GET /v2.0/trunks?tags-any=red%2Cblue HTTP/1.1" status: 200 len: 1447 time: 0.0238385
2026-07-09 04:42:09.923 10 INFO neutron.db.ovn_revision_numbers_db [None req-a9cd21a1-bc85-4430-9174-2ec156fb8f76 9a302f991d234fa5bf2eac8c922e31c1 57f0f5de20af4a078e395ae4c94e4d08 - - default default] Successfully bumped revision number for resource d15dfc90-002f-4462-83ff-804e8910d0b5 (type: security_group_rules) to 0
2026-07-09 04:42:09.940 10 INFO neutron.wsgi [None req-a9cd21a1-bc85-4430-9174-2ec156fb8f76 9a302f991d234fa5bf2eac8c922e31c1 57f0f5de20af4a078e395ae4c94e4d08 - - default default] 10.0.0.101 "POST /v2.0/security-groups HTTP/1.1" status: 201 len: 1811 time: 0.2161818
2026-07-09 04:42:09.962 9 INFO neutron.wsgi [None req-7c8110ed-193d-477c-b944-7bf9ded2e785 9dc4878d478e4f5ebae76f35d6d50715 0b14e957a8b743f699f8b57aa9a6319b - - default default] 10.0.0.101 "GET /v2.0/trunks?not-tags=red HTTP/1.1" status: 200 len: 1013 time: 0.0322552
2026-07-09 04:42:09.987 9 INFO neutron.wsgi [req-75179413-62de-443a-831f-3817a5ae24fd req-f65407a4-6ea2-463c-9f76-af1cf70d68fb 4427ddf4a9434e43b121b9c4ac9d73c8 0edfaf6d1d89410f8bda80dfd8aa3dc7 - - default default] 199.19.213.229 "GET /v2.0/ports?device_id=da8bc588-abfe-4e24-a9cc-88b8849713f8 HTTP/1.1" status: 200 len: 1170 time: 0.1227529
2026-07-09 04:42:10.001 9 INFO neutron.wsgi [None req-dd9d9d1d-ea13-4813-b88c-b00591f28213 9dc4878d478e4f5ebae76f35d6d50715 0b14e957a8b743f699f8b57aa9a6319b - - default default] 10.0.0.101 "GET /v2.0/trunks?not-tags=red%2Cblue HTTP/1.1" status: 200 len: 1419 time: 0.0329397
2026-07-09 04:42:10.040 10 INFO neutron.wsgi [None req-ddd22404-50f6-450d-a450-52e62686f19a 9dc4878d478e4f5ebae76f35d6d50715 0b14e957a8b743f699f8b57aa9a6319b - - default default] 10.0.0.101 "GET /v2.0/trunks?not-tags-any=blue HTTP/1.1" status: 200 len: 1419 time: 0.0285654
2026-07-09 04:42:10.081 9 INFO neutron.wsgi [None req-be4c9fd0-c99e-46d8-a218-330d7ab29fc4 9dc4878d478e4f5ebae76f35d6d50715 0b14e957a8b743f699f8b57aa9a6319b - - default default] 10.0.0.101 "GET /v2.0/trunks?not-tags-any=red%2Cblue HTTP/1.1" status: 200 len: 1013 time: 0.0358381
2026-07-09 04:42:10.105 10 INFO neutron.db.ovn_revision_numbers_db [None req-7d97af73-4bf8-4823-8e39-b88391facf51 9a302f991d234fa5bf2eac8c922e31c1 57f0f5de20af4a078e395ae4c94e4d08 - - default default] Successfully bumped revision number for resource c4dea88c-ec48-4fda-b40a-7379fbcd74bd (type: security_group_rules) to 0
2026-07-09 04:42:10.110 10 INFO neutron.wsgi [None req-8ad73bbb-4893-480e-bf61-8bbf4a9fc251 9dc4878d478e4f5ebae76f35d6d50715 0b14e957a8b743f699f8b57aa9a6319b - - default default] 10.0.0.101 "GET /v2.0/trunks/4d60b19a-5717-4ea3-833d-79012534ccb5 HTTP/1.1" status: 200 len: 608 time: 0.0229814
2026-07-09 04:42:10.129 10 INFO neutron.wsgi [None req-7d97af73-4bf8-4823-8e39-b88391facf51 9a302f991d234fa5bf2eac8c922e31c1 57f0f5de20af4a078e395ae4c94e4d08 - - default default] 10.0.0.101 "POST /v2.0/security-group-rules HTTP/1.1" status: 201 len: 764 time: 0.1839709
2026-07-09 04:42:10.242 10 INFO neutron.db.ovn_revision_numbers_db [None req-7ef1f3e6-f231-4b27-b3b2-29314c42768c 9a302f991d234fa5bf2eac8c922e31c1 57f0f5de20af4a078e395ae4c94e4d08 - - default default] Successfully bumped revision number for resource f843a9a3-8ecb-4474-a0c3-bf35aed3366f (type: security_group_rules) to 0
2026-07-09 04:42:10.269 10 INFO neutron.wsgi [None req-7ef1f3e6-f231-4b27-b3b2-29314c42768c 9a302f991d234fa5bf2eac8c922e31c1 57f0f5de20af4a078e395ae4c94e4d08 - - default default] 10.0.0.101 "POST /v2.0/security-group-rules HTTP/1.1" status: 201 len: 763 time: 0.1344144
2026-07-09 04:42:10.416 10 INFO neutron.db.ovn_revision_numbers_db [None req-9b903210-87f7-4abc-b635-b8388f0998ca 9a302f991d234fa5bf2eac8c922e31c1 57f0f5de20af4a078e395ae4c94e4d08 - - default default] Successfully bumped revision number for resource 2f2d3b4a-17f2-435e-b457-bfe82efa2bf2 (type: security_group_rules) to 0
2026-07-09 04:42:10.443 10 INFO neutron.wsgi [None req-9b903210-87f7-4abc-b635-b8388f0998ca 9a302f991d234fa5bf2eac8c922e31c1 57f0f5de20af4a078e395ae4c94e4d08 - - default default] 10.0.0.101 "POST /v2.0/security-group-rules HTTP/1.1" status: 201 len: 769 time: 0.1683154
2026-07-09 04:42:10.450 9 INFO neutron.services.segments.plugin [-] Segment 35e2b270-21bf-49e5-a537-7df7ec124630 resource provider aggregate not found
2026-07-09 04:42:10.480 9 INFO neutron.services.segments.plugin [-] Segment 35e2b270-21bf-49e5-a537-7df7ec124630 resource provider not found; error: Placement Client Error (4xx): {"errors": [{"status": 404, "title": "Not Found", "detail": "The resource could not be found.\n\n No resource provider with uuid 35e2b270-21bf-49e5-a537-7df7ec124630 found for delete ", "request_id": "req-c8e88490-442c-449c-b2ff-cea99d97aff7"}]}
2026-07-09 04:42:10.497 9 INFO neutron.wsgi [None req-0753c3d7-e5db-4521-b2a9-4071e98f41d1 2c7d36acc14a41b38e1156d9b79756dc 33b3cd7159eb423c8d28d778042da396 - - default default] 10.0.0.101 "DELETE /v2.0/networks/397d82b0-b0a7-46c7-a5a9-6ab91eec16ae HTTP/1.1" status: 204 len: 168 time: 0.8444698
2026-07-09 04:42:10.524 9 INFO neutron.services.segments.plugin [-] Segment 383f259a-e791-4d26-840c-ae4f316403cc resource provider aggregate not found
2026-07-09 04:42:10.535 9 INFO neutron.services.segments.plugin [-] Segment 35e2b270-21bf-49e5-a537-7df7ec124630 resource provider aggregate not found
2026-07-09 04:42:10.561 9 INFO neutron.services.segments.plugin [-] Segment 383f259a-e791-4d26-840c-ae4f316403cc resource provider not found; error: Placement Client Error (4xx): {"errors": [{"status": 404, "title": "Not Found", "detail": "The resource could not be found.\n\n No resource provider with uuid 383f259a-e791-4d26-840c-ae4f316403cc found for delete ", "request_id": "req-dc7ba38b-6bc5-46dc-81ad-874f8870a371"}]}
2026-07-09 04:42:10.570 9 INFO neutron.services.segments.plugin [-] Segment 35e2b270-21bf-49e5-a537-7df7ec124630 resource provider not found; error: Placement Client Error (4xx): {"errors": [{"status": 404, "title": "Not Found", "detail": "The resource could not be found.\n\n No resource provider with uuid 35e2b270-21bf-49e5-a537-7df7ec124630 found for delete ", "request_id": "req-248a2453-a05f-4d2b-ad00-a9206721f300"}]}
2026-07-09 04:42:10.585 9 INFO neutron.services.segments.plugin [-] Segment 2c734fb9-e9fa-4658-ae8a-e70f4bad9e59 resource provider aggregate not found
2026-07-09 04:42:10.594 9 INFO neutron.services.segments.plugin [-] Segment 383f259a-e791-4d26-840c-ae4f316403cc resource provider aggregate not found
2026-07-09 04:42:10.611 9 INFO neutron.services.segments.plugin [-] Segment 2c734fb9-e9fa-4658-ae8a-e70f4bad9e59 resource provider not found; error: Placement Client Error (4xx): {"errors": [{"status": 404, "title": "Not Found", "detail": "The resource could not be found.\n\n No resource provider with uuid 2c734fb9-e9fa-4658-ae8a-e70f4bad9e59 found for delete ", "request_id": "req-5133ba28-73cc-4734-bca0-f1236f360d30"}]}
2026-07-09 04:42:10.615 9 INFO neutron.wsgi [None req-2833ca3f-7769-4051-b61f-1aa8881138b0 9dc4878d478e4f5ebae76f35d6d50715 0b14e957a8b743f699f8b57aa9a6319b - - default default] 10.0.0.101 "GET /v2.0/ports/ca042529-eeb4-4559-9d39-10ea10015344 HTTP/1.1" status: 200 len: 1020 time: 0.5003111
2026-07-09 04:42:10.630 9 INFO neutron.services.segments.plugin [-] Segment 383f259a-e791-4d26-840c-ae4f316403cc resource provider not found; error: Placement Client Error (4xx): {"errors": [{"status": 404, "title": "Not Found", "detail": "The resource could not be found.\n\n No resource provider with uuid 383f259a-e791-4d26-840c-ae4f316403cc found for delete ", "request_id": "req-eeebc07b-6480-4673-8c8d-c489776d037c"}]}
2026-07-09 04:42:10.631 10 INFO neutron.db.ovn_revision_numbers_db [None req-689cf84b-3d86-4223-91fc-7ecdfbcd1fb0 9a302f991d234fa5bf2eac8c922e31c1 57f0f5de20af4a078e395ae4c94e4d08 - - default default] Successfully bumped revision number for resource 32c18210-dcfc-4016-8554-d37ffd51c795 (type: security_group_rules) to 0
2026-07-09 04:42:10.665 9 INFO neutron.services.segments.plugin [-] Segment 2c734fb9-e9fa-4658-ae8a-e70f4bad9e59 resource provider aggregate not found
2026-07-09 04:42:10.671 10 INFO neutron.wsgi [None req-689cf84b-3d86-4223-91fc-7ecdfbcd1fb0 9a302f991d234fa5bf2eac8c922e31c1 57f0f5de20af4a078e395ae4c94e4d08 - - default default] 10.0.0.101 "POST /v2.0/security-group-rules HTTP/1.1" status: 201 len: 768 time: 0.2213044
2026-07-09 04:42:10.699 9 INFO neutron.services.segments.plugin [-] Segment 2c734fb9-e9fa-4658-ae8a-e70f4bad9e59 resource provider not found; error: Placement Client Error (4xx): {"errors": [{"status": 404, "title": "Not Found", "detail": "The resource could not be found.\n\n No resource provider with uuid 2c734fb9-e9fa-4658-ae8a-e70f4bad9e59 found for delete ", "request_id": "req-30a0ee98-823c-4f02-8b9e-35f47a741bdc"}]}
2026-07-09 04:42:10.734 10 INFO neutron.db.securitygroups_db [None req-aaadf564-dd7c-4483-8170-a7e4ca3c64c4 9a302f991d234fa5bf2eac8c922e31c1 57f0f5de20af4a078e395ae4c94e4d08 - - default default] Project 57f0f5de20af4a078e395ae4c94e4d08 added a security group rule with legacy IPv6 ICMP protocol name icmp, ipv6-icmp should be used instead. It was automatically converted.
2026-07-09 04:42:10.754 10 INFO neutron.wsgi [None req-42aca2f9-6f6c-4052-b134-a75d682e1ba0 9dc4878d478e4f5ebae76f35d6d50715 0b14e957a8b743f699f8b57aa9a6319b - - default default] 10.0.0.101 "DELETE /v2.0/trunks/4d60b19a-5717-4ea3-833d-79012534ccb5 HTTP/1.1" status: 204 len: 168 time: 0.1336188
2026-07-09 04:42:10.798 9 INFO neutron.db.l3_db [req-75179413-62de-443a-831f-3817a5ae24fd req-dd411463-de22-450d-bf57-844e22fbf201 4427ddf4a9434e43b121b9c4ac9d73c8 0edfaf6d1d89410f8bda80dfd8aa3dc7 - - default default] Floating IP b91d3a33-e0c7-4525-916f-03f230dfcef8 disassociated. External IP: 10.96.250.209, port: 3bd5ae56-a748-49e8-9be7-560fc640f105.
2026-07-09 04:42:10.838 10 INFO neutron.wsgi [None req-666f8bf7-dc3b-461c-9ecf-77d3992ff0a9 9dc4878d478e4f5ebae76f35d6d50715 0b14e957a8b743f699f8b57aa9a6319b - - default default] 10.0.0.101 "GET /v2.0/trunks/6444b9a2-26b2-48b8-b895-7271ff70455b HTTP/1.1" status: 200 len: 616 time: 0.0685561
2026-07-09 04:42:10.846 10 INFO neutron.wsgi [req-7ab26103-1973-43ef-b2e5-aa9c4e0dab8b req-caf18ebe-46d3-457d-99b5-50b585c0c0ce 4427ddf4a9434e43b121b9c4ac9d73c8 0edfaf6d1d89410f8bda80dfd8aa3dc7 - - default default] 10.0.0.98 "GET /v2.0/ports?device_id=da8bc588-abfe-4e24-a9cc-88b8849713f8 HTTP/1.1" status: 200 len: 1170 time: 0.0971532 /var/lib/openstack/lib/python3.10/site-packages/pycadf/identifier.py:71: UserWarning: Invalid uuid: neutron. To ensure interoperability, identifiers should be a valid uuid. warnings.warn(('Invalid uuid: %s. To ensure interoperability, '
2026-07-09 04:42:10.893 10 INFO neutron.wsgi [req-7ab26103-1973-43ef-b2e5-aa9c4e0dab8b req-0b92704d-1d38-4721-9f01-a0b99fea0b93 4427ddf4a9434e43b121b9c4ac9d73c8 0edfaf6d1d89410f8bda80dfd8aa3dc7 - - default default] 10.0.0.98 "GET /v2.0/security-groups?id=6a9668c8-4e82-454c-927a-abce80ef9d26&fields=id&fields=name HTTP/1.1" status: 200 len: 313 time: 0.0396328
2026-07-09 04:42:10.935 10 INFO neutron.db.ovn_revision_numbers_db [None req-aaadf564-dd7c-4483-8170-a7e4ca3c64c4 9a302f991d234fa5bf2eac8c922e31c1 57f0f5de20af4a078e395ae4c94e4d08 - - default default] Successfully bumped revision number for resource e1874ee0-3e56-443c-9399-32263f00e96a (type: security_group_rules) to 0
2026-07-09 04:42:10.966 9 INFO neutron.wsgi [None req-7f7e9afe-3e53-4fa8-881a-8f66af2054d6 9dc4878d478e4f5ebae76f35d6d50715 0b14e957a8b743f699f8b57aa9a6319b - - default default] 10.0.0.101 "GET /v2.0/ports/f5d64062-b904-432d-8f97-5c226509c684 HTTP/1.1" status: 200 len: 1020 time: 0.1208236
2026-07-09 04:42:10.968 10 INFO neutron.wsgi [None req-aaadf564-dd7c-4483-8170-a7e4ca3c64c4 9a302f991d234fa5bf2eac8c922e31c1 57f0f5de20af4a078e395ae4c94e4d08 - - default default] 10.0.0.101 "POST /v2.0/security-group-rules HTTP/1.1" status: 201 len: 774 time: 0.2806361
2026-07-09 04:42:11.004 9 INFO neutron.db.securitygroups_db [None req-1ae1afe7-f8ce-4022-9d38-3e582370da2b 9a302f991d234fa5bf2eac8c922e31c1 57f0f5de20af4a078e395ae4c94e4d08 - - default default] Project 57f0f5de20af4a078e395ae4c94e4d08 added a security group rule with legacy IPv6 ICMP protocol name icmp, ipv6-icmp should be used instead. It was automatically converted.
2026-07-09 04:42:11.037 9 INFO neutron.wsgi [req-75179413-62de-443a-831f-3817a5ae24fd req-dd411463-de22-450d-bf57-844e22fbf201 4427ddf4a9434e43b121b9c4ac9d73c8 0edfaf6d1d89410f8bda80dfd8aa3dc7 - - default default] 199.19.213.229 "DELETE /v2.0/ports/3bd5ae56-a748-49e8-9be7-560fc640f105 HTTP/1.1" status: 204 len: 173 time: 1.0461192
2026-07-09 04:42:11.068 10 INFO neutron.wsgi [None req-eb3686fc-4c0e-43ad-bedd-85df6dece256 9dc4878d478e4f5ebae76f35d6d50715 0b14e957a8b743f699f8b57aa9a6319b - - default default] 10.0.0.101 "DELETE /v2.0/trunks/6444b9a2-26b2-48b8-b895-7271ff70455b HTTP/1.1" status: 204 len: 168 time: 0.0948424
2026-07-09 04:42:11.072 9 INFO neutron.notifiers.nova [-] Nova event matching ['req-fdc457a7-3078-4c26-a045-2fcb93bd65e4'] response: {'server_uuid': 'da8bc588-abfe-4e24-a9cc-88b8849713f8', 'name': 'network-vif-deleted', 'tag': '3bd5ae56-a748-49e8-9be7-560fc640f105', 'status': 'completed', 'code': 200}
2026-07-09 04:42:11.089 10 INFO neutron.wsgi [None req-e0d571f3-1d71-4ade-8cea-cad8327c3001 9dc4878d478e4f5ebae76f35d6d50715 0b14e957a8b743f699f8b57aa9a6319b - - default default] 10.0.0.101 "GET /v2.0/trunks/072dc042-cff9-44f9-8031-818839210b51 HTTP/1.1" status: 200 len: 625 time: 0.0157516
2026-07-09 04:42:11.136 9 INFO neutron.db.ovn_revision_numbers_db [None req-1ae1afe7-f8ce-4022-9d38-3e582370da2b 9a302f991d234fa5bf2eac8c922e31c1 57f0f5de20af4a078e395ae4c94e4d08 - - default default] Successfully bumped revision number for resource c15a43db-6bf5-4af3-82bb-1e38009903d4 (type: security_group_rules) to 0
2026-07-09 04:42:11.161 9 INFO neutron.wsgi [None req-1ae1afe7-f8ce-4022-9d38-3e582370da2b 9a302f991d234fa5bf2eac8c922e31c1 57f0f5de20af4a078e395ae4c94e4d08 - - default default] 10.0.0.101 "POST /v2.0/security-group-rules HTTP/1.1" status: 201 len: 773 time: 0.1863580
2026-07-09 04:42:11.183 10 INFO neutron.wsgi [None req-85a045ae-1b14-4a31-b2db-af2ae31e2da5 9dc4878d478e4f5ebae76f35d6d50715 0b14e957a8b743f699f8b57aa9a6319b - - default default] 10.0.0.101 "GET /v2.0/ports/c94fde4f-a4f8-4bf6-bf25-544b5dd75cfd HTTP/1.1" status: 200 len: 1020 time: 0.0910809
2026-07-09 04:42:11.263 10 INFO neutron.wsgi [None req-f6b79758-c076-458e-ac07-77f5d105ff37 9dc4878d478e4f5ebae76f35d6d50715 0b14e957a8b743f699f8b57aa9a6319b - - default default] 10.0.0.101 "DELETE /v2.0/trunks/072dc042-cff9-44f9-8031-818839210b51 HTTP/1.1" status: 204 len: 168 time: 0.0753932
2026-07-09 04:42:11.285 10 INFO neutron.wsgi [None req-99862126-5dc7-4ec4-988f-66a25d87e48d 9dc4878d478e4f5ebae76f35d6d50715 0b14e957a8b743f699f8b57aa9a6319b - - default default] 10.0.0.101 "GET /v2.0/trunks/d93ccc1e-96ef-4699-b5e8-f7099546dd85 HTTP/1.1" status: 200 len: 610 time: 0.0176075
2026-07-09 04:42:11.376 10 INFO neutron.wsgi [None req-41a31125-9788-4bd2-a7c3-d85e0d8c4ae3 9dc4878d478e4f5ebae76f35d6d50715 0b14e957a8b743f699f8b57aa9a6319b - - default default] 10.0.0.101 "GET /v2.0/ports/da3076c0-4332-486e-b5e3-c993b6809097 HTTP/1.1" status: 200 len: 1020 time: 0.0863950
2026-07-09 04:42:11.465 10 INFO neutron.wsgi [None req-c5b46e35-f7f2-422d-bf6b-dc6a9c6f33c1 9dc4878d478e4f5ebae76f35d6d50715 0b14e957a8b743f699f8b57aa9a6319b - - default default] 10.0.0.101 "DELETE /v2.0/trunks/d93ccc1e-96ef-4699-b5e8-f7099546dd85 HTTP/1.1" status: 204 len: 168 time: 0.0850930
2026-07-09 04:42:11.494 10 INFO neutron.wsgi [None req-ea5a858e-0faf-426d-9f83-05c8b318daaa 9dc4878d478e4f5ebae76f35d6d50715 0b14e957a8b743f699f8b57aa9a6319b - - default default] 10.0.0.101 "GET /v2.0/trunks/0efd6ceb-48b1-48c5-9173-d0964dc83f1d HTTP/1.1" status: 200 len: 603 time: 0.0235264
2026-07-09 04:42:11.613 10 INFO neutron.wsgi [None req-613b2e3b-adf7-44d2-ace5-e6e49818fd99 9dc4878d478e4f5ebae76f35d6d50715 0b14e957a8b743f699f8b57aa9a6319b - - default default] 10.0.0.101 "GET /v2.0/ports/9ed3a695-c21a-4512-863e-20200581a1f3 HTTP/1.1" status: 200 len: 1020 time: 0.1126196
