2026-07-09 04:41:31.491 9 INFO neutron.wsgi [req-c5b9507d-6cea-4cab-b1e0-2711e11b18ff req-0ebfdae1-7ea0-478e-a3f0-db63f4c28745 6e675e500bae44548af8e2b38dc01156 fddc7f84f2ad4dfa9b5279b2c4872fd8 - - dc4e7848fc574f3a9055485e644bae63 dc4e7848fc574f3a9055485e644bae63] 199.19.213.229 "GET /v2.0/subnets?id=75bfda42-163b-4456-bb9e-18ff69ec28d0 HTTP/1.1" status: 200 len: 869 time: 0.0888493
2026-07-09 04:41:31.525 9 INFO neutron.wsgi [None req-364e3a8b-f700-42cb-962f-5b37d9054fe8 f7dfc96d322d49fdabb4dab59ccf1e20 9b5e62f40df74b3ba7ba618b6adfe126 - - default default] 10.0.0.101 "DELETE /v2.0/qos/policies/5fce22ff-e027-4bad-926d-7b030ffa8a63 HTTP/1.1" status: 204 len: 168 time: 0.1757958
2026-07-09 04:41:31.545 9 INFO neutron.wsgi [req-c5b9507d-6cea-4cab-b1e0-2711e11b18ff req-eb939fcb-4d57-43c2-8870-1594965677d6 6e675e500bae44548af8e2b38dc01156 fddc7f84f2ad4dfa9b5279b2c4872fd8 - - dc4e7848fc574f3a9055485e644bae63 dc4e7848fc574f3a9055485e644bae63] 199.19.213.229 "GET /v2.0/ports?network_id=da5cda4d-131d-4dc1-8922-7f32b0cc4e29&device_owner=network%3Adhcp HTTP/1.1" status: 200 len: 210 time: 0.0465813
2026-07-09 04:41:31.592 10 INFO neutron.wsgi [None req-bd3b6318-5082-453f-8832-c7fd1404c334 cd0aae0c2f474f2cb2c14456a301c3b4 b809e5e5db7c4170a41041cb04a8ce38 - - default default] 10.0.0.101 "DELETE /v2.0/security-groups/4fe6ebff-0403-4bf4-b35e-5a650d41d3d4 HTTP/1.1" status: 204 len: 168 time: 0.3184164
2026-07-09 04:41:31.664 9 INFO neutron.wsgi [req-c5b9507d-6cea-4cab-b1e0-2711e11b18ff req-19244750-fe09-4c34-9edb-899b9b19c13b 6e675e500bae44548af8e2b38dc01156 fddc7f84f2ad4dfa9b5279b2c4872fd8 - - dc4e7848fc574f3a9055485e644bae63 dc4e7848fc574f3a9055485e644bae63] 199.19.213.229 "GET /v2.0/networks/da5cda4d-131d-4dc1-8922-7f32b0cc4e29?fields=segments HTTP/1.1" status: 200 len: 212 time: 0.1097705
2026-07-09 04:41:31.760 10 INFO neutron.wsgi [req-934f03a0-a1e3-4388-b69c-8e4def4fb248 req-6b3a27e2-7a6f-4301-be79-30a6e5d71241 4427ddf4a9434e43b121b9c4ac9d73c8 0edfaf6d1d89410f8bda80dfd8aa3dc7 - - default default] 10.0.0.98 "GET /v2.0/ports?device_id=da8bc588-abfe-4e24-a9cc-88b8849713f8 HTTP/1.1" status: 200 len: 1170 time: 0.0370407
2026-07-09 04:41:31.797 10 INFO neutron.wsgi [req-934f03a0-a1e3-4388-b69c-8e4def4fb248 req-b72f0e58-0547-4ba3-b74e-d10ebcb098b7 4427ddf4a9434e43b121b9c4ac9d73c8 0edfaf6d1d89410f8bda80dfd8aa3dc7 - - default default] 10.0.0.98 "GET /v2.0/security-groups?id=6a9668c8-4e82-454c-927a-abce80ef9d26&fields=id&fields=name HTTP/1.1" status: 200 len: 313 time: 0.0325418
2026-07-09 04:41:32.021 9 INFO neutron.wsgi [req-c5b9507d-6cea-4cab-b1e0-2711e11b18ff req-205b8b38-d335-46ef-9980-54c34c992b49 6e675e500bae44548af8e2b38dc01156 fddc7f84f2ad4dfa9b5279b2c4872fd8 - - dc4e7848fc574f3a9055485e644bae63 dc4e7848fc574f3a9055485e644bae63] 199.19.213.229 "GET /v2.0/networks/da5cda4d-131d-4dc1-8922-7f32b0cc4e29?fields=provider%3Aphysical_network&fields=provider%3Anetwork_type HTTP/1.1" status: 200 len: 277 time: 0.3461566
2026-07-09 04:41:32.159 9 INFO neutron.db.ovn_revision_numbers_db [None req-741ffbae-2623-4cd3-9090-0f8197765c2f - - - - - -] Successfully bumped revision number for resource 3bd5ae56-a748-49e8-9be7-560fc640f105 (type: ports) to 4
2026-07-09 04:41:32.281 9 INFO neutron.services.segments.plugin [-] Segment f08239cf-4065-4769-94d5-4a6a7fe912d4 resource provider aggregate not found
2026-07-09 04:41:32.287 9 INFO neutron.services.segments.plugin [-] Segment f08239cf-4065-4769-94d5-4a6a7fe912d4 resource provider aggregate not found
2026-07-09 04:41:32.302 9 INFO neutron.services.segments.plugin [-] Segment f08239cf-4065-4769-94d5-4a6a7fe912d4 resource provider not found; error: Placement Client Error (4xx): {"errors": [{"status": 404, "title": "Not Found", "detail": "The resource could not be found.\n\n No resource provider with uuid f08239cf-4065-4769-94d5-4a6a7fe912d4 found for delete ", "request_id": "req-9c776f21-149f-4be8-bbd0-e0ef8ae59d4d"}]}
2026-07-09 04:41:32.305 9 INFO neutron.services.segments.plugin [-] Segment f08239cf-4065-4769-94d5-4a6a7fe912d4 resource provider not found; error: Placement Client Error (4xx): {"errors": [{"status": 404, "title": "Not Found", "detail": "The resource could not be found.\n\n No resource provider with uuid f08239cf-4065-4769-94d5-4a6a7fe912d4 found for delete ", "request_id": "req-a2ec419f-4490-4b38-a4e0-d1d1302258ce"}]}
2026-07-09 04:41:32.338 9 INFO neutron.wsgi [None req-55533757-f91f-43b6-8598-8e48787ea55f 9d60f4f62bd041e49f0af345145425a7 071ad8aedf9841c1b0d50ac603f4e9da - - default default] 10.0.0.101 "DELETE /v2.0/networks/ec9293ca-5cb2-49ca-8128-b3b7a59861fb HTTP/1.1" status: 204 len: 168 time: 0.8594234
2026-07-09 04:41:32.626 10 WARNING neutron.scheduler.dhcp_agent_scheduler [None req-4740f73e-f86e-41d4-acd1-d5b0fbe44438 9d60f4f62bd041e49f0af345145425a7 071ad8aedf9841c1b0d50ac603f4e9da - - default default] No more DHCP agents
2026-07-09 04:41:32.637 10 WARNING neutron.api.rpc.agentnotifiers.dhcp_rpc_agent_api [None req-4740f73e-f86e-41d4-acd1-d5b0fbe44438 9d60f4f62bd041e49f0af345145425a7 071ad8aedf9841c1b0d50ac603f4e9da - - default default] Unable to schedule network 885d77d4-3c3c-4a7c-bfa2-67c9bd0ac1dc: no agents available; will retry on subsequent port and subnet creation events.
2026-07-09 04:41:32.668 10 INFO neutron.db.ovn_revision_numbers_db [None req-bb061b2d-f799-4a05-9f63-88b240785834 cd0aae0c2f474f2cb2c14456a301c3b4 b809e5e5db7c4170a41041cb04a8ce38 - - default default] Successfully bumped revision number for resource 6b3cf3a6-3603-437a-9198-fefed8e2b6ba (type: security_groups) to 1
2026-07-09 04:41:32.697 10 INFO neutron.db.ovn_revision_numbers_db [None req-bb061b2d-f799-4a05-9f63-88b240785834 cd0aae0c2f474f2cb2c14456a301c3b4 b809e5e5db7c4170a41041cb04a8ce38 - - default default] Successfully bumped revision number for resource 4e1329f1-d26d-499e-b29d-2abe9f9db46d (type: security_group_rules) to 0
2026-07-09 04:41:32.727 10 INFO neutron.db.ovn_revision_numbers_db [None req-bb061b2d-f799-4a05-9f63-88b240785834 cd0aae0c2f474f2cb2c14456a301c3b4 b809e5e5db7c4170a41041cb04a8ce38 - - default default] Successfully bumped revision number for resource 54152ef2-1521-4412-9ccc-1ea8c32c0fe9 (type: security_group_rules) to 0
2026-07-09 04:41:32.740 10 INFO neutron.db.ovn_revision_numbers_db [None req-4740f73e-f86e-41d4-acd1-d5b0fbe44438 9d60f4f62bd041e49f0af345145425a7 071ad8aedf9841c1b0d50ac603f4e9da - - default default] Successfully bumped revision number for resource f0383924-ee9b-46bb-bf4d-c098f21ab9ed (type: ports) to 1
2026-07-09 04:41:32.742 10 INFO neutron.db.ovn_revision_numbers_db [None req-bb061b2d-f799-4a05-9f63-88b240785834 cd0aae0c2f474f2cb2c14456a301c3b4 b809e5e5db7c4170a41041cb04a8ce38 - - default default] Successfully bumped revision number for resource aa2a2556-2d7c-49c9-8f1e-41e8ef431f33 (type: security_group_rules) to 0
2026-07-09 04:41:32.758 10 INFO neutron.wsgi [None req-4740f73e-f86e-41d4-acd1-d5b0fbe44438 9d60f4f62bd041e49f0af345145425a7 071ad8aedf9841c1b0d50ac603f4e9da - - default default] 10.0.0.101 "POST /v2.0/ports HTTP/1.1" status: 201 len: 975 time: 0.4069383
2026-07-09 04:41:32.759 10 INFO neutron.db.ovn_revision_numbers_db [None req-bb061b2d-f799-4a05-9f63-88b240785834 cd0aae0c2f474f2cb2c14456a301c3b4 b809e5e5db7c4170a41041cb04a8ce38 - - default default] Successfully bumped revision number for resource be1d28b9-b06d-4822-8a4e-abb4af9d22af (type: security_group_rules) to 0 /var/lib/openstack/lib/python3.10/site-packages/pycadf/identifier.py:71: UserWarning: Invalid uuid: neutron. To ensure interoperability, identifiers should be a valid uuid. warnings.warn(('Invalid uuid: %s. To ensure interoperability, '
2026-07-09 04:41:32.777 10 INFO neutron.wsgi [None req-bb061b2d-f799-4a05-9f63-88b240785834 cd0aae0c2f474f2cb2c14456a301c3b4 b809e5e5db7c4170a41041cb04a8ce38 - - default default] 10.0.0.101 "GET /v2.0/security-groups?tenant_id=9b5e62f40df74b3ba7ba618b6adfe126&name=default HTTP/1.1" status: 200 len: 2996 time: 0.4303911 /var/lib/openstack/lib/python3.10/site-packages/pycadf/identifier.py:71: UserWarning: Invalid uuid: neutron. To ensure interoperability, identifiers should be a valid uuid. warnings.warn(('Invalid uuid: %s. To ensure interoperability, '
2026-07-09 04:41:32.828 9 INFO neutron.notifiers.nova [-] Nova event matching ['req-f8d3b4ec-fb68-4162-957e-e2f066e73f7c'] response: {'server_uuid': 'da8bc588-abfe-4e24-a9cc-88b8849713f8', 'name': 'network-vif-plugged', 'status': 'completed', 'tag': '3bd5ae56-a748-49e8-9be7-560fc640f105', 'code': 200}
2026-07-09 04:41:32.828 9 INFO neutron.notifiers.nova [-] Nova event matching ['req-f8d3b4ec-fb68-4162-957e-e2f066e73f7c'] response: {'server_uuid': 'da8bc588-abfe-4e24-a9cc-88b8849713f8', 'name': 'network-vif-plugged', 'status': 'completed', 'tag': '3bd5ae56-a748-49e8-9be7-560fc640f105', 'code': 200}
2026-07-09 04:41:32.916 10 INFO neutron.wsgi [req-c6bc6815-ed1a-4e07-82da-0caf2c3c6239 req-222c0ce8-b1a4-488a-adf1-814faaa10544 4427ddf4a9434e43b121b9c4ac9d73c8 0edfaf6d1d89410f8bda80dfd8aa3dc7 - - default default] 10.0.0.98 "GET /v2.0/ports?device_id=da8bc588-abfe-4e24-a9cc-88b8849713f8 HTTP/1.1" status: 200 len: 1170 time: 0.0498395
2026-07-09 04:41:32.969 10 INFO neutron.wsgi [req-c6bc6815-ed1a-4e07-82da-0caf2c3c6239 req-692ad4c8-eb35-40ae-b7fc-828a6e85eacc 4427ddf4a9434e43b121b9c4ac9d73c8 0edfaf6d1d89410f8bda80dfd8aa3dc7 - - default default] 10.0.0.98 "GET /v2.0/security-groups?id=6a9668c8-4e82-454c-927a-abce80ef9d26&fields=id&fields=name HTTP/1.1" status: 200 len: 313 time: 0.0447009
2026-07-09 04:41:33.026 10 INFO neutron.plugins.ml2.drivers.ovn.mech_driver.mech_driver [None req-e397f195-ee57-495a-9fa2-aa8ede6a2fcb - - - - - -] OVN reports status down for port: f0383924-ee9b-46bb-bf4d-c098f21ab9ed
2026-07-09 04:41:33.055 9 INFO neutron.db.ovn_revision_numbers_db [None req-a0280b3f-749e-4839-a908-b7a3e78327d6 9d60f4f62bd041e49f0af345145425a7 071ad8aedf9841c1b0d50ac603f4e9da - - default default] Successfully bumped revision number for resource f0383924-ee9b-46bb-bf4d-c098f21ab9ed (type: ports) to 2
2026-07-09 04:41:33.055 10 INFO neutron.wsgi [None req-f92b9eb5-f2bb-45a5-9c97-c748b4843165 cd0aae0c2f474f2cb2c14456a301c3b4 b809e5e5db7c4170a41041cb04a8ce38 - - default default] 10.0.0.101 "DELETE /v2.0/security-groups/6b3cf3a6-3603-437a-9198-fefed8e2b6ba HTTP/1.1" status: 204 len: 168 time: 0.2720432
2026-07-09 04:41:33.068 9 INFO neutron.wsgi [None req-a0280b3f-749e-4839-a908-b7a3e78327d6 9d60f4f62bd041e49f0af345145425a7 071ad8aedf9841c1b0d50ac603f4e9da - - default default] 10.0.0.101 "PUT /v2.0/ports/f0383924-ee9b-46bb-bf4d-c098f21ab9ed HTTP/1.1" status: 200 len: 946 time: 0.3040664 /var/lib/openstack/lib/python3.10/site-packages/pycadf/identifier.py:71: UserWarning: Invalid uuid: neutron. To ensure interoperability, identifiers should be a valid uuid. warnings.warn(('Invalid uuid: %s. To ensure interoperability, '
2026-07-09 04:41:33.293 9 INFO neutron.db.ovn_revision_numbers_db [None req-960a7931-acec-4763-8590-610a1ba7e369 cd0aae0c2f474f2cb2c14456a301c3b4 b809e5e5db7c4170a41041cb04a8ce38 - - default default] Successfully bumped revision number for resource 86b5f6dd-2e58-4182-981d-7c2d1d965e7d (type: security_groups) to 1
2026-07-09 04:41:33.311 9 INFO neutron.db.ovn_revision_numbers_db [None req-960a7931-acec-4763-8590-610a1ba7e369 cd0aae0c2f474f2cb2c14456a301c3b4 b809e5e5db7c4170a41041cb04a8ce38 - - default default] Successfully bumped revision number for resource 14067a61-4f1d-48ea-9688-471fcefcb6fa (type: security_group_rules) to 0
2026-07-09 04:41:33.324 9 INFO neutron.db.ovn_revision_numbers_db [None req-960a7931-acec-4763-8590-610a1ba7e369 cd0aae0c2f474f2cb2c14456a301c3b4 b809e5e5db7c4170a41041cb04a8ce38 - - default default] Successfully bumped revision number for resource 4dc7877c-8397-4c4f-98b8-1c31ccd7373f (type: security_group_rules) to 0
2026-07-09 04:41:33.326 10 INFO neutron.wsgi [None req-7b3d34b9-3b2d-4d93-9684-4798f12cddb1 9d60f4f62bd041e49f0af345145425a7 071ad8aedf9841c1b0d50ac603f4e9da - - default default] 10.0.0.101 "DELETE /v2.0/ports/f0383924-ee9b-46bb-bf4d-c098f21ab9ed HTTP/1.1" status: 204 len: 168 time: 0.2528644
2026-07-09 04:41:33.360 9 INFO neutron.db.ovn_revision_numbers_db [None req-960a7931-acec-4763-8590-610a1ba7e369 cd0aae0c2f474f2cb2c14456a301c3b4 b809e5e5db7c4170a41041cb04a8ce38 - - default default] Successfully bumped revision number for resource 8e0d5891-7199-4156-b4c2-f244411b3c9e (type: security_group_rules) to 0
2026-07-09 04:41:33.378 9 INFO neutron.db.ovn_revision_numbers_db [None req-960a7931-acec-4763-8590-610a1ba7e369 cd0aae0c2f474f2cb2c14456a301c3b4 b809e5e5db7c4170a41041cb04a8ce38 - - default default] Successfully bumped revision number for resource deecf5ff-37d7-4b05-9aed-f1c01b9e9d35 (type: security_group_rules) to 0
2026-07-09 04:41:33.407 9 INFO neutron.wsgi [None req-960a7931-acec-4763-8590-610a1ba7e369 cd0aae0c2f474f2cb2c14456a301c3b4 b809e5e5db7c4170a41041cb04a8ce38 - - default default] 10.0.0.101 "GET /v2.0/security-groups?tenant_id=a62b2d998b524610b1278628108dbe5f&name=default HTTP/1.1" status: 200 len: 2996 time: 0.2076309
2026-07-09 04:41:33.426 9 INFO neutron.wsgi [None req-03986c2e-c445-432c-8290-6fce82e019b4 9d60f4f62bd041e49f0af345145425a7 071ad8aedf9841c1b0d50ac603f4e9da - - default default] 10.0.0.101 "GET /v2.0/ports HTTP/1.1" status: 200 len: 1733 time: 0.0945442
2026-07-09 04:41:33.438 9 INFO neutron.wsgi [-] 10.0.0.101 "GET / HTTP/1.1" status: 200 len: 279 time: 0.0010152
2026-07-09 04:41:33.448 9 INFO neutron.pecan_wsgi.hooks.translation [None req-14933d21-9e7c-4cc3-bff4-311ad1d99239 9d60f4f62bd041e49f0af345145425a7 071ad8aedf9841c1b0d50ac603f4e9da - - default default] GET failed (client error): The resource could not be found.
2026-07-09 04:41:33.450 9 INFO neutron.wsgi [None req-14933d21-9e7c-4cc3-bff4-311ad1d99239 9d60f4f62bd041e49f0af345145425a7 071ad8aedf9841c1b0d50ac603f4e9da - - default default] 10.0.0.101 "GET /v2.0/ports/f0383924-ee9b-46bb-bf4d-c098f21ab9ed HTTP/1.1" status: 404 len: 333 time: 0.0190308
2026-07-09 04:41:33.486 9 INFO neutron.wsgi [None req-8f877ca2-5526-4073-acb3-abbc00c8796a 9d60f4f62bd041e49f0af345145425a7 071ad8aedf9841c1b0d50ac603f4e9da - - default default] 10.0.0.101 "GET /v2.0/ports HTTP/1.1" status: 200 len: 1733 time: 0.0307195
2026-07-09 04:41:33.526 9 INFO neutron.wsgi [None req-addec3c8-c221-4b73-bcf8-7ef338112437 9d60f4f62bd041e49f0af345145425a7 071ad8aedf9841c1b0d50ac603f4e9da - - default default] 10.0.0.101 "GET /v2.0/ports/c001d61c-d5bc-430b-ae6f-ed35a1de98d3 HTTP/1.1" status: 200 len: 973 time: 0.0338316
2026-07-09 04:41:33.548 9 INFO neutron.pecan_wsgi.hooks.translation [None req-653b1681-a169-4da0-a64b-b8b215ce899d 9d60f4f62bd041e49f0af345145425a7 071ad8aedf9841c1b0d50ac603f4e9da - - default default] DELETE failed (client error): The resource could not be found.
2026-07-09 04:41:33.551 9 INFO neutron.wsgi [None req-653b1681-a169-4da0-a64b-b8b215ce899d 9d60f4f62bd041e49f0af345145425a7 071ad8aedf9841c1b0d50ac603f4e9da - - default default] 10.0.0.101 "DELETE /v2.0/ports/c0d69b2e-9e3a-470a-a672-4b67c162c0b8 HTTP/1.1" status: 404 len: 333 time: 0.0183601
2026-07-09 04:41:33.571 9 INFO neutron.pecan_wsgi.hooks.translation [None req-0f5cd2c8-0efe-447e-bfd4-2603fe9f9302 9d60f4f62bd041e49f0af345145425a7 071ad8aedf9841c1b0d50ac603f4e9da - - default default] DELETE failed (client error): The resource could not be found.
2026-07-09 04:41:33.574 9 INFO neutron.wsgi [None req-0f5cd2c8-0efe-447e-bfd4-2603fe9f9302 9d60f4f62bd041e49f0af345145425a7 071ad8aedf9841c1b0d50ac603f4e9da - - default default] 10.0.0.101 "DELETE /v2.0/subnets/ea7336d1-ec89-495a-a1e1-463dd92887e0 HTTP/1.1" status: 404 len: 337 time: 0.0181296
2026-07-09 04:41:33.604 9 INFO neutron.pecan_wsgi.hooks.translation [None req-ade15bd9-8c7e-4385-8b59-b0be11ca7a7f 9d60f4f62bd041e49f0af345145425a7 071ad8aedf9841c1b0d50ac603f4e9da - - default default] DELETE failed (client error): The resource could not be found.
2026-07-09 04:41:33.606 9 INFO neutron.wsgi [None req-ade15bd9-8c7e-4385-8b59-b0be11ca7a7f 9d60f4f62bd041e49f0af345145425a7 071ad8aedf9841c1b0d50ac603f4e9da - - default default] 10.0.0.101 "DELETE /v2.0/subnets/288bbe8e-7477-4ec8-882b-a5b84b4c8ced HTTP/1.1" status: 404 len: 337 time: 0.0260265
2026-07-09 04:41:33.608 10 INFO neutron.wsgi [None req-bc87e2c4-bb2e-4473-b3ef-6f6167675253 cd0aae0c2f474f2cb2c14456a301c3b4 b809e5e5db7c4170a41041cb04a8ce38 - - default default] 10.0.0.101 "DELETE /v2.0/security-groups/86b5f6dd-2e58-4182-981d-7c2d1d965e7d HTTP/1.1" status: 204 len: 168 time: 0.1966834
2026-07-09 04:41:33.619 10 INFO neutron.wsgi [None req-e7b2a8d0-f7ce-495f-9932-303a576ece48 65f0f04474cb4b4ba086f77b890bc9a6 6c30ab2211354ceeaf0b7135d1b67462 - - default default] 10.0.0.101 "GET /v2.0/ HTTP/1.1" status: 200 len: 826 time: 0.1775949
2026-07-09 04:41:33.865 9 INFO neutron.wsgi [None req-381e5db6-0954-4c38-950a-bcda831a6137 9d60f4f62bd041e49f0af345145425a7 071ad8aedf9841c1b0d50ac603f4e9da - - default default] 10.0.0.101 "DELETE /v2.0/ports/c001d61c-d5bc-430b-ae6f-ed35a1de98d3 HTTP/1.1" status: 204 len: 168 time: 0.2532744
2026-07-09 04:41:33.904 9 INFO neutron.db.ovn_revision_numbers_db [None req-3b2a6d06-c90f-47a9-ad70-2b2958359f2b cd0aae0c2f474f2cb2c14456a301c3b4 b809e5e5db7c4170a41041cb04a8ce38 - - default default] Successfully bumped revision number for resource 0673d6ca-744c-422f-9631-e6963155c337 (type: security_groups) to 1
2026-07-09 04:41:33.915 9 INFO neutron.db.ovn_revision_numbers_db [None req-3b2a6d06-c90f-47a9-ad70-2b2958359f2b cd0aae0c2f474f2cb2c14456a301c3b4 b809e5e5db7c4170a41041cb04a8ce38 - - default default] Successfully bumped revision number for resource 43ccf65f-f68d-47f0-8cda-9546bf0e2566 (type: security_group_rules) to 0
2026-07-09 04:41:33.926 9 INFO neutron.db.ovn_revision_numbers_db [None req-3b2a6d06-c90f-47a9-ad70-2b2958359f2b cd0aae0c2f474f2cb2c14456a301c3b4 b809e5e5db7c4170a41041cb04a8ce38 - - default default] Successfully bumped revision number for resource 627aabc9-9c2a-48fb-85a7-e64dd4212cc7 (type: security_group_rules) to 0
2026-07-09 04:41:33.937 9 INFO neutron.db.ovn_revision_numbers_db [None req-3b2a6d06-c90f-47a9-ad70-2b2958359f2b cd0aae0c2f474f2cb2c14456a301c3b4 b809e5e5db7c4170a41041cb04a8ce38 - - default default] Successfully bumped revision number for resource ac2dfc9a-556b-4868-b380-f16492105d78 (type: security_group_rules) to 0
2026-07-09 04:41:33.949 9 INFO neutron.db.ovn_revision_numbers_db [None req-3b2a6d06-c90f-47a9-ad70-2b2958359f2b cd0aae0c2f474f2cb2c14456a301c3b4 b809e5e5db7c4170a41041cb04a8ce38 - - default default] Successfully bumped revision number for resource dca0a444-0083-4a8c-9743-de9ff0091157 (type: security_group_rules) to 0
2026-07-09 04:41:33.971 9 INFO neutron.wsgi [None req-3b2a6d06-c90f-47a9-ad70-2b2958359f2b cd0aae0c2f474f2cb2c14456a301c3b4 b809e5e5db7c4170a41041cb04a8ce38 - - default default] 10.0.0.101 "GET /v2.0/security-groups?tenant_id=37073210067a40fab4ee833c895dbf07&name=default HTTP/1.1" status: 200 len: 2996 time: 0.1697178
2026-07-09 04:41:34.144 9 INFO neutron.wsgi [req-ef3a7174-5bd5-485c-8499-f8e72a658270 req-fe4f7bbd-f720-4e34-aba1-0fb07782362f 4427ddf4a9434e43b121b9c4ac9d73c8 0edfaf6d1d89410f8bda80dfd8aa3dc7 - - default default] 10.0.0.98 "GET /v2.0/ports?device_id=da8bc588-abfe-4e24-a9cc-88b8849713f8 HTTP/1.1" status: 200 len: 1170 time: 0.1138000
2026-07-09 04:41:34.198 9 INFO neutron.wsgi [req-ef3a7174-5bd5-485c-8499-f8e72a658270 req-d87facad-3730-4682-a13a-14b9ddc9e2cd 4427ddf4a9434e43b121b9c4ac9d73c8 0edfaf6d1d89410f8bda80dfd8aa3dc7 - - default default] 10.0.0.98 "GET /v2.0/security-groups?id=6a9668c8-4e82-454c-927a-abce80ef9d26&fields=id&fields=name HTTP/1.1" status: 200 len: 313 time: 0.0455096
2026-07-09 04:41:34.207 9 INFO neutron.wsgi [None req-835b9b16-4775-4921-abe6-bee8e3d7b948 cd0aae0c2f474f2cb2c14456a301c3b4 b809e5e5db7c4170a41041cb04a8ce38 - - default default] 10.0.0.101 "DELETE /v2.0/security-groups/0673d6ca-744c-422f-9631-e6963155c337 HTTP/1.1" status: 204 len: 168 time: 0.2302859
2026-07-09 04:41:34.257 10 INFO neutron.services.segments.plugin [-] Segment 2f39b0e9-4b7b-4f50-8bf2-7a97ad9c16a6 resource provider aggregate not found
2026-07-09 04:41:34.264 10 INFO neutron.services.segments.plugin [-] Segment 2f39b0e9-4b7b-4f50-8bf2-7a97ad9c16a6 resource provider aggregate not found
2026-07-09 04:41:34.279 10 INFO neutron.services.segments.plugin [-] Segment 2f39b0e9-4b7b-4f50-8bf2-7a97ad9c16a6 resource provider not found; error: Placement Client Error (4xx): {"errors": [{"status": 404, "title": "Not Found", "detail": "The resource could not be found.\n\n No resource provider with uuid 2f39b0e9-4b7b-4f50-8bf2-7a97ad9c16a6 found for delete ", "request_id": "req-caa54bfb-9df4-42dd-a74f-2438328713ad"}]}
2026-07-09 04:41:34.287 10 INFO neutron.services.segments.plugin [-] Segment 2f39b0e9-4b7b-4f50-8bf2-7a97ad9c16a6 resource provider not found; error: Placement Client Error (4xx): {"errors": [{"status": 404, "title": "Not Found", "detail": "The resource could not be found.\n\n No resource provider with uuid 2f39b0e9-4b7b-4f50-8bf2-7a97ad9c16a6 found for delete ", "request_id": "req-13c32413-c10b-4fff-859b-bcb7f94a623f"}]}
2026-07-09 04:41:34.316 10 INFO neutron.wsgi [req-002926dc-375c-4cf5-ba17-fe9d0b583d92 req-bae43c2b-ed9c-4c01-9166-0e61a26ef550 4427ddf4a9434e43b121b9c4ac9d73c8 0edfaf6d1d89410f8bda80dfd8aa3dc7 - - default default] 10.0.0.98 "GET /v2.0/ports?device_id=da8bc588-abfe-4e24-a9cc-88b8849713f8 HTTP/1.1" status: 200 len: 1170 time: 0.0408909
2026-07-09 04:41:34.327 10 INFO neutron.wsgi [None req-86f2240b-fe30-4409-bd05-6c3baa6b660e 9d60f4f62bd041e49f0af345145425a7 071ad8aedf9841c1b0d50ac603f4e9da - - default default] 10.0.0.101 "DELETE /v2.0/networks/885d77d4-3c3c-4a7c-bfa2-67c9bd0ac1dc HTTP/1.1" status: 204 len: 168 time: 0.4565852
2026-07-09 04:41:34.550 9 INFO neutron.db.ovn_revision_numbers_db [None req-65f2f1fe-0a1a-4c14-b863-c08f9704f021 cd0aae0c2f474f2cb2c14456a301c3b4 b809e5e5db7c4170a41041cb04a8ce38 - - default default] Successfully bumped revision number for resource ed0f6a32-e3d1-4f55-bfed-78d8100fec8c (type: security_groups) to 1
2026-07-09 04:41:34.579 9 INFO neutron.db.ovn_revision_numbers_db [None req-65f2f1fe-0a1a-4c14-b863-c08f9704f021 cd0aae0c2f474f2cb2c14456a301c3b4 b809e5e5db7c4170a41041cb04a8ce38 - - default default] Successfully bumped revision number for resource 592c8385-e48a-4cf3-b3cf-a311e5e0dde5 (type: security_group_rules) to 0
2026-07-09 04:41:34.595 9 INFO neutron.db.ovn_revision_numbers_db [None req-65f2f1fe-0a1a-4c14-b863-c08f9704f021 cd0aae0c2f474f2cb2c14456a301c3b4 b809e5e5db7c4170a41041cb04a8ce38 - - default default] Successfully bumped revision number for resource 827aab8a-6e3c-4363-92ff-20ef3fbcaf10 (type: security_group_rules) to 0
2026-07-09 04:41:34.602 9 INFO neutron.db.l3_db [None req-94ef3907-0324-4717-b190-993e1f6db88b 4427ddf4a9434e43b121b9c4ac9d73c8 0edfaf6d1d89410f8bda80dfd8aa3dc7 - - default default] Floating IP b91d3a33-e0c7-4525-916f-03f230dfcef8 associated. External IP: 10.96.250.209, port: 3bd5ae56-a748-49e8-9be7-560fc640f105.
2026-07-09 04:41:34.630 9 INFO neutron.db.ovn_revision_numbers_db [None req-65f2f1fe-0a1a-4c14-b863-c08f9704f021 cd0aae0c2f474f2cb2c14456a301c3b4 b809e5e5db7c4170a41041cb04a8ce38 - - default default] Successfully bumped revision number for resource a11e7743-3365-4d7e-999f-1fec1e2198c7 (type: security_group_rules) to 0
2026-07-09 04:41:34.656 9 INFO neutron.db.ovn_revision_numbers_db [None req-65f2f1fe-0a1a-4c14-b863-c08f9704f021 cd0aae0c2f474f2cb2c14456a301c3b4 b809e5e5db7c4170a41041cb04a8ce38 - - default default] Successfully bumped revision number for resource ad596e00-afd2-4b04-948f-3f25a8107622 (type: security_group_rules) to 0
2026-07-09 04:41:34.688 9 INFO neutron.wsgi [None req-65f2f1fe-0a1a-4c14-b863-c08f9704f021 cd0aae0c2f474f2cb2c14456a301c3b4 b809e5e5db7c4170a41041cb04a8ce38 - - default default] 10.0.0.101 "GET /v2.0/security-groups?tenant_id=6c30ab2211354ceeaf0b7135d1b67462&name=default HTTP/1.1" status: 200 len: 2996 time: 0.4866984
2026-07-09 04:41:34.859 9 INFO neutron.db.ovn_revision_numbers_db [None req-94ef3907-0324-4717-b190-993e1f6db88b 4427ddf4a9434e43b121b9c4ac9d73c8 0edfaf6d1d89410f8bda80dfd8aa3dc7 - - default default] Successfully bumped revision number for resource b91d3a33-e0c7-4525-916f-03f230dfcef8 (type: floatingips) to 1
2026-07-09 04:41:34.931 10 INFO neutron.wsgi [None req-2246faa2-89d5-49fc-b172-a952c64560e1 cd0aae0c2f474f2cb2c14456a301c3b4 b809e5e5db7c4170a41041cb04a8ce38 - - default default] 10.0.0.101 "DELETE /v2.0/security-groups/ed0f6a32-e3d1-4f55-bfed-78d8100fec8c HTTP/1.1" status: 204 len: 168 time: 0.2366903
2026-07-09 04:41:34.987 9 INFO neutron.db.ovn_revision_numbers_db [None req-94ef3907-0324-4717-b190-993e1f6db88b 4427ddf4a9434e43b121b9c4ac9d73c8 0edfaf6d1d89410f8bda80dfd8aa3dc7 - - default default] Successfully bumped revision number for resource b91d3a33-e0c7-4525-916f-03f230dfcef8 (type: floatingips) to 2
2026-07-09 04:41:35.002 9 INFO neutron.wsgi [None req-b362b76e-a804-49cf-9eac-bca3ebe4ae51 cd0aae0c2f474f2cb2c14456a301c3b4 b809e5e5db7c4170a41041cb04a8ce38 - - default default] 10.0.0.101 "GET /v2.0/security-groups?tenant_id=071ad8aedf9841c1b0d50ac603f4e9da&name=default HTTP/1.1" status: 200 len: 2996 time: 0.1572187
2026-07-09 04:41:35.011 9 INFO neutron.wsgi [None req-94ef3907-0324-4717-b190-993e1f6db88b 4427ddf4a9434e43b121b9c4ac9d73c8 0edfaf6d1d89410f8bda80dfd8aa3dc7 - - default default] 10.0.0.101 "PUT /v2.0/floatingips/b91d3a33-e0c7-4525-916f-03f230dfcef8 HTTP/1.1" status: 200 len: 1049 time: 0.6801317
2026-07-09 04:41:35.052 9 INFO neutron.notifiers.nova [-] Nova event matching ['req-b03dd006-4e66-4e55-a9a7-a8766f35c5db'] response: {'name': 'network-changed', 'server_uuid': 'da8bc588-abfe-4e24-a9cc-88b8849713f8', 'tag': '3bd5ae56-a748-49e8-9be7-560fc640f105', 'status': 'completed', 'code': 200}
2026-07-09 04:41:35.103 9 INFO neutron.wsgi [req-4bebaca9-1d93-4090-9d1d-061e41e15cfa req-a992c218-c50c-4767-888b-6f040d8be729 6e675e500bae44548af8e2b38dc01156 fddc7f84f2ad4dfa9b5279b2c4872fd8 - - dc4e7848fc574f3a9055485e644bae63 dc4e7848fc574f3a9055485e644bae63] 199.19.213.229 "GET /v2.0/ports?tenant_id=0edfaf6d1d89410f8bda80dfd8aa3dc7&device_id=da8bc588-abfe-4e24-a9cc-88b8849713f8 HTTP/1.1" status: 200 len: 1409 time: 0.0332229
2026-07-09 04:41:35.187 9 INFO neutron.wsgi [req-4bebaca9-1d93-4090-9d1d-061e41e15cfa req-8c411453-e1b1-4a05-bba3-4680161b8c5c 6e675e500bae44548af8e2b38dc01156 fddc7f84f2ad4dfa9b5279b2c4872fd8 - - dc4e7848fc574f3a9055485e644bae63 dc4e7848fc574f3a9055485e644bae63] 199.19.213.229 "GET /v2.0/networks?id=da5cda4d-131d-4dc1-8922-7f32b0cc4e29 HTTP/1.1" status: 200 len: 974 time: 0.0742366
2026-07-09 04:41:35.255 9 INFO neutron.wsgi [req-4bebaca9-1d93-4090-9d1d-061e41e15cfa req-7c2235ae-fa47-4725-b585-6445b656f377 6e675e500bae44548af8e2b38dc01156 fddc7f84f2ad4dfa9b5279b2c4872fd8 - - dc4e7848fc574f3a9055485e644bae63 dc4e7848fc574f3a9055485e644bae63] 199.19.213.229 "GET /v2.0/floatingips?fixed_ip_address=10.100.0.9&port_id=3bd5ae56-a748-49e8-9be7-560fc640f105 HTTP/1.1" status: 200 len: 1059 time: 0.0547636
2026-07-09 04:41:35.315 9 INFO neutron.wsgi [req-4bebaca9-1d93-4090-9d1d-061e41e15cfa req-03c59e72-90ac-4472-af8a-1c5ae35f19bc 6e675e500bae44548af8e2b38dc01156 fddc7f84f2ad4dfa9b5279b2c4872fd8 - - dc4e7848fc574f3a9055485e644bae63 dc4e7848fc574f3a9055485e644bae63] 199.19.213.229 "GET /v2.0/subnets?id=75bfda42-163b-4456-bb9e-18ff69ec28d0 HTTP/1.1" status: 200 len: 869 time: 0.0547163
2026-07-09 04:41:35.319 9 INFO neutron.wsgi [None req-ad5b61b8-095e-4804-854a-f0cfd7a3793a cd0aae0c2f474f2cb2c14456a301c3b4 b809e5e5db7c4170a41041cb04a8ce38 - - default default] 10.0.0.101 "DELETE /v2.0/security-groups/0470b5d7-9e00-44f8-85c5-03bbc02ba06e HTTP/1.1" status: 204 len: 168 time: 0.3123970
2026-07-09 04:41:35.336 9 INFO neutron.wsgi [req-4bebaca9-1d93-4090-9d1d-061e41e15cfa req-35c8d52f-7b50-49bb-8a24-d35aa546b34a 6e675e500bae44548af8e2b38dc01156 fddc7f84f2ad4dfa9b5279b2c4872fd8 - - dc4e7848fc574f3a9055485e644bae63 dc4e7848fc574f3a9055485e644bae63] 199.19.213.229 "GET /v2.0/ports?network_id=da5cda4d-131d-4dc1-8922-7f32b0cc4e29&device_owner=network%3Adhcp HTTP/1.1" status: 200 len: 210 time: 0.0154724
2026-07-09 04:41:35.410 9 INFO neutron.wsgi [req-4bebaca9-1d93-4090-9d1d-061e41e15cfa req-8b1139b2-fad0-4303-8326-1c21a47b9084 6e675e500bae44548af8e2b38dc01156 fddc7f84f2ad4dfa9b5279b2c4872fd8 - - dc4e7848fc574f3a9055485e644bae63 dc4e7848fc574f3a9055485e644bae63] 199.19.213.229 "GET /v2.0/networks/da5cda4d-131d-4dc1-8922-7f32b0cc4e29?fields=segments HTTP/1.1" status: 200 len: 212 time: 0.0638955
2026-07-09 04:41:35.485 9 INFO neutron.wsgi [req-4bebaca9-1d93-4090-9d1d-061e41e15cfa req-01f60de5-1b41-47ad-8dbd-0289cc6efeb0 6e675e500bae44548af8e2b38dc01156 fddc7f84f2ad4dfa9b5279b2c4872fd8 - - dc4e7848fc574f3a9055485e644bae63 dc4e7848fc574f3a9055485e644bae63] 199.19.213.229 "GET /v2.0/networks/da5cda4d-131d-4dc1-8922-7f32b0cc4e29?fields=provider%3Aphysical_network&fields=provider%3Anetwork_type HTTP/1.1" status: 200 len: 277 time: 0.0673518
2026-07-09 04:41:37.513 9 INFO neutron.db.ovn_revision_numbers_db [None req-1772f6ac-256a-49a7-87ff-e01959c45071 cd0aae0c2f474f2cb2c14456a301c3b4 b809e5e5db7c4170a41041cb04a8ce38 - - default default] Successfully bumped revision number for resource c691a1d4-262a-4bfa-9bb4-1e8d4ff53c48 (type: security_groups) to 1
2026-07-09 04:41:37.518 9 INFO neutron.db.ovn_revision_numbers_db [None req-017d1219-0a40-4a19-adeb-51c58c7e1bd2 67659a6de57e463883f4d6b6e4778734 f7bdfcfac7524729a43f4ce18fbbcbd9 - - default default] Successfully bumped revision number for resource 23636ce0-b891-4fb0-94a5-caa598840bd3 (type: security_groups) to 1
2026-07-09 04:41:37.530 9 INFO neutron.db.ovn_revision_numbers_db [None req-1772f6ac-256a-49a7-87ff-e01959c45071 cd0aae0c2f474f2cb2c14456a301c3b4 b809e5e5db7c4170a41041cb04a8ce38 - - default default] Successfully bumped revision number for resource 458fa89c-8f3f-4134-a683-9108ae2032b7 (type: security_group_rules) to 0
2026-07-09 04:41:37.534 9 INFO neutron.db.ovn_revision_numbers_db [None req-017d1219-0a40-4a19-adeb-51c58c7e1bd2 67659a6de57e463883f4d6b6e4778734 f7bdfcfac7524729a43f4ce18fbbcbd9 - - default default] Successfully bumped revision number for resource 2664ffab-18a7-4d7f-b07d-d1049c159246 (type: security_group_rules) to 0
2026-07-09 04:41:37.547 9 INFO neutron.db.ovn_revision_numbers_db [None req-1772f6ac-256a-49a7-87ff-e01959c45071 cd0aae0c2f474f2cb2c14456a301c3b4 b809e5e5db7c4170a41041cb04a8ce38 - - default default] Successfully bumped revision number for resource 5d179a15-68c0-436b-b327-0b45cf147467 (type: security_group_rules) to 0
2026-07-09 04:41:37.550 9 INFO neutron.db.ovn_revision_numbers_db [None req-017d1219-0a40-4a19-adeb-51c58c7e1bd2 67659a6de57e463883f4d6b6e4778734 f7bdfcfac7524729a43f4ce18fbbcbd9 - - default default] Successfully bumped revision number for resource 5d3fc07d-4148-4c73-a7a6-a8c021f1cd7c (type: security_group_rules) to 0
2026-07-09 04:41:37.564 9 INFO neutron.db.ovn_revision_numbers_db [None req-1772f6ac-256a-49a7-87ff-e01959c45071 cd0aae0c2f474f2cb2c14456a301c3b4 b809e5e5db7c4170a41041cb04a8ce38 - - default default] Successfully bumped revision number for resource 66a19ee1-e57d-4ec7-9954-749fd354249a (type: security_group_rules) to 0
2026-07-09 04:41:37.569 9 INFO neutron.db.ovn_revision_numbers_db [None req-017d1219-0a40-4a19-adeb-51c58c7e1bd2 67659a6de57e463883f4d6b6e4778734 f7bdfcfac7524729a43f4ce18fbbcbd9 - - default default] Successfully bumped revision number for resource e3e8f10d-3ee1-49f0-b517-2ffab13062f0 (type: security_group_rules) to 0
2026-07-09 04:41:37.580 9 INFO neutron.db.ovn_revision_numbers_db [None req-1772f6ac-256a-49a7-87ff-e01959c45071 cd0aae0c2f474f2cb2c14456a301c3b4 b809e5e5db7c4170a41041cb04a8ce38 - - default default] Successfully bumped revision number for resource d77dfa00-5e51-4a00-adaa-16ce243d4ddf (type: security_group_rules) to 0
2026-07-09 04:41:37.588 9 INFO neutron.db.ovn_revision_numbers_db [None req-017d1219-0a40-4a19-adeb-51c58c7e1bd2 67659a6de57e463883f4d6b6e4778734 f7bdfcfac7524729a43f4ce18fbbcbd9 - - default default] Successfully bumped revision number for resource fe3cb590-68fa-4c53-aa5f-c432aeb590f8 (type: security_group_rules) to 0
2026-07-09 04:41:37.602 9 INFO neutron.wsgi [None req-1772f6ac-256a-49a7-87ff-e01959c45071 cd0aae0c2f474f2cb2c14456a301c3b4 b809e5e5db7c4170a41041cb04a8ce38 - - default default] 10.0.0.101 "GET /v2.0/security-groups?tenant_id=86ec60dd88c247f1a4e4d5e70a2a1cca&name=default HTTP/1.1" status: 200 len: 2996 time: 0.3169277
2026-07-09 04:41:37.642 9 INFO neutron.db.segments_db [None req-017d1219-0a40-4a19-adeb-51c58c7e1bd2 67659a6de57e463883f4d6b6e4778734 f7bdfcfac7524729a43f4ce18fbbcbd9 - - default default] Added segment fb6ffb9e-61be-4c2f-8dc5-2a1f5999d187 of type geneve for network fe8092c0-0535-4cf3-92a9-404021fcabb8
2026-07-09 04:41:38.094 9 INFO neutron.db.ovn_revision_numbers_db [None req-017d1219-0a40-4a19-adeb-51c58c7e1bd2 67659a6de57e463883f4d6b6e4778734 f7bdfcfac7524729a43f4ce18fbbcbd9 - - default default] Successfully bumped revision number for resource fe8092c0-0535-4cf3-92a9-404021fcabb8 (type: networks) to 1
2026-07-09 04:41:38.204 9 INFO neutron.wsgi [None req-f58d70b2-7477-4055-912a-473ab94ad8da cd0aae0c2f474f2cb2c14456a301c3b4 b809e5e5db7c4170a41041cb04a8ce38 - - default default] 10.0.0.101 "DELETE /v2.0/security-groups/c691a1d4-262a-4bfa-9bb4-1e8d4ff53c48 HTTP/1.1" status: 204 len: 168 time: 0.5972714
2026-07-09 04:41:38.306 9 WARNING neutron.scheduler.dhcp_agent_scheduler [None req-017d1219-0a40-4a19-adeb-51c58c7e1bd2 67659a6de57e463883f4d6b6e4778734 f7bdfcfac7524729a43f4ce18fbbcbd9 - - default default] No more DHCP agents
2026-07-09 04:41:38.308 9 WARNING neutron.api.rpc.agentnotifiers.dhcp_rpc_agent_api [None req-017d1219-0a40-4a19-adeb-51c58c7e1bd2 67659a6de57e463883f4d6b6e4778734 f7bdfcfac7524729a43f4ce18fbbcbd9 - - default default] Unable to schedule network fe8092c0-0535-4cf3-92a9-404021fcabb8: no agents available; will retry on subsequent port and subnet creation events.
2026-07-09 04:41:38.380 9 INFO neutron.db.ovn_revision_numbers_db [None req-017d1219-0a40-4a19-adeb-51c58c7e1bd2 67659a6de57e463883f4d6b6e4778734 f7bdfcfac7524729a43f4ce18fbbcbd9 - - default default] Successfully bumped revision number for resource 6485105f-189f-46e9-9ac6-62245b7bb804 (type: ports) to 1
2026-07-09 04:41:38.402 9 INFO neutron.wsgi [None req-017d1219-0a40-4a19-adeb-51c58c7e1bd2 67659a6de57e463883f4d6b6e4778734 f7bdfcfac7524729a43f4ce18fbbcbd9 - - default default] 10.0.0.101 "POST /v2.0/networks HTTP/1.1" status: 201 len: 844 time: 1.2144322
2026-07-09 04:41:38.654 9 WARNING neutron.scheduler.dhcp_agent_scheduler [None req-e70ca2bc-0b30-4913-99e7-94d7fa46cb96 67659a6de57e463883f4d6b6e4778734 f7bdfcfac7524729a43f4ce18fbbcbd9 - - default default] No more DHCP agents
2026-07-09 04:41:38.658 9 WARNING neutron.api.rpc.agentnotifiers.dhcp_rpc_agent_api [None req-e70ca2bc-0b30-4913-99e7-94d7fa46cb96 67659a6de57e463883f4d6b6e4778734 f7bdfcfac7524729a43f4ce18fbbcbd9 - - default default] Unable to schedule network fe8092c0-0535-4cf3-92a9-404021fcabb8: no agents available; will retry on subsequent port and subnet creation events. /var/lib/openstack/lib/python3.10/site-packages/pycadf/identifier.py:71: UserWarning: Invalid uuid: neutron. To ensure interoperability, identifiers should be a valid uuid. warnings.warn(('Invalid uuid: %s. To ensure interoperability, '
2026-07-09 04:41:38.738 9 INFO neutron.db.ovn_revision_numbers_db [None req-e70ca2bc-0b30-4913-99e7-94d7fa46cb96 67659a6de57e463883f4d6b6e4778734 f7bdfcfac7524729a43f4ce18fbbcbd9 - - default default] Successfully bumped revision number for resource 0ac43f12-cb3c-46b5-a158-6798c2e45106 (type: ports) to 1
2026-07-09 04:41:38.764 9 INFO neutron.wsgi [None req-e70ca2bc-0b30-4913-99e7-94d7fa46cb96 67659a6de57e463883f4d6b6e4778734 f7bdfcfac7524729a43f4ce18fbbcbd9 - - default default] 10.0.0.101 "POST /v2.0/ports HTTP/1.1" status: 201 len: 974 time: 0.3571951 /var/lib/openstack/lib/python3.10/site-packages/pycadf/identifier.py:71: UserWarning: Invalid uuid: neutron. To ensure interoperability, identifiers should be a valid uuid. warnings.warn(('Invalid uuid: %s. To ensure interoperability, '
2026-07-09 04:41:38.833 10 INFO neutron.db.ovn_revision_numbers_db [None req-303bbcd9-5cc9-4d3e-a574-3129257fe607 4264a8f6fa7445bdb8218d32f9934fd0 2220980374284b5995cac2d9a8a272f6 - - default default] Successfully bumped revision number for resource 5c962787-a5e3-430b-9ba7-04a22249157f (type: routers) to 1
2026-07-09 04:41:38.846 10 INFO neutron.wsgi [None req-303bbcd9-5cc9-4d3e-a574-3129257fe607 4264a8f6fa7445bdb8218d32f9934fd0 2220980374284b5995cac2d9a8a272f6 - - default default] 10.0.0.101 "POST /v2.0/routers HTTP/1.1" status: 201 len: 654 time: 0.3766937
2026-07-09 04:41:38.862 9 INFO neutron.db.segments_db [None req-bfb8cb5e-afa6-460b-8cf4-6e20590f2d86 67659a6de57e463883f4d6b6e4778734 f7bdfcfac7524729a43f4ce18fbbcbd9 - - default default] Added segment 1c9d9455-c4c8-4fba-b50d-ee98e4fc5368 of type geneve for network edb2c0f6-8910-4d14-a990-4b738b2f277d
2026-07-09 04:41:39.027 9 INFO neutron.db.ovn_revision_numbers_db [None req-bfb8cb5e-afa6-460b-8cf4-6e20590f2d86 67659a6de57e463883f4d6b6e4778734 f7bdfcfac7524729a43f4ce18fbbcbd9 - - default default] Successfully bumped revision number for resource edb2c0f6-8910-4d14-a990-4b738b2f277d (type: networks) to 1
2026-07-09 04:41:39.256 9 WARNING neutron.scheduler.dhcp_agent_scheduler [None req-bfb8cb5e-afa6-460b-8cf4-6e20590f2d86 67659a6de57e463883f4d6b6e4778734 f7bdfcfac7524729a43f4ce18fbbcbd9 - - default default] No more DHCP agents
2026-07-09 04:41:39.270 9 WARNING neutron.api.rpc.agentnotifiers.dhcp_rpc_agent_api [None req-bfb8cb5e-afa6-460b-8cf4-6e20590f2d86 67659a6de57e463883f4d6b6e4778734 f7bdfcfac7524729a43f4ce18fbbcbd9 - - default default] Unable to schedule network edb2c0f6-8910-4d14-a990-4b738b2f277d: no agents available; will retry on subsequent port and subnet creation events.
2026-07-09 04:41:39.309 10 INFO neutron.db.ovn_revision_numbers_db [None req-6afde847-ff4b-4532-9b22-bbae829df6b2 4264a8f6fa7445bdb8218d32f9934fd0 2220980374284b5995cac2d9a8a272f6 - - default default] Successfully bumped revision number for resource acfde95b-c762-42c0-88b9-4269cd6d60a0 (type: routers) to 1
2026-07-09 04:41:39.323 10 INFO neutron.wsgi [None req-6afde847-ff4b-4532-9b22-bbae829df6b2 4264a8f6fa7445bdb8218d32f9934fd0 2220980374284b5995cac2d9a8a272f6 - - default default] 10.0.0.101 "POST /v2.0/routers HTTP/1.1" status: 201 len: 654 time: 0.4704063
2026-07-09 04:41:39.373 9 INFO neutron.db.ovn_revision_numbers_db [None req-bfb8cb5e-afa6-460b-8cf4-6e20590f2d86 67659a6de57e463883f4d6b6e4778734 f7bdfcfac7524729a43f4ce18fbbcbd9 - - default default] Successfully bumped revision number for resource cadf59cb-042b-4bca-81d9-9e07f6c8c4e1 (type: ports) to 1
2026-07-09 04:41:39.397 9 INFO neutron.wsgi [None req-bfb8cb5e-afa6-460b-8cf4-6e20590f2d86 67659a6de57e463883f4d6b6e4778734 f7bdfcfac7524729a43f4ce18fbbcbd9 - - default default] 10.0.0.101 "POST /v2.0/networks HTTP/1.1" status: 201 len: 829 time: 0.6278245
2026-07-09 04:41:39.510 10 INFO neutron.db.ovn_revision_numbers_db [None req-a63b2455-05bb-4ca6-be24-b64a6a91c71e 4264a8f6fa7445bdb8218d32f9934fd0 2220980374284b5995cac2d9a8a272f6 - - default default] Successfully bumped revision number for resource 14d64f3e-0019-4ddd-b520-bd5781de8494 (type: routers) to 1
2026-07-09 04:41:39.531 10 INFO neutron.wsgi [None req-a63b2455-05bb-4ca6-be24-b64a6a91c71e 4264a8f6fa7445bdb8218d32f9934fd0 2220980374284b5995cac2d9a8a272f6 - - default default] 10.0.0.101 "POST /v2.0/routers HTTP/1.1" status: 201 len: 654 time: 0.2026389
2026-07-09 04:41:39.731 9 INFO neutron.db.ovn_revision_numbers_db [None req-b7d15a79-0968-41c9-84a7-c960dfc994b5 4264a8f6fa7445bdb8218d32f9934fd0 2220980374284b5995cac2d9a8a272f6 - - default default] Successfully bumped revision number for resource c2756ab5-5ca3-45b4-9475-e4e110d0f23f (type: routers) to 1
2026-07-09 04:41:39.736 10 WARNING neutron.scheduler.dhcp_agent_scheduler [None req-333a91de-e96f-454b-a6a7-c729d7028e87 67659a6de57e463883f4d6b6e4778734 f7bdfcfac7524729a43f4ce18fbbcbd9 - - default default] No more DHCP agents
2026-07-09 04:41:39.743 10 WARNING neutron.api.rpc.agentnotifiers.dhcp_rpc_agent_api [None req-333a91de-e96f-454b-a6a7-c729d7028e87 67659a6de57e463883f4d6b6e4778734 f7bdfcfac7524729a43f4ce18fbbcbd9 - - default default] Unable to schedule network edb2c0f6-8910-4d14-a990-4b738b2f277d: no agents available; will retry on subsequent port and subnet creation events.
2026-07-09 04:41:39.755 9 INFO neutron.wsgi [None req-b7d15a79-0968-41c9-84a7-c960dfc994b5 4264a8f6fa7445bdb8218d32f9934fd0 2220980374284b5995cac2d9a8a272f6 - - default default] 10.0.0.101 "POST /v2.0/routers HTTP/1.1" status: 201 len: 654 time: 0.2178280
2026-07-09 04:41:39.926 9 INFO neutron.db.ovn_revision_numbers_db [None req-77239af0-9f72-47b0-a3e6-fafd99d2b3ef 4264a8f6fa7445bdb8218d32f9934fd0 2220980374284b5995cac2d9a8a272f6 - - default default] Successfully bumped revision number for resource 173360dd-1de8-4051-a5a0-5d379a345c81 (type: routers) to 1
2026-07-09 04:41:39.938 9 INFO neutron.wsgi [None req-77239af0-9f72-47b0-a3e6-fafd99d2b3ef 4264a8f6fa7445bdb8218d32f9934fd0 2220980374284b5995cac2d9a8a272f6 - - default default] 10.0.0.101 "POST /v2.0/routers HTTP/1.1" status: 201 len: 654 time: 0.1780481
2026-07-09 04:41:40.021 9 INFO neutron.wsgi [None req-9fe55df0-58c7-4313-8acd-f4adc8441e84 4264a8f6fa7445bdb8218d32f9934fd0 2220980374284b5995cac2d9a8a272f6 - - default default] 10.0.0.101 "PUT /v2.0/routers/5c962787-a5e3-430b-9ba7-04a22249157f/tags HTTP/1.1" status: 200 len: 210 time: 0.0778146
2026-07-09 04:41:40.070 9 INFO neutron.wsgi [None req-2be57e99-9bc6-4193-aef3-a7b4d6edee81 4264a8f6fa7445bdb8218d32f9934fd0 2220980374284b5995cac2d9a8a272f6 - - default default] 10.0.0.101 "PUT /v2.0/routers/acfde95b-c762-42c0-88b9-4269cd6d60a0/tags HTTP/1.1" status: 200 len: 218 time: 0.0456519
2026-07-09 04:41:40.141 9 INFO neutron.wsgi [None req-5635902e-55c0-4e34-8a71-ecf6ea8723c8 4264a8f6fa7445bdb8218d32f9934fd0 2220980374284b5995cac2d9a8a272f6 - - default default] 10.0.0.101 "PUT /v2.0/routers/14d64f3e-0019-4ddd-b520-bd5781de8494/tags HTTP/1.1" status: 200 len: 227 time: 0.0675054
2026-07-09 04:41:40.195 9 INFO neutron.wsgi [None req-5ae3a620-b48a-4d70-9dd1-064ccdbf434e 4264a8f6fa7445bdb8218d32f9934fd0 2220980374284b5995cac2d9a8a272f6 - - default default] 10.0.0.101 "PUT /v2.0/routers/c2756ab5-5ca3-45b4-9475-e4e110d0f23f/tags HTTP/1.1" status: 200 len: 212 time: 0.0481291
2026-07-09 04:41:40.273 10 INFO neutron.db.ovn_revision_numbers_db [None req-333a91de-e96f-454b-a6a7-c729d7028e87 67659a6de57e463883f4d6b6e4778734 f7bdfcfac7524729a43f4ce18fbbcbd9 - - default default] Successfully bumped revision number for resource cadf59cb-042b-4bca-81d9-9e07f6c8c4e1 (type: ports) to 2
2026-07-09 04:41:40.286 9 INFO neutron.wsgi [None req-03a6fd79-3f3d-4148-ad87-8b298c1158bb 4264a8f6fa7445bdb8218d32f9934fd0 2220980374284b5995cac2d9a8a272f6 - - default default] 10.0.0.101 "GET /v2.0/routers?tags=red HTTP/1.1" status: 200 len: 1601 time: 0.0843296
2026-07-09 04:41:40.309 10 INFO neutron.db.ovn_revision_numbers_db [None req-333a91de-e96f-454b-a6a7-c729d7028e87 67659a6de57e463883f4d6b6e4778734 f7bdfcfac7524729a43f4ce18fbbcbd9 - - default default] Successfully bumped revision number for resource e1a80922-82b9-4892-83fe-acf961f6b2b6 (type: subnets) to 0
2026-07-09 04:41:40.324 10 INFO neutron.wsgi [None req-333a91de-e96f-454b-a6a7-c729d7028e87 67659a6de57e463883f4d6b6e4778734 f7bdfcfac7524729a43f4ce18fbbcbd9 - - default default] 10.0.0.101 "POST /v2.0/subnets HTTP/1.1" status: 201 len: 801 time: 0.9210806
2026-07-09 04:41:40.363 9 INFO neutron.wsgi [None req-714da212-7789-4e08-b570-9f26b5975f60 4264a8f6fa7445bdb8218d32f9934fd0 2220980374284b5995cac2d9a8a272f6 - - default default] 10.0.0.101 "GET /v2.0/routers?tags=red%2Cblue HTTP/1.1" status: 200 len: 1144 time: 0.0723672
2026-07-09 04:41:40.434 9 INFO neutron.wsgi [None req-8ce7aa76-ce74-4c13-bf6c-2ffee0d998fd 4264a8f6fa7445bdb8218d32f9934fd0 2220980374284b5995cac2d9a8a272f6 - - default default] 10.0.0.101 "GET /v2.0/routers?tags-any=blue HTTP/1.1" status: 200 len: 1144 time: 0.0686297
2026-07-09 04:41:40.494 9 INFO neutron.wsgi [None req-0ff4493c-9168-4f9f-b90a-8f810c2a9020 4264a8f6fa7445bdb8218d32f9934fd0 2220980374284b5995cac2d9a8a272f6 - - default default] 10.0.0.101 "GET /v2.0/routers?tags-any=red%2Cblue HTTP/1.1" status: 200 len: 1601 time: 0.0569382
2026-07-09 04:41:40.566 10 INFO neutron.wsgi [None req-c0785989-d106-4041-a9a8-83c8add08d20 4264a8f6fa7445bdb8218d32f9934fd0 2220980374284b5995cac2d9a8a272f6 - - default default] 10.0.0.101 "GET /v2.0/routers?not-tags=red HTTP/1.1" status: 200 len: 1116 time: 0.0689459
2026-07-09 04:41:40.646 9 INFO neutron.wsgi [None req-bcd06c3c-f415-469c-b63a-40c701641748 4264a8f6fa7445bdb8218d32f9934fd0 2220980374284b5995cac2d9a8a272f6 - - default default] 10.0.0.101 "GET /v2.0/routers?not-tags=red%2Cblue HTTP/1.1" status: 200 len: 1573 time: 0.0733476
2026-07-09 04:41:40.734 9 INFO neutron.wsgi [None req-8b40b6db-9956-427b-b21d-96ba04bb6d78 4264a8f6fa7445bdb8218d32f9934fd0 2220980374284b5995cac2d9a8a272f6 - - default default] 10.0.0.101 "GET /v2.0/routers?not-tags-any=blue HTTP/1.1" status: 200 len: 1573 time: 0.0785155
2026-07-09 04:41:40.771 10 WARNING neutron.scheduler.dhcp_agent_scheduler [None req-2e614197-fc78-43a6-ab14-d09b6c01847e 67659a6de57e463883f4d6b6e4778734 f7bdfcfac7524729a43f4ce18fbbcbd9 - - default default] No more DHCP agents
2026-07-09 04:41:40.773 10 WARNING neutron.api.rpc.agentnotifiers.dhcp_rpc_agent_api [None req-2e614197-fc78-43a6-ab14-d09b6c01847e 67659a6de57e463883f4d6b6e4778734 f7bdfcfac7524729a43f4ce18fbbcbd9 - - default default] Unable to schedule network edb2c0f6-8910-4d14-a990-4b738b2f277d: no agents available; will retry on subsequent port and subnet creation events.
2026-07-09 04:41:40.797 9 INFO neutron.wsgi [None req-67256b84-96d4-4bbd-8500-71a5ac6467af 4264a8f6fa7445bdb8218d32f9934fd0 2220980374284b5995cac2d9a8a272f6 - - default default] 10.0.0.101 "GET /v2.0/routers?not-tags-any=red%2Cblue HTTP/1.1" status: 200 len: 1116 time: 0.0563214
2026-07-09 04:41:40.925 10 INFO neutron.db.ovn_revision_numbers_db [None req-2e614197-fc78-43a6-ab14-d09b6c01847e 67659a6de57e463883f4d6b6e4778734 f7bdfcfac7524729a43f4ce18fbbcbd9 - - default default] Successfully bumped revision number for resource f7891455-7fd3-43d9-ac91-40495f4992d4 (type: ports) to 1
2026-07-09 04:41:40.946 10 INFO neutron.wsgi [None req-2e614197-fc78-43a6-ab14-d09b6c01847e 67659a6de57e463883f4d6b6e4778734 f7bdfcfac7524729a43f4ce18fbbcbd9 - - default default] 10.0.0.101 "POST /v2.0/ports HTTP/1.1" status: 201 len: 1149 time: 0.6177592 /var/lib/openstack/lib/python3.10/site-packages/pycadf/identifier.py:71: UserWarning: Invalid uuid: neutron. To ensure interoperability, identifiers should be a valid uuid. warnings.warn(('Invalid uuid: %s. To ensure interoperability, '
2026-07-09 04:41:41.116 9 INFO neutron.wsgi [None req-f25d7f39-2ca3-4d4d-9db2-aeb26316f4ca 4264a8f6fa7445bdb8218d32f9934fd0 2220980374284b5995cac2d9a8a272f6 - - default default] 10.0.0.101 "GET /v2.0/routers/5c962787-a5e3-430b-9ba7-04a22249157f HTTP/1.1" status: 200 len: 660 time: 0.3129714
2026-07-09 04:41:41.404 10 INFO neutron.wsgi [None req-b6887d97-41c9-43f5-9c34-33ddb7735b4a 67659a6de57e463883f4d6b6e4778734 f7bdfcfac7524729a43f4ce18fbbcbd9 - - default default] 10.0.0.101 "DELETE /v2.0/ports/f7891455-7fd3-43d9-ac91-40495f4992d4 HTTP/1.1" status: 204 len: 168 time: 0.4519699
2026-07-09 04:41:41.432 9 INFO neutron.pecan_wsgi.hooks.translation [None req-9ddce4f4-b038-4618-8d49-0bc96f223ad8 67659a6de57e463883f4d6b6e4778734 f7bdfcfac7524729a43f4ce18fbbcbd9 - - default default] DELETE failed (client error): The resource could not be found.
2026-07-09 04:41:41.435 9 INFO neutron.wsgi [None req-9ddce4f4-b038-4618-8d49-0bc96f223ad8 67659a6de57e463883f4d6b6e4778734 f7bdfcfac7524729a43f4ce18fbbcbd9 - - default default] 10.0.0.101 "DELETE /v2.0/ports/f7891455-7fd3-43d9-ac91-40495f4992d4 HTTP/1.1" status: 404 len: 333 time: 0.0244625
2026-07-09 04:41:41.470 9 INFO neutron.pecan_wsgi.hooks.translation [None req-bf8f50ef-3af2-45fe-a3b8-4fb74587968a 67659a6de57e463883f4d6b6e4778734 f7bdfcfac7524729a43f4ce18fbbcbd9 - - default default] GET failed (client error): The resource could not be found.
2026-07-09 04:41:41.472 9 INFO neutron.wsgi [None req-bf8f50ef-3af2-45fe-a3b8-4fb74587968a 67659a6de57e463883f4d6b6e4778734 f7bdfcfac7524729a43f4ce18fbbcbd9 - - default default] 10.0.0.101 "GET /v2.0/ports/f7891455-7fd3-43d9-ac91-40495f4992d4 HTTP/1.1" status: 404 len: 333 time: 0.0325196
2026-07-09 04:41:41.584 10 INFO neutron.db.ovn_revision_numbers_db [None req-3657aca0-6f15-4ebd-a757-664aa24c6278 4264a8f6fa7445bdb8218d32f9934fd0 2220980374284b5995cac2d9a8a272f6 - - default default] Successfully bumped revision number for resource 5c962787-a5e3-430b-9ba7-04a22249157f (type: routers) to 2
2026-07-09 04:41:41.586 10 INFO neutron.wsgi [None req-3657aca0-6f15-4ebd-a757-664aa24c6278 4264a8f6fa7445bdb8218d32f9934fd0 2220980374284b5995cac2d9a8a272f6 - - default default] 10.0.0.101 "PUT /v2.0/routers/5c962787-a5e3-430b-9ba7-04a22249157f HTTP/1.1" status: 200 len: 660 time: 0.4649091
2026-07-09 04:41:41.620 10 INFO neutron.wsgi [None req-fcca3689-8a45-472d-a624-fa863457a1ff 4264a8f6fa7445bdb8218d32f9934fd0 2220980374284b5995cac2d9a8a272f6 - - default default] 10.0.0.101 "GET /v2.0/ports?device_id=5c962787-a5e3-430b-9ba7-04a22249157f HTTP/1.1" status: 200 len: 205 time: 0.0286968
2026-07-09 04:41:41.757 10 INFO neutron.wsgi [None req-a015fc73-3234-4825-998e-12037352ba9a 67659a6de57e463883f4d6b6e4778734 f7bdfcfac7524729a43f4ce18fbbcbd9 - - default default] 10.0.0.101 "DELETE /v2.0/subnets/e1a80922-82b9-4892-83fe-acf961f6b2b6 HTTP/1.1" status: 204 len: 168 time: 0.2805731
