2026-07-09 04:45:44.465 10 INFO neutron.wsgi [None req-5d63d58e-7de9-4a51-b699-c2dab90cc4fa cd0aae0c2f474f2cb2c14456a301c3b4 b809e5e5db7c4170a41041cb04a8ce38 - - default default] 199.19.213.229 "GET /v2.0/extensions/allowed-address-pairs HTTP/1.1" status: 200 len: 383 time: 0.0046577
2026-07-09 04:45:44.501 10 INFO neutron.wsgi [None req-7ace9b08-0455-490d-b10d-f68e5d3d663d cd0aae0c2f474f2cb2c14456a301c3b4 b809e5e5db7c4170a41041cb04a8ce38 - - default default] 199.19.213.229 "GET /v2.0/ports/0adbda37-049f-4d64-8a78-9a76b3e65da0 HTTP/1.1" status: 200 len: 1406 time: 0.0299294
2026-07-09 04:45:44.922 10 INFO neutron.db.ovn_revision_numbers_db [None req-b0a61bc3-e926-4c62-a3bc-1bd9873481fb cd0aae0c2f474f2cb2c14456a301c3b4 b809e5e5db7c4170a41041cb04a8ce38 - - default default] Successfully bumped revision number for resource 0adbda37-049f-4d64-8a78-9a76b3e65da0 (type: ports) to 6
2026-07-09 04:45:44.932 10 INFO neutron.wsgi [None req-b0a61bc3-e926-4c62-a3bc-1bd9873481fb cd0aae0c2f474f2cb2c14456a301c3b4 b809e5e5db7c4170a41041cb04a8ce38 - - default default] 199.19.213.229 "PUT /v2.0/ports/0adbda37-049f-4d64-8a78-9a76b3e65da0 HTTP/1.1" status: 200 len: 1203 time: 0.4240224 /var/lib/openstack/lib/python3.10/site-packages/pycadf/identifier.py:71: UserWarning: Invalid uuid: neutron. To ensure interoperability, identifiers should be a valid uuid. warnings.warn(('Invalid uuid: %s. To ensure interoperability, '
2026-07-09 04:45:44.976 10 INFO neutron.notifiers.nova [-] Nova event matching ['req-7fbee323-5c61-4414-9ea1-70264170ef5b'] response: {'name': 'network-changed', 'server_uuid': 'b285f724-95df-4a61-8288-196d0a861564', 'tag': '0adbda37-049f-4d64-8a78-9a76b3e65da0', 'status': 'completed', 'code': 200}
2026-07-09 04:45:45.003 10 INFO neutron.wsgi [None req-2b2e9bca-7175-4c89-a826-e75d5a4d4ec2 cd0aae0c2f474f2cb2c14456a301c3b4 b809e5e5db7c4170a41041cb04a8ce38 - - default default] 199.19.213.229 "GET /v2.0/networks/dd6410ce-3476-4c8a-8fb1-5db03f477630 HTTP/1.1" status: 200 len: 1000 time: 0.0634334
2026-07-09 04:45:45.029 9 INFO neutron.wsgi [req-a9468105-9b1d-4987-b126-3665efebadb6 req-aa892ac7-cd8a-4b63-a34d-3d85f4711f26 6e675e500bae44548af8e2b38dc01156 fddc7f84f2ad4dfa9b5279b2c4872fd8 - - dc4e7848fc574f3a9055485e644bae63 dc4e7848fc574f3a9055485e644bae63] 199.19.213.229 "GET /v2.0/ports?tenant_id=b809e5e5db7c4170a41041cb04a8ce38&device_id=b285f724-95df-4a61-8288-196d0a861564 HTTP/1.1" status: 200 len: 3750 time: 0.0371923
2026-07-09 04:45:45.049 10 INFO neutron.wsgi [None req-adbc49df-6b5f-4cb2-a6d4-77f393fa3fa1 cd0aae0c2f474f2cb2c14456a301c3b4 b809e5e5db7c4170a41041cb04a8ce38 - - default default] 199.19.213.229 "GET /v2.0/ports?device_id=b285f724-95df-4a61-8288-196d0a861564 HTTP/1.1" status: 200 len: 3750 time: 0.0382659
2026-07-09 04:45:45.107 9 INFO neutron.wsgi [req-a9468105-9b1d-4987-b126-3665efebadb6 req-2459a97a-299d-45eb-8d03-cbd7d4735e57 6e675e500bae44548af8e2b38dc01156 fddc7f84f2ad4dfa9b5279b2c4872fd8 - - dc4e7848fc574f3a9055485e644bae63 dc4e7848fc574f3a9055485e644bae63] 199.19.213.229 "GET /v2.0/networks?id=dd6410ce-3476-4c8a-8fb1-5db03f477630 HTTP/1.1" status: 200 len: 1003 time: 0.0715535
2026-07-09 04:45:45.133 9 INFO neutron.wsgi [-] 10.0.0.185 "GET / HTTP/1.1" status: 200 len: 247 time: 0.0018342
2026-07-09 04:45:45.137 9 INFO neutron.wsgi [-] 10.0.0.185 "GET / HTTP/1.1" status: 200 len: 247 time: 0.0030773
2026-07-09 04:45:45.159 10 INFO neutron.wsgi [None req-cf938ca7-2bf3-44a7-a66c-9623babb8e65 cd0aae0c2f474f2cb2c14456a301c3b4 b809e5e5db7c4170a41041cb04a8ce38 - - default default] 199.19.213.229 "GET /v2.0/ports?device_id=b285f724-95df-4a61-8288-196d0a861564 HTTP/1.1" status: 200 len: 3750 time: 0.0319445
2026-07-09 04:45:45.180 9 INFO neutron.wsgi [req-a9468105-9b1d-4987-b126-3665efebadb6 req-4718e8b0-02e4-4ba5-bec9-b786704f0189 6e675e500bae44548af8e2b38dc01156 fddc7f84f2ad4dfa9b5279b2c4872fd8 - - dc4e7848fc574f3a9055485e644bae63 dc4e7848fc574f3a9055485e644bae63] 199.19.213.229 "GET /v2.0/networks/dd6410ce-3476-4c8a-8fb1-5db03f477630?fields=segments HTTP/1.1" status: 200 len: 212 time: 0.0666335
2026-07-09 04:45:45.245 9 INFO neutron.wsgi [req-a9468105-9b1d-4987-b126-3665efebadb6 req-8c6eb971-0713-4888-81e0-4737d947260b 6e675e500bae44548af8e2b38dc01156 fddc7f84f2ad4dfa9b5279b2c4872fd8 - - dc4e7848fc574f3a9055485e644bae63 dc4e7848fc574f3a9055485e644bae63] 199.19.213.229 "GET /v2.0/networks/dd6410ce-3476-4c8a-8fb1-5db03f477630?fields=provider%3Aphysical_network&fields=provider%3Anetwork_type HTTP/1.1" status: 200 len: 277 time: 0.0575354
2026-07-09 04:45:45.408 10 INFO neutron.plugins.ml2.drivers.ovn.mech_driver.mech_driver [None req-e397f195-ee57-495a-9fa2-aa8ede6a2fcb - - - - - -] OVN reports status down for port: 0adbda37-049f-4d64-8a78-9a76b3e65da0
2026-07-09 04:45:45.486 9 INFO neutron.wsgi [req-647e4457-875a-48ed-939e-580b3467c36b req-b1c1d1f3-caa4-4418-a272-4d244c51df9c 6e675e500bae44548af8e2b38dc01156 fddc7f84f2ad4dfa9b5279b2c4872fd8 - - dc4e7848fc574f3a9055485e644bae63 dc4e7848fc574f3a9055485e644bae63] 199.19.213.229 "GET /v2.0/ports/0adbda37-049f-4d64-8a78-9a76b3e65da0 HTTP/1.1" status: 200 len: 1231 time: 0.0376408
2026-07-09 04:45:45.698 10 INFO neutron.db.ovn_revision_numbers_db [None req-e397f195-ee57-495a-9fa2-aa8ede6a2fcb - - - - - -] Successfully bumped revision number for resource 0adbda37-049f-4d64-8a78-9a76b3e65da0 (type: ports) to 7
2026-07-09 04:45:45.770 9 INFO neutron.wsgi [req-647e4457-875a-48ed-939e-580b3467c36b req-9216b4de-4368-4449-96b7-5bd53b4aebc9 cd0aae0c2f474f2cb2c14456a301c3b4 b809e5e5db7c4170a41041cb04a8ce38 - - default default] 199.19.213.229 "DELETE /v2.0/ports/0adbda37-049f-4d64-8a78-9a76b3e65da0 HTTP/1.1" status: 204 len: 173 time: 0.2791741
2026-07-09 04:45:45.815 9 INFO neutron.notifiers.nova [-] Nova event matching ['req-b9d05df6-3462-4373-bcb7-69ff5afa1e72'] response: {'server_uuid': 'b285f724-95df-4a61-8288-196d0a861564', 'name': 'network-vif-deleted', 'tag': '0adbda37-049f-4d64-8a78-9a76b3e65da0', 'status': 'completed', 'code': 200}
2026-07-09 04:45:45.861 9 INFO neutron.wsgi [req-647e4457-875a-48ed-939e-580b3467c36b req-56015482-c867-4ed3-86e4-6cbecade769c 6e675e500bae44548af8e2b38dc01156 fddc7f84f2ad4dfa9b5279b2c4872fd8 - - dc4e7848fc574f3a9055485e644bae63 dc4e7848fc574f3a9055485e644bae63] 199.19.213.229 "GET /v2.0/ports?tenant_id=b809e5e5db7c4170a41041cb04a8ce38&device_id=b285f724-95df-4a61-8288-196d0a861564 HTTP/1.1" status: 200 len: 2727 time: 0.0371113
2026-07-09 04:45:45.933 9 INFO neutron.wsgi [req-647e4457-875a-48ed-939e-580b3467c36b req-338ed636-19a5-4d11-b68d-dced6fe05785 6e675e500bae44548af8e2b38dc01156 fddc7f84f2ad4dfa9b5279b2c4872fd8 - - dc4e7848fc574f3a9055485e644bae63 dc4e7848fc574f3a9055485e644bae63] 199.19.213.229 "GET /v2.0/networks?id=7ad2ad97-0ad9-46bb-93d0-79e8b6568cba&id=554c8f96-f7f8-42a2-97fe-3d8c5c9baf69&id=dd6410ce-3476-4c8a-8fb1-5db03f477630 HTTP/1.1" status: 200 len: 2520 time: 0.0646839
2026-07-09 04:45:45.967 9 INFO neutron.wsgi [req-647e4457-875a-48ed-939e-580b3467c36b req-73eac293-0547-4d7d-82d9-37f93b8ee489 6e675e500bae44548af8e2b38dc01156 fddc7f84f2ad4dfa9b5279b2c4872fd8 - - dc4e7848fc574f3a9055485e644bae63 dc4e7848fc574f3a9055485e644bae63] 199.19.213.229 "GET /v2.0/floatingips?fixed_ip_address=172.24.2.134&port_id=835bdfa2-9b06-4891-b482-5e2d115f9d0a HTTP/1.1" status: 200 len: 217 time: 0.0265584
2026-07-09 04:45:46.009 9 INFO neutron.wsgi [req-647e4457-875a-48ed-939e-580b3467c36b req-9f796cb6-5d05-4e39-829b-e69bc3965d2e 6e675e500bae44548af8e2b38dc01156 fddc7f84f2ad4dfa9b5279b2c4872fd8 - - dc4e7848fc574f3a9055485e644bae63 dc4e7848fc574f3a9055485e644bae63] 199.19.213.229 "GET /v2.0/subnets?id=6034085e-e9ff-4e47-aa30-ebb7c86f2e76 HTTP/1.1" status: 200 len: 829 time: 0.0363529
2026-07-09 04:45:46.040 9 INFO neutron.wsgi [req-647e4457-875a-48ed-939e-580b3467c36b req-f70ef9ed-289a-4f72-8156-aadd0ad75cfd 6e675e500bae44548af8e2b38dc01156 fddc7f84f2ad4dfa9b5279b2c4872fd8 - - dc4e7848fc574f3a9055485e644bae63 dc4e7848fc574f3a9055485e644bae63] 199.19.213.229 "GET /v2.0/ports?network_id=7ad2ad97-0ad9-46bb-93d0-79e8b6568cba&device_owner=network%3Adhcp HTTP/1.1" status: 200 len: 210 time: 0.0216537
2026-07-09 04:45:46.107 9 INFO neutron.wsgi [req-647e4457-875a-48ed-939e-580b3467c36b req-112681e0-df4c-47ba-9e5d-9ed3420966d6 6e675e500bae44548af8e2b38dc01156 fddc7f84f2ad4dfa9b5279b2c4872fd8 - - dc4e7848fc574f3a9055485e644bae63 dc4e7848fc574f3a9055485e644bae63] 199.19.213.229 "GET /v2.0/networks/7ad2ad97-0ad9-46bb-93d0-79e8b6568cba?fields=segments HTTP/1.1" status: 200 len: 212 time: 0.0601828
2026-07-09 04:45:46.172 9 INFO neutron.wsgi [req-647e4457-875a-48ed-939e-580b3467c36b req-1910e6f7-d626-43c5-a807-eb218c2ad458 6e675e500bae44548af8e2b38dc01156 fddc7f84f2ad4dfa9b5279b2c4872fd8 - - dc4e7848fc574f3a9055485e644bae63 dc4e7848fc574f3a9055485e644bae63] 199.19.213.229 "GET /v2.0/networks/7ad2ad97-0ad9-46bb-93d0-79e8b6568cba?fields=provider%3Aphysical_network&fields=provider%3Anetwork_type HTTP/1.1" status: 200 len: 277 time: 0.0566754
2026-07-09 04:45:46.199 9 INFO neutron.wsgi [req-647e4457-875a-48ed-939e-580b3467c36b req-77431aa6-5d70-41d7-bd63-4a5fd9fef1a2 6e675e500bae44548af8e2b38dc01156 fddc7f84f2ad4dfa9b5279b2c4872fd8 - - dc4e7848fc574f3a9055485e644bae63 dc4e7848fc574f3a9055485e644bae63] 199.19.213.229 "GET /v2.0/floatingips?fixed_ip_address=10.1.1.129&port_id=fd2c9004-54d4-443a-8b41-33fb41229e96 HTTP/1.1" status: 200 len: 217 time: 0.0221632
2026-07-09 04:45:46.203 10 INFO neutron.wsgi [None req-b6d2133a-cceb-4fb8-917e-bce60e2f9e24 cd0aae0c2f474f2cb2c14456a301c3b4 b809e5e5db7c4170a41041cb04a8ce38 - - default default] 199.19.213.229 "GET /v2.0/ports?device_id=b285f724-95df-4a61-8288-196d0a861564 HTTP/1.1" status: 200 len: 2727 time: 0.0366673
2026-07-09 04:45:46.228 10 INFO neutron.pecan_wsgi.hooks.translation [None req-c7575fcd-028e-4a8f-b477-dd7372d6dc87 cd0aae0c2f474f2cb2c14456a301c3b4 b809e5e5db7c4170a41041cb04a8ce38 - - default default] DELETE failed (client error): The resource could not be found.
2026-07-09 04:45:46.230 10 INFO neutron.wsgi [None req-c7575fcd-028e-4a8f-b477-dd7372d6dc87 cd0aae0c2f474f2cb2c14456a301c3b4 b809e5e5db7c4170a41041cb04a8ce38 - - default default] 199.19.213.229 "DELETE /v2.0/ports/0adbda37-049f-4d64-8a78-9a76b3e65da0 HTTP/1.1" status: 404 len: 338 time: 0.0187902
2026-07-09 04:45:46.244 9 INFO neutron.wsgi [req-647e4457-875a-48ed-939e-580b3467c36b req-492fb6b8-ee84-402f-b54e-9f6806ade94c 6e675e500bae44548af8e2b38dc01156 fddc7f84f2ad4dfa9b5279b2c4872fd8 - - dc4e7848fc574f3a9055485e644bae63 dc4e7848fc574f3a9055485e644bae63] 199.19.213.229 "GET /v2.0/subnets?id=932f2136-d292-4551-8e15-470d4a1c4f61 HTTP/1.1" status: 200 len: 853 time: 0.0331783
2026-07-09 04:45:46.276 9 INFO neutron.wsgi [req-647e4457-875a-48ed-939e-580b3467c36b req-e8596a10-7c9d-46f7-b49c-1f42aff52b82 6e675e500bae44548af8e2b38dc01156 fddc7f84f2ad4dfa9b5279b2c4872fd8 - - dc4e7848fc574f3a9055485e644bae63 dc4e7848fc574f3a9055485e644bae63] 199.19.213.229 "GET /v2.0/ports?network_id=554c8f96-f7f8-42a2-97fe-3d8c5c9baf69&device_owner=network%3Adhcp HTTP/1.1" status: 200 len: 210 time: 0.0248148
2026-07-09 04:45:46.313 10 INFO neutron.wsgi [None req-f819ead8-192c-4dd6-a16e-8a2b6c82cdda cd0aae0c2f474f2cb2c14456a301c3b4 b809e5e5db7c4170a41041cb04a8ce38 - - default default] 199.19.213.229 "GET /v2.0/extensions/security-group HTTP/1.1" status: 200 len: 369 time: 0.0088646
2026-07-09 04:45:46.323 10 INFO neutron.wsgi [None req-1db52f3a-dde7-469c-9d84-57de7f201782 cd0aae0c2f474f2cb2c14456a301c3b4 b809e5e5db7c4170a41041cb04a8ce38 - - default default] 199.19.213.229 "GET /v2.0/extensions/dns-integration HTTP/1.1" status: 200 len: 371 time: 0.0040514
2026-07-09 04:45:46.331 10 INFO neutron.wsgi [None req-73f9f14a-7a6c-4d2f-a126-6da869ed4dd5 cd0aae0c2f474f2cb2c14456a301c3b4 b809e5e5db7c4170a41041cb04a8ce38 - - default default] 199.19.213.229 "GET /v2.0/extensions/qos HTTP/1.1" status: 200 len: 365 time: 0.0048897
2026-07-09 04:45:46.341 10 INFO neutron.wsgi [None req-31612d44-ae2f-42ac-a7df-ce20e038232f cd0aae0c2f474f2cb2c14456a301c3b4 b809e5e5db7c4170a41041cb04a8ce38 - - default default] 199.19.213.229 "GET /v2.0/extensions/allowed-address-pairs HTTP/1.1" status: 200 len: 383 time: 0.0047636
2026-07-09 04:45:46.355 9 INFO neutron.wsgi [req-647e4457-875a-48ed-939e-580b3467c36b req-5b562862-e5cf-4545-8c4e-88d9c3574e6a 6e675e500bae44548af8e2b38dc01156 fddc7f84f2ad4dfa9b5279b2c4872fd8 - - dc4e7848fc574f3a9055485e644bae63 dc4e7848fc574f3a9055485e644bae63] 199.19.213.229 "GET /v2.0/networks/554c8f96-f7f8-42a2-97fe-3d8c5c9baf69?fields=segments HTTP/1.1" status: 200 len: 212 time: 0.0603993
2026-07-09 04:45:46.378 10 INFO neutron.wsgi [None req-baa2b568-86a9-4fbc-933a-27ae066848d3 cd0aae0c2f474f2cb2c14456a301c3b4 b809e5e5db7c4170a41041cb04a8ce38 - - default default] 199.19.213.229 "GET /v2.0/subnets/932f2136-d292-4551-8e15-470d4a1c4f61 HTTP/1.1" status: 200 len: 850 time: 0.0299098
2026-07-09 04:45:46.424 10 INFO neutron.wsgi [None req-6530fd29-c8e9-4fb5-a10b-9f9e384ab932 cd0aae0c2f474f2cb2c14456a301c3b4 b809e5e5db7c4170a41041cb04a8ce38 - - default default] 199.19.213.229 "GET /v2.0/ports/d8de0080-4399-47b1-8208-bd46029ae31f HTTP/1.1" status: 200 len: 1336 time: 0.0337098
2026-07-09 04:45:46.437 9 INFO neutron.wsgi [req-647e4457-875a-48ed-939e-580b3467c36b req-d21fc478-da78-48a4-aaa6-cd4d663c78b1 6e675e500bae44548af8e2b38dc01156 fddc7f84f2ad4dfa9b5279b2c4872fd8 - - dc4e7848fc574f3a9055485e644bae63 dc4e7848fc574f3a9055485e644bae63] 199.19.213.229 "GET /v2.0/networks/554c8f96-f7f8-42a2-97fe-3d8c5c9baf69?fields=provider%3Aphysical_network&fields=provider%3Anetwork_type HTTP/1.1" status: 200 len: 277 time: 0.0746379
2026-07-09 04:45:46.459 10 INFO neutron.wsgi [None req-6103ba95-43bd-4c7a-958d-1eabb3b478be cd0aae0c2f474f2cb2c14456a301c3b4 b809e5e5db7c4170a41041cb04a8ce38 - - default default] 199.19.213.229 "GET /v2.0/ports/fd2c9004-54d4-443a-8b41-33fb41229e96 HTTP/1.1" status: 200 len: 1518 time: 0.0300801
2026-07-09 04:45:46.493 10 INFO neutron.wsgi [None req-8e4d3ce9-7e6c-48e2-9b50-5adf2de6d6cc cd0aae0c2f474f2cb2c14456a301c3b4 b809e5e5db7c4170a41041cb04a8ce38 - - default default] 199.19.213.229 "GET /v2.0/subnets/932f2136-d292-4551-8e15-470d4a1c4f61 HTTP/1.1" status: 200 len: 850 time: 0.0303769
2026-07-09 04:45:46.556 10 INFO neutron.wsgi [None req-b42ad1b7-6b71-4d77-8708-3b048fa8a866 cd0aae0c2f474f2cb2c14456a301c3b4 b809e5e5db7c4170a41041cb04a8ce38 - - default default] 199.19.213.229 "GET /v2.0/networks/554c8f96-f7f8-42a2-97fe-3d8c5c9baf69 HTTP/1.1" status: 200 len: 1002 time: 0.0593288
2026-07-09 04:45:46.592 10 INFO neutron.wsgi [None req-4dc5d570-97b9-4776-a6bb-adba9e9a0de1 cd0aae0c2f474f2cb2c14456a301c3b4 b809e5e5db7c4170a41041cb04a8ce38 - - default default] 199.19.213.229 "GET /v2.0/ports/d8de0080-4399-47b1-8208-bd46029ae31f HTTP/1.1" status: 200 len: 1336 time: 0.0295625
2026-07-09 04:45:46.638 10 INFO neutron.wsgi [None req-50807ffa-2322-41a1-949f-221dc07ba7bf cd0aae0c2f474f2cb2c14456a301c3b4 b809e5e5db7c4170a41041cb04a8ce38 - - default default] 199.19.213.229 "GET /v2.0/subnets/932f2136-d292-4551-8e15-470d4a1c4f61 HTTP/1.1" status: 200 len: 850 time: 0.0392964
2026-07-09 04:45:47.026 10 INFO neutron.notifiers.nova [-] Nova event matching ['req-a75e4a2d-25b7-4d63-ab50-980047c44f5b'] response: {'server_uuid': 'b285f724-95df-4a61-8288-196d0a861564', 'name': 'network-vif-unplugged', 'status': 'completed', 'tag': '0adbda37-049f-4d64-8a78-9a76b3e65da0', 'code': 200}
2026-07-09 04:45:47.026 10 INFO neutron.notifiers.nova [-] Nova event matching ['req-a75e4a2d-25b7-4d63-ab50-980047c44f5b'] response: {'server_uuid': 'b285f724-95df-4a61-8288-196d0a861564', 'name': 'network-vif-plugged', 'status': 'completed', 'tag': '0adbda37-049f-4d64-8a78-9a76b3e65da0', 'code': 200}
2026-07-09 04:45:51.381 9 INFO neutron.wsgi [None req-3e914c67-ae1a-4f50-a8de-b5d4ed64d85b cd0aae0c2f474f2cb2c14456a301c3b4 b809e5e5db7c4170a41041cb04a8ce38 - - default default] 10.0.0.8 "GET /v2.0/subnets HTTP/1.1" status: 200 len: 5493 time: 0.1539295
2026-07-09 04:45:51.395 9 INFO neutron.wsgi [None req-6bb10578-f3d4-41b8-ad5e-cf550d3717e0 cd0aae0c2f474f2cb2c14456a301c3b4 b809e5e5db7c4170a41041cb04a8ce38 - - default default] 10.0.0.8 "GET /v2.0/network-ip-availabilities HTTP/1.1" status: 200 len: 3360 time: 0.0107784
2026-07-09 04:45:51.429 9 INFO neutron.wsgi [None req-00cd429b-e6ff-48c5-b5b5-5dc323424d52 cd0aae0c2f474f2cb2c14456a301c3b4 b809e5e5db7c4170a41041cb04a8ce38 - - default default] 10.0.0.8 "GET /v2.0/subnets HTTP/1.1" status: 200 len: 5493 time: 0.0320439
2026-07-09 04:45:51.439 9 INFO neutron.wsgi [None req-192f9602-893d-476e-997b-9346b000f632 cd0aae0c2f474f2cb2c14456a301c3b4 b809e5e5db7c4170a41041cb04a8ce38 - - default default] 10.0.0.8 "GET /v2.0/subnetpools HTTP/1.1" status: 200 len: 193 time: 0.0087204
2026-07-09 04:45:51.492 9 INFO neutron.wsgi [None req-3bbe2b7a-dccd-4ae1-8951-a3bcec8ab9eb cd0aae0c2f474f2cb2c14456a301c3b4 b809e5e5db7c4170a41041cb04a8ce38 - - default default] 10.0.0.8 "GET /v2.0/security-groups HTTP/1.1" status: 200 len: 30234 time: 0.0523570
2026-07-09 04:45:51.543 9 INFO neutron.wsgi [None req-34396fdb-57d0-4d51-a44a-8494ea49325f cd0aae0c2f474f2cb2c14456a301c3b4 b809e5e5db7c4170a41041cb04a8ce38 - - default default] 10.0.0.8 "GET /v2.0/ports HTTP/1.1" status: 200 len: 22205 time: 0.0449908
2026-07-09 04:45:51.585 9 INFO neutron.wsgi [None req-5bccd381-abd8-4272-9dd0-8c16e75ac99e cd0aae0c2f474f2cb2c14456a301c3b4 b809e5e5db7c4170a41041cb04a8ce38 - - default default] 10.0.0.8 "GET /v2.0/agents HTTP/1.1" status: 200 len: 997 time: 0.0290065
2026-07-09 04:45:51.667 9 INFO neutron.wsgi [None req-8b4bf1fe-8412-4231-b6cb-9994d6f801dd cd0aae0c2f474f2cb2c14456a301c3b4 b809e5e5db7c4170a41041cb04a8ce38 - - default default] 10.0.0.8 "GET /v2.0/networks HTTP/1.1" status: 200 len: 4719 time: 0.0810831
2026-07-09 04:45:51.759 9 INFO neutron.wsgi [None req-e41cea8c-97ff-4939-8a1c-455ef5be8980 cd0aae0c2f474f2cb2c14456a301c3b4 b809e5e5db7c4170a41041cb04a8ce38 - - default default] 10.0.0.8 "GET /v2.0/routers HTTP/1.1" status: 200 len: 849 time: 0.0860121
2026-07-09 04:45:51.770 9 INFO neutron.wsgi [None req-c7492bc0-c3e7-4ddb-9626-49425775becd cd0aae0c2f474f2cb2c14456a301c3b4 b809e5e5db7c4170a41041cb04a8ce38 - - default default] 10.0.0.8 "GET /v2.0/agents?binary=ovn-controller HTTP/1.1" status: 200 len: 591 time: 0.0099587
2026-07-09 04:45:51.820 9 INFO neutron.wsgi [None req-9c367e74-94d3-4a4e-a7a6-966b95dc9b04 cd0aae0c2f474f2cb2c14456a301c3b4 b809e5e5db7c4170a41041cb04a8ce38 - - default default] 10.0.0.8 "GET /v2.0/floatingips HTTP/1.1" status: 200 len: 2762 time: 0.0483589
2026-07-09 04:45:55.500 10 INFO neutron.wsgi [None req-867beb64-009a-47be-b71b-ba2808a0391f cd0aae0c2f474f2cb2c14456a301c3b4 b809e5e5db7c4170a41041cb04a8ce38 - - default default] 199.19.213.229 "GET /v2.0/extensions/security-group HTTP/1.1" status: 200 len: 369 time: 0.0068476
2026-07-09 04:45:55.509 10 INFO neutron.wsgi [None req-4b27542c-8a49-4525-ad2a-0b35c6d2637c cd0aae0c2f474f2cb2c14456a301c3b4 b809e5e5db7c4170a41041cb04a8ce38 - - default default] 199.19.213.229 "GET /v2.0/extensions/dns-integration HTTP/1.1" status: 200 len: 371 time: 0.0048892
2026-07-09 04:45:55.518 10 INFO neutron.wsgi [None req-761df6e9-9041-47ae-9a3f-3e2df201703d cd0aae0c2f474f2cb2c14456a301c3b4 b809e5e5db7c4170a41041cb04a8ce38 - - default default] 199.19.213.229 "GET /v2.0/extensions/qos HTTP/1.1" status: 200 len: 365 time: 0.0048859
2026-07-09 04:45:55.527 10 INFO neutron.wsgi [None req-f5ac4a44-fecd-4ff4-814b-6664214a1e68 cd0aae0c2f474f2cb2c14456a301c3b4 b809e5e5db7c4170a41041cb04a8ce38 - - default default] 199.19.213.229 "GET /v2.0/extensions/allowed-address-pairs HTTP/1.1" status: 200 len: 383 time: 0.0051701
2026-07-09 04:45:55.570 10 INFO neutron.wsgi [None req-096e2942-f517-4453-a56b-8aefe6cf8a5b cd0aae0c2f474f2cb2c14456a301c3b4 b809e5e5db7c4170a41041cb04a8ce38 - - default default] 199.19.213.229 "GET /v2.0/security-groups?name=lb-25d06549-9a08-4479-8dbb-2fd129cec524 HTTP/1.1" status: 200 len: 2941 time: 0.0373812
2026-07-09 04:45:55.607 10 INFO neutron.wsgi [None req-d693b2cd-4048-4d63-9601-209de2af787c cd0aae0c2f474f2cb2c14456a301c3b4 b809e5e5db7c4170a41041cb04a8ce38 - - default default] 199.19.213.229 "GET /v2.0/security-group-rules?security_group_id=b6ffd508-4b6b-4b8d-a3a4-ca74c8d4e5d3 HTTP/1.1" status: 200 len: 2406 time: 0.0292311
2026-07-09 04:45:55.760 10 INFO neutron.wsgi [None req-aef656bc-d1bc-4b94-b684-ceda72587a29 cd0aae0c2f474f2cb2c14456a301c3b4 b809e5e5db7c4170a41041cb04a8ce38 - - default default] 199.19.213.229 "DELETE /v2.0/security-group-rules/98c811c6-07c9-49e1-a7fd-45055cb34c7a HTTP/1.1" status: 204 len: 173 time: 0.1458447
2026-07-09 04:45:55.881 10 INFO neutron.wsgi [None req-e16fb35b-fcd9-49f2-98f0-3ba0bcd01b9d cd0aae0c2f474f2cb2c14456a301c3b4 b809e5e5db7c4170a41041cb04a8ce38 - - default default] 199.19.213.229 "DELETE /v2.0/security-group-rules/bd8d388b-a7de-498e-b391-ee1be910d8d3 HTTP/1.1" status: 204 len: 173 time: 0.1142316
2026-07-09 04:46:00.132 9 INFO neutron.wsgi [-] 10.0.0.185 "GET / HTTP/1.1" status: 200 len: 247 time: 0.0023651
2026-07-09 04:46:00.135 9 INFO neutron.wsgi [-] 10.0.0.185 "GET / HTTP/1.1" status: 200 len: 247 time: 0.0014989
2026-07-09 04:46:00.278 10 INFO neutron.db.l3_db [None req-a0373745-9e96-4b51-a7ad-b404e1566d33 2c8d3ae2f5bd4ac9b163ba4826e7075a 737f8054c6804cdc9573a40dda7a5c32 - - default default] Floating IP 284194e1-e38f-4c24-83e4-36bb752a4740 disassociated (deleted). External IP: 10.96.250.211, port: d8de0080-4399-47b1-8208-bd46029ae31f.
2026-07-09 04:46:00.363 10 INFO neutron.wsgi [None req-a0373745-9e96-4b51-a7ad-b404e1566d33 2c8d3ae2f5bd4ac9b163ba4826e7075a 737f8054c6804cdc9573a40dda7a5c32 - - default default] 10.0.0.101 "DELETE /v2.0/floatingips/284194e1-e38f-4c24-83e4-36bb752a4740 HTTP/1.1" status: 204 len: 168 time: 0.4656215 /var/lib/openstack/lib/python3.10/site-packages/pycadf/identifier.py:71: UserWarning: Invalid uuid: neutron. To ensure interoperability, identifiers should be a valid uuid. warnings.warn(('Invalid uuid: %s. To ensure interoperability, '
2026-07-09 04:46:00.397 10 INFO neutron.api.v2.resource [None req-4abdba97-a57c-4357-9159-a0694bac92d1 2c8d3ae2f5bd4ac9b163ba4826e7075a 737f8054c6804cdc9573a40dda7a5c32 - - default default] show failed (client error): The resource could not be found.
2026-07-09 04:46:00.399 10 INFO neutron.wsgi [None req-4abdba97-a57c-4357-9159-a0694bac92d1 2c8d3ae2f5bd4ac9b163ba4826e7075a 737f8054c6804cdc9573a40dda7a5c32 - - default default] 10.0.0.101 "GET /v2.0/floatingips/284194e1-e38f-4c24-83e4-36bb752a4740 HTTP/1.1" status: 404 len: 345 time: 0.0278580
2026-07-09 04:46:00.799 9 INFO neutron.wsgi [None req-cbc9c54b-ec31-41c5-aef3-bfddd5cfc1fa cd0aae0c2f474f2cb2c14456a301c3b4 b809e5e5db7c4170a41041cb04a8ce38 - - default default] 199.19.213.229 "GET /v2.0/extensions/security-group HTTP/1.1" status: 200 len: 369 time: 0.0071266
2026-07-09 04:46:00.808 9 INFO neutron.wsgi [None req-cf9edae3-f4d1-4104-93b9-eb35ae4d1812 cd0aae0c2f474f2cb2c14456a301c3b4 b809e5e5db7c4170a41041cb04a8ce38 - - default default] 199.19.213.229 "GET /v2.0/extensions/dns-integration HTTP/1.1" status: 200 len: 371 time: 0.0051165
2026-07-09 04:46:00.817 9 INFO neutron.wsgi [None req-2b3e4008-b970-4864-b800-527132eba864 cd0aae0c2f474f2cb2c14456a301c3b4 b809e5e5db7c4170a41041cb04a8ce38 - - default default] 199.19.213.229 "GET /v2.0/extensions/qos HTTP/1.1" status: 200 len: 365 time: 0.0045118
2026-07-09 04:46:00.826 9 INFO neutron.wsgi [None req-ee55a67c-1216-4753-b1ef-7c92af057ac1 cd0aae0c2f474f2cb2c14456a301c3b4 b809e5e5db7c4170a41041cb04a8ce38 - - default default] 199.19.213.229 "GET /v2.0/extensions/allowed-address-pairs HTTP/1.1" status: 200 len: 383 time: 0.0044997
2026-07-09 04:46:00.862 9 INFO neutron.wsgi [None req-e27e69da-6afe-49c8-8b9e-c34061c24665 cd0aae0c2f474f2cb2c14456a301c3b4 b809e5e5db7c4170a41041cb04a8ce38 - - default default] 199.19.213.229 "GET /v2.0/subnets/932f2136-d292-4551-8e15-470d4a1c4f61 HTTP/1.1" status: 200 len: 850 time: 0.0304763
2026-07-09 04:46:00.901 9 INFO neutron.wsgi [None req-30bdfb33-781b-41cd-bfdf-d35a5b438d71 cd0aae0c2f474f2cb2c14456a301c3b4 b809e5e5db7c4170a41041cb04a8ce38 - - default default] 199.19.213.229 "GET /v2.0/ports?device_id=b285f724-95df-4a61-8288-196d0a861564 HTTP/1.1" status: 200 len: 2727 time: 0.0334094
2026-07-09 04:46:00.934 9 INFO neutron.wsgi [None req-3bc2be70-ce97-4add-82a1-1a71607475ad cd0aae0c2f474f2cb2c14456a301c3b4 b809e5e5db7c4170a41041cb04a8ce38 - - default default] 199.19.213.229 "GET /v2.0/ports?device_id=b285f724-95df-4a61-8288-196d0a861564 HTTP/1.1" status: 200 len: 2727 time: 0.0297966
2026-07-09 04:46:01.033 9 INFO neutron.wsgi [None req-a339a40f-17a4-41fa-a562-db3596be469a cd0aae0c2f474f2cb2c14456a301c3b4 b809e5e5db7c4170a41041cb04a8ce38 - - default default] 199.19.213.229 "GET /v2.0/ports?device_id=b285f724-95df-4a61-8288-196d0a861564 HTTP/1.1" status: 200 len: 2727 time: 0.0329821
2026-07-09 04:46:01.314 10 INFO neutron.plugins.ml2.drivers.ovn.mech_driver.mech_driver [None req-e397f195-ee57-495a-9fa2-aa8ede6a2fcb - - - - - -] OVN reports status down for port: fd2c9004-54d4-443a-8b41-33fb41229e96
2026-07-09 04:46:01.368 9 INFO neutron.wsgi [req-d6ec1d91-cf7b-4af0-b723-c4e51d6dbaf6 req-1b06fb2b-6808-40b4-9c5b-af4f97cf31d8 6e675e500bae44548af8e2b38dc01156 fddc7f84f2ad4dfa9b5279b2c4872fd8 - - dc4e7848fc574f3a9055485e644bae63 dc4e7848fc574f3a9055485e644bae63] 199.19.213.229 "GET /v2.0/ports/fd2c9004-54d4-443a-8b41-33fb41229e96 HTTP/1.1" status: 200 len: 1518 time: 0.0377166
2026-07-09 04:46:01.401 9 INFO neutron.wsgi [req-d6ec1d91-cf7b-4af0-b723-c4e51d6dbaf6 req-2f143ac3-5386-4e17-8c9e-8ac64850ced5 cd0aae0c2f474f2cb2c14456a301c3b4 b809e5e5db7c4170a41041cb04a8ce38 - - default default] 199.19.213.229 "GET /v2.0/ports/fd2c9004-54d4-443a-8b41-33fb41229e96?fields=binding%3Aprofile&fields=network_id HTTP/1.1" status: 200 len: 281 time: 0.0266132
2026-07-09 04:46:01.467 10 INFO neutron.db.ovn_revision_numbers_db [None req-d75b604d-f3c3-4cc9-8340-04a809b1483c - - - - - -] Successfully bumped revision number for resource d8de0080-4399-47b1-8208-bd46029ae31f (type: ports) to 6
2026-07-09 04:46:01.494 10 INFO neutron.notifiers.nova [-] Nova event matching ['req-6b20b62a-194b-4772-be46-d09796cd41c2'] response: {'server_uuid': 'b285f724-95df-4a61-8288-196d0a861564', 'name': 'network-vif-unplugged', 'status': 'completed', 'tag': 'fd2c9004-54d4-443a-8b41-33fb41229e96', 'code': 200}
2026-07-09 04:46:01.495 9 INFO neutron.wsgi [req-d6ec1d91-cf7b-4af0-b723-c4e51d6dbaf6 req-5ca82429-6c59-4f4f-9dd1-b1b4c91e95a5 cd0aae0c2f474f2cb2c14456a301c3b4 b809e5e5db7c4170a41041cb04a8ce38 - - default default] 199.19.213.229 "GET /v2.0/networks/554c8f96-f7f8-42a2-97fe-3d8c5c9baf69?fields=dns_domain HTTP/1.1" status: 200 len: 227 time: 0.0869420
2026-07-09 04:46:01.665 10 INFO neutron.db.ovn_revision_numbers_db [None req-e397f195-ee57-495a-9fa2-aa8ede6a2fcb - - - - - -] Successfully bumped revision number for resource fd2c9004-54d4-443a-8b41-33fb41229e96 (type: ports) to 7
2026-07-09 04:46:01.691 10 INFO neutron.plugins.ml2.drivers.ovn.mech_driver.mech_driver [None req-e397f195-ee57-495a-9fa2-aa8ede6a2fcb - - - - - -] OVN reports status down for port: d8de0080-4399-47b1-8208-bd46029ae31f
2026-07-09 04:46:01.912 9 INFO neutron.db.ovn_revision_numbers_db [req-d6ec1d91-cf7b-4af0-b723-c4e51d6dbaf6 req-e4dd21e9-7150-4184-a19a-0415e14c12ae 6e675e500bae44548af8e2b38dc01156 fddc7f84f2ad4dfa9b5279b2c4872fd8 - - dc4e7848fc574f3a9055485e644bae63 dc4e7848fc574f3a9055485e644bae63] Successfully bumped revision number for resource fd2c9004-54d4-443a-8b41-33fb41229e96 (type: ports) to 8
2026-07-09 04:46:01.926 9 INFO neutron.wsgi [req-d6ec1d91-cf7b-4af0-b723-c4e51d6dbaf6 req-e4dd21e9-7150-4184-a19a-0415e14c12ae 6e675e500bae44548af8e2b38dc01156 fddc7f84f2ad4dfa9b5279b2c4872fd8 - - dc4e7848fc574f3a9055485e644bae63 dc4e7848fc574f3a9055485e644bae63] 199.19.213.229 "PUT /v2.0/ports/fd2c9004-54d4-443a-8b41-33fb41229e96 HTTP/1.1" status: 200 len: 1350 time: 0.4248984 /var/lib/openstack/lib/python3.10/site-packages/pycadf/identifier.py:71: UserWarning: Invalid uuid: neutron. To ensure interoperability, identifiers should be a valid uuid. warnings.warn(('Invalid uuid: %s. To ensure interoperability, '
2026-07-09 04:46:01.999 9 INFO neutron.wsgi [req-d6ec1d91-cf7b-4af0-b723-c4e51d6dbaf6 req-2c055f43-0feb-4eca-a44f-e4f5be19a050 6e675e500bae44548af8e2b38dc01156 fddc7f84f2ad4dfa9b5279b2c4872fd8 - - dc4e7848fc574f3a9055485e644bae63 dc4e7848fc574f3a9055485e644bae63] 199.19.213.229 "GET /v2.0/ports?tenant_id=b809e5e5db7c4170a41041cb04a8ce38&device_id=b285f724-95df-4a61-8288-196d0a861564 HTTP/1.1" status: 200 len: 1417 time: 0.0306070
2026-07-09 04:46:02.074 9 INFO neutron.wsgi [None req-22854793-ce8b-41fa-9193-b2e951f6e635 cd0aae0c2f474f2cb2c14456a301c3b4 b809e5e5db7c4170a41041cb04a8ce38 - - default default] 199.19.213.229 "GET /v2.0/ports?device_id=b285f724-95df-4a61-8288-196d0a861564 HTTP/1.1" status: 200 len: 1417 time: 0.0341523
2026-07-09 04:46:02.080 9 INFO neutron.wsgi [req-d6ec1d91-cf7b-4af0-b723-c4e51d6dbaf6 req-71ad0e77-b8f7-44dd-bf96-15989a0594aa 6e675e500bae44548af8e2b38dc01156 fddc7f84f2ad4dfa9b5279b2c4872fd8 - - dc4e7848fc574f3a9055485e644bae63 dc4e7848fc574f3a9055485e644bae63] 199.19.213.229 "GET /v2.0/networks?id=7ad2ad97-0ad9-46bb-93d0-79e8b6568cba&id=554c8f96-f7f8-42a2-97fe-3d8c5c9baf69 HTTP/1.1" status: 200 len: 1730 time: 0.0756361
2026-07-09 04:46:02.120 9 INFO neutron.wsgi [req-d6ec1d91-cf7b-4af0-b723-c4e51d6dbaf6 req-0ad7b757-ed02-4f4e-8051-9a158d0102c7 6e675e500bae44548af8e2b38dc01156 fddc7f84f2ad4dfa9b5279b2c4872fd8 - - dc4e7848fc574f3a9055485e644bae63 dc4e7848fc574f3a9055485e644bae63] 199.19.213.229 "GET /v2.0/floatingips?fixed_ip_address=172.24.2.134&port_id=835bdfa2-9b06-4891-b482-5e2d115f9d0a HTTP/1.1" status: 200 len: 217 time: 0.0217412
2026-07-09 04:46:02.163 9 INFO neutron.wsgi [req-d6ec1d91-cf7b-4af0-b723-c4e51d6dbaf6 req-582ff87d-5bdc-46dc-9c91-1bb26a6e1bf1 6e675e500bae44548af8e2b38dc01156 fddc7f84f2ad4dfa9b5279b2c4872fd8 - - dc4e7848fc574f3a9055485e644bae63 dc4e7848fc574f3a9055485e644bae63] 199.19.213.229 "GET /v2.0/subnets?id=6034085e-e9ff-4e47-aa30-ebb7c86f2e76 HTTP/1.1" status: 200 len: 829 time: 0.0371637
2026-07-09 04:46:02.192 9 INFO neutron.wsgi [req-d6ec1d91-cf7b-4af0-b723-c4e51d6dbaf6 req-4d7de9ba-4ae9-4159-b2cf-5af37e7ff70c 6e675e500bae44548af8e2b38dc01156 fddc7f84f2ad4dfa9b5279b2c4872fd8 - - dc4e7848fc574f3a9055485e644bae63 dc4e7848fc574f3a9055485e644bae63] 199.19.213.229 "GET /v2.0/ports?network_id=7ad2ad97-0ad9-46bb-93d0-79e8b6568cba&device_owner=network%3Adhcp HTTP/1.1" status: 200 len: 210 time: 0.0229213
2026-07-09 04:46:02.266 9 INFO neutron.wsgi [req-d6ec1d91-cf7b-4af0-b723-c4e51d6dbaf6 req-3040a53d-f7f0-4a15-94b4-179c6e8fd90e 6e675e500bae44548af8e2b38dc01156 fddc7f84f2ad4dfa9b5279b2c4872fd8 - - dc4e7848fc574f3a9055485e644bae63 dc4e7848fc574f3a9055485e644bae63] 199.19.213.229 "GET /v2.0/networks/7ad2ad97-0ad9-46bb-93d0-79e8b6568cba?fields=segments HTTP/1.1" status: 200 len: 212 time: 0.0679767
2026-07-09 04:46:02.347 9 INFO neutron.wsgi [req-d6ec1d91-cf7b-4af0-b723-c4e51d6dbaf6 req-2348e9a5-2089-4228-85c8-78ffe84e9032 6e675e500bae44548af8e2b38dc01156 fddc7f84f2ad4dfa9b5279b2c4872fd8 - - dc4e7848fc574f3a9055485e644bae63 dc4e7848fc574f3a9055485e644bae63] 199.19.213.229 "GET /v2.0/networks/7ad2ad97-0ad9-46bb-93d0-79e8b6568cba?fields=provider%3Aphysical_network&fields=provider%3Anetwork_type HTTP/1.1" status: 200 len: 277 time: 0.0723963
2026-07-09 04:46:02.514 9 INFO neutron.db.ovn_revision_numbers_db [None req-8a61678c-1e55-44b5-b4b0-d87153701d85 cd0aae0c2f474f2cb2c14456a301c3b4 b809e5e5db7c4170a41041cb04a8ce38 - - default default] Successfully bumped revision number for resource fd2c9004-54d4-443a-8b41-33fb41229e96 (type: ports) to 9
2026-07-09 04:46:02.529 9 INFO neutron.wsgi [None req-8a61678c-1e55-44b5-b4b0-d87153701d85 cd0aae0c2f474f2cb2c14456a301c3b4 b809e5e5db7c4170a41041cb04a8ce38 - - default default] 199.19.213.229 "PUT /v2.0/ports/fd2c9004-54d4-443a-8b41-33fb41229e96 HTTP/1.1" status: 200 len: 1290 time: 0.4473774 /var/lib/openstack/lib/python3.10/site-packages/pycadf/identifier.py:71: UserWarning: Invalid uuid: neutron. To ensure interoperability, identifiers should be a valid uuid. warnings.warn(('Invalid uuid: %s. To ensure interoperability, '
2026-07-09 04:46:02.569 9 INFO neutron.wsgi [None req-a0f61235-2027-4e7a-80e2-00de73a94c9c cd0aae0c2f474f2cb2c14456a301c3b4 b809e5e5db7c4170a41041cb04a8ce38 - - default default] 199.19.213.229 "GET /v2.0/ports/fd2c9004-54d4-443a-8b41-33fb41229e96 HTTP/1.1" status: 200 len: 1290 time: 0.0335939
2026-07-09 04:46:02.632 10 INFO neutron.db.ovn_revision_numbers_db [None req-d75b604d-f3c3-4cc9-8340-04a809b1483c - - - - - -] Successfully bumped revision number for resource d8de0080-4399-47b1-8208-bd46029ae31f (type: ports) to 8
2026-07-09 04:46:02.908 9 INFO neutron.wsgi [None req-8c803d19-31ca-4972-add8-4d5161ac55b1 cd0aae0c2f474f2cb2c14456a301c3b4 b809e5e5db7c4170a41041cb04a8ce38 - - default default] 199.19.213.229 "DELETE /v2.0/ports/fd2c9004-54d4-443a-8b41-33fb41229e96 HTTP/1.1" status: 204 len: 173 time: 0.3344700
2026-07-09 04:46:02.949 9 INFO neutron.wsgi [None req-1cb25a30-ec3e-4e77-bd6e-aba381e98d37 cd0aae0c2f474f2cb2c14456a301c3b4 b809e5e5db7c4170a41041cb04a8ce38 - - default default] 199.19.213.229 "GET /v2.0/extensions/security-group HTTP/1.1" status: 200 len: 369 time: 0.0082862
2026-07-09 04:46:02.957 9 INFO neutron.wsgi [None req-1befd430-c5e7-4d76-a46a-5dbf4bc66b54 cd0aae0c2f474f2cb2c14456a301c3b4 b809e5e5db7c4170a41041cb04a8ce38 - - default default] 199.19.213.229 "GET /v2.0/extensions/dns-integration HTTP/1.1" status: 200 len: 371 time: 0.0045109
2026-07-09 04:46:02.968 9 INFO neutron.wsgi [None req-e5b0a672-16e7-4079-bae4-530ae3cb6247 cd0aae0c2f474f2cb2c14456a301c3b4 b809e5e5db7c4170a41041cb04a8ce38 - - default default] 199.19.213.229 "GET /v2.0/extensions/qos HTTP/1.1" status: 200 len: 365 time: 0.0047321
2026-07-09 04:46:02.978 9 INFO neutron.wsgi [None req-6ad47f3e-ba4b-4600-a192-4367b717797c cd0aae0c2f474f2cb2c14456a301c3b4 b809e5e5db7c4170a41041cb04a8ce38 - - default default] 199.19.213.229 "GET /v2.0/extensions/allowed-address-pairs HTTP/1.1" status: 200 len: 383 time: 0.0054431
2026-07-09 04:46:03.001 9 INFO neutron.pecan_wsgi.hooks.translation [None req-6f942793-be2d-4a2a-b680-c3f90ea1d7ab cd0aae0c2f474f2cb2c14456a301c3b4 b809e5e5db7c4170a41041cb04a8ce38 - - default default] DELETE failed (client error): The resource could not be found.
2026-07-09 04:46:03.003 9 INFO neutron.wsgi [None req-6f942793-be2d-4a2a-b680-c3f90ea1d7ab cd0aae0c2f474f2cb2c14456a301c3b4 b809e5e5db7c4170a41041cb04a8ce38 - - default default] 199.19.213.229 "DELETE /v2.0/ports/fd2c9004-54d4-443a-8b41-33fb41229e96 HTTP/1.1" status: 404 len: 338 time: 0.0181961
2026-07-09 04:46:03.041 9 INFO neutron.wsgi [None req-8cc22761-a629-465f-b3ca-aac65fc2aa6a cd0aae0c2f474f2cb2c14456a301c3b4 b809e5e5db7c4170a41041cb04a8ce38 - - default default] 199.19.213.229 "GET /v2.0/ports/d8de0080-4399-47b1-8208-bd46029ae31f HTTP/1.1" status: 200 len: 1328 time: 0.0331552
2026-07-09 04:46:03.079 9 INFO neutron.wsgi [None req-e4804ae5-a097-4e13-a5d1-a4f7a30ff343 cd0aae0c2f474f2cb2c14456a301c3b4 b809e5e5db7c4170a41041cb04a8ce38 - - default default] 199.19.213.229 "GET /v2.0/security-groups?name=lb-25d06549-9a08-4479-8dbb-2fd129cec524 HTTP/1.1" status: 200 len: 1777 time: 0.0337670
2026-07-09 04:46:03.115 9 INFO neutron.wsgi [None req-50cfeab9-62a7-4bbf-8e90-21cf80426b2d cd0aae0c2f474f2cb2c14456a301c3b4 b809e5e5db7c4170a41041cb04a8ce38 - - default default] 199.19.213.229 "GET /v2.0/ports/d8de0080-4399-47b1-8208-bd46029ae31f HTTP/1.1" status: 200 len: 1328 time: 0.0302606
2026-07-09 04:46:03.477 9 INFO neutron.db.ovn_revision_numbers_db [None req-a8321c1b-0859-43fe-9c92-b36fcae580be cd0aae0c2f474f2cb2c14456a301c3b4 b809e5e5db7c4170a41041cb04a8ce38 - - default default] Successfully bumped revision number for resource d8de0080-4399-47b1-8208-bd46029ae31f (type: ports) to 9
2026-07-09 04:46:03.491 9 INFO neutron.wsgi [None req-a8321c1b-0859-43fe-9c92-b36fcae580be cd0aae0c2f474f2cb2c14456a301c3b4 b809e5e5db7c4170a41041cb04a8ce38 - - default default] 199.19.213.229 "PUT /v2.0/ports/d8de0080-4399-47b1-8208-bd46029ae31f HTTP/1.1" status: 200 len: 1290 time: 0.3699367
2026-07-09 04:46:03.535 10 INFO neutron.notifiers.nova [-] Nova event matching ['req-a0b9a9a8-15b0-4016-9ff2-ad338c2e0dd9'] response: {'server_uuid': 'b285f724-95df-4a61-8288-196d0a861564', 'name': 'network-vif-plugged', 'status': 'completed', 'tag': 'fd2c9004-54d4-443a-8b41-33fb41229e96', 'code': 200}
2026-07-09 04:46:03.613 9 INFO neutron.wsgi [None req-0aaa1780-2d83-4e2e-b3fd-91619d9cf0b6 cd0aae0c2f474f2cb2c14456a301c3b4 b809e5e5db7c4170a41041cb04a8ce38 - - default default] 199.19.213.229 "DELETE /v2.0/security-groups/b6ffd508-4b6b-4b8d-a3a4-ca74c8d4e5d3 HTTP/1.1" status: 204 len: 173 time: 0.1151936
2026-07-09 04:46:03.927 9 INFO neutron.wsgi [None req-0d5d164c-cedd-4a5c-9a86-fd47c36a9d01 cd0aae0c2f474f2cb2c14456a301c3b4 b809e5e5db7c4170a41041cb04a8ce38 - - default default] 199.19.213.229 "DELETE /v2.0/ports/d8de0080-4399-47b1-8208-bd46029ae31f HTTP/1.1" status: 204 len: 173 time: 0.3093615
2026-07-09 04:46:04.200 10 INFO neutron.plugins.ml2.drivers.ovn.mech_driver.mech_driver [None req-e397f195-ee57-495a-9fa2-aa8ede6a2fcb - - - - - -] OVN reports status down for port: 835bdfa2-9b06-4891-b482-5e2d115f9d0a
2026-07-09 04:46:04.452 9 INFO neutron.wsgi [req-f21d3b52-803d-42f4-8774-359f42ef5dd1 req-c3bca297-2a82-46b6-b93f-666b97a43c58 cd0aae0c2f474f2cb2c14456a301c3b4 b809e5e5db7c4170a41041cb04a8ce38 - - default default] 199.19.213.229 "GET /v2.0/ports?device_id=b285f724-95df-4a61-8288-196d0a861564 HTTP/1.1" status: 200 len: 1415 time: 0.0319462
2026-07-09 04:46:04.482 10 INFO neutron.db.ovn_revision_numbers_db [None req-e397f195-ee57-495a-9fa2-aa8ede6a2fcb - - - - - -] Successfully bumped revision number for resource 835bdfa2-9b06-4891-b482-5e2d115f9d0a (type: ports) to 5
2026-07-09 04:46:04.730 9 INFO neutron.wsgi [req-f21d3b52-803d-42f4-8774-359f42ef5dd1 req-cfe48365-3116-4d7f-9d8b-13ee43799ee2 cd0aae0c2f474f2cb2c14456a301c3b4 b809e5e5db7c4170a41041cb04a8ce38 - - default default] 199.19.213.229 "DELETE /v2.0/ports/835bdfa2-9b06-4891-b482-5e2d115f9d0a HTTP/1.1" status: 204 len: 173 time: 0.2722263
2026-07-09 04:46:04.765 9 INFO neutron.notifiers.nova [-] Nova event matching ['req-93692aeb-76a3-484c-890c-fe1ad81bd740'] response: {'server_uuid': 'b285f724-95df-4a61-8288-196d0a861564', 'name': 'network-vif-deleted', 'tag': '835bdfa2-9b06-4891-b482-5e2d115f9d0a', 'status': 'completed', 'code': 200}
2026-07-09 04:46:05.575 10 INFO neutron.notifiers.nova [-] Nova event matching ['req-1f70e250-5fe6-4c18-9806-972f0bae17cd'] response: {'server_uuid': 'b285f724-95df-4a61-8288-196d0a861564', 'name': 'network-vif-unplugged', 'status': 'completed', 'tag': '835bdfa2-9b06-4891-b482-5e2d115f9d0a', 'code': 200}
2026-07-09 04:46:05.576 10 INFO neutron.notifiers.nova [-] Nova event matching ['req-1f70e250-5fe6-4c18-9806-972f0bae17cd'] response: {'server_uuid': 'b285f724-95df-4a61-8288-196d0a861564', 'name': 'network-vif-plugged', 'status': 'completed', 'tag': '835bdfa2-9b06-4891-b482-5e2d115f9d0a', 'code': 200} /var/lib/openstack/lib/python3.10/site-packages/pycadf/identifier.py:71: UserWarning: Invalid uuid: neutron. To ensure interoperability, identifiers should be a valid uuid. warnings.warn(('Invalid uuid: %s. To ensure interoperability, '
2026-07-09 04:46:06.095 10 INFO neutron.db.l3_db [None req-feade686-6157-4d0b-b6cd-0449dedfb4fe 2c8d3ae2f5bd4ac9b163ba4826e7075a 737f8054c6804cdc9573a40dda7a5c32 - - default default] Floating IP 24237ac5-62e1-4f2b-a3d9-76a6bce88af8 disassociated (deleted). External IP: 10.96.250.215, port: 2a133bda-c1b4-43f0-9ea2-d9b8492eeee4.
2026-07-09 04:46:06.148 10 INFO neutron.wsgi [None req-feade686-6157-4d0b-b6cd-0449dedfb4fe 2c8d3ae2f5bd4ac9b163ba4826e7075a 737f8054c6804cdc9573a40dda7a5c32 - - default default] 10.0.0.101 "DELETE /v2.0/floatingips/24237ac5-62e1-4f2b-a3d9-76a6bce88af8 HTTP/1.1" status: 204 len: 168 time: 0.4060974
2026-07-09 04:46:06.180 10 INFO neutron.api.v2.resource [None req-42d9d0c2-abd9-43cb-93d6-65872bae9887 2c8d3ae2f5bd4ac9b163ba4826e7075a 737f8054c6804cdc9573a40dda7a5c32 - - default default] show failed (client error): The resource could not be found.
2026-07-09 04:46:06.181 10 INFO neutron.wsgi [None req-42d9d0c2-abd9-43cb-93d6-65872bae9887 2c8d3ae2f5bd4ac9b163ba4826e7075a 737f8054c6804cdc9573a40dda7a5c32 - - default default] 10.0.0.101 "GET /v2.0/floatingips/24237ac5-62e1-4f2b-a3d9-76a6bce88af8 HTTP/1.1" status: 404 len: 345 time: 0.0298405
2026-07-09 04:46:06.375 9 INFO neutron.plugins.ml2.drivers.ovn.mech_driver.mech_driver [None req-741ffbae-2623-4cd3-9090-0f8197765c2f - - - - - -] OVN reports status down for port: 2a133bda-c1b4-43f0-9ea2-d9b8492eeee4
2026-07-09 04:46:06.457 10 INFO neutron.wsgi [req-b9f98e17-c531-4b0e-a651-499c7692b3cc req-a3f2422c-9b67-4870-8f16-95c7869fa00d 2c8d3ae2f5bd4ac9b163ba4826e7075a 737f8054c6804cdc9573a40dda7a5c32 - - default default] 10.0.0.98 "GET /v2.0/ports?device_id=dec9bd19-0857-49d2-96f8-a22b8adb9a52 HTTP/1.1" status: 200 len: 1392 time: 0.1108484
2026-07-09 04:46:06.515 10 INFO neutron.wsgi [req-b9f98e17-c531-4b0e-a651-499c7692b3cc req-5c3bbb14-994c-4767-b0b7-de75586afb4b 2c8d3ae2f5bd4ac9b163ba4826e7075a 737f8054c6804cdc9573a40dda7a5c32 - - default default] 10.0.0.98 "GET /v2.0/security-groups?id=6e898795-92ff-453c-99d3-b2e32d166e08&fields=id&fields=name HTTP/1.1" status: 200 len: 311 time: 0.0477915 /var/lib/openstack/lib/python3.10/site-packages/pycadf/identifier.py:71: UserWarning: Invalid uuid: neutron. To ensure interoperability, identifiers should be a valid uuid. warnings.warn(('Invalid uuid: %s. To ensure interoperability, '
2026-07-09 04:46:06.756 9 INFO neutron.db.ovn_revision_numbers_db [None req-741ffbae-2623-4cd3-9090-0f8197765c2f - - - - - -] Successfully bumped revision number for resource 2a133bda-c1b4-43f0-9ea2-d9b8492eeee4 (type: ports) to 5
2026-07-09 04:46:06.776 9 INFO neutron.wsgi [req-d7955da4-8144-494f-ad96-0ae39bc4d752 req-5e6c801b-3536-4dc6-87a0-9cc7b7180a60 2c8d3ae2f5bd4ac9b163ba4826e7075a 737f8054c6804cdc9573a40dda7a5c32 - - default default] 199.19.213.229 "GET /v2.0/ports?device_id=dec9bd19-0857-49d2-96f8-a22b8adb9a52 HTTP/1.1" status: 200 len: 1390 time: 0.1064510
2026-07-09 04:46:06.811 9 INFO neutron.notifiers.nova [-] Nova event matching ['req-5da01af4-09b1-4cd6-b0d9-0f8cdf1f76cc'] response: {'server_uuid': 'dec9bd19-0857-49d2-96f8-a22b8adb9a52', 'name': 'network-vif-unplugged', 'status': 'completed', 'tag': '2a133bda-c1b4-43f0-9ea2-d9b8492eeee4', 'code': 200}
2026-07-09 04:46:07.094 9 INFO neutron.wsgi [req-d7955da4-8144-494f-ad96-0ae39bc4d752 req-c8d9fe17-d568-4a56-8c2f-3498d184c8fd 2c8d3ae2f5bd4ac9b163ba4826e7075a 737f8054c6804cdc9573a40dda7a5c32 - - default default] 199.19.213.229 "DELETE /v2.0/ports/2a133bda-c1b4-43f0-9ea2-d9b8492eeee4 HTTP/1.1" status: 204 len: 173 time: 0.3133733
2026-07-09 04:46:07.632 10 INFO neutron.notifiers.nova [-] Nova event matching ['req-4c4240ac-ab98-43fb-9851-e909ead21160'] response: {'name': 'network-changed', 'server_uuid': 'dec9bd19-0857-49d2-96f8-a22b8adb9a52', 'tag': '2a133bda-c1b4-43f0-9ea2-d9b8492eeee4', 'status': 'completed', 'code': 200} /var/lib/openstack/lib/python3.10/site-packages/pycadf/identifier.py:71: UserWarning: Invalid uuid: neutron. To ensure interoperability, identifiers should be a valid uuid. warnings.warn(('Invalid uuid: %s. To ensure interoperability, '
2026-07-09 04:46:07.671 9 INFO neutron.wsgi [req-d8c650cd-5567-4642-b084-5a02733bf7fc req-32589f69-9644-44ec-94e9-148732d58f0c 6e675e500bae44548af8e2b38dc01156 fddc7f84f2ad4dfa9b5279b2c4872fd8 - - dc4e7848fc574f3a9055485e644bae63 dc4e7848fc574f3a9055485e644bae63] 199.19.213.229 "GET /v2.0/ports?tenant_id=737f8054c6804cdc9573a40dda7a5c32&device_id=dec9bd19-0857-49d2-96f8-a22b8adb9a52 HTTP/1.1" status: 200 len: 210 time: 0.0260024
2026-07-09 04:46:08.065 9 INFO neutron.wsgi [req-d8c650cd-5567-4642-b084-5a02733bf7fc req-b2f3ff16-2e0e-4e1f-8ebf-cd18236cc32c 6e675e500bae44548af8e2b38dc01156 fddc7f84f2ad4dfa9b5279b2c4872fd8 - - dc4e7848fc574f3a9055485e644bae63 dc4e7848fc574f3a9055485e644bae63] 199.19.213.229 "GET /v2.0/networks?tenant_id=737f8054c6804cdc9573a40dda7a5c32&shared=False HTTP/1.1" status: 200 len: 2584 time: 0.3878694
2026-07-09 04:46:08.157 9 INFO neutron.wsgi [req-d8c650cd-5567-4642-b084-5a02733bf7fc req-363a94e2-9a38-4bec-8894-0493c2a0d87d 6e675e500bae44548af8e2b38dc01156 fddc7f84f2ad4dfa9b5279b2c4872fd8 - - dc4e7848fc574f3a9055485e644bae63 dc4e7848fc574f3a9055485e644bae63] 199.19.213.229 "GET /v2.0/networks?shared=True HTTP/1.1" status: 200 len: 952 time: 0.0860195
2026-07-09 04:46:08.856 9 INFO neutron.notifiers.nova [-] Nova event matching ['req-d12cad46-fa6d-467a-9ca9-f4b8877c0d7e'] response: {'server_uuid': 'dec9bd19-0857-49d2-96f8-a22b8adb9a52', 'name': 'network-vif-plugged', 'status': 'completed', 'tag': '2a133bda-c1b4-43f0-9ea2-d9b8492eeee4', 'code': 200}
2026-07-09 04:46:08.857 9 INFO neutron.notifiers.nova [-] Nova event matching ['req-d12cad46-fa6d-467a-9ca9-f4b8877c0d7e'] response: {'server_uuid': 'dec9bd19-0857-49d2-96f8-a22b8adb9a52', 'name': 'network-vif-deleted', 'tag': '2a133bda-c1b4-43f0-9ea2-d9b8492eeee4', 'status': 'completed', 'code': 200}
2026-07-09 04:46:11.978 9 INFO neutron.db.l3_db [None req-8e9b1cfb-0159-46df-b787-5f2a0dcc54df 2c8d3ae2f5bd4ac9b163ba4826e7075a 737f8054c6804cdc9573a40dda7a5c32 - - default default] Floating IP 87948700-228a-4bc3-9ae9-64c30ccf152b disassociated (deleted). External IP: 10.96.250.207, port: f4628299-d253-4e3e-bed4-c24916b26835.
2026-07-09 04:46:12.014 9 INFO neutron.wsgi [None req-8e9b1cfb-0159-46df-b787-5f2a0dcc54df 2c8d3ae2f5bd4ac9b163ba4826e7075a 737f8054c6804cdc9573a40dda7a5c32 - - default default] 10.0.0.101 "DELETE /v2.0/floatingips/87948700-228a-4bc3-9ae9-64c30ccf152b HTTP/1.1" status: 204 len: 168 time: 0.4424500 /var/lib/openstack/lib/python3.10/site-packages/pycadf/identifier.py:71: UserWarning: Invalid uuid: neutron. To ensure interoperability, identifiers should be a valid uuid. warnings.warn(('Invalid uuid: %s. To ensure interoperability, '
2026-07-09 04:46:12.047 9 INFO neutron.notifiers.nova [-] Nova event matching ['req-516a18d5-d538-4159-95b7-48e1340befdd'] response: {'name': 'network-changed', 'server_uuid': 'f5484df9-6571-4d28-b194-c6ebe88ee22b', 'tag': 'f4628299-d253-4e3e-bed4-c24916b26835', 'status': 'completed', 'code': 200}
2026-07-09 04:46:12.048 10 INFO neutron.api.v2.resource [None req-db3c1635-42fe-4ed0-88ec-da66a9ee8afe 2c8d3ae2f5bd4ac9b163ba4826e7075a 737f8054c6804cdc9573a40dda7a5c32 - - default default] show failed (client error): The resource could not be found.
2026-07-09 04:46:12.050 10 INFO neutron.wsgi [None req-db3c1635-42fe-4ed0-88ec-da66a9ee8afe 2c8d3ae2f5bd4ac9b163ba4826e7075a 737f8054c6804cdc9573a40dda7a5c32 - - default default] 10.0.0.101 "GET /v2.0/floatingips/87948700-228a-4bc3-9ae9-64c30ccf152b HTTP/1.1" status: 404 len: 345 time: 0.0301073
2026-07-09 04:46:12.097 9 INFO neutron.wsgi [req-a91d6444-473e-478a-aa64-4d532bd650b4 req-406bfaa7-6aca-416e-8599-a0ae5a51be4d 6e675e500bae44548af8e2b38dc01156 fddc7f84f2ad4dfa9b5279b2c4872fd8 - - dc4e7848fc574f3a9055485e644bae63 dc4e7848fc574f3a9055485e644bae63] 199.19.213.229 "GET /v2.0/ports?tenant_id=737f8054c6804cdc9573a40dda7a5c32&device_id=f5484df9-6571-4d28-b194-c6ebe88ee22b HTTP/1.1" status: 200 len: 1634 time: 0.0339725
2026-07-09 04:46:12.167 9 INFO neutron.wsgi [req-a91d6444-473e-478a-aa64-4d532bd650b4 req-bb40de4f-f0de-4f08-ac4e-f11d84bd05e8 6e675e500bae44548af8e2b38dc01156 fddc7f84f2ad4dfa9b5279b2c4872fd8 - - dc4e7848fc574f3a9055485e644bae63 dc4e7848fc574f3a9055485e644bae63] 199.19.213.229 "GET /v2.0/networks?id=dd6410ce-3476-4c8a-8fb1-5db03f477630 HTTP/1.1" status: 200 len: 1003 time: 0.0630629
2026-07-09 04:46:12.191 9 INFO neutron.wsgi [req-a91d6444-473e-478a-aa64-4d532bd650b4 req-4f5c6d4e-b536-4fe1-a153-57a0936b8446 6e675e500bae44548af8e2b38dc01156 fddc7f84f2ad4dfa9b5279b2c4872fd8 - - dc4e7848fc574f3a9055485e644bae63 dc4e7848fc574f3a9055485e644bae63] 199.19.213.229 "GET /v2.0/floatingips?fixed_ip_address=10.2.1.96&port_id=f4628299-d253-4e3e-bed4-c24916b26835 HTTP/1.1" status: 200 len: 217 time: 0.0191901
2026-07-09 04:46:12.230 9 INFO neutron.wsgi [req-a91d6444-473e-478a-aa64-4d532bd650b4 req-2e4dce4d-8ddb-4177-95f6-cc46b75df23e 6e675e500bae44548af8e2b38dc01156 fddc7f84f2ad4dfa9b5279b2c4872fd8 - - dc4e7848fc574f3a9055485e644bae63 dc4e7848fc574f3a9055485e644bae63] 199.19.213.229 "GET /v2.0/floatingips?fixed_ip_address=fd7b%3Af9f7%3Afff%3A4eca%3A%3A23b&port_id=f4628299-d253-4e3e-bed4-c24916b26835 HTTP/1.1" status: 200 len: 217 time: 0.0289690
2026-07-09 04:46:12.252 9 INFO neutron.plugins.ml2.drivers.ovn.mech_driver.mech_driver [None req-741ffbae-2623-4cd3-9090-0f8197765c2f - - - - - -] OVN reports status down for port: f4628299-d253-4e3e-bed4-c24916b26835
2026-07-09 04:46:12.281 9 INFO neutron.wsgi [req-a91d6444-473e-478a-aa64-4d532bd650b4 req-24d52aa0-09ab-4bb5-a139-4c7d44d2cf8f 6e675e500bae44548af8e2b38dc01156 fddc7f84f2ad4dfa9b5279b2c4872fd8 - - dc4e7848fc574f3a9055485e644bae63 dc4e7848fc574f3a9055485e644bae63] 199.19.213.229 "GET /v2.0/subnets?id=21f8a1ab-6da7-4280-804f-f896c1f73601&id=79fffc61-dcd1-4f7e-a0db-b41e4b9a87f3 HTTP/1.1" status: 200 len: 1561 time: 0.0463850
2026-07-09 04:46:12.301 10 INFO neutron.wsgi [req-fbcd3542-7fbd-46b0-bcc6-295087da5341 req-c1636756-32bc-4704-8b97-ef586acc2163 2c8d3ae2f5bd4ac9b163ba4826e7075a 737f8054c6804cdc9573a40dda7a5c32 - - default default] 10.0.0.98 "GET /v2.0/ports?device_id=f5484df9-6571-4d28-b194-c6ebe88ee22b HTTP/1.1" status: 200 len: 1396 time: 0.1086481
