2026-07-09 04:42:18.851 9 INFO neutron.db.ovn_revision_numbers_db [None req-de17fd59-e5af-4127-8e7e-75f74955dfef b50757beb3024f8399df029eb18ec6fa 276f8e5b7ddc424a918bd41153013df1 - - default default] Successfully bumped revision number for resource c68ba364-dd0d-4325-9e7b-f5601fb391c0 (type: security_groups) to 1
2026-07-09 04:42:18.866 9 INFO neutron.db.ovn_revision_numbers_db [None req-de17fd59-e5af-4127-8e7e-75f74955dfef b50757beb3024f8399df029eb18ec6fa 276f8e5b7ddc424a918bd41153013df1 - - default default] Successfully bumped revision number for resource aa446d3a-6183-4c44-8f8e-8370a21e1f80 (type: security_group_rules) to 0
2026-07-09 04:42:18.880 9 INFO neutron.db.ovn_revision_numbers_db [None req-de17fd59-e5af-4127-8e7e-75f74955dfef b50757beb3024f8399df029eb18ec6fa 276f8e5b7ddc424a918bd41153013df1 - - default default] Successfully bumped revision number for resource f8e320e6-6f61-4855-8a5f-0f04232a14ab (type: security_group_rules) to 0
2026-07-09 04:42:18.897 9 INFO neutron.wsgi [None req-de17fd59-e5af-4127-8e7e-75f74955dfef b50757beb3024f8399df029eb18ec6fa 276f8e5b7ddc424a918bd41153013df1 - - default default] 10.0.0.101 "POST /v2.0/security-groups HTTP/1.1" status: 201 len: 1737 time: 0.1424487
2026-07-09 04:42:19.008 10 INFO neutron.db.ovn_revision_numbers_db [None req-b9052f14-16e4-451c-b934-a26145919f82 b50757beb3024f8399df029eb18ec6fa 276f8e5b7ddc424a918bd41153013df1 - - default default] Successfully bumped revision number for resource fe179fe0-e988-44b1-915e-59194a909d93 (type: security_groups) to 1
2026-07-09 04:42:19.023 10 INFO neutron.db.ovn_revision_numbers_db [None req-b9052f14-16e4-451c-b934-a26145919f82 b50757beb3024f8399df029eb18ec6fa 276f8e5b7ddc424a918bd41153013df1 - - default default] Successfully bumped revision number for resource 5a0bbd55-5802-4d0c-ab42-3c6946899a51 (type: security_group_rules) to 0
2026-07-09 04:42:19.036 10 INFO neutron.db.ovn_revision_numbers_db [None req-b9052f14-16e4-451c-b934-a26145919f82 b50757beb3024f8399df029eb18ec6fa 276f8e5b7ddc424a918bd41153013df1 - - default default] Successfully bumped revision number for resource c17d2613-e026-40d2-88df-9a20fc5a79de (type: security_group_rules) to 0
2026-07-09 04:42:19.066 10 INFO neutron.wsgi [None req-b9052f14-16e4-451c-b934-a26145919f82 b50757beb3024f8399df029eb18ec6fa 276f8e5b7ddc424a918bd41153013df1 - - default default] 10.0.0.101 "POST /v2.0/security-groups HTTP/1.1" status: 201 len: 1737 time: 0.1631057
2026-07-09 04:42:19.090 9 INFO neutron.wsgi [req-75403975-907e-4590-afe9-8e43bb160139 req-0403bce4-c073-42e3-aa8d-8fb38bfac283 9a302f991d234fa5bf2eac8c922e31c1 57f0f5de20af4a078e395ae4c94e4d08 - - default default] 10.0.0.98 "GET /v2.0/ports?device_id=6cd80bc3-ed31-4651-b47a-420d6e6e33a5 HTTP/1.1" status: 200 len: 1210 time: 0.0461633
2026-07-09 04:42:19.109 10 INFO neutron.wsgi [None req-b140e0b7-0b02-49fa-b3f1-0b65bf6a3ac2 b50757beb3024f8399df029eb18ec6fa 276f8e5b7ddc424a918bd41153013df1 - - default default] 10.0.0.101 "PUT /v2.0/security-groups/68ca935e-0b7e-4735-821f-9142ab3f7f7e/tags HTTP/1.1" status: 200 len: 210 time: 0.0397661
2026-07-09 04:42:19.225 9 INFO neutron.wsgi [req-75403975-907e-4590-afe9-8e43bb160139 req-3c9f287f-3f12-4ee4-9b88-62f6a0339340 9a302f991d234fa5bf2eac8c922e31c1 57f0f5de20af4a078e395ae4c94e4d08 - - default default] 10.0.0.98 "GET /v2.0/security-groups?id=9366c68e-adde-4f63-9415-4954de4a2147&id=3c8a9ffb-0c9a-48ad-bd46-f35e6df12db2&fields=id&fields=name HTTP/1.1" status: 200 len: 406 time: 0.1274462
2026-07-09 04:42:19.250 10 INFO neutron.wsgi [None req-ab83c4d2-3b7c-42ec-8d47-f62ba317c9a3 b50757beb3024f8399df029eb18ec6fa 276f8e5b7ddc424a918bd41153013df1 - - default default] 10.0.0.101 "PUT /v2.0/security-groups/2cdd03a9-aeed-4253-981d-d59fb9852da2/tags HTTP/1.1" status: 200 len: 218 time: 0.1362145
2026-07-09 04:42:19.292 10 INFO neutron.wsgi [None req-e3d3e4d7-c9fd-45ee-956e-5193812878a6 b50757beb3024f8399df029eb18ec6fa 276f8e5b7ddc424a918bd41153013df1 - - default default] 10.0.0.101 "PUT /v2.0/security-groups/01985890-ece3-40e9-9d0f-371cac5a4481/tags HTTP/1.1" status: 200 len: 227 time: 0.0370848
2026-07-09 04:42:19.339 9 INFO neutron.wsgi [None req-97ed033c-76b6-4517-add5-bb87363f9490 b50757beb3024f8399df029eb18ec6fa 276f8e5b7ddc424a918bd41153013df1 - - default default] 10.0.0.101 "PUT /v2.0/security-groups/c68ba364-dd0d-4325-9e7b-f5601fb391c0/tags HTTP/1.1" status: 200 len: 212 time: 0.0393615
2026-07-09 04:42:19.343 10 INFO neutron.wsgi [req-36b97a19-aa46-4d1a-a126-7a52209662eb req-db683781-a399-427f-97ea-3a80bdd701aa 9a302f991d234fa5bf2eac8c922e31c1 57f0f5de20af4a078e395ae4c94e4d08 - - default default] 10.0.0.98 "GET /v2.0/ports?device_id=6cd80bc3-ed31-4651-b47a-420d6e6e33a5 HTTP/1.1" status: 200 len: 1210 time: 0.0374613
2026-07-09 04:42:19.413 9 INFO neutron.wsgi [None req-a16189e1-895a-43b4-8372-d8d89d058d07 b50757beb3024f8399df029eb18ec6fa 276f8e5b7ddc424a918bd41153013df1 - - default default] 10.0.0.101 "GET /v2.0/security-groups?tags=red HTTP/1.1" status: 200 len: 4813 time: 0.0689609
2026-07-09 04:42:19.476 10 INFO neutron.wsgi [None req-d064220c-6d34-407c-8fb4-670bc46431a7 b50757beb3024f8399df029eb18ec6fa 276f8e5b7ddc424a918bd41153013df1 - - default default] 10.0.0.101 "GET /v2.0/security-groups?tags=red%2Cblue HTTP/1.1" status: 200 len: 3289 time: 0.0577767
2026-07-09 04:42:19.523 10 INFO neutron.wsgi [None req-b415da72-b553-475f-9f88-206699a2cc3b b50757beb3024f8399df029eb18ec6fa 276f8e5b7ddc424a918bd41153013df1 - - default default] 10.0.0.101 "GET /v2.0/security-groups?tags-any=blue HTTP/1.1" status: 200 len: 3289 time: 0.0426724
2026-07-09 04:42:19.571 10 INFO neutron.wsgi [None req-e2582dae-fada-4a87-99bc-f08f53e0fb7e b50757beb3024f8399df029eb18ec6fa 276f8e5b7ddc424a918bd41153013df1 - - default default] 10.0.0.101 "GET /v2.0/security-groups?tags-any=red%2Cblue HTTP/1.1" status: 200 len: 4813 time: 0.0428603
2026-07-09 04:42:19.612 9 INFO neutron.db.l3_db [None req-4bc438d4-a445-4f3a-ac4f-095b641d4d62 9a302f991d234fa5bf2eac8c922e31c1 57f0f5de20af4a078e395ae4c94e4d08 - - default default] Floating IP 39e2ae51-61f2-40ba-b041-b65876d2767a associated. External IP: 10.96.250.216, port: 62124845-0d75-4908-9386-f8fdb14c861c.
2026-07-09 04:42:19.627 10 INFO neutron.wsgi [None req-c5164014-04f7-407b-9e5f-0fe42118e3de b50757beb3024f8399df029eb18ec6fa 276f8e5b7ddc424a918bd41153013df1 - - default default] 10.0.0.101 "GET /v2.0/security-groups?not-tags=red HTTP/1.1" status: 200 len: 6041 time: 0.0519025
2026-07-09 04:42:19.722 10 INFO neutron.wsgi [None req-38023263-6d52-45a5-8f96-83b79f101870 b50757beb3024f8399df029eb18ec6fa 276f8e5b7ddc424a918bd41153013df1 - - default default] 10.0.0.101 "GET /v2.0/security-groups?not-tags=red%2Cblue HTTP/1.1" status: 200 len: 7565 time: 0.0868320
2026-07-09 04:42:19.795 9 INFO neutron.wsgi [None req-d4af48df-ef79-4636-b8c7-28de3792fbd0 b50757beb3024f8399df029eb18ec6fa 276f8e5b7ddc424a918bd41153013df1 - - default default] 10.0.0.101 "GET /v2.0/security-groups?not-tags-any=blue HTTP/1.1" status: 200 len: 7565 time: 0.0589495 /var/lib/openstack/lib/python3.10/site-packages/pycadf/identifier.py:71: UserWarning: Invalid uuid: neutron. To ensure interoperability, identifiers should be a valid uuid. warnings.warn(('Invalid uuid: %s. To ensure interoperability, '
2026-07-09 04:42:19.918 9 INFO neutron.wsgi [None req-9a249c1c-2562-4b6d-8188-6ffcd0155e69 b50757beb3024f8399df029eb18ec6fa 276f8e5b7ddc424a918bd41153013df1 - - default default] 10.0.0.101 "GET /v2.0/security-groups?not-tags-any=red%2Cblue HTTP/1.1" status: 200 len: 6041 time: 0.1159158
2026-07-09 04:42:19.943 9 INFO neutron.db.ovn_revision_numbers_db [None req-4bc438d4-a445-4f3a-ac4f-095b641d4d62 9a302f991d234fa5bf2eac8c922e31c1 57f0f5de20af4a078e395ae4c94e4d08 - - default default] Successfully bumped revision number for resource 39e2ae51-61f2-40ba-b041-b65876d2767a (type: floatingips) to 1
2026-07-09 04:42:20.050 10 INFO neutron.wsgi [None req-fd309c9e-25e3-4fbd-8ba0-73b701312707 b50757beb3024f8399df029eb18ec6fa 276f8e5b7ddc424a918bd41153013df1 - - default default] 10.0.0.101 "DELETE /v2.0/security-groups/68ca935e-0b7e-4735-821f-9142ab3f7f7e HTTP/1.1" status: 204 len: 168 time: 0.1257713
2026-07-09 04:42:20.164 10 INFO neutron.wsgi [None req-2a40b36f-76e6-436c-8c9e-a292657cd492 b50757beb3024f8399df029eb18ec6fa 276f8e5b7ddc424a918bd41153013df1 - - default default] 10.0.0.101 "DELETE /v2.0/security-groups/2cdd03a9-aeed-4253-981d-d59fb9852da2 HTTP/1.1" status: 204 len: 168 time: 0.1099894
2026-07-09 04:42:20.303 10 INFO neutron.wsgi [None req-c9138dec-4a25-49d8-b725-fa4cbe368e2b b50757beb3024f8399df029eb18ec6fa 276f8e5b7ddc424a918bd41153013df1 - - default default] 10.0.0.101 "DELETE /v2.0/security-groups/01985890-ece3-40e9-9d0f-371cac5a4481 HTTP/1.1" status: 204 len: 168 time: 0.1340375
2026-07-09 04:42:20.325 9 INFO neutron.db.ovn_revision_numbers_db [None req-59557d74-784d-4d59-bd40-bc2028118306 cd0aae0c2f474f2cb2c14456a301c3b4 b809e5e5db7c4170a41041cb04a8ce38 - - default default] Successfully bumped revision number for resource b86208c1-dfe5-454f-994f-acdf0bf9e323 (type: security_groups) to 1
2026-07-09 04:42:20.338 9 INFO neutron.db.ovn_revision_numbers_db [None req-4bc438d4-a445-4f3a-ac4f-095b641d4d62 9a302f991d234fa5bf2eac8c922e31c1 57f0f5de20af4a078e395ae4c94e4d08 - - default default] Successfully bumped revision number for resource 39e2ae51-61f2-40ba-b041-b65876d2767a (type: floatingips) to 2
2026-07-09 04:42:20.341 9 INFO neutron.db.ovn_revision_numbers_db [None req-59557d74-784d-4d59-bd40-bc2028118306 cd0aae0c2f474f2cb2c14456a301c3b4 b809e5e5db7c4170a41041cb04a8ce38 - - default default] Successfully bumped revision number for resource 163c0d23-69ce-4d3a-954d-0cb723881aa1 (type: security_group_rules) to 0
2026-07-09 04:42:20.362 9 INFO neutron.wsgi [None req-4bc438d4-a445-4f3a-ac4f-095b641d4d62 9a302f991d234fa5bf2eac8c922e31c1 57f0f5de20af4a078e395ae4c94e4d08 - - default default] 10.0.0.101 "PUT /v2.0/floatingips/39e2ae51-61f2-40ba-b041-b65876d2767a HTTP/1.1" status: 200 len: 1049 time: 1.0067999
2026-07-09 04:42:20.363 9 INFO neutron.db.ovn_revision_numbers_db [None req-59557d74-784d-4d59-bd40-bc2028118306 cd0aae0c2f474f2cb2c14456a301c3b4 b809e5e5db7c4170a41041cb04a8ce38 - - default default] Successfully bumped revision number for resource 8c1557d5-aa4f-443d-ab53-6b3ca6e1d2bc (type: security_group_rules) to 0
2026-07-09 04:42:20.374 9 INFO neutron.db.ovn_revision_numbers_db [None req-59557d74-784d-4d59-bd40-bc2028118306 cd0aae0c2f474f2cb2c14456a301c3b4 b809e5e5db7c4170a41041cb04a8ce38 - - default default] Successfully bumped revision number for resource d1dd1264-12a2-46bf-80c7-ddfbf675bdee (type: security_group_rules) to 0
2026-07-09 04:42:20.388 9 INFO neutron.db.ovn_revision_numbers_db [None req-59557d74-784d-4d59-bd40-bc2028118306 cd0aae0c2f474f2cb2c14456a301c3b4 b809e5e5db7c4170a41041cb04a8ce38 - - default default] Successfully bumped revision number for resource e5cb3438-7964-4bcc-97e3-6d60fcf35ba2 (type: security_group_rules) to 0
2026-07-09 04:42:20.415 9 INFO neutron.wsgi [None req-59557d74-784d-4d59-bd40-bc2028118306 cd0aae0c2f474f2cb2c14456a301c3b4 b809e5e5db7c4170a41041cb04a8ce38 - - default default] 10.0.0.101 "GET /v2.0/security-groups?tenant_id=2f1ac29de833469fa824e0efcfb63188&name=default HTTP/1.1" status: 200 len: 2996 time: 0.8083556
2026-07-09 04:42:20.424 10 INFO neutron.wsgi [None req-7b75abaa-6633-4e50-abdb-7b186648416e b50757beb3024f8399df029eb18ec6fa 276f8e5b7ddc424a918bd41153013df1 - - default default] 10.0.0.101 "DELETE /v2.0/security-groups/c68ba364-dd0d-4325-9e7b-f5601fb391c0 HTTP/1.1" status: 204 len: 168 time: 0.1147118
2026-07-09 04:42:20.566 10 INFO neutron.wsgi [None req-1079f0e4-2649-49fe-b97b-cb3db90573e4 b50757beb3024f8399df029eb18ec6fa 276f8e5b7ddc424a918bd41153013df1 - - default default] 10.0.0.101 "DELETE /v2.0/security-groups/fe179fe0-e988-44b1-915e-59194a909d93 HTTP/1.1" status: 204 len: 168 time: 0.1352725
2026-07-09 04:42:20.625 9 INFO neutron.notifiers.nova [-] Nova event matching ['req-4e5b11c1-d4d8-49c6-9fe2-736605d2ab07'] response: {'name': 'network-changed', 'server_uuid': '6cd80bc3-ed31-4651-b47a-420d6e6e33a5', 'tag': '62124845-0d75-4908-9386-f8fdb14c861c', 'status': 'completed', 'code': 200}
2026-07-09 04:42:20.677 9 INFO neutron.wsgi [None req-6b76abd5-8c9e-4ec5-8158-7887681516e4 cd0aae0c2f474f2cb2c14456a301c3b4 b809e5e5db7c4170a41041cb04a8ce38 - - default default] 10.0.0.101 "DELETE /v2.0/security-groups/b86208c1-dfe5-454f-994f-acdf0bf9e323 HTTP/1.1" status: 204 len: 168 time: 0.2548971
2026-07-09 04:42:20.713 10 INFO neutron.wsgi [req-eb7a1c2a-734a-4fd7-96bc-317e12eedcbc req-adbaed03-6169-44b3-9a61-0188e2a430f9 6e675e500bae44548af8e2b38dc01156 fddc7f84f2ad4dfa9b5279b2c4872fd8 - - dc4e7848fc574f3a9055485e644bae63 dc4e7848fc574f3a9055485e644bae63] 199.19.213.229 "GET /v2.0/ports?tenant_id=57f0f5de20af4a078e395ae4c94e4d08&device_id=6cd80bc3-ed31-4651-b47a-420d6e6e33a5 HTTP/1.1" status: 200 len: 1448 time: 0.0638938
2026-07-09 04:42:20.802 10 INFO neutron.wsgi [req-eb7a1c2a-734a-4fd7-96bc-317e12eedcbc req-72db0bb6-3683-48fe-8a15-0aa147959ece 6e675e500bae44548af8e2b38dc01156 fddc7f84f2ad4dfa9b5279b2c4872fd8 - - dc4e7848fc574f3a9055485e644bae63 dc4e7848fc574f3a9055485e644bae63] 199.19.213.229 "GET /v2.0/networks?id=f15bf66b-3615-40ac-beae-663f7d8e9a58 HTTP/1.1" status: 200 len: 969 time: 0.0810161
2026-07-09 04:42:20.899 10 INFO neutron.wsgi [req-eb7a1c2a-734a-4fd7-96bc-317e12eedcbc req-8a4304f0-9808-4fa9-b16b-7eb5f2bfdef7 6e675e500bae44548af8e2b38dc01156 fddc7f84f2ad4dfa9b5279b2c4872fd8 - - dc4e7848fc574f3a9055485e644bae63 dc4e7848fc574f3a9055485e644bae63] 199.19.213.229 "GET /v2.0/floatingips?fixed_ip_address=10.100.0.8&port_id=62124845-0d75-4908-9386-f8fdb14c861c HTTP/1.1" status: 200 len: 1059 time: 0.0907466
2026-07-09 04:42:20.940 10 INFO neutron.wsgi [req-eb7a1c2a-734a-4fd7-96bc-317e12eedcbc req-24887b3d-a038-42ae-ba56-05655ce40080 6e675e500bae44548af8e2b38dc01156 fddc7f84f2ad4dfa9b5279b2c4872fd8 - - dc4e7848fc574f3a9055485e644bae63 dc4e7848fc574f3a9055485e644bae63] 199.19.213.229 "GET /v2.0/subnets?id=9e70b76c-c26b-4478-b237-cd7bd3323885 HTTP/1.1" status: 200 len: 864 time: 0.0372577
2026-07-09 04:42:20.975 10 INFO neutron.wsgi [req-eb7a1c2a-734a-4fd7-96bc-317e12eedcbc req-62d67634-e753-483f-a647-a55ad30b35e1 6e675e500bae44548af8e2b38dc01156 fddc7f84f2ad4dfa9b5279b2c4872fd8 - - dc4e7848fc574f3a9055485e644bae63 dc4e7848fc574f3a9055485e644bae63] 199.19.213.229 "GET /v2.0/ports?network_id=f15bf66b-3615-40ac-beae-663f7d8e9a58&device_owner=network%3Adhcp HTTP/1.1" status: 200 len: 210 time: 0.0299602
2026-07-09 04:42:21.048 10 INFO neutron.wsgi [req-eb7a1c2a-734a-4fd7-96bc-317e12eedcbc req-969f2087-265d-4347-908a-6c58992db037 6e675e500bae44548af8e2b38dc01156 fddc7f84f2ad4dfa9b5279b2c4872fd8 - - dc4e7848fc574f3a9055485e644bae63 dc4e7848fc574f3a9055485e644bae63] 199.19.213.229 "GET /v2.0/networks/f15bf66b-3615-40ac-beae-663f7d8e9a58?fields=segments HTTP/1.1" status: 200 len: 212 time: 0.0647635
2026-07-09 04:42:21.114 10 INFO neutron.wsgi [req-eb7a1c2a-734a-4fd7-96bc-317e12eedcbc req-966bd7cf-8f01-4f85-bfd5-e84c50284d7f 6e675e500bae44548af8e2b38dc01156 fddc7f84f2ad4dfa9b5279b2c4872fd8 - - dc4e7848fc574f3a9055485e644bae63 dc4e7848fc574f3a9055485e644bae63] 199.19.213.229 "GET /v2.0/networks/f15bf66b-3615-40ac-beae-663f7d8e9a58?fields=provider%3Aphysical_network&fields=provider%3Anetwork_type HTTP/1.1" status: 200 len: 277 time: 0.0613856
2026-07-09 04:42:21.668 10 INFO neutron.db.ovn_revision_numbers_db [None req-ab16be9e-2632-409b-9d9f-d6c4c4cb0df5 cd0aae0c2f474f2cb2c14456a301c3b4 b809e5e5db7c4170a41041cb04a8ce38 - - default default] Successfully bumped revision number for resource ee91f009-e07a-4c53-8daa-8a1475955f26 (type: security_groups) to 1
2026-07-09 04:42:21.693 10 INFO neutron.db.ovn_revision_numbers_db [None req-ab16be9e-2632-409b-9d9f-d6c4c4cb0df5 cd0aae0c2f474f2cb2c14456a301c3b4 b809e5e5db7c4170a41041cb04a8ce38 - - default default] Successfully bumped revision number for resource 641be385-3863-4a5c-863d-16c949f0bba4 (type: security_group_rules) to 0
2026-07-09 04:42:21.712 10 INFO neutron.db.ovn_revision_numbers_db [None req-ab16be9e-2632-409b-9d9f-d6c4c4cb0df5 cd0aae0c2f474f2cb2c14456a301c3b4 b809e5e5db7c4170a41041cb04a8ce38 - - default default] Successfully bumped revision number for resource 8a5adc6d-a13f-4cae-8643-734ea443ed38 (type: security_group_rules) to 0
2026-07-09 04:42:21.725 10 INFO neutron.db.ovn_revision_numbers_db [None req-ab16be9e-2632-409b-9d9f-d6c4c4cb0df5 cd0aae0c2f474f2cb2c14456a301c3b4 b809e5e5db7c4170a41041cb04a8ce38 - - default default] Successfully bumped revision number for resource c8d717d5-2f63-41a2-b1f2-7a4341961614 (type: security_group_rules) to 0
2026-07-09 04:42:21.738 10 INFO neutron.db.ovn_revision_numbers_db [None req-ab16be9e-2632-409b-9d9f-d6c4c4cb0df5 cd0aae0c2f474f2cb2c14456a301c3b4 b809e5e5db7c4170a41041cb04a8ce38 - - default default] Successfully bumped revision number for resource d88bd12a-aba8-4889-a03a-1673e1a0085f (type: security_group_rules) to 0
2026-07-09 04:42:21.768 10 INFO neutron.wsgi [None req-ab16be9e-2632-409b-9d9f-d6c4c4cb0df5 cd0aae0c2f474f2cb2c14456a301c3b4 b809e5e5db7c4170a41041cb04a8ce38 - - default default] 10.0.0.101 "GET /v2.0/security-groups?tenant_id=c803485b914c40b8839ec371406824e6&name=default HTTP/1.1" status: 200 len: 2996 time: 0.3227060
2026-07-09 04:42:22.008 10 INFO neutron.wsgi [None req-2342750a-80d1-4c07-a67a-31f6911a18a2 cd0aae0c2f474f2cb2c14456a301c3b4 b809e5e5db7c4170a41041cb04a8ce38 - - default default] 10.0.0.101 "DELETE /v2.0/security-groups/ee91f009-e07a-4c53-8daa-8a1475955f26 HTTP/1.1" status: 204 len: 168 time: 0.2362490
2026-07-09 04:42:22.278 9 INFO neutron.db.ovn_revision_numbers_db [None req-4a39c02e-54d3-4149-b985-93bec891baf6 cd0aae0c2f474f2cb2c14456a301c3b4 b809e5e5db7c4170a41041cb04a8ce38 - - default default] Successfully bumped revision number for resource b06b1b62-7050-4284-9094-0dbe4cd3c205 (type: security_groups) to 1
2026-07-09 04:42:22.300 9 INFO neutron.db.ovn_revision_numbers_db [None req-4a39c02e-54d3-4149-b985-93bec891baf6 cd0aae0c2f474f2cb2c14456a301c3b4 b809e5e5db7c4170a41041cb04a8ce38 - - default default] Successfully bumped revision number for resource 337bcf38-8db6-4615-abd4-95b5290e5216 (type: security_group_rules) to 0
2026-07-09 04:42:22.313 9 INFO neutron.db.ovn_revision_numbers_db [None req-4a39c02e-54d3-4149-b985-93bec891baf6 cd0aae0c2f474f2cb2c14456a301c3b4 b809e5e5db7c4170a41041cb04a8ce38 - - default default] Successfully bumped revision number for resource 90f9cd52-b45b-4c58-b79a-9249eead6ff9 (type: security_group_rules) to 0
2026-07-09 04:42:22.334 9 INFO neutron.db.ovn_revision_numbers_db [None req-4a39c02e-54d3-4149-b985-93bec891baf6 cd0aae0c2f474f2cb2c14456a301c3b4 b809e5e5db7c4170a41041cb04a8ce38 - - default default] Successfully bumped revision number for resource bfd33004-d6c2-473d-829b-b824625bd222 (type: security_group_rules) to 0
2026-07-09 04:42:22.375 9 INFO neutron.db.ovn_revision_numbers_db [None req-4a39c02e-54d3-4149-b985-93bec891baf6 cd0aae0c2f474f2cb2c14456a301c3b4 b809e5e5db7c4170a41041cb04a8ce38 - - default default] Successfully bumped revision number for resource c08652cd-68b0-4c06-8676-4ee4d7e23de4 (type: security_group_rules) to 0
2026-07-09 04:42:22.404 9 INFO neutron.wsgi [None req-4a39c02e-54d3-4149-b985-93bec891baf6 cd0aae0c2f474f2cb2c14456a301c3b4 b809e5e5db7c4170a41041cb04a8ce38 - - default default] 10.0.0.101 "GET /v2.0/security-groups?tenant_id=7cdf2bd0418d43eca67b0a94bf618320&name=default HTTP/1.1" status: 200 len: 2996 time: 0.2532070
2026-07-09 04:42:22.500 9 INFO neutron.db.ovn_revision_numbers_db [None req-2438c285-1050-42ff-aca5-c9bacac392bf 964a2f9a5dee43cdb4d0f477c843d9d0 4fd9224531464594b58e0ccb1587777c - - default default] Successfully bumped revision number for resource 5d1e869b-3f15-487c-a202-00c4b8c3b04e (type: security_groups) to 1
2026-07-09 04:42:22.520 9 INFO neutron.db.ovn_revision_numbers_db [None req-2438c285-1050-42ff-aca5-c9bacac392bf 964a2f9a5dee43cdb4d0f477c843d9d0 4fd9224531464594b58e0ccb1587777c - - default default] Successfully bumped revision number for resource 101899ad-84bd-4c93-87ce-9565b50345b6 (type: security_group_rules) to 0
2026-07-09 04:42:22.537 9 INFO neutron.db.ovn_revision_numbers_db [None req-2438c285-1050-42ff-aca5-c9bacac392bf 964a2f9a5dee43cdb4d0f477c843d9d0 4fd9224531464594b58e0ccb1587777c - - default default] Successfully bumped revision number for resource 45a97a12-93bb-4b86-98ba-5014d642fa0c (type: security_group_rules) to 0
2026-07-09 04:42:22.551 9 INFO neutron.db.ovn_revision_numbers_db [None req-2438c285-1050-42ff-aca5-c9bacac392bf 964a2f9a5dee43cdb4d0f477c843d9d0 4fd9224531464594b58e0ccb1587777c - - default default] Successfully bumped revision number for resource 967d93e8-cd4a-4120-b51e-f1c3f7ccfe5a (type: security_group_rules) to 0
2026-07-09 04:42:22.567 9 INFO neutron.db.ovn_revision_numbers_db [None req-2438c285-1050-42ff-aca5-c9bacac392bf 964a2f9a5dee43cdb4d0f477c843d9d0 4fd9224531464594b58e0ccb1587777c - - default default] Successfully bumped revision number for resource c2ca55f8-a58d-46fb-adc0-e04cacc99d0b (type: security_group_rules) to 0
2026-07-09 04:42:22.631 9 INFO neutron.db.segments_db [None req-2438c285-1050-42ff-aca5-c9bacac392bf 964a2f9a5dee43cdb4d0f477c843d9d0 4fd9224531464594b58e0ccb1587777c - - default default] Added segment 689e9b62-91a2-4a97-9e35-c5d802afd64d of type geneve for network eda24635-8699-4f48-85b1-c4f1dde2413d
2026-07-09 04:42:22.653 10 INFO neutron.wsgi [None req-c411723b-2598-44ad-9db3-78ec6febcf9c cd0aae0c2f474f2cb2c14456a301c3b4 b809e5e5db7c4170a41041cb04a8ce38 - - default default] 10.0.0.101 "DELETE /v2.0/security-groups/b06b1b62-7050-4284-9094-0dbe4cd3c205 HTTP/1.1" status: 204 len: 168 time: 0.2331750
2026-07-09 04:42:22.828 9 INFO neutron.db.ovn_revision_numbers_db [None req-2438c285-1050-42ff-aca5-c9bacac392bf 964a2f9a5dee43cdb4d0f477c843d9d0 4fd9224531464594b58e0ccb1587777c - - default default] Successfully bumped revision number for resource eda24635-8699-4f48-85b1-c4f1dde2413d (type: networks) to 1
2026-07-09 04:42:22.873 10 INFO neutron.wsgi [None req-a9d07abc-589d-4275-af5d-4048bef7711b cd0aae0c2f474f2cb2c14456a301c3b4 b809e5e5db7c4170a41041cb04a8ce38 - - default default] 10.0.0.101 "GET /v2.0/security-groups?tenant_id=276f8e5b7ddc424a918bd41153013df1&name=default HTTP/1.1" status: 200 len: 2996 time: 0.0371943
2026-07-09 04:42:23.019 9 WARNING neutron.scheduler.dhcp_agent_scheduler [None req-2438c285-1050-42ff-aca5-c9bacac392bf 964a2f9a5dee43cdb4d0f477c843d9d0 4fd9224531464594b58e0ccb1587777c - - default default] No more DHCP agents
2026-07-09 04:42:23.021 9 WARNING neutron.api.rpc.agentnotifiers.dhcp_rpc_agent_api [None req-2438c285-1050-42ff-aca5-c9bacac392bf 964a2f9a5dee43cdb4d0f477c843d9d0 4fd9224531464594b58e0ccb1587777c - - default default] Unable to schedule network eda24635-8699-4f48-85b1-c4f1dde2413d: no agents available; will retry on subsequent port and subnet creation events.
2026-07-09 04:42:23.065 10 INFO neutron.wsgi [None req-8a0c9435-43cb-48ea-a87d-01af13ffc426 cd0aae0c2f474f2cb2c14456a301c3b4 b809e5e5db7c4170a41041cb04a8ce38 - - default default] 10.0.0.101 "DELETE /v2.0/security-groups/874919f7-8067-4069-8fb8-6dc736601a20 HTTP/1.1" status: 204 len: 168 time: 0.1863172
2026-07-09 04:42:23.098 9 INFO neutron.db.ovn_revision_numbers_db [None req-2438c285-1050-42ff-aca5-c9bacac392bf 964a2f9a5dee43cdb4d0f477c843d9d0 4fd9224531464594b58e0ccb1587777c - - default default] Successfully bumped revision number for resource e718fcd1-a76b-4754-90d8-d0420e2464e0 (type: ports) to 1
2026-07-09 04:42:23.120 9 INFO neutron.wsgi [None req-2438c285-1050-42ff-aca5-c9bacac392bf 964a2f9a5dee43cdb4d0f477c843d9d0 4fd9224531464594b58e0ccb1587777c - - default default] 10.0.0.101 "POST /v2.0/networks HTTP/1.1" status: 201 len: 831 time: 1.0640399
2026-07-09 04:42:23.172 9 INFO neutron.wsgi [None req-52493b8e-77c1-4ff4-a80a-f51a62ffe562 964a2f9a5dee43cdb4d0f477c843d9d0 4fd9224531464594b58e0ccb1587777c - - default default] 10.0.0.101 "PUT /v2.0/networks/eda24635-8699-4f48-85b1-c4f1dde2413d/tags HTTP/1.1" status: 200 len: 218 time: 0.0469766
2026-07-09 04:42:23.210 9 INFO neutron.wsgi [None req-32865db4-4fa8-46f4-9d08-8c906b78d2a6 964a2f9a5dee43cdb4d0f477c843d9d0 4fd9224531464594b58e0ccb1587777c - - default default] 10.0.0.101 "GET /v2.0/networks/eda24635-8699-4f48-85b1-c4f1dde2413d/tags HTTP/1.1" status: 200 len: 218 time: 0.0343974
2026-07-09 04:42:23.265 9 INFO neutron.wsgi [None req-5ee41153-fb61-4f00-93a1-d158c1c13d88 964a2f9a5dee43cdb4d0f477c843d9d0 4fd9224531464594b58e0ccb1587777c - - default default] 10.0.0.101 "PUT /v2.0/networks/eda24635-8699-4f48-85b1-c4f1dde2413d/tags/green HTTP/1.1" status: 201 len: 201 time: 0.0477548
2026-07-09 04:42:23.304 9 INFO neutron.wsgi [None req-5c421641-a19e-4782-8596-055c5f72d96f 964a2f9a5dee43cdb4d0f477c843d9d0 4fd9224531464594b58e0ccb1587777c - - default default] 10.0.0.101 "GET /v2.0/networks/eda24635-8699-4f48-85b1-c4f1dde2413d/tags HTTP/1.1" status: 200 len: 227 time: 0.0342076
2026-07-09 04:42:23.349 9 INFO neutron.wsgi [None req-fd46c847-bfed-4826-8288-1280ad6b0a89 964a2f9a5dee43cdb4d0f477c843d9d0 4fd9224531464594b58e0ccb1587777c - - default default] 10.0.0.101 "PUT /v2.0/networks/eda24635-8699-4f48-85b1-c4f1dde2413d/tags/red HTTP/1.1" status: 201 len: 201 time: 0.0390279
2026-07-09 04:42:23.391 9 INFO neutron.wsgi [None req-53b90dee-baa1-4f73-864e-b8e7ab0856e9 964a2f9a5dee43cdb4d0f477c843d9d0 4fd9224531464594b58e0ccb1587777c - - default default] 10.0.0.101 "GET /v2.0/networks/eda24635-8699-4f48-85b1-c4f1dde2413d/tags HTTP/1.1" status: 200 len: 227 time: 0.0350850
2026-07-09 04:42:23.441 9 INFO neutron.wsgi [None req-c92397f4-6aea-4243-be78-5a7a9b4950e4 964a2f9a5dee43cdb4d0f477c843d9d0 4fd9224531464594b58e0ccb1587777c - - default default] 10.0.0.101 "PUT /v2.0/networks/eda24635-8699-4f48-85b1-c4f1dde2413d/tags/black.or.white HTTP/1.1" status: 201 len: 201 time: 0.0470157
2026-07-09 04:42:23.480 9 INFO neutron.wsgi [None req-749d6e53-7b54-4272-9ae6-5950078b6047 964a2f9a5dee43cdb4d0f477c843d9d0 4fd9224531464594b58e0ccb1587777c - - default default] 10.0.0.101 "GET /v2.0/networks/eda24635-8699-4f48-85b1-c4f1dde2413d/tags HTTP/1.1" status: 200 len: 245 time: 0.0339553
2026-07-09 04:42:23.539 9 INFO neutron.wsgi [None req-937b608d-0c89-4c33-848e-ee7d94ed2a03 964a2f9a5dee43cdb4d0f477c843d9d0 4fd9224531464594b58e0ccb1587777c - - default default] 10.0.0.101 "PUT /v2.0/networks/eda24635-8699-4f48-85b1-c4f1dde2413d/tags HTTP/1.1" status: 200 len: 230 time: 0.0518434
2026-07-09 04:42:23.579 9 INFO neutron.wsgi [None req-bbff0f31-1793-41aa-8c71-581ca82ece7f 964a2f9a5dee43cdb4d0f477c843d9d0 4fd9224531464594b58e0ccb1587777c - - default default] 10.0.0.101 "GET /v2.0/networks/eda24635-8699-4f48-85b1-c4f1dde2413d/tags HTTP/1.1" status: 200 len: 230 time: 0.0364840
2026-07-09 04:42:23.632 9 INFO neutron.wsgi [None req-de335d96-8943-4056-857a-58394dfcb8cc 964a2f9a5dee43cdb4d0f477c843d9d0 4fd9224531464594b58e0ccb1587777c - - default default] 10.0.0.101 "GET /v2.0/networks/eda24635-8699-4f48-85b1-c4f1dde2413d/tags/red HTTP/1.1" status: 204 len: 168 time: 0.0485420
2026-07-09 04:42:23.692 9 INFO neutron.api.v2.resource [None req-c2408f50-cca0-4da8-bda8-04b0e18cd180 964a2f9a5dee43cdb4d0f477c843d9d0 4fd9224531464594b58e0ccb1587777c - - default default] show failed (client error): The resource could not be found.
2026-07-09 04:42:23.695 9 INFO neutron.wsgi [None req-c2408f50-cca0-4da8-bda8-04b0e18cd180 964a2f9a5dee43cdb4d0f477c843d9d0 4fd9224531464594b58e0ccb1587777c - - default default] 10.0.0.101 "GET /v2.0/networks/eda24635-8699-4f48-85b1-c4f1dde2413d/tags/green HTTP/1.1" status: 404 len: 299 time: 0.0545542
2026-07-09 04:42:23.771 9 INFO neutron.wsgi [None req-688ecee5-cabf-4b5a-a8ab-a375685d43a9 964a2f9a5dee43cdb4d0f477c843d9d0 4fd9224531464594b58e0ccb1587777c - - default default] 10.0.0.101 "DELETE /v2.0/networks/eda24635-8699-4f48-85b1-c4f1dde2413d/tags/red HTTP/1.1" status: 204 len: 168 time: 0.0681796
2026-07-09 04:42:23.818 9 INFO neutron.wsgi [None req-dafce250-d676-471d-b922-7da3727adea1 964a2f9a5dee43cdb4d0f477c843d9d0 4fd9224531464594b58e0ccb1587777c - - default default] 10.0.0.101 "GET /v2.0/networks/eda24635-8699-4f48-85b1-c4f1dde2413d/tags HTTP/1.1" status: 200 len: 223 time: 0.0422587
2026-07-09 04:42:23.867 9 INFO neutron.api.v2.resource [None req-064c79fe-8b52-449a-9995-ff64bcb6b077 964a2f9a5dee43cdb4d0f477c843d9d0 4fd9224531464594b58e0ccb1587777c - - default default] delete failed (client error): The resource could not be found.
2026-07-09 04:42:23.869 9 INFO neutron.wsgi [None req-064c79fe-8b52-449a-9995-ff64bcb6b077 964a2f9a5dee43cdb4d0f477c843d9d0 4fd9224531464594b58e0ccb1587777c - - default default] 10.0.0.101 "DELETE /v2.0/networks/eda24635-8699-4f48-85b1-c4f1dde2413d/tags/green HTTP/1.1" status: 404 len: 299 time: 0.0431712
2026-07-09 04:42:23.953 9 INFO neutron.wsgi [None req-d58f497c-3de7-45a0-a11e-226c228b86c9 964a2f9a5dee43cdb4d0f477c843d9d0 4fd9224531464594b58e0ccb1587777c - - default default] 10.0.0.101 "DELETE /v2.0/networks/eda24635-8699-4f48-85b1-c4f1dde2413d/tags HTTP/1.1" status: 204 len: 168 time: 0.0782280
2026-07-09 04:42:23.992 9 INFO neutron.wsgi [None req-add1385f-fb65-400b-918e-d6f2a6c44cba 964a2f9a5dee43cdb4d0f477c843d9d0 4fd9224531464594b58e0ccb1587777c - - default default] 10.0.0.101 "GET /v2.0/networks/eda24635-8699-4f48-85b1-c4f1dde2413d/tags HTTP/1.1" status: 200 len: 205 time: 0.0335584
2026-07-09 04:42:24.344 9 INFO neutron.services.segments.plugin [-] Segment 689e9b62-91a2-4a97-9e35-c5d802afd64d resource provider aggregate not found
2026-07-09 04:42:24.358 9 INFO neutron.services.segments.plugin [-] Segment 689e9b62-91a2-4a97-9e35-c5d802afd64d resource provider aggregate not found
2026-07-09 04:42:24.372 9 INFO neutron.services.segments.plugin [-] Segment 689e9b62-91a2-4a97-9e35-c5d802afd64d resource provider not found; error: Placement Client Error (4xx): {"errors": [{"status": 404, "title": "Not Found", "detail": "The resource could not be found.\n\n No resource provider with uuid 689e9b62-91a2-4a97-9e35-c5d802afd64d found for delete ", "request_id": "req-a0f0bd28-d3b3-4187-98d4-3d9689ff9cd3"}]}
2026-07-09 04:42:24.389 9 INFO neutron.services.segments.plugin [-] Segment 689e9b62-91a2-4a97-9e35-c5d802afd64d resource provider not found; error: Placement Client Error (4xx): {"errors": [{"status": 404, "title": "Not Found", "detail": "The resource could not be found.\n\n No resource provider with uuid 689e9b62-91a2-4a97-9e35-c5d802afd64d found for delete ", "request_id": "req-02f9c0f8-e7f9-457e-8a51-7f8e98d66c62"}]}
2026-07-09 04:42:24.422 9 INFO neutron.wsgi [None req-094cef2a-41de-41d7-8f0c-47c11c442f7f 964a2f9a5dee43cdb4d0f477c843d9d0 4fd9224531464594b58e0ccb1587777c - - default default] 10.0.0.101 "DELETE /v2.0/networks/eda24635-8699-4f48-85b1-c4f1dde2413d HTTP/1.1" status: 204 len: 168 time: 0.4203970
2026-07-09 04:42:25.386 9 INFO neutron.db.ovn_revision_numbers_db [None req-36f918f3-aac1-4ae3-ab9c-1904f500ed29 cd0aae0c2f474f2cb2c14456a301c3b4 b809e5e5db7c4170a41041cb04a8ce38 - - default default] Successfully bumped revision number for resource 441301e9-b423-4c87-b0b9-725f2c39932b (type: security_groups) to 1
2026-07-09 04:42:25.401 9 INFO neutron.db.ovn_revision_numbers_db [None req-36f918f3-aac1-4ae3-ab9c-1904f500ed29 cd0aae0c2f474f2cb2c14456a301c3b4 b809e5e5db7c4170a41041cb04a8ce38 - - default default] Successfully bumped revision number for resource 05b2da06-2d5a-4178-bc7e-654dce052437 (type: security_group_rules) to 0
2026-07-09 04:42:25.417 9 INFO neutron.db.ovn_revision_numbers_db [None req-36f918f3-aac1-4ae3-ab9c-1904f500ed29 cd0aae0c2f474f2cb2c14456a301c3b4 b809e5e5db7c4170a41041cb04a8ce38 - - default default] Successfully bumped revision number for resource 24a45bce-500e-4501-8c19-0c4ad96d1783 (type: security_group_rules) to 0
2026-07-09 04:42:25.432 9 INFO neutron.db.ovn_revision_numbers_db [None req-36f918f3-aac1-4ae3-ab9c-1904f500ed29 cd0aae0c2f474f2cb2c14456a301c3b4 b809e5e5db7c4170a41041cb04a8ce38 - - default default] Successfully bumped revision number for resource c309b84e-5444-434b-9fdf-cf3eafd1914f (type: security_group_rules) to 0
2026-07-09 04:42:25.445 9 INFO neutron.db.ovn_revision_numbers_db [None req-36f918f3-aac1-4ae3-ab9c-1904f500ed29 cd0aae0c2f474f2cb2c14456a301c3b4 b809e5e5db7c4170a41041cb04a8ce38 - - default default] Successfully bumped revision number for resource f7c3b363-d451-406d-abc1-1b6143bd2d66 (type: security_group_rules) to 0
2026-07-09 04:42:25.473 9 INFO neutron.wsgi [None req-36f918f3-aac1-4ae3-ab9c-1904f500ed29 cd0aae0c2f474f2cb2c14456a301c3b4 b809e5e5db7c4170a41041cb04a8ce38 - - default default] 10.0.0.101 "GET /v2.0/security-groups?tenant_id=2d4d6de2095c429cadefe67bfb377b52&name=default HTTP/1.1" status: 200 len: 2996 time: 0.2937400
2026-07-09 04:42:25.583 10 INFO neutron.db.ovn_revision_numbers_db [None req-2d7e3c59-4484-436a-aee5-c2af3f7e04cc cd0aae0c2f474f2cb2c14456a301c3b4 b809e5e5db7c4170a41041cb04a8ce38 - - default default] Successfully bumped revision number for resource bf605455-1ec5-4192-a4b2-e21678ff10fa (type: security_groups) to 1
2026-07-09 04:42:25.599 10 INFO neutron.db.ovn_revision_numbers_db [None req-2d7e3c59-4484-436a-aee5-c2af3f7e04cc cd0aae0c2f474f2cb2c14456a301c3b4 b809e5e5db7c4170a41041cb04a8ce38 - - default default] Successfully bumped revision number for resource 1e67ff08-e61c-4336-ae14-f904e1f8b9f4 (type: security_group_rules) to 0
2026-07-09 04:42:25.619 10 INFO neutron.db.ovn_revision_numbers_db [None req-2d7e3c59-4484-436a-aee5-c2af3f7e04cc cd0aae0c2f474f2cb2c14456a301c3b4 b809e5e5db7c4170a41041cb04a8ce38 - - default default] Successfully bumped revision number for resource 8627cf25-a730-45e3-9bd4-436a067ad5bd (type: security_group_rules) to 0
2026-07-09 04:42:25.634 10 INFO neutron.db.ovn_revision_numbers_db [None req-2d7e3c59-4484-436a-aee5-c2af3f7e04cc cd0aae0c2f474f2cb2c14456a301c3b4 b809e5e5db7c4170a41041cb04a8ce38 - - default default] Successfully bumped revision number for resource b354f685-3b10-40c9-8dd9-c40bcb48ce1b (type: security_group_rules) to 0
2026-07-09 04:42:25.651 10 INFO neutron.db.ovn_revision_numbers_db [None req-2d7e3c59-4484-436a-aee5-c2af3f7e04cc cd0aae0c2f474f2cb2c14456a301c3b4 b809e5e5db7c4170a41041cb04a8ce38 - - default default] Successfully bumped revision number for resource cfdccd2a-4d8e-40ce-820d-fb42715ce7cd (type: security_group_rules) to 0
2026-07-09 04:42:25.691 9 INFO neutron.wsgi [None req-9f66b135-9aa6-44c1-b976-3771add658bd cd0aae0c2f474f2cb2c14456a301c3b4 b809e5e5db7c4170a41041cb04a8ce38 - - default default] 10.0.0.101 "DELETE /v2.0/security-groups/441301e9-b423-4c87-b0b9-725f2c39932b HTTP/1.1" status: 204 len: 168 time: 0.2088263
2026-07-09 04:42:25.692 10 INFO neutron.wsgi [None req-2d7e3c59-4484-436a-aee5-c2af3f7e04cc cd0aae0c2f474f2cb2c14456a301c3b4 b809e5e5db7c4170a41041cb04a8ce38 - - default default] 10.0.0.101 "GET /v2.0/security-groups?tenant_id=94307eeab9cc49ec84cdd0929fecb4cd&name=default HTTP/1.1" status: 200 len: 2996 time: 0.3341279
2026-07-09 04:42:25.847 10 INFO neutron.wsgi [None req-f213d496-e22b-43fc-b80c-5235c71508df cd0aae0c2f474f2cb2c14456a301c3b4 b809e5e5db7c4170a41041cb04a8ce38 - - default default] 10.0.0.101 "GET /v2.0/security-groups?tenant_id=4fd9224531464594b58e0ccb1587777c&name=default HTTP/1.1" status: 200 len: 2996 time: 0.0405285
2026-07-09 04:42:25.919 10 INFO neutron.wsgi [None req-b00910b2-6898-4171-b2ab-1d3d7e145fb3 cd0aae0c2f474f2cb2c14456a301c3b4 b809e5e5db7c4170a41041cb04a8ce38 - - default default] 10.0.0.101 "DELETE /v2.0/security-groups/bf605455-1ec5-4192-a4b2-e21678ff10fa HTTP/1.1" status: 204 len: 168 time: 0.2212679
2026-07-09 04:42:26.080 10 INFO neutron.wsgi [req-a322bb79-2e1c-45e2-a50b-834fa713883f req-86b5ee39-9fbe-4caf-a0fc-a4025eebeb58 6e675e500bae44548af8e2b38dc01156 fddc7f84f2ad4dfa9b5279b2c4872fd8 - - dc4e7848fc574f3a9055485e644bae63 dc4e7848fc574f3a9055485e644bae63] 199.19.213.229 "GET /v2.0/ports?device_id=6cd80bc3-ed31-4651-b47a-420d6e6e33a5&fields=binding%3Ahost_id&fields=binding%3Avif_type HTTP/1.1" status: 200 len: 265 time: 0.0387816
2026-07-09 04:42:26.082 9 INFO neutron.wsgi [None req-4bc8ce4d-4c45-4e4f-a8c1-1046db5f85ef cd0aae0c2f474f2cb2c14456a301c3b4 b809e5e5db7c4170a41041cb04a8ce38 - - default default] 10.0.0.101 "DELETE /v2.0/security-groups/5d1e869b-3f15-487c-a202-00c4b8c3b04e HTTP/1.1" status: 204 len: 168 time: 0.2289770
2026-07-09 04:42:26.159 10 INFO neutron.wsgi [req-a322bb79-2e1c-45e2-a50b-834fa713883f req-70183b59-66b3-4256-bff3-f97e7dd6552e 6e675e500bae44548af8e2b38dc01156 fddc7f84f2ad4dfa9b5279b2c4872fd8 - - dc4e7848fc574f3a9055485e644bae63 dc4e7848fc574f3a9055485e644bae63] 199.19.213.229 "GET /v2.0/ports?tenant_id=57f0f5de20af4a078e395ae4c94e4d08&device_id=6cd80bc3-ed31-4651-b47a-420d6e6e33a5 HTTP/1.1" status: 200 len: 1448 time: 0.0369267
2026-07-09 04:42:26.237 10 INFO neutron.db.ovn_revision_numbers_db [None req-05894392-8b8f-4b4c-975e-f44e4c606cb0 cd0aae0c2f474f2cb2c14456a301c3b4 b809e5e5db7c4170a41041cb04a8ce38 - - default default] Successfully bumped revision number for resource 8c4cf250-ccbd-43b2-b002-0c925632be32 (type: security_groups) to 1
2026-07-09 04:42:26.246 10 INFO neutron.wsgi [req-a322bb79-2e1c-45e2-a50b-834fa713883f req-d7567a7c-f3c3-4b7c-a8b1-44f743c54a83 6e675e500bae44548af8e2b38dc01156 fddc7f84f2ad4dfa9b5279b2c4872fd8 - - dc4e7848fc574f3a9055485e644bae63 dc4e7848fc574f3a9055485e644bae63] 199.19.213.229 "GET /v2.0/networks?id=f15bf66b-3615-40ac-beae-663f7d8e9a58 HTTP/1.1" status: 200 len: 969 time: 0.0658579
2026-07-09 04:42:26.262 10 INFO neutron.db.ovn_revision_numbers_db [None req-05894392-8b8f-4b4c-975e-f44e4c606cb0 cd0aae0c2f474f2cb2c14456a301c3b4 b809e5e5db7c4170a41041cb04a8ce38 - - default default] Successfully bumped revision number for resource 3fc976a1-e985-4d08-a64e-4984e9dc6933 (type: security_group_rules) to 0
2026-07-09 04:42:26.287 10 INFO neutron.db.ovn_revision_numbers_db [None req-05894392-8b8f-4b4c-975e-f44e4c606cb0 cd0aae0c2f474f2cb2c14456a301c3b4 b809e5e5db7c4170a41041cb04a8ce38 - - default default] Successfully bumped revision number for resource 45790427-f483-402c-ba7e-56796a7099cc (type: security_group_rules) to 0
2026-07-09 04:42:26.299 10 INFO neutron.wsgi [req-a322bb79-2e1c-45e2-a50b-834fa713883f req-81853d22-0987-4b48-85fe-e7a68a966c27 6e675e500bae44548af8e2b38dc01156 fddc7f84f2ad4dfa9b5279b2c4872fd8 - - dc4e7848fc574f3a9055485e644bae63 dc4e7848fc574f3a9055485e644bae63] 199.19.213.229 "GET /v2.0/floatingips?fixed_ip_address=10.100.0.8&port_id=62124845-0d75-4908-9386-f8fdb14c861c HTTP/1.1" status: 200 len: 1059 time: 0.0437663
2026-07-09 04:42:26.305 10 INFO neutron.db.ovn_revision_numbers_db [None req-05894392-8b8f-4b4c-975e-f44e4c606cb0 cd0aae0c2f474f2cb2c14456a301c3b4 b809e5e5db7c4170a41041cb04a8ce38 - - default default] Successfully bumped revision number for resource c9639a49-4f02-4380-8541-5507ce852beb (type: security_group_rules) to 0
2026-07-09 04:42:26.332 10 INFO neutron.db.ovn_revision_numbers_db [None req-05894392-8b8f-4b4c-975e-f44e4c606cb0 cd0aae0c2f474f2cb2c14456a301c3b4 b809e5e5db7c4170a41041cb04a8ce38 - - default default] Successfully bumped revision number for resource cac5876f-9a9f-41e3-a56c-75d0e06e3ba4 (type: security_group_rules) to 0
2026-07-09 04:42:26.335 10 INFO neutron.wsgi [req-a322bb79-2e1c-45e2-a50b-834fa713883f req-794fe7fa-f650-4881-9390-a25e17ced85b 6e675e500bae44548af8e2b38dc01156 fddc7f84f2ad4dfa9b5279b2c4872fd8 - - dc4e7848fc574f3a9055485e644bae63 dc4e7848fc574f3a9055485e644bae63] 199.19.213.229 "GET /v2.0/subnets?id=9e70b76c-c26b-4478-b237-cd7bd3323885 HTTP/1.1" status: 200 len: 864 time: 0.0314715
2026-07-09 04:42:26.366 10 INFO neutron.wsgi [req-a322bb79-2e1c-45e2-a50b-834fa713883f req-f3808578-3a12-4a8d-a95d-0845a09193d6 6e675e500bae44548af8e2b38dc01156 fddc7f84f2ad4dfa9b5279b2c4872fd8 - - dc4e7848fc574f3a9055485e644bae63 dc4e7848fc574f3a9055485e644bae63] 199.19.213.229 "GET /v2.0/ports?network_id=f15bf66b-3615-40ac-beae-663f7d8e9a58&device_owner=network%3Adhcp HTTP/1.1" status: 200 len: 210 time: 0.0223401
2026-07-09 04:42:26.371 10 INFO neutron.wsgi [None req-05894392-8b8f-4b4c-975e-f44e4c606cb0 cd0aae0c2f474f2cb2c14456a301c3b4 b809e5e5db7c4170a41041cb04a8ce38 - - default default] 10.0.0.101 "GET /v2.0/security-groups?tenant_id=57670c8b1feb4fd79ef445d22a49c34e&name=default HTTP/1.1" status: 200 len: 2996 time: 0.2870216
2026-07-09 04:42:26.439 10 INFO neutron.wsgi [req-a322bb79-2e1c-45e2-a50b-834fa713883f req-a538bd9b-3009-444c-b73b-fff7aba52f3b 6e675e500bae44548af8e2b38dc01156 fddc7f84f2ad4dfa9b5279b2c4872fd8 - - dc4e7848fc574f3a9055485e644bae63 dc4e7848fc574f3a9055485e644bae63] 199.19.213.229 "GET /v2.0/networks/f15bf66b-3615-40ac-beae-663f7d8e9a58?fields=segments HTTP/1.1" status: 200 len: 212 time: 0.0655828
2026-07-09 04:42:26.532 10 INFO neutron.wsgi [req-a322bb79-2e1c-45e2-a50b-834fa713883f req-9c91b13d-3def-45f5-b2e6-3d98101f9a71 6e675e500bae44548af8e2b38dc01156 fddc7f84f2ad4dfa9b5279b2c4872fd8 - - dc4e7848fc574f3a9055485e644bae63 dc4e7848fc574f3a9055485e644bae63] 199.19.213.229 "GET /v2.0/networks/f15bf66b-3615-40ac-beae-663f7d8e9a58?fields=provider%3Aphysical_network&fields=provider%3Anetwork_type HTTP/1.1" status: 200 len: 277 time: 0.0868907
2026-07-09 04:42:26.608 9 INFO neutron.wsgi [None req-61d131b1-022c-4cea-837b-f2946a01d616 cd0aae0c2f474f2cb2c14456a301c3b4 b809e5e5db7c4170a41041cb04a8ce38 - - default default] 10.0.0.101 "DELETE /v2.0/security-groups/8c4cf250-ccbd-43b2-b002-0c925632be32 HTTP/1.1" status: 204 len: 168 time: 0.2305384
2026-07-09 04:42:26.873 9 INFO neutron.db.ovn_revision_numbers_db [None req-6b53ffc9-aa4d-43ba-9a92-608b375e8e93 149898276c8b4c24a5d0e8a17828df0d 7569ee2d3a0445628d8e06ad9254949e - - default default] Successfully bumped revision number for resource d37cfc88-2625-424b-9ae7-4638c230a5da (type: security_groups) to 1
2026-07-09 04:42:26.888 9 INFO neutron.db.ovn_revision_numbers_db [None req-6b53ffc9-aa4d-43ba-9a92-608b375e8e93 149898276c8b4c24a5d0e8a17828df0d 7569ee2d3a0445628d8e06ad9254949e - - default default] Successfully bumped revision number for resource 123cab98-79bf-4e47-b184-03983eb0107c (type: security_group_rules) to 0
2026-07-09 04:42:26.901 9 INFO neutron.db.ovn_revision_numbers_db [None req-6b53ffc9-aa4d-43ba-9a92-608b375e8e93 149898276c8b4c24a5d0e8a17828df0d 7569ee2d3a0445628d8e06ad9254949e - - default default] Successfully bumped revision number for resource 439fd8b4-86d3-4c46-bb9a-3e0a64bec40f (type: security_group_rules) to 0
2026-07-09 04:42:26.916 9 INFO neutron.db.ovn_revision_numbers_db [None req-6b53ffc9-aa4d-43ba-9a92-608b375e8e93 149898276c8b4c24a5d0e8a17828df0d 7569ee2d3a0445628d8e06ad9254949e - - default default] Successfully bumped revision number for resource 7f4f25af-c527-4e44-bb7e-2326c34c3de9 (type: security_group_rules) to 0
2026-07-09 04:42:26.931 9 INFO neutron.db.ovn_revision_numbers_db [None req-6b53ffc9-aa4d-43ba-9a92-608b375e8e93 149898276c8b4c24a5d0e8a17828df0d 7569ee2d3a0445628d8e06ad9254949e - - default default] Successfully bumped revision number for resource 9625323c-7864-4db7-b2b5-1202e95cc197 (type: security_group_rules) to 0
2026-07-09 04:42:26.986 9 INFO neutron.db.segments_db [None req-6b53ffc9-aa4d-43ba-9a92-608b375e8e93 149898276c8b4c24a5d0e8a17828df0d 7569ee2d3a0445628d8e06ad9254949e - - default default] Added segment 20eca4fb-dc73-4635-8157-cd5451c1bad0 of type geneve for network fdea0ea2-2cd3-4247-8bef-47ff900f45e5
2026-07-09 04:42:27.154 9 INFO neutron.db.ovn_revision_numbers_db [None req-6b53ffc9-aa4d-43ba-9a92-608b375e8e93 149898276c8b4c24a5d0e8a17828df0d 7569ee2d3a0445628d8e06ad9254949e - - default default] Successfully bumped revision number for resource fdea0ea2-2cd3-4247-8bef-47ff900f45e5 (type: networks) to 1
2026-07-09 04:42:27.328 9 WARNING neutron.scheduler.dhcp_agent_scheduler [None req-6b53ffc9-aa4d-43ba-9a92-608b375e8e93 149898276c8b4c24a5d0e8a17828df0d 7569ee2d3a0445628d8e06ad9254949e - - default default] No more DHCP agents
2026-07-09 04:42:27.331 9 WARNING neutron.api.rpc.agentnotifiers.dhcp_rpc_agent_api [None req-6b53ffc9-aa4d-43ba-9a92-608b375e8e93 149898276c8b4c24a5d0e8a17828df0d 7569ee2d3a0445628d8e06ad9254949e - - default default] Unable to schedule network fdea0ea2-2cd3-4247-8bef-47ff900f45e5: no agents available; will retry on subsequent port and subnet creation events.
2026-07-09 04:42:27.422 9 INFO neutron.db.ovn_revision_numbers_db [None req-6b53ffc9-aa4d-43ba-9a92-608b375e8e93 149898276c8b4c24a5d0e8a17828df0d 7569ee2d3a0445628d8e06ad9254949e - - default default] Successfully bumped revision number for resource 617a80b0-ab6c-47da-8af4-2532577c717d (type: ports) to 1
2026-07-09 04:42:27.441 9 INFO neutron.wsgi [None req-6b53ffc9-aa4d-43ba-9a92-608b375e8e93 149898276c8b4c24a5d0e8a17828df0d 7569ee2d3a0445628d8e06ad9254949e - - default default] 10.0.0.101 "POST /v2.0/networks HTTP/1.1" status: 201 len: 831 time: 0.9540360
2026-07-09 04:42:27.756 9 WARNING neutron.scheduler.dhcp_agent_scheduler [None req-7979ec8e-58fe-4d1b-8549-89e6e6235754 149898276c8b4c24a5d0e8a17828df0d 7569ee2d3a0445628d8e06ad9254949e - - default default] No more DHCP agents
2026-07-09 04:42:27.759 9 WARNING neutron.api.rpc.agentnotifiers.dhcp_rpc_agent_api [None req-7979ec8e-58fe-4d1b-8549-89e6e6235754 149898276c8b4c24a5d0e8a17828df0d 7569ee2d3a0445628d8e06ad9254949e - - default default] Unable to schedule network fdea0ea2-2cd3-4247-8bef-47ff900f45e5: no agents available; will retry on subsequent port and subnet creation events.
2026-07-09 04:42:27.852 9 INFO neutron.db.ovn_revision_numbers_db [None req-7979ec8e-58fe-4d1b-8549-89e6e6235754 149898276c8b4c24a5d0e8a17828df0d 7569ee2d3a0445628d8e06ad9254949e - - default default] Successfully bumped revision number for resource deab1740-5f4d-4462-b453-ad40136c7c14 (type: ports) to 1
2026-07-09 04:42:27.874 9 INFO neutron.wsgi [None req-7979ec8e-58fe-4d1b-8549-89e6e6235754 149898276c8b4c24a5d0e8a17828df0d 7569ee2d3a0445628d8e06ad9254949e - - default default] 10.0.0.101 "POST /v2.0/ports HTTP/1.1" status: 201 len: 942 time: 0.4286864 /var/lib/openstack/lib/python3.10/site-packages/pycadf/identifier.py:71: UserWarning: Invalid uuid: neutron. To ensure interoperability, identifiers should be a valid uuid. warnings.warn(('Invalid uuid: %s. To ensure interoperability, '
2026-07-09 04:42:27.919 9 INFO neutron.wsgi [None req-9d73d3ff-a3fc-49ce-8ac3-6ebfe6389012 149898276c8b4c24a5d0e8a17828df0d 7569ee2d3a0445628d8e06ad9254949e - - default default] 10.0.0.101 "PUT /v2.0/ports/deab1740-5f4d-4462-b453-ad40136c7c14/tags HTTP/1.1" status: 200 len: 218 time: 0.0381734
2026-07-09 04:42:27.958 9 INFO neutron.wsgi [None req-adcc6299-9bab-4478-8283-5ce2da40fa98 149898276c8b4c24a5d0e8a17828df0d 7569ee2d3a0445628d8e06ad9254949e - - default default] 10.0.0.101 "GET /v2.0/ports/deab1740-5f4d-4462-b453-ad40136c7c14/tags HTTP/1.1" status: 200 len: 218 time: 0.0310068
2026-07-09 04:42:28.002 9 INFO neutron.wsgi [None req-83dec996-25e7-4b75-9c50-1d504057943f 149898276c8b4c24a5d0e8a17828df0d 7569ee2d3a0445628d8e06ad9254949e - - default default] 10.0.0.101 "PUT /v2.0/ports/deab1740-5f4d-4462-b453-ad40136c7c14/tags/green HTTP/1.1" status: 201 len: 201 time: 0.0383909
2026-07-09 04:42:28.035 9 INFO neutron.wsgi [None req-80ace0a4-7ab1-4c5d-8c0b-9ea003108c46 149898276c8b4c24a5d0e8a17828df0d 7569ee2d3a0445628d8e06ad9254949e - - default default] 10.0.0.101 "GET /v2.0/ports/deab1740-5f4d-4462-b453-ad40136c7c14/tags HTTP/1.1" status: 200 len: 227 time: 0.0281670
2026-07-09 04:42:28.065 9 INFO neutron.wsgi [None req-c58f2261-35fc-4a26-915c-a59fa929cda9 149898276c8b4c24a5d0e8a17828df0d 7569ee2d3a0445628d8e06ad9254949e - - default default] 10.0.0.101 "PUT /v2.0/ports/deab1740-5f4d-4462-b453-ad40136c7c14/tags/red HTTP/1.1" status: 201 len: 201 time: 0.0238962
2026-07-09 04:42:28.098 9 INFO neutron.wsgi [None req-d4549f6f-00df-4d89-875f-5c03e19221c5 149898276c8b4c24a5d0e8a17828df0d 7569ee2d3a0445628d8e06ad9254949e - - default default] 10.0.0.101 "GET /v2.0/ports/deab1740-5f4d-4462-b453-ad40136c7c14/tags HTTP/1.1" status: 200 len: 227 time: 0.0277045
2026-07-09 04:42:28.144 9 INFO neutron.wsgi [None req-a1df3259-6d81-4ee6-8081-029fc863b0d6 149898276c8b4c24a5d0e8a17828df0d 7569ee2d3a0445628d8e06ad9254949e - - default default] 10.0.0.101 "PUT /v2.0/ports/deab1740-5f4d-4462-b453-ad40136c7c14/tags/black.or.white HTTP/1.1" status: 201 len: 201 time: 0.0402493
2026-07-09 04:42:28.178 9 INFO neutron.wsgi [None req-001c8b73-c909-42b2-89ba-34bcf955c2c6 149898276c8b4c24a5d0e8a17828df0d 7569ee2d3a0445628d8e06ad9254949e - - default default] 10.0.0.101 "GET /v2.0/ports/deab1740-5f4d-4462-b453-ad40136c7c14/tags HTTP/1.1" status: 200 len: 245 time: 0.0290101
2026-07-09 04:42:28.223 9 INFO neutron.wsgi [None req-0cf4f88e-65a1-4eae-80ae-7c31c3cea8df 149898276c8b4c24a5d0e8a17828df0d 7569ee2d3a0445628d8e06ad9254949e - - default default] 10.0.0.101 "PUT /v2.0/ports/deab1740-5f4d-4462-b453-ad40136c7c14/tags HTTP/1.1" status: 200 len: 230 time: 0.0381854
2026-07-09 04:42:28.271 9 INFO neutron.wsgi [None req-bd9d1f8f-dd2b-4306-9103-4addc06bf189 149898276c8b4c24a5d0e8a17828df0d 7569ee2d3a0445628d8e06ad9254949e - - default default] 10.0.0.101 "GET /v2.0/ports/deab1740-5f4d-4462-b453-ad40136c7c14/tags HTTP/1.1" status: 200 len: 230 time: 0.0443842
2026-07-09 04:42:28.308 9 INFO neutron.wsgi [None req-06cb3c71-a5b5-4c5c-bfe2-c8b242ab30c6 149898276c8b4c24a5d0e8a17828df0d 7569ee2d3a0445628d8e06ad9254949e - - default default] 10.0.0.101 "GET /v2.0/ports/deab1740-5f4d-4462-b453-ad40136c7c14/tags/red HTTP/1.1" status: 204 len: 168 time: 0.0322487
2026-07-09 04:42:28.339 9 INFO neutron.api.v2.resource [None req-a6fcd916-92fb-4ed3-acdf-776cc5d86432 149898276c8b4c24a5d0e8a17828df0d 7569ee2d3a0445628d8e06ad9254949e - - default default] show failed (client error): The resource could not be found.
