2026-07-09 04:40:13.931 10 INFO neutron.wsgi [req-7ef8523c-1aa8-48d1-a57d-53d86e9262c7 req-b79bc1ab-4e4e-4f30-afdf-0acf705a9902 4f411b935df74d11962874bdc2480057 ba7925c281d0493aa090c93d77a8dff9 - - default default] 10.0.0.98 "GET /v2.0/ports?device_id=2c9b1885-da74-4803-90ea-583be1ed4b62 HTTP/1.1" status: 200 len: 1174 time: 0.1655929
2026-07-09 04:40:14.000 10 INFO neutron.wsgi [req-7ef8523c-1aa8-48d1-a57d-53d86e9262c7 req-703c3f7a-c12d-40fb-b1bd-b84b2fdb6771 4f411b935df74d11962874bdc2480057 ba7925c281d0493aa090c93d77a8dff9 - - default default] 10.0.0.98 "GET /v2.0/security-groups?id=36e1529a-e27a-4e6e-9598-9992e5835e69&fields=id&fields=name HTTP/1.1" status: 200 len: 312 time: 0.0613475
2026-07-09 04:40:14.127 9 INFO neutron.wsgi [req-1ee4d1f2-f432-48fd-88cd-652675db5407 req-a4aa6f52-f17b-4c08-86a7-bd524323a123 196e97834d2b49629e0888f31bb1e91d 66fd807c9cbd4cd4ab9cfa40f505b3dd - - default default] 10.0.0.98 "GET /v2.0/ports?device_id=d5c352a6-f4f2-4b65-84d1-470809363149 HTTP/1.1" status: 200 len: 1174 time: 0.2269404
2026-07-09 04:40:14.187 9 INFO neutron.wsgi [req-1ee4d1f2-f432-48fd-88cd-652675db5407 req-94781b8b-773a-484b-8e80-c969163130bb 196e97834d2b49629e0888f31bb1e91d 66fd807c9cbd4cd4ab9cfa40f505b3dd - - default default] 10.0.0.98 "GET /v2.0/security-groups?id=9d3f2ae7-ac11-4fa7-9fc6-c06018ab3ce9&fields=id&fields=name HTTP/1.1" status: 200 len: 313 time: 0.0538337
2026-07-09 04:40:14.335 10 INFO neutron.plugins.ml2.drivers.ovn.mech_driver.mech_driver [None req-e397f195-ee57-495a-9fa2-aa8ede6a2fcb - - - - - -] OVN reports status up for port: 93b7efd0-9ce7-4e47-90d7-af820c4a75e4
2026-07-09 04:40:14.349 10 INFO neutron.plugins.ml2.plugin [None req-e397f195-ee57-495a-9fa2-aa8ede6a2fcb - - - - - -] Attempt 1 to provision port 93b7efd0-9ce7-4e47-90d7-af820c4a75e4
2026-07-09 04:40:14.380 10 INFO neutron.db.ovn_revision_numbers_db [None req-d49f4868-966f-4ad2-a1c6-ed9140c5270f 5b16f3d82be34aff953d0934a1e3d948 35688ca891504b9aa71d82ae39463700 - - default default] Successfully bumped revision number for resource 93b7efd0-9ce7-4e47-90d7-af820c4a75e4 (type: router_ports) to 1
2026-07-09 04:40:14.462 10 INFO neutron.db.ovn_revision_numbers_db [None req-d49f4868-966f-4ad2-a1c6-ed9140c5270f 5b16f3d82be34aff953d0934a1e3d948 35688ca891504b9aa71d82ae39463700 - - default default] Successfully bumped revision number for resource 0daf9616-244d-40b2-b50d-eecf15ca2675 (type: routers) to 2
2026-07-09 04:40:14.477 10 INFO neutron.wsgi [None req-d49f4868-966f-4ad2-a1c6-ed9140c5270f 5b16f3d82be34aff953d0934a1e3d948 35688ca891504b9aa71d82ae39463700 - - default default] 10.0.0.101 "POST /v2.0/routers HTTP/1.1" status: 201 len: 875 time: 1.9812939
2026-07-09 04:40:14.823 9 INFO neutron.notifiers.nova [-] Nova event matching ['req-cbd25d09-9ff6-4067-aade-cdb7b5a09ac6'] response: {'server_uuid': 'd5c352a6-f4f2-4b65-84d1-470809363149', 'name': 'network-vif-plugged', 'status': 'completed', 'tag': 'cc1fa2b4-8384-47df-bba5-ba12cf496e26', 'code': 200}
2026-07-09 04:40:14.824 9 INFO neutron.notifiers.nova [-] Nova event matching ['req-cbd25d09-9ff6-4067-aade-cdb7b5a09ac6'] response: {'server_uuid': 'd5c352a6-f4f2-4b65-84d1-470809363149', 'name': 'network-vif-plugged', 'status': 'completed', 'tag': 'cc1fa2b4-8384-47df-bba5-ba12cf496e26', 'code': 200}
2026-07-09 04:40:15.054 10 WARNING neutron.scheduler.dhcp_agent_scheduler [None req-f08e2165-fad2-41ef-bf5e-8b8ef8071ba7 5b16f3d82be34aff953d0934a1e3d948 35688ca891504b9aa71d82ae39463700 - - default default] No more DHCP agents
2026-07-09 04:40:15.059 10 WARNING neutron.api.rpc.agentnotifiers.dhcp_rpc_agent_api [None req-f08e2165-fad2-41ef-bf5e-8b8ef8071ba7 5b16f3d82be34aff953d0934a1e3d948 35688ca891504b9aa71d82ae39463700 - - default default] Unable to schedule network 42535eaa-2b5b-44d3-bf36-6b0a9e9842dd: no agents available; will retry on subsequent port and subnet creation events.
2026-07-09 04:40:15.109 9 INFO neutron.wsgi [req-33cd7ba1-ffca-4a20-a039-7c6c972c7cb5 req-db9193b3-5a03-4236-a5a4-c44b63d2247a 4f411b935df74d11962874bdc2480057 ba7925c281d0493aa090c93d77a8dff9 - - default default] 10.0.0.98 "GET /v2.0/ports?device_id=2c9b1885-da74-4803-90ea-583be1ed4b62 HTTP/1.1" status: 200 len: 1174 time: 0.0364251
2026-07-09 04:40:15.132 10 INFO neutron.wsgi [-] 10.0.0.185 "GET / HTTP/1.1" status: 200 len: 247 time: 0.0019486
2026-07-09 04:40:15.134 10 INFO neutron.wsgi [-] 10.0.0.185 "GET / HTTP/1.1" status: 200 len: 247 time: 0.0014696
2026-07-09 04:40:15.179 9 INFO neutron.wsgi [req-33cd7ba1-ffca-4a20-a039-7c6c972c7cb5 req-112afc62-33f9-4691-8d6e-8181994d26ea 4f411b935df74d11962874bdc2480057 ba7925c281d0493aa090c93d77a8dff9 - - default default] 10.0.0.98 "GET /v2.0/security-groups?id=36e1529a-e27a-4e6e-9598-9992e5835e69&fields=id&fields=name HTTP/1.1" status: 200 len: 312 time: 0.0622022
2026-07-09 04:40:15.245 10 INFO neutron.db.ovn_revision_numbers_db [None req-f08e2165-fad2-41ef-bf5e-8b8ef8071ba7 5b16f3d82be34aff953d0934a1e3d948 35688ca891504b9aa71d82ae39463700 - - default default] Successfully bumped revision number for resource 216104bb-de7d-48ca-b56f-28d5dfc64e02 (type: ports) to 1
2026-07-09 04:40:15.297 9 INFO neutron.wsgi [req-f18cb801-6edf-4899-a98f-24c5629108be req-dd68d128-ff20-4201-af6a-1cf0fd8a12c9 196e97834d2b49629e0888f31bb1e91d 66fd807c9cbd4cd4ab9cfa40f505b3dd - - default default] 10.0.0.98 "GET /v2.0/ports?device_id=d5c352a6-f4f2-4b65-84d1-470809363149 HTTP/1.1" status: 200 len: 1174 time: 0.0398941
2026-07-09 04:40:15.308 10 INFO neutron.wsgi [req-a260c49d-816d-45f2-a3c6-ac2e8baabbe1 req-14eb9099-8b55-45d3-986a-4cf0f097c8ba 4f411b935df74d11962874bdc2480057 ba7925c281d0493aa090c93d77a8dff9 - - default default] 10.0.0.98 "GET /v2.0/ports?device_id=2c9b1885-da74-4803-90ea-583be1ed4b62 HTTP/1.1" status: 200 len: 1174 time: 0.0407610
2026-07-09 04:40:15.425 9 INFO neutron.wsgi [req-f18cb801-6edf-4899-a98f-24c5629108be req-757f2abc-0945-4d20-927c-a60131e8059c 196e97834d2b49629e0888f31bb1e91d 66fd807c9cbd4cd4ab9cfa40f505b3dd - - default default] 10.0.0.98 "GET /v2.0/security-groups?id=9d3f2ae7-ac11-4fa7-9fc6-c06018ab3ce9&fields=id&fields=name HTTP/1.1" status: 200 len: 313 time: 0.1182041
2026-07-09 04:40:15.643 9 INFO neutron.db.l3_db [None req-2226cad6-5bd4-49c2-8c2f-bb4f74424bc6 4f411b935df74d11962874bdc2480057 ba7925c281d0493aa090c93d77a8dff9 - - default default] Floating IP 711498cb-8cce-4efc-8dc8-f91e7c55817b associated. External IP: 10.96.250.215, port: 4672a171-fbd5-4a18-9491-d5875dd5af44.
2026-07-09 04:40:15.745 10 INFO neutron.wsgi [req-150de040-526b-4fda-85ad-54d42fb52351 req-a4fd35fe-0e69-4b87-beea-c08439af5046 196e97834d2b49629e0888f31bb1e91d 66fd807c9cbd4cd4ab9cfa40f505b3dd - - default default] 10.0.0.98 "GET /v2.0/ports?device_id=d5c352a6-f4f2-4b65-84d1-470809363149 HTTP/1.1" status: 200 len: 1174 time: 0.2230015
2026-07-09 04:40:15.868 9 INFO neutron.db.ovn_revision_numbers_db [None req-2226cad6-5bd4-49c2-8c2f-bb4f74424bc6 4f411b935df74d11962874bdc2480057 ba7925c281d0493aa090c93d77a8dff9 - - default default] Successfully bumped revision number for resource 711498cb-8cce-4efc-8dc8-f91e7c55817b (type: floatingips) to 1
2026-07-09 04:40:15.981 9 INFO neutron.db.ovn_revision_numbers_db [None req-2226cad6-5bd4-49c2-8c2f-bb4f74424bc6 4f411b935df74d11962874bdc2480057 ba7925c281d0493aa090c93d77a8dff9 - - default default] Successfully bumped revision number for resource 711498cb-8cce-4efc-8dc8-f91e7c55817b (type: floatingips) to 2
2026-07-09 04:40:16.008 9 INFO neutron.wsgi [None req-2226cad6-5bd4-49c2-8c2f-bb4f74424bc6 4f411b935df74d11962874bdc2480057 ba7925c281d0493aa090c93d77a8dff9 - - default default] 10.0.0.101 "PUT /v2.0/floatingips/711498cb-8cce-4efc-8dc8-f91e7c55817b HTTP/1.1" status: 200 len: 1050 time: 0.6894917
2026-07-09 04:40:16.102 10 INFO neutron.db.l3_db [None req-1adf4a36-13a3-45ad-8473-856d065e4410 196e97834d2b49629e0888f31bb1e91d 66fd807c9cbd4cd4ab9cfa40f505b3dd - - default default] Floating IP a8ded4a7-817c-4cc3-9ef4-1bf177968e42 associated. External IP: 10.96.250.205, port: cc1fa2b4-8384-47df-bba5-ba12cf496e26.
2026-07-09 04:40:16.113 9 INFO neutron.plugins.ml2.drivers.ovn.mech_driver.mech_driver [None req-741ffbae-2623-4cd3-9090-0f8197765c2f - - - - - -] OVN reports status up for port: 216104bb-de7d-48ca-b56f-28d5dfc64e02
2026-07-09 04:40:16.121 9 INFO neutron.wsgi [req-ba5aa38d-a318-4d0e-8d3f-e96f0fa27db1 req-3b0244d7-65c9-49dc-903e-d49b763d80bb 4f411b935df74d11962874bdc2480057 ba7925c281d0493aa090c93d77a8dff9 - - default default] 10.0.0.98 "GET /v2.0/ports?device_id=2c9b1885-da74-4803-90ea-583be1ed4b62 HTTP/1.1" status: 200 len: 1174 time: 0.0640006
2026-07-09 04:40:16.126 9 INFO neutron.plugins.ml2.plugin [None req-741ffbae-2623-4cd3-9090-0f8197765c2f - - - - - -] Attempt 1 to provision port 216104bb-de7d-48ca-b56f-28d5dfc64e02
2026-07-09 04:40:16.176 10 INFO neutron.db.ovn_revision_numbers_db [None req-f08e2165-fad2-41ef-bf5e-8b8ef8071ba7 5b16f3d82be34aff953d0934a1e3d948 35688ca891504b9aa71d82ae39463700 - - default default] Successfully bumped revision number for resource 216104bb-de7d-48ca-b56f-28d5dfc64e02 (type: router_ports) to 1
2026-07-09 04:40:16.182 9 INFO neutron.wsgi [req-ba5aa38d-a318-4d0e-8d3f-e96f0fa27db1 req-49434b66-400b-4454-89df-a08671396456 4f411b935df74d11962874bdc2480057 ba7925c281d0493aa090c93d77a8dff9 - - default default] 10.0.0.98 "GET /v2.0/security-groups?id=36e1529a-e27a-4e6e-9598-9992e5835e69&fields=id&fields=name HTTP/1.1" status: 200 len: 312 time: 0.0521290
2026-07-09 04:40:16.350 10 INFO neutron.db.ovn_revision_numbers_db [None req-1adf4a36-13a3-45ad-8473-856d065e4410 196e97834d2b49629e0888f31bb1e91d 66fd807c9cbd4cd4ab9cfa40f505b3dd - - default default] Successfully bumped revision number for resource a8ded4a7-817c-4cc3-9ef4-1bf177968e42 (type: floatingips) to 1
2026-07-09 04:40:16.393 10 INFO neutron.db.ovn_revision_numbers_db [None req-f08e2165-fad2-41ef-bf5e-8b8ef8071ba7 5b16f3d82be34aff953d0934a1e3d948 35688ca891504b9aa71d82ae39463700 - - default default] Successfully bumped revision number for resource 216104bb-de7d-48ca-b56f-28d5dfc64e02 (type: ports) to 1
2026-07-09 04:40:16.420 9 INFO neutron.db.ovn_revision_numbers_db [None req-741ffbae-2623-4cd3-9090-0f8197765c2f - - - - - -] Successfully bumped revision number for resource 216104bb-de7d-48ca-b56f-28d5dfc64e02 (type: ports) to 2
2026-07-09 04:40:16.500 10 WARNING neutron.scheduler.dhcp_agent_scheduler [None req-f08e2165-fad2-41ef-bf5e-8b8ef8071ba7 5b16f3d82be34aff953d0934a1e3d948 35688ca891504b9aa71d82ae39463700 - - default default] No more DHCP agents
2026-07-09 04:40:16.502 10 WARNING neutron.api.rpc.agentnotifiers.dhcp_rpc_agent_api [None req-f08e2165-fad2-41ef-bf5e-8b8ef8071ba7 5b16f3d82be34aff953d0934a1e3d948 35688ca891504b9aa71d82ae39463700 - - default default] Unable to schedule network 42535eaa-2b5b-44d3-bf36-6b0a9e9842dd: no agents available; will retry on subsequent port and subnet creation events.
2026-07-09 04:40:16.515 10 INFO neutron.db.ovn_revision_numbers_db [None req-1adf4a36-13a3-45ad-8473-856d065e4410 196e97834d2b49629e0888f31bb1e91d 66fd807c9cbd4cd4ab9cfa40f505b3dd - - default default] Successfully bumped revision number for resource a8ded4a7-817c-4cc3-9ef4-1bf177968e42 (type: floatingips) to 2
2026-07-09 04:40:16.567 10 INFO neutron.wsgi [None req-1adf4a36-13a3-45ad-8473-856d065e4410 196e97834d2b49629e0888f31bb1e91d 66fd807c9cbd4cd4ab9cfa40f505b3dd - - default default] 10.0.0.101 "PUT /v2.0/floatingips/a8ded4a7-817c-4cc3-9ef4-1bf177968e42 HTTP/1.1" status: 200 len: 1050 time: 0.8101027
2026-07-09 04:40:16.611 10 INFO neutron.wsgi [req-98da7546-113a-470d-97fe-fc68e18a0e41 req-25a537b0-8fa0-420b-bdc6-e67f33813cab 4f411b935df74d11962874bdc2480057 ba7925c281d0493aa090c93d77a8dff9 - - default default] 10.0.0.98 "GET /v2.0/ports?device_id=2c9b1885-da74-4803-90ea-583be1ed4b62 HTTP/1.1" status: 200 len: 1174 time: 0.0680089
2026-07-09 04:40:16.653 9 INFO neutron.db.ovn_revision_numbers_db [None req-741ffbae-2623-4cd3-9090-0f8197765c2f - - - - - -] Successfully bumped revision number for resource 216104bb-de7d-48ca-b56f-28d5dfc64e02 (type: router_ports) to 2
2026-07-09 04:40:16.668 9 INFO neutron.wsgi [req-9c0b325a-5be0-4170-8e42-86128807639a req-b14a44cc-f258-45b0-8ccf-7a3b1a473bf3 196e97834d2b49629e0888f31bb1e91d 66fd807c9cbd4cd4ab9cfa40f505b3dd - - default default] 10.0.0.98 "GET /v2.0/ports?device_id=d5c352a6-f4f2-4b65-84d1-470809363149 HTTP/1.1" status: 200 len: 1174 time: 0.0495293
2026-07-09 04:40:16.724 9 INFO neutron.wsgi [req-9c0b325a-5be0-4170-8e42-86128807639a req-dda90c4f-14c1-451c-b17d-acb72a00edad 196e97834d2b49629e0888f31bb1e91d 66fd807c9cbd4cd4ab9cfa40f505b3dd - - default default] 10.0.0.98 "GET /v2.0/security-groups?id=9d3f2ae7-ac11-4fa7-9fc6-c06018ab3ce9&fields=id&fields=name HTTP/1.1" status: 200 len: 313 time: 0.0445714
2026-07-09 04:40:16.787 10 INFO neutron.notifiers.nova [-] Nova event matching ['req-62fc2e15-02fa-4620-8ec0-8615a3d2621b'] response: {'name': 'network-changed', 'server_uuid': 'd5c352a6-f4f2-4b65-84d1-470809363149', 'tag': 'cc1fa2b4-8384-47df-bba5-ba12cf496e26', 'status': 'completed', 'code': 200}
2026-07-09 04:40:16.839 10 INFO neutron.wsgi [req-98da7546-113a-470d-97fe-fc68e18a0e41 req-04ef2845-9328-458c-b939-4ea3d9815063 4f411b935df74d11962874bdc2480057 ba7925c281d0493aa090c93d77a8dff9 - - default default] 10.0.0.98 "GET /v2.0/security-groups?id=36e1529a-e27a-4e6e-9598-9992e5835e69&fields=id&fields=name HTTP/1.1" status: 200 len: 312 time: 0.0511169
2026-07-09 04:40:16.856 10 INFO neutron.wsgi [req-f6e5cc1f-8e8a-445e-af9c-fe9a4c718650 req-bb076f86-b0da-4b7e-853b-6784b1929f59 6e675e500bae44548af8e2b38dc01156 fddc7f84f2ad4dfa9b5279b2c4872fd8 - - dc4e7848fc574f3a9055485e644bae63 dc4e7848fc574f3a9055485e644bae63] 199.19.213.229 "GET /v2.0/ports?tenant_id=66fd807c9cbd4cd4ab9cfa40f505b3dd&device_id=d5c352a6-f4f2-4b65-84d1-470809363149 HTTP/1.1" status: 200 len: 1413 time: 0.0424674
2026-07-09 04:40:16.877 9 INFO neutron.notifiers.nova [-] Nova event matching ['req-c57f43bc-4138-4cb4-8240-01bbf5dcd3ac'] response: {'name': 'network-changed', 'server_uuid': '2c9b1885-da74-4803-90ea-583be1ed4b62', 'tag': '4672a171-fbd5-4a18-9491-d5875dd5af44', 'status': 'completed', 'code': 200}
2026-07-09 04:40:16.909 9 INFO neutron.wsgi [req-26f9b5e0-7bb8-4398-893c-a617b4a4c844 req-0cd3ac45-58b1-44c7-a649-3db0ec6e04ef 4f411b935df74d11962874bdc2480057 ba7925c281d0493aa090c93d77a8dff9 - - default default] 199.19.213.229 "GET /v2.0/ports?device_id=2c9b1885-da74-4803-90ea-583be1ed4b62 HTTP/1.1" status: 200 len: 1174 time: 0.0446546
2026-07-09 04:40:16.947 10 INFO neutron.wsgi [req-bf83ade8-e029-4b29-a485-ccba5389eeed req-23c8395b-7240-4443-9902-95c6e1e6347f 6e675e500bae44548af8e2b38dc01156 fddc7f84f2ad4dfa9b5279b2c4872fd8 - - dc4e7848fc574f3a9055485e644bae63 dc4e7848fc574f3a9055485e644bae63] 199.19.213.229 "GET /v2.0/ports?tenant_id=ba7925c281d0493aa090c93d77a8dff9&device_id=2c9b1885-da74-4803-90ea-583be1ed4b62 HTTP/1.1" status: 200 len: 1413 time: 0.0539236
2026-07-09 04:40:16.954 10 INFO neutron.wsgi [req-f6e5cc1f-8e8a-445e-af9c-fe9a4c718650 req-eb51601d-c26a-4487-96d9-244b37141e98 6e675e500bae44548af8e2b38dc01156 fddc7f84f2ad4dfa9b5279b2c4872fd8 - - dc4e7848fc574f3a9055485e644bae63 dc4e7848fc574f3a9055485e644bae63] 199.19.213.229 "GET /v2.0/networks?id=6929a410-993d-4e52-8bbb-6821c017b2f7 HTTP/1.1" status: 200 len: 982 time: 0.0906944
2026-07-09 04:40:17.061 10 INFO neutron.wsgi [req-f6e5cc1f-8e8a-445e-af9c-fe9a4c718650 req-aa377e57-c3b3-45f9-858c-3a347d10c5e3 6e675e500bae44548af8e2b38dc01156 fddc7f84f2ad4dfa9b5279b2c4872fd8 - - dc4e7848fc574f3a9055485e644bae63 dc4e7848fc574f3a9055485e644bae63] 199.19.213.229 "GET /v2.0/floatingips?fixed_ip_address=10.100.0.12&port_id=cc1fa2b4-8384-47df-bba5-ba12cf496e26 HTTP/1.1" status: 200 len: 1060 time: 0.1004722
2026-07-09 04:40:17.064 10 INFO neutron.wsgi [req-bf83ade8-e029-4b29-a485-ccba5389eeed req-35dff8f5-854b-465a-8b85-4112ac26c22a 6e675e500bae44548af8e2b38dc01156 fddc7f84f2ad4dfa9b5279b2c4872fd8 - - dc4e7848fc574f3a9055485e644bae63 dc4e7848fc574f3a9055485e644bae63] 199.19.213.229 "GET /v2.0/networks?id=25bb5149-cbe7-43a4-bd8f-3e6017f3551a HTTP/1.1" status: 200 len: 967 time: 0.1097519
2026-07-09 04:40:17.152 10 INFO neutron.wsgi [req-f6e5cc1f-8e8a-445e-af9c-fe9a4c718650 req-faa29fb8-ebfe-42d6-b10d-0e25104a030a 6e675e500bae44548af8e2b38dc01156 fddc7f84f2ad4dfa9b5279b2c4872fd8 - - dc4e7848fc574f3a9055485e644bae63 dc4e7848fc574f3a9055485e644bae63] 199.19.213.229 "GET /v2.0/subnets?id=27cd068b-b08a-4f4a-b1a6-a8c2330bc044 HTTP/1.1" status: 200 len: 877 time: 0.0760040
2026-07-09 04:40:17.175 10 INFO neutron.wsgi [req-bf83ade8-e029-4b29-a485-ccba5389eeed req-a1cb9caa-4e12-4741-9120-e0405da34804 6e675e500bae44548af8e2b38dc01156 fddc7f84f2ad4dfa9b5279b2c4872fd8 - - dc4e7848fc574f3a9055485e644bae63 dc4e7848fc574f3a9055485e644bae63] 199.19.213.229 "GET /v2.0/floatingips?fixed_ip_address=10.100.0.11&port_id=4672a171-fbd5-4a18-9491-d5875dd5af44 HTTP/1.1" status: 200 len: 1060 time: 0.0980897
2026-07-09 04:40:17.194 10 INFO neutron.wsgi [req-f6e5cc1f-8e8a-445e-af9c-fe9a4c718650 req-cc85fa51-2f88-4b17-95cd-c85d00aadbeb 6e675e500bae44548af8e2b38dc01156 fddc7f84f2ad4dfa9b5279b2c4872fd8 - - dc4e7848fc574f3a9055485e644bae63 dc4e7848fc574f3a9055485e644bae63] 199.19.213.229 "GET /v2.0/ports?network_id=6929a410-993d-4e52-8bbb-6821c017b2f7&device_owner=network%3Adhcp HTTP/1.1" status: 200 len: 210 time: 0.0319920
2026-07-09 04:40:17.244 10 INFO neutron.wsgi [req-bf83ade8-e029-4b29-a485-ccba5389eeed req-35cff270-dfe9-4075-ab04-21228082d384 6e675e500bae44548af8e2b38dc01156 fddc7f84f2ad4dfa9b5279b2c4872fd8 - - dc4e7848fc574f3a9055485e644bae63 dc4e7848fc574f3a9055485e644bae63] 199.19.213.229 "GET /v2.0/subnets?id=53c7e4e3-3ad9-47a7-b0d8-e4de0d74a33c HTTP/1.1" status: 200 len: 862 time: 0.0592268
2026-07-09 04:40:17.275 10 INFO neutron.wsgi [req-bf83ade8-e029-4b29-a485-ccba5389eeed req-a57f72fe-bda3-4a15-80d4-2b6b984a308f 6e675e500bae44548af8e2b38dc01156 fddc7f84f2ad4dfa9b5279b2c4872fd8 - - dc4e7848fc574f3a9055485e644bae63 dc4e7848fc574f3a9055485e644bae63] 199.19.213.229 "GET /v2.0/ports?network_id=25bb5149-cbe7-43a4-bd8f-3e6017f3551a&device_owner=network%3Adhcp HTTP/1.1" status: 200 len: 210 time: 0.0237410
2026-07-09 04:40:17.282 10 INFO neutron.db.ovn_revision_numbers_db [None req-f08e2165-fad2-41ef-bf5e-8b8ef8071ba7 5b16f3d82be34aff953d0934a1e3d948 35688ca891504b9aa71d82ae39463700 - - default default] Successfully bumped revision number for resource 216104bb-de7d-48ca-b56f-28d5dfc64e02 (type: router_ports) to 2
2026-07-09 04:40:17.284 10 INFO neutron.wsgi [None req-f08e2165-fad2-41ef-bf5e-8b8ef8071ba7 5b16f3d82be34aff953d0934a1e3d948 35688ca891504b9aa71d82ae39463700 - - default default] 10.0.0.101 "PUT /v2.0/routers/0daf9616-244d-40b2-b50d-eecf15ca2675/add_router_interface HTTP/1.1" status: 200 len: 503 time: 2.8019822
2026-07-09 04:40:17.307 10 INFO neutron.wsgi [req-f6e5cc1f-8e8a-445e-af9c-fe9a4c718650 req-57bd2b46-d6a0-4ff3-bada-ea4c61d00b6e 6e675e500bae44548af8e2b38dc01156 fddc7f84f2ad4dfa9b5279b2c4872fd8 - - dc4e7848fc574f3a9055485e644bae63 dc4e7848fc574f3a9055485e644bae63] 199.19.213.229 "GET /v2.0/networks/6929a410-993d-4e52-8bbb-6821c017b2f7?fields=segments HTTP/1.1" status: 200 len: 212 time: 0.1044872
2026-07-09 04:40:17.399 10 INFO neutron.wsgi [req-bf83ade8-e029-4b29-a485-ccba5389eeed req-639f6a8a-6095-447b-a1fa-62ef59fc4063 6e675e500bae44548af8e2b38dc01156 fddc7f84f2ad4dfa9b5279b2c4872fd8 - - dc4e7848fc574f3a9055485e644bae63 dc4e7848fc574f3a9055485e644bae63] 199.19.213.229 "GET /v2.0/networks/25bb5149-cbe7-43a4-bd8f-3e6017f3551a?fields=segments HTTP/1.1" status: 200 len: 212 time: 0.1194224
2026-07-09 04:40:17.421 9 INFO neutron.db.l3_db [req-26f9b5e0-7bb8-4398-893c-a617b4a4c844 req-ec7dc0dc-cc53-495f-b4f4-2983d02b7962 4f411b935df74d11962874bdc2480057 ba7925c281d0493aa090c93d77a8dff9 - - default default] Floating IP 711498cb-8cce-4efc-8dc8-f91e7c55817b disassociated. External IP: 10.96.250.215, port: 4672a171-fbd5-4a18-9491-d5875dd5af44.
2026-07-09 04:40:17.434 10 INFO neutron.wsgi [req-f6e5cc1f-8e8a-445e-af9c-fe9a4c718650 req-dd5e0d5f-23f3-4469-a732-dc603f3f7c60 6e675e500bae44548af8e2b38dc01156 fddc7f84f2ad4dfa9b5279b2c4872fd8 - - dc4e7848fc574f3a9055485e644bae63 dc4e7848fc574f3a9055485e644bae63] 199.19.213.229 "GET /v2.0/networks/6929a410-993d-4e52-8bbb-6821c017b2f7?fields=provider%3Aphysical_network&fields=provider%3Anetwork_type HTTP/1.1" status: 200 len: 277 time: 0.1176713
2026-07-09 04:40:17.486 10 INFO neutron.wsgi [req-bf83ade8-e029-4b29-a485-ccba5389eeed req-e3fc67b9-94de-41ce-a139-f7b8dbda2e6b 6e675e500bae44548af8e2b38dc01156 fddc7f84f2ad4dfa9b5279b2c4872fd8 - - dc4e7848fc574f3a9055485e644bae63 dc4e7848fc574f3a9055485e644bae63] 199.19.213.229 "GET /v2.0/networks/25bb5149-cbe7-43a4-bd8f-3e6017f3551a?fields=provider%3Aphysical_network&fields=provider%3Anetwork_type HTTP/1.1" status: 200 len: 277 time: 0.0798285
2026-07-09 04:40:17.529 9 INFO neutron.db.ovn_revision_numbers_db [None req-d06c26ee-4673-4bd4-8ad6-4eaea63689b7 cd0aae0c2f474f2cb2c14456a301c3b4 b809e5e5db7c4170a41041cb04a8ce38 - - default default] Successfully bumped revision number for resource 8abb28fd-ed0c-411c-ba00-b1510e65832b (type: security_groups) to 1
2026-07-09 04:40:17.555 9 INFO neutron.db.ovn_revision_numbers_db [None req-d06c26ee-4673-4bd4-8ad6-4eaea63689b7 cd0aae0c2f474f2cb2c14456a301c3b4 b809e5e5db7c4170a41041cb04a8ce38 - - default default] Successfully bumped revision number for resource 9dfa287e-5933-4e9f-950a-08c6cb48db3d (type: security_group_rules) to 0
2026-07-09 04:40:17.578 9 INFO neutron.db.ovn_revision_numbers_db [None req-d06c26ee-4673-4bd4-8ad6-4eaea63689b7 cd0aae0c2f474f2cb2c14456a301c3b4 b809e5e5db7c4170a41041cb04a8ce38 - - default default] Successfully bumped revision number for resource c7bc13f2-ca90-46be-973b-f87fdcd3d14c (type: security_group_rules) to 0
2026-07-09 04:40:17.634 9 INFO neutron.db.ovn_revision_numbers_db [None req-d06c26ee-4673-4bd4-8ad6-4eaea63689b7 cd0aae0c2f474f2cb2c14456a301c3b4 b809e5e5db7c4170a41041cb04a8ce38 - - default default] Successfully bumped revision number for resource d400a059-9052-4f6b-a229-94da3c4c0cdd (type: security_group_rules) to 0
2026-07-09 04:40:17.652 9 INFO neutron.db.ovn_revision_numbers_db [None req-d06c26ee-4673-4bd4-8ad6-4eaea63689b7 cd0aae0c2f474f2cb2c14456a301c3b4 b809e5e5db7c4170a41041cb04a8ce38 - - default default] Successfully bumped revision number for resource dc1df4fb-5c08-433d-b6ea-851a0cc88bef (type: security_group_rules) to 0
2026-07-09 04:40:17.683 9 INFO neutron.wsgi [req-26f9b5e0-7bb8-4398-893c-a617b4a4c844 req-ec7dc0dc-cc53-495f-b4f4-2983d02b7962 4f411b935df74d11962874bdc2480057 ba7925c281d0493aa090c93d77a8dff9 - - default default] 199.19.213.229 "DELETE /v2.0/ports/4672a171-fbd5-4a18-9491-d5875dd5af44 HTTP/1.1" status: 204 len: 173 time: 0.7686265
2026-07-09 04:40:17.685 9 INFO neutron.wsgi [None req-d06c26ee-4673-4bd4-8ad6-4eaea63689b7 cd0aae0c2f474f2cb2c14456a301c3b4 b809e5e5db7c4170a41041cb04a8ce38 - - default default] 10.0.0.101 "GET /v2.0/security-groups?tenant_id=852f62db93c446a186be7bb3003699f4&name=default HTTP/1.1" status: 200 len: 2996 time: 0.6910427
2026-07-09 04:40:17.727 10 WARNING neutron.scheduler.dhcp_agent_scheduler [None req-022a43e9-a399-4122-a040-e40a43190fb1 5b16f3d82be34aff953d0934a1e3d948 35688ca891504b9aa71d82ae39463700 - - default default] No more DHCP agents
2026-07-09 04:40:17.730 10 WARNING neutron.api.rpc.agentnotifiers.dhcp_rpc_agent_api [None req-022a43e9-a399-4122-a040-e40a43190fb1 5b16f3d82be34aff953d0934a1e3d948 35688ca891504b9aa71d82ae39463700 - - default default] Unable to schedule network 42535eaa-2b5b-44d3-bf36-6b0a9e9842dd: no agents available; will retry on subsequent port and subnet creation events.
2026-07-09 04:40:17.908 10 INFO neutron.db.ovn_revision_numbers_db [None req-022a43e9-a399-4122-a040-e40a43190fb1 5b16f3d82be34aff953d0934a1e3d948 35688ca891504b9aa71d82ae39463700 - - default default] Successfully bumped revision number for resource 4983b3b5-a030-4f89-8b4b-3bd1189f4507 (type: ports) to 1
2026-07-09 04:40:17.912 9 INFO neutron.wsgi [None req-b555b69d-22e0-4495-a3ef-44788aa57475 cd0aae0c2f474f2cb2c14456a301c3b4 b809e5e5db7c4170a41041cb04a8ce38 - - default default] 10.0.0.101 "DELETE /v2.0/security-groups/8abb28fd-ed0c-411c-ba00-b1510e65832b HTTP/1.1" status: 204 len: 168 time: 0.2215736
2026-07-09 04:40:17.935 10 INFO neutron.wsgi [None req-022a43e9-a399-4122-a040-e40a43190fb1 5b16f3d82be34aff953d0934a1e3d948 35688ca891504b9aa71d82ae39463700 - - default default] 10.0.0.101 "POST /v2.0/ports HTTP/1.1" status: 201 len: 1158 time: 0.6410260 /var/lib/openstack/lib/python3.10/site-packages/pycadf/identifier.py:71: UserWarning: Invalid uuid: neutron. To ensure interoperability, identifiers should be a valid uuid. warnings.warn(('Invalid uuid: %s. To ensure interoperability, '
2026-07-09 04:40:17.971 10 INFO neutron.wsgi [req-2093a2fb-13df-4418-b575-223966550577 req-ece80651-1c80-40c3-b539-e147e81e4c0a 4f411b935df74d11962874bdc2480057 ba7925c281d0493aa090c93d77a8dff9 - - default default] 10.0.0.98 "GET /v2.0/ports?device_id=2c9b1885-da74-4803-90ea-583be1ed4b62 HTTP/1.1" status: 200 len: 210 time: 0.0236230
2026-07-09 04:40:18.161 9 INFO neutron.db.ovn_revision_numbers_db [None req-ac8266d3-6e8d-4c4d-8b56-dca9f774a7c7 cd0aae0c2f474f2cb2c14456a301c3b4 b809e5e5db7c4170a41041cb04a8ce38 - - default default] Successfully bumped revision number for resource 213bbd77-f55e-4318-84a6-6cd14c1aedcc (type: security_groups) to 1
2026-07-09 04:40:18.177 9 INFO neutron.db.ovn_revision_numbers_db [None req-ac8266d3-6e8d-4c4d-8b56-dca9f774a7c7 cd0aae0c2f474f2cb2c14456a301c3b4 b809e5e5db7c4170a41041cb04a8ce38 - - default default] Successfully bumped revision number for resource 2561f203-7500-4d92-abea-3b8aa74b4594 (type: security_group_rules) to 0
2026-07-09 04:40:18.189 9 INFO neutron.db.ovn_revision_numbers_db [None req-ac8266d3-6e8d-4c4d-8b56-dca9f774a7c7 cd0aae0c2f474f2cb2c14456a301c3b4 b809e5e5db7c4170a41041cb04a8ce38 - - default default] Successfully bumped revision number for resource 35b00680-5f8b-4fe0-9325-3a647be4109b (type: security_group_rules) to 0
2026-07-09 04:40:18.202 9 INFO neutron.db.ovn_revision_numbers_db [None req-ac8266d3-6e8d-4c4d-8b56-dca9f774a7c7 cd0aae0c2f474f2cb2c14456a301c3b4 b809e5e5db7c4170a41041cb04a8ce38 - - default default] Successfully bumped revision number for resource 49c38ff3-4382-4380-87ec-b0122483c4d7 (type: security_group_rules) to 0
2026-07-09 04:40:18.217 9 INFO neutron.db.ovn_revision_numbers_db [None req-ac8266d3-6e8d-4c4d-8b56-dca9f774a7c7 cd0aae0c2f474f2cb2c14456a301c3b4 b809e5e5db7c4170a41041cb04a8ce38 - - default default] Successfully bumped revision number for resource 5949c169-6c3c-4a6b-ba2f-25bec08d9ae2 (type: security_group_rules) to 0
2026-07-09 04:40:18.239 9 INFO neutron.wsgi [None req-ac8266d3-6e8d-4c4d-8b56-dca9f774a7c7 cd0aae0c2f474f2cb2c14456a301c3b4 b809e5e5db7c4170a41041cb04a8ce38 - - default default] 10.0.0.101 "GET /v2.0/security-groups?tenant_id=15d7336d2b77484c9a0655f2e7c918e9&name=default HTTP/1.1" status: 200 len: 2996 time: 0.1984196
2026-07-09 04:40:18.378 10 WARNING neutron.scheduler.dhcp_agent_scheduler [None req-94a1c185-e97e-45ef-9daa-0ce8cc70173f 5b16f3d82be34aff953d0934a1e3d948 35688ca891504b9aa71d82ae39463700 - - default default] No more DHCP agents
2026-07-09 04:40:18.380 10 WARNING neutron.api.rpc.agentnotifiers.dhcp_rpc_agent_api [None req-94a1c185-e97e-45ef-9daa-0ce8cc70173f 5b16f3d82be34aff953d0934a1e3d948 35688ca891504b9aa71d82ae39463700 - - default default] Unable to schedule network 42535eaa-2b5b-44d3-bf36-6b0a9e9842dd: no agents available; will retry on subsequent port and subnet creation events.
2026-07-09 04:40:18.418 9 INFO neutron.wsgi [None req-7cc6b27c-b385-414a-b4b7-a76d11ba69b7 cd0aae0c2f474f2cb2c14456a301c3b4 b809e5e5db7c4170a41041cb04a8ce38 - - default default] 10.0.0.101 "DELETE /v2.0/security-groups/213bbd77-f55e-4318-84a6-6cd14c1aedcc HTTP/1.1" status: 204 len: 168 time: 0.1742706
2026-07-09 04:40:18.567 10 INFO neutron.db.ovn_revision_numbers_db [None req-94a1c185-e97e-45ef-9daa-0ce8cc70173f 5b16f3d82be34aff953d0934a1e3d948 35688ca891504b9aa71d82ae39463700 - - default default] Successfully bumped revision number for resource 51941d6e-94d2-483a-85c3-9628c0291a18 (type: ports) to 1
2026-07-09 04:40:18.601 10 INFO neutron.wsgi [None req-94a1c185-e97e-45ef-9daa-0ce8cc70173f 5b16f3d82be34aff953d0934a1e3d948 35688ca891504b9aa71d82ae39463700 - - default default] 10.0.0.101 "POST /v2.0/ports HTTP/1.1" status: 201 len: 1158 time: 0.6604574 /var/lib/openstack/lib/python3.10/site-packages/pycadf/identifier.py:71: UserWarning: Invalid uuid: neutron. To ensure interoperability, identifiers should be a valid uuid. warnings.warn(('Invalid uuid: %s. To ensure interoperability, '
2026-07-09 04:40:18.897 10 WARNING neutron.scheduler.dhcp_agent_scheduler [None req-f789926e-6493-4c70-aaaf-cc791644de10 5b16f3d82be34aff953d0934a1e3d948 35688ca891504b9aa71d82ae39463700 - - default default] No more DHCP agents
2026-07-09 04:40:18.900 10 WARNING neutron.api.rpc.agentnotifiers.dhcp_rpc_agent_api [None req-f789926e-6493-4c70-aaaf-cc791644de10 5b16f3d82be34aff953d0934a1e3d948 35688ca891504b9aa71d82ae39463700 - - default default] Unable to schedule network 47e69a59-df2e-49ba-aa0f-0ab25212f3ab: no agents available; will retry on subsequent port and subnet creation events.
2026-07-09 04:40:18.912 9 INFO neutron.notifiers.nova [-] Nova event matching ['req-6596955a-116b-485e-be18-e4157b45a03c'] response: {'server_uuid': '2c9b1885-da74-4803-90ea-583be1ed4b62', 'name': 'network-vif-deleted', 'tag': '4672a171-fbd5-4a18-9491-d5875dd5af44', 'status': 'completed', 'code': 200}
2026-07-09 04:40:19.508 10 INFO neutron.wsgi [None req-08959d42-276a-437c-8824-6d56ac6b2e65 4f411b935df74d11962874bdc2480057 ba7925c281d0493aa090c93d77a8dff9 - - default default] 10.0.0.101 "DELETE /v2.0/security-groups/36e1529a-e27a-4e6e-9598-9992e5835e69 HTTP/1.1" status: 204 len: 168 time: 0.4355328
2026-07-09 04:40:19.523 9 INFO neutron.api.v2.resource [None req-d2a6d451-6ef3-46ef-b840-b4e7ddc8ad35 4f411b935df74d11962874bdc2480057 ba7925c281d0493aa090c93d77a8dff9 - - default default] show failed (client error): The resource could not be found.
2026-07-09 04:40:19.525 9 INFO neutron.wsgi [None req-d2a6d451-6ef3-46ef-b840-b4e7ddc8ad35 4f411b935df74d11962874bdc2480057 ba7925c281d0493aa090c93d77a8dff9 - - default default] 10.0.0.101 "GET /v2.0/security-groups/36e1529a-e27a-4e6e-9598-9992e5835e69 HTTP/1.1" status: 404 len: 347 time: 0.0122118
2026-07-09 04:40:19.664 10 INFO neutron.db.l3_db [None req-f789926e-6493-4c70-aaaf-cc791644de10 5b16f3d82be34aff953d0934a1e3d948 35688ca891504b9aa71d82ae39463700 - - default default] Floating IP 2ddb840d-49c6-4caf-8ca8-a52ca6170765 associated. External IP: 10.96.250.209, port: 51941d6e-94d2-483a-85c3-9628c0291a18.
2026-07-09 04:40:19.925 10 INFO neutron.db.ovn_revision_numbers_db [None req-f789926e-6493-4c70-aaaf-cc791644de10 5b16f3d82be34aff953d0934a1e3d948 35688ca891504b9aa71d82ae39463700 - - default default] Successfully bumped revision number for resource 2ddb840d-49c6-4caf-8ca8-a52ca6170765 (type: floatingips) to 0
2026-07-09 04:40:20.039 10 INFO neutron.wsgi [None req-9105aeda-0762-4ecd-8496-d7e1ffce23c8 4f411b935df74d11962874bdc2480057 ba7925c281d0493aa090c93d77a8dff9 - - default default] 10.0.0.101 "DELETE /v2.0/floatingips/711498cb-8cce-4efc-8dc8-f91e7c55817b HTTP/1.1" status: 204 len: 168 time: 0.5089231
2026-07-09 04:40:20.068 10 INFO neutron.db.ovn_revision_numbers_db [None req-f789926e-6493-4c70-aaaf-cc791644de10 5b16f3d82be34aff953d0934a1e3d948 35688ca891504b9aa71d82ae39463700 - - default default] Successfully bumped revision number for resource 2ddb840d-49c6-4caf-8ca8-a52ca6170765 (type: floatingips) to 1
2026-07-09 04:40:20.071 10 WARNING neutron.plugins.ml2.drivers.ovn.mech_driver.ovsdb.ovn_client [None req-e397f195-ee57-495a-9fa2-aa8ede6a2fcb - - - - - -] No hosting information found for port 93b7efd0-9ce7-4e47-90d7-af820c4a75e4: RuntimeError: No hosting information found for port 93b7efd0-9ce7-4e47-90d7-af820c4a75e4
2026-07-09 04:40:20.095 10 INFO neutron.plugins.ml2.drivers.ovn.mech_driver.mech_driver [None req-e397f195-ee57-495a-9fa2-aa8ede6a2fcb - - - - - -] OVN reports status down for port: 4672a171-fbd5-4a18-9491-d5875dd5af44
2026-07-09 04:40:20.186 10 INFO neutron.wsgi [None req-f789926e-6493-4c70-aaaf-cc791644de10 5b16f3d82be34aff953d0934a1e3d948 35688ca891504b9aa71d82ae39463700 - - default default] 10.0.0.101 "POST /v2.0/floatingips HTTP/1.1" status: 201 len: 1042 time: 1.5801725
2026-07-09 04:40:20.374 9 INFO neutron.db.l3_db [None req-6a9ac090-cd2b-4337-8440-752d3c5cd388 5b16f3d82be34aff953d0934a1e3d948 35688ca891504b9aa71d82ae39463700 - - default default] Floating IP 2ddb840d-49c6-4caf-8ca8-a52ca6170765 disassociated. External IP: 10.96.250.209, port: 51941d6e-94d2-483a-85c3-9628c0291a18.
2026-07-09 04:40:20.428 9 INFO neutron.db.ovn_revision_numbers_db [None req-6a9ac090-cd2b-4337-8440-752d3c5cd388 5b16f3d82be34aff953d0934a1e3d948 35688ca891504b9aa71d82ae39463700 - - default default] Successfully bumped revision number for resource 2ddb840d-49c6-4caf-8ca8-a52ca6170765 (type: floatingips) to 2
2026-07-09 04:40:20.520 9 INFO neutron.wsgi [None req-6a9ac090-cd2b-4337-8440-752d3c5cd388 5b16f3d82be34aff953d0934a1e3d948 35688ca891504b9aa71d82ae39463700 - - default default] 10.0.0.101 "PUT /v2.0/floatingips/2ddb840d-49c6-4caf-8ca8-a52ca6170765 HTTP/1.1" status: 200 len: 748 time: 0.3281200 /var/lib/openstack/lib/python3.10/site-packages/pycadf/identifier.py:71: UserWarning: Invalid uuid: neutron. To ensure interoperability, identifiers should be a valid uuid. warnings.warn(('Invalid uuid: %s. To ensure interoperability, '
2026-07-09 04:40:20.880 10 INFO neutron.wsgi [None req-39092c23-42df-42d7-902b-31b197e39233 5b16f3d82be34aff953d0934a1e3d948 35688ca891504b9aa71d82ae39463700 - - default default] 10.0.0.101 "DELETE /v2.0/floatingips/2ddb840d-49c6-4caf-8ca8-a52ca6170765 HTTP/1.1" status: 204 len: 168 time: 0.3537779
2026-07-09 04:40:21.132 10 WARNING neutron.scheduler.dhcp_agent_scheduler [None req-1de1e18e-b29b-4e39-98dc-8ad5378241cb 5b16f3d82be34aff953d0934a1e3d948 35688ca891504b9aa71d82ae39463700 - - default default] No more DHCP agents
2026-07-09 04:40:21.136 10 WARNING neutron.api.rpc.agentnotifiers.dhcp_rpc_agent_api [None req-1de1e18e-b29b-4e39-98dc-8ad5378241cb 5b16f3d82be34aff953d0934a1e3d948 35688ca891504b9aa71d82ae39463700 - - default default] Unable to schedule network 47e69a59-df2e-49ba-aa0f-0ab25212f3ab: no agents available; will retry on subsequent port and subnet creation events.
2026-07-09 04:40:21.296 9 INFO neutron.wsgi [None req-efc31c48-0a1c-4f2a-9cc5-740db6ecb492 cd0aae0c2f474f2cb2c14456a301c3b4 b809e5e5db7c4170a41041cb04a8ce38 - - default default] 10.0.0.101 "PUT /v2.0/routers/6f21b8b5-5328-48ea-b476-fc115ba52922/remove_router_interface HTTP/1.1" status: 200 len: 503 time: 1.2519300 /var/lib/openstack/lib/python3.10/site-packages/pycadf/identifier.py:71: UserWarning: Invalid uuid: neutron. To ensure interoperability, identifiers should be a valid uuid. warnings.warn(('Invalid uuid: %s. To ensure interoperability, '
2026-07-09 04:40:21.545 10 INFO neutron.db.l3_db [None req-1de1e18e-b29b-4e39-98dc-8ad5378241cb 5b16f3d82be34aff953d0934a1e3d948 35688ca891504b9aa71d82ae39463700 - - default default] Floating IP 21170b4a-f3fa-4311-b39d-92b9d49227bf associated. External IP: 10.96.250.204, port: 4983b3b5-a030-4f89-8b4b-3bd1189f4507.
2026-07-09 04:40:21.777 10 INFO neutron.db.ovn_revision_numbers_db [None req-1de1e18e-b29b-4e39-98dc-8ad5378241cb 5b16f3d82be34aff953d0934a1e3d948 35688ca891504b9aa71d82ae39463700 - - default default] Successfully bumped revision number for resource 21170b4a-f3fa-4311-b39d-92b9d49227bf (type: floatingips) to 0
2026-07-09 04:40:21.884 10 INFO neutron.db.ovn_revision_numbers_db [None req-1de1e18e-b29b-4e39-98dc-8ad5378241cb 5b16f3d82be34aff953d0934a1e3d948 35688ca891504b9aa71d82ae39463700 - - default default] Successfully bumped revision number for resource 21170b4a-f3fa-4311-b39d-92b9d49227bf (type: floatingips) to 1
2026-07-09 04:40:21.920 10 INFO neutron.wsgi [None req-1de1e18e-b29b-4e39-98dc-8ad5378241cb 5b16f3d82be34aff953d0934a1e3d948 35688ca891504b9aa71d82ae39463700 - - default default] 10.0.0.101 "POST /v2.0/floatingips HTTP/1.1" status: 201 len: 1042 time: 1.0354979 /var/lib/openstack/lib/python3.10/site-packages/pycadf/identifier.py:71: UserWarning: Invalid uuid: neutron. To ensure interoperability, identifiers should be a valid uuid. warnings.warn(('Invalid uuid: %s. To ensure interoperability, '
2026-07-09 04:40:21.951 9 INFO neutron.wsgi [None req-f79cf7dc-51b6-40dd-8503-e7043ef33326 cd0aae0c2f474f2cb2c14456a301c3b4 b809e5e5db7c4170a41041cb04a8ce38 - - default default] 10.0.0.101 "DELETE /v2.0/routers/6f21b8b5-5328-48ea-b476-fc115ba52922 HTTP/1.1" status: 204 len: 168 time: 0.6489139
2026-07-09 04:40:21.970 10 INFO neutron.wsgi [None req-1c81bb0f-7fe5-48f9-a55a-bdad291b3953 5b16f3d82be34aff953d0934a1e3d948 35688ca891504b9aa71d82ae39463700 - - default default] 10.0.0.101 "GET /v2.0/floatingips/21170b4a-f3fa-4311-b39d-92b9d49227bf HTTP/1.1" status: 200 len: 1039 time: 0.0451000
2026-07-09 04:40:22.035 10 INFO neutron.wsgi [None req-febf5bfa-24f6-4c60-90ed-5c74c3744ab9 5b16f3d82be34aff953d0934a1e3d948 35688ca891504b9aa71d82ae39463700 - - default default] 10.0.0.101 "GET /v2.0/floatingips HTTP/1.1" status: 200 len: 1042 time: 0.0607781
2026-07-09 04:40:22.154 9 INFO neutron.wsgi [None req-7e57b4af-0a45-4c68-89ba-f2a42c684322 cd0aae0c2f474f2cb2c14456a301c3b4 b809e5e5db7c4170a41041cb04a8ce38 - - default default] 10.0.0.101 "DELETE /v2.0/subnets/53c7e4e3-3ad9-47a7-b0d8-e4de0d74a33c HTTP/1.1" status: 204 len: 168 time: 0.1982901
2026-07-09 04:40:22.267 10 INFO neutron.db.l3_db [None req-58ff3201-0bc5-496b-aae1-a532e86103ac 5b16f3d82be34aff953d0934a1e3d948 35688ca891504b9aa71d82ae39463700 - - default default] Floating IP 21170b4a-f3fa-4311-b39d-92b9d49227bf associated. External IP: 10.96.250.204, port: 4983b3b5-a030-4f89-8b4b-3bd1189f4507.
2026-07-09 04:40:22.466 10 INFO neutron.db.ovn_revision_numbers_db [None req-58ff3201-0bc5-496b-aae1-a532e86103ac 5b16f3d82be34aff953d0934a1e3d948 35688ca891504b9aa71d82ae39463700 - - default default] Successfully bumped revision number for resource 21170b4a-f3fa-4311-b39d-92b9d49227bf (type: floatingips) to 2
2026-07-09 04:40:22.566 10 INFO neutron.db.ovn_revision_numbers_db [None req-58ff3201-0bc5-496b-aae1-a532e86103ac 5b16f3d82be34aff953d0934a1e3d948 35688ca891504b9aa71d82ae39463700 - - default default] Successfully bumped revision number for resource 21170b4a-f3fa-4311-b39d-92b9d49227bf (type: floatingips) to 2
2026-07-09 04:40:22.636 10 INFO neutron.wsgi [None req-58ff3201-0bc5-496b-aae1-a532e86103ac 5b16f3d82be34aff953d0934a1e3d948 35688ca891504b9aa71d82ae39463700 - - default default] 10.0.0.101 "PUT /v2.0/floatingips/21170b4a-f3fa-4311-b39d-92b9d49227bf HTTP/1.1" status: 200 len: 1039 time: 0.5960836 /var/lib/openstack/lib/python3.10/site-packages/pycadf/identifier.py:71: UserWarning: Invalid uuid: neutron. To ensure interoperability, identifiers should be a valid uuid. warnings.warn(('Invalid uuid: %s. To ensure interoperability, '
2026-07-09 04:40:22.673 9 INFO neutron.services.segments.plugin [-] Segment 0193283f-cc57-4367-be3d-8efd9d00c329 resource provider aggregate not found
2026-07-09 04:40:22.678 9 INFO neutron.services.segments.plugin [-] Segment 0193283f-cc57-4367-be3d-8efd9d00c329 resource provider aggregate not found
2026-07-09 04:40:22.697 9 INFO neutron.services.segments.plugin [-] Segment 0193283f-cc57-4367-be3d-8efd9d00c329 resource provider not found; error: Placement Client Error (4xx): {"errors": [{"status": 404, "title": "Not Found", "detail": "The resource could not be found.\n\n No resource provider with uuid 0193283f-cc57-4367-be3d-8efd9d00c329 found for delete ", "request_id": "req-4d04b626-6f37-429a-a100-8fee6fcb0e26"}]}
2026-07-09 04:40:22.698 9 INFO neutron.services.segments.plugin [-] Segment 0193283f-cc57-4367-be3d-8efd9d00c329 resource provider not found; error: Placement Client Error (4xx): {"errors": [{"status": 404, "title": "Not Found", "detail": "The resource could not be found.\n\n No resource provider with uuid 0193283f-cc57-4367-be3d-8efd9d00c329 found for delete ", "request_id": "req-0a91a64e-8da5-463d-9824-b3f5ea45d008"}]}
2026-07-09 04:40:22.710 9 WARNING neutron.plugins.ml2.drivers.ovn.mech_driver.ovsdb.ovn_client [None req-741ffbae-2623-4cd3-9090-0f8197765c2f - - - - - -] No hosting information found for port 216104bb-de7d-48ca-b56f-28d5dfc64e02: RuntimeError: No hosting information found for port 216104bb-de7d-48ca-b56f-28d5dfc64e02
2026-07-09 04:40:22.752 9 INFO neutron.wsgi [None req-2f93d4a1-69ef-4125-ba1f-13bcc9b64dac cd0aae0c2f474f2cb2c14456a301c3b4 b809e5e5db7c4170a41041cb04a8ce38 - - default default] 10.0.0.101 "DELETE /v2.0/networks/25bb5149-cbe7-43a4-bd8f-3e6017f3551a HTTP/1.1" status: 204 len: 168 time: 0.5932150
2026-07-09 04:40:22.793 10 INFO neutron.db.l3_db [None req-9ce6bce7-e634-4c13-96a5-2c7188e236f2 5b16f3d82be34aff953d0934a1e3d948 35688ca891504b9aa71d82ae39463700 - - default default] Floating IP 21170b4a-f3fa-4311-b39d-92b9d49227bf disassociated. External IP: 10.96.250.204, port: 51941d6e-94d2-483a-85c3-9628c0291a18.
2026-07-09 04:40:22.861 10 INFO neutron.db.ovn_revision_numbers_db [None req-9ce6bce7-e634-4c13-96a5-2c7188e236f2 5b16f3d82be34aff953d0934a1e3d948 35688ca891504b9aa71d82ae39463700 - - default default] Successfully bumped revision number for resource 21170b4a-f3fa-4311-b39d-92b9d49227bf (type: floatingips) to 3 /var/lib/openstack/lib/python3.10/site-packages/pycadf/identifier.py:71: UserWarning: Invalid uuid: neutron. To ensure interoperability, identifiers should be a valid uuid. warnings.warn(('Invalid uuid: %s. To ensure interoperability, '
2026-07-09 04:40:22.982 9 INFO neutron.wsgi [None req-f3d2e1d9-9c3c-4d7b-ac68-6990d16d096d cd0aae0c2f474f2cb2c14456a301c3b4 b809e5e5db7c4170a41041cb04a8ce38 - - default default] 10.0.0.101 "GET /v2.0/security-groups?tenant_id=ba7925c281d0493aa090c93d77a8dff9&name=default HTTP/1.1" status: 200 len: 2996 time: 0.0394282
2026-07-09 04:40:23.107 10 INFO neutron.wsgi [None req-9ce6bce7-e634-4c13-96a5-2c7188e236f2 5b16f3d82be34aff953d0934a1e3d948 35688ca891504b9aa71d82ae39463700 - - default default] 10.0.0.101 "PUT /v2.0/floatingips/21170b4a-f3fa-4311-b39d-92b9d49227bf HTTP/1.1" status: 200 len: 748 time: 0.4625492 /var/lib/openstack/lib/python3.10/site-packages/pycadf/identifier.py:71: UserWarning: Invalid uuid: neutron. To ensure interoperability, identifiers should be a valid uuid. warnings.warn(('Invalid uuid: %s. To ensure interoperability, '
2026-07-09 04:40:23.173 9 INFO neutron.wsgi [None req-887a456f-6ea4-4077-b40f-93e89afca597 cd0aae0c2f474f2cb2c14456a301c3b4 b809e5e5db7c4170a41041cb04a8ce38 - - default default] 10.0.0.101 "DELETE /v2.0/security-groups/54471afe-2444-4a48-a5bb-bf4ae14dd95d HTTP/1.1" status: 204 len: 168 time: 0.1874633
2026-07-09 04:40:23.447 10 INFO neutron.wsgi [None req-7909bda9-7d3a-4f40-a5be-9cc4cd558242 5b16f3d82be34aff953d0934a1e3d948 35688ca891504b9aa71d82ae39463700 - - default default] 10.0.0.101 "DELETE /v2.0/floatingips/21170b4a-f3fa-4311-b39d-92b9d49227bf HTTP/1.1" status: 204 len: 168 time: 0.3348334
2026-07-09 04:40:23.480 9 INFO neutron.api.v2.resource [None req-ecbb88d7-53a2-4092-89ff-cda9faac1138 5b16f3d82be34aff953d0934a1e3d948 35688ca891504b9aa71d82ae39463700 - - default default] delete failed (client error): The resource could not be found.
2026-07-09 04:40:23.482 9 INFO neutron.wsgi [None req-ecbb88d7-53a2-4092-89ff-cda9faac1138 5b16f3d82be34aff953d0934a1e3d948 35688ca891504b9aa71d82ae39463700 - - default default] 10.0.0.101 "DELETE /v2.0/floatingips/21170b4a-f3fa-4311-b39d-92b9d49227bf HTTP/1.1" status: 404 len: 345 time: 0.0276613
2026-07-09 04:40:23.854 10 INFO neutron.wsgi [None req-a17ae279-b2dc-4098-9c4f-5cd3a14e1a7d 5b16f3d82be34aff953d0934a1e3d948 35688ca891504b9aa71d82ae39463700 - - default default] 10.0.0.101 "DELETE /v2.0/ports/51941d6e-94d2-483a-85c3-9628c0291a18 HTTP/1.1" status: 204 len: 168 time: 0.3676169
2026-07-09 04:40:24.218 10 INFO neutron.wsgi [None req-051cde06-996e-46e0-90b2-6f880308ac32 5b16f3d82be34aff953d0934a1e3d948 35688ca891504b9aa71d82ae39463700 - - default default] 10.0.0.101 "DELETE /v2.0/ports/4983b3b5-a030-4f89-8b4b-3bd1189f4507 HTTP/1.1" status: 204 len: 168 time: 0.3580053
2026-07-09 04:40:24.331 10 INFO neutron.wsgi [None req-681661d1-fea9-4298-99c9-1cbad7fdb043 5b16f3d82be34aff953d0934a1e3d948 35688ca891504b9aa71d82ae39463700 - - default default] 10.0.0.101 "GET /v2.0/ports?device_id=0daf9616-244d-40b2-b50d-eecf15ca2675 HTTP/1.1" status: 200 len: 1140 time: 0.1083028
2026-07-09 04:40:24.577 9 INFO neutron.db.ovn_revision_numbers_db [None req-bc33febf-cb4e-4c73-83d1-bdad3b578218 cd0aae0c2f474f2cb2c14456a301c3b4 b809e5e5db7c4170a41041cb04a8ce38 - - default default] Successfully bumped revision number for resource f45c3db4-7a55-407c-af67-efd5fa8875f6 (type: security_groups) to 1
2026-07-09 04:40:24.609 9 INFO neutron.db.ovn_revision_numbers_db [None req-bc33febf-cb4e-4c73-83d1-bdad3b578218 cd0aae0c2f474f2cb2c14456a301c3b4 b809e5e5db7c4170a41041cb04a8ce38 - - default default] Successfully bumped revision number for resource 1829b261-15c5-4fba-ab78-7ee42566bb06 (type: security_group_rules) to 0
2026-07-09 04:40:24.626 9 INFO neutron.db.ovn_revision_numbers_db [None req-bc33febf-cb4e-4c73-83d1-bdad3b578218 cd0aae0c2f474f2cb2c14456a301c3b4 b809e5e5db7c4170a41041cb04a8ce38 - - default default] Successfully bumped revision number for resource af61c13b-cff9-4e20-888c-07af8130b342 (type: security_group_rules) to 0
2026-07-09 04:40:24.649 9 INFO neutron.db.ovn_revision_numbers_db [None req-bc33febf-cb4e-4c73-83d1-bdad3b578218 cd0aae0c2f474f2cb2c14456a301c3b4 b809e5e5db7c4170a41041cb04a8ce38 - - default default] Successfully bumped revision number for resource d72b239c-cb8c-4231-afa0-fe51de0180de (type: security_group_rules) to 0
2026-07-09 04:40:24.681 9 INFO neutron.db.ovn_revision_numbers_db [None req-bc33febf-cb4e-4c73-83d1-bdad3b578218 cd0aae0c2f474f2cb2c14456a301c3b4 b809e5e5db7c4170a41041cb04a8ce38 - - default default] Successfully bumped revision number for resource eee406a2-cb7b-4f19-a90c-583a37f7e285 (type: security_group_rules) to 0
2026-07-09 04:40:24.726 9 INFO neutron.wsgi [None req-bc33febf-cb4e-4c73-83d1-bdad3b578218 cd0aae0c2f474f2cb2c14456a301c3b4 b809e5e5db7c4170a41041cb04a8ce38 - - default default] 10.0.0.101 "GET /v2.0/security-groups?tenant_id=917b31e8d10b49858e80046a92ec0b2e&name=default HTTP/1.1" status: 200 len: 2996 time: 0.4509885
2026-07-09 04:40:24.940 10 INFO neutron.wsgi [None req-e653c8cb-4a29-441c-8649-a8f4631ac62c cd0aae0c2f474f2cb2c14456a301c3b4 b809e5e5db7c4170a41041cb04a8ce38 - - default default] 10.0.0.101 "DELETE /v2.0/security-groups/f45c3db4-7a55-407c-af67-efd5fa8875f6 HTTP/1.1" status: 204 len: 168 time: 0.2094729
2026-07-09 04:40:25.189 10 INFO neutron.db.ovn_revision_numbers_db [None req-1ad9eb7e-0f28-43bc-aaee-638a9da2f614 cd0aae0c2f474f2cb2c14456a301c3b4 b809e5e5db7c4170a41041cb04a8ce38 - - default default] Successfully bumped revision number for resource 943d3db4-acce-4955-84b7-524489e7ff92 (type: security_groups) to 1
2026-07-09 04:40:25.204 10 INFO neutron.db.ovn_revision_numbers_db [None req-1ad9eb7e-0f28-43bc-aaee-638a9da2f614 cd0aae0c2f474f2cb2c14456a301c3b4 b809e5e5db7c4170a41041cb04a8ce38 - - default default] Successfully bumped revision number for resource 01812d3c-19ca-4717-be50-e7c0719bb6c9 (type: security_group_rules) to 0
2026-07-09 04:40:25.221 10 INFO neutron.db.ovn_revision_numbers_db [None req-1ad9eb7e-0f28-43bc-aaee-638a9da2f614 cd0aae0c2f474f2cb2c14456a301c3b4 b809e5e5db7c4170a41041cb04a8ce38 - - default default] Successfully bumped revision number for resource 75c2b602-850f-4c8d-8110-91f26356760a (type: security_group_rules) to 0
2026-07-09 04:40:25.229 9 INFO neutron.wsgi [None req-1a37977a-f6c1-446f-96ff-09df7879ab08 5b16f3d82be34aff953d0934a1e3d948 35688ca891504b9aa71d82ae39463700 - - default default] 10.0.0.101 "PUT /v2.0/routers/0daf9616-244d-40b2-b50d-eecf15ca2675/remove_router_interface HTTP/1.1" status: 200 len: 503 time: 0.8905864 /var/lib/openstack/lib/python3.10/site-packages/pycadf/identifier.py:71: UserWarning: Invalid uuid: neutron. To ensure interoperability, identifiers should be a valid uuid. warnings.warn(('Invalid uuid: %s. To ensure interoperability, '
2026-07-09 04:40:25.245 10 INFO neutron.db.ovn_revision_numbers_db [None req-1ad9eb7e-0f28-43bc-aaee-638a9da2f614 cd0aae0c2f474f2cb2c14456a301c3b4 b809e5e5db7c4170a41041cb04a8ce38 - - default default] Successfully bumped revision number for resource 7f570bf5-e283-463f-b8ca-fdd3b1feb1ca (type: security_group_rules) to 0
2026-07-09 04:40:25.257 10 INFO neutron.db.ovn_revision_numbers_db [None req-7322f46d-efee-4dc6-87d7-8bc7984b2054 cd0aae0c2f474f2cb2c14456a301c3b4 b809e5e5db7c4170a41041cb04a8ce38 - - default default] Successfully bumped revision number for resource 2825daf8-de92-4f82-9d95-0b546203642d (type: security_groups) to 1
2026-07-09 04:40:25.260 10 INFO neutron.db.ovn_revision_numbers_db [None req-1ad9eb7e-0f28-43bc-aaee-638a9da2f614 cd0aae0c2f474f2cb2c14456a301c3b4 b809e5e5db7c4170a41041cb04a8ce38 - - default default] Successfully bumped revision number for resource fc49a264-b081-4e09-a5f6-f04417027d01 (type: security_group_rules) to 0
2026-07-09 04:40:25.279 10 INFO neutron.db.ovn_revision_numbers_db [None req-7322f46d-efee-4dc6-87d7-8bc7984b2054 cd0aae0c2f474f2cb2c14456a301c3b4 b809e5e5db7c4170a41041cb04a8ce38 - - default default] Successfully bumped revision number for resource 28f336ac-4f06-470c-8df1-dd09a26f67c6 (type: security_group_rules) to 0
