2026-07-09 04:41:01.830 10 INFO neutron.wsgi [None req-732bfd77-e8ff-44de-a6c3-e7f3df991822 898c287950ce4916ac2d9e37e1b996cb ca14b56e744940dcb27dbfbd09b38118 - - default default] 10.0.0.101 "GET /v2.0/extensions/quotas HTTP/1.1" status: 200 len: 386 time: 0.0047877
2026-07-09 04:41:01.838 10 INFO neutron.wsgi [None req-5e203fc0-9ea0-4da6-a797-350fae319f2c 898c287950ce4916ac2d9e37e1b996cb ca14b56e744940dcb27dbfbd09b38118 - - default default] 10.0.0.101 "GET /v2.0/extensions/quota_details HTTP/1.1" status: 200 len: 407 time: 0.0047653
2026-07-09 04:41:01.848 10 INFO neutron.wsgi [None req-ff8e4e65-e8fd-4578-a27b-5984f46e8f34 898c287950ce4916ac2d9e37e1b996cb ca14b56e744940dcb27dbfbd09b38118 - - default default] 10.0.0.101 "GET /v2.0/extensions/rbac-policies HTTP/1.1" status: 200 len: 417 time: 0.0051301
2026-07-09 04:41:01.860 9 INFO neutron.wsgi [None req-1f5bb898-441e-41da-be20-d22b271a95a5 898c287950ce4916ac2d9e37e1b996cb ca14b56e744940dcb27dbfbd09b38118 - - default default] 10.0.0.101 "GET /v2.0/extensions/rbac-address-scope HTTP/1.1" status: 200 len: 384 time: 0.0080898
2026-07-09 04:41:01.866 9 INFO neutron.wsgi [None req-39b8f74a-ec4e-4912-9da6-45ded62679ab 898c287950ce4916ac2d9e37e1b996cb ca14b56e744940dcb27dbfbd09b38118 - - default default] 10.0.0.101 "GET /v2.0/extensions/rbac-security-groups HTTP/1.1" status: 200 len: 404 time: 0.0034204
2026-07-09 04:41:01.873 9 INFO neutron.wsgi [None req-e02e31ee-4f44-4896-8ee7-d23a73ca4aca 898c287950ce4916ac2d9e37e1b996cb ca14b56e744940dcb27dbfbd09b38118 - - default default] 10.0.0.101 "GET /v2.0/extensions/revision-if-match HTTP/1.1" status: 200 len: 441 time: 0.0031388
2026-07-09 04:41:01.879 9 INFO neutron.wsgi [None req-9cb1306e-16ba-40ed-8661-3dcb4aa3d65e 898c287950ce4916ac2d9e37e1b996cb ca14b56e744940dcb27dbfbd09b38118 - - default default] 10.0.0.101 "GET /v2.0/extensions/standard-attr-revisions HTTP/1.1" status: 200 len: 423 time: 0.0031030
2026-07-09 04:41:01.886 9 INFO neutron.wsgi [None req-10187fc1-f642-450a-a003-95aa610bfed3 898c287950ce4916ac2d9e37e1b996cb ca14b56e744940dcb27dbfbd09b38118 - - default default] 10.0.0.101 "GET /v2.0/extensions/router_availability_zone HTTP/1.1" status: 200 len: 391 time: 0.0032845
2026-07-09 04:41:01.892 9 INFO neutron.wsgi [None req-319b2999-080e-4387-9f7b-85cbcb3cb9e4 898c287950ce4916ac2d9e37e1b996cb ca14b56e744940dcb27dbfbd09b38118 - - default default] 10.0.0.101 "GET /v2.0/extensions/security-groups-normalized-cidr HTTP/1.1" status: 200 len: 445 time: 0.0029006
2026-07-09 04:41:01.899 9 INFO neutron.wsgi [None req-35605711-524f-4a3e-9e83-51ade3411835 898c287950ce4916ac2d9e37e1b996cb ca14b56e744940dcb27dbfbd09b38118 - - default default] 10.0.0.101 "GET /v2.0/extensions/security-groups-remote-address-group HTTP/1.1" status: 200 len: 448 time: 0.0030017
2026-07-09 04:41:01.905 9 INFO neutron.wsgi [None req-6287d150-4f05-4177-b60b-1b6a54b752fc 898c287950ce4916ac2d9e37e1b996cb ca14b56e744940dcb27dbfbd09b38118 - - default default] 10.0.0.101 "GET /v2.0/extensions/security-groups-shared-filtering HTTP/1.1" status: 200 len: 435 time: 0.0029342
2026-07-09 04:41:01.911 9 INFO neutron.wsgi [None req-0b659116-7f10-4438-a0a4-ebe9925ea095 898c287950ce4916ac2d9e37e1b996cb ca14b56e744940dcb27dbfbd09b38118 - - default default] 10.0.0.101 "GET /v2.0/extensions/security-group HTTP/1.1" status: 200 len: 364 time: 0.0032337
2026-07-09 04:41:01.917 9 INFO neutron.wsgi [None req-b46d6e33-11c5-4763-b9d9-ab40182aaab4 898c287950ce4916ac2d9e37e1b996cb ca14b56e744940dcb27dbfbd09b38118 - - default default] 10.0.0.101 "GET /v2.0/extensions/segment HTTP/1.1" status: 200 len: 339 time: 0.0030344
2026-07-09 04:41:01.924 9 INFO neutron.wsgi [None req-6194d877-9b16-405b-b054-9c70d84410c0 898c287950ce4916ac2d9e37e1b996cb ca14b56e744940dcb27dbfbd09b38118 - - default default] 10.0.0.101 "GET /v2.0/extensions/segments-peer-subnet-host-routes HTTP/1.1" status: 200 len: 427 time: 0.0029149
2026-07-09 04:41:01.929 9 INFO neutron.wsgi [None req-0b041506-2a52-447e-bdbd-ee106aab5d7d 898c287950ce4916ac2d9e37e1b996cb ca14b56e744940dcb27dbfbd09b38118 - - default default] 10.0.0.101 "GET /v2.0/extensions/service-type HTTP/1.1" status: 200 len: 415 time: 0.0028436
2026-07-09 04:41:01.937 9 INFO neutron.wsgi [None req-a6545a65-0e06-4613-a3d4-32aad94a5825 898c287950ce4916ac2d9e37e1b996cb ca14b56e744940dcb27dbfbd09b38118 - - default default] 10.0.0.101 "GET /v2.0/extensions/sorting HTTP/1.1" status: 200 len: 377 time: 0.0033362
2026-07-09 04:41:01.943 9 INFO neutron.wsgi [None req-5b894e81-2c5c-4c9a-b271-6fdae4cafced 898c287950ce4916ac2d9e37e1b996cb ca14b56e744940dcb27dbfbd09b38118 - - default default] 10.0.0.101 "GET /v2.0/extensions/standard-attr-segment HTTP/1.1" status: 200 len: 406 time: 0.0028718
2026-07-09 04:41:01.949 9 INFO neutron.wsgi [None req-d61864c0-71f6-43c8-9217-f14ba338ad30 898c287950ce4916ac2d9e37e1b996cb ca14b56e744940dcb27dbfbd09b38118 - - default default] 10.0.0.101 "GET /v2.0/extensions/standard-attr-description HTTP/1.1" status: 200 len: 408 time: 0.0028963
2026-07-09 04:41:01.955 9 INFO neutron.wsgi [None req-e82b0991-ae9c-4696-8b75-a96ee7985559 898c287950ce4916ac2d9e37e1b996cb ca14b56e744940dcb27dbfbd09b38118 - - default default] 10.0.0.101 "GET /v2.0/extensions/stateful-security-group HTTP/1.1" status: 200 len: 402 time: 0.0028944
2026-07-09 04:41:01.962 9 INFO neutron.wsgi [None req-cafc18da-0db7-4255-bb61-6463a1908775 898c287950ce4916ac2d9e37e1b996cb ca14b56e744940dcb27dbfbd09b38118 - - default default] 10.0.0.101 "GET /v2.0/extensions/subnet-dns-publish-fixed-ip HTTP/1.1" status: 200 len: 421 time: 0.0030425
2026-07-09 04:41:01.970 9 INFO neutron.wsgi [None req-b705b3e3-9bbb-4987-ac47-7d550eb0b435 898c287950ce4916ac2d9e37e1b996cb ca14b56e744940dcb27dbfbd09b38118 - - default default] 10.0.0.101 "GET /v2.0/extensions/subnet-segmentid-writable HTTP/1.1" status: 200 len: 421 time: 0.0031655
2026-07-09 04:41:01.975 9 INFO neutron.wsgi [None req-ec341dfb-8001-4dfa-9cbe-5b86cde29a36 898c287950ce4916ac2d9e37e1b996cb ca14b56e744940dcb27dbfbd09b38118 - - default default] 10.0.0.101 "GET /v2.0/extensions/subnet-service-types HTTP/1.1" status: 200 len: 400 time: 0.0028923
2026-07-09 04:41:01.981 9 INFO neutron.wsgi [None req-a2ba1b74-df9a-44f5-af4d-4dc544df9e4d 898c287950ce4916ac2d9e37e1b996cb ca14b56e744940dcb27dbfbd09b38118 - - default default] 10.0.0.101 "GET /v2.0/extensions/subnet_allocation HTTP/1.1" status: 200 len: 388 time: 0.0028937
2026-07-09 04:41:01.990 9 INFO neutron.wsgi [None req-9b6b063f-55c6-4f8c-92b0-74ef817f0b5c 898c287950ce4916ac2d9e37e1b996cb ca14b56e744940dcb27dbfbd09b38118 - - default default] 10.0.0.101 "GET /v2.0/extensions/subnetpool-prefix-ops HTTP/1.1" status: 200 len: 418 time: 0.0048122
2026-07-09 04:41:02.002 10 INFO neutron.wsgi [None req-26ca1ca4-9775-4eb6-a964-b8f357ecb86c 898c287950ce4916ac2d9e37e1b996cb ca14b56e744940dcb27dbfbd09b38118 - - default default] 10.0.0.101 "GET /v2.0/extensions/standard-attr-tag HTTP/1.1" status: 200 len: 537 time: 0.0064304
2026-07-09 04:41:02.008 10 INFO neutron.wsgi [None req-06833b3e-e7ef-49a4-88d0-96448ec04b89 898c287950ce4916ac2d9e37e1b996cb ca14b56e744940dcb27dbfbd09b38118 - - default default] 10.0.0.101 "GET /v2.0/extensions/standard-attr-timestamp HTTP/1.1" status: 200 len: 449 time: 0.0031555
2026-07-09 04:41:02.019 10 INFO neutron.wsgi [None req-ca819c23-514a-4608-9874-75d63b146307 898c287950ce4916ac2d9e37e1b996cb ca14b56e744940dcb27dbfbd09b38118 - - default default] 10.0.0.101 "GET /v2.0/extensions/trunk HTTP/1.1" status: 200 len: 358 time: 0.0053558
2026-07-09 04:41:02.030 10 INFO neutron.wsgi [None req-5a3924ab-f670-4843-91e5-113473624880 898c287950ce4916ac2d9e37e1b996cb ca14b56e744940dcb27dbfbd09b38118 - - default default] 10.0.0.101 "GET /v2.0/extensions/trunk-details HTTP/1.1" status: 200 len: 362 time: 0.0060604
2026-07-09 04:41:02.178 9 INFO neutron.wsgi [None req-100bf403-3408-4752-a529-df7464ab7a4b 464ff34787074f29b1fdf571a5902b1c 67685c896bf04dd1ab561e2afb919269 - - default default] 10.0.0.101 "GET /v2.0/ports/9864693e-5900-46bb-91a1-705a5653cbcc HTTP/1.1" status: 200 len: 1149 time: 0.0325043
2026-07-09 04:41:02.557 9 INFO neutron.wsgi [req-43551ed4-ffd1-48ba-be18-e7fdfec4bc75 req-0200d65d-7046-45a3-a463-8374a4897ea9 0dc51609eaac476a858acff92530d94e 44545934062e42918cd8d64e73625f37 - - default default] 10.0.0.98 "GET /v2.0/ports?device_id=f70a2158-a1ed-425a-a6f6-f40e17c6eb68 HTTP/1.1" status: 200 len: 1168 time: 0.0407870
2026-07-09 04:41:02.617 9 INFO neutron.wsgi [req-43551ed4-ffd1-48ba-be18-e7fdfec4bc75 req-025b651d-2374-4dff-ad99-78d130295e7f 0dc51609eaac476a858acff92530d94e 44545934062e42918cd8d64e73625f37 - - default default] 10.0.0.98 "GET /v2.0/security-groups?id=83d2789d-9d81-4f80-a788-3afa264b6a65&fields=id&fields=name HTTP/1.1" status: 200 len: 312 time: 0.0525560
2026-07-09 04:41:02.781 10 INFO neutron.db.ovn_revision_numbers_db [None req-0bff6cc4-7359-4f9d-bf7a-74406af4d583 cd0aae0c2f474f2cb2c14456a301c3b4 b809e5e5db7c4170a41041cb04a8ce38 - - default default] Successfully bumped revision number for resource c47fe9e1-d84d-47b6-a842-5497057edc84 (type: security_groups) to 1
2026-07-09 04:41:02.797 10 INFO neutron.db.ovn_revision_numbers_db [None req-0bff6cc4-7359-4f9d-bf7a-74406af4d583 cd0aae0c2f474f2cb2c14456a301c3b4 b809e5e5db7c4170a41041cb04a8ce38 - - default default] Successfully bumped revision number for resource 2c2a5339-cc11-4611-895c-04ee461b3a36 (type: security_group_rules) to 0
2026-07-09 04:41:02.811 10 INFO neutron.db.ovn_revision_numbers_db [None req-0bff6cc4-7359-4f9d-bf7a-74406af4d583 cd0aae0c2f474f2cb2c14456a301c3b4 b809e5e5db7c4170a41041cb04a8ce38 - - default default] Successfully bumped revision number for resource 33c9342f-f38c-4300-b054-4c27d73652ae (type: security_group_rules) to 0
2026-07-09 04:41:02.826 10 INFO neutron.db.ovn_revision_numbers_db [None req-0bff6cc4-7359-4f9d-bf7a-74406af4d583 cd0aae0c2f474f2cb2c14456a301c3b4 b809e5e5db7c4170a41041cb04a8ce38 - - default default] Successfully bumped revision number for resource 6e5d6b02-4c73-446e-8903-b3646f204745 (type: security_group_rules) to 0
2026-07-09 04:41:02.828 9 INFO neutron.wsgi [None req-499a78c3-6893-43fe-bc00-c8d2a106ab48 464ff34787074f29b1fdf571a5902b1c 67685c896bf04dd1ab561e2afb919269 - - default default] 10.0.0.101 "PUT /v2.0/routers/e82cf3a3-50b5-4d08-85c3-029719a01047/remove_router_interface HTTP/1.1" status: 200 len: 503 time: 0.6454263 /var/lib/openstack/lib/python3.10/site-packages/pycadf/identifier.py:71: UserWarning: Invalid uuid: neutron. To ensure interoperability, identifiers should be a valid uuid. warnings.warn(('Invalid uuid: %s. To ensure interoperability, '
2026-07-09 04:41:02.845 10 INFO neutron.db.ovn_revision_numbers_db [None req-0bff6cc4-7359-4f9d-bf7a-74406af4d583 cd0aae0c2f474f2cb2c14456a301c3b4 b809e5e5db7c4170a41041cb04a8ce38 - - default default] Successfully bumped revision number for resource d7506289-f34e-460e-a4f9-bb03b5268216 (type: security_group_rules) to 0
2026-07-09 04:41:02.866 10 INFO neutron.wsgi [None req-0bff6cc4-7359-4f9d-bf7a-74406af4d583 cd0aae0c2f474f2cb2c14456a301c3b4 b809e5e5db7c4170a41041cb04a8ce38 - - default default] 10.0.0.101 "GET /v2.0/security-groups?tenant_id=ca14b56e744940dcb27dbfbd09b38118&name=default HTTP/1.1" status: 200 len: 2996 time: 0.3079784
2026-07-09 04:41:02.917 9 INFO neutron.wsgi [None req-c687e026-521e-4457-875e-fa39b6b5a575 464ff34787074f29b1fdf571a5902b1c 67685c896bf04dd1ab561e2afb919269 - - default default] 10.0.0.101 "GET /v2.0/ports/af299c01-1b5b-47b0-aef1-8f582c23afd2 HTTP/1.1" status: 200 len: 1141 time: 0.0833797
2026-07-09 04:41:03.084 9 INFO neutron.wsgi [None req-06332b2e-1760-4ee0-bd99-2cac4659e294 054d19a3d5384d0489930f4bd35f472a 8fab66f31eaf4dbfab3e844c40f57efe - - default default] 10.0.0.216 "GET /v2.0/extensions HTTP/1.1" status: 200 len: 16525 time: 0.0591707
2026-07-09 04:41:03.134 10 INFO neutron.wsgi [None req-ceea50a4-78af-4ed6-a9ce-b3734726e461 cd0aae0c2f474f2cb2c14456a301c3b4 b809e5e5db7c4170a41041cb04a8ce38 - - default default] 10.0.0.101 "DELETE /v2.0/security-groups/c47fe9e1-d84d-47b6-a842-5497057edc84 HTTP/1.1" status: 204 len: 168 time: 0.2636418
2026-07-09 04:41:03.191 9 INFO neutron.wsgi [None req-6e031704-8a4c-420d-b344-3a3c9a8e64a3 054d19a3d5384d0489930f4bd35f472a 8fab66f31eaf4dbfab3e844c40f57efe - - default default] 10.0.0.216 "GET /v2.0/quotas/8fab66f31eaf4dbfab3e844c40f57efe/details HTTP/1.1" status: 200 len: 756 time: 0.0904877
2026-07-09 04:41:03.470 10 INFO neutron.wsgi [None req-14aa4217-2d01-46aa-89a3-16398348fd79 464ff34787074f29b1fdf571a5902b1c 67685c896bf04dd1ab561e2afb919269 - - default default] 10.0.0.101 "PUT /v2.0/routers/e82cf3a3-50b5-4d08-85c3-029719a01047/remove_router_interface HTTP/1.1" status: 200 len: 503 time: 0.5483456
2026-07-09 04:41:03.500 9 INFO neutron.wsgi [None req-ba7cc207-839b-400c-a6aa-7559d29c10f9 464ff34787074f29b1fdf571a5902b1c 67685c896bf04dd1ab561e2afb919269 - - default default] 10.0.0.101 "GET /v2.0/ports?device_id=e82cf3a3-50b5-4d08-85c3-029719a01047 HTTP/1.1" status: 200 len: 205 time: 0.0229220 /var/lib/openstack/lib/python3.10/site-packages/pycadf/identifier.py:71: UserWarning: Invalid uuid: neutron. To ensure interoperability, identifiers should be a valid uuid. warnings.warn(('Invalid uuid: %s. To ensure interoperability, '
2026-07-09 04:41:03.719 10 INFO neutron.wsgi [None req-3b6932c5-1b5c-4ec0-8fcf-3e1f7d445646 464ff34787074f29b1fdf571a5902b1c 67685c896bf04dd1ab561e2afb919269 - - default default] 10.0.0.101 "DELETE /v2.0/routers/e82cf3a3-50b5-4d08-85c3-029719a01047 HTTP/1.1" status: 204 len: 168 time: 0.2119269
2026-07-09 04:41:03.733 10 INFO neutron.wsgi [req-635783fe-ae9f-4ab7-a661-eefca1c4671c req-4bf02dac-c8d1-4cd5-88b3-ba4185338386 0dc51609eaac476a858acff92530d94e 44545934062e42918cd8d64e73625f37 - - default default] 10.0.0.98 "GET /v2.0/ports?device_id=f70a2158-a1ed-425a-a6f6-f40e17c6eb68 HTTP/1.1" status: 200 len: 1168 time: 0.0385120
2026-07-09 04:41:03.782 10 INFO neutron.wsgi [req-635783fe-ae9f-4ab7-a661-eefca1c4671c req-a2938ec7-1dd4-4779-92bd-eb8ebf1a2720 0dc51609eaac476a858acff92530d94e 44545934062e42918cd8d64e73625f37 - - default default] 10.0.0.98 "GET /v2.0/security-groups?id=83d2789d-9d81-4f80-a788-3afa264b6a65&fields=id&fields=name HTTP/1.1" status: 200 len: 312 time: 0.0435450
2026-07-09 04:41:04.156 9 INFO neutron.wsgi [None req-c1e1fa6b-d9fd-45fe-a42d-dbafcf4be974 464ff34787074f29b1fdf571a5902b1c 67685c896bf04dd1ab561e2afb919269 - - default default] 10.0.0.101 "DELETE /v2.0/subnets/bd7e8011-881c-4575-bfdc-91660cb5cfbe HTTP/1.1" status: 204 len: 168 time: 0.4316583
2026-07-09 04:41:04.321 9 INFO neutron.wsgi [None req-dfcde1c8-1745-4e6f-9180-1b8a52df2504 464ff34787074f29b1fdf571a5902b1c 67685c896bf04dd1ab561e2afb919269 - - default default] 10.0.0.101 "DELETE /v2.0/subnets/09c768bb-efcb-49c1-b5d6-e06d857094f2 HTTP/1.1" status: 204 len: 168 time: 0.1598320
2026-07-09 04:41:04.624 9 INFO neutron.services.segments.plugin [-] Segment d76b503d-15e5-424d-90cc-8176357444f1 resource provider aggregate not found
2026-07-09 04:41:04.631 9 INFO neutron.services.segments.plugin [-] Segment d76b503d-15e5-424d-90cc-8176357444f1 resource provider aggregate not found
2026-07-09 04:41:04.652 9 INFO neutron.services.segments.plugin [-] Segment d76b503d-15e5-424d-90cc-8176357444f1 resource provider not found; error: Placement Client Error (4xx): {"errors": [{"status": 404, "title": "Not Found", "detail": "The resource could not be found.\n\n No resource provider with uuid d76b503d-15e5-424d-90cc-8176357444f1 found for delete ", "request_id": "req-4d2ba7ba-9356-4c53-8fb8-63630211e093"}]}
2026-07-09 04:41:04.657 9 INFO neutron.services.segments.plugin [-] Segment d76b503d-15e5-424d-90cc-8176357444f1 resource provider not found; error: Placement Client Error (4xx): {"errors": [{"status": 404, "title": "Not Found", "detail": "The resource could not be found.\n\n No resource provider with uuid d76b503d-15e5-424d-90cc-8176357444f1 found for delete ", "request_id": "req-514f592d-1ea9-4972-a17f-97de7569cb3a"}]}
2026-07-09 04:41:04.683 9 INFO neutron.wsgi [None req-58444fa0-dcf9-41f3-8aa7-1e129d988c28 464ff34787074f29b1fdf571a5902b1c 67685c896bf04dd1ab561e2afb919269 - - default default] 10.0.0.101 "DELETE /v2.0/networks/c6ee278f-71c0-4a39-a5d0-127f33a5d6b2 HTTP/1.1" status: 204 len: 168 time: 0.3571148
2026-07-09 04:41:04.878 9 INFO neutron.wsgi [req-0642a481-a135-4ceb-a603-3bee49858627 req-cdbd1439-9077-4deb-816e-a9fada08845e 0dc51609eaac476a858acff92530d94e 44545934062e42918cd8d64e73625f37 - - default default] 10.0.0.98 "GET /v2.0/ports?device_id=f70a2158-a1ed-425a-a6f6-f40e17c6eb68 HTTP/1.1" status: 200 len: 1168 time: 0.0373909
2026-07-09 04:41:04.934 9 INFO neutron.wsgi [req-0642a481-a135-4ceb-a603-3bee49858627 req-a35b7ad0-be2d-4376-aea7-5b44a4b45807 0dc51609eaac476a858acff92530d94e 44545934062e42918cd8d64e73625f37 - - default default] 10.0.0.98 "GET /v2.0/security-groups?id=83d2789d-9d81-4f80-a788-3afa264b6a65&fields=id&fields=name HTTP/1.1" status: 200 len: 312 time: 0.0503023
2026-07-09 04:41:05.074 10 INFO neutron.services.segments.plugin [-] Segment 036686c7-2457-488e-9092-f1cfbf25976a resource provider aggregate not found
2026-07-09 04:41:05.081 10 INFO neutron.services.segments.plugin [-] Segment 036686c7-2457-488e-9092-f1cfbf25976a resource provider aggregate not found
2026-07-09 04:41:05.097 10 INFO neutron.services.segments.plugin [-] Segment 036686c7-2457-488e-9092-f1cfbf25976a resource provider not found; error: Placement Client Error (4xx): {"errors": [{"status": 404, "title": "Not Found", "detail": "The resource could not be found.\n\n No resource provider with uuid 036686c7-2457-488e-9092-f1cfbf25976a found for delete ", "request_id": "req-e9f55da5-9885-4a31-b24a-a09ecc693022"}]}
2026-07-09 04:41:05.099 10 INFO neutron.services.segments.plugin [-] Segment 036686c7-2457-488e-9092-f1cfbf25976a resource provider not found; error: Placement Client Error (4xx): {"errors": [{"status": 404, "title": "Not Found", "detail": "The resource could not be found.\n\n No resource provider with uuid 036686c7-2457-488e-9092-f1cfbf25976a found for delete ", "request_id": "req-1a506f89-856d-4e59-b5ed-c98e6f339044"}]}
2026-07-09 04:41:05.117 10 INFO neutron.wsgi [None req-d336a64b-bf2b-4239-8533-a72515dd6e15 464ff34787074f29b1fdf571a5902b1c 67685c896bf04dd1ab561e2afb919269 - - default default] 10.0.0.101 "DELETE /v2.0/networks/234a108e-48e1-423f-9695-ecd54b09687f HTTP/1.1" status: 204 len: 168 time: 0.4218626
2026-07-09 04:41:05.203 10 INFO neutron.db.segments_db [None req-98e80760-6dcb-46e2-a609-acc31865a11a 464ff34787074f29b1fdf571a5902b1c 67685c896bf04dd1ab561e2afb919269 - - default default] Added segment 09725fb5-f9d2-4929-8114-c8b6faba62b0 of type geneve for network 364a25dd-0f50-479a-bac9-ce93bce68754
2026-07-09 04:41:05.330 10 INFO neutron.db.ovn_revision_numbers_db [None req-98e80760-6dcb-46e2-a609-acc31865a11a 464ff34787074f29b1fdf571a5902b1c 67685c896bf04dd1ab561e2afb919269 - - default default] Successfully bumped revision number for resource 364a25dd-0f50-479a-bac9-ce93bce68754 (type: networks) to 1
2026-07-09 04:41:05.354 9 INFO neutron.db.ovn_revision_numbers_db [None req-a40bb66c-7f93-4140-9683-d4744e4806f2 8b636706cb7f427e92cc14617d344042 f34962bcba47492798266540fa7335da - - default default] Successfully bumped revision number for resource 920bff74-c5e3-4daa-ad34-02a54103e2f9 (type: security_groups) to 1
2026-07-09 04:41:05.370 9 INFO neutron.db.ovn_revision_numbers_db [None req-a40bb66c-7f93-4140-9683-d4744e4806f2 8b636706cb7f427e92cc14617d344042 f34962bcba47492798266540fa7335da - - default default] Successfully bumped revision number for resource 187ed779-7c4f-4c3e-a059-4a85bcf2e1c3 (type: security_group_rules) to 0
2026-07-09 04:41:05.386 9 INFO neutron.db.ovn_revision_numbers_db [None req-a40bb66c-7f93-4140-9683-d4744e4806f2 8b636706cb7f427e92cc14617d344042 f34962bcba47492798266540fa7335da - - default default] Successfully bumped revision number for resource 19fe499a-1329-4a5d-907b-07cffc38b9bb (type: security_group_rules) to 0
2026-07-09 04:41:05.404 9 INFO neutron.db.ovn_revision_numbers_db [None req-a40bb66c-7f93-4140-9683-d4744e4806f2 8b636706cb7f427e92cc14617d344042 f34962bcba47492798266540fa7335da - - default default] Successfully bumped revision number for resource 71859008-f90b-4ce3-9efb-674897e0f23b (type: security_group_rules) to 0
2026-07-09 04:41:05.421 9 INFO neutron.db.ovn_revision_numbers_db [None req-a40bb66c-7f93-4140-9683-d4744e4806f2 8b636706cb7f427e92cc14617d344042 f34962bcba47492798266540fa7335da - - default default] Successfully bumped revision number for resource d8269b99-0c71-4a04-956b-4121dd48387f (type: security_group_rules) to 0
2026-07-09 04:41:05.473 9 INFO neutron.db.segments_db [None req-a40bb66c-7f93-4140-9683-d4744e4806f2 8b636706cb7f427e92cc14617d344042 f34962bcba47492798266540fa7335da - - default default] Added segment 809f08f7-935e-416e-94a2-cd86f0b0f151 of type geneve for network 64bd2017-52a3-4a64-8340-fc78f1ae00de
2026-07-09 04:41:05.498 10 WARNING neutron.scheduler.dhcp_agent_scheduler [None req-98e80760-6dcb-46e2-a609-acc31865a11a 464ff34787074f29b1fdf571a5902b1c 67685c896bf04dd1ab561e2afb919269 - - default default] No more DHCP agents
2026-07-09 04:41:05.502 10 WARNING neutron.api.rpc.agentnotifiers.dhcp_rpc_agent_api [None req-98e80760-6dcb-46e2-a609-acc31865a11a 464ff34787074f29b1fdf571a5902b1c 67685c896bf04dd1ab561e2afb919269 - - default default] Unable to schedule network 364a25dd-0f50-479a-bac9-ce93bce68754: no agents available; will retry on subsequent port and subnet creation events.
2026-07-09 04:41:05.600 10 INFO neutron.db.ovn_revision_numbers_db [None req-98e80760-6dcb-46e2-a609-acc31865a11a 464ff34787074f29b1fdf571a5902b1c 67685c896bf04dd1ab561e2afb919269 - - default default] Successfully bumped revision number for resource 7306d221-e35c-4262-9040-9ee3f56c6257 (type: ports) to 1
2026-07-09 04:41:05.627 10 INFO neutron.wsgi [None req-98e80760-6dcb-46e2-a609-acc31865a11a 464ff34787074f29b1fdf571a5902b1c 67685c896bf04dd1ab561e2afb919269 - - default default] 10.0.0.101 "POST /v2.0/networks HTTP/1.1" status: 201 len: 832 time: 0.5013354
2026-07-09 04:41:05.642 9 INFO neutron.db.ovn_revision_numbers_db [None req-a40bb66c-7f93-4140-9683-d4744e4806f2 8b636706cb7f427e92cc14617d344042 f34962bcba47492798266540fa7335da - - default default] Successfully bumped revision number for resource 64bd2017-52a3-4a64-8340-fc78f1ae00de (type: networks) to 1
2026-07-09 04:41:05.698 9 INFO neutron.wsgi [None req-a0fcbb14-d321-45a2-a853-6e96b27e7462 054d19a3d5384d0489930f4bd35f472a 8fab66f31eaf4dbfab3e844c40f57efe - - default default] 10.0.0.216 "GET /v2.0/extensions HTTP/1.1" status: 200 len: 16525 time: 0.0093277
2026-07-09 04:41:05.834 9 WARNING neutron.scheduler.dhcp_agent_scheduler [None req-a40bb66c-7f93-4140-9683-d4744e4806f2 8b636706cb7f427e92cc14617d344042 f34962bcba47492798266540fa7335da - - default default] No more DHCP agents
2026-07-09 04:41:05.836 9 WARNING neutron.api.rpc.agentnotifiers.dhcp_rpc_agent_api [None req-a40bb66c-7f93-4140-9683-d4744e4806f2 8b636706cb7f427e92cc14617d344042 f34962bcba47492798266540fa7335da - - default default] Unable to schedule network 64bd2017-52a3-4a64-8340-fc78f1ae00de: no agents available; will retry on subsequent port and subnet creation events.
2026-07-09 04:41:05.838 9 INFO neutron.wsgi [None req-35e047e9-3693-499b-89d6-a4142a7272a7 054d19a3d5384d0489930f4bd35f472a 8fab66f31eaf4dbfab3e844c40f57efe - - default default] 10.0.0.216 "GET /v2.0/quotas/8fab66f31eaf4dbfab3e844c40f57efe/details HTTP/1.1" status: 200 len: 756 time: 0.1261604
2026-07-09 04:41:05.927 9 INFO neutron.db.ovn_revision_numbers_db [None req-a40bb66c-7f93-4140-9683-d4744e4806f2 8b636706cb7f427e92cc14617d344042 f34962bcba47492798266540fa7335da - - default default] Successfully bumped revision number for resource edbccc6d-553b-4ae3-8a65-b8202620c808 (type: ports) to 1
2026-07-09 04:41:05.935 10 WARNING neutron.scheduler.dhcp_agent_scheduler [None req-e4cb6463-d6be-4ba1-a804-b4d45119caac 464ff34787074f29b1fdf571a5902b1c 67685c896bf04dd1ab561e2afb919269 - - default default] No more DHCP agents
2026-07-09 04:41:05.938 10 WARNING neutron.api.rpc.agentnotifiers.dhcp_rpc_agent_api [None req-e4cb6463-d6be-4ba1-a804-b4d45119caac 464ff34787074f29b1fdf571a5902b1c 67685c896bf04dd1ab561e2afb919269 - - default default] Unable to schedule network 364a25dd-0f50-479a-bac9-ce93bce68754: no agents available; will retry on subsequent port and subnet creation events.
2026-07-09 04:41:05.962 9 INFO neutron.wsgi [None req-a40bb66c-7f93-4140-9683-d4744e4806f2 8b636706cb7f427e92cc14617d344042 f34962bcba47492798266540fa7335da - - default default] 10.0.0.101 "POST /v2.0/networks HTTP/1.1" status: 201 len: 846 time: 0.8894718
2026-07-09 04:41:05.976 10 INFO neutron.db.ovn_revision_numbers_db [None req-e4cb6463-d6be-4ba1-a804-b4d45119caac 464ff34787074f29b1fdf571a5902b1c 67685c896bf04dd1ab561e2afb919269 - - default default] Successfully bumped revision number for resource 4925a29c-65cc-4d5b-8bf5-84cd310b5c49 (type: subnets) to 0
2026-07-09 04:41:05.994 10 INFO neutron.wsgi [None req-e4cb6463-d6be-4ba1-a804-b4d45119caac 464ff34787074f29b1fdf571a5902b1c 67685c896bf04dd1ab561e2afb919269 - - default default] 10.0.0.101 "POST /v2.0/subnets HTTP/1.1" status: 201 len: 821 time: 0.3568618
2026-07-09 04:41:06.049 10 INFO neutron.wsgi [req-a412bec0-9f3f-4970-a2cb-ef36662de08c req-6d37c9d1-9fc8-4e6a-9c04-84550ae4eaed 0dc51609eaac476a858acff92530d94e 44545934062e42918cd8d64e73625f37 - - default default] 10.0.0.98 "GET /v2.0/ports?device_id=f70a2158-a1ed-425a-a6f6-f40e17c6eb68 HTTP/1.1" status: 200 len: 1168 time: 0.0398669
2026-07-09 04:41:06.182 10 INFO neutron.wsgi [req-a412bec0-9f3f-4970-a2cb-ef36662de08c req-604dc357-7cf3-4e13-95df-30712c97966e 0dc51609eaac476a858acff92530d94e 44545934062e42918cd8d64e73625f37 - - default default] 10.0.0.98 "GET /v2.0/security-groups?id=83d2789d-9d81-4f80-a788-3afa264b6a65&fields=id&fields=name HTTP/1.1" status: 200 len: 312 time: 0.1256144
2026-07-09 04:41:06.226 10 INFO neutron.db.ovn_revision_numbers_db [None req-0399fd91-ef7a-44f8-b72a-a7a1c1aa05da 464ff34787074f29b1fdf571a5902b1c 67685c896bf04dd1ab561e2afb919269 - - default default] Successfully bumped revision number for resource 05a16cbf-fe28-4992-b96f-043a97786b2f (type: routers) to 1
2026-07-09 04:41:06.238 10 INFO neutron.wsgi [None req-0399fd91-ef7a-44f8-b72a-a7a1c1aa05da 464ff34787074f29b1fdf571a5902b1c 67685c896bf04dd1ab561e2afb919269 - - default default] 10.0.0.101 "POST /v2.0/routers HTTP/1.1" status: 201 len: 690 time: 0.2381592
2026-07-09 04:41:06.552 10 WARNING neutron.scheduler.dhcp_agent_scheduler [None req-3c99d6b5-4a51-465e-98fd-3663818d3c2f 464ff34787074f29b1fdf571a5902b1c 67685c896bf04dd1ab561e2afb919269 - - default default] No more DHCP agents
2026-07-09 04:41:06.554 10 WARNING neutron.api.rpc.agentnotifiers.dhcp_rpc_agent_api [None req-3c99d6b5-4a51-465e-98fd-3663818d3c2f 464ff34787074f29b1fdf571a5902b1c 67685c896bf04dd1ab561e2afb919269 - - default default] Unable to schedule network 364a25dd-0f50-479a-bac9-ce93bce68754: no agents available; will retry on subsequent port and subnet creation events.
2026-07-09 04:41:06.680 10 INFO neutron.db.ovn_revision_numbers_db [None req-3c99d6b5-4a51-465e-98fd-3663818d3c2f 464ff34787074f29b1fdf571a5902b1c 67685c896bf04dd1ab561e2afb919269 - - default default] Successfully bumped revision number for resource f9da4709-2b94-423c-aaec-4910ddf4a8b0 (type: ports) to 1
2026-07-09 04:41:06.706 10 INFO neutron.wsgi [None req-3c99d6b5-4a51-465e-98fd-3663818d3c2f 464ff34787074f29b1fdf571a5902b1c 67685c896bf04dd1ab561e2afb919269 - - default default] 10.0.0.101 "POST /v2.0/ports HTTP/1.1" status: 201 len: 1162 time: 0.4632609
2026-07-09 04:41:06.718 9 WARNING neutron.scheduler.dhcp_agent_scheduler [None req-1400c247-e115-4ca6-a577-0c0663587135 8b636706cb7f427e92cc14617d344042 f34962bcba47492798266540fa7335da - - default default] No more DHCP agents
2026-07-09 04:41:06.726 9 WARNING neutron.api.rpc.agentnotifiers.dhcp_rpc_agent_api [None req-1400c247-e115-4ca6-a577-0c0663587135 8b636706cb7f427e92cc14617d344042 f34962bcba47492798266540fa7335da - - default default] Unable to schedule network 64bd2017-52a3-4a64-8340-fc78f1ae00de: no agents available; will retry on subsequent port and subnet creation events.
2026-07-09 04:41:06.808 9 INFO neutron.db.ovn_revision_numbers_db [None req-1400c247-e115-4ca6-a577-0c0663587135 8b636706cb7f427e92cc14617d344042 f34962bcba47492798266540fa7335da - - default default] Successfully bumped revision number for resource 6e975922-923f-4d42-89ad-a08148427604 (type: subnets) to 0
2026-07-09 04:41:06.828 9 INFO neutron.wsgi [None req-1400c247-e115-4ca6-a577-0c0663587135 8b636706cb7f427e92cc14617d344042 f34962bcba47492798266540fa7335da - - default default] 10.0.0.101 "POST /v2.0/subnets HTTP/1.1" status: 201 len: 848 time: 0.3828721 /var/lib/openstack/lib/python3.10/site-packages/pycadf/identifier.py:71: UserWarning: Invalid uuid: neutron. To ensure interoperability, identifiers should be a valid uuid. warnings.warn(('Invalid uuid: %s. To ensure interoperability, '
2026-07-09 04:41:06.926 10 INFO neutron.db.segments_db [None req-82641f4b-7781-4ab9-bd77-a05cdc368992 8b636706cb7f427e92cc14617d344042 f34962bcba47492798266540fa7335da - - default default] Added segment f1d1ae65-72df-4ffa-a812-f40e64e0a352 of type geneve for network be455e33-93ab-4354-9a30-d529bbea294a
2026-07-09 04:41:07.069 10 INFO neutron.db.ovn_revision_numbers_db [None req-82641f4b-7781-4ab9-bd77-a05cdc368992 8b636706cb7f427e92cc14617d344042 f34962bcba47492798266540fa7335da - - default default] Successfully bumped revision number for resource be455e33-93ab-4354-9a30-d529bbea294a (type: networks) to 1
2026-07-09 04:41:07.183 9 INFO neutron.db.ovn_revision_numbers_db [None req-3f964665-62f9-4cf4-b1a8-ab558d82d107 464ff34787074f29b1fdf571a5902b1c 67685c896bf04dd1ab561e2afb919269 - - default default] Successfully bumped revision number for resource f9da4709-2b94-423c-aaec-4910ddf4a8b0 (type: router_ports) to 2
2026-07-09 04:41:07.238 10 WARNING neutron.scheduler.dhcp_agent_scheduler [None req-82641f4b-7781-4ab9-bd77-a05cdc368992 8b636706cb7f427e92cc14617d344042 f34962bcba47492798266540fa7335da - - default default] No more DHCP agents
2026-07-09 04:41:07.242 10 WARNING neutron.api.rpc.agentnotifiers.dhcp_rpc_agent_api [None req-82641f4b-7781-4ab9-bd77-a05cdc368992 8b636706cb7f427e92cc14617d344042 f34962bcba47492798266540fa7335da - - default default] Unable to schedule network be455e33-93ab-4354-9a30-d529bbea294a: no agents available; will retry on subsequent port and subnet creation events. /var/lib/openstack/lib/python3.10/site-packages/pycadf/identifier.py:71: UserWarning: Invalid uuid: neutron. To ensure interoperability, identifiers should be a valid uuid. warnings.warn(('Invalid uuid: %s. To ensure interoperability, '
2026-07-09 04:41:07.293 10 WARNING neutron.plugins.ml2.drivers.ovn.mech_driver.ovsdb.ovn_client [None req-e397f195-ee57-495a-9fa2-aa8ede6a2fcb - - - - - -] No port found with ID 9864693e-5900-46bb-91a1-705a5653cbcc: RuntimeError: No port found with ID 9864693e-5900-46bb-91a1-705a5653cbcc
2026-07-09 04:41:07.293 10 INFO neutron.plugins.ml2.drivers.ovn.mech_driver.mech_driver [None req-e397f195-ee57-495a-9fa2-aa8ede6a2fcb - - - - - -] OVN reports status up for port: 5013d5ff-e3b6-40c6-8059-0a8b83106e36
2026-07-09 04:41:07.310 10 INFO neutron.plugins.ml2.plugin [None req-e397f195-ee57-495a-9fa2-aa8ede6a2fcb - - - - - -] Attempt 1 to provision port 5013d5ff-e3b6-40c6-8059-0a8b83106e36
2026-07-09 04:41:07.331 10 INFO neutron.db.ovn_revision_numbers_db [None req-82641f4b-7781-4ab9-bd77-a05cdc368992 8b636706cb7f427e92cc14617d344042 f34962bcba47492798266540fa7335da - - default default] Successfully bumped revision number for resource 72ad65b8-7d0f-4092-adda-dab7aa1a99e0 (type: ports) to 1
2026-07-09 04:41:07.356 10 INFO neutron.wsgi [None req-82641f4b-7781-4ab9-bd77-a05cdc368992 8b636706cb7f427e92cc14617d344042 f34962bcba47492798266540fa7335da - - default default] 10.0.0.101 "POST /v2.0/networks HTTP/1.1" status: 201 len: 846 time: 0.5207500
2026-07-09 04:41:07.356 9 INFO neutron.wsgi [req-e8c1927d-dd15-401e-a81e-ac915faf2f92 req-8de9a5e1-d2fd-4a09-ab7f-3118229dd97e 0dc51609eaac476a858acff92530d94e 44545934062e42918cd8d64e73625f37 - - default default] 10.0.0.98 "GET /v2.0/ports?device_id=f70a2158-a1ed-425a-a6f6-f40e17c6eb68 HTTP/1.1" status: 200 len: 1168 time: 0.1152327
2026-07-09 04:41:07.357 9 INFO neutron.db.ovn_revision_numbers_db [None req-3f964665-62f9-4cf4-b1a8-ab558d82d107 464ff34787074f29b1fdf571a5902b1c 67685c896bf04dd1ab561e2afb919269 - - default default] Successfully bumped revision number for resource f9da4709-2b94-423c-aaec-4910ddf4a8b0 (type: ports) to 2
2026-07-09 04:41:07.418 9 INFO neutron.wsgi [req-e8c1927d-dd15-401e-a81e-ac915faf2f92 req-dbd5e50f-0d9c-4bf9-9e21-0eca93371239 0dc51609eaac476a858acff92530d94e 44545934062e42918cd8d64e73625f37 - - default default] 10.0.0.98 "GET /v2.0/security-groups?id=83d2789d-9d81-4f80-a788-3afa264b6a65&fields=id&fields=name HTTP/1.1" status: 200 len: 312 time: 0.0465083
2026-07-09 04:41:07.449 10 INFO neutron.notifiers.nova [-] Nova event matching ['req-71625d10-6ec8-44c5-aa73-66a6b601b0b0'] response: {'server_uuid': 'f70a2158-a1ed-425a-a6f6-f40e17c6eb68', 'name': 'network-vif-plugged', 'status': 'completed', 'tag': '5013d5ff-e3b6-40c6-8059-0a8b83106e36', 'code': 200}
2026-07-09 04:41:07.654 10 INFO neutron.db.ovn_revision_numbers_db [None req-c089ecfd-acc9-462f-beba-b8ec7859ef52 8b636706cb7f427e92cc14617d344042 f34962bcba47492798266540fa7335da - - default default] Successfully bumped revision number for resource be455e33-93ab-4354-9a30-d529bbea294a (type: networks) to 2
2026-07-09 04:41:07.657 10 INFO neutron.wsgi [None req-c089ecfd-acc9-462f-beba-b8ec7859ef52 8b636706cb7f427e92cc14617d344042 f34962bcba47492798266540fa7335da - - default default] 10.0.0.101 "PUT /v2.0/networks/be455e33-93ab-4354-9a30-d529bbea294a HTTP/1.1" status: 200 len: 792 time: 0.2889695
2026-07-09 04:41:07.708 10 INFO neutron.db.ovn_revision_numbers_db [None req-e397f195-ee57-495a-9fa2-aa8ede6a2fcb - - - - - -] Successfully bumped revision number for resource 5013d5ff-e3b6-40c6-8059-0a8b83106e36 (type: ports) to 4
2026-07-09 04:41:07.761 10 INFO neutron.plugins.ml2.drivers.ovn.mech_driver.mech_driver [None req-e397f195-ee57-495a-9fa2-aa8ede6a2fcb - - - - - -] OVN reports status up for port: f9da4709-2b94-423c-aaec-4910ddf4a8b0
2026-07-09 04:41:07.772 10 INFO neutron.plugins.ml2.plugin [None req-e397f195-ee57-495a-9fa2-aa8ede6a2fcb - - - - - -] Attempt 1 to provision port f9da4709-2b94-423c-aaec-4910ddf4a8b0
2026-07-09 04:41:07.964 9 INFO neutron.db.ovn_revision_numbers_db [None req-3f964665-62f9-4cf4-b1a8-ab558d82d107 464ff34787074f29b1fdf571a5902b1c 67685c896bf04dd1ab561e2afb919269 - - default default] Successfully bumped revision number for resource f9da4709-2b94-423c-aaec-4910ddf4a8b0 (type: router_ports) to 2
2026-07-09 04:41:07.987 9 WARNING neutron.scheduler.dhcp_agent_scheduler [None req-abba57af-b49f-47a3-9cb7-88772ede89a3 8b636706cb7f427e92cc14617d344042 f34962bcba47492798266540fa7335da - - default default] No more DHCP agents
2026-07-09 04:41:07.991 9 WARNING neutron.api.rpc.agentnotifiers.dhcp_rpc_agent_api [None req-abba57af-b49f-47a3-9cb7-88772ede89a3 8b636706cb7f427e92cc14617d344042 f34962bcba47492798266540fa7335da - - default default] Unable to schedule network be455e33-93ab-4354-9a30-d529bbea294a: no agents available; will retry on subsequent port and subnet creation events.
2026-07-09 04:41:08.036 9 INFO neutron.db.ovn_revision_numbers_db [None req-abba57af-b49f-47a3-9cb7-88772ede89a3 8b636706cb7f427e92cc14617d344042 f34962bcba47492798266540fa7335da - - default default] Successfully bumped revision number for resource 331ac766-5929-4e02-8665-33aaf3ecce39 (type: subnets) to 0
2026-07-09 04:41:08.054 9 INFO neutron.wsgi [None req-abba57af-b49f-47a3-9cb7-88772ede89a3 8b636706cb7f427e92cc14617d344042 f34962bcba47492798266540fa7335da - - default default] 10.0.0.101 "POST /v2.0/subnets HTTP/1.1" status: 201 len: 821 time: 0.3897734 /var/lib/openstack/lib/python3.10/site-packages/pycadf/identifier.py:71: UserWarning: Invalid uuid: neutron. To ensure interoperability, identifiers should be a valid uuid. warnings.warn(('Invalid uuid: %s. To ensure interoperability, '
2026-07-09 04:41:08.097 9 INFO neutron.db.ovn_revision_numbers_db [None req-3f964665-62f9-4cf4-b1a8-ab558d82d107 464ff34787074f29b1fdf571a5902b1c 67685c896bf04dd1ab561e2afb919269 - - default default] Successfully bumped revision number for resource f9da4709-2b94-423c-aaec-4910ddf4a8b0 (type: ports) to 2
2026-07-09 04:41:08.206 9 WARNING neutron.scheduler.dhcp_agent_scheduler [None req-3f964665-62f9-4cf4-b1a8-ab558d82d107 464ff34787074f29b1fdf571a5902b1c 67685c896bf04dd1ab561e2afb919269 - - default default] No more DHCP agents
2026-07-09 04:41:08.207 9 WARNING neutron.api.rpc.agentnotifiers.dhcp_rpc_agent_api [None req-3f964665-62f9-4cf4-b1a8-ab558d82d107 464ff34787074f29b1fdf571a5902b1c 67685c896bf04dd1ab561e2afb919269 - - default default] Unable to schedule network 364a25dd-0f50-479a-bac9-ce93bce68754: no agents available; will retry on subsequent port and subnet creation events.
2026-07-09 04:41:08.264 10 INFO neutron.db.ovn_revision_numbers_db [None req-e397f195-ee57-495a-9fa2-aa8ede6a2fcb - - - - - -] Successfully bumped revision number for resource f9da4709-2b94-423c-aaec-4910ddf4a8b0 (type: ports) to 3
2026-07-09 04:41:08.376 10 INFO neutron.db.ovn_revision_numbers_db [None req-e397f195-ee57-495a-9fa2-aa8ede6a2fcb - - - - - -] Successfully bumped revision number for resource f9da4709-2b94-423c-aaec-4910ddf4a8b0 (type: router_ports) to 3
2026-07-09 04:41:08.428 9 INFO neutron.db.ovn_revision_numbers_db [None req-3f964665-62f9-4cf4-b1a8-ab558d82d107 464ff34787074f29b1fdf571a5902b1c 67685c896bf04dd1ab561e2afb919269 - - default default] Successfully bumped revision number for resource f9da4709-2b94-423c-aaec-4910ddf4a8b0 (type: router_ports) to 3
2026-07-09 04:41:08.430 9 INFO neutron.wsgi [None req-3f964665-62f9-4cf4-b1a8-ab558d82d107 464ff34787074f29b1fdf571a5902b1c 67685c896bf04dd1ab561e2afb919269 - - default default] 10.0.0.101 "PUT /v2.0/routers/05a16cbf-fe28-4992-b96f-043a97786b2f/add_router_interface HTTP/1.1" status: 200 len: 503 time: 1.7146509 /var/lib/openstack/lib/python3.10/site-packages/pycadf/identifier.py:71: UserWarning: Invalid uuid: neutron. To ensure interoperability, identifiers should be a valid uuid. warnings.warn(('Invalid uuid: %s. To ensure interoperability, '
2026-07-09 04:41:08.477 10 INFO neutron.wsgi [None req-4d27b184-4b1c-440d-b786-6ab6257be091 464ff34787074f29b1fdf571a5902b1c 67685c896bf04dd1ab561e2afb919269 - - default default] 10.0.0.101 "GET /v2.0/ports/f9da4709-2b94-423c-aaec-4910ddf4a8b0 HTTP/1.1" status: 200 len: 1220 time: 0.0334768
2026-07-09 04:41:08.512 9 INFO neutron.wsgi [req-50b89071-e694-49b9-9688-ece4644bc9bd req-97e25eb9-64fe-4d6f-b7eb-b7b03189fe72 0dc51609eaac476a858acff92530d94e 44545934062e42918cd8d64e73625f37 - - default default] 10.0.0.98 "GET /v2.0/ports?device_id=f70a2158-a1ed-425a-a6f6-f40e17c6eb68 HTTP/1.1" status: 200 len: 1170 time: 0.0325668
2026-07-09 04:41:08.560 9 INFO neutron.wsgi [req-50b89071-e694-49b9-9688-ece4644bc9bd req-6a538a40-a6fa-45e7-b1fb-590ff43b582e 0dc51609eaac476a858acff92530d94e 44545934062e42918cd8d64e73625f37 - - default default] 10.0.0.98 "GET /v2.0/security-groups?id=83d2789d-9d81-4f80-a788-3afa264b6a65&fields=id&fields=name HTTP/1.1" status: 200 len: 312 time: 0.0424161 /var/lib/openstack/lib/python3.10/site-packages/pycadf/identifier.py:71: UserWarning: Invalid uuid: neutron. To ensure interoperability, identifiers should be a valid uuid. warnings.warn(('Invalid uuid: %s. To ensure interoperability, ' /var/lib/openstack/lib/python3.10/site-packages/pycadf/identifier.py:71: UserWarning: Invalid uuid: neutron. To ensure interoperability, identifiers should be a valid uuid. warnings.warn(('Invalid uuid: %s. To ensure interoperability, '
2026-07-09 04:41:08.776 10 INFO neutron.wsgi [req-983b0e78-5e0c-4a17-8340-e7b6cc37d734 req-5d181173-741b-45b2-8f54-ffa73fa33c9f 0dc51609eaac476a858acff92530d94e 44545934062e42918cd8d64e73625f37 - - default default] 10.0.0.98 "GET /v2.0/ports?device_id=f70a2158-a1ed-425a-a6f6-f40e17c6eb68 HTTP/1.1" status: 200 len: 1170 time: 0.1491551
2026-07-09 04:41:08.786 10 INFO neutron.db.ovn_revision_numbers_db [None req-1c1d8580-971e-4603-8936-a8c98e53bbde cd0aae0c2f474f2cb2c14456a301c3b4 b809e5e5db7c4170a41041cb04a8ce38 - - default default] Successfully bumped revision number for resource 9063008c-3e1e-4951-9365-513b06e85c02 (type: security_groups) to 1
2026-07-09 04:41:08.835 10 INFO neutron.db.ovn_revision_numbers_db [None req-1c1d8580-971e-4603-8936-a8c98e53bbde cd0aae0c2f474f2cb2c14456a301c3b4 b809e5e5db7c4170a41041cb04a8ce38 - - default default] Successfully bumped revision number for resource 33919079-590c-4dc3-987e-2c3b42182739 (type: security_group_rules) to 0
2026-07-09 04:41:08.875 10 INFO neutron.db.ovn_revision_numbers_db [None req-1c1d8580-971e-4603-8936-a8c98e53bbde cd0aae0c2f474f2cb2c14456a301c3b4 b809e5e5db7c4170a41041cb04a8ce38 - - default default] Successfully bumped revision number for resource a0e57d70-6197-4cef-a12b-e8fa7d280299 (type: security_group_rules) to 0
2026-07-09 04:41:08.913 10 INFO neutron.db.ovn_revision_numbers_db [None req-1c1d8580-971e-4603-8936-a8c98e53bbde cd0aae0c2f474f2cb2c14456a301c3b4 b809e5e5db7c4170a41041cb04a8ce38 - - default default] Successfully bumped revision number for resource d1d2c157-940e-4bcb-9466-d46fac3752b6 (type: security_group_rules) to 0
2026-07-09 04:41:08.960 10 INFO neutron.db.ovn_revision_numbers_db [None req-1c1d8580-971e-4603-8936-a8c98e53bbde cd0aae0c2f474f2cb2c14456a301c3b4 b809e5e5db7c4170a41041cb04a8ce38 - - default default] Successfully bumped revision number for resource dd670513-9519-4167-ab33-e8ce42997190 (type: security_group_rules) to 0
2026-07-09 04:41:09.003 10 INFO neutron.wsgi [None req-1c1d8580-971e-4603-8936-a8c98e53bbde cd0aae0c2f474f2cb2c14456a301c3b4 b809e5e5db7c4170a41041cb04a8ce38 - - default default] 10.0.0.101 "GET /v2.0/security-groups?tenant_id=8fab66f31eaf4dbfab3e844c40f57efe&name=default HTTP/1.1" status: 200 len: 2996 time: 0.5502236
2026-07-09 04:41:09.087 9 INFO neutron.db.ovn_revision_numbers_db [None req-1784ed98-6b27-4025-8963-984d4932b67b 8b636706cb7f427e92cc14617d344042 f34962bcba47492798266540fa7335da - - default default] Successfully bumped revision number for resource 72ad65b8-7d0f-4092-adda-dab7aa1a99e0 (type: ports) to 2
2026-07-09 04:41:09.105 10 INFO neutron.db.l3_db [None req-455f79ba-d457-4530-9c54-040177d49c15 0dc51609eaac476a858acff92530d94e 44545934062e42918cd8d64e73625f37 - - default default] Floating IP 8b2afee8-57b5-4d3b-b24c-c3bcfd7c1f0d associated. External IP: 10.96.250.206, port: 5013d5ff-e3b6-40c6-8059-0a8b83106e36.
2026-07-09 04:41:09.138 9 INFO neutron.db.ovn_revision_numbers_db [None req-1784ed98-6b27-4025-8963-984d4932b67b 8b636706cb7f427e92cc14617d344042 f34962bcba47492798266540fa7335da - - default default] Successfully bumped revision number for resource 331ac766-5929-4e02-8665-33aaf3ecce39 (type: subnets) to 1
2026-07-09 04:41:09.142 9 INFO neutron.wsgi [None req-1784ed98-6b27-4025-8963-984d4932b67b 8b636706cb7f427e92cc14617d344042 f34962bcba47492798266540fa7335da - - default default] 10.0.0.101 "PUT /v2.0/subnets/331ac766-5929-4e02-8665-33aaf3ecce39 HTTP/1.1" status: 200 len: 826 time: 1.0783575
2026-07-09 04:41:09.251 9 INFO neutron.wsgi [None req-f175bebd-a3b0-446b-afc0-186c392f8606 cd0aae0c2f474f2cb2c14456a301c3b4 b809e5e5db7c4170a41041cb04a8ce38 - - default default] 10.0.0.101 "DELETE /v2.0/security-groups/9063008c-3e1e-4951-9365-513b06e85c02 HTTP/1.1" status: 204 len: 168 time: 0.2408195
2026-07-09 04:41:09.393 10 INFO neutron.wsgi [None req-3f15d722-8da6-4990-a3fb-093f716d2be6 464ff34787074f29b1fdf571a5902b1c 67685c896bf04dd1ab561e2afb919269 - - default default] 10.0.0.101 "PUT /v2.0/routers/05a16cbf-fe28-4992-b96f-043a97786b2f/remove_router_interface HTTP/1.1" status: 200 len: 503 time: 0.9111264
2026-07-09 04:41:09.468 10 INFO neutron.db.ovn_revision_numbers_db [None req-455f79ba-d457-4530-9c54-040177d49c15 0dc51609eaac476a858acff92530d94e 44545934062e42918cd8d64e73625f37 - - default default] Successfully bumped revision number for resource 8b2afee8-57b5-4d3b-b24c-c3bcfd7c1f0d (type: floatingips) to 1
2026-07-09 04:41:09.481 9 INFO neutron.api.v2.resource [None req-1a6aedb6-d625-412d-92e9-94880dc0be93 464ff34787074f29b1fdf571a5902b1c 67685c896bf04dd1ab561e2afb919269 - - default default] remove_router_interface failed (client error): The resource could not be found.
2026-07-09 04:41:09.482 9 INFO neutron.wsgi [None req-1a6aedb6-d625-412d-92e9-94880dc0be93 464ff34787074f29b1fdf571a5902b1c 67685c896bf04dd1ab561e2afb919269 - - default default] 10.0.0.101 "PUT /v2.0/routers/05a16cbf-fe28-4992-b96f-043a97786b2f/remove_router_interface HTTP/1.1" status: 404 len: 398 time: 0.0823388
2026-07-09 04:41:09.524 10 INFO neutron.notifiers.nova [-] Nova event matching ['req-fd7061d4-9b46-4a6a-9fd0-a8e1f50dfec2'] response: {'server_uuid': 'f70a2158-a1ed-425a-a6f6-f40e17c6eb68', 'name': 'network-vif-plugged', 'status': 'completed', 'tag': '5013d5ff-e3b6-40c6-8059-0a8b83106e36', 'code': 200}
2026-07-09 04:41:09.528 9 INFO neutron.wsgi [None req-808d2e80-b35c-4529-8aa8-4b87e4da0359 464ff34787074f29b1fdf571a5902b1c 67685c896bf04dd1ab561e2afb919269 - - default default] 10.0.0.101 "GET /v2.0/ports?device_id=05a16cbf-fe28-4992-b96f-043a97786b2f HTTP/1.1" status: 200 len: 205 time: 0.0344853
2026-07-09 04:41:09.646 10 INFO neutron.db.ovn_revision_numbers_db [None req-455f79ba-d457-4530-9c54-040177d49c15 0dc51609eaac476a858acff92530d94e 44545934062e42918cd8d64e73625f37 - - default default] Successfully bumped revision number for resource 8b2afee8-57b5-4d3b-b24c-c3bcfd7c1f0d (type: floatingips) to 2
2026-07-09 04:41:09.685 10 INFO neutron.wsgi [None req-455f79ba-d457-4530-9c54-040177d49c15 0dc51609eaac476a858acff92530d94e 44545934062e42918cd8d64e73625f37 - - default default] 10.0.0.101 "PUT /v2.0/floatingips/8b2afee8-57b5-4d3b-b24c-c3bcfd7c1f0d HTTP/1.1" status: 200 len: 1049 time: 0.8896019 /var/lib/openstack/lib/python3.10/site-packages/pycadf/identifier.py:71: UserWarning: Invalid uuid: neutron. To ensure interoperability, identifiers should be a valid uuid. warnings.warn(('Invalid uuid: %s. To ensure interoperability, '
2026-07-09 04:41:09.765 9 INFO neutron.wsgi [None req-1567406b-1693-404e-8bb7-6bff60aaf3e4 464ff34787074f29b1fdf571a5902b1c 67685c896bf04dd1ab561e2afb919269 - - default default] 10.0.0.101 "DELETE /v2.0/routers/05a16cbf-fe28-4992-b96f-043a97786b2f HTTP/1.1" status: 204 len: 168 time: 0.2299232
2026-07-09 04:41:09.772 10 INFO neutron.wsgi [req-f63bea04-3100-47dd-9c49-a5b7dfff2e4a req-a72f22d3-3aa9-4d67-9efb-a0cc034dcf25 0dc51609eaac476a858acff92530d94e 44545934062e42918cd8d64e73625f37 - - default default] 10.0.0.98 "GET /v2.0/ports?device_id=f70a2158-a1ed-425a-a6f6-f40e17c6eb68 HTTP/1.1" status: 200 len: 1170 time: 0.0434632
2026-07-09 04:41:09.841 10 INFO neutron.wsgi [req-f63bea04-3100-47dd-9c49-a5b7dfff2e4a req-66779767-55ed-47fd-9d71-fa0cab7788d3 0dc51609eaac476a858acff92530d94e 44545934062e42918cd8d64e73625f37 - - default default] 10.0.0.98 "GET /v2.0/security-groups?id=83d2789d-9d81-4f80-a788-3afa264b6a65&fields=id&fields=name HTTP/1.1" status: 200 len: 312 time: 0.0610864
2026-07-09 04:41:09.920 10 INFO neutron.services.segments.plugin [-] Segment f1d1ae65-72df-4ffa-a812-f40e64e0a352 resource provider aggregate not found
2026-07-09 04:41:09.924 10 INFO neutron.services.segments.plugin [-] Segment f1d1ae65-72df-4ffa-a812-f40e64e0a352 resource provider aggregate not found
2026-07-09 04:41:09.942 10 INFO neutron.services.segments.plugin [-] Segment f1d1ae65-72df-4ffa-a812-f40e64e0a352 resource provider not found; error: Placement Client Error (4xx): {"errors": [{"status": 404, "title": "Not Found", "detail": "The resource could not be found.\n\n No resource provider with uuid f1d1ae65-72df-4ffa-a812-f40e64e0a352 found for delete ", "request_id": "req-f8d4623d-53b7-49ff-9290-551512942332"}]}
2026-07-09 04:41:09.951 10 INFO neutron.services.segments.plugin [-] Segment f1d1ae65-72df-4ffa-a812-f40e64e0a352 resource provider not found; error: Placement Client Error (4xx): {"errors": [{"status": 404, "title": "Not Found", "detail": "The resource could not be found.\n\n No resource provider with uuid f1d1ae65-72df-4ffa-a812-f40e64e0a352 found for delete ", "request_id": "req-2fe434cf-73e4-4c1f-8b44-9cec1b986091"}]}
2026-07-09 04:41:09.963 10 INFO neutron.wsgi [None req-e8d0f824-6cc1-47e0-984d-faf8b1979a10 8b636706cb7f427e92cc14617d344042 f34962bcba47492798266540fa7335da - - default default] 10.0.0.101 "DELETE /v2.0/networks/be455e33-93ab-4354-9a30-d529bbea294a HTTP/1.1" status: 204 len: 168 time: 0.8132970
2026-07-09 04:41:09.973 9 INFO neutron.wsgi [None req-44640ed3-33f8-4ce6-897f-3fe4c2403e54 464ff34787074f29b1fdf571a5902b1c 67685c896bf04dd1ab561e2afb919269 - - default default] 10.0.0.101 "DELETE /v2.0/subnets/4925a29c-65cc-4d5b-8bf5-84cd310b5c49 HTTP/1.1" status: 204 len: 168 time: 0.2018406
2026-07-09 04:41:09.984 10 INFO neutron.pecan_wsgi.hooks.translation [None req-bc3e9fc5-4899-4e95-9ee4-b6b15d8cf7b2 8b636706cb7f427e92cc14617d344042 f34962bcba47492798266540fa7335da - - default default] DELETE failed (client error): The resource could not be found.
2026-07-09 04:41:09.986 10 INFO neutron.wsgi [None req-bc3e9fc5-4899-4e95-9ee4-b6b15d8cf7b2 8b636706cb7f427e92cc14617d344042 f34962bcba47492798266540fa7335da - - default default] 10.0.0.101 "DELETE /v2.0/networks/be455e33-93ab-4354-9a30-d529bbea294a HTTP/1.1" status: 404 len: 339 time: 0.0171776
