2026-07-09 04:41:25.255 9 INFO neutron.db.ovn_revision_numbers_db [None req-975efc97-c56d-43dc-b373-cb55ea0a290c 9d60f4f62bd041e49f0af345145425a7 071ad8aedf9841c1b0d50ac603f4e9da - - default default] Successfully bumped revision number for resource 2c00ec99-a1de-4e46-a21d-17ff201cf4a1 (type: security_group_rules) to 0
2026-07-09 04:41:25.275 9 INFO neutron.db.ovn_revision_numbers_db [None req-975efc97-c56d-43dc-b373-cb55ea0a290c 9d60f4f62bd041e49f0af345145425a7 071ad8aedf9841c1b0d50ac603f4e9da - - default default] Successfully bumped revision number for resource 755efe8c-bad0-4cf3-8767-d63304577ec9 (type: security_group_rules) to 0
2026-07-09 04:41:25.296 9 INFO neutron.db.ovn_revision_numbers_db [None req-975efc97-c56d-43dc-b373-cb55ea0a290c 9d60f4f62bd041e49f0af345145425a7 071ad8aedf9841c1b0d50ac603f4e9da - - default default] Successfully bumped revision number for resource c11da941-a104-484e-8e1a-6f6b581a4517 (type: security_group_rules) to 0
2026-07-09 04:41:25.314 9 INFO neutron.db.ovn_revision_numbers_db [None req-975efc97-c56d-43dc-b373-cb55ea0a290c 9d60f4f62bd041e49f0af345145425a7 071ad8aedf9841c1b0d50ac603f4e9da - - default default] Successfully bumped revision number for resource f751fab9-29c8-4f00-87dd-62638bdb0c5b (type: security_group_rules) to 0
2026-07-09 04:41:25.338 10 INFO neutron.db.ovn_revision_numbers_db [None req-aeb64446-e90a-48eb-9597-9240df70cf41 3021d9550f2b443791f6a201bea34a83 101861380e014523bc1e0b9e644e22f3 - - default default] Successfully bumped revision number for resource 10e3396f-148f-4b4c-9575-18efb0348155 (type: security_group_rules) to 0
2026-07-09 04:41:25.360 10 INFO neutron.wsgi [None req-aeb64446-e90a-48eb-9597-9240df70cf41 3021d9550f2b443791f6a201bea34a83 101861380e014523bc1e0b9e644e22f3 - - default default] 10.0.0.101 "POST /v2.0/security-group-rules HTTP/1.1" status: 201 len: 768 time: 0.1444044
2026-07-09 04:41:25.394 9 INFO neutron.db.segments_db [None req-975efc97-c56d-43dc-b373-cb55ea0a290c 9d60f4f62bd041e49f0af345145425a7 071ad8aedf9841c1b0d50ac603f4e9da - - default default] Added segment 2f39b0e9-4b7b-4f50-8bf2-7a97ad9c16a6 of type geneve for network 885d77d4-3c3c-4a7c-bfa2-67c9bd0ac1dc
2026-07-09 04:41:25.402 10 INFO neutron.wsgi [None req-94ff0a5e-5bf0-415e-a381-45709427417b 3021d9550f2b443791f6a201bea34a83 101861380e014523bc1e0b9e644e22f3 - - default default] 10.0.0.101 "GET /v2.0/security-group-rules/10e3396f-148f-4b4c-9575-18efb0348155 HTTP/1.1" status: 200 len: 763 time: 0.0383575
2026-07-09 04:41:25.455 10 INFO neutron.wsgi [None req-9529b4a7-6d10-4caf-bdd8-baac492df4ea 3021d9550f2b443791f6a201bea34a83 101861380e014523bc1e0b9e644e22f3 - - default default] 10.0.0.101 "GET /v2.0/security-group-rules HTTP/1.1" status: 200 len: 4113 time: 0.0481911
2026-07-09 04:41:25.554 9 INFO neutron.db.ovn_revision_numbers_db [None req-975efc97-c56d-43dc-b373-cb55ea0a290c 9d60f4f62bd041e49f0af345145425a7 071ad8aedf9841c1b0d50ac603f4e9da - - default default] Successfully bumped revision number for resource 885d77d4-3c3c-4a7c-bfa2-67c9bd0ac1dc (type: networks) to 1
2026-07-09 04:41:25.586 10 INFO neutron.wsgi [None req-7f053258-497d-4589-943a-2ae9161f9995 3021d9550f2b443791f6a201bea34a83 101861380e014523bc1e0b9e644e22f3 - - default default] 10.0.0.101 "DELETE /v2.0/security-group-rules/10e3396f-148f-4b4c-9575-18efb0348155 HTTP/1.1" status: 204 len: 168 time: 0.1262660
2026-07-09 04:41:25.635 10 INFO neutron.wsgi [None req-3480b620-d5fd-47dc-bd38-4e597a98a266 3021d9550f2b443791f6a201bea34a83 101861380e014523bc1e0b9e644e22f3 - - default default] 10.0.0.101 "GET /v2.0/security-group-rules HTTP/1.1" status: 200 len: 3567 time: 0.0418000
2026-07-09 04:41:25.688 10 INFO neutron.db.ovn_revision_numbers_db [None req-c1b579f1-6d81-41a1-af3c-0935b362f4d8 4427ddf4a9434e43b121b9c4ac9d73c8 0edfaf6d1d89410f8bda80dfd8aa3dc7 - - default default] Successfully bumped revision number for resource 6a9668c8-4e82-454c-927a-abce80ef9d26 (type: security_groups) to 1
2026-07-09 04:41:25.704 10 INFO neutron.db.ovn_revision_numbers_db [None req-c1b579f1-6d81-41a1-af3c-0935b362f4d8 4427ddf4a9434e43b121b9c4ac9d73c8 0edfaf6d1d89410f8bda80dfd8aa3dc7 - - default default] Successfully bumped revision number for resource 5da0cad6-3ca3-4411-a319-1910bdfbba49 (type: security_group_rules) to 0
2026-07-09 04:41:25.723 10 INFO neutron.db.ovn_revision_numbers_db [None req-c1b579f1-6d81-41a1-af3c-0935b362f4d8 4427ddf4a9434e43b121b9c4ac9d73c8 0edfaf6d1d89410f8bda80dfd8aa3dc7 - - default default] Successfully bumped revision number for resource ea9e17f5-b24b-4006-84de-b8c0244a1b8f (type: security_group_rules) to 0
2026-07-09 04:41:25.749 10 INFO neutron.wsgi [None req-c1b579f1-6d81-41a1-af3c-0935b362f4d8 4427ddf4a9434e43b121b9c4ac9d73c8 0edfaf6d1d89410f8bda80dfd8aa3dc7 - - default default] 10.0.0.101 "POST /v2.0/security-groups HTTP/1.1" status: 201 len: 1796 time: 0.2105756
2026-07-09 04:41:25.796 9 WARNING neutron.scheduler.dhcp_agent_scheduler [None req-975efc97-c56d-43dc-b373-cb55ea0a290c 9d60f4f62bd041e49f0af345145425a7 071ad8aedf9841c1b0d50ac603f4e9da - - default default] No more DHCP agents
2026-07-09 04:41:25.800 9 WARNING neutron.api.rpc.agentnotifiers.dhcp_rpc_agent_api [None req-975efc97-c56d-43dc-b373-cb55ea0a290c 9d60f4f62bd041e49f0af345145425a7 071ad8aedf9841c1b0d50ac603f4e9da - - default default] Unable to schedule network 885d77d4-3c3c-4a7c-bfa2-67c9bd0ac1dc: no agents available; will retry on subsequent port and subnet creation events.
2026-07-09 04:41:25.877 9 INFO neutron.db.ovn_revision_numbers_db [None req-c76d2499-03b5-455c-a571-ba726b979fb6 3021d9550f2b443791f6a201bea34a83 101861380e014523bc1e0b9e644e22f3 - - default default] Successfully bumped revision number for resource a2b2e9cc-da2d-4da8-9f53-06698566a95d (type: security_group_rules) to 0
2026-07-09 04:41:25.916 9 INFO neutron.wsgi [None req-c76d2499-03b5-455c-a571-ba726b979fb6 3021d9550f2b443791f6a201bea34a83 101861380e014523bc1e0b9e644e22f3 - - default default] 10.0.0.101 "POST /v2.0/security-group-rules HTTP/1.1" status: 201 len: 768 time: 0.2762926
2026-07-09 04:41:25.932 9 INFO neutron.db.ovn_revision_numbers_db [None req-975efc97-c56d-43dc-b373-cb55ea0a290c 9d60f4f62bd041e49f0af345145425a7 071ad8aedf9841c1b0d50ac603f4e9da - - default default] Successfully bumped revision number for resource d0371449-9274-4b12-94b7-c3d790a86944 (type: ports) to 1
2026-07-09 04:41:25.945 9 INFO neutron.wsgi [None req-dce94e36-2d31-4e82-83a8-00eca3ff7f0f 3021d9550f2b443791f6a201bea34a83 101861380e014523bc1e0b9e644e22f3 - - default default] 10.0.0.101 "GET /v2.0/security-group-rules/a2b2e9cc-da2d-4da8-9f53-06698566a95d HTTP/1.1" status: 200 len: 763 time: 0.0198112
2026-07-09 04:41:25.962 9 INFO neutron.wsgi [None req-975efc97-c56d-43dc-b373-cb55ea0a290c 9d60f4f62bd041e49f0af345145425a7 071ad8aedf9841c1b0d50ac603f4e9da - - default default] 10.0.0.101 "POST /v2.0/networks HTTP/1.1" status: 201 len: 847 time: 1.1130733
2026-07-09 04:41:25.976 9 INFO neutron.db.ovn_revision_numbers_db [None req-b5cbc4cb-a476-4b92-ad97-39e2ef68b33b 4427ddf4a9434e43b121b9c4ac9d73c8 0edfaf6d1d89410f8bda80dfd8aa3dc7 - - default default] Successfully bumped revision number for resource c063f190-7ba3-45aa-a930-03404962a3c1 (type: security_group_rules) to 0
2026-07-09 04:41:25.994 10 INFO neutron.wsgi [None req-5e878c3e-3844-437f-9f4f-7ba9ffc44a0a 3021d9550f2b443791f6a201bea34a83 101861380e014523bc1e0b9e644e22f3 - - default default] 10.0.0.101 "GET /v2.0/security-group-rules HTTP/1.1" status: 200 len: 4113 time: 0.0408692
2026-07-09 04:41:26.021 9 INFO neutron.wsgi [None req-b5cbc4cb-a476-4b92-ad97-39e2ef68b33b 4427ddf4a9434e43b121b9c4ac9d73c8 0edfaf6d1d89410f8bda80dfd8aa3dc7 - - default default] 10.0.0.101 "POST /v2.0/security-group-rules HTTP/1.1" status: 201 len: 764 time: 0.2654574
2026-07-09 04:41:26.151 10 INFO neutron.wsgi [None req-7214b81e-75ce-415f-88f8-966c13ad43d8 3021d9550f2b443791f6a201bea34a83 101861380e014523bc1e0b9e644e22f3 - - default default] 10.0.0.101 "DELETE /v2.0/security-group-rules/a2b2e9cc-da2d-4da8-9f53-06698566a95d HTTP/1.1" status: 204 len: 168 time: 0.1501596
2026-07-09 04:41:26.170 10 INFO neutron.db.ovn_revision_numbers_db [None req-aa0f3f6e-2caf-4977-b282-b5380511c517 4427ddf4a9434e43b121b9c4ac9d73c8 0edfaf6d1d89410f8bda80dfd8aa3dc7 - - default default] Successfully bumped revision number for resource 125540f2-340b-4ff2-8bc1-d31ca8519cb9 (type: security_group_rules) to 0
2026-07-09 04:41:26.187 9 WARNING neutron.scheduler.dhcp_agent_scheduler [None req-b2ffef42-a9c5-40d8-b530-546ec658b942 9d60f4f62bd041e49f0af345145425a7 071ad8aedf9841c1b0d50ac603f4e9da - - default default] No more DHCP agents
2026-07-09 04:41:26.190 9 WARNING neutron.api.rpc.agentnotifiers.dhcp_rpc_agent_api [None req-b2ffef42-a9c5-40d8-b530-546ec658b942 9d60f4f62bd041e49f0af345145425a7 071ad8aedf9841c1b0d50ac603f4e9da - - default default] Unable to schedule network 885d77d4-3c3c-4a7c-bfa2-67c9bd0ac1dc: no agents available; will retry on subsequent port and subnet creation events.
2026-07-09 04:41:26.195 10 INFO neutron.wsgi [None req-d1a6c3f1-47f1-4c14-a1c8-1f71b0be7eca 3021d9550f2b443791f6a201bea34a83 101861380e014523bc1e0b9e644e22f3 - - default default] 10.0.0.101 "GET /v2.0/security-group-rules HTTP/1.1" status: 200 len: 3567 time: 0.0380192
2026-07-09 04:41:26.198 10 INFO neutron.wsgi [None req-aa0f3f6e-2caf-4977-b282-b5380511c517 4427ddf4a9434e43b121b9c4ac9d73c8 0edfaf6d1d89410f8bda80dfd8aa3dc7 - - default default] 10.0.0.101 "POST /v2.0/security-group-rules HTTP/1.1" status: 201 len: 769 time: 0.1713355 /var/lib/openstack/lib/python3.10/site-packages/pycadf/identifier.py:71: UserWarning: Invalid uuid: neutron. To ensure interoperability, identifiers should be a valid uuid. warnings.warn(('Invalid uuid: %s. To ensure interoperability, '
2026-07-09 04:41:26.294 9 INFO neutron.db.ovn_revision_numbers_db [None req-b2ffef42-a9c5-40d8-b530-546ec658b942 9d60f4f62bd041e49f0af345145425a7 071ad8aedf9841c1b0d50ac603f4e9da - - default default] Successfully bumped revision number for resource c001d61c-d5bc-430b-ae6f-ed35a1de98d3 (type: ports) to 1
2026-07-09 04:41:26.296 10 INFO neutron.db.ovn_revision_numbers_db [None req-c1143438-8989-4cdf-a628-bc4c3b52145e 3021d9550f2b443791f6a201bea34a83 101861380e014523bc1e0b9e644e22f3 - - default default] Successfully bumped revision number for resource 13ac81a6-3d94-44a0-855e-93036c6ec261 (type: security_group_rules) to 0
2026-07-09 04:41:26.317 10 INFO neutron.wsgi [None req-c1143438-8989-4cdf-a628-bc4c3b52145e 3021d9550f2b443791f6a201bea34a83 101861380e014523bc1e0b9e644e22f3 - - default default] 10.0.0.101 "POST /v2.0/security-group-rules HTTP/1.1" status: 201 len: 769 time: 0.1180217
2026-07-09 04:41:26.325 9 INFO neutron.wsgi [None req-b2ffef42-a9c5-40d8-b530-546ec658b942 9d60f4f62bd041e49f0af345145425a7 071ad8aedf9841c1b0d50ac603f4e9da - - default default] 10.0.0.101 "POST /v2.0/ports HTTP/1.1" status: 201 len: 978 time: 0.3568521
2026-07-09 04:41:26.335 10 INFO neutron.wsgi [None req-15240c39-7e21-4f9e-93b7-bfb4ea18940e 3021d9550f2b443791f6a201bea34a83 101861380e014523bc1e0b9e644e22f3 - - default default] 10.0.0.101 "GET /v2.0/security-group-rules/13ac81a6-3d94-44a0-855e-93036c6ec261 HTTP/1.1" status: 200 len: 764 time: 0.0129950
2026-07-09 04:41:26.380 10 INFO neutron.wsgi [None req-af36cccd-9297-4df0-ae0f-9fba89f84c3f 3021d9550f2b443791f6a201bea34a83 101861380e014523bc1e0b9e644e22f3 - - default default] 10.0.0.101 "GET /v2.0/security-group-rules HTTP/1.1" status: 200 len: 4114 time: 0.0413599
2026-07-09 04:41:26.429 9 INFO neutron.db.segments_db [None req-029a4bcd-5d07-4c0c-a0e9-88983fe6511b 9d60f4f62bd041e49f0af345145425a7 071ad8aedf9841c1b0d50ac603f4e9da - - default default] Added segment 7d273f3d-9e45-4729-9ab8-2201216e10ea of type geneve for network d0dab87e-07ab-4e5c-8acc-1a2f0b8b8256
2026-07-09 04:41:26.490 10 INFO neutron.wsgi [None req-3f9e0485-4e86-4946-af07-7aa496b1f7ac 3021d9550f2b443791f6a201bea34a83 101861380e014523bc1e0b9e644e22f3 - - default default] 10.0.0.101 "DELETE /v2.0/security-group-rules/13ac81a6-3d94-44a0-855e-93036c6ec261 HTTP/1.1" status: 204 len: 168 time: 0.1022127
2026-07-09 04:41:26.527 10 INFO neutron.wsgi [None req-c80e826e-37dc-40f0-a262-3173e0a830d8 3021d9550f2b443791f6a201bea34a83 101861380e014523bc1e0b9e644e22f3 - - default default] 10.0.0.101 "GET /v2.0/security-group-rules HTTP/1.1" status: 200 len: 3567 time: 0.0303266
2026-07-09 04:41:26.549 9 WARNING neutron.scheduler.dhcp_agent_scheduler [None req-d7b54dc0-3751-4b2c-8b94-56fe91433f2f 4427ddf4a9434e43b121b9c4ac9d73c8 0edfaf6d1d89410f8bda80dfd8aa3dc7 - - default default] No more DHCP agents
2026-07-09 04:41:26.562 9 WARNING neutron.api.rpc.agentnotifiers.dhcp_rpc_agent_api [None req-d7b54dc0-3751-4b2c-8b94-56fe91433f2f 4427ddf4a9434e43b121b9c4ac9d73c8 0edfaf6d1d89410f8bda80dfd8aa3dc7 - - default default] Unable to schedule network 47e69a59-df2e-49ba-aa0f-0ab25212f3ab: no agents available; will retry on subsequent port and subnet creation events.
2026-07-09 04:41:26.622 9 INFO neutron.db.ovn_revision_numbers_db [None req-029a4bcd-5d07-4c0c-a0e9-88983fe6511b 9d60f4f62bd041e49f0af345145425a7 071ad8aedf9841c1b0d50ac603f4e9da - - default default] Successfully bumped revision number for resource d0dab87e-07ab-4e5c-8acc-1a2f0b8b8256 (type: networks) to 1
2026-07-09 04:41:26.624 10 INFO neutron.wsgi [None req-3770b27c-d60f-451c-b72c-0e4f92c0e5c2 3021d9550f2b443791f6a201bea34a83 101861380e014523bc1e0b9e644e22f3 - - default default] 10.0.0.101 "DELETE /v2.0/security-groups/cc6baf47-8697-4b9c-9ca7-c39d6ac4d8be HTTP/1.1" status: 204 len: 168 time: 0.0913758
2026-07-09 04:41:26.663 10 INFO neutron.wsgi [None req-4918f2b4-e816-4a3e-8b25-0f641ae0de54 3021d9550f2b443791f6a201bea34a83 101861380e014523bc1e0b9e644e22f3 - - default default] 10.0.0.101 "GET /v2.0/security-groups HTTP/1.1" status: 200 len: 2996 time: 0.0317369
2026-07-09 04:41:26.699 10 INFO neutron.wsgi [None req-c9197523-2e5c-439d-becb-7edc0bfb56ef 3021d9550f2b443791f6a201bea34a83 101861380e014523bc1e0b9e644e22f3 - - default default] 10.0.0.101 "GET /v2.0/security-groups HTTP/1.1" status: 200 len: 2996 time: 0.0302594
2026-07-09 04:41:26.861 9 WARNING neutron.scheduler.dhcp_agent_scheduler [None req-029a4bcd-5d07-4c0c-a0e9-88983fe6511b 9d60f4f62bd041e49f0af345145425a7 071ad8aedf9841c1b0d50ac603f4e9da - - default default] No more DHCP agents
2026-07-09 04:41:26.863 9 WARNING neutron.api.rpc.agentnotifiers.dhcp_rpc_agent_api [None req-029a4bcd-5d07-4c0c-a0e9-88983fe6511b 9d60f4f62bd041e49f0af345145425a7 071ad8aedf9841c1b0d50ac603f4e9da - - default default] Unable to schedule network d0dab87e-07ab-4e5c-8acc-1a2f0b8b8256: no agents available; will retry on subsequent port and subnet creation events.
2026-07-09 04:41:26.968 9 INFO neutron.db.ovn_revision_numbers_db [None req-029a4bcd-5d07-4c0c-a0e9-88983fe6511b 9d60f4f62bd041e49f0af345145425a7 071ad8aedf9841c1b0d50ac603f4e9da - - default default] Successfully bumped revision number for resource 401ee60f-c57f-4902-92d2-891d7ae34f5c (type: ports) to 1
2026-07-09 04:41:27.012 9 INFO neutron.wsgi [None req-029a4bcd-5d07-4c0c-a0e9-88983fe6511b 9d60f4f62bd041e49f0af345145425a7 071ad8aedf9841c1b0d50ac603f4e9da - - default default] 10.0.0.101 "POST /v2.0/networks HTTP/1.1" status: 201 len: 833 time: 0.6816709
2026-07-09 04:41:27.023 9 INFO neutron.db.ovn_revision_numbers_db [None req-d7b54dc0-3751-4b2c-8b94-56fe91433f2f 4427ddf4a9434e43b121b9c4ac9d73c8 0edfaf6d1d89410f8bda80dfd8aa3dc7 - - default default] Successfully bumped revision number for resource b91d3a33-e0c7-4525-916f-03f230dfcef8 (type: floatingips) to 0
2026-07-09 04:41:27.037 9 INFO neutron.wsgi [None req-d7b54dc0-3751-4b2c-8b94-56fe91433f2f 4427ddf4a9434e43b121b9c4ac9d73c8 0edfaf6d1d89410f8bda80dfd8aa3dc7 - - default default] 10.0.0.101 "POST /v2.0/floatingips HTTP/1.1" status: 201 len: 751 time: 0.8356740
2026-07-09 04:41:27.506 10 WARNING neutron.scheduler.dhcp_agent_scheduler [None req-f717e2ba-534e-4b3e-88ee-b6affd17c4d2 9d60f4f62bd041e49f0af345145425a7 071ad8aedf9841c1b0d50ac603f4e9da - - default default] No more DHCP agents
2026-07-09 04:41:27.508 10 WARNING neutron.api.rpc.agentnotifiers.dhcp_rpc_agent_api [None req-f717e2ba-534e-4b3e-88ee-b6affd17c4d2 9d60f4f62bd041e49f0af345145425a7 071ad8aedf9841c1b0d50ac603f4e9da - - default default] Unable to schedule network d0dab87e-07ab-4e5c-8acc-1a2f0b8b8256: no agents available; will retry on subsequent port and subnet creation events.
2026-07-09 04:41:27.539 10 INFO neutron.db.ovn_revision_numbers_db [None req-f717e2ba-534e-4b3e-88ee-b6affd17c4d2 9d60f4f62bd041e49f0af345145425a7 071ad8aedf9841c1b0d50ac603f4e9da - - default default] Successfully bumped revision number for resource 288bbe8e-7477-4ec8-882b-a5b84b4c8ced (type: subnets) to 0
2026-07-09 04:41:27.552 10 INFO neutron.wsgi [None req-f717e2ba-534e-4b3e-88ee-b6affd17c4d2 9d60f4f62bd041e49f0af345145425a7 071ad8aedf9841c1b0d50ac603f4e9da - - default default] 10.0.0.101 "POST /v2.0/subnets HTTP/1.1" status: 201 len: 821 time: 0.5342305
2026-07-09 04:41:27.571 9 INFO neutron.wsgi [None req-cf06b3c2-b8df-4111-9452-a220ae82c4ed cd0aae0c2f474f2cb2c14456a301c3b4 b809e5e5db7c4170a41041cb04a8ce38 - - default default] 10.0.0.101 "GET /v2.0/security-groups?tenant_id=101861380e014523bc1e0b9e644e22f3&name=default HTTP/1.1" status: 200 len: 2996 time: 0.3265307
2026-07-09 04:41:27.597 9 INFO neutron.wsgi [req-d57d2c2d-2157-4cb0-ba93-6680874149e0 req-43585b10-7b74-473a-aa91-f6be8c4229a5 4427ddf4a9434e43b121b9c4ac9d73c8 0edfaf6d1d89410f8bda80dfd8aa3dc7 - - default default] 10.0.0.98 "GET /v2.0/security-groups?name=tempest-securitygroup--1434175118&fields=id&tenant_id=0edfaf6d1d89410f8bda80dfd8aa3dc7 HTTP/1.1" status: 200 len: 267 time: 0.0682678
2026-07-09 04:41:27.697 9 INFO neutron.wsgi [req-d57d2c2d-2157-4cb0-ba93-6680874149e0 req-6109900a-0623-41c2-8507-1d3414dd723e 4427ddf4a9434e43b121b9c4ac9d73c8 0edfaf6d1d89410f8bda80dfd8aa3dc7 - - default default] 10.0.0.98 "GET /v2.0/networks?id=da5cda4d-131d-4dc1-8922-7f32b0cc4e29 HTTP/1.1" status: 200 len: 875 time: 0.0938618
2026-07-09 04:41:27.727 9 INFO neutron.wsgi [req-d57d2c2d-2157-4cb0-ba93-6680874149e0 req-ff4f2a64-0142-4167-9da2-1a9b4b516063 4427ddf4a9434e43b121b9c4ac9d73c8 0edfaf6d1d89410f8bda80dfd8aa3dc7 - - default default] 10.0.0.98 "GET /v2.0/quotas/0edfaf6d1d89410f8bda80dfd8aa3dc7 HTTP/1.1" status: 200 len: 386 time: 0.0128701
2026-07-09 04:41:27.847 9 INFO neutron.wsgi [req-d57d2c2d-2157-4cb0-ba93-6680874149e0 req-8f0f585e-9ef2-4950-afe9-c292d69d8bee 4427ddf4a9434e43b121b9c4ac9d73c8 0edfaf6d1d89410f8bda80dfd8aa3dc7 - - default default] 10.0.0.98 "GET /v2.0/ports?tenant_id=0edfaf6d1d89410f8bda80dfd8aa3dc7&fields=id HTTP/1.1" status: 200 len: 302 time: 0.1036654
2026-07-09 04:41:27.902 10 WARNING neutron.scheduler.dhcp_agent_scheduler [None req-5aecb77a-d5d9-46b0-9ec0-525016ebeae2 9d60f4f62bd041e49f0af345145425a7 071ad8aedf9841c1b0d50ac603f4e9da - - default default] No more DHCP agents
2026-07-09 04:41:27.905 10 WARNING neutron.api.rpc.agentnotifiers.dhcp_rpc_agent_api [None req-5aecb77a-d5d9-46b0-9ec0-525016ebeae2 9d60f4f62bd041e49f0af345145425a7 071ad8aedf9841c1b0d50ac603f4e9da - - default default] Unable to schedule network d0dab87e-07ab-4e5c-8acc-1a2f0b8b8256: no agents available; will retry on subsequent port and subnet creation events.
2026-07-09 04:41:27.930 9 INFO neutron.wsgi [req-d57d2c2d-2157-4cb0-ba93-6680874149e0 req-e4e88ba7-11bc-4999-b56b-b8846aa8d496 6e675e500bae44548af8e2b38dc01156 fddc7f84f2ad4dfa9b5279b2c4872fd8 - - dc4e7848fc574f3a9055485e644bae63 dc4e7848fc574f3a9055485e644bae63] 10.0.0.98 "GET /v2.0/networks/da5cda4d-131d-4dc1-8922-7f32b0cc4e29?fields=segments HTTP/1.1" status: 200 len: 212 time: 0.0667136
2026-07-09 04:41:27.969 9 INFO neutron.wsgi [None req-ca4b1f31-0148-4277-87f7-041a770fb2dd cd0aae0c2f474f2cb2c14456a301c3b4 b809e5e5db7c4170a41041cb04a8ce38 - - default default] 10.0.0.101 "DELETE /v2.0/security-groups/f9516ac4-56ae-4c88-a0f7-5e5e28be6563 HTTP/1.1" status: 204 len: 168 time: 0.3902934
2026-07-09 04:41:28.009 9 INFO neutron.wsgi [req-d57d2c2d-2157-4cb0-ba93-6680874149e0 req-68cf5bee-d166-4cbb-a03e-1144cf567384 6e675e500bae44548af8e2b38dc01156 fddc7f84f2ad4dfa9b5279b2c4872fd8 - - dc4e7848fc574f3a9055485e644bae63 dc4e7848fc574f3a9055485e644bae63] 10.0.0.98 "GET /v2.0/networks/da5cda4d-131d-4dc1-8922-7f32b0cc4e29?fields=provider%3Aphysical_network&fields=provider%3Anetwork_type HTTP/1.1" status: 200 len: 277 time: 0.0708303
2026-07-09 04:41:28.010 10 INFO neutron.db.ovn_revision_numbers_db [None req-5aecb77a-d5d9-46b0-9ec0-525016ebeae2 9d60f4f62bd041e49f0af345145425a7 071ad8aedf9841c1b0d50ac603f4e9da - - default default] Successfully bumped revision number for resource 687c84af-8cc1-4a3b-be3b-498846b111d0 (type: ports) to 1
2026-07-09 04:41:28.040 10 INFO neutron.wsgi [None req-5aecb77a-d5d9-46b0-9ec0-525016ebeae2 9d60f4f62bd041e49f0af345145425a7 071ad8aedf9841c1b0d50ac603f4e9da - - default default] 10.0.0.101 "POST /v2.0/ports HTTP/1.1" status: 201 len: 1164 time: 0.4830976 /var/lib/openstack/lib/python3.10/site-packages/pycadf/identifier.py:71: UserWarning: Invalid uuid: neutron. To ensure interoperability, identifiers should be a valid uuid. warnings.warn(('Invalid uuid: %s. To ensure interoperability, '
2026-07-09 04:41:28.169 10 INFO neutron.wsgi [req-aefe192f-3345-4323-8584-86f0a0eefc59 req-9e5e5586-089b-4cb3-b146-961511677d92 4427ddf4a9434e43b121b9c4ac9d73c8 0edfaf6d1d89410f8bda80dfd8aa3dc7 - - default default] 10.0.0.98 "GET /v2.0/ports?device_id=da8bc588-abfe-4e24-a9cc-88b8849713f8 HTTP/1.1" status: 200 len: 210 time: 0.0297592
2026-07-09 04:41:28.351 10 INFO neutron.wsgi [None req-910acf60-27e2-492c-ac5f-2c843bba3983 9d60f4f62bd041e49f0af345145425a7 071ad8aedf9841c1b0d50ac603f4e9da - - default default] 10.0.0.101 "DELETE /v2.0/ports/687c84af-8cc1-4a3b-be3b-498846b111d0 HTTP/1.1" status: 204 len: 168 time: 0.3025072
2026-07-09 04:41:28.374 10 INFO neutron.pecan_wsgi.hooks.translation [None req-44e39af2-a0bd-450e-93e8-aa8342f14b2a 9d60f4f62bd041e49f0af345145425a7 071ad8aedf9841c1b0d50ac603f4e9da - - default default] DELETE failed (client error): The resource could not be found.
2026-07-09 04:41:28.377 10 INFO neutron.wsgi [None req-44e39af2-a0bd-450e-93e8-aa8342f14b2a 9d60f4f62bd041e49f0af345145425a7 071ad8aedf9841c1b0d50ac603f4e9da - - default default] 10.0.0.101 "DELETE /v2.0/ports/687c84af-8cc1-4a3b-be3b-498846b111d0 HTTP/1.1" status: 404 len: 333 time: 0.0208690
2026-07-09 04:41:28.396 10 INFO neutron.pecan_wsgi.hooks.translation [None req-3384ef81-c119-4ea6-a5c6-2b23bcb46dc6 9d60f4f62bd041e49f0af345145425a7 071ad8aedf9841c1b0d50ac603f4e9da - - default default] GET failed (client error): The resource could not be found.
2026-07-09 04:41:28.398 10 INFO neutron.wsgi [None req-3384ef81-c119-4ea6-a5c6-2b23bcb46dc6 9d60f4f62bd041e49f0af345145425a7 071ad8aedf9841c1b0d50ac603f4e9da - - default default] 10.0.0.101 "GET /v2.0/ports/687c84af-8cc1-4a3b-be3b-498846b111d0 HTTP/1.1" status: 404 len: 333 time: 0.0159802
2026-07-09 04:41:28.580 10 INFO neutron.wsgi [None req-aaabc176-e0fc-40b4-9454-826f10a112b8 9d60f4f62bd041e49f0af345145425a7 071ad8aedf9841c1b0d50ac603f4e9da - - default default] 10.0.0.101 "DELETE /v2.0/subnets/288bbe8e-7477-4ec8-882b-a5b84b4c8ced HTTP/1.1" status: 204 len: 168 time: 0.1774583
2026-07-09 04:41:28.885 9 INFO neutron.wsgi [req-d57d2c2d-2157-4cb0-ba93-6680874149e0 req-935bcca4-d18b-417b-94bd-74036373c52a 4427ddf4a9434e43b121b9c4ac9d73c8 0edfaf6d1d89410f8bda80dfd8aa3dc7 - - default default] 199.19.213.229 "GET /v2.0/networks?id=da5cda4d-131d-4dc1-8922-7f32b0cc4e29 HTTP/1.1" status: 200 len: 875 time: 0.1218510
2026-07-09 04:41:28.956 10 INFO neutron.services.segments.plugin [-] Segment 7d273f3d-9e45-4729-9ab8-2201216e10ea resource provider aggregate not found
2026-07-09 04:41:28.962 10 INFO neutron.services.segments.plugin [-] Segment 7d273f3d-9e45-4729-9ab8-2201216e10ea resource provider aggregate not found
2026-07-09 04:41:28.970 10 INFO neutron.services.segments.plugin [-] Segment 7d273f3d-9e45-4729-9ab8-2201216e10ea resource provider not found; error: Placement Client Error (4xx): {"errors": [{"status": 404, "title": "Not Found", "detail": "The resource could not be found.\n\n No resource provider with uuid 7d273f3d-9e45-4729-9ab8-2201216e10ea found for delete ", "request_id": "req-8ffda92d-f0a7-4ade-a76f-97387a15f701"}]}
2026-07-09 04:41:28.971 9 INFO neutron.wsgi [req-d57d2c2d-2157-4cb0-ba93-6680874149e0 req-7d00eb20-5136-4dfe-b077-2c436f507a82 4427ddf4a9434e43b121b9c4ac9d73c8 0edfaf6d1d89410f8bda80dfd8aa3dc7 - - default default] 199.19.213.229 "GET /v2.0/security-groups?fields=id&fields=name&tenant_id=0edfaf6d1d89410f8bda80dfd8aa3dc7 HTTP/1.1" status: 200 len: 380 time: 0.0800836
2026-07-09 04:41:28.986 10 INFO neutron.services.segments.plugin [-] Segment 7d273f3d-9e45-4729-9ab8-2201216e10ea resource provider not found; error: Placement Client Error (4xx): {"errors": [{"status": 404, "title": "Not Found", "detail": "The resource could not be found.\n\n No resource provider with uuid 7d273f3d-9e45-4729-9ab8-2201216e10ea found for delete ", "request_id": "req-0c171a72-50cc-4158-bc46-6e01d1b51e66"}]}
2026-07-09 04:41:28.995 10 INFO neutron.wsgi [None req-72edbcfe-4dbf-4150-a82d-6bdc8644364e 9d60f4f62bd041e49f0af345145425a7 071ad8aedf9841c1b0d50ac603f4e9da - - default default] 10.0.0.101 "DELETE /v2.0/networks/d0dab87e-07ab-4e5c-8acc-1a2f0b8b8256 HTTP/1.1" status: 204 len: 168 time: 0.4086418
2026-07-09 04:41:29.136 9 INFO neutron.db.segments_db [None req-f08ff6bd-df21-4306-9113-caa286833d62 9d60f4f62bd041e49f0af345145425a7 071ad8aedf9841c1b0d50ac603f4e9da - - default default] Added segment f08239cf-4065-4769-94d5-4a6a7fe912d4 of type geneve for network ec9293ca-5cb2-49ca-8128-b3b7a59861fb
2026-07-09 04:41:29.332 10 INFO neutron.wsgi [None req-b602ebec-b225-49cf-980b-2d4aa755dae1 f7dfc96d322d49fdabb4dab59ccf1e20 9b5e62f40df74b3ba7ba618b6adfe126 - - default default] 10.0.0.101 "POST /v2.0/qos/policies HTTP/1.1" status: 201 len: 558 time: 0.2154648
2026-07-09 04:41:29.379 10 INFO neutron.wsgi [None req-42e9cf9c-0fbd-4788-b185-2b07fae4efa2 f7dfc96d322d49fdabb4dab59ccf1e20 9b5e62f40df74b3ba7ba618b6adfe126 - - default default] 10.0.0.101 "POST /v2.0/qos/policies HTTP/1.1" status: 201 len: 558 time: 0.0436053
2026-07-09 04:41:29.412 9 INFO neutron.wsgi [req-5c4fd241-61ac-4d4c-8863-10e026bf8e0b req-b51d739d-0928-4ad8-81b5-7edb786a56ec 4427ddf4a9434e43b121b9c4ac9d73c8 0edfaf6d1d89410f8bda80dfd8aa3dc7 - - default default] 10.0.0.98 "GET /v2.0/ports?device_id=da8bc588-abfe-4e24-a9cc-88b8849713f8 HTTP/1.1" status: 200 len: 210 time: 0.0348561
2026-07-09 04:41:29.437 10 INFO neutron.wsgi [None req-d33a695a-5aac-4a60-b8bf-202f071ccfce f7dfc96d322d49fdabb4dab59ccf1e20 9b5e62f40df74b3ba7ba618b6adfe126 - - default default] 10.0.0.101 "POST /v2.0/qos/policies HTTP/1.1" status: 201 len: 558 time: 0.0492380
2026-07-09 04:41:29.474 10 INFO neutron.wsgi [None req-6affd11d-fa1f-4455-9dae-09474457eb81 f7dfc96d322d49fdabb4dab59ccf1e20 9b5e62f40df74b3ba7ba618b6adfe126 - - default default] 10.0.0.101 "POST /v2.0/qos/policies HTTP/1.1" status: 201 len: 558 time: 0.0326595
2026-07-09 04:41:29.537 10 INFO neutron.wsgi [None req-0e866cf9-b78a-4d32-bbd3-24ca67838b17 f7dfc96d322d49fdabb4dab59ccf1e20 9b5e62f40df74b3ba7ba618b6adfe126 - - default default] 10.0.0.101 "POST /v2.0/qos/policies HTTP/1.1" status: 201 len: 558 time: 0.0573123
2026-07-09 04:41:29.572 9 INFO neutron.db.ovn_revision_numbers_db [None req-f08ff6bd-df21-4306-9113-caa286833d62 9d60f4f62bd041e49f0af345145425a7 071ad8aedf9841c1b0d50ac603f4e9da - - default default] Successfully bumped revision number for resource ec9293ca-5cb2-49ca-8128-b3b7a59861fb (type: networks) to 1
2026-07-09 04:41:29.575 10 INFO neutron.wsgi [None req-cd90419e-34a3-4842-8ac1-55157b5d8a54 f7dfc96d322d49fdabb4dab59ccf1e20 9b5e62f40df74b3ba7ba618b6adfe126 - - default default] 10.0.0.101 "PUT /v2.0/policies/4ed0c601-05c5-406a-b271-8f6458ad2fd2/tags HTTP/1.1" status: 200 len: 210 time: 0.0306799
2026-07-09 04:41:29.622 10 INFO neutron.wsgi [None req-3ccdfc2a-efda-4172-b999-4c22542eba0a f7dfc96d322d49fdabb4dab59ccf1e20 9b5e62f40df74b3ba7ba618b6adfe126 - - default default] 10.0.0.101 "PUT /v2.0/policies/d81c198b-aca2-4167-a79f-92d8a843a2f3/tags HTTP/1.1" status: 200 len: 218 time: 0.0417912
2026-07-09 04:41:29.659 10 INFO neutron.wsgi [None req-189a239d-993e-4168-a77c-9b5f9eb03523 f7dfc96d322d49fdabb4dab59ccf1e20 9b5e62f40df74b3ba7ba618b6adfe126 - - default default] 10.0.0.101 "PUT /v2.0/policies/33a875b2-509a-4fd6-ba9d-ff0ffffd2840/tags HTTP/1.1" status: 200 len: 227 time: 0.0305748
2026-07-09 04:41:29.676 9 WARNING neutron.scheduler.dhcp_agent_scheduler [req-d57d2c2d-2157-4cb0-ba93-6680874149e0 req-cc6381eb-1de2-48a3-88f6-8348a45ff905 4427ddf4a9434e43b121b9c4ac9d73c8 0edfaf6d1d89410f8bda80dfd8aa3dc7 - - default default] No more DHCP agents
2026-07-09 04:41:29.680 9 WARNING neutron.api.rpc.agentnotifiers.dhcp_rpc_agent_api [req-d57d2c2d-2157-4cb0-ba93-6680874149e0 req-cc6381eb-1de2-48a3-88f6-8348a45ff905 4427ddf4a9434e43b121b9c4ac9d73c8 0edfaf6d1d89410f8bda80dfd8aa3dc7 - - default default] Unable to schedule network da5cda4d-131d-4dc1-8922-7f32b0cc4e29: no agents available; will retry on subsequent port and subnet creation events.
2026-07-09 04:41:29.691 10 INFO neutron.wsgi [None req-20b1f492-d971-4cbf-89a4-2b7cd0b7f146 f7dfc96d322d49fdabb4dab59ccf1e20 9b5e62f40df74b3ba7ba618b6adfe126 - - default default] 10.0.0.101 "PUT /v2.0/policies/da262c6c-5472-432a-9eca-386f4e3f8e73/tags HTTP/1.1" status: 200 len: 212 time: 0.0233026
2026-07-09 04:41:29.786 9 WARNING neutron.plugins.ml2.drivers.ovn.mech_driver.ovsdb.ovn_client [None req-741ffbae-2623-4cd3-9090-0f8197765c2f - - - - - -] No hosting information found for port c79149e0-8a13-4ed6-9be2-e2d30d9e5ee6: RuntimeError: No hosting information found for port c79149e0-8a13-4ed6-9be2-e2d30d9e5ee6
2026-07-09 04:41:29.838 9 WARNING neutron.scheduler.dhcp_agent_scheduler [None req-f08ff6bd-df21-4306-9113-caa286833d62 9d60f4f62bd041e49f0af345145425a7 071ad8aedf9841c1b0d50ac603f4e9da - - default default] No more DHCP agents
2026-07-09 04:41:29.842 9 WARNING neutron.api.rpc.agentnotifiers.dhcp_rpc_agent_api [None req-f08ff6bd-df21-4306-9113-caa286833d62 9d60f4f62bd041e49f0af345145425a7 071ad8aedf9841c1b0d50ac603f4e9da - - default default] Unable to schedule network ec9293ca-5cb2-49ca-8128-b3b7a59861fb: no agents available; will retry on subsequent port and subnet creation events.
2026-07-09 04:41:29.937 9 INFO neutron.db.ovn_revision_numbers_db [req-d57d2c2d-2157-4cb0-ba93-6680874149e0 req-cc6381eb-1de2-48a3-88f6-8348a45ff905 4427ddf4a9434e43b121b9c4ac9d73c8 0edfaf6d1d89410f8bda80dfd8aa3dc7 - - default default] Successfully bumped revision number for resource 3bd5ae56-a748-49e8-9be7-560fc640f105 (type: ports) to 1
2026-07-09 04:41:29.961 9 INFO neutron.wsgi [req-d57d2c2d-2157-4cb0-ba93-6680874149e0 req-cc6381eb-1de2-48a3-88f6-8348a45ff905 4427ddf4a9434e43b121b9c4ac9d73c8 0edfaf6d1d89410f8bda80dfd8aa3dc7 - - default default] 199.19.213.229 "POST /v2.0/ports HTTP/1.1" status: 201 len: 1158 time: 0.9805405
2026-07-09 04:41:29.961 9 INFO neutron.db.ovn_revision_numbers_db [None req-f08ff6bd-df21-4306-9113-caa286833d62 9d60f4f62bd041e49f0af345145425a7 071ad8aedf9841c1b0d50ac603f4e9da - - default default] Successfully bumped revision number for resource 6c4fc541-913e-41fa-8136-b79d17ed2b9f (type: ports) to 1 /var/lib/openstack/lib/python3.10/site-packages/pycadf/identifier.py:71: UserWarning: Invalid uuid: neutron. To ensure interoperability, identifiers should be a valid uuid. warnings.warn(('Invalid uuid: %s. To ensure interoperability, '
2026-07-09 04:41:29.991 9 INFO neutron.wsgi [None req-f08ff6bd-df21-4306-9113-caa286833d62 9d60f4f62bd041e49f0af345145425a7 071ad8aedf9841c1b0d50ac603f4e9da - - default default] 10.0.0.101 "POST /v2.0/networks HTTP/1.1" status: 201 len: 834 time: 0.9846742
2026-07-09 04:41:30.025 10 INFO neutron.wsgi [None req-15cb8cf6-927f-40b7-b0bb-b7135e342656 0dab89f0ff2647e6a342865edc781957 ebc3511ad62b46669dc2c62a45d5d02d - - default default] 10.0.0.101 "POST /v2.0/subnetpools HTTP/1.1" status: 201 len: 748 time: 0.1777332
2026-07-09 04:41:30.053 10 INFO neutron.wsgi [None req-af915cc8-c271-4fad-9b13-fc90daa18dfd 0dab89f0ff2647e6a342865edc781957 ebc3511ad62b46669dc2c62a45d5d02d - - default default] 10.0.0.101 "GET /v2.0/subnetpools/4f819f9a-c333-40c4-8257-895141639b9f HTTP/1.1" status: 200 len: 743 time: 0.0230527
2026-07-09 04:41:30.125 10 INFO neutron.wsgi [None req-5eb00341-b096-4be2-9681-d5558781c3b6 0dab89f0ff2647e6a342865edc781957 ebc3511ad62b46669dc2c62a45d5d02d - - default default] 10.0.0.101 "PUT /v2.0/subnetpools/4f819f9a-c333-40c4-8257-895141639b9f HTTP/1.1" status: 200 len: 694 time: 0.0674815
2026-07-09 04:41:30.133 10 INFO neutron.wsgi [-] 10.0.0.185 "GET / HTTP/1.1" status: 200 len: 247 time: 0.0022056
2026-07-09 04:41:30.135 10 INFO neutron.wsgi [-] 10.0.0.185 "GET / HTTP/1.1" status: 200 len: 247 time: 0.0013113
2026-07-09 04:41:30.189 10 INFO neutron.wsgi [None req-f10ab7f5-4c25-4dcf-9f3f-6e6c235ca58b 0dab89f0ff2647e6a342865edc781957 ebc3511ad62b46669dc2c62a45d5d02d - - default default] 10.0.0.101 "DELETE /v2.0/subnetpools/4f819f9a-c333-40c4-8257-895141639b9f HTTP/1.1" status: 204 len: 168 time: 0.0582521
2026-07-09 04:41:30.204 10 INFO neutron.api.v2.resource [None req-f01717bb-681a-4d39-91b5-964de5118d2d 0dab89f0ff2647e6a342865edc781957 ebc3511ad62b46669dc2c62a45d5d02d - - default default] show failed (client error): The resource could not be found.
2026-07-09 04:41:30.206 10 INFO neutron.wsgi [None req-f01717bb-681a-4d39-91b5-964de5118d2d 0dab89f0ff2647e6a342865edc781957 ebc3511ad62b46669dc2c62a45d5d02d - - default default] 10.0.0.101 "GET /v2.0/subnetpools/4f819f9a-c333-40c4-8257-895141639b9f HTTP/1.1" status: 404 len: 346 time: 0.0130546
2026-07-09 04:41:30.214 10 INFO neutron.wsgi [None req-0d0d8b28-ae36-4bbd-8806-55f0b739e72a df7e374f3d5a4cb6a976c5eade009702 a62b2d998b524610b1278628108dbe5f - - default default] 10.0.0.101 "GET /v2.0/qos/policies?tags=red HTTP/1.1" status: 200 len: 1296 time: 0.1421289
2026-07-09 04:41:30.237 9 INFO neutron.api.v2.resource [None req-d1060ba4-9aae-45df-acdc-e001b8c36036 0dab89f0ff2647e6a342865edc781957 ebc3511ad62b46669dc2c62a45d5d02d - - default default] delete failed (client error): The resource could not be found.
2026-07-09 04:41:30.238 9 INFO neutron.wsgi [None req-d1060ba4-9aae-45df-acdc-e001b8c36036 0dab89f0ff2647e6a342865edc781957 ebc3511ad62b46669dc2c62a45d5d02d - - default default] 10.0.0.101 "DELETE /v2.0/subnetpools/4f819f9a-c333-40c4-8257-895141639b9f HTTP/1.1" status: 404 len: 346 time: 0.0247519
2026-07-09 04:41:30.274 10 INFO neutron.wsgi [None req-f0f52402-8584-4064-af9c-42fa1bb5d0c8 df7e374f3d5a4cb6a976c5eade009702 a62b2d998b524610b1278628108dbe5f - - default default] 10.0.0.101 "GET /v2.0/qos/policies?tags=red%2Cblue HTTP/1.1" status: 200 len: 941 time: 0.0542285
2026-07-09 04:41:30.327 9 WARNING neutron.scheduler.dhcp_agent_scheduler [None req-4b888ca7-e259-4c43-8984-78bf2f742602 9d60f4f62bd041e49f0af345145425a7 071ad8aedf9841c1b0d50ac603f4e9da - - default default] No more DHCP agents
2026-07-09 04:41:30.328 10 INFO neutron.wsgi [None req-7d30083b-65f0-42a0-ad2f-2c89a00db0b0 df7e374f3d5a4cb6a976c5eade009702 a62b2d998b524610b1278628108dbe5f - - default default] 10.0.0.101 "GET /v2.0/qos/policies?tags-any=blue HTTP/1.1" status: 200 len: 941 time: 0.0482318
2026-07-09 04:41:30.330 9 WARNING neutron.api.rpc.agentnotifiers.dhcp_rpc_agent_api [None req-4b888ca7-e259-4c43-8984-78bf2f742602 9d60f4f62bd041e49f0af345145425a7 071ad8aedf9841c1b0d50ac603f4e9da - - default default] Unable to schedule network ec9293ca-5cb2-49ca-8128-b3b7a59861fb: no agents available; will retry on subsequent port and subnet creation events.
2026-07-09 04:41:30.373 9 INFO neutron.db.ovn_revision_numbers_db [None req-4b888ca7-e259-4c43-8984-78bf2f742602 9d60f4f62bd041e49f0af345145425a7 071ad8aedf9841c1b0d50ac603f4e9da - - default default] Successfully bumped revision number for resource ea7336d1-ec89-495a-a1e1-463dd92887e0 (type: subnets) to 0
2026-07-09 04:41:30.392 9 INFO neutron.wsgi [None req-4b888ca7-e259-4c43-8984-78bf2f742602 9d60f4f62bd041e49f0af345145425a7 071ad8aedf9841c1b0d50ac603f4e9da - - default default] 10.0.0.101 "POST /v2.0/subnets HTTP/1.1" status: 201 len: 821 time: 0.3911884
2026-07-09 04:41:30.393 10 INFO neutron.wsgi [None req-e15d3151-8c97-4efa-a155-4df42c88a2bb df7e374f3d5a4cb6a976c5eade009702 a62b2d998b524610b1278628108dbe5f - - default default] 10.0.0.101 "GET /v2.0/qos/policies?tags-any=red%2Cblue HTTP/1.1" status: 200 len: 1296 time: 0.0596669
2026-07-09 04:41:30.468 9 INFO neutron.db.ovn_revision_numbers_db [req-d57d2c2d-2157-4cb0-ba93-6680874149e0 req-03705420-b620-4896-8434-f1999da89e8f 6e675e500bae44548af8e2b38dc01156 fddc7f84f2ad4dfa9b5279b2c4872fd8 - - dc4e7848fc574f3a9055485e644bae63 dc4e7848fc574f3a9055485e644bae63] Successfully bumped revision number for resource 3bd5ae56-a748-49e8-9be7-560fc640f105 (type: ports) to 2
2026-07-09 04:41:30.498 10 INFO neutron.wsgi [None req-8337ca09-837f-4f95-ba78-72eeb3d933de df7e374f3d5a4cb6a976c5eade009702 a62b2d998b524610b1278628108dbe5f - - default default] 10.0.0.101 "GET /v2.0/qos/policies?not-tags=red HTTP/1.1" status: 200 len: 913 time: 0.0998333 /var/lib/openstack/lib/python3.10/site-packages/pycadf/identifier.py:71: UserWarning: Invalid uuid: neutron. To ensure interoperability, identifiers should be a valid uuid. warnings.warn(('Invalid uuid: %s. To ensure interoperability, '
2026-07-09 04:41:30.588 10 INFO neutron.wsgi [req-295840ef-7e76-4914-9201-754aeb28066c req-53cccfb5-6cfc-4af4-a802-94fc38f1d7a5 4427ddf4a9434e43b121b9c4ac9d73c8 0edfaf6d1d89410f8bda80dfd8aa3dc7 - - default default] 10.0.0.98 "GET /v2.0/ports?device_id=da8bc588-abfe-4e24-a9cc-88b8849713f8 HTTP/1.1" status: 200 len: 1168 time: 0.1155331
2026-07-09 04:41:30.653 10 INFO neutron.wsgi [req-295840ef-7e76-4914-9201-754aeb28066c req-b66654bd-4332-4068-92f9-dbe95c17c059 4427ddf4a9434e43b121b9c4ac9d73c8 0edfaf6d1d89410f8bda80dfd8aa3dc7 - - default default] 10.0.0.98 "GET /v2.0/security-groups?id=6a9668c8-4e82-454c-927a-abce80ef9d26&fields=id&fields=name HTTP/1.1" status: 200 len: 313 time: 0.0561032
2026-07-09 04:41:30.669 9 INFO neutron.wsgi [None req-83d82456-c380-4f32-b43a-3995d2a9033f df7e374f3d5a4cb6a976c5eade009702 a62b2d998b524610b1278628108dbe5f - - default default] 10.0.0.101 "GET /v2.0/qos/policies?not-tags=red%2Cblue HTTP/1.1" status: 200 len: 1268 time: 0.1664214 /var/lib/openstack/lib/python3.10/site-packages/pycadf/identifier.py:71: UserWarning: Invalid uuid: neutron. To ensure interoperability, identifiers should be a valid uuid. warnings.warn(('Invalid uuid: %s. To ensure interoperability, '
2026-07-09 04:41:30.733 9 INFO neutron.db.ovn_revision_numbers_db [req-d57d2c2d-2157-4cb0-ba93-6680874149e0 req-03705420-b620-4896-8434-f1999da89e8f 6e675e500bae44548af8e2b38dc01156 fddc7f84f2ad4dfa9b5279b2c4872fd8 - - dc4e7848fc574f3a9055485e644bae63 dc4e7848fc574f3a9055485e644bae63] Successfully bumped revision number for resource 3bd5ae56-a748-49e8-9be7-560fc640f105 (type: ports) to 2
2026-07-09 04:41:30.751 9 INFO neutron.wsgi [req-d57d2c2d-2157-4cb0-ba93-6680874149e0 req-03705420-b620-4896-8434-f1999da89e8f 6e675e500bae44548af8e2b38dc01156 fddc7f84f2ad4dfa9b5279b2c4872fd8 - - dc4e7848fc574f3a9055485e644bae63 dc4e7848fc574f3a9055485e644bae63] 199.19.213.229 "PUT /v2.0/ports/3bd5ae56-a748-49e8-9be7-560fc640f105 HTTP/1.1" status: 200 len: 1376 time: 0.7799649
2026-07-09 04:41:30.777 10 WARNING neutron.scheduler.dhcp_agent_scheduler [None req-247c11e3-6759-4fdb-a14f-559e600e3f76 9d60f4f62bd041e49f0af345145425a7 071ad8aedf9841c1b0d50ac603f4e9da - - default default] No more DHCP agents
2026-07-09 04:41:30.779 10 WARNING neutron.api.rpc.agentnotifiers.dhcp_rpc_agent_api [None req-247c11e3-6759-4fdb-a14f-559e600e3f76 9d60f4f62bd041e49f0af345145425a7 071ad8aedf9841c1b0d50ac603f4e9da - - default default] Unable to schedule network ec9293ca-5cb2-49ca-8128-b3b7a59861fb: no agents available; will retry on subsequent port and subnet creation events.
2026-07-09 04:41:30.788 9 INFO neutron.wsgi [None req-5490370d-05f8-4dbe-948c-855c91998e6f df7e374f3d5a4cb6a976c5eade009702 a62b2d998b524610b1278628108dbe5f - - default default] 10.0.0.101 "GET /v2.0/qos/policies?not-tags-any=blue HTTP/1.1" status: 200 len: 1268 time: 0.1106527
2026-07-09 04:41:30.792 9 INFO neutron.notifiers.nova [-] Nova event matching ['req-aca55907-248b-4f11-b8aa-c584c49b074d'] response: {'name': 'network-changed', 'server_uuid': 'da8bc588-abfe-4e24-a9cc-88b8849713f8', 'tag': '3bd5ae56-a748-49e8-9be7-560fc640f105', 'status': 'completed', 'code': 200}
2026-07-09 04:41:30.833 9 INFO neutron.wsgi [req-d57d2c2d-2157-4cb0-ba93-6680874149e0 req-bf5aefb7-e34a-4a87-a7d8-735fc1c9b1ef 6e675e500bae44548af8e2b38dc01156 fddc7f84f2ad4dfa9b5279b2c4872fd8 - - dc4e7848fc574f3a9055485e644bae63 dc4e7848fc574f3a9055485e644bae63] 199.19.213.229 "GET /v2.0/ports?tenant_id=0edfaf6d1d89410f8bda80dfd8aa3dc7&device_id=da8bc588-abfe-4e24-a9cc-88b8849713f8 HTTP/1.1" status: 200 len: 1407 time: 0.0331917
2026-07-09 04:41:30.876 9 INFO neutron.wsgi [req-d57d2c2d-2157-4cb0-ba93-6680874149e0 req-a01c038e-ae6d-4b98-98fa-23732bab88af 6e675e500bae44548af8e2b38dc01156 fddc7f84f2ad4dfa9b5279b2c4872fd8 - - dc4e7848fc574f3a9055485e644bae63 dc4e7848fc574f3a9055485e644bae63] 199.19.213.229 "GET /v2.0/floatingips?fixed_ip_address=10.100.0.9&port_id=3bd5ae56-a748-49e8-9be7-560fc640f105 HTTP/1.1" status: 200 len: 217 time: 0.0384388
2026-07-09 04:41:30.904 10 INFO neutron.db.ovn_revision_numbers_db [None req-247c11e3-6759-4fdb-a14f-559e600e3f76 9d60f4f62bd041e49f0af345145425a7 071ad8aedf9841c1b0d50ac603f4e9da - - default default] Successfully bumped revision number for resource c0d69b2e-9e3a-470a-a672-4b67c162c0b8 (type: ports) to 1
2026-07-09 04:41:30.918 9 INFO neutron.wsgi [None req-e404581a-9618-422a-bfd0-94e0d6c541d8 df7e374f3d5a4cb6a976c5eade009702 a62b2d998b524610b1278628108dbe5f - - default default] 10.0.0.101 "GET /v2.0/qos/policies?not-tags-any=red%2Cblue HTTP/1.1" status: 200 len: 913 time: 0.1237810
2026-07-09 04:41:30.920 10 INFO neutron.wsgi [None req-247c11e3-6759-4fdb-a14f-559e600e3f76 9d60f4f62bd041e49f0af345145425a7 071ad8aedf9841c1b0d50ac603f4e9da - - default default] 10.0.0.101 "POST /v2.0/ports HTTP/1.1" status: 201 len: 1125 time: 0.5217097
2026-07-09 04:41:30.928 9 INFO neutron.wsgi [req-d57d2c2d-2157-4cb0-ba93-6680874149e0 req-9562a95c-f436-460a-9905-d258339241de 6e675e500bae44548af8e2b38dc01156 fddc7f84f2ad4dfa9b5279b2c4872fd8 - - dc4e7848fc574f3a9055485e644bae63 dc4e7848fc574f3a9055485e644bae63] 199.19.213.229 "GET /v2.0/subnets?id=75bfda42-163b-4456-bb9e-18ff69ec28d0 HTTP/1.1" status: 200 len: 869 time: 0.0462184
2026-07-09 04:41:30.959 9 INFO neutron.wsgi [req-d57d2c2d-2157-4cb0-ba93-6680874149e0 req-79ecfbac-4227-45ab-85de-be7ca804feea 6e675e500bae44548af8e2b38dc01156 fddc7f84f2ad4dfa9b5279b2c4872fd8 - - dc4e7848fc574f3a9055485e644bae63 dc4e7848fc574f3a9055485e644bae63] 199.19.213.229 "GET /v2.0/ports?network_id=da5cda4d-131d-4dc1-8922-7f32b0cc4e29&device_owner=network%3Adhcp HTTP/1.1" status: 200 len: 210 time: 0.0253608
2026-07-09 04:41:30.994 10 INFO neutron.wsgi [None req-1d0198ae-f58d-4e5e-8faa-7e07771e27b4 f7dfc96d322d49fdabb4dab59ccf1e20 9b5e62f40df74b3ba7ba618b6adfe126 - - default default] 10.0.0.101 "DELETE /v2.0/qos/policies/4ed0c601-05c5-406a-b271-8f6458ad2fd2 HTTP/1.1" status: 204 len: 168 time: 0.0694945
2026-07-09 04:41:31.039 9 INFO neutron.wsgi [req-d57d2c2d-2157-4cb0-ba93-6680874149e0 req-e6bf5452-ef81-4bc2-91bd-1f5495d726c0 6e675e500bae44548af8e2b38dc01156 fddc7f84f2ad4dfa9b5279b2c4872fd8 - - dc4e7848fc574f3a9055485e644bae63 dc4e7848fc574f3a9055485e644bae63] 199.19.213.229 "GET /v2.0/networks/da5cda4d-131d-4dc1-8922-7f32b0cc4e29?fields=segments HTTP/1.1" status: 200 len: 212 time: 0.0756791
2026-07-09 04:41:31.115 9 INFO neutron.db.ovn_revision_numbers_db [None req-69d468a4-8dc3-460f-ab6c-bd28c12dda4a cd0aae0c2f474f2cb2c14456a301c3b4 b809e5e5db7c4170a41041cb04a8ce38 - - default default] Successfully bumped revision number for resource 4fe6ebff-0403-4bf4-b35e-5a650d41d3d4 (type: security_groups) to 1
2026-07-09 04:41:31.129 9 INFO neutron.wsgi [None req-ef322350-422a-4ad9-889e-52adfb1ab783 f7dfc96d322d49fdabb4dab59ccf1e20 9b5e62f40df74b3ba7ba618b6adfe126 - - default default] 10.0.0.101 "DELETE /v2.0/qos/policies/d81c198b-aca2-4167-a79f-92d8a843a2f3 HTTP/1.1" status: 204 len: 168 time: 0.1291742
2026-07-09 04:41:31.143 9 INFO neutron.db.ovn_revision_numbers_db [None req-69d468a4-8dc3-460f-ab6c-bd28c12dda4a cd0aae0c2f474f2cb2c14456a301c3b4 b809e5e5db7c4170a41041cb04a8ce38 - - default default] Successfully bumped revision number for resource 20e95897-c52f-4325-9cbf-50414a005bb7 (type: security_group_rules) to 0
2026-07-09 04:41:31.145 9 INFO neutron.wsgi [req-d57d2c2d-2157-4cb0-ba93-6680874149e0 req-2236f71c-7043-42ec-b0f1-e8079926ebd2 6e675e500bae44548af8e2b38dc01156 fddc7f84f2ad4dfa9b5279b2c4872fd8 - - dc4e7848fc574f3a9055485e644bae63 dc4e7848fc574f3a9055485e644bae63] 199.19.213.229 "GET /v2.0/networks/da5cda4d-131d-4dc1-8922-7f32b0cc4e29?fields=provider%3Aphysical_network&fields=provider%3Anetwork_type HTTP/1.1" status: 200 len: 277 time: 0.0974088
2026-07-09 04:41:31.163 9 INFO neutron.db.ovn_revision_numbers_db [None req-69d468a4-8dc3-460f-ab6c-bd28c12dda4a cd0aae0c2f474f2cb2c14456a301c3b4 b809e5e5db7c4170a41041cb04a8ce38 - - default default] Successfully bumped revision number for resource b5e03c71-8e27-46aa-8ad1-ecfd261c4061 (type: security_group_rules) to 0
2026-07-09 04:41:31.185 9 INFO neutron.db.ovn_revision_numbers_db [None req-69d468a4-8dc3-460f-ab6c-bd28c12dda4a cd0aae0c2f474f2cb2c14456a301c3b4 b809e5e5db7c4170a41041cb04a8ce38 - - default default] Successfully bumped revision number for resource c1f18e66-55a1-40b6-a693-7e17d97043ce (type: security_group_rules) to 0
2026-07-09 04:41:31.212 10 INFO neutron.wsgi [None req-07bc543d-d2c9-4922-a903-4cc5a8493882 9d60f4f62bd041e49f0af345145425a7 071ad8aedf9841c1b0d50ac603f4e9da - - default default] 10.0.0.101 "DELETE /v2.0/ports/c0d69b2e-9e3a-470a-a672-4b67c162c0b8 HTTP/1.1" status: 204 len: 168 time: 0.2864366
2026-07-09 04:41:31.228 9 INFO neutron.db.ovn_revision_numbers_db [None req-69d468a4-8dc3-460f-ab6c-bd28c12dda4a cd0aae0c2f474f2cb2c14456a301c3b4 b809e5e5db7c4170a41041cb04a8ce38 - - default default] Successfully bumped revision number for resource e324a86c-076b-4618-b3e8-d00760d6500c (type: security_group_rules) to 0
2026-07-09 04:41:31.234 9 INFO neutron.wsgi [None req-e0c1626b-9a53-414e-8d33-e8fe13245247 f7dfc96d322d49fdabb4dab59ccf1e20 9b5e62f40df74b3ba7ba618b6adfe126 - - default default] 10.0.0.101 "DELETE /v2.0/qos/policies/33a875b2-509a-4fd6-ba9d-ff0ffffd2840 HTTP/1.1" status: 204 len: 168 time: 0.0988803
2026-07-09 04:41:31.235 10 INFO neutron.pecan_wsgi.hooks.translation [None req-4b1b4c29-bbbf-41ae-96e5-5ceb7e984cc8 9d60f4f62bd041e49f0af345145425a7 071ad8aedf9841c1b0d50ac603f4e9da - - default default] GET failed (client error): The resource could not be found.
2026-07-09 04:41:31.237 10 INFO neutron.wsgi [None req-4b1b4c29-bbbf-41ae-96e5-5ceb7e984cc8 9d60f4f62bd041e49f0af345145425a7 071ad8aedf9841c1b0d50ac603f4e9da - - default default] 10.0.0.101 "GET /v2.0/ports/c0d69b2e-9e3a-470a-a672-4b67c162c0b8 HTTP/1.1" status: 404 len: 333 time: 0.0208869
2026-07-09 04:41:31.258 9 INFO neutron.wsgi [req-c5b9507d-6cea-4cab-b1e0-2711e11b18ff req-ce462b5b-ccd9-4406-8d4f-58f3329a48d7 6e675e500bae44548af8e2b38dc01156 fddc7f84f2ad4dfa9b5279b2c4872fd8 - - dc4e7848fc574f3a9055485e644bae63 dc4e7848fc574f3a9055485e644bae63] 199.19.213.229 "GET /v2.0/ports?tenant_id=0edfaf6d1d89410f8bda80dfd8aa3dc7&device_id=da8bc588-abfe-4e24-a9cc-88b8849713f8 HTTP/1.1" status: 200 len: 1407 time: 0.0523272
2026-07-09 04:41:31.267 9 INFO neutron.wsgi [None req-69d468a4-8dc3-460f-ab6c-bd28c12dda4a cd0aae0c2f474f2cb2c14456a301c3b4 b809e5e5db7c4170a41041cb04a8ce38 - - default default] 10.0.0.101 "GET /v2.0/security-groups?tenant_id=ebc3511ad62b46669dc2c62a45d5d02d&name=default HTTP/1.1" status: 200 len: 2996 time: 0.5103822
2026-07-09 04:41:31.341 10 INFO neutron.wsgi [None req-6a70b68e-3268-49a7-870f-524c0981245f f7dfc96d322d49fdabb4dab59ccf1e20 9b5e62f40df74b3ba7ba618b6adfe126 - - default default] 10.0.0.101 "DELETE /v2.0/qos/policies/da262c6c-5472-432a-9eca-386f4e3f8e73 HTTP/1.1" status: 204 len: 168 time: 0.1028452
2026-07-09 04:41:31.346 9 INFO neutron.wsgi [req-c5b9507d-6cea-4cab-b1e0-2711e11b18ff req-d2a821e6-b404-44bc-b020-c2af4b13967b 6e675e500bae44548af8e2b38dc01156 fddc7f84f2ad4dfa9b5279b2c4872fd8 - - dc4e7848fc574f3a9055485e644bae63 dc4e7848fc574f3a9055485e644bae63] 199.19.213.229 "GET /v2.0/networks?id=da5cda4d-131d-4dc1-8922-7f32b0cc4e29 HTTP/1.1" status: 200 len: 974 time: 0.0834818
2026-07-09 04:41:31.395 9 INFO neutron.wsgi [req-c5b9507d-6cea-4cab-b1e0-2711e11b18ff req-595024ed-9e63-4be3-8491-0f8970277400 6e675e500bae44548af8e2b38dc01156 fddc7f84f2ad4dfa9b5279b2c4872fd8 - - dc4e7848fc574f3a9055485e644bae63 dc4e7848fc574f3a9055485e644bae63] 199.19.213.229 "GET /v2.0/floatingips?fixed_ip_address=10.100.0.9&port_id=3bd5ae56-a748-49e8-9be7-560fc640f105 HTTP/1.1" status: 200 len: 217 time: 0.0395889
2026-07-09 04:41:31.408 9 INFO neutron.plugins.ml2.drivers.ovn.mech_driver.mech_driver [None req-741ffbae-2623-4cd3-9090-0f8197765c2f - - - - - -] OVN reports status up for port: 3bd5ae56-a748-49e8-9be7-560fc640f105
2026-07-09 04:41:31.432 9 INFO neutron.plugins.ml2.plugin [None req-741ffbae-2623-4cd3-9090-0f8197765c2f - - - - - -] Attempt 1 to provision port 3bd5ae56-a748-49e8-9be7-560fc640f105
2026-07-09 04:41:31.471 10 INFO neutron.wsgi [None req-348bb69d-8606-48b6-aaf4-51fe8129dccb 9d60f4f62bd041e49f0af345145425a7 071ad8aedf9841c1b0d50ac603f4e9da - - default default] 10.0.0.101 "DELETE /v2.0/subnets/ea7336d1-ec89-495a-a1e1-463dd92887e0 HTTP/1.1" status: 204 len: 168 time: 0.2291203
