2026-07-09 04:41:53.086 9 INFO neutron.db.ovn_revision_numbers_db [None req-741ffbae-2623-4cd3-9090-0f8197765c2f - - - - - -] Successfully bumped revision number for resource 3bd5ae56-a748-49e8-9be7-560fc640f105 (type: ports) to 6
2026-07-09 04:41:53.133 9 INFO neutron.wsgi [None req-e7a6f1dd-2c1c-42b6-8c1a-afb26d57f730 6304fcf42cc1493db0e3028de2bf0e5b de0c94ebeb0648b7b305fbe22127bdd1 - - default default] 10.0.0.101 "DELETE /v2.0/subnetpools/5e17a15d-db4a-4faa-bc55-6fdcb990fdf2 HTTP/1.1" status: 204 len: 168 time: 0.0803611
2026-07-09 04:41:53.155 10 INFO neutron.wsgi [None req-14ef6b88-0dad-47e3-b489-75629e4b1b45 cd0aae0c2f474f2cb2c14456a301c3b4 b809e5e5db7c4170a41041cb04a8ce38 - - default default] 10.0.0.101 "DELETE /v2.0/security-groups/b802efe4-0981-47a7-9c67-8c2549a7cf10 HTTP/1.1" status: 204 len: 168 time: 0.2207081
2026-07-09 04:41:53.217 9 INFO neutron.wsgi [None req-d2222c31-a7c5-402b-aa4a-6c5544ab8a16 6304fcf42cc1493db0e3028de2bf0e5b de0c94ebeb0648b7b305fbe22127bdd1 - - default default] 10.0.0.101 "DELETE /v2.0/subnetpools/1d4567fa-a8b1-44d2-931e-2aab3cbd6612 HTTP/1.1" status: 204 len: 168 time: 0.0765882
2026-07-09 04:41:53.638 10 INFO neutron.wsgi [req-d93a4e56-63b9-450d-8899-3148c6c30eed req-0e8d8e01-7ddc-433f-b619-f5f2bfcda0e9 4427ddf4a9434e43b121b9c4ac9d73c8 0edfaf6d1d89410f8bda80dfd8aa3dc7 - - default default] 10.0.0.98 "GET /v2.0/ports?device_id=da8bc588-abfe-4e24-a9cc-88b8849713f8 HTTP/1.1" status: 200 len: 1170 time: 0.0400567
2026-07-09 04:41:53.702 10 INFO neutron.wsgi [req-d93a4e56-63b9-450d-8899-3148c6c30eed req-86c17f46-167e-4312-bfbf-75d16e367711 4427ddf4a9434e43b121b9c4ac9d73c8 0edfaf6d1d89410f8bda80dfd8aa3dc7 - - default default] 10.0.0.98 "GET /v2.0/security-groups?id=6a9668c8-4e82-454c-927a-abce80ef9d26&fields=id&fields=name HTTP/1.1" status: 200 len: 313 time: 0.0551555
2026-07-09 04:41:54.295 9 INFO neutron.notifiers.nova [-] Nova event matching ['req-a6fc2d07-81b5-4b5a-b3f6-4a1f49618573'] response: {'server_uuid': 'da8bc588-abfe-4e24-a9cc-88b8849713f8', 'name': 'network-vif-plugged', 'status': 'completed', 'tag': '3bd5ae56-a748-49e8-9be7-560fc640f105', 'code': 200}
2026-07-09 04:41:54.295 9 INFO neutron.notifiers.nova [-] Nova event matching ['req-a6fc2d07-81b5-4b5a-b3f6-4a1f49618573'] response: {'server_uuid': 'da8bc588-abfe-4e24-a9cc-88b8849713f8', 'name': 'network-vif-plugged', 'status': 'completed', 'tag': '3bd5ae56-a748-49e8-9be7-560fc640f105', 'code': 200}
2026-07-09 04:41:54.295 9 INFO neutron.notifiers.nova [-] Nova event matching ['req-a6fc2d07-81b5-4b5a-b3f6-4a1f49618573'] response: {'server_uuid': 'da8bc588-abfe-4e24-a9cc-88b8849713f8', 'name': 'network-vif-plugged', 'status': 'completed', 'tag': '3bd5ae56-a748-49e8-9be7-560fc640f105', 'code': 200}
2026-07-09 04:41:54.448 10 INFO neutron.db.ovn_revision_numbers_db [None req-618d0e2d-8afb-462c-a363-69705d93f02a cd0aae0c2f474f2cb2c14456a301c3b4 b809e5e5db7c4170a41041cb04a8ce38 - - default default] Successfully bumped revision number for resource 6a9585a7-ee83-4e20-bef9-192f860184c1 (type: security_groups) to 1
2026-07-09 04:41:54.462 10 INFO neutron.db.ovn_revision_numbers_db [None req-618d0e2d-8afb-462c-a363-69705d93f02a cd0aae0c2f474f2cb2c14456a301c3b4 b809e5e5db7c4170a41041cb04a8ce38 - - default default] Successfully bumped revision number for resource 4100c713-a913-4d1d-a353-1274b1336b45 (type: security_group_rules) to 0
2026-07-09 04:41:54.476 10 INFO neutron.db.ovn_revision_numbers_db [None req-618d0e2d-8afb-462c-a363-69705d93f02a cd0aae0c2f474f2cb2c14456a301c3b4 b809e5e5db7c4170a41041cb04a8ce38 - - default default] Successfully bumped revision number for resource 4da1d4b1-aafa-4572-a186-b658fb61dfbc (type: security_group_rules) to 0
2026-07-09 04:41:54.503 10 INFO neutron.db.ovn_revision_numbers_db [None req-618d0e2d-8afb-462c-a363-69705d93f02a cd0aae0c2f474f2cb2c14456a301c3b4 b809e5e5db7c4170a41041cb04a8ce38 - - default default] Successfully bumped revision number for resource 829f15ae-b4d4-4994-b297-708ab1bbf96b (type: security_group_rules) to 0
2026-07-09 04:41:54.522 10 INFO neutron.db.ovn_revision_numbers_db [None req-618d0e2d-8afb-462c-a363-69705d93f02a cd0aae0c2f474f2cb2c14456a301c3b4 b809e5e5db7c4170a41041cb04a8ce38 - - default default] Successfully bumped revision number for resource ecb20bf8-c6e6-4371-82cd-4a8ed2936686 (type: security_group_rules) to 0 /var/lib/openstack/lib/python3.10/site-packages/pycadf/identifier.py:71: UserWarning: Invalid uuid: neutron. To ensure interoperability, identifiers should be a valid uuid. warnings.warn(('Invalid uuid: %s. To ensure interoperability, '
2026-07-09 04:41:54.561 10 INFO neutron.wsgi [None req-618d0e2d-8afb-462c-a363-69705d93f02a cd0aae0c2f474f2cb2c14456a301c3b4 b809e5e5db7c4170a41041cb04a8ce38 - - default default] 10.0.0.101 "GET /v2.0/security-groups?tenant_id=d2e5fc336feb4144b627435a05164316&name=default HTTP/1.1" status: 200 len: 2996 time: 0.4428096
2026-07-09 04:41:54.662 9 INFO neutron.db.ovn_revision_numbers_db [None req-9ad241b5-ff77-4bb1-a85a-d6f92be2e3f0 cd0aae0c2f474f2cb2c14456a301c3b4 b809e5e5db7c4170a41041cb04a8ce38 - - default default] Successfully bumped revision number for resource 2c850cdd-6611-4fc2-b6cf-0f73dfca87b8 (type: security_groups) to 1
2026-07-09 04:41:54.679 9 INFO neutron.db.ovn_revision_numbers_db [None req-9ad241b5-ff77-4bb1-a85a-d6f92be2e3f0 cd0aae0c2f474f2cb2c14456a301c3b4 b809e5e5db7c4170a41041cb04a8ce38 - - default default] Successfully bumped revision number for resource 2bd86c7b-b4fd-4209-94bd-f7287c1f06fa (type: security_group_rules) to 0
2026-07-09 04:41:54.718 9 INFO neutron.db.ovn_revision_numbers_db [None req-9ad241b5-ff77-4bb1-a85a-d6f92be2e3f0 cd0aae0c2f474f2cb2c14456a301c3b4 b809e5e5db7c4170a41041cb04a8ce38 - - default default] Successfully bumped revision number for resource 3bda16ca-5435-4ac1-a7e5-14be4cabbfb5 (type: security_group_rules) to 0
2026-07-09 04:41:54.734 9 INFO neutron.db.ovn_revision_numbers_db [None req-9ad241b5-ff77-4bb1-a85a-d6f92be2e3f0 cd0aae0c2f474f2cb2c14456a301c3b4 b809e5e5db7c4170a41041cb04a8ce38 - - default default] Successfully bumped revision number for resource f554a2eb-8055-4c35-823d-c160fdd2942f (type: security_group_rules) to 0
2026-07-09 04:41:54.753 9 INFO neutron.db.ovn_revision_numbers_db [None req-9ad241b5-ff77-4bb1-a85a-d6f92be2e3f0 cd0aae0c2f474f2cb2c14456a301c3b4 b809e5e5db7c4170a41041cb04a8ce38 - - default default] Successfully bumped revision number for resource f7478146-cb49-4e6c-8d7f-c2239b3acd4f (type: security_group_rules) to 0
2026-07-09 04:41:54.806 10 INFO neutron.wsgi [None req-a46208c4-3ede-4ae4-874f-f1bf33a9f61f cd0aae0c2f474f2cb2c14456a301c3b4 b809e5e5db7c4170a41041cb04a8ce38 - - default default] 10.0.0.101 "DELETE /v2.0/security-groups/6a9585a7-ee83-4e20-bef9-192f860184c1 HTTP/1.1" status: 204 len: 168 time: 0.2412212
2026-07-09 04:41:54.810 9 INFO neutron.db.segments_db [None req-9ad241b5-ff77-4bb1-a85a-d6f92be2e3f0 cd0aae0c2f474f2cb2c14456a301c3b4 b809e5e5db7c4170a41041cb04a8ce38 - - default default] Added segment 3e6525dc-a2ea-4333-bc88-d368d8ddd2d7 of type geneve for network f15bf66b-3615-40ac-beae-663f7d8e9a58
2026-07-09 04:41:54.950 9 INFO neutron.db.ovn_revision_numbers_db [None req-9ad241b5-ff77-4bb1-a85a-d6f92be2e3f0 cd0aae0c2f474f2cb2c14456a301c3b4 b809e5e5db7c4170a41041cb04a8ce38 - - default default] Successfully bumped revision number for resource f15bf66b-3615-40ac-beae-663f7d8e9a58 (type: networks) to 1
2026-07-09 04:41:55.070 10 INFO neutron.db.ovn_revision_numbers_db [None req-1767f6fc-6d26-47b8-8b9e-1268558dcd99 cd0aae0c2f474f2cb2c14456a301c3b4 b809e5e5db7c4170a41041cb04a8ce38 - - default default] Successfully bumped revision number for resource 79d45d31-13eb-4808-8cf9-4c7ac8cb2423 (type: security_groups) to 1
2026-07-09 04:41:55.084 10 INFO neutron.db.ovn_revision_numbers_db [None req-1767f6fc-6d26-47b8-8b9e-1268558dcd99 cd0aae0c2f474f2cb2c14456a301c3b4 b809e5e5db7c4170a41041cb04a8ce38 - - default default] Successfully bumped revision number for resource 79203bca-f221-4d1c-a28d-682c5c76fb61 (type: security_group_rules) to 0
2026-07-09 04:41:55.098 10 INFO neutron.db.ovn_revision_numbers_db [None req-1767f6fc-6d26-47b8-8b9e-1268558dcd99 cd0aae0c2f474f2cb2c14456a301c3b4 b809e5e5db7c4170a41041cb04a8ce38 - - default default] Successfully bumped revision number for resource aebee0b9-6248-4d53-bd58-2780a20ed005 (type: security_group_rules) to 0
2026-07-09 04:41:55.112 10 INFO neutron.db.ovn_revision_numbers_db [None req-1767f6fc-6d26-47b8-8b9e-1268558dcd99 cd0aae0c2f474f2cb2c14456a301c3b4 b809e5e5db7c4170a41041cb04a8ce38 - - default default] Successfully bumped revision number for resource c75675a2-5199-4d24-90ef-72da00c115f5 (type: security_group_rules) to 0
2026-07-09 04:41:55.130 10 INFO neutron.db.ovn_revision_numbers_db [None req-1767f6fc-6d26-47b8-8b9e-1268558dcd99 cd0aae0c2f474f2cb2c14456a301c3b4 b809e5e5db7c4170a41041cb04a8ce38 - - default default] Successfully bumped revision number for resource cdd6f6fd-e57c-4e33-82f9-905086668794 (type: security_group_rules) to 0
2026-07-09 04:41:55.155 10 INFO neutron.wsgi [None req-1767f6fc-6d26-47b8-8b9e-1268558dcd99 cd0aae0c2f474f2cb2c14456a301c3b4 b809e5e5db7c4170a41041cb04a8ce38 - - default default] 10.0.0.101 "GET /v2.0/security-groups?tenant_id=de0c94ebeb0648b7b305fbe22127bdd1&name=default HTTP/1.1" status: 200 len: 2996 time: 0.1931355
2026-07-09 04:41:55.355 10 INFO neutron.wsgi [None req-b5fd42a5-33ea-40d8-bc58-3d14af009132 cd0aae0c2f474f2cb2c14456a301c3b4 b809e5e5db7c4170a41041cb04a8ce38 - - default default] 10.0.0.101 "DELETE /v2.0/security-groups/79d45d31-13eb-4808-8cf9-4c7ac8cb2423 HTTP/1.1" status: 204 len: 168 time: 0.1899333
2026-07-09 04:41:55.383 9 WARNING neutron.scheduler.dhcp_agent_scheduler [None req-9ad241b5-ff77-4bb1-a85a-d6f92be2e3f0 cd0aae0c2f474f2cb2c14456a301c3b4 b809e5e5db7c4170a41041cb04a8ce38 - - default default] No more DHCP agents
2026-07-09 04:41:55.385 9 WARNING neutron.api.rpc.agentnotifiers.dhcp_rpc_agent_api [None req-9ad241b5-ff77-4bb1-a85a-d6f92be2e3f0 cd0aae0c2f474f2cb2c14456a301c3b4 b809e5e5db7c4170a41041cb04a8ce38 - - default default] Unable to schedule network f15bf66b-3615-40ac-beae-663f7d8e9a58: no agents available; will retry on subsequent port and subnet creation events.
2026-07-09 04:41:55.461 9 INFO neutron.db.ovn_revision_numbers_db [None req-9ad241b5-ff77-4bb1-a85a-d6f92be2e3f0 cd0aae0c2f474f2cb2c14456a301c3b4 b809e5e5db7c4170a41041cb04a8ce38 - - default default] Successfully bumped revision number for resource f95ec844-5d85-438b-b389-f450af9e0c92 (type: ports) to 1
2026-07-09 04:41:55.484 9 INFO neutron.wsgi [None req-9ad241b5-ff77-4bb1-a85a-d6f92be2e3f0 cd0aae0c2f474f2cb2c14456a301c3b4 b809e5e5db7c4170a41041cb04a8ce38 - - default default] 10.0.0.101 "POST /v2.0/networks HTTP/1.1" status: 201 len: 941 time: 1.0020037
2026-07-09 04:41:55.560 10 INFO neutron.db.ovn_revision_numbers_db [None req-de79193e-99b9-4512-b47e-c7aa2816f6b3 cd0aae0c2f474f2cb2c14456a301c3b4 b809e5e5db7c4170a41041cb04a8ce38 - - default default] Successfully bumped revision number for resource bee4d968-6a95-4369-a8df-d2504442104d (type: security_groups) to 1
2026-07-09 04:41:55.575 10 INFO neutron.db.ovn_revision_numbers_db [None req-de79193e-99b9-4512-b47e-c7aa2816f6b3 cd0aae0c2f474f2cb2c14456a301c3b4 b809e5e5db7c4170a41041cb04a8ce38 - - default default] Successfully bumped revision number for resource 273cacf3-dc4b-43b7-8f52-1da0756313fa (type: security_group_rules) to 0
2026-07-09 04:41:55.589 10 INFO neutron.db.ovn_revision_numbers_db [None req-de79193e-99b9-4512-b47e-c7aa2816f6b3 cd0aae0c2f474f2cb2c14456a301c3b4 b809e5e5db7c4170a41041cb04a8ce38 - - default default] Successfully bumped revision number for resource 59128294-31f2-4b07-8756-a21dd2c65ae8 (type: security_group_rules) to 0
2026-07-09 04:41:55.606 10 INFO neutron.db.ovn_revision_numbers_db [None req-de79193e-99b9-4512-b47e-c7aa2816f6b3 cd0aae0c2f474f2cb2c14456a301c3b4 b809e5e5db7c4170a41041cb04a8ce38 - - default default] Successfully bumped revision number for resource 8bc89551-8f9d-4bbb-8c7a-4797a44be0a4 (type: security_group_rules) to 0
2026-07-09 04:41:55.625 10 INFO neutron.db.ovn_revision_numbers_db [None req-de79193e-99b9-4512-b47e-c7aa2816f6b3 cd0aae0c2f474f2cb2c14456a301c3b4 b809e5e5db7c4170a41041cb04a8ce38 - - default default] Successfully bumped revision number for resource f2679bc7-b0e8-4cf3-95e7-976601c47632 (type: security_group_rules) to 0
2026-07-09 04:41:55.637 9 WARNING neutron.scheduler.dhcp_agent_scheduler [None req-0eca6bf3-fa83-4b12-971d-3d1ed3e27b23 cd0aae0c2f474f2cb2c14456a301c3b4 b809e5e5db7c4170a41041cb04a8ce38 - - default default] No more DHCP agents
2026-07-09 04:41:55.639 9 WARNING neutron.api.rpc.agentnotifiers.dhcp_rpc_agent_api [None req-0eca6bf3-fa83-4b12-971d-3d1ed3e27b23 cd0aae0c2f474f2cb2c14456a301c3b4 b809e5e5db7c4170a41041cb04a8ce38 - - default default] Unable to schedule network f15bf66b-3615-40ac-beae-663f7d8e9a58: no agents available; will retry on subsequent port and subnet creation events.
2026-07-09 04:41:55.651 10 INFO neutron.wsgi [None req-de79193e-99b9-4512-b47e-c7aa2816f6b3 cd0aae0c2f474f2cb2c14456a301c3b4 b809e5e5db7c4170a41041cb04a8ce38 - - default default] 10.0.0.101 "GET /v2.0/security-groups?tenant_id=28d4ba0b23934664a6bfbc43d67a8266&name=default HTTP/1.1" status: 200 len: 2996 time: 0.1877794
2026-07-09 04:41:56.100 9 INFO neutron.db.ovn_revision_numbers_db [None req-0eca6bf3-fa83-4b12-971d-3d1ed3e27b23 cd0aae0c2f474f2cb2c14456a301c3b4 b809e5e5db7c4170a41041cb04a8ce38 - - default default] Successfully bumped revision number for resource f95ec844-5d85-438b-b389-f450af9e0c92 (type: ports) to 2
2026-07-09 04:41:56.146 10 INFO neutron.wsgi [None req-b57210ad-b8e8-46ba-90f5-55a14a946da0 cd0aae0c2f474f2cb2c14456a301c3b4 b809e5e5db7c4170a41041cb04a8ce38 - - default default] 10.0.0.101 "DELETE /v2.0/security-groups/bee4d968-6a95-4369-a8df-d2504442104d HTTP/1.1" status: 204 len: 168 time: 0.4880979
2026-07-09 04:41:56.153 9 INFO neutron.db.ovn_revision_numbers_db [None req-0eca6bf3-fa83-4b12-971d-3d1ed3e27b23 cd0aae0c2f474f2cb2c14456a301c3b4 b809e5e5db7c4170a41041cb04a8ce38 - - default default] Successfully bumped revision number for resource 9e70b76c-c26b-4478-b237-cd7bd3323885 (type: subnets) to 0
2026-07-09 04:41:56.172 9 INFO neutron.wsgi [None req-0eca6bf3-fa83-4b12-971d-3d1ed3e27b23 cd0aae0c2f474f2cb2c14456a301c3b4 b809e5e5db7c4170a41041cb04a8ce38 - - default default] 10.0.0.101 "POST /v2.0/subnets HTTP/1.1" status: 201 len: 861 time: 0.6823967
2026-07-09 04:41:56.736 9 WARNING neutron.scheduler.dhcp_agent_scheduler [None req-3b60c83b-e4dc-43f4-843f-bf0c6f776d2a cd0aae0c2f474f2cb2c14456a301c3b4 b809e5e5db7c4170a41041cb04a8ce38 - - default default] No more DHCP agents
2026-07-09 04:41:56.740 9 WARNING neutron.api.rpc.agentnotifiers.dhcp_rpc_agent_api [None req-3b60c83b-e4dc-43f4-843f-bf0c6f776d2a cd0aae0c2f474f2cb2c14456a301c3b4 b809e5e5db7c4170a41041cb04a8ce38 - - default default] Unable to schedule network 47e69a59-df2e-49ba-aa0f-0ab25212f3ab: no agents available; will retry on subsequent port and subnet creation events.
2026-07-09 04:41:56.935 9 INFO neutron.db.ovn_revision_numbers_db [None req-3b60c83b-e4dc-43f4-843f-bf0c6f776d2a cd0aae0c2f474f2cb2c14456a301c3b4 b809e5e5db7c4170a41041cb04a8ce38 - - default default] Successfully bumped revision number for resource a4c667b1-c505-4125-a82e-ab3f666b0bb7 (type: ports) to 1
2026-07-09 04:41:57.508 9 INFO neutron.plugins.ml2.drivers.ovn.mech_driver.mech_driver [None req-741ffbae-2623-4cd3-9090-0f8197765c2f - - - - - -] OVN reports status up for port: a4c667b1-c505-4125-a82e-ab3f666b0bb7
2026-07-09 04:41:57.536 10 INFO neutron.plugins.ml2.drivers.ovn.mech_driver.ovsdb.ovsdb_monitor [None req-d75b604d-f3c3-4cc9-8340-04a809b1483c - - - - - -] Router 717c59a2-373d-4935-a7c4-611d7e412056 is bound to host instance
2026-07-09 04:41:57.538 9 INFO neutron.plugins.ml2.plugin [None req-741ffbae-2623-4cd3-9090-0f8197765c2f - - - - - -] Attempt 1 to provision port a4c667b1-c505-4125-a82e-ab3f666b0bb7
2026-07-09 04:41:57.565 9 INFO neutron.db.ovn_revision_numbers_db [None req-3b60c83b-e4dc-43f4-843f-bf0c6f776d2a cd0aae0c2f474f2cb2c14456a301c3b4 b809e5e5db7c4170a41041cb04a8ce38 - - default default] Successfully bumped revision number for resource a4c667b1-c505-4125-a82e-ab3f666b0bb7 (type: router_ports) to 1
2026-07-09 04:41:57.668 9 INFO neutron.db.ovn_revision_numbers_db [None req-3b60c83b-e4dc-43f4-843f-bf0c6f776d2a cd0aae0c2f474f2cb2c14456a301c3b4 b809e5e5db7c4170a41041cb04a8ce38 - - default default] Successfully bumped revision number for resource 717c59a2-373d-4935-a7c4-611d7e412056 (type: routers) to 2
2026-07-09 04:41:57.686 9 INFO neutron.wsgi [None req-3b60c83b-e4dc-43f4-843f-bf0c6f776d2a cd0aae0c2f474f2cb2c14456a301c3b4 b809e5e5db7c4170a41041cb04a8ce38 - - default default] 10.0.0.101 "POST /v2.0/routers HTTP/1.1" status: 201 len: 872 time: 1.5091004
2026-07-09 04:41:58.142 10 INFO neutron.db.ovn_revision_numbers_db [None req-341be864-d142-42ee-ae55-b4abe126d9fe 2c7d36acc14a41b38e1156d9b79756dc 33b3cd7159eb423c8d28d778042da396 - - default default] Successfully bumped revision number for resource 240483fa-281d-4f7a-9a32-72e88d4737d4 (type: security_groups) to 1
2026-07-09 04:41:58.144 10 INFO neutron.db.ovn_revision_numbers_db [None req-d75b604d-f3c3-4cc9-8340-04a809b1483c - - - - - -] Successfully bumped revision number for resource a4c667b1-c505-4125-a82e-ab3f666b0bb7 (type: ports) to 1
2026-07-09 04:41:58.148 9 WARNING neutron.scheduler.dhcp_agent_scheduler [None req-078666e2-0a27-4c23-848d-3e01e2e86e4b cd0aae0c2f474f2cb2c14456a301c3b4 b809e5e5db7c4170a41041cb04a8ce38 - - default default] No more DHCP agents
2026-07-09 04:41:58.152 9 WARNING neutron.api.rpc.agentnotifiers.dhcp_rpc_agent_api [None req-078666e2-0a27-4c23-848d-3e01e2e86e4b cd0aae0c2f474f2cb2c14456a301c3b4 b809e5e5db7c4170a41041cb04a8ce38 - - default default] Unable to schedule network f15bf66b-3615-40ac-beae-663f7d8e9a58: no agents available; will retry on subsequent port and subnet creation events.
2026-07-09 04:41:58.156 10 INFO neutron.db.ovn_revision_numbers_db [None req-341be864-d142-42ee-ae55-b4abe126d9fe 2c7d36acc14a41b38e1156d9b79756dc 33b3cd7159eb423c8d28d778042da396 - - default default] Successfully bumped revision number for resource 1e175180-cbc0-49b4-8d8f-f3781dad3621 (type: security_group_rules) to 0
2026-07-09 04:41:58.173 10 INFO neutron.db.ovn_revision_numbers_db [None req-341be864-d142-42ee-ae55-b4abe126d9fe 2c7d36acc14a41b38e1156d9b79756dc 33b3cd7159eb423c8d28d778042da396 - - default default] Successfully bumped revision number for resource 33ec8dda-3294-4f5f-a354-7ebdc66520fb (type: security_group_rules) to 0
2026-07-09 04:41:58.195 10 INFO neutron.db.ovn_revision_numbers_db [None req-341be864-d142-42ee-ae55-b4abe126d9fe 2c7d36acc14a41b38e1156d9b79756dc 33b3cd7159eb423c8d28d778042da396 - - default default] Successfully bumped revision number for resource 6e3816b5-61c1-46a7-a281-cecdb5fbb013 (type: security_group_rules) to 0
2026-07-09 04:41:58.225 10 INFO neutron.db.ovn_revision_numbers_db [None req-341be864-d142-42ee-ae55-b4abe126d9fe 2c7d36acc14a41b38e1156d9b79756dc 33b3cd7159eb423c8d28d778042da396 - - default default] Successfully bumped revision number for resource 9eafbeb4-49de-4e6b-830c-481f6d76817c (type: security_group_rules) to 0
2026-07-09 04:41:58.288 10 INFO neutron.db.segments_db [None req-341be864-d142-42ee-ae55-b4abe126d9fe 2c7d36acc14a41b38e1156d9b79756dc 33b3cd7159eb423c8d28d778042da396 - - default default] Added segment d9737c34-bc78-4875-b593-309dc6ceca31 of type geneve for network d9a897a6-ef4d-47e5-a70b-c6510b23f269
2026-07-09 04:41:58.479 10 INFO neutron.db.ovn_revision_numbers_db [None req-341be864-d142-42ee-ae55-b4abe126d9fe 2c7d36acc14a41b38e1156d9b79756dc 33b3cd7159eb423c8d28d778042da396 - - default default] Successfully bumped revision number for resource d9a897a6-ef4d-47e5-a70b-c6510b23f269 (type: networks) to 1
2026-07-09 04:41:58.499 9 INFO neutron.db.ovn_revision_numbers_db [None req-078666e2-0a27-4c23-848d-3e01e2e86e4b cd0aae0c2f474f2cb2c14456a301c3b4 b809e5e5db7c4170a41041cb04a8ce38 - - default default] Successfully bumped revision number for resource 4d16775a-8eb3-44fd-8425-0a7b3c10ee8c (type: ports) to 1
2026-07-09 04:41:58.520 10 INFO neutron.db.ovn_revision_numbers_db [None req-d75b604d-f3c3-4cc9-8340-04a809b1483c - - - - - -] Successfully bumped revision number for resource a4c667b1-c505-4125-a82e-ab3f666b0bb7 (type: router_ports) to 3
2026-07-09 04:41:58.715 10 WARNING neutron.scheduler.dhcp_agent_scheduler [None req-341be864-d142-42ee-ae55-b4abe126d9fe 2c7d36acc14a41b38e1156d9b79756dc 33b3cd7159eb423c8d28d778042da396 - - default default] No more DHCP agents
2026-07-09 04:41:58.721 10 WARNING neutron.api.rpc.agentnotifiers.dhcp_rpc_agent_api [None req-341be864-d142-42ee-ae55-b4abe126d9fe 2c7d36acc14a41b38e1156d9b79756dc 33b3cd7159eb423c8d28d778042da396 - - default default] Unable to schedule network d9a897a6-ef4d-47e5-a70b-c6510b23f269: no agents available; will retry on subsequent port and subnet creation events.
2026-07-09 04:41:58.764 10 INFO neutron.db.ovn_revision_numbers_db [None req-d75b604d-f3c3-4cc9-8340-04a809b1483c - - - - - -] Successfully bumped revision number for resource a4c667b1-c505-4125-a82e-ab3f666b0bb7 (type: ports) to 2
2026-07-09 04:41:58.807 10 INFO neutron.db.ovn_revision_numbers_db [None req-341be864-d142-42ee-ae55-b4abe126d9fe 2c7d36acc14a41b38e1156d9b79756dc 33b3cd7159eb423c8d28d778042da396 - - default default] Successfully bumped revision number for resource 49ad0f73-1713-4556-bca3-b3a17f8b6b63 (type: ports) to 1
2026-07-09 04:41:58.833 10 INFO neutron.wsgi [None req-341be864-d142-42ee-ae55-b4abe126d9fe 2c7d36acc14a41b38e1156d9b79756dc 33b3cd7159eb423c8d28d778042da396 - - default default] 10.0.0.101 "POST /v2.0/networks HTTP/1.1" status: 201 len: 831 time: 1.1217132
2026-07-09 04:41:59.000 10 INFO neutron.db.ovn_revision_numbers_db [None req-d75b604d-f3c3-4cc9-8340-04a809b1483c - - - - - -] Successfully bumped revision number for resource a4c667b1-c505-4125-a82e-ab3f666b0bb7 (type: ports) to 4
2026-07-09 04:41:59.039 10 INFO neutron.plugins.ml2.drivers.ovn.mech_driver.mech_driver [None req-e397f195-ee57-495a-9fa2-aa8ede6a2fcb - - - - - -] OVN reports status up for port: 4d16775a-8eb3-44fd-8425-0a7b3c10ee8c
2026-07-09 04:41:59.049 10 INFO neutron.plugins.ml2.plugin [None req-e397f195-ee57-495a-9fa2-aa8ede6a2fcb - - - - - -] Attempt 1 to provision port 4d16775a-8eb3-44fd-8425-0a7b3c10ee8c
2026-07-09 04:41:59.058 9 INFO neutron.db.ovn_revision_numbers_db [None req-078666e2-0a27-4c23-848d-3e01e2e86e4b cd0aae0c2f474f2cb2c14456a301c3b4 b809e5e5db7c4170a41041cb04a8ce38 - - default default] Successfully bumped revision number for resource 4d16775a-8eb3-44fd-8425-0a7b3c10ee8c (type: router_ports) to 1
2026-07-09 04:41:59.148 9 WARNING neutron.scheduler.dhcp_agent_scheduler [None req-e34f0621-132c-4bb3-b9f1-c9d60dc3795f 2c7d36acc14a41b38e1156d9b79756dc 33b3cd7159eb423c8d28d778042da396 - - default default] No more DHCP agents
2026-07-09 04:41:59.153 9 WARNING neutron.api.rpc.agentnotifiers.dhcp_rpc_agent_api [None req-e34f0621-132c-4bb3-b9f1-c9d60dc3795f 2c7d36acc14a41b38e1156d9b79756dc 33b3cd7159eb423c8d28d778042da396 - - default default] Unable to schedule network d9a897a6-ef4d-47e5-a70b-c6510b23f269: no agents available; will retry on subsequent port and subnet creation events.
2026-07-09 04:41:59.272 9 INFO neutron.db.ovn_revision_numbers_db [None req-e34f0621-132c-4bb3-b9f1-c9d60dc3795f 2c7d36acc14a41b38e1156d9b79756dc 33b3cd7159eb423c8d28d778042da396 - - default default] Successfully bumped revision number for resource ddcfcd25-e506-4838-ac1d-13d7a0acba32 (type: ports) to 1
2026-07-09 04:41:59.288 9 INFO neutron.db.ovn_revision_numbers_db [None req-078666e2-0a27-4c23-848d-3e01e2e86e4b cd0aae0c2f474f2cb2c14456a301c3b4 b809e5e5db7c4170a41041cb04a8ce38 - - default default] Successfully bumped revision number for resource 4d16775a-8eb3-44fd-8425-0a7b3c10ee8c (type: ports) to 1
2026-07-09 04:41:59.296 9 INFO neutron.wsgi [None req-e34f0621-132c-4bb3-b9f1-c9d60dc3795f 2c7d36acc14a41b38e1156d9b79756dc 33b3cd7159eb423c8d28d778042da396 - - default default] 10.0.0.101 "POST /v2.0/ports HTTP/1.1" status: 201 len: 942 time: 0.4582243
2026-07-09 04:41:59.306 10 INFO neutron.db.ovn_revision_numbers_db [None req-d75b604d-f3c3-4cc9-8340-04a809b1483c - - - - - -] Successfully bumped revision number for resource a4c667b1-c505-4125-a82e-ab3f666b0bb7 (type: router_ports) to 4
2026-07-09 04:41:59.370 9 WARNING neutron.scheduler.dhcp_agent_scheduler [None req-078666e2-0a27-4c23-848d-3e01e2e86e4b cd0aae0c2f474f2cb2c14456a301c3b4 b809e5e5db7c4170a41041cb04a8ce38 - - default default] No more DHCP agents
2026-07-09 04:41:59.373 9 WARNING neutron.api.rpc.agentnotifiers.dhcp_rpc_agent_api [None req-078666e2-0a27-4c23-848d-3e01e2e86e4b cd0aae0c2f474f2cb2c14456a301c3b4 b809e5e5db7c4170a41041cb04a8ce38 - - default default] Unable to schedule network f15bf66b-3615-40ac-beae-663f7d8e9a58: no agents available; will retry on subsequent port and subnet creation events.
2026-07-09 04:41:59.481 10 INFO neutron.db.ovn_revision_numbers_db [None req-e397f195-ee57-495a-9fa2-aa8ede6a2fcb - - - - - -] Successfully bumped revision number for resource 4d16775a-8eb3-44fd-8425-0a7b3c10ee8c (type: ports) to 2
2026-07-09 04:41:59.516 10 INFO neutron.db.segments_db [None req-d097283a-b016-498e-88d3-851ca79f4a06 2c7d36acc14a41b38e1156d9b79756dc 33b3cd7159eb423c8d28d778042da396 - - default default] Added segment 35e2b270-21bf-49e5-a537-7df7ec124630 of type geneve for network e5326920-0560-4361-8acf-e5fc7a985b08
2026-07-09 04:41:59.715 10 INFO neutron.db.ovn_revision_numbers_db [None req-e397f195-ee57-495a-9fa2-aa8ede6a2fcb - - - - - -] Successfully bumped revision number for resource 4d16775a-8eb3-44fd-8425-0a7b3c10ee8c (type: router_ports) to 2
2026-07-09 04:41:59.724 10 INFO neutron.db.ovn_revision_numbers_db [None req-d097283a-b016-498e-88d3-851ca79f4a06 2c7d36acc14a41b38e1156d9b79756dc 33b3cd7159eb423c8d28d778042da396 - - default default] Successfully bumped revision number for resource e5326920-0560-4361-8acf-e5fc7a985b08 (type: networks) to 1
2026-07-09 04:41:59.912 10 WARNING neutron.scheduler.dhcp_agent_scheduler [None req-d097283a-b016-498e-88d3-851ca79f4a06 2c7d36acc14a41b38e1156d9b79756dc 33b3cd7159eb423c8d28d778042da396 - - default default] No more DHCP agents
2026-07-09 04:41:59.915 10 WARNING neutron.api.rpc.agentnotifiers.dhcp_rpc_agent_api [None req-d097283a-b016-498e-88d3-851ca79f4a06 2c7d36acc14a41b38e1156d9b79756dc 33b3cd7159eb423c8d28d778042da396 - - default default] Unable to schedule network e5326920-0560-4361-8acf-e5fc7a985b08: no agents available; will retry on subsequent port and subnet creation events.
2026-07-09 04:41:59.954 9 INFO neutron.db.ovn_revision_numbers_db [None req-078666e2-0a27-4c23-848d-3e01e2e86e4b cd0aae0c2f474f2cb2c14456a301c3b4 b809e5e5db7c4170a41041cb04a8ce38 - - default default] Successfully bumped revision number for resource 4d16775a-8eb3-44fd-8425-0a7b3c10ee8c (type: router_ports) to 2
2026-07-09 04:41:59.956 9 INFO neutron.wsgi [None req-078666e2-0a27-4c23-848d-3e01e2e86e4b cd0aae0c2f474f2cb2c14456a301c3b4 b809e5e5db7c4170a41041cb04a8ce38 - - default default] 10.0.0.101 "PUT /v2.0/routers/717c59a2-373d-4935-a7c4-611d7e412056/add_router_interface HTTP/1.1" status: 200 len: 503 time: 2.2663169
2026-07-09 04:41:59.986 10 INFO neutron.db.ovn_revision_numbers_db [None req-d097283a-b016-498e-88d3-851ca79f4a06 2c7d36acc14a41b38e1156d9b79756dc 33b3cd7159eb423c8d28d778042da396 - - default default] Successfully bumped revision number for resource 0f612435-8450-40d2-b6a5-66343e334a3a (type: ports) to 1
2026-07-09 04:42:00.003 10 INFO neutron.wsgi [None req-d097283a-b016-498e-88d3-851ca79f4a06 2c7d36acc14a41b38e1156d9b79756dc 33b3cd7159eb423c8d28d778042da396 - - default default] 10.0.0.101 "POST /v2.0/networks HTTP/1.1" status: 201 len: 830 time: 0.6984053
2026-07-09 04:42:00.132 10 INFO neutron.wsgi [-] 10.0.0.185 "GET / HTTP/1.1" status: 200 len: 247 time: 0.0016980
2026-07-09 04:42:00.134 9 INFO neutron.wsgi [-] 10.0.0.185 "GET / HTTP/1.1" status: 200 len: 247 time: 0.0033040
2026-07-09 04:42:00.348 10 WARNING neutron.scheduler.dhcp_agent_scheduler [None req-38aba6d0-22e8-4d50-8ecf-90d1c956962a 2c7d36acc14a41b38e1156d9b79756dc 33b3cd7159eb423c8d28d778042da396 - - default default] No more DHCP agents
2026-07-09 04:42:00.353 10 WARNING neutron.api.rpc.agentnotifiers.dhcp_rpc_agent_api [None req-38aba6d0-22e8-4d50-8ecf-90d1c956962a 2c7d36acc14a41b38e1156d9b79756dc 33b3cd7159eb423c8d28d778042da396 - - default default] Unable to schedule network e5326920-0560-4361-8acf-e5fc7a985b08: no agents available; will retry on subsequent port and subnet creation events.
2026-07-09 04:42:00.479 10 INFO neutron.db.ovn_revision_numbers_db [None req-38aba6d0-22e8-4d50-8ecf-90d1c956962a 2c7d36acc14a41b38e1156d9b79756dc 33b3cd7159eb423c8d28d778042da396 - - default default] Successfully bumped revision number for resource e3fbb99e-d4b9-4aa8-a774-daec70240595 (type: ports) to 1
2026-07-09 04:42:00.503 10 INFO neutron.wsgi [None req-38aba6d0-22e8-4d50-8ecf-90d1c956962a 2c7d36acc14a41b38e1156d9b79756dc 33b3cd7159eb423c8d28d778042da396 - - default default] 10.0.0.101 "POST /v2.0/ports HTTP/1.1" status: 201 len: 942 time: 0.4941769 /var/lib/openstack/lib/python3.10/site-packages/pycadf/identifier.py:71: UserWarning: Invalid uuid: neutron. To ensure interoperability, identifiers should be a valid uuid. warnings.warn(('Invalid uuid: %s. To ensure interoperability, '
2026-07-09 04:42:00.595 10 INFO neutron.db.segments_db [None req-d22048dc-ef56-4aa4-a0e9-901286881d49 2c7d36acc14a41b38e1156d9b79756dc 33b3cd7159eb423c8d28d778042da396 - - default default] Added segment 383f259a-e791-4d26-840c-ae4f316403cc of type geneve for network 70be053e-9e91-4147-88e7-9fd78d2c94f5
2026-07-09 04:42:00.795 10 INFO neutron.db.ovn_revision_numbers_db [None req-d22048dc-ef56-4aa4-a0e9-901286881d49 2c7d36acc14a41b38e1156d9b79756dc 33b3cd7159eb423c8d28d778042da396 - - default default] Successfully bumped revision number for resource 70be053e-9e91-4147-88e7-9fd78d2c94f5 (type: networks) to 1
2026-07-09 04:42:00.946 10 INFO neutron.db.ovn_revision_numbers_db [None req-0e943f0d-724c-402b-96c3-ce4aeb6fb27f 9dc4878d478e4f5ebae76f35d6d50715 0b14e957a8b743f699f8b57aa9a6319b - - default default] Successfully bumped revision number for resource 5a2661e7-b44c-45a4-aea3-63050058ea76 (type: security_groups) to 1
2026-07-09 04:42:00.971 10 INFO neutron.db.ovn_revision_numbers_db [None req-0e943f0d-724c-402b-96c3-ce4aeb6fb27f 9dc4878d478e4f5ebae76f35d6d50715 0b14e957a8b743f699f8b57aa9a6319b - - default default] Successfully bumped revision number for resource 88276500-7e2a-4474-ac09-6486cf826279 (type: security_group_rules) to 0
2026-07-09 04:42:00.986 10 WARNING neutron.scheduler.dhcp_agent_scheduler [None req-d22048dc-ef56-4aa4-a0e9-901286881d49 2c7d36acc14a41b38e1156d9b79756dc 33b3cd7159eb423c8d28d778042da396 - - default default] No more DHCP agents
2026-07-09 04:42:00.991 10 WARNING neutron.api.rpc.agentnotifiers.dhcp_rpc_agent_api [None req-d22048dc-ef56-4aa4-a0e9-901286881d49 2c7d36acc14a41b38e1156d9b79756dc 33b3cd7159eb423c8d28d778042da396 - - default default] Unable to schedule network 70be053e-9e91-4147-88e7-9fd78d2c94f5: no agents available; will retry on subsequent port and subnet creation events.
2026-07-09 04:42:00.999 10 INFO neutron.db.ovn_revision_numbers_db [None req-0e943f0d-724c-402b-96c3-ce4aeb6fb27f 9dc4878d478e4f5ebae76f35d6d50715 0b14e957a8b743f699f8b57aa9a6319b - - default default] Successfully bumped revision number for resource 94e2ac2d-47c5-4541-b03d-f4135d8a8a9c (type: security_group_rules) to 0
2026-07-09 04:42:01.023 10 INFO neutron.db.ovn_revision_numbers_db [None req-0e943f0d-724c-402b-96c3-ce4aeb6fb27f 9dc4878d478e4f5ebae76f35d6d50715 0b14e957a8b743f699f8b57aa9a6319b - - default default] Successfully bumped revision number for resource baf70699-ed51-4d51-b729-f2daf6ba323c (type: security_group_rules) to 0
2026-07-09 04:42:01.041 10 INFO neutron.db.ovn_revision_numbers_db [None req-0e943f0d-724c-402b-96c3-ce4aeb6fb27f 9dc4878d478e4f5ebae76f35d6d50715 0b14e957a8b743f699f8b57aa9a6319b - - default default] Successfully bumped revision number for resource fe06d53b-cbb5-456d-9cb9-8418382bb77c (type: security_group_rules) to 0
2026-07-09 04:42:01.081 10 INFO neutron.db.ovn_revision_numbers_db [None req-d22048dc-ef56-4aa4-a0e9-901286881d49 2c7d36acc14a41b38e1156d9b79756dc 33b3cd7159eb423c8d28d778042da396 - - default default] Successfully bumped revision number for resource 125e00d8-1999-466a-ad7e-bad0ae5835a2 (type: ports) to 1 /var/lib/openstack/lib/python3.10/site-packages/pycadf/identifier.py:71: UserWarning: Invalid uuid: neutron. To ensure interoperability, identifiers should be a valid uuid. warnings.warn(('Invalid uuid: %s. To ensure interoperability, '
2026-07-09 04:42:01.102 10 INFO neutron.db.segments_db [None req-0e943f0d-724c-402b-96c3-ce4aeb6fb27f 9dc4878d478e4f5ebae76f35d6d50715 0b14e957a8b743f699f8b57aa9a6319b - - default default] Added segment 893f7372-4224-4d35-99b3-18c91aa7a34c of type geneve for network 12521bc5-60a7-455e-9f11-344aeec78596
2026-07-09 04:42:01.109 10 INFO neutron.wsgi [None req-d22048dc-ef56-4aa4-a0e9-901286881d49 2c7d36acc14a41b38e1156d9b79756dc 33b3cd7159eb423c8d28d778042da396 - - default default] 10.0.0.101 "POST /v2.0/networks HTTP/1.1" status: 201 len: 831 time: 0.6004684
2026-07-09 04:42:01.270 10 INFO neutron.db.ovn_revision_numbers_db [None req-0e943f0d-724c-402b-96c3-ce4aeb6fb27f 9dc4878d478e4f5ebae76f35d6d50715 0b14e957a8b743f699f8b57aa9a6319b - - default default] Successfully bumped revision number for resource 12521bc5-60a7-455e-9f11-344aeec78596 (type: networks) to 1
2026-07-09 04:42:01.279 9 INFO neutron.db.ovn_revision_numbers_db [None req-05beed60-0e74-42e5-a760-060b1f7ff4b6 cd0aae0c2f474f2cb2c14456a301c3b4 b809e5e5db7c4170a41041cb04a8ce38 - - default default] Successfully bumped revision number for resource 03fd56b5-22f8-47ad-8a0b-07b45b3b33a1 (type: security_groups) to 1
2026-07-09 04:42:01.316 9 INFO neutron.db.ovn_revision_numbers_db [None req-05beed60-0e74-42e5-a760-060b1f7ff4b6 cd0aae0c2f474f2cb2c14456a301c3b4 b809e5e5db7c4170a41041cb04a8ce38 - - default default] Successfully bumped revision number for resource 26299f52-1ad8-492b-8661-9faa24941c29 (type: security_group_rules) to 0
2026-07-09 04:42:01.339 9 INFO neutron.db.ovn_revision_numbers_db [None req-05beed60-0e74-42e5-a760-060b1f7ff4b6 cd0aae0c2f474f2cb2c14456a301c3b4 b809e5e5db7c4170a41041cb04a8ce38 - - default default] Successfully bumped revision number for resource 87bb8c19-07b3-4597-87cc-18acd0a502e4 (type: security_group_rules) to 0
2026-07-09 04:42:01.354 9 INFO neutron.db.ovn_revision_numbers_db [None req-05beed60-0e74-42e5-a760-060b1f7ff4b6 cd0aae0c2f474f2cb2c14456a301c3b4 b809e5e5db7c4170a41041cb04a8ce38 - - default default] Successfully bumped revision number for resource e3181321-7ef1-4ce6-8248-14faf1810d52 (type: security_group_rules) to 0
2026-07-09 04:42:01.384 9 INFO neutron.db.ovn_revision_numbers_db [None req-05beed60-0e74-42e5-a760-060b1f7ff4b6 cd0aae0c2f474f2cb2c14456a301c3b4 b809e5e5db7c4170a41041cb04a8ce38 - - default default] Successfully bumped revision number for resource fbe1749f-7517-48bb-9f4d-abff60636a6f (type: security_group_rules) to 0
2026-07-09 04:42:01.388 9 WARNING neutron.scheduler.dhcp_agent_scheduler [None req-268fcee5-ab78-4bd9-ba9c-115c5eb96bcf 2c7d36acc14a41b38e1156d9b79756dc 33b3cd7159eb423c8d28d778042da396 - - default default] No more DHCP agents
2026-07-09 04:42:01.392 9 WARNING neutron.api.rpc.agentnotifiers.dhcp_rpc_agent_api [None req-268fcee5-ab78-4bd9-ba9c-115c5eb96bcf 2c7d36acc14a41b38e1156d9b79756dc 33b3cd7159eb423c8d28d778042da396 - - default default] Unable to schedule network 70be053e-9e91-4147-88e7-9fd78d2c94f5: no agents available; will retry on subsequent port and subnet creation events.
2026-07-09 04:42:01.443 9 INFO neutron.db.segments_db [None req-05beed60-0e74-42e5-a760-060b1f7ff4b6 cd0aae0c2f474f2cb2c14456a301c3b4 b809e5e5db7c4170a41041cb04a8ce38 - - default default] Added segment d941f512-8f9b-4b23-9958-0457df322078 of type geneve for network 4297aa63-ae3a-4d15-b67f-49d1a51a785c
2026-07-09 04:42:01.481 10 WARNING neutron.scheduler.dhcp_agent_scheduler [None req-0e943f0d-724c-402b-96c3-ce4aeb6fb27f 9dc4878d478e4f5ebae76f35d6d50715 0b14e957a8b743f699f8b57aa9a6319b - - default default] No more DHCP agents
2026-07-09 04:42:01.484 10 WARNING neutron.api.rpc.agentnotifiers.dhcp_rpc_agent_api [None req-0e943f0d-724c-402b-96c3-ce4aeb6fb27f 9dc4878d478e4f5ebae76f35d6d50715 0b14e957a8b743f699f8b57aa9a6319b - - default default] Unable to schedule network 12521bc5-60a7-455e-9f11-344aeec78596: no agents available; will retry on subsequent port and subnet creation events.
2026-07-09 04:42:01.513 9 INFO neutron.db.ovn_revision_numbers_db [None req-268fcee5-ab78-4bd9-ba9c-115c5eb96bcf 2c7d36acc14a41b38e1156d9b79756dc 33b3cd7159eb423c8d28d778042da396 - - default default] Successfully bumped revision number for resource 7e19560c-a0d6-42e8-891a-86ee20316aea (type: ports) to 1
2026-07-09 04:42:01.543 9 INFO neutron.wsgi [None req-268fcee5-ab78-4bd9-ba9c-115c5eb96bcf 2c7d36acc14a41b38e1156d9b79756dc 33b3cd7159eb423c8d28d778042da396 - - default default] 10.0.0.101 "POST /v2.0/ports HTTP/1.1" status: 201 len: 942 time: 0.4274786
2026-07-09 04:42:01.563 10 INFO neutron.db.ovn_revision_numbers_db [None req-0e943f0d-724c-402b-96c3-ce4aeb6fb27f 9dc4878d478e4f5ebae76f35d6d50715 0b14e957a8b743f699f8b57aa9a6319b - - default default] Successfully bumped revision number for resource 700357ce-ea1c-4c38-bb66-42c1ec66cf1d (type: ports) to 1
2026-07-09 04:42:01.585 10 INFO neutron.wsgi [None req-0e943f0d-724c-402b-96c3-ce4aeb6fb27f 9dc4878d478e4f5ebae76f35d6d50715 0b14e957a8b743f699f8b57aa9a6319b - - default default] 10.0.0.101 "POST /v2.0/networks HTTP/1.1" status: 201 len: 831 time: 1.0579667
2026-07-09 04:42:01.612 9 INFO neutron.db.ovn_revision_numbers_db [None req-05beed60-0e74-42e5-a760-060b1f7ff4b6 cd0aae0c2f474f2cb2c14456a301c3b4 b809e5e5db7c4170a41041cb04a8ce38 - - default default] Successfully bumped revision number for resource 4297aa63-ae3a-4d15-b67f-49d1a51a785c (type: networks) to 1
2026-07-09 04:42:01.640 10 INFO neutron.db.segments_db [None req-60cc84ad-1c77-4fa7-95ce-6c45c0c02330 2c7d36acc14a41b38e1156d9b79756dc 33b3cd7159eb423c8d28d778042da396 - - default default] Added segment ea49e8b0-142b-455b-a069-9510f4fbae20 of type geneve for network b7c0b86f-281e-46f5-90d3-aceaeedd7aa5
2026-07-09 04:42:01.816 9 WARNING neutron.scheduler.dhcp_agent_scheduler [None req-05beed60-0e74-42e5-a760-060b1f7ff4b6 cd0aae0c2f474f2cb2c14456a301c3b4 b809e5e5db7c4170a41041cb04a8ce38 - - default default] No more DHCP agents
2026-07-09 04:42:01.820 9 WARNING neutron.api.rpc.agentnotifiers.dhcp_rpc_agent_api [None req-05beed60-0e74-42e5-a760-060b1f7ff4b6 cd0aae0c2f474f2cb2c14456a301c3b4 b809e5e5db7c4170a41041cb04a8ce38 - - default default] Unable to schedule network 4297aa63-ae3a-4d15-b67f-49d1a51a785c: no agents available; will retry on subsequent port and subnet creation events.
2026-07-09 04:42:01.854 10 INFO neutron.db.ovn_revision_numbers_db [None req-60cc84ad-1c77-4fa7-95ce-6c45c0c02330 2c7d36acc14a41b38e1156d9b79756dc 33b3cd7159eb423c8d28d778042da396 - - default default] Successfully bumped revision number for resource b7c0b86f-281e-46f5-90d3-aceaeedd7aa5 (type: networks) to 1
2026-07-09 04:42:01.897 9 INFO neutron.db.ovn_revision_numbers_db [None req-05beed60-0e74-42e5-a760-060b1f7ff4b6 cd0aae0c2f474f2cb2c14456a301c3b4 b809e5e5db7c4170a41041cb04a8ce38 - - default default] Successfully bumped revision number for resource e4c7c4b8-dc86-420f-a7f8-f51b245c480f (type: ports) to 1
2026-07-09 04:42:01.913 9 INFO neutron.wsgi [None req-05beed60-0e74-42e5-a760-060b1f7ff4b6 cd0aae0c2f474f2cb2c14456a301c3b4 b809e5e5db7c4170a41041cb04a8ce38 - - default default] 10.0.0.101 "POST /v2.0/networks HTTP/1.1" status: 201 len: 942 time: 0.8259113 /var/lib/openstack/lib/python3.10/site-packages/pycadf/identifier.py:71: UserWarning: Invalid uuid: neutron. To ensure interoperability, identifiers should be a valid uuid. warnings.warn(('Invalid uuid: %s. To ensure interoperability, '
2026-07-09 04:42:02.039 9 WARNING neutron.scheduler.dhcp_agent_scheduler [None req-66378dbb-cb1f-48b7-818f-142d004333c2 cd0aae0c2f474f2cb2c14456a301c3b4 b809e5e5db7c4170a41041cb04a8ce38 - - default default] No more DHCP agents
2026-07-09 04:42:02.040 9 WARNING neutron.api.rpc.agentnotifiers.dhcp_rpc_agent_api [None req-66378dbb-cb1f-48b7-818f-142d004333c2 cd0aae0c2f474f2cb2c14456a301c3b4 b809e5e5db7c4170a41041cb04a8ce38 - - default default] Unable to schedule network 4297aa63-ae3a-4d15-b67f-49d1a51a785c: no agents available; will retry on subsequent port and subnet creation events.
2026-07-09 04:42:02.347 10 WARNING neutron.scheduler.dhcp_agent_scheduler [None req-7e81227a-81de-4d67-831c-1980f0dc8dd3 9dc4878d478e4f5ebae76f35d6d50715 0b14e957a8b743f699f8b57aa9a6319b - - default default] No more DHCP agents
2026-07-09 04:42:02.353 10 WARNING neutron.api.rpc.agentnotifiers.dhcp_rpc_agent_api [None req-7e81227a-81de-4d67-831c-1980f0dc8dd3 9dc4878d478e4f5ebae76f35d6d50715 0b14e957a8b743f699f8b57aa9a6319b - - default default] Unable to schedule network 12521bc5-60a7-455e-9f11-344aeec78596: no agents available; will retry on subsequent port and subnet creation events.
2026-07-09 04:42:02.466 10 INFO neutron.db.ovn_revision_numbers_db [None req-7e81227a-81de-4d67-831c-1980f0dc8dd3 9dc4878d478e4f5ebae76f35d6d50715 0b14e957a8b743f699f8b57aa9a6319b - - default default] Successfully bumped revision number for resource ca042529-eeb4-4559-9d39-10ea10015344 (type: ports) to 1
2026-07-09 04:42:02.467 10 WARNING neutron.scheduler.dhcp_agent_scheduler [None req-60cc84ad-1c77-4fa7-95ce-6c45c0c02330 2c7d36acc14a41b38e1156d9b79756dc 33b3cd7159eb423c8d28d778042da396 - - default default] No more DHCP agents
2026-07-09 04:42:02.470 10 WARNING neutron.api.rpc.agentnotifiers.dhcp_rpc_agent_api [None req-60cc84ad-1c77-4fa7-95ce-6c45c0c02330 2c7d36acc14a41b38e1156d9b79756dc 33b3cd7159eb423c8d28d778042da396 - - default default] Unable to schedule network b7c0b86f-281e-46f5-90d3-aceaeedd7aa5: no agents available; will retry on subsequent port and subnet creation events.
2026-07-09 04:42:02.503 10 INFO neutron.wsgi [None req-7e81227a-81de-4d67-831c-1980f0dc8dd3 9dc4878d478e4f5ebae76f35d6d50715 0b14e957a8b743f699f8b57aa9a6319b - - default default] 10.0.0.101 "POST /v2.0/ports HTTP/1.1" status: 201 len: 942 time: 0.9128091 /var/lib/openstack/lib/python3.10/site-packages/pycadf/identifier.py:71: UserWarning: Invalid uuid: neutron. To ensure interoperability, identifiers should be a valid uuid. warnings.warn(('Invalid uuid: %s. To ensure interoperability, '
2026-07-09 04:42:02.595 10 INFO neutron.db.ovn_revision_numbers_db [None req-60cc84ad-1c77-4fa7-95ce-6c45c0c02330 2c7d36acc14a41b38e1156d9b79756dc 33b3cd7159eb423c8d28d778042da396 - - default default] Successfully bumped revision number for resource d722b4c3-52bb-40b1-bd16-b87c68a9c54f (type: ports) to 1
2026-07-09 04:42:02.632 10 INFO neutron.wsgi [None req-60cc84ad-1c77-4fa7-95ce-6c45c0c02330 2c7d36acc14a41b38e1156d9b79756dc 33b3cd7159eb423c8d28d778042da396 - - default default] 10.0.0.101 "POST /v2.0/networks HTTP/1.1" status: 201 len: 831 time: 1.0842969
2026-07-09 04:42:02.845 10 INFO neutron.wsgi [None req-973c8a50-7dcc-49db-adc5-b73369a0805c 9dc4878d478e4f5ebae76f35d6d50715 0b14e957a8b743f699f8b57aa9a6319b - - default default] 10.0.0.101 "POST /v2.0/trunks HTTP/1.1" status: 201 len: 608 time: 0.3317056
2026-07-09 04:42:02.942 9 INFO neutron.db.ovn_revision_numbers_db [None req-66378dbb-cb1f-48b7-818f-142d004333c2 cd0aae0c2f474f2cb2c14456a301c3b4 b809e5e5db7c4170a41041cb04a8ce38 - - default default] Successfully bumped revision number for resource e4c7c4b8-dc86-420f-a7f8-f51b245c480f (type: ports) to 2
2026-07-09 04:42:02.952 9 INFO neutron.db.segments_db [None req-a736fd15-73c3-430e-a237-d2ed96d0c267 9dc4878d478e4f5ebae76f35d6d50715 0b14e957a8b743f699f8b57aa9a6319b - - default default] Added segment 82468ad8-2ca5-4e81-857b-9258d5004713 of type geneve for network 6b8b3b90-4c4d-4f7f-aee2-5f02b7adad1a
2026-07-09 04:42:02.992 9 INFO neutron.db.ovn_revision_numbers_db [None req-66378dbb-cb1f-48b7-818f-142d004333c2 cd0aae0c2f474f2cb2c14456a301c3b4 b809e5e5db7c4170a41041cb04a8ce38 - - default default] Successfully bumped revision number for resource 9c1a859a-e554-4a8c-aa7a-6c7cbf5cc23a (type: subnets) to 0
2026-07-09 04:42:02.998 10 WARNING neutron.scheduler.dhcp_agent_scheduler [None req-f95510dd-da25-4e45-b6f4-b85e48f1aff5 2c7d36acc14a41b38e1156d9b79756dc 33b3cd7159eb423c8d28d778042da396 - - default default] No more DHCP agents
2026-07-09 04:42:03.002 10 WARNING neutron.api.rpc.agentnotifiers.dhcp_rpc_agent_api [None req-f95510dd-da25-4e45-b6f4-b85e48f1aff5 2c7d36acc14a41b38e1156d9b79756dc 33b3cd7159eb423c8d28d778042da396 - - default default] Unable to schedule network b7c0b86f-281e-46f5-90d3-aceaeedd7aa5: no agents available; will retry on subsequent port and subnet creation events.
2026-07-09 04:42:03.013 9 INFO neutron.wsgi [None req-66378dbb-cb1f-48b7-818f-142d004333c2 cd0aae0c2f474f2cb2c14456a301c3b4 b809e5e5db7c4170a41041cb04a8ce38 - - default default] 10.0.0.101 "POST /v2.0/subnets HTTP/1.1" status: 201 len: 862 time: 1.0950527
2026-07-09 04:42:03.095 10 INFO neutron.db.ovn_revision_numbers_db [None req-f95510dd-da25-4e45-b6f4-b85e48f1aff5 2c7d36acc14a41b38e1156d9b79756dc 33b3cd7159eb423c8d28d778042da396 - - default default] Successfully bumped revision number for resource 3789fb3c-9070-48fb-ad20-969563417716 (type: ports) to 1
2026-07-09 04:42:03.117 10 INFO neutron.wsgi [None req-f95510dd-da25-4e45-b6f4-b85e48f1aff5 2c7d36acc14a41b38e1156d9b79756dc 33b3cd7159eb423c8d28d778042da396 - - default default] 10.0.0.101 "POST /v2.0/ports HTTP/1.1" status: 201 len: 942 time: 0.4786327
2026-07-09 04:42:03.140 9 INFO neutron.db.ovn_revision_numbers_db [None req-a736fd15-73c3-430e-a237-d2ed96d0c267 9dc4878d478e4f5ebae76f35d6d50715 0b14e957a8b743f699f8b57aa9a6319b - - default default] Successfully bumped revision number for resource 6b8b3b90-4c4d-4f7f-aee2-5f02b7adad1a (type: networks) to 1
2026-07-09 04:42:03.296 9 INFO neutron.db.segments_db [None req-9fe6e594-a543-4b77-8db5-e8e6f9390739 2c7d36acc14a41b38e1156d9b79756dc 33b3cd7159eb423c8d28d778042da396 - - default default] Added segment 2c734fb9-e9fa-4658-ae8a-e70f4bad9e59 of type geneve for network 397d82b0-b0a7-46c7-a5a9-6ab91eec16ae
2026-07-09 04:42:03.507 9 WARNING neutron.scheduler.dhcp_agent_scheduler [None req-a736fd15-73c3-430e-a237-d2ed96d0c267 9dc4878d478e4f5ebae76f35d6d50715 0b14e957a8b743f699f8b57aa9a6319b - - default default] No more DHCP agents
2026-07-09 04:42:03.518 9 WARNING neutron.api.rpc.agentnotifiers.dhcp_rpc_agent_api [None req-a736fd15-73c3-430e-a237-d2ed96d0c267 9dc4878d478e4f5ebae76f35d6d50715 0b14e957a8b743f699f8b57aa9a6319b - - default default] Unable to schedule network 6b8b3b90-4c4d-4f7f-aee2-5f02b7adad1a: no agents available; will retry on subsequent port and subnet creation events.
2026-07-09 04:42:03.553 9 INFO neutron.db.ovn_revision_numbers_db [None req-9fe6e594-a543-4b77-8db5-e8e6f9390739 2c7d36acc14a41b38e1156d9b79756dc 33b3cd7159eb423c8d28d778042da396 - - default default] Successfully bumped revision number for resource 397d82b0-b0a7-46c7-a5a9-6ab91eec16ae (type: networks) to 1
2026-07-09 04:42:03.679 9 INFO neutron.db.ovn_revision_numbers_db [None req-a736fd15-73c3-430e-a237-d2ed96d0c267 9dc4878d478e4f5ebae76f35d6d50715 0b14e957a8b743f699f8b57aa9a6319b - - default default] Successfully bumped revision number for resource 24b9cc3a-a23c-44db-939b-d7709c77eef8 (type: ports) to 1
2026-07-09 04:42:03.736 9 INFO neutron.wsgi [None req-a736fd15-73c3-430e-a237-d2ed96d0c267 9dc4878d478e4f5ebae76f35d6d50715 0b14e957a8b743f699f8b57aa9a6319b - - default default] 10.0.0.101 "POST /v2.0/networks HTTP/1.1" status: 201 len: 831 time: 0.8821173
2026-07-09 04:42:03.814 9 WARNING neutron.scheduler.dhcp_agent_scheduler [None req-a3e100cf-addb-45a1-b52d-20b26c009ef8 cd0aae0c2f474f2cb2c14456a301c3b4 b809e5e5db7c4170a41041cb04a8ce38 - - default default] No more DHCP agents
2026-07-09 04:42:03.818 9 WARNING neutron.api.rpc.agentnotifiers.dhcp_rpc_agent_api [None req-a3e100cf-addb-45a1-b52d-20b26c009ef8 cd0aae0c2f474f2cb2c14456a301c3b4 b809e5e5db7c4170a41041cb04a8ce38 - - default default] Unable to schedule network 47e69a59-df2e-49ba-aa0f-0ab25212f3ab: no agents available; will retry on subsequent port and subnet creation events.
2026-07-09 04:42:03.852 9 WARNING neutron.scheduler.dhcp_agent_scheduler [None req-9fe6e594-a543-4b77-8db5-e8e6f9390739 2c7d36acc14a41b38e1156d9b79756dc 33b3cd7159eb423c8d28d778042da396 - - default default] No more DHCP agents
2026-07-09 04:42:03.866 9 WARNING neutron.api.rpc.agentnotifiers.dhcp_rpc_agent_api [None req-9fe6e594-a543-4b77-8db5-e8e6f9390739 2c7d36acc14a41b38e1156d9b79756dc 33b3cd7159eb423c8d28d778042da396 - - default default] Unable to schedule network 397d82b0-b0a7-46c7-a5a9-6ab91eec16ae: no agents available; will retry on subsequent port and subnet creation events.
2026-07-09 04:42:03.998 9 INFO neutron.db.ovn_revision_numbers_db [None req-9fe6e594-a543-4b77-8db5-e8e6f9390739 2c7d36acc14a41b38e1156d9b79756dc 33b3cd7159eb423c8d28d778042da396 - - default default] Successfully bumped revision number for resource 3926e974-24aa-4891-b225-a6b0aaafbab3 (type: ports) to 1
