2026-07-09 04:42:28.340 9 INFO neutron.wsgi [None req-a6fcd916-92fb-4ed3-acdf-776cc5d86432 149898276c8b4c24a5d0e8a17828df0d 7569ee2d3a0445628d8e06ad9254949e - - default default] 10.0.0.101 "GET /v2.0/ports/deab1740-5f4d-4462-b453-ad40136c7c14/tags/green HTTP/1.1" status: 404 len: 299 time: 0.0257573
2026-07-09 04:42:28.381 9 INFO neutron.wsgi [None req-f35c4a8a-02b9-43c7-aaa3-8ec33e9ba620 149898276c8b4c24a5d0e8a17828df0d 7569ee2d3a0445628d8e06ad9254949e - - default default] 10.0.0.101 "DELETE /v2.0/ports/deab1740-5f4d-4462-b453-ad40136c7c14/tags/red HTTP/1.1" status: 204 len: 168 time: 0.0362973
2026-07-09 04:42:28.414 9 INFO neutron.wsgi [None req-493c04b3-b27e-4a17-9bdb-c9c2acfdcd79 149898276c8b4c24a5d0e8a17828df0d 7569ee2d3a0445628d8e06ad9254949e - - default default] 10.0.0.101 "GET /v2.0/ports/deab1740-5f4d-4462-b453-ad40136c7c14/tags HTTP/1.1" status: 200 len: 223 time: 0.0282259
2026-07-09 04:42:28.455 9 INFO neutron.api.v2.resource [None req-9859a65a-8501-4435-ad34-be9b6fbe99b3 149898276c8b4c24a5d0e8a17828df0d 7569ee2d3a0445628d8e06ad9254949e - - default default] delete failed (client error): The resource could not be found.
2026-07-09 04:42:28.457 9 INFO neutron.wsgi [None req-9859a65a-8501-4435-ad34-be9b6fbe99b3 149898276c8b4c24a5d0e8a17828df0d 7569ee2d3a0445628d8e06ad9254949e - - default default] 10.0.0.101 "DELETE /v2.0/ports/deab1740-5f4d-4462-b453-ad40136c7c14/tags/green HTTP/1.1" status: 404 len: 299 time: 0.0389755
2026-07-09 04:42:28.505 9 INFO neutron.wsgi [None req-fa2ef3dc-32f2-4e2d-b347-702e100b33c2 149898276c8b4c24a5d0e8a17828df0d 7569ee2d3a0445628d8e06ad9254949e - - default default] 10.0.0.101 "DELETE /v2.0/ports/deab1740-5f4d-4462-b453-ad40136c7c14/tags HTTP/1.1" status: 204 len: 168 time: 0.0410559
2026-07-09 04:42:28.534 9 INFO neutron.wsgi [None req-2d7873a5-e93d-4f5c-848e-0fb2abc108ac 149898276c8b4c24a5d0e8a17828df0d 7569ee2d3a0445628d8e06ad9254949e - - default default] 10.0.0.101 "GET /v2.0/ports/deab1740-5f4d-4462-b453-ad40136c7c14/tags HTTP/1.1" status: 200 len: 205 time: 0.0238404
2026-07-09 04:42:28.755 9 INFO neutron.wsgi [None req-8109738a-0781-40e1-812f-592aa03b1501 149898276c8b4c24a5d0e8a17828df0d 7569ee2d3a0445628d8e06ad9254949e - - default default] 10.0.0.101 "DELETE /v2.0/ports/deab1740-5f4d-4462-b453-ad40136c7c14 HTTP/1.1" status: 204 len: 168 time: 0.2146122
2026-07-09 04:42:29.071 9 INFO neutron.services.segments.plugin [-] Segment 20eca4fb-dc73-4635-8157-cd5451c1bad0 resource provider aggregate not found
2026-07-09 04:42:29.076 9 INFO neutron.services.segments.plugin [-] Segment 20eca4fb-dc73-4635-8157-cd5451c1bad0 resource provider aggregate not found
2026-07-09 04:42:29.093 9 INFO neutron.services.segments.plugin [-] Segment 20eca4fb-dc73-4635-8157-cd5451c1bad0 resource provider not found; error: Placement Client Error (4xx): {"errors": [{"status": 404, "title": "Not Found", "detail": "The resource could not be found.\n\n No resource provider with uuid 20eca4fb-dc73-4635-8157-cd5451c1bad0 found for delete ", "request_id": "req-e6de2a02-bf8d-4ef4-b6b7-279b755627eb"}]}
2026-07-09 04:42:29.097 9 INFO neutron.services.segments.plugin [-] Segment 20eca4fb-dc73-4635-8157-cd5451c1bad0 resource provider not found; error: Placement Client Error (4xx): {"errors": [{"status": 404, "title": "Not Found", "detail": "The resource could not be found.\n\n No resource provider with uuid 20eca4fb-dc73-4635-8157-cd5451c1bad0 found for delete ", "request_id": "req-633b795c-41a4-48b1-ab87-20e44bd23c94"}]}
2026-07-09 04:42:29.114 9 INFO neutron.wsgi [None req-801a6e3a-afa3-4175-880d-2ab9502dda5d 149898276c8b4c24a5d0e8a17828df0d 7569ee2d3a0445628d8e06ad9254949e - - default default] 10.0.0.101 "DELETE /v2.0/networks/fdea0ea2-2cd3-4247-8bef-47ff900f45e5 HTTP/1.1" status: 204 len: 168 time: 0.3549633
2026-07-09 04:42:29.679 9 INFO neutron.wsgi [None req-b9e2ee34-947b-4b55-b656-1304c94f92ad 41b490b827e34d7a858bbc97ff473ccf 5d2165409f7f493f8bd7989b9fe66079 - - default default] 10.0.0.101 "POST /v2.0/qos/policies HTTP/1.1" status: 201 len: 558 time: 0.2125158
2026-07-09 04:42:29.716 9 INFO neutron.wsgi [None req-b2a14c3b-811a-497f-92eb-99cd1f661490 41b490b827e34d7a858bbc97ff473ccf 5d2165409f7f493f8bd7989b9fe66079 - - default default] 10.0.0.101 "PUT /v2.0/policies/245f0f2e-cc80-4387-8141-0f727123e20c/tags HTTP/1.1" status: 200 len: 218 time: 0.0298305
2026-07-09 04:42:29.735 9 INFO neutron.wsgi [None req-cc283165-3fc8-4e8f-9cf0-f374d6d29798 41b490b827e34d7a858bbc97ff473ccf 5d2165409f7f493f8bd7989b9fe66079 - - default default] 10.0.0.101 "GET /v2.0/policies/245f0f2e-cc80-4387-8141-0f727123e20c/tags HTTP/1.1" status: 200 len: 218 time: 0.0128970
2026-07-09 04:42:29.762 9 INFO neutron.wsgi [None req-a5cacf15-dad8-4393-adbd-2d84e970f6c9 41b490b827e34d7a858bbc97ff473ccf 5d2165409f7f493f8bd7989b9fe66079 - - default default] 10.0.0.101 "PUT /v2.0/policies/245f0f2e-cc80-4387-8141-0f727123e20c/tags/green HTTP/1.1" status: 201 len: 201 time: 0.0230246
2026-07-09 04:42:29.779 9 INFO neutron.wsgi [None req-415a0dc3-1be2-4c80-8758-2cdf379ed2c7 41b490b827e34d7a858bbc97ff473ccf 5d2165409f7f493f8bd7989b9fe66079 - - default default] 10.0.0.101 "GET /v2.0/policies/245f0f2e-cc80-4387-8141-0f727123e20c/tags HTTP/1.1" status: 200 len: 227 time: 0.0135176
2026-07-09 04:42:29.798 9 INFO neutron.wsgi [None req-f2ae83e6-4cc4-4a20-819c-8fab714f5da8 41b490b827e34d7a858bbc97ff473ccf 5d2165409f7f493f8bd7989b9fe66079 - - default default] 10.0.0.101 "PUT /v2.0/policies/245f0f2e-cc80-4387-8141-0f727123e20c/tags/red HTTP/1.1" status: 201 len: 201 time: 0.0134733
2026-07-09 04:42:29.814 9 INFO neutron.wsgi [None req-a6c019b2-c77f-49d9-b1a6-efee1059c02a 41b490b827e34d7a858bbc97ff473ccf 5d2165409f7f493f8bd7989b9fe66079 - - default default] 10.0.0.101 "GET /v2.0/policies/245f0f2e-cc80-4387-8141-0f727123e20c/tags HTTP/1.1" status: 200 len: 227 time: 0.0116973
2026-07-09 04:42:29.847 10 INFO neutron.wsgi [None req-8858eea0-6cb1-413d-96a9-ab4ad3cae573 41b490b827e34d7a858bbc97ff473ccf 5d2165409f7f493f8bd7989b9fe66079 - - default default] 10.0.0.101 "PUT /v2.0/policies/245f0f2e-cc80-4387-8141-0f727123e20c/tags/black.or.white HTTP/1.1" status: 201 len: 201 time: 0.0277362
2026-07-09 04:42:29.866 9 INFO neutron.wsgi [None req-f1b27ca3-6c85-451d-a955-df6c7d265290 41b490b827e34d7a858bbc97ff473ccf 5d2165409f7f493f8bd7989b9fe66079 - - default default] 10.0.0.101 "GET /v2.0/policies/245f0f2e-cc80-4387-8141-0f727123e20c/tags HTTP/1.1" status: 200 len: 245 time: 0.0137374
2026-07-09 04:42:29.900 9 INFO neutron.wsgi [None req-40fc3813-971a-4f44-a306-f5e924a792fe 41b490b827e34d7a858bbc97ff473ccf 5d2165409f7f493f8bd7989b9fe66079 - - default default] 10.0.0.101 "PUT /v2.0/policies/245f0f2e-cc80-4387-8141-0f727123e20c/tags HTTP/1.1" status: 200 len: 230 time: 0.0286353
2026-07-09 04:42:29.919 9 INFO neutron.wsgi [None req-4f13dd1b-0f1b-42a4-9057-95a39987b723 41b490b827e34d7a858bbc97ff473ccf 5d2165409f7f493f8bd7989b9fe66079 - - default default] 10.0.0.101 "GET /v2.0/policies/245f0f2e-cc80-4387-8141-0f727123e20c/tags HTTP/1.1" status: 200 len: 230 time: 0.0142558
2026-07-09 04:42:29.939 9 INFO neutron.wsgi [None req-04da2041-a06c-4433-a6ea-de9e5d8c9695 41b490b827e34d7a858bbc97ff473ccf 5d2165409f7f493f8bd7989b9fe66079 - - default default] 10.0.0.101 "GET /v2.0/policies/245f0f2e-cc80-4387-8141-0f727123e20c/tags/red HTTP/1.1" status: 204 len: 168 time: 0.0154183
2026-07-09 04:42:29.960 9 INFO neutron.api.v2.resource [None req-e87ea249-79da-4c2c-a27a-6e8b35481a6f 41b490b827e34d7a858bbc97ff473ccf 5d2165409f7f493f8bd7989b9fe66079 - - default default] show failed (client error): The resource could not be found.
2026-07-09 04:42:29.962 9 INFO neutron.wsgi [None req-e87ea249-79da-4c2c-a27a-6e8b35481a6f 41b490b827e34d7a858bbc97ff473ccf 5d2165409f7f493f8bd7989b9fe66079 - - default default] 10.0.0.101 "GET /v2.0/policies/245f0f2e-cc80-4387-8141-0f727123e20c/tags/green HTTP/1.1" status: 404 len: 299 time: 0.0188718
2026-07-09 04:42:29.989 9 INFO neutron.wsgi [None req-02bc534e-a651-4956-87ff-629ec63ce43a 41b490b827e34d7a858bbc97ff473ccf 5d2165409f7f493f8bd7989b9fe66079 - - default default] 10.0.0.101 "DELETE /v2.0/policies/245f0f2e-cc80-4387-8141-0f727123e20c/tags/red HTTP/1.1" status: 204 len: 168 time: 0.0223050
2026-07-09 04:42:30.010 10 INFO neutron.wsgi [None req-7b34c8ea-4ef6-49d7-9368-f382632fb82f 41b490b827e34d7a858bbc97ff473ccf 5d2165409f7f493f8bd7989b9fe66079 - - default default] 10.0.0.101 "GET /v2.0/policies/245f0f2e-cc80-4387-8141-0f727123e20c/tags HTTP/1.1" status: 200 len: 223 time: 0.0176651
2026-07-09 04:42:30.038 9 INFO neutron.api.v2.resource [None req-dad22ca3-573e-4089-ba06-c132412b3a3d 41b490b827e34d7a858bbc97ff473ccf 5d2165409f7f493f8bd7989b9fe66079 - - default default] delete failed (client error): The resource could not be found.
2026-07-09 04:42:30.040 9 INFO neutron.wsgi [None req-dad22ca3-573e-4089-ba06-c132412b3a3d 41b490b827e34d7a858bbc97ff473ccf 5d2165409f7f493f8bd7989b9fe66079 - - default default] 10.0.0.101 "DELETE /v2.0/policies/245f0f2e-cc80-4387-8141-0f727123e20c/tags/green HTTP/1.1" status: 404 len: 299 time: 0.0229399
2026-07-09 04:42:30.071 9 INFO neutron.wsgi [None req-d873d7b4-9c28-468b-964c-8584b9979693 41b490b827e34d7a858bbc97ff473ccf 5d2165409f7f493f8bd7989b9fe66079 - - default default] 10.0.0.101 "DELETE /v2.0/policies/245f0f2e-cc80-4387-8141-0f727123e20c/tags HTTP/1.1" status: 204 len: 168 time: 0.0255156
2026-07-09 04:42:30.091 9 INFO neutron.wsgi [None req-2aa3adb4-16d3-42a1-8114-99d1f58f435e 41b490b827e34d7a858bbc97ff473ccf 5d2165409f7f493f8bd7989b9fe66079 - - default default] 10.0.0.101 "GET /v2.0/policies/245f0f2e-cc80-4387-8141-0f727123e20c/tags HTTP/1.1" status: 200 len: 205 time: 0.0152783
2026-07-09 04:42:30.132 10 INFO neutron.wsgi [-] 10.0.0.185 "GET / HTTP/1.1" status: 200 len: 247 time: 0.0013990
2026-07-09 04:42:30.132 9 INFO neutron.wsgi [-] 10.0.0.185 "GET / HTTP/1.1" status: 200 len: 247 time: 0.0018117
2026-07-09 04:42:30.133 10 INFO neutron.db.ovn_revision_numbers_db [None req-a2c0eebb-4a26-4690-853c-b8491069515c cd0aae0c2f474f2cb2c14456a301c3b4 b809e5e5db7c4170a41041cb04a8ce38 - - default default] Successfully bumped revision number for resource 9ec2740d-e69a-4444-8b18-af53122ad3fd (type: security_groups) to 1
2026-07-09 04:42:30.147 10 INFO neutron.db.ovn_revision_numbers_db [None req-a2c0eebb-4a26-4690-853c-b8491069515c cd0aae0c2f474f2cb2c14456a301c3b4 b809e5e5db7c4170a41041cb04a8ce38 - - default default] Successfully bumped revision number for resource 63facae3-9a43-4828-9938-71873be3b72a (type: security_group_rules) to 0
2026-07-09 04:42:30.170 10 INFO neutron.wsgi [None req-e677f8fa-8338-43aa-a08b-d6eb57468173 41b490b827e34d7a858bbc97ff473ccf 5d2165409f7f493f8bd7989b9fe66079 - - default default] 10.0.0.101 "DELETE /v2.0/qos/policies/245f0f2e-cc80-4387-8141-0f727123e20c HTTP/1.1" status: 204 len: 168 time: 0.0730517
2026-07-09 04:42:30.172 10 INFO neutron.db.ovn_revision_numbers_db [None req-a2c0eebb-4a26-4690-853c-b8491069515c cd0aae0c2f474f2cb2c14456a301c3b4 b809e5e5db7c4170a41041cb04a8ce38 - - default default] Successfully bumped revision number for resource 646a0924-e7b5-4775-9fca-6ada41cbdcc9 (type: security_group_rules) to 0
2026-07-09 04:42:30.192 10 INFO neutron.db.ovn_revision_numbers_db [None req-a2c0eebb-4a26-4690-853c-b8491069515c cd0aae0c2f474f2cb2c14456a301c3b4 b809e5e5db7c4170a41041cb04a8ce38 - - default default] Successfully bumped revision number for resource 9d4f0312-a509-4489-919f-e96c3a4d6370 (type: security_group_rules) to 0
2026-07-09 04:42:30.204 10 INFO neutron.db.ovn_revision_numbers_db [None req-a2c0eebb-4a26-4690-853c-b8491069515c cd0aae0c2f474f2cb2c14456a301c3b4 b809e5e5db7c4170a41041cb04a8ce38 - - default default] Successfully bumped revision number for resource a43e2326-7bd5-424d-86ff-bfe5cf875451 (type: security_group_rules) to 0
2026-07-09 04:42:30.224 10 INFO neutron.wsgi [None req-a2c0eebb-4a26-4690-853c-b8491069515c cd0aae0c2f474f2cb2c14456a301c3b4 b809e5e5db7c4170a41041cb04a8ce38 - - default default] 10.0.0.101 "GET /v2.0/security-groups?tenant_id=5f73dc9a989a40378480f93e32a3b186&name=default HTTP/1.1" status: 200 len: 2996 time: 0.4204340
2026-07-09 04:42:30.416 10 INFO neutron.wsgi [None req-9134dc67-8d96-4eee-b64c-b8612d978fb5 cd0aae0c2f474f2cb2c14456a301c3b4 b809e5e5db7c4170a41041cb04a8ce38 - - default default] 10.0.0.101 "DELETE /v2.0/security-groups/9ec2740d-e69a-4444-8b18-af53122ad3fd HTTP/1.1" status: 204 len: 168 time: 0.1879199
2026-07-09 04:42:30.538 9 INFO neutron.wsgi [None req-ef3fd392-7426-409d-b246-0890abf18a0e cd0aae0c2f474f2cb2c14456a301c3b4 b809e5e5db7c4170a41041cb04a8ce38 - - default default] 10.0.0.101 "GET /v2.0/security-groups?tenant_id=7569ee2d3a0445628d8e06ad9254949e&name=default HTTP/1.1" status: 200 len: 2996 time: 0.0358269
2026-07-09 04:42:30.781 9 INFO neutron.wsgi [None req-3a884558-72ed-44ef-890c-bf8b8c22fd86 cd0aae0c2f474f2cb2c14456a301c3b4 b809e5e5db7c4170a41041cb04a8ce38 - - default default] 10.0.0.101 "DELETE /v2.0/security-groups/d37cfc88-2625-424b-9ae7-4638c230a5da HTTP/1.1" status: 204 len: 168 time: 0.2381744
2026-07-09 04:42:31.079 10 INFO neutron.db.ovn_revision_numbers_db [None req-4b8d0709-ee3f-4c39-8026-ac1831c20658 cd0aae0c2f474f2cb2c14456a301c3b4 b809e5e5db7c4170a41041cb04a8ce38 - - default default] Successfully bumped revision number for resource 8b11856d-e569-4ff6-8803-54acbf60222f (type: security_groups) to 1
2026-07-09 04:42:31.098 10 INFO neutron.db.ovn_revision_numbers_db [None req-4b8d0709-ee3f-4c39-8026-ac1831c20658 cd0aae0c2f474f2cb2c14456a301c3b4 b809e5e5db7c4170a41041cb04a8ce38 - - default default] Successfully bumped revision number for resource 75c947cd-009d-4e96-86d6-5a0aff2665ae (type: security_group_rules) to 0
2026-07-09 04:42:31.110 10 INFO neutron.db.ovn_revision_numbers_db [None req-4b8d0709-ee3f-4c39-8026-ac1831c20658 cd0aae0c2f474f2cb2c14456a301c3b4 b809e5e5db7c4170a41041cb04a8ce38 - - default default] Successfully bumped revision number for resource 89308135-d934-49fe-8d73-bd08a932d435 (type: security_group_rules) to 0
2026-07-09 04:42:31.128 10 INFO neutron.db.ovn_revision_numbers_db [None req-4b8d0709-ee3f-4c39-8026-ac1831c20658 cd0aae0c2f474f2cb2c14456a301c3b4 b809e5e5db7c4170a41041cb04a8ce38 - - default default] Successfully bumped revision number for resource f1c2a8eb-8cd8-4403-8647-51fb3b9b55bb (type: security_group_rules) to 0
2026-07-09 04:42:31.142 10 INFO neutron.db.ovn_revision_numbers_db [None req-4b8d0709-ee3f-4c39-8026-ac1831c20658 cd0aae0c2f474f2cb2c14456a301c3b4 b809e5e5db7c4170a41041cb04a8ce38 - - default default] Successfully bumped revision number for resource f60a1656-8a0f-4d72-b37a-8f641aa0777f (type: security_group_rules) to 0
2026-07-09 04:42:31.165 10 INFO neutron.wsgi [None req-4b8d0709-ee3f-4c39-8026-ac1831c20658 cd0aae0c2f474f2cb2c14456a301c3b4 b809e5e5db7c4170a41041cb04a8ce38 - - default default] 10.0.0.101 "GET /v2.0/security-groups?tenant_id=388a1f28e2024418a695fd61f0d6eba7&name=default HTTP/1.1" status: 200 len: 2996 time: 0.3176723
2026-07-09 04:42:31.376 10 INFO neutron.wsgi [None req-052a2bc8-e8bb-4fbd-a068-b7f53c6732f5 cd0aae0c2f474f2cb2c14456a301c3b4 b809e5e5db7c4170a41041cb04a8ce38 - - default default] 10.0.0.101 "DELETE /v2.0/security-groups/8b11856d-e569-4ff6-8803-54acbf60222f HTTP/1.1" status: 204 len: 168 time: 0.2056510
2026-07-09 04:42:31.616 9 INFO neutron.db.ovn_revision_numbers_db [None req-413cb031-9833-4476-8646-e089437b6df5 cd0aae0c2f474f2cb2c14456a301c3b4 b809e5e5db7c4170a41041cb04a8ce38 - - default default] Successfully bumped revision number for resource 349037d4-b9db-4aa2-b219-973b57cd306b (type: security_groups) to 1
2026-07-09 04:42:31.637 9 INFO neutron.db.ovn_revision_numbers_db [None req-413cb031-9833-4476-8646-e089437b6df5 cd0aae0c2f474f2cb2c14456a301c3b4 b809e5e5db7c4170a41041cb04a8ce38 - - default default] Successfully bumped revision number for resource 19ae517c-65cd-46a5-a50f-31f088a49319 (type: security_group_rules) to 0
2026-07-09 04:42:31.652 9 INFO neutron.db.ovn_revision_numbers_db [None req-413cb031-9833-4476-8646-e089437b6df5 cd0aae0c2f474f2cb2c14456a301c3b4 b809e5e5db7c4170a41041cb04a8ce38 - - default default] Successfully bumped revision number for resource 28a4d345-6dd5-4106-af9d-545ec565aa33 (type: security_group_rules) to 0
2026-07-09 04:42:31.667 9 INFO neutron.db.ovn_revision_numbers_db [None req-413cb031-9833-4476-8646-e089437b6df5 cd0aae0c2f474f2cb2c14456a301c3b4 b809e5e5db7c4170a41041cb04a8ce38 - - default default] Successfully bumped revision number for resource 479479c9-ff4f-46eb-a7f6-40e5a266c728 (type: security_group_rules) to 0
2026-07-09 04:42:31.682 9 INFO neutron.db.ovn_revision_numbers_db [None req-413cb031-9833-4476-8646-e089437b6df5 cd0aae0c2f474f2cb2c14456a301c3b4 b809e5e5db7c4170a41041cb04a8ce38 - - default default] Successfully bumped revision number for resource f30a2824-8bd3-465c-a077-f8a37dcbd3b7 (type: security_group_rules) to 0
2026-07-09 04:42:31.708 9 INFO neutron.wsgi [None req-413cb031-9833-4476-8646-e089437b6df5 cd0aae0c2f474f2cb2c14456a301c3b4 b809e5e5db7c4170a41041cb04a8ce38 - - default default] 10.0.0.101 "GET /v2.0/security-groups?tenant_id=5d2165409f7f493f8bd7989b9fe66079&name=default HTTP/1.1" status: 200 len: 2996 time: 0.1937740
2026-07-09 04:42:31.914 9 INFO neutron.wsgi [None req-27628f14-7476-4d80-9e6a-74019ba7cdcd cd0aae0c2f474f2cb2c14456a301c3b4 b809e5e5db7c4170a41041cb04a8ce38 - - default default] 10.0.0.101 "DELETE /v2.0/security-groups/349037d4-b9db-4aa2-b219-973b57cd306b HTTP/1.1" status: 204 len: 168 time: 0.2020743
2026-07-09 04:42:32.298 10 INFO neutron.db.ovn_revision_numbers_db [None req-1b5f7ac4-a20d-4e78-a9a5-1ccdcd2c7a18 cd0aae0c2f474f2cb2c14456a301c3b4 b809e5e5db7c4170a41041cb04a8ce38 - - default default] Successfully bumped revision number for resource 6d108cf4-0e50-4df6-8e00-0de6d3798fe5 (type: security_groups) to 1
2026-07-09 04:42:32.309 10 INFO neutron.db.ovn_revision_numbers_db [None req-1b5f7ac4-a20d-4e78-a9a5-1ccdcd2c7a18 cd0aae0c2f474f2cb2c14456a301c3b4 b809e5e5db7c4170a41041cb04a8ce38 - - default default] Successfully bumped revision number for resource 27066958-74ba-44f0-83db-b7b50377fa91 (type: security_group_rules) to 0
2026-07-09 04:42:32.321 10 INFO neutron.db.ovn_revision_numbers_db [None req-1b5f7ac4-a20d-4e78-a9a5-1ccdcd2c7a18 cd0aae0c2f474f2cb2c14456a301c3b4 b809e5e5db7c4170a41041cb04a8ce38 - - default default] Successfully bumped revision number for resource 2fe9212e-81af-4554-89b1-478e653508a2 (type: security_group_rules) to 0
2026-07-09 04:42:32.344 10 INFO neutron.db.ovn_revision_numbers_db [None req-1b5f7ac4-a20d-4e78-a9a5-1ccdcd2c7a18 cd0aae0c2f474f2cb2c14456a301c3b4 b809e5e5db7c4170a41041cb04a8ce38 - - default default] Successfully bumped revision number for resource 4b91bbc5-d0d3-46ef-8453-b26bd5687b60 (type: security_group_rules) to 0
2026-07-09 04:42:32.361 10 INFO neutron.db.ovn_revision_numbers_db [None req-1b5f7ac4-a20d-4e78-a9a5-1ccdcd2c7a18 cd0aae0c2f474f2cb2c14456a301c3b4 b809e5e5db7c4170a41041cb04a8ce38 - - default default] Successfully bumped revision number for resource ba6b1971-0667-4e04-a672-fc322399a5c1 (type: security_group_rules) to 0
2026-07-09 04:42:32.388 10 INFO neutron.wsgi [None req-1b5f7ac4-a20d-4e78-a9a5-1ccdcd2c7a18 cd0aae0c2f474f2cb2c14456a301c3b4 b809e5e5db7c4170a41041cb04a8ce38 - - default default] 10.0.0.101 "GET /v2.0/security-groups?tenant_id=54c26f6de76445a79a11016f23fd69e0&name=default HTTP/1.1" status: 200 len: 2996 time: 0.3078506
2026-07-09 04:42:32.644 10 INFO neutron.wsgi [None req-b573c52b-30ab-4118-97a9-6665fa370a10 cd0aae0c2f474f2cb2c14456a301c3b4 b809e5e5db7c4170a41041cb04a8ce38 - - default default] 10.0.0.101 "DELETE /v2.0/security-groups/6d108cf4-0e50-4df6-8e00-0de6d3798fe5 HTTP/1.1" status: 204 len: 168 time: 0.2523820
2026-07-09 04:42:32.888 9 INFO neutron.db.ovn_revision_numbers_db [None req-c5e011dc-656f-4624-9407-4a0fcd1af939 cd0aae0c2f474f2cb2c14456a301c3b4 b809e5e5db7c4170a41041cb04a8ce38 - - default default] Successfully bumped revision number for resource ecfcb812-b447-4f0d-8745-67469e9a589c (type: security_groups) to 1
2026-07-09 04:42:32.900 9 INFO neutron.db.ovn_revision_numbers_db [None req-c5e011dc-656f-4624-9407-4a0fcd1af939 cd0aae0c2f474f2cb2c14456a301c3b4 b809e5e5db7c4170a41041cb04a8ce38 - - default default] Successfully bumped revision number for resource 31375a1d-a096-4dc6-9452-b96eb5c59914 (type: security_group_rules) to 0
2026-07-09 04:42:32.916 9 INFO neutron.db.ovn_revision_numbers_db [None req-c5e011dc-656f-4624-9407-4a0fcd1af939 cd0aae0c2f474f2cb2c14456a301c3b4 b809e5e5db7c4170a41041cb04a8ce38 - - default default] Successfully bumped revision number for resource 3dfae776-830b-4571-a097-b6ad6623df82 (type: security_group_rules) to 0
2026-07-09 04:42:32.935 9 INFO neutron.db.ovn_revision_numbers_db [None req-c5e011dc-656f-4624-9407-4a0fcd1af939 cd0aae0c2f474f2cb2c14456a301c3b4 b809e5e5db7c4170a41041cb04a8ce38 - - default default] Successfully bumped revision number for resource 75b55dfd-e467-42a0-b060-d04a21c0c38e (type: security_group_rules) to 0
2026-07-09 04:42:32.945 9 INFO neutron.db.ovn_revision_numbers_db [None req-c5e011dc-656f-4624-9407-4a0fcd1af939 cd0aae0c2f474f2cb2c14456a301c3b4 b809e5e5db7c4170a41041cb04a8ce38 - - default default] Successfully bumped revision number for resource d3c53161-7657-48c3-98d6-359855b644df (type: security_group_rules) to 0
2026-07-09 04:42:32.983 9 INFO neutron.wsgi [None req-c5e011dc-656f-4624-9407-4a0fcd1af939 cd0aae0c2f474f2cb2c14456a301c3b4 b809e5e5db7c4170a41041cb04a8ce38 - - default default] 10.0.0.101 "GET /v2.0/security-groups?tenant_id=99188c0bb01b4efbae022a1d4c158076&name=default HTTP/1.1" status: 200 len: 2996 time: 0.2119188
2026-07-09 04:42:33.192 9 INFO neutron.wsgi [None req-bb41bc14-326f-4a52-a071-ed41588bf29b cd0aae0c2f474f2cb2c14456a301c3b4 b809e5e5db7c4170a41041cb04a8ce38 - - default default] 10.0.0.101 "DELETE /v2.0/security-groups/ecfcb812-b447-4f0d-8745-67469e9a589c HTTP/1.1" status: 204 len: 168 time: 0.2023518
2026-07-09 04:42:34.508 9 INFO neutron.db.ovn_revision_numbers_db [None req-dd0405c9-e456-400e-abc7-4c58bc254249 3a4695a53f804e3ba15efe4e82f7d706 9ccedea5b9c8497c87174502ec182bf2 - - default default] Successfully bumped revision number for resource 71d35338-3e6b-4c45-96cd-1224391aa3f4 (type: routers) to 1
2026-07-09 04:42:34.525 9 INFO neutron.wsgi [None req-dd0405c9-e456-400e-abc7-4c58bc254249 3a4695a53f804e3ba15efe4e82f7d706 9ccedea5b9c8497c87174502ec182bf2 - - default default] 10.0.0.101 "POST /v2.0/routers HTTP/1.1" status: 201 len: 654 time: 0.3764641
2026-07-09 04:42:34.586 9 INFO neutron.wsgi [None req-7c2bc149-55f6-49d1-9a68-66042eefab8e 3a4695a53f804e3ba15efe4e82f7d706 9ccedea5b9c8497c87174502ec182bf2 - - default default] 10.0.0.101 "PUT /v2.0/routers/71d35338-3e6b-4c45-96cd-1224391aa3f4/tags HTTP/1.1" status: 200 len: 218 time: 0.0546763
2026-07-09 04:42:34.654 9 INFO neutron.wsgi [None req-46771a4a-e791-442e-9c47-628efa374948 3a4695a53f804e3ba15efe4e82f7d706 9ccedea5b9c8497c87174502ec182bf2 - - default default] 10.0.0.101 "GET /v2.0/routers/71d35338-3e6b-4c45-96cd-1224391aa3f4/tags HTTP/1.1" status: 200 len: 218 time: 0.0595233
2026-07-09 04:42:34.746 10 INFO neutron.wsgi [None req-aa0067b5-46f9-477b-a671-d8445b39d5f0 3a4695a53f804e3ba15efe4e82f7d706 9ccedea5b9c8497c87174502ec182bf2 - - default default] 10.0.0.101 "PUT /v2.0/routers/71d35338-3e6b-4c45-96cd-1224391aa3f4/tags/green HTTP/1.1" status: 201 len: 201 time: 0.0857651
2026-07-09 04:42:34.796 10 INFO neutron.wsgi [None req-e6c4fa14-1309-4b0b-aa83-a33b7d4dcc1e 3a4695a53f804e3ba15efe4e82f7d706 9ccedea5b9c8497c87174502ec182bf2 - - default default] 10.0.0.101 "GET /v2.0/routers/71d35338-3e6b-4c45-96cd-1224391aa3f4/tags HTTP/1.1" status: 200 len: 227 time: 0.0425367
2026-07-09 04:42:34.846 10 INFO neutron.wsgi [None req-5c461508-200d-4566-b7d1-44d83782fa2a 3a4695a53f804e3ba15efe4e82f7d706 9ccedea5b9c8497c87174502ec182bf2 - - default default] 10.0.0.101 "PUT /v2.0/routers/71d35338-3e6b-4c45-96cd-1224391aa3f4/tags/red HTTP/1.1" status: 201 len: 201 time: 0.0445313
2026-07-09 04:42:34.888 10 INFO neutron.wsgi [None req-a7420a81-b7ab-447d-9105-93ec4a8552ff 3a4695a53f804e3ba15efe4e82f7d706 9ccedea5b9c8497c87174502ec182bf2 - - default default] 10.0.0.101 "GET /v2.0/routers/71d35338-3e6b-4c45-96cd-1224391aa3f4/tags HTTP/1.1" status: 200 len: 227 time: 0.0378251
2026-07-09 04:42:34.948 10 INFO neutron.wsgi [None req-513f85b1-37ea-4aed-93dd-81cd0f9bb750 3a4695a53f804e3ba15efe4e82f7d706 9ccedea5b9c8497c87174502ec182bf2 - - default default] 10.0.0.101 "PUT /v2.0/routers/71d35338-3e6b-4c45-96cd-1224391aa3f4/tags/black.or.white HTTP/1.1" status: 201 len: 201 time: 0.0554328
2026-07-09 04:42:35.000 10 INFO neutron.wsgi [None req-58020a3e-37a2-47c1-90e9-8324508fac9a 3a4695a53f804e3ba15efe4e82f7d706 9ccedea5b9c8497c87174502ec182bf2 - - default default] 10.0.0.101 "GET /v2.0/routers/71d35338-3e6b-4c45-96cd-1224391aa3f4/tags HTTP/1.1" status: 200 len: 245 time: 0.0470409
2026-07-09 04:42:35.060 9 INFO neutron.wsgi [None req-f9f0136d-211e-4b6b-b18d-c3bd3ef36e4c 3a4695a53f804e3ba15efe4e82f7d706 9ccedea5b9c8497c87174502ec182bf2 - - default default] 10.0.0.101 "PUT /v2.0/routers/71d35338-3e6b-4c45-96cd-1224391aa3f4/tags HTTP/1.1" status: 200 len: 230 time: 0.0551975
2026-07-09 04:42:35.111 9 INFO neutron.wsgi [None req-c9e43136-0f01-4ae7-ac45-a818bf94c4ee 3a4695a53f804e3ba15efe4e82f7d706 9ccedea5b9c8497c87174502ec182bf2 - - default default] 10.0.0.101 "GET /v2.0/routers/71d35338-3e6b-4c45-96cd-1224391aa3f4/tags HTTP/1.1" status: 200 len: 230 time: 0.0454783
2026-07-09 04:42:35.161 10 INFO neutron.wsgi [None req-af812901-d77a-4f0a-b0db-a2418e8ba58d 3a4695a53f804e3ba15efe4e82f7d706 9ccedea5b9c8497c87174502ec182bf2 - - default default] 10.0.0.101 "GET /v2.0/routers/71d35338-3e6b-4c45-96cd-1224391aa3f4/tags/red HTTP/1.1" status: 204 len: 168 time: 0.0442331
2026-07-09 04:42:35.203 10 INFO neutron.api.v2.resource [None req-f5b5af69-6b59-48e0-b5ac-9ddaad215bd4 3a4695a53f804e3ba15efe4e82f7d706 9ccedea5b9c8497c87174502ec182bf2 - - default default] show failed (client error): The resource could not be found.
2026-07-09 04:42:35.204 10 INFO neutron.wsgi [None req-f5b5af69-6b59-48e0-b5ac-9ddaad215bd4 3a4695a53f804e3ba15efe4e82f7d706 9ccedea5b9c8497c87174502ec182bf2 - - default default] 10.0.0.101 "GET /v2.0/routers/71d35338-3e6b-4c45-96cd-1224391aa3f4/tags/green HTTP/1.1" status: 404 len: 299 time: 0.0390794
2026-07-09 04:42:35.222 9 INFO neutron.db.ovn_revision_numbers_db [None req-b076d4ae-7d99-422a-b67a-d8cad4c2e6b1 bcc8bf4f8e5c4bb9858a4f351ab46c84 eeafd7bc36834f60b38692b6ebc96030 - - default default] Successfully bumped revision number for resource 9de89a33-62aa-4906-bb30-a7703cc97b5f (type: security_groups) to 1
2026-07-09 04:42:35.236 9 INFO neutron.db.ovn_revision_numbers_db [None req-b076d4ae-7d99-422a-b67a-d8cad4c2e6b1 bcc8bf4f8e5c4bb9858a4f351ab46c84 eeafd7bc36834f60b38692b6ebc96030 - - default default] Successfully bumped revision number for resource 0ffb6650-2712-4b6a-89ca-e487c92e22f6 (type: security_group_rules) to 0
2026-07-09 04:42:35.253 9 INFO neutron.db.ovn_revision_numbers_db [None req-b076d4ae-7d99-422a-b67a-d8cad4c2e6b1 bcc8bf4f8e5c4bb9858a4f351ab46c84 eeafd7bc36834f60b38692b6ebc96030 - - default default] Successfully bumped revision number for resource 7dc003ec-5884-47f1-a59d-501e56aeb841 (type: security_group_rules) to 0
2026-07-09 04:42:35.260 10 INFO neutron.wsgi [None req-f7b68c0c-7886-4b93-a777-cecfc309e88a 3a4695a53f804e3ba15efe4e82f7d706 9ccedea5b9c8497c87174502ec182bf2 - - default default] 10.0.0.101 "DELETE /v2.0/routers/71d35338-3e6b-4c45-96cd-1224391aa3f4/tags/red HTTP/1.1" status: 204 len: 168 time: 0.0505941
2026-07-09 04:42:35.288 9 INFO neutron.db.ovn_revision_numbers_db [None req-b076d4ae-7d99-422a-b67a-d8cad4c2e6b1 bcc8bf4f8e5c4bb9858a4f351ab46c84 eeafd7bc36834f60b38692b6ebc96030 - - default default] Successfully bumped revision number for resource b0988129-9cf6-4641-bb2e-36d23d79e4c8 (type: security_group_rules) to 0
2026-07-09 04:42:35.310 9 INFO neutron.wsgi [None req-ee0af18e-4f66-41dd-bdae-1f4bc1aa891c 3a4695a53f804e3ba15efe4e82f7d706 9ccedea5b9c8497c87174502ec182bf2 - - default default] 10.0.0.101 "GET /v2.0/routers/71d35338-3e6b-4c45-96cd-1224391aa3f4/tags HTTP/1.1" status: 200 len: 223 time: 0.0440011
2026-07-09 04:42:35.312 9 INFO neutron.db.ovn_revision_numbers_db [None req-b076d4ae-7d99-422a-b67a-d8cad4c2e6b1 bcc8bf4f8e5c4bb9858a4f351ab46c84 eeafd7bc36834f60b38692b6ebc96030 - - default default] Successfully bumped revision number for resource d8f21f0d-2d0e-44e6-b5ca-c4720a12e1c3 (type: security_group_rules) to 0
2026-07-09 04:42:35.361 10 INFO neutron.api.v2.resource [None req-5811d580-d3cf-4d2e-9e47-769ce56863fd 3a4695a53f804e3ba15efe4e82f7d706 9ccedea5b9c8497c87174502ec182bf2 - - default default] delete failed (client error): The resource could not be found.
2026-07-09 04:42:35.363 10 INFO neutron.wsgi [None req-5811d580-d3cf-4d2e-9e47-769ce56863fd 3a4695a53f804e3ba15efe4e82f7d706 9ccedea5b9c8497c87174502ec182bf2 - - default default] 10.0.0.101 "DELETE /v2.0/routers/71d35338-3e6b-4c45-96cd-1224391aa3f4/tags/green HTTP/1.1" status: 404 len: 299 time: 0.0442162
2026-07-09 04:42:35.378 10 INFO neutron.wsgi [None req-3e328743-f2cb-4425-8e38-af2beb3d880c 71233a1b10904efdb0bb9820d9d24b08 c0573a0dccfd41fc90ed24bdeefc9a7c - - default default] 10.0.0.101 "POST /v2.0/subnetpools HTTP/1.1" status: 201 len: 715 time: 0.1148512
2026-07-09 04:42:35.397 9 INFO neutron.db.segments_db [None req-b076d4ae-7d99-422a-b67a-d8cad4c2e6b1 bcc8bf4f8e5c4bb9858a4f351ab46c84 eeafd7bc36834f60b38692b6ebc96030 - - default default] Added segment 378fa9b4-964d-4164-9608-233d833a64d6 of type geneve for network d4fca409-2f93-46e7-8e91-674851fd44dd
2026-07-09 04:42:35.420 10 INFO neutron.wsgi [None req-4720bd27-a18a-4d08-982d-f7d09b9f14e5 71233a1b10904efdb0bb9820d9d24b08 c0573a0dccfd41fc90ed24bdeefc9a7c - - default default] 10.0.0.101 "PUT /v2.0/subnetpools/376a85e7-ca5e-4ab0-b396-e60818340078/tags HTTP/1.1" status: 200 len: 218 time: 0.0353632
2026-07-09 04:42:35.441 9 INFO neutron.wsgi [None req-77240c0c-9de9-4c8b-aa2d-c45593609eea 3a4695a53f804e3ba15efe4e82f7d706 9ccedea5b9c8497c87174502ec182bf2 - - default default] 10.0.0.101 "DELETE /v2.0/routers/71d35338-3e6b-4c45-96cd-1224391aa3f4/tags HTTP/1.1" status: 204 len: 168 time: 0.0714984
2026-07-09 04:42:35.443 10 INFO neutron.wsgi [None req-5f1ab5d9-cc31-4c00-bc0b-540dfbb7be57 71233a1b10904efdb0bb9820d9d24b08 c0573a0dccfd41fc90ed24bdeefc9a7c - - default default] 10.0.0.101 "GET /v2.0/subnetpools/376a85e7-ca5e-4ab0-b396-e60818340078/tags HTTP/1.1" status: 200 len: 218 time: 0.0177965
2026-07-09 04:42:35.481 10 INFO neutron.wsgi [None req-6e9e7c38-4e58-4128-8267-cacc1b88adbd 71233a1b10904efdb0bb9820d9d24b08 c0573a0dccfd41fc90ed24bdeefc9a7c - - default default] 10.0.0.101 "PUT /v2.0/subnetpools/376a85e7-ca5e-4ab0-b396-e60818340078/tags/green HTTP/1.1" status: 201 len: 201 time: 0.0341389
2026-07-09 04:42:35.503 10 INFO neutron.wsgi [None req-45a86fb7-4fc6-45b6-acb2-fe64791fd9e6 71233a1b10904efdb0bb9820d9d24b08 c0573a0dccfd41fc90ed24bdeefc9a7c - - default default] 10.0.0.101 "GET /v2.0/subnetpools/376a85e7-ca5e-4ab0-b396-e60818340078/tags HTTP/1.1" status: 200 len: 227 time: 0.0166547
2026-07-09 04:42:35.509 9 INFO neutron.wsgi [None req-8c056fe5-07e4-4427-9d41-05c11b010ea2 3a4695a53f804e3ba15efe4e82f7d706 9ccedea5b9c8497c87174502ec182bf2 - - default default] 10.0.0.101 "GET /v2.0/routers/71d35338-3e6b-4c45-96cd-1224391aa3f4/tags HTTP/1.1" status: 200 len: 205 time: 0.0632815
2026-07-09 04:42:35.541 10 INFO neutron.wsgi [None req-53034bd8-8791-4f3a-9f36-1d0d09551d9c 71233a1b10904efdb0bb9820d9d24b08 c0573a0dccfd41fc90ed24bdeefc9a7c - - default default] 10.0.0.101 "PUT /v2.0/subnetpools/376a85e7-ca5e-4ab0-b396-e60818340078/tags/red HTTP/1.1" status: 201 len: 201 time: 0.0340908
2026-07-09 04:42:35.547 9 INFO neutron.db.segments_db [None req-b076d4ae-7d99-422a-b67a-d8cad4c2e6b1 bcc8bf4f8e5c4bb9858a4f351ab46c84 eeafd7bc36834f60b38692b6ebc96030 - - default default] Added segment fec1c296-a453-49c5-8058-b020af2a5163 of type geneve for network a5636845-49c3-4cab-bc5b-bc027b3a01cb
2026-07-09 04:42:35.560 10 INFO neutron.wsgi [None req-c243d7c0-57e1-4268-a132-79cdf66f8fdd 3a4695a53f804e3ba15efe4e82f7d706 9ccedea5b9c8497c87174502ec182bf2 - - default default] 10.0.0.101 "GET /v2.0/routers/71d35338-3e6b-4c45-96cd-1224391aa3f4 HTTP/1.1" status: 200 len: 655 time: 0.0455735
2026-07-09 04:42:35.572 9 INFO neutron.wsgi [None req-0ffa52de-76f2-4759-bb75-0e2a98278261 71233a1b10904efdb0bb9820d9d24b08 c0573a0dccfd41fc90ed24bdeefc9a7c - - default default] 10.0.0.101 "GET /v2.0/subnetpools/376a85e7-ca5e-4ab0-b396-e60818340078/tags HTTP/1.1" status: 200 len: 227 time: 0.0242939
2026-07-09 04:42:35.880 9 INFO neutron.wsgi [None req-c5b221e1-f3b7-4277-940b-9b509f7d17a0 71233a1b10904efdb0bb9820d9d24b08 c0573a0dccfd41fc90ed24bdeefc9a7c - - default default] 10.0.0.101 "PUT /v2.0/subnetpools/376a85e7-ca5e-4ab0-b396-e60818340078/tags/black.or.white HTTP/1.1" status: 201 len: 201 time: 0.3001225
2026-07-09 04:42:35.932 9 INFO neutron.wsgi [None req-d68c9822-f548-4739-a262-293f5f49184f 71233a1b10904efdb0bb9820d9d24b08 c0573a0dccfd41fc90ed24bdeefc9a7c - - default default] 10.0.0.101 "GET /v2.0/subnetpools/376a85e7-ca5e-4ab0-b396-e60818340078/tags HTTP/1.1" status: 200 len: 245 time: 0.0468330
2026-07-09 04:42:35.964 9 INFO neutron.db.ovn_revision_numbers_db [None req-b076d4ae-7d99-422a-b67a-d8cad4c2e6b1 bcc8bf4f8e5c4bb9858a4f351ab46c84 eeafd7bc36834f60b38692b6ebc96030 - - default default] Successfully bumped revision number for resource d4fca409-2f93-46e7-8e91-674851fd44dd (type: networks) to 1
2026-07-09 04:42:35.982 9 INFO neutron.wsgi [None req-27ccde94-d29b-4827-ba8a-38e703a23f69 71233a1b10904efdb0bb9820d9d24b08 c0573a0dccfd41fc90ed24bdeefc9a7c - - default default] 10.0.0.101 "PUT /v2.0/subnetpools/376a85e7-ca5e-4ab0-b396-e60818340078/tags HTTP/1.1" status: 200 len: 230 time: 0.0430763
2026-07-09 04:42:36.008 9 INFO neutron.wsgi [None req-1be1ad4b-e3f7-4470-b5ce-8e41eba1b8dd 71233a1b10904efdb0bb9820d9d24b08 c0573a0dccfd41fc90ed24bdeefc9a7c - - default default] 10.0.0.101 "GET /v2.0/subnetpools/376a85e7-ca5e-4ab0-b396-e60818340078/tags HTTP/1.1" status: 200 len: 230 time: 0.0196106
2026-07-09 04:42:36.008 10 INFO neutron.wsgi [req-02399d71-bd43-4a28-a95b-740a88c01298 req-2a00a495-f6ec-4408-bf88-688c3078eb5a 9a302f991d234fa5bf2eac8c922e31c1 57f0f5de20af4a078e395ae4c94e4d08 - - default default] 10.0.0.98 "GET /v2.0/ports?device_id=6cd80bc3-ed31-4651-b47a-420d6e6e33a5 HTTP/1.1" status: 200 len: 1210 time: 0.1600499
2026-07-09 04:42:36.067 10 INFO neutron.wsgi [None req-00287932-5f31-4cc1-8d1f-301868c5b8b0 71233a1b10904efdb0bb9820d9d24b08 c0573a0dccfd41fc90ed24bdeefc9a7c - - default default] 10.0.0.101 "GET /v2.0/subnetpools/376a85e7-ca5e-4ab0-b396-e60818340078/tags/red HTTP/1.1" status: 204 len: 168 time: 0.0469835
2026-07-09 04:42:36.097 9 INFO neutron.api.v2.resource [None req-642bf82c-041f-4e54-aa67-b7c6920bdeda 71233a1b10904efdb0bb9820d9d24b08 c0573a0dccfd41fc90ed24bdeefc9a7c - - default default] show failed (client error): The resource could not be found.
2026-07-09 04:42:36.098 9 INFO neutron.wsgi [None req-642bf82c-041f-4e54-aa67-b7c6920bdeda 71233a1b10904efdb0bb9820d9d24b08 c0573a0dccfd41fc90ed24bdeefc9a7c - - default default] 10.0.0.101 "GET /v2.0/subnetpools/376a85e7-ca5e-4ab0-b396-e60818340078/tags/green HTTP/1.1" status: 404 len: 299 time: 0.0234802
2026-07-09 04:42:36.099 10 INFO neutron.wsgi [req-02399d71-bd43-4a28-a95b-740a88c01298 req-01204cd7-5047-4aae-9a9b-21cc07cfb877 9a302f991d234fa5bf2eac8c922e31c1 57f0f5de20af4a078e395ae4c94e4d08 - - default default] 10.0.0.98 "GET /v2.0/security-groups?id=9366c68e-adde-4f63-9415-4954de4a2147&id=3c8a9ffb-0c9a-48ad-bd46-f35e6df12db2&fields=id&fields=name HTTP/1.1" status: 200 len: 406 time: 0.0804894
2026-07-09 04:42:36.155 9 WARNING neutron.scheduler.dhcp_agent_scheduler [None req-b076d4ae-7d99-422a-b67a-d8cad4c2e6b1 bcc8bf4f8e5c4bb9858a4f351ab46c84 eeafd7bc36834f60b38692b6ebc96030 - - default default] No more DHCP agents
2026-07-09 04:42:36.158 9 WARNING neutron.api.rpc.agentnotifiers.dhcp_rpc_agent_api [None req-b076d4ae-7d99-422a-b67a-d8cad4c2e6b1 bcc8bf4f8e5c4bb9858a4f351ab46c84 eeafd7bc36834f60b38692b6ebc96030 - - default default] Unable to schedule network d4fca409-2f93-46e7-8e91-674851fd44dd: no agents available; will retry on subsequent port and subnet creation events.
2026-07-09 04:42:36.174 10 INFO neutron.wsgi [None req-73475427-4aee-48f9-b833-5002296846be 71233a1b10904efdb0bb9820d9d24b08 c0573a0dccfd41fc90ed24bdeefc9a7c - - default default] 10.0.0.101 "DELETE /v2.0/subnetpools/376a85e7-ca5e-4ab0-b396-e60818340078/tags/red HTTP/1.1" status: 204 len: 168 time: 0.0699732
2026-07-09 04:42:36.227 10 INFO neutron.wsgi [None req-5f2e0407-a7e2-4c89-90af-c43d0540a9fa 71233a1b10904efdb0bb9820d9d24b08 c0573a0dccfd41fc90ed24bdeefc9a7c - - default default] 10.0.0.101 "GET /v2.0/subnetpools/376a85e7-ca5e-4ab0-b396-e60818340078/tags HTTP/1.1" status: 200 len: 223 time: 0.0390265
2026-07-09 04:42:36.262 9 INFO neutron.db.ovn_revision_numbers_db [None req-b076d4ae-7d99-422a-b67a-d8cad4c2e6b1 bcc8bf4f8e5c4bb9858a4f351ab46c84 eeafd7bc36834f60b38692b6ebc96030 - - default default] Successfully bumped revision number for resource c026f005-ea8d-4379-b417-833f9bfa2ddc (type: ports) to 1
2026-07-09 04:42:36.298 9 INFO neutron.api.v2.resource [None req-8c96f5cf-b21e-496f-830a-ba7517899527 71233a1b10904efdb0bb9820d9d24b08 c0573a0dccfd41fc90ed24bdeefc9a7c - - default default] delete failed (client error): The resource could not be found.
2026-07-09 04:42:36.299 9 INFO neutron.wsgi [None req-8c96f5cf-b21e-496f-830a-ba7517899527 71233a1b10904efdb0bb9820d9d24b08 c0573a0dccfd41fc90ed24bdeefc9a7c - - default default] 10.0.0.101 "DELETE /v2.0/subnetpools/376a85e7-ca5e-4ab0-b396-e60818340078/tags/green HTTP/1.1" status: 404 len: 299 time: 0.0605414
2026-07-09 04:42:36.304 9 INFO neutron.wsgi [None req-774221ff-1adb-4ecf-9f89-27f948c78950 a8a00e69ffd745e1b64e30bfa6a2df35 87381326ee994395a0ec8eb1991f0bcd - - default default] 10.0.0.101 "GET /v2.0/ports?device_id=6cd80bc3-ed31-4651-b47a-420d6e6e33a5 HTTP/1.1" status: 200 len: 1443 time: 0.1745000
2026-07-09 04:42:36.352 9 INFO neutron.db.ovn_revision_numbers_db [None req-b076d4ae-7d99-422a-b67a-d8cad4c2e6b1 bcc8bf4f8e5c4bb9858a4f351ab46c84 eeafd7bc36834f60b38692b6ebc96030 - - default default] Successfully bumped revision number for resource a5636845-49c3-4cab-bc5b-bc027b3a01cb (type: networks) to 1
2026-07-09 04:42:36.392 10 INFO neutron.db.ovn_revision_numbers_db [None req-52d8ce40-5cbd-4147-a92f-2622a2b00cf6 3a4695a53f804e3ba15efe4e82f7d706 9ccedea5b9c8497c87174502ec182bf2 - - default default] Successfully bumped revision number for resource 71d35338-3e6b-4c45-96cd-1224391aa3f4 (type: routers) to 7
2026-07-09 04:42:36.395 10 INFO neutron.wsgi [None req-52d8ce40-5cbd-4147-a92f-2622a2b00cf6 3a4695a53f804e3ba15efe4e82f7d706 9ccedea5b9c8497c87174502ec182bf2 - - default default] 10.0.0.101 "PUT /v2.0/routers/71d35338-3e6b-4c45-96cd-1224391aa3f4 HTTP/1.1" status: 200 len: 655 time: 0.8288817
2026-07-09 04:42:36.397 10 INFO neutron.wsgi [None req-ae63fc2e-7ea1-4b32-87db-7b0006419a29 9a302f991d234fa5bf2eac8c922e31c1 57f0f5de20af4a078e395ae4c94e4d08 - - default default] 10.0.0.101 "GET /v2.0/floatingips?floating_network_id=47e69a59-df2e-49ba-aa0f-0ab25212f3ab&port_id=62124845-0d75-4908-9386-f8fdb14c861c HTTP/1.1" status: 200 len: 1054 time: 0.0842855
2026-07-09 04:42:36.420 10 INFO neutron.wsgi [None req-07e5078e-7e06-4543-b4f9-3d0f16e3a41e 71233a1b10904efdb0bb9820d9d24b08 c0573a0dccfd41fc90ed24bdeefc9a7c - - default default] 10.0.0.101 "DELETE /v2.0/subnetpools/376a85e7-ca5e-4ab0-b396-e60818340078/tags HTTP/1.1" status: 204 len: 168 time: 0.1009014
2026-07-09 04:42:36.421 10 INFO neutron.wsgi [None req-1001c198-bc22-47a7-b55b-748bdc065966 3a4695a53f804e3ba15efe4e82f7d706 9ccedea5b9c8497c87174502ec182bf2 - - default default] 10.0.0.101 "GET /v2.0/ports?device_id=71d35338-3e6b-4c45-96cd-1224391aa3f4 HTTP/1.1" status: 200 len: 205 time: 0.0194910
2026-07-09 04:42:36.443 10 INFO neutron.wsgi [None req-7748dfc7-e0b1-487f-9d6c-04dd236dea22 71233a1b10904efdb0bb9820d9d24b08 c0573a0dccfd41fc90ed24bdeefc9a7c - - default default] 10.0.0.101 "GET /v2.0/subnetpools/376a85e7-ca5e-4ab0-b396-e60818340078/tags HTTP/1.1" status: 200 len: 205 time: 0.0160596
2026-07-09 04:42:36.522 10 INFO neutron.wsgi [None req-15738fe2-d94f-49b0-8cf2-679dd7a9e1ba 71233a1b10904efdb0bb9820d9d24b08 c0573a0dccfd41fc90ed24bdeefc9a7c - - default default] 10.0.0.101 "DELETE /v2.0/subnetpools/376a85e7-ca5e-4ab0-b396-e60818340078 HTTP/1.1" status: 204 len: 168 time: 0.0619764
2026-07-09 04:42:36.638 10 INFO neutron.wsgi [req-0adc964a-944a-4d8b-a8e8-d6f7efe261a4 req-dbb17892-74b3-4205-9b3f-f2aa333ddaa3 6e675e500bae44548af8e2b38dc01156 fddc7f84f2ad4dfa9b5279b2c4872fd8 - - dc4e7848fc574f3a9055485e644bae63 dc4e7848fc574f3a9055485e644bae63] 10.0.0.66 "GET /v2.0/ports?device_id=6cd80bc3-ed31-4651-b47a-420d6e6e33a5 HTTP/1.1" status: 200 len: 1448 time: 0.0392697
2026-07-09 04:42:36.663 9 WARNING neutron.scheduler.dhcp_agent_scheduler [None req-b076d4ae-7d99-422a-b67a-d8cad4c2e6b1 bcc8bf4f8e5c4bb9858a4f351ab46c84 eeafd7bc36834f60b38692b6ebc96030 - - default default] No more DHCP agents
2026-07-09 04:42:36.665 9 WARNING neutron.api.rpc.agentnotifiers.dhcp_rpc_agent_api [None req-b076d4ae-7d99-422a-b67a-d8cad4c2e6b1 bcc8bf4f8e5c4bb9858a4f351ab46c84 eeafd7bc36834f60b38692b6ebc96030 - - default default] Unable to schedule network a5636845-49c3-4cab-bc5b-bc027b3a01cb: no agents available; will retry on subsequent port and subnet creation events.
2026-07-09 04:42:36.693 9 INFO neutron.wsgi [None req-3201cdff-04ff-4972-bfb2-ceb08994a845 3a4695a53f804e3ba15efe4e82f7d706 9ccedea5b9c8497c87174502ec182bf2 - - default default] 10.0.0.101 "DELETE /v2.0/routers/71d35338-3e6b-4c45-96cd-1224391aa3f4 HTTP/1.1" status: 204 len: 168 time: 0.2659612
2026-07-09 04:42:36.702 10 INFO neutron.wsgi [req-0adc964a-944a-4d8b-a8e8-d6f7efe261a4 req-338aa979-5c2e-4efa-adbe-77c1a3ef243a 6e675e500bae44548af8e2b38dc01156 fddc7f84f2ad4dfa9b5279b2c4872fd8 - - dc4e7848fc574f3a9055485e644bae63 dc4e7848fc574f3a9055485e644bae63] 10.0.0.66 "GET /v2.0/security-groups?id=3c8a9ffb-0c9a-48ad-bd46-f35e6df12db2&id=9366c68e-adde-4f63-9415-4954de4a2147&fields=id&fields=name HTTP/1.1" status: 200 len: 406 time: 0.0563281
2026-07-09 04:42:36.758 9 INFO neutron.db.ovn_revision_numbers_db [None req-b076d4ae-7d99-422a-b67a-d8cad4c2e6b1 bcc8bf4f8e5c4bb9858a4f351ab46c84 eeafd7bc36834f60b38692b6ebc96030 - - default default] Successfully bumped revision number for resource 1b77f947-6d4e-455f-bf47-95614e6aa643 (type: ports) to 1
2026-07-09 04:42:36.780 9 INFO neutron.wsgi [None req-b076d4ae-7d99-422a-b67a-d8cad4c2e6b1 bcc8bf4f8e5c4bb9858a4f351ab46c84 eeafd7bc36834f60b38692b6ebc96030 - - default default] 10.0.0.101 "POST /v2.0/networks HTTP/1.1" status: 201 len: 1443 time: 1.7818489
2026-07-09 04:42:36.915 9 INFO neutron.wsgi [None req-80342471-436d-4d50-bfee-9763e9b6f322 bcc8bf4f8e5c4bb9858a4f351ab46c84 eeafd7bc36834f60b38692b6ebc96030 - - default default] 10.0.0.101 "GET /v2.0/networks HTTP/1.1" status: 200 len: 2049 time: 0.1298988
2026-07-09 04:42:37.299 10 INFO neutron.services.segments.plugin [-] Segment 378fa9b4-964d-4164-9608-233d833a64d6 resource provider aggregate not found
2026-07-09 04:42:37.320 10 INFO neutron.services.segments.plugin [-] Segment 378fa9b4-964d-4164-9608-233d833a64d6 resource provider aggregate not found
2026-07-09 04:42:37.336 10 INFO neutron.services.segments.plugin [-] Segment 378fa9b4-964d-4164-9608-233d833a64d6 resource provider not found; error: Placement Client Error (4xx): {"errors": [{"status": 404, "title": "Not Found", "detail": "The resource could not be found.\n\n No resource provider with uuid 378fa9b4-964d-4164-9608-233d833a64d6 found for delete ", "request_id": "req-8830e2b8-80df-41e6-9ec0-d48ba6c65f3a"}]}
2026-07-09 04:42:37.337 10 INFO neutron.services.segments.plugin [-] Segment 378fa9b4-964d-4164-9608-233d833a64d6 resource provider not found; error: Placement Client Error (4xx): {"errors": [{"status": 404, "title": "Not Found", "detail": "The resource could not be found.\n\n No resource provider with uuid 378fa9b4-964d-4164-9608-233d833a64d6 found for delete ", "request_id": "req-17b596cc-5b57-412d-af64-04870b9e9f2f"}]}
2026-07-09 04:42:37.366 10 INFO neutron.wsgi [None req-6d92ae01-483c-4564-b633-edd80350eccd bcc8bf4f8e5c4bb9858a4f351ab46c84 eeafd7bc36834f60b38692b6ebc96030 - - default default] 10.0.0.101 "DELETE /v2.0/networks/d4fca409-2f93-46e7-8e91-674851fd44dd HTTP/1.1" status: 204 len: 168 time: 0.4428630
2026-07-09 04:42:37.598 10 INFO neutron.db.ovn_revision_numbers_db [None req-3dad1c60-0c65-4f47-adf1-c704e9301fba cd0aae0c2f474f2cb2c14456a301c3b4 b809e5e5db7c4170a41041cb04a8ce38 - - default default] Successfully bumped revision number for resource fde82fc7-6d72-4683-9c0f-81b127ddd4dd (type: security_groups) to 1
2026-07-09 04:42:37.620 10 INFO neutron.db.ovn_revision_numbers_db [None req-3dad1c60-0c65-4f47-adf1-c704e9301fba cd0aae0c2f474f2cb2c14456a301c3b4 b809e5e5db7c4170a41041cb04a8ce38 - - default default] Successfully bumped revision number for resource 1fe6bde5-e146-44b2-bbe6-b7eaa98aad58 (type: security_group_rules) to 0
2026-07-09 04:42:37.635 10 INFO neutron.db.ovn_revision_numbers_db [None req-3dad1c60-0c65-4f47-adf1-c704e9301fba cd0aae0c2f474f2cb2c14456a301c3b4 b809e5e5db7c4170a41041cb04a8ce38 - - default default] Successfully bumped revision number for resource c105df7b-a077-4a9f-9ea7-5bf271683ef3 (type: security_group_rules) to 0
2026-07-09 04:42:37.650 9 INFO neutron.db.ovn_revision_numbers_db [None req-8be16871-81a9-428a-b1a6-41824f2580ef cd0aae0c2f474f2cb2c14456a301c3b4 b809e5e5db7c4170a41041cb04a8ce38 - - default default] Successfully bumped revision number for resource 82920268-c58b-43f8-8960-969ac9f82576 (type: security_groups) to 1
2026-07-09 04:42:37.653 10 INFO neutron.db.ovn_revision_numbers_db [None req-3dad1c60-0c65-4f47-adf1-c704e9301fba cd0aae0c2f474f2cb2c14456a301c3b4 b809e5e5db7c4170a41041cb04a8ce38 - - default default] Successfully bumped revision number for resource cd78322f-cfde-4e4e-9607-bb4f563ab97c (type: security_group_rules) to 0
2026-07-09 04:42:37.668 10 INFO neutron.db.ovn_revision_numbers_db [None req-3dad1c60-0c65-4f47-adf1-c704e9301fba cd0aae0c2f474f2cb2c14456a301c3b4 b809e5e5db7c4170a41041cb04a8ce38 - - default default] Successfully bumped revision number for resource ff807141-3a4c-4a63-8ed8-1b7e126fe689 (type: security_group_rules) to 0
2026-07-09 04:42:37.671 9 INFO neutron.db.ovn_revision_numbers_db [None req-8be16871-81a9-428a-b1a6-41824f2580ef cd0aae0c2f474f2cb2c14456a301c3b4 b809e5e5db7c4170a41041cb04a8ce38 - - default default] Successfully bumped revision number for resource 078c13e9-931d-4e95-8da3-6fd260697b88 (type: security_group_rules) to 0
2026-07-09 04:42:37.691 9 INFO neutron.db.ovn_revision_numbers_db [None req-8be16871-81a9-428a-b1a6-41824f2580ef cd0aae0c2f474f2cb2c14456a301c3b4 b809e5e5db7c4170a41041cb04a8ce38 - - default default] Successfully bumped revision number for resource c8126549-b254-4be7-8dad-128ca1711d15 (type: security_group_rules) to 0
2026-07-09 04:42:37.692 10 INFO neutron.wsgi [None req-3dad1c60-0c65-4f47-adf1-c704e9301fba cd0aae0c2f474f2cb2c14456a301c3b4 b809e5e5db7c4170a41041cb04a8ce38 - - default default] 10.0.0.101 "GET /v2.0/security-groups?tenant_id=9ccedea5b9c8497c87174502ec182bf2&name=default HTTP/1.1" status: 200 len: 2996 time: 0.3187389
2026-07-09 04:42:37.725 9 INFO neutron.services.segments.plugin [-] Segment fec1c296-a453-49c5-8058-b020af2a5163 resource provider aggregate not found
2026-07-09 04:42:37.731 9 INFO neutron.services.segments.plugin [-] Segment fec1c296-a453-49c5-8058-b020af2a5163 resource provider aggregate not found
2026-07-09 04:42:37.736 9 INFO neutron.db.ovn_revision_numbers_db [None req-8be16871-81a9-428a-b1a6-41824f2580ef cd0aae0c2f474f2cb2c14456a301c3b4 b809e5e5db7c4170a41041cb04a8ce38 - - default default] Successfully bumped revision number for resource d1e407e1-d3b1-4ba9-8d6a-61d98373af5b (type: security_group_rules) to 0
2026-07-09 04:42:37.744 9 INFO neutron.services.segments.plugin [-] Segment fec1c296-a453-49c5-8058-b020af2a5163 resource provider not found; error: Placement Client Error (4xx): {"errors": [{"status": 404, "title": "Not Found", "detail": "The resource could not be found.\n\n No resource provider with uuid fec1c296-a453-49c5-8058-b020af2a5163 found for delete ", "request_id": "req-a3398113-eabf-44bd-ae64-52603d0d4be7"}]}
2026-07-09 04:42:37.748 9 INFO neutron.services.segments.plugin [-] Segment fec1c296-a453-49c5-8058-b020af2a5163 resource provider not found; error: Placement Client Error (4xx): {"errors": [{"status": 404, "title": "Not Found", "detail": "The resource could not be found.\n\n No resource provider with uuid fec1c296-a453-49c5-8058-b020af2a5163 found for delete ", "request_id": "req-e49baa07-d23c-42fb-8bd3-f45e9e54005a"}]}
2026-07-09 04:42:37.752 9 INFO neutron.db.ovn_revision_numbers_db [None req-8be16871-81a9-428a-b1a6-41824f2580ef cd0aae0c2f474f2cb2c14456a301c3b4 b809e5e5db7c4170a41041cb04a8ce38 - - default default] Successfully bumped revision number for resource ec192e5b-e972-4086-b0d5-9c504d68ce52 (type: security_group_rules) to 0
2026-07-09 04:42:37.779 9 INFO neutron.wsgi [None req-193026d9-7391-483f-a985-535900cf328c bcc8bf4f8e5c4bb9858a4f351ab46c84 eeafd7bc36834f60b38692b6ebc96030 - - default default] 10.0.0.101 "DELETE /v2.0/networks/a5636845-49c3-4cab-bc5b-bc027b3a01cb HTTP/1.1" status: 204 len: 168 time: 0.4072857
2026-07-09 04:42:37.781 9 INFO neutron.wsgi [None req-8be16871-81a9-428a-b1a6-41824f2580ef cd0aae0c2f474f2cb2c14456a301c3b4 b809e5e5db7c4170a41041cb04a8ce38 - - default default] 10.0.0.101 "GET /v2.0/security-groups?tenant_id=c0573a0dccfd41fc90ed24bdeefc9a7c&name=default HTTP/1.1" status: 200 len: 2996 time: 0.4264503
