2026-07-09 04:42:37.853 9 INFO neutron.wsgi [None req-565ab1d0-5aa3-4371-b8bb-231958477188 bcc8bf4f8e5c4bb9858a4f351ab46c84 eeafd7bc36834f60b38692b6ebc96030 - - default default] 10.0.0.101 "GET /v2.0/networks HTTP/1.1" status: 200 len: 845 time: 0.0666459
2026-07-09 04:42:37.944 9 INFO neutron.db.segments_db [None req-242e8860-d47f-474d-8971-cb7f22b89322 bcc8bf4f8e5c4bb9858a4f351ab46c84 eeafd7bc36834f60b38692b6ebc96030 - - default default] Added segment 0e803f14-9703-4e55-b54f-9701a599cd20 of type geneve for network 6ac62343-d105-47cf-beeb-3b3f510b51b6
2026-07-09 04:42:37.945 10 INFO neutron.wsgi [None req-1425dc0d-a59a-4e85-ad50-17f6a2dacc84 cd0aae0c2f474f2cb2c14456a301c3b4 b809e5e5db7c4170a41041cb04a8ce38 - - default default] 10.0.0.101 "DELETE /v2.0/security-groups/fde82fc7-6d72-4683-9c0f-81b127ddd4dd HTTP/1.1" status: 204 len: 168 time: 0.2462037
2026-07-09 04:42:37.998 10 INFO neutron.wsgi [None req-e31b0e47-3c7b-4363-bc5a-326e1594e538 cd0aae0c2f474f2cb2c14456a301c3b4 b809e5e5db7c4170a41041cb04a8ce38 - - default default] 10.0.0.101 "DELETE /v2.0/security-groups/82920268-c58b-43f8-8960-969ac9f82576 HTTP/1.1" status: 204 len: 168 time: 0.2098339
2026-07-09 04:42:38.083 9 INFO neutron.db.ovn_revision_numbers_db [None req-242e8860-d47f-474d-8971-cb7f22b89322 bcc8bf4f8e5c4bb9858a4f351ab46c84 eeafd7bc36834f60b38692b6ebc96030 - - default default] Successfully bumped revision number for resource 6ac62343-d105-47cf-beeb-3b3f510b51b6 (type: networks) to 1
2026-07-09 04:42:38.169 10 INFO neutron.db.ovn_revision_numbers_db [None req-cfc6d161-25f2-44c3-9cdd-eaca0500b068 cd0aae0c2f474f2cb2c14456a301c3b4 b809e5e5db7c4170a41041cb04a8ce38 - - default default] Successfully bumped revision number for resource 698f344e-526e-4b13-8560-ca07e06ca379 (type: security_groups) to 1
2026-07-09 04:42:38.184 10 INFO neutron.db.ovn_revision_numbers_db [None req-cfc6d161-25f2-44c3-9cdd-eaca0500b068 cd0aae0c2f474f2cb2c14456a301c3b4 b809e5e5db7c4170a41041cb04a8ce38 - - default default] Successfully bumped revision number for resource 028c7869-b867-423f-82f6-f290f824df76 (type: security_group_rules) to 0
2026-07-09 04:42:38.196 10 INFO neutron.db.ovn_revision_numbers_db [None req-cfc6d161-25f2-44c3-9cdd-eaca0500b068 cd0aae0c2f474f2cb2c14456a301c3b4 b809e5e5db7c4170a41041cb04a8ce38 - - default default] Successfully bumped revision number for resource 1b1a5fda-d783-43a6-88a0-be14be06f542 (type: security_group_rules) to 0
2026-07-09 04:42:38.211 10 INFO neutron.db.ovn_revision_numbers_db [None req-cfc6d161-25f2-44c3-9cdd-eaca0500b068 cd0aae0c2f474f2cb2c14456a301c3b4 b809e5e5db7c4170a41041cb04a8ce38 - - default default] Successfully bumped revision number for resource 4d89ee35-34f2-4835-a480-f23b4b67741c (type: security_group_rules) to 0
2026-07-09 04:42:38.226 10 INFO neutron.db.ovn_revision_numbers_db [None req-cfc6d161-25f2-44c3-9cdd-eaca0500b068 cd0aae0c2f474f2cb2c14456a301c3b4 b809e5e5db7c4170a41041cb04a8ce38 - - default default] Successfully bumped revision number for resource 643bc4e3-7c94-4405-b46a-2c7373b290f8 (type: security_group_rules) to 0
2026-07-09 04:42:38.249 10 INFO neutron.wsgi [None req-cfc6d161-25f2-44c3-9cdd-eaca0500b068 cd0aae0c2f474f2cb2c14456a301c3b4 b809e5e5db7c4170a41041cb04a8ce38 - - default default] 10.0.0.101 "GET /v2.0/security-groups?tenant_id=f2a8a54ad4ad454facea9952a69c1c42&name=default HTTP/1.1" status: 200 len: 2996 time: 0.1987009
2026-07-09 04:42:38.291 9 WARNING neutron.scheduler.dhcp_agent_scheduler [None req-242e8860-d47f-474d-8971-cb7f22b89322 bcc8bf4f8e5c4bb9858a4f351ab46c84 eeafd7bc36834f60b38692b6ebc96030 - - default default] No more DHCP agents
2026-07-09 04:42:38.295 9 WARNING neutron.api.rpc.agentnotifiers.dhcp_rpc_agent_api [None req-242e8860-d47f-474d-8971-cb7f22b89322 bcc8bf4f8e5c4bb9858a4f351ab46c84 eeafd7bc36834f60b38692b6ebc96030 - - default default] Unable to schedule network 6ac62343-d105-47cf-beeb-3b3f510b51b6: no agents available; will retry on subsequent port and subnet creation events.
2026-07-09 04:42:38.330 9 INFO neutron.db.ovn_revision_numbers_db [None req-86ba0df6-c0a9-46ce-9397-e880b275f36e cd0aae0c2f474f2cb2c14456a301c3b4 b809e5e5db7c4170a41041cb04a8ce38 - - default default] Successfully bumped revision number for resource 2bc4cc2b-5719-4457-a830-de83efe67f55 (type: security_groups) to 1
2026-07-09 04:42:38.348 9 INFO neutron.db.ovn_revision_numbers_db [None req-86ba0df6-c0a9-46ce-9397-e880b275f36e cd0aae0c2f474f2cb2c14456a301c3b4 b809e5e5db7c4170a41041cb04a8ce38 - - default default] Successfully bumped revision number for resource 0b024cb3-5b35-4353-8779-38a073248653 (type: security_group_rules) to 0
2026-07-09 04:42:38.370 9 INFO neutron.db.ovn_revision_numbers_db [None req-86ba0df6-c0a9-46ce-9397-e880b275f36e cd0aae0c2f474f2cb2c14456a301c3b4 b809e5e5db7c4170a41041cb04a8ce38 - - default default] Successfully bumped revision number for resource 7cbfd01d-c94d-455a-89af-28e1b1eb4317 (type: security_group_rules) to 0
2026-07-09 04:42:38.375 9 INFO neutron.db.ovn_revision_numbers_db [None req-242e8860-d47f-474d-8971-cb7f22b89322 bcc8bf4f8e5c4bb9858a4f351ab46c84 eeafd7bc36834f60b38692b6ebc96030 - - default default] Successfully bumped revision number for resource 2ab74286-d9fd-485f-9ed7-35d88bf1de67 (type: ports) to 1
2026-07-09 04:42:38.384 9 INFO neutron.db.ovn_revision_numbers_db [None req-86ba0df6-c0a9-46ce-9397-e880b275f36e cd0aae0c2f474f2cb2c14456a301c3b4 b809e5e5db7c4170a41041cb04a8ce38 - - default default] Successfully bumped revision number for resource a3e3d147-5c34-448d-99b8-724427e165fb (type: security_group_rules) to 0
2026-07-09 04:42:38.398 9 INFO neutron.wsgi [None req-242e8860-d47f-474d-8971-cb7f22b89322 bcc8bf4f8e5c4bb9858a4f351ab46c84 eeafd7bc36834f60b38692b6ebc96030 - - default default] 10.0.0.101 "POST /v2.0/networks HTTP/1.1" status: 201 len: 849 time: 0.5381095
2026-07-09 04:42:38.399 9 INFO neutron.db.ovn_revision_numbers_db [None req-86ba0df6-c0a9-46ce-9397-e880b275f36e cd0aae0c2f474f2cb2c14456a301c3b4 b809e5e5db7c4170a41041cb04a8ce38 - - default default] Successfully bumped revision number for resource d37de1c1-5de3-4f15-ad1e-e09f27000a68 (type: security_group_rules) to 0
2026-07-09 04:42:38.419 9 INFO neutron.wsgi [None req-86ba0df6-c0a9-46ce-9397-e880b275f36e cd0aae0c2f474f2cb2c14456a301c3b4 b809e5e5db7c4170a41041cb04a8ce38 - - default default] 10.0.0.101 "GET /v2.0/security-groups?tenant_id=0a2e898d1a3d4faf8cd8223c56aea125&name=default HTTP/1.1" status: 200 len: 2996 time: 0.2591512
2026-07-09 04:42:38.467 10 INFO neutron.wsgi [None req-ffa3c0a6-4ce4-40ac-8f25-fb3ef9d24082 cd0aae0c2f474f2cb2c14456a301c3b4 b809e5e5db7c4170a41041cb04a8ce38 - - default default] 10.0.0.101 "DELETE /v2.0/security-groups/698f344e-526e-4b13-8560-ca07e06ca379 HTTP/1.1" status: 204 len: 168 time: 0.2131715
2026-07-09 04:42:38.501 10 INFO neutron.db.segments_db [None req-83c4d414-1eb1-48e1-8917-e62c579f1f0d bcc8bf4f8e5c4bb9858a4f351ab46c84 eeafd7bc36834f60b38692b6ebc96030 - - default default] Added segment 4be25480-6dc8-4b85-8cf7-ce53011f391e of type geneve for network 0214d350-b35c-4e92-b234-ae6aececa3ef
2026-07-09 04:42:38.604 9 INFO neutron.wsgi [None req-e1604729-49a6-4478-9933-6c65ecf2a3d4 cd0aae0c2f474f2cb2c14456a301c3b4 b809e5e5db7c4170a41041cb04a8ce38 - - default default] 10.0.0.101 "DELETE /v2.0/security-groups/2bc4cc2b-5719-4457-a830-de83efe67f55 HTTP/1.1" status: 204 len: 168 time: 0.1797781
2026-07-09 04:42:38.668 10 INFO neutron.db.ovn_revision_numbers_db [None req-83c4d414-1eb1-48e1-8917-e62c579f1f0d bcc8bf4f8e5c4bb9858a4f351ab46c84 eeafd7bc36834f60b38692b6ebc96030 - - default default] Successfully bumped revision number for resource 0214d350-b35c-4e92-b234-ae6aececa3ef (type: networks) to 1
2026-07-09 04:42:38.775 9 INFO neutron.plugins.ml2.drivers.ovn.mech_driver.mech_driver [None req-741ffbae-2623-4cd3-9090-0f8197765c2f - - - - - -] OVN reports status down for port: 62124845-0d75-4908-9386-f8fdb14c861c
2026-07-09 04:42:38.833 9 INFO neutron.wsgi [req-41f27bc2-9634-4215-a169-c3ebe8278e9f req-0eefef39-71f9-4022-a7d9-566dca489207 9a302f991d234fa5bf2eac8c922e31c1 57f0f5de20af4a078e395ae4c94e4d08 - - default default] 10.0.0.98 "GET /v2.0/ports?device_id=6cd80bc3-ed31-4651-b47a-420d6e6e33a5 HTTP/1.1" status: 200 len: 1210 time: 0.1054430
2026-07-09 04:42:38.869 10 WARNING neutron.scheduler.dhcp_agent_scheduler [None req-83c4d414-1eb1-48e1-8917-e62c579f1f0d bcc8bf4f8e5c4bb9858a4f351ab46c84 eeafd7bc36834f60b38692b6ebc96030 - - default default] No more DHCP agents
2026-07-09 04:42:38.871 10 WARNING neutron.api.rpc.agentnotifiers.dhcp_rpc_agent_api [None req-83c4d414-1eb1-48e1-8917-e62c579f1f0d bcc8bf4f8e5c4bb9858a4f351ab46c84 eeafd7bc36834f60b38692b6ebc96030 - - default default] Unable to schedule network 0214d350-b35c-4e92-b234-ae6aececa3ef: no agents available; will retry on subsequent port and subnet creation events.
2026-07-09 04:42:38.926 9 INFO neutron.wsgi [req-41f27bc2-9634-4215-a169-c3ebe8278e9f req-5379c164-d714-4c54-87a9-31094fdc11a8 9a302f991d234fa5bf2eac8c922e31c1 57f0f5de20af4a078e395ae4c94e4d08 - - default default] 10.0.0.98 "GET /v2.0/security-groups?id=9366c68e-adde-4f63-9415-4954de4a2147&id=3c8a9ffb-0c9a-48ad-bd46-f35e6df12db2&fields=id&fields=name HTTP/1.1" status: 200 len: 406 time: 0.0817935
2026-07-09 04:42:38.928 9 INFO neutron.notifiers.nova [-] Nova event matching ['req-988ac033-1315-4c9f-b0e1-b9764e74d984'] response: {'server_uuid': '6cd80bc3-ed31-4651-b47a-420d6e6e33a5', 'name': 'network-vif-unplugged', 'status': 'completed', 'tag': '62124845-0d75-4908-9386-f8fdb14c861c', 'code': 200}
2026-07-09 04:42:38.970 10 INFO neutron.db.ovn_revision_numbers_db [None req-83c4d414-1eb1-48e1-8917-e62c579f1f0d bcc8bf4f8e5c4bb9858a4f351ab46c84 eeafd7bc36834f60b38692b6ebc96030 - - default default] Successfully bumped revision number for resource 492846ca-54d0-447f-ad90-22e4a6bfb117 (type: ports) to 1
2026-07-09 04:42:38.995 10 INFO neutron.wsgi [None req-83c4d414-1eb1-48e1-8917-e62c579f1f0d bcc8bf4f8e5c4bb9858a4f351ab46c84 eeafd7bc36834f60b38692b6ebc96030 - - default default] 10.0.0.101 "POST /v2.0/networks HTTP/1.1" status: 201 len: 849 time: 0.5907373
2026-07-09 04:42:39.119 9 INFO neutron.db.ovn_revision_numbers_db [None req-741ffbae-2623-4cd3-9090-0f8197765c2f - - - - - -] Successfully bumped revision number for resource 62124845-0d75-4908-9386-f8fdb14c861c (type: ports) to 5
2026-07-09 04:42:39.119 10 INFO neutron.wsgi [req-5753ad38-778d-4952-b51f-d2b69068af5a req-6313a382-051c-4589-93ac-1defa1bc0a6e 9a302f991d234fa5bf2eac8c922e31c1 57f0f5de20af4a078e395ae4c94e4d08 - - default default] 199.19.213.229 "GET /v2.0/ports?device_id=6cd80bc3-ed31-4651-b47a-420d6e6e33a5 HTTP/1.1" status: 200 len: 1208 time: 0.0518234
2026-07-09 04:42:39.543 10 INFO neutron.db.l3_db [req-5753ad38-778d-4952-b51f-d2b69068af5a req-42833f06-7e61-415b-b8e9-db0e6008cedf 9a302f991d234fa5bf2eac8c922e31c1 57f0f5de20af4a078e395ae4c94e4d08 - - default default] Floating IP 39e2ae51-61f2-40ba-b041-b65876d2767a disassociated. External IP: 10.96.250.216, port: 62124845-0d75-4908-9386-f8fdb14c861c.
2026-07-09 04:42:39.958 10 WARNING neutron.scheduler.dhcp_agent_scheduler [None req-f534b84c-8ba9-4c24-9014-6e44e77f966c bcc8bf4f8e5c4bb9858a4f351ab46c84 eeafd7bc36834f60b38692b6ebc96030 - - default default] No more DHCP agents
2026-07-09 04:42:39.964 10 WARNING neutron.api.rpc.agentnotifiers.dhcp_rpc_agent_api [None req-f534b84c-8ba9-4c24-9014-6e44e77f966c bcc8bf4f8e5c4bb9858a4f351ab46c84 eeafd7bc36834f60b38692b6ebc96030 - - default default] Unable to schedule network 6ac62343-d105-47cf-beeb-3b3f510b51b6: no agents available; will retry on subsequent port and subnet creation events.
2026-07-09 04:42:39.979 10 INFO neutron.wsgi [req-5753ad38-778d-4952-b51f-d2b69068af5a req-42833f06-7e61-415b-b8e9-db0e6008cedf 9a302f991d234fa5bf2eac8c922e31c1 57f0f5de20af4a078e395ae4c94e4d08 - - default default] 199.19.213.229 "DELETE /v2.0/ports/62124845-0d75-4908-9386-f8fdb14c861c HTTP/1.1" status: 204 len: 173 time: 0.8540089 /var/lib/openstack/lib/python3.10/site-packages/pycadf/identifier.py:71: UserWarning: Invalid uuid: neutron. To ensure interoperability, identifiers should be a valid uuid. warnings.warn(('Invalid uuid: %s. To ensure interoperability, '
2026-07-09 04:42:40.037 10 INFO neutron.notifiers.nova [-] Nova event matching ['req-89ab1b2c-2628-4218-917e-30bf51105b7e'] response: {'server_uuid': '6cd80bc3-ed31-4651-b47a-420d6e6e33a5', 'name': 'network-vif-deleted', 'tag': '62124845-0d75-4908-9386-f8fdb14c861c', 'status': 'completed', 'code': 200}
2026-07-09 04:42:40.061 10 INFO neutron.wsgi [req-7dfa01e8-b2b9-4e43-a55b-75f93fc3470c req-57470f36-05f9-4344-a2c4-8208f5f3e575 9a302f991d234fa5bf2eac8c922e31c1 57f0f5de20af4a078e395ae4c94e4d08 - - default default] 10.0.0.98 "GET /v2.0/ports?device_id=6cd80bc3-ed31-4651-b47a-420d6e6e33a5 HTTP/1.1" status: 200 len: 210 time: 0.0389020
2026-07-09 04:42:40.076 10 INFO neutron.db.ovn_revision_numbers_db [None req-f534b84c-8ba9-4c24-9014-6e44e77f966c bcc8bf4f8e5c4bb9858a4f351ab46c84 eeafd7bc36834f60b38692b6ebc96030 - - default default] Successfully bumped revision number for resource 7afe9304-d4ce-4df7-a162-8a1efea57586 (type: ports) to 1
2026-07-09 04:42:40.106 10 WARNING neutron.scheduler.dhcp_agent_scheduler [None req-f534b84c-8ba9-4c24-9014-6e44e77f966c bcc8bf4f8e5c4bb9858a4f351ab46c84 eeafd7bc36834f60b38692b6ebc96030 - - default default] No more DHCP agents
2026-07-09 04:42:40.109 10 WARNING neutron.api.rpc.agentnotifiers.dhcp_rpc_agent_api [None req-f534b84c-8ba9-4c24-9014-6e44e77f966c bcc8bf4f8e5c4bb9858a4f351ab46c84 eeafd7bc36834f60b38692b6ebc96030 - - default default] Unable to schedule network 0214d350-b35c-4e92-b234-ae6aececa3ef: no agents available; will retry on subsequent port and subnet creation events.
2026-07-09 04:42:40.200 10 INFO neutron.db.ovn_revision_numbers_db [None req-f534b84c-8ba9-4c24-9014-6e44e77f966c bcc8bf4f8e5c4bb9858a4f351ab46c84 eeafd7bc36834f60b38692b6ebc96030 - - default default] Successfully bumped revision number for resource 7f506e5b-dc39-4e02-9ef0-874a7fca8b34 (type: ports) to 1
2026-07-09 04:42:40.230 10 INFO neutron.wsgi [None req-f534b84c-8ba9-4c24-9014-6e44e77f966c bcc8bf4f8e5c4bb9858a4f351ab46c84 eeafd7bc36834f60b38692b6ebc96030 - - default default] 10.0.0.101 "POST /v2.0/ports HTTP/1.1" status: 201 len: 1705 time: 1.2298000 /var/lib/openstack/lib/python3.10/site-packages/pycadf/identifier.py:71: UserWarning: Invalid uuid: neutron. To ensure interoperability, identifiers should be a valid uuid. warnings.warn(('Invalid uuid: %s. To ensure interoperability, '
2026-07-09 04:42:40.350 10 INFO neutron.wsgi [None req-bce80aa4-a31a-4e5a-98d5-444eb0065b0f bcc8bf4f8e5c4bb9858a4f351ab46c84 eeafd7bc36834f60b38692b6ebc96030 - - default default] 10.0.0.101 "GET /v2.0/ports HTTP/1.1" status: 200 len: 3212 time: 0.1159663
2026-07-09 04:42:40.588 10 INFO neutron.wsgi [None req-f77b41d2-c34c-4060-87cd-ce5423b44d58 bcc8bf4f8e5c4bb9858a4f351ab46c84 eeafd7bc36834f60b38692b6ebc96030 - - default default] 10.0.0.101 "DELETE /v2.0/ports/7afe9304-d4ce-4df7-a162-8a1efea57586 HTTP/1.1" status: 204 len: 168 time: 0.2320869
2026-07-09 04:42:40.827 10 INFO neutron.wsgi [None req-16fc3892-8942-431f-b137-51dfb91f79c8 bcc8bf4f8e5c4bb9858a4f351ab46c84 eeafd7bc36834f60b38692b6ebc96030 - - default default] 10.0.0.101 "DELETE /v2.0/ports/7f506e5b-dc39-4e02-9ef0-874a7fca8b34 HTTP/1.1" status: 204 len: 168 time: 0.2314384
2026-07-09 04:42:40.872 10 INFO neutron.wsgi [None req-d094de40-1dee-41b9-971c-a20a952c5070 bcc8bf4f8e5c4bb9858a4f351ab46c84 eeafd7bc36834f60b38692b6ebc96030 - - default default] 10.0.0.101 "GET /v2.0/ports HTTP/1.1" status: 200 len: 1718 time: 0.0387745
2026-07-09 04:42:40.966 10 INFO neutron.db.segments_db [None req-046e4356-5898-4c48-88bd-2c73f2baf724 bcc8bf4f8e5c4bb9858a4f351ab46c84 eeafd7bc36834f60b38692b6ebc96030 - - default default] Added segment d38608b4-d152-4aa6-b2ce-afd77381bc0e of type geneve for network e2b15911-2a82-4d18-9b70-a07561aa45a2
2026-07-09 04:42:40.968 9 INFO neutron.notifiers.nova [-] Nova event matching ['req-e1af3fde-1b70-4aed-8d18-9e81296f5810'] response: {'server_uuid': '6cd80bc3-ed31-4651-b47a-420d6e6e33a5', 'name': 'network-vif-plugged', 'status': 'completed', 'tag': '62124845-0d75-4908-9386-f8fdb14c861c', 'code': 200}
2026-07-09 04:42:41.112 10 INFO neutron.db.ovn_revision_numbers_db [None req-046e4356-5898-4c48-88bd-2c73f2baf724 bcc8bf4f8e5c4bb9858a4f351ab46c84 eeafd7bc36834f60b38692b6ebc96030 - - default default] Successfully bumped revision number for resource e2b15911-2a82-4d18-9b70-a07561aa45a2 (type: networks) to 1 /var/lib/openstack/lib/python3.10/site-packages/pycadf/identifier.py:71: UserWarning: Invalid uuid: neutron. To ensure interoperability, identifiers should be a valid uuid. warnings.warn(('Invalid uuid: %s. To ensure interoperability, '
2026-07-09 04:42:41.313 10 WARNING neutron.scheduler.dhcp_agent_scheduler [None req-046e4356-5898-4c48-88bd-2c73f2baf724 bcc8bf4f8e5c4bb9858a4f351ab46c84 eeafd7bc36834f60b38692b6ebc96030 - - default default] No more DHCP agents
2026-07-09 04:42:41.315 10 WARNING neutron.api.rpc.agentnotifiers.dhcp_rpc_agent_api [None req-046e4356-5898-4c48-88bd-2c73f2baf724 bcc8bf4f8e5c4bb9858a4f351ab46c84 eeafd7bc36834f60b38692b6ebc96030 - - default default] Unable to schedule network e2b15911-2a82-4d18-9b70-a07561aa45a2: no agents available; will retry on subsequent port and subnet creation events.
2026-07-09 04:42:41.394 9 INFO neutron.wsgi [None req-14e6e965-2a74-4196-bda5-e7c88a41ae21 9a302f991d234fa5bf2eac8c922e31c1 57f0f5de20af4a078e395ae4c94e4d08 - - default default] 10.0.0.101 "DELETE /v2.0/security-groups/3c8a9ffb-0c9a-48ad-bd46-f35e6df12db2 HTTP/1.1" status: 204 len: 168 time: 0.1694238
2026-07-09 04:42:41.400 10 INFO neutron.db.ovn_revision_numbers_db [None req-046e4356-5898-4c48-88bd-2c73f2baf724 bcc8bf4f8e5c4bb9858a4f351ab46c84 eeafd7bc36834f60b38692b6ebc96030 - - default default] Successfully bumped revision number for resource faa3d607-cec4-49de-9853-30320eafc169 (type: ports) to 1
2026-07-09 04:42:41.428 9 INFO neutron.api.v2.resource [None req-44c42ba1-2b23-4b18-91a9-7e48ce022454 9a302f991d234fa5bf2eac8c922e31c1 57f0f5de20af4a078e395ae4c94e4d08 - - default default] show failed (client error): The resource could not be found.
2026-07-09 04:42:41.429 10 INFO neutron.wsgi [None req-046e4356-5898-4c48-88bd-2c73f2baf724 bcc8bf4f8e5c4bb9858a4f351ab46c84 eeafd7bc36834f60b38692b6ebc96030 - - default default] 10.0.0.101 "POST /v2.0/networks HTTP/1.1" status: 201 len: 848 time: 0.5510426
2026-07-09 04:42:41.430 9 INFO neutron.wsgi [None req-44c42ba1-2b23-4b18-91a9-7e48ce022454 9a302f991d234fa5bf2eac8c922e31c1 57f0f5de20af4a078e395ae4c94e4d08 - - default default] 10.0.0.101 "GET /v2.0/security-groups/3c8a9ffb-0c9a-48ad-bd46-f35e6df12db2 HTTP/1.1" status: 404 len: 347 time: 0.0289254
2026-07-09 04:42:41.510 10 INFO neutron.db.segments_db [None req-42d002eb-1da4-40ca-87e1-1d7149f9df1e bcc8bf4f8e5c4bb9858a4f351ab46c84 eeafd7bc36834f60b38692b6ebc96030 - - default default] Added segment 8350ae86-d7e9-42ae-a0c4-76c3cafd706a of type geneve for network 701f9047-8250-47a6-9864-f22b0c11c41d
2026-07-09 04:42:41.645 10 INFO neutron.db.ovn_revision_numbers_db [None req-42d002eb-1da4-40ca-87e1-1d7149f9df1e bcc8bf4f8e5c4bb9858a4f351ab46c84 eeafd7bc36834f60b38692b6ebc96030 - - default default] Successfully bumped revision number for resource 701f9047-8250-47a6-9864-f22b0c11c41d (type: networks) to 1
2026-07-09 04:42:41.802 10 WARNING neutron.scheduler.dhcp_agent_scheduler [None req-42d002eb-1da4-40ca-87e1-1d7149f9df1e bcc8bf4f8e5c4bb9858a4f351ab46c84 eeafd7bc36834f60b38692b6ebc96030 - - default default] No more DHCP agents
2026-07-09 04:42:41.802 9 INFO neutron.wsgi [None req-cd3a48e1-2bf7-4f09-b031-9b29995fc709 9a302f991d234fa5bf2eac8c922e31c1 57f0f5de20af4a078e395ae4c94e4d08 - - default default] 10.0.0.101 "DELETE /v2.0/floatingips/39e2ae51-61f2-40ba-b041-b65876d2767a HTTP/1.1" status: 204 len: 168 time: 0.3676884
2026-07-09 04:42:41.805 10 WARNING neutron.api.rpc.agentnotifiers.dhcp_rpc_agent_api [None req-42d002eb-1da4-40ca-87e1-1d7149f9df1e bcc8bf4f8e5c4bb9858a4f351ab46c84 eeafd7bc36834f60b38692b6ebc96030 - - default default] Unable to schedule network 701f9047-8250-47a6-9864-f22b0c11c41d: no agents available; will retry on subsequent port and subnet creation events.
2026-07-09 04:42:41.885 10 INFO neutron.db.ovn_revision_numbers_db [None req-42d002eb-1da4-40ca-87e1-1d7149f9df1e bcc8bf4f8e5c4bb9858a4f351ab46c84 eeafd7bc36834f60b38692b6ebc96030 - - default default] Successfully bumped revision number for resource 11d868c5-33b4-4280-94f6-5239e5380f84 (type: ports) to 1
2026-07-09 04:42:41.905 10 INFO neutron.wsgi [None req-42d002eb-1da4-40ca-87e1-1d7149f9df1e bcc8bf4f8e5c4bb9858a4f351ab46c84 eeafd7bc36834f60b38692b6ebc96030 - - default default] 10.0.0.101 "POST /v2.0/networks HTTP/1.1" status: 201 len: 848 time: 0.4718733
2026-07-09 04:42:41.965 9 INFO neutron.wsgi [None req-5123bc83-9e02-48d5-8776-a4c82ae32154 9a302f991d234fa5bf2eac8c922e31c1 57f0f5de20af4a078e395ae4c94e4d08 - - default default] 10.0.0.101 "DELETE /v2.0/security-groups/9366c68e-adde-4f63-9415-4954de4a2147 HTTP/1.1" status: 204 len: 168 time: 0.1578369
2026-07-09 04:42:42.049 9 INFO neutron.db.ovn_revision_numbers_db [None req-c5e30dde-1ff9-42a1-9dba-43ebc10ad5cd 7987a9ae9c6547c8a70e9aa216bdb190 960e28fae9354b6db7dd8b85eb2f9d84 - - default default] Successfully bumped revision number for resource 96dd5149-a333-49b6-b98b-827bea41561e (type: security_groups) to 1
2026-07-09 04:42:42.063 9 INFO neutron.db.ovn_revision_numbers_db [None req-c5e30dde-1ff9-42a1-9dba-43ebc10ad5cd 7987a9ae9c6547c8a70e9aa216bdb190 960e28fae9354b6db7dd8b85eb2f9d84 - - default default] Successfully bumped revision number for resource 28bab11d-4a75-4fac-ba06-0bdf7afb85ad (type: security_group_rules) to 0
2026-07-09 04:42:42.082 9 INFO neutron.db.ovn_revision_numbers_db [None req-c5e30dde-1ff9-42a1-9dba-43ebc10ad5cd 7987a9ae9c6547c8a70e9aa216bdb190 960e28fae9354b6db7dd8b85eb2f9d84 - - default default] Successfully bumped revision number for resource ba422ff4-3724-435f-a1e1-cdda5aee8c9a (type: security_group_rules) to 0
2026-07-09 04:42:42.100 9 INFO neutron.db.ovn_revision_numbers_db [None req-c5e30dde-1ff9-42a1-9dba-43ebc10ad5cd 7987a9ae9c6547c8a70e9aa216bdb190 960e28fae9354b6db7dd8b85eb2f9d84 - - default default] Successfully bumped revision number for resource bf4214d6-1a2a-40fa-9c9b-616e30e45954 (type: security_group_rules) to 0
2026-07-09 04:42:42.126 9 INFO neutron.db.ovn_revision_numbers_db [None req-c5e30dde-1ff9-42a1-9dba-43ebc10ad5cd 7987a9ae9c6547c8a70e9aa216bdb190 960e28fae9354b6db7dd8b85eb2f9d84 - - default default] Successfully bumped revision number for resource dc0ba334-56b7-4f30-b943-2404da9a86d7 (type: security_group_rules) to 0
2026-07-09 04:42:42.234 9 INFO neutron.db.ovn_revision_numbers_db [None req-c5e30dde-1ff9-42a1-9dba-43ebc10ad5cd 7987a9ae9c6547c8a70e9aa216bdb190 960e28fae9354b6db7dd8b85eb2f9d84 - - default default] Successfully bumped revision number for resource acbaca98-8a32-4829-8eb4-5b9ef31500e3 (type: security_groups) to 1
2026-07-09 04:42:42.252 9 INFO neutron.db.ovn_revision_numbers_db [None req-c5e30dde-1ff9-42a1-9dba-43ebc10ad5cd 7987a9ae9c6547c8a70e9aa216bdb190 960e28fae9354b6db7dd8b85eb2f9d84 - - default default] Successfully bumped revision number for resource 0748e42a-caa4-4237-ab00-25662e69ba54 (type: security_group_rules) to 0
2026-07-09 04:42:42.275 9 INFO neutron.db.ovn_revision_numbers_db [None req-c5e30dde-1ff9-42a1-9dba-43ebc10ad5cd 7987a9ae9c6547c8a70e9aa216bdb190 960e28fae9354b6db7dd8b85eb2f9d84 - - default default] Successfully bumped revision number for resource a6bce237-7865-42bc-ba07-132959a9d1cb (type: security_group_rules) to 0
2026-07-09 04:42:42.297 9 INFO neutron.wsgi [None req-c5e30dde-1ff9-42a1-9dba-43ebc10ad5cd 7987a9ae9c6547c8a70e9aa216bdb190 960e28fae9354b6db7dd8b85eb2f9d84 - - default default] 10.0.0.101 "POST /v2.0/security-groups HTTP/1.1" status: 201 len: 1737 time: 0.5773180
2026-07-09 04:42:42.346 10 INFO neutron.wsgi [None req-626e4749-664f-4416-9a17-66fb2ab2b5ed 7987a9ae9c6547c8a70e9aa216bdb190 960e28fae9354b6db7dd8b85eb2f9d84 - - default default] 10.0.0.101 "PUT /v2.0/security-groups/acbaca98-8a32-4829-8eb4-5b9ef31500e3/tags HTTP/1.1" status: 200 len: 218 time: 0.0427260
2026-07-09 04:42:42.373 10 WARNING neutron.scheduler.dhcp_agent_scheduler [None req-fbeb9e21-be1d-4a80-b985-74e1168bd4c0 bcc8bf4f8e5c4bb9858a4f351ab46c84 eeafd7bc36834f60b38692b6ebc96030 - - default default] No more DHCP agents
2026-07-09 04:42:42.377 10 WARNING neutron.api.rpc.agentnotifiers.dhcp_rpc_agent_api [None req-fbeb9e21-be1d-4a80-b985-74e1168bd4c0 bcc8bf4f8e5c4bb9858a4f351ab46c84 eeafd7bc36834f60b38692b6ebc96030 - - default default] Unable to schedule network e2b15911-2a82-4d18-9b70-a07561aa45a2: no agents available; will retry on subsequent port and subnet creation events.
2026-07-09 04:42:42.381 10 INFO neutron.wsgi [None req-5bc78b9d-d6b4-4859-9550-9f467a689bcb 7987a9ae9c6547c8a70e9aa216bdb190 960e28fae9354b6db7dd8b85eb2f9d84 - - default default] 10.0.0.101 "GET /v2.0/security-groups/acbaca98-8a32-4829-8eb4-5b9ef31500e3/tags HTTP/1.1" status: 200 len: 218 time: 0.0278022
2026-07-09 04:42:42.427 10 INFO neutron.wsgi [None req-c29e06bd-a040-4681-8173-b009589333e4 7987a9ae9c6547c8a70e9aa216bdb190 960e28fae9354b6db7dd8b85eb2f9d84 - - default default] 10.0.0.101 "PUT /v2.0/security-groups/acbaca98-8a32-4829-8eb4-5b9ef31500e3/tags/green HTTP/1.1" status: 201 len: 201 time: 0.0397239
2026-07-09 04:42:42.453 10 INFO neutron.wsgi [None req-08f8e53a-2aae-48e9-8e1c-c321566746f5 7987a9ae9c6547c8a70e9aa216bdb190 960e28fae9354b6db7dd8b85eb2f9d84 - - default default] 10.0.0.101 "GET /v2.0/security-groups/acbaca98-8a32-4829-8eb4-5b9ef31500e3/tags HTTP/1.1" status: 200 len: 227 time: 0.0227332
2026-07-09 04:42:42.486 10 INFO neutron.wsgi [None req-4e6cae79-92f0-4f28-8955-568f2efee252 7987a9ae9c6547c8a70e9aa216bdb190 960e28fae9354b6db7dd8b85eb2f9d84 - - default default] 10.0.0.101 "PUT /v2.0/security-groups/acbaca98-8a32-4829-8eb4-5b9ef31500e3/tags/red HTTP/1.1" status: 201 len: 201 time: 0.0283172
2026-07-09 04:42:42.512 9 INFO neutron.wsgi [None req-183a4c9e-c5ea-4b29-8aaa-785ba33bd80b 7987a9ae9c6547c8a70e9aa216bdb190 960e28fae9354b6db7dd8b85eb2f9d84 - - default default] 10.0.0.101 "GET /v2.0/security-groups/acbaca98-8a32-4829-8eb4-5b9ef31500e3/tags HTTP/1.1" status: 200 len: 227 time: 0.0226464
2026-07-09 04:42:42.560 10 INFO neutron.wsgi [None req-5ef2392a-9653-4e44-bf0c-c5a6f933f8d8 7987a9ae9c6547c8a70e9aa216bdb190 960e28fae9354b6db7dd8b85eb2f9d84 - - default default] 10.0.0.101 "PUT /v2.0/security-groups/acbaca98-8a32-4829-8eb4-5b9ef31500e3/tags/black.or.white HTTP/1.1" status: 201 len: 201 time: 0.0413320
2026-07-09 04:42:42.592 10 INFO neutron.wsgi [None req-19a5a3b2-86a4-40f3-9995-b25bd127777a 7987a9ae9c6547c8a70e9aa216bdb190 960e28fae9354b6db7dd8b85eb2f9d84 - - default default] 10.0.0.101 "GET /v2.0/security-groups/acbaca98-8a32-4829-8eb4-5b9ef31500e3/tags HTTP/1.1" status: 200 len: 245 time: 0.0285299
2026-07-09 04:42:42.657 9 INFO neutron.wsgi [None req-777f04db-74f1-468d-b6c6-0b628d00f482 7987a9ae9c6547c8a70e9aa216bdb190 960e28fae9354b6db7dd8b85eb2f9d84 - - default default] 10.0.0.101 "PUT /v2.0/security-groups/acbaca98-8a32-4829-8eb4-5b9ef31500e3/tags HTTP/1.1" status: 200 len: 230 time: 0.0477850
2026-07-09 04:42:42.716 10 INFO neutron.wsgi [None req-856f33ce-3f94-4956-99ee-28875d84a0ad 7987a9ae9c6547c8a70e9aa216bdb190 960e28fae9354b6db7dd8b85eb2f9d84 - - default default] 10.0.0.101 "GET /v2.0/security-groups/acbaca98-8a32-4829-8eb4-5b9ef31500e3/tags HTTP/1.1" status: 200 len: 230 time: 0.0522301
2026-07-09 04:42:42.747 10 INFO neutron.wsgi [None req-36be08c3-8efe-4e2b-bbcc-6158316c914c 7987a9ae9c6547c8a70e9aa216bdb190 960e28fae9354b6db7dd8b85eb2f9d84 - - default default] 10.0.0.101 "GET /v2.0/security-groups/acbaca98-8a32-4829-8eb4-5b9ef31500e3/tags/red HTTP/1.1" status: 204 len: 168 time: 0.0249934
2026-07-09 04:42:42.779 10 INFO neutron.api.v2.resource [None req-962641dd-1d05-4bdf-a4cc-dfa95835bf09 7987a9ae9c6547c8a70e9aa216bdb190 960e28fae9354b6db7dd8b85eb2f9d84 - - default default] show failed (client error): The resource could not be found.
2026-07-09 04:42:42.781 10 INFO neutron.wsgi [None req-962641dd-1d05-4bdf-a4cc-dfa95835bf09 7987a9ae9c6547c8a70e9aa216bdb190 960e28fae9354b6db7dd8b85eb2f9d84 - - default default] 10.0.0.101 "GET /v2.0/security-groups/acbaca98-8a32-4829-8eb4-5b9ef31500e3/tags/green HTTP/1.1" status: 404 len: 299 time: 0.0290713
2026-07-09 04:42:42.825 10 INFO neutron.wsgi [None req-a35b97fb-42cf-48bc-8bc1-74c9e3affa44 7987a9ae9c6547c8a70e9aa216bdb190 960e28fae9354b6db7dd8b85eb2f9d84 - - default default] 10.0.0.101 "DELETE /v2.0/security-groups/acbaca98-8a32-4829-8eb4-5b9ef31500e3/tags/red HTTP/1.1" status: 204 len: 168 time: 0.0394537
2026-07-09 04:42:42.860 10 INFO neutron.wsgi [None req-e80611e9-92da-4af4-88bc-fffd558ea3f9 7987a9ae9c6547c8a70e9aa216bdb190 960e28fae9354b6db7dd8b85eb2f9d84 - - default default] 10.0.0.101 "GET /v2.0/security-groups/acbaca98-8a32-4829-8eb4-5b9ef31500e3/tags HTTP/1.1" status: 200 len: 223 time: 0.0242636
2026-07-09 04:42:42.897 10 INFO neutron.api.v2.resource [None req-b0b2c9ca-f374-48b5-b6b4-28aca16018c2 7987a9ae9c6547c8a70e9aa216bdb190 960e28fae9354b6db7dd8b85eb2f9d84 - - default default] delete failed (client error): The resource could not be found.
2026-07-09 04:42:42.898 10 INFO neutron.wsgi [None req-b0b2c9ca-f374-48b5-b6b4-28aca16018c2 7987a9ae9c6547c8a70e9aa216bdb190 960e28fae9354b6db7dd8b85eb2f9d84 - - default default] 10.0.0.101 "DELETE /v2.0/security-groups/acbaca98-8a32-4829-8eb4-5b9ef31500e3/tags/green HTTP/1.1" status: 404 len: 299 time: 0.0308831
2026-07-09 04:42:42.948 10 INFO neutron.wsgi [None req-6169cd53-a16e-4b0f-bb93-5a55e7409e12 7987a9ae9c6547c8a70e9aa216bdb190 960e28fae9354b6db7dd8b85eb2f9d84 - - default default] 10.0.0.101 "DELETE /v2.0/security-groups/acbaca98-8a32-4829-8eb4-5b9ef31500e3/tags HTTP/1.1" status: 204 len: 168 time: 0.0454681
2026-07-09 04:42:42.987 10 INFO neutron.wsgi [None req-7e459471-0936-4fbd-b414-1b2b4c555c85 7987a9ae9c6547c8a70e9aa216bdb190 960e28fae9354b6db7dd8b85eb2f9d84 - - default default] 10.0.0.101 "GET /v2.0/security-groups/acbaca98-8a32-4829-8eb4-5b9ef31500e3/tags HTTP/1.1" status: 200 len: 205 time: 0.0310359
2026-07-09 04:42:43.002 10 INFO neutron.db.ovn_revision_numbers_db [None req-fbeb9e21-be1d-4a80-b985-74e1168bd4c0 bcc8bf4f8e5c4bb9858a4f351ab46c84 eeafd7bc36834f60b38692b6ebc96030 - - default default] Successfully bumped revision number for resource faa3d607-cec4-49de-9853-30320eafc169 (type: ports) to 2
2026-07-09 04:42:43.045 10 INFO neutron.db.ovn_revision_numbers_db [None req-fbeb9e21-be1d-4a80-b985-74e1168bd4c0 bcc8bf4f8e5c4bb9858a4f351ab46c84 eeafd7bc36834f60b38692b6ebc96030 - - default default] Successfully bumped revision number for resource 66e99904-e846-4ea3-a768-5960f3f9a46b (type: subnets) to 0
2026-07-09 04:42:43.076 10 WARNING neutron.scheduler.dhcp_agent_scheduler [None req-fbeb9e21-be1d-4a80-b985-74e1168bd4c0 bcc8bf4f8e5c4bb9858a4f351ab46c84 eeafd7bc36834f60b38692b6ebc96030 - - default default] No more DHCP agents
2026-07-09 04:42:43.078 10 WARNING neutron.api.rpc.agentnotifiers.dhcp_rpc_agent_api [None req-fbeb9e21-be1d-4a80-b985-74e1168bd4c0 bcc8bf4f8e5c4bb9858a4f351ab46c84 eeafd7bc36834f60b38692b6ebc96030 - - default default] Unable to schedule network 701f9047-8250-47a6-9864-f22b0c11c41d: no agents available; will retry on subsequent port and subnet creation events.
2026-07-09 04:42:43.158 10 INFO neutron.wsgi [None req-452c0b67-f5d0-44d2-a57a-8e2995977aca 7987a9ae9c6547c8a70e9aa216bdb190 960e28fae9354b6db7dd8b85eb2f9d84 - - default default] 10.0.0.101 "DELETE /v2.0/security-groups/acbaca98-8a32-4829-8eb4-5b9ef31500e3 HTTP/1.1" status: 204 len: 168 time: 0.1630874
2026-07-09 04:42:43.468 9 INFO neutron.wsgi [None req-e22f48fe-1647-4b1c-aeea-e17269ee323f cd0aae0c2f474f2cb2c14456a301c3b4 b809e5e5db7c4170a41041cb04a8ce38 - - default default] 10.0.0.101 "PUT /v2.0/routers/717c59a2-373d-4935-a7c4-611d7e412056/remove_router_interface HTTP/1.1" status: 200 len: 503 time: 1.4615266 /var/lib/openstack/lib/python3.10/site-packages/pycadf/identifier.py:71: UserWarning: Invalid uuid: neutron. To ensure interoperability, identifiers should be a valid uuid. warnings.warn(('Invalid uuid: %s. To ensure interoperability, '
2026-07-09 04:42:43.583 10 INFO neutron.db.ovn_revision_numbers_db [None req-fbeb9e21-be1d-4a80-b985-74e1168bd4c0 bcc8bf4f8e5c4bb9858a4f351ab46c84 eeafd7bc36834f60b38692b6ebc96030 - - default default] Successfully bumped revision number for resource 11d868c5-33b4-4280-94f6-5239e5380f84 (type: ports) to 2
2026-07-09 04:42:43.623 10 INFO neutron.db.ovn_revision_numbers_db [None req-fbeb9e21-be1d-4a80-b985-74e1168bd4c0 bcc8bf4f8e5c4bb9858a4f351ab46c84 eeafd7bc36834f60b38692b6ebc96030 - - default default] Successfully bumped revision number for resource 551851de-a2d8-4fcc-9441-60d9d77667db (type: subnets) to 0
2026-07-09 04:42:43.643 10 INFO neutron.wsgi [None req-fbeb9e21-be1d-4a80-b985-74e1168bd4c0 bcc8bf4f8e5c4bb9858a4f351ab46c84 eeafd7bc36834f60b38692b6ebc96030 - - default default] 10.0.0.101 "POST /v2.0/subnets HTTP/1.1" status: 201 len: 1425 time: 1.7015202
2026-07-09 04:42:43.695 10 INFO neutron.wsgi [None req-0cd2ad83-4709-4beb-bbbb-7f73000837fa bcc8bf4f8e5c4bb9858a4f351ab46c84 eeafd7bc36834f60b38692b6ebc96030 - - default default] 10.0.0.101 "GET /v2.0/subnets HTTP/1.1" status: 200 len: 2033 time: 0.0442960
2026-07-09 04:42:43.995 10 INFO neutron.db.ovn_revision_numbers_db [None req-f7a36b48-4c05-4180-bd5d-12383e295761 cd0aae0c2f474f2cb2c14456a301c3b4 b809e5e5db7c4170a41041cb04a8ce38 - - default default] Successfully bumped revision number for resource c604a8d9-b59d-4c85-9d94-a19f3f6b6ec5 (type: security_groups) to 1
2026-07-09 04:42:44.010 10 INFO neutron.db.ovn_revision_numbers_db [None req-f7a36b48-4c05-4180-bd5d-12383e295761 cd0aae0c2f474f2cb2c14456a301c3b4 b809e5e5db7c4170a41041cb04a8ce38 - - default default] Successfully bumped revision number for resource 35a23242-e5e6-4de1-8e25-dcda20f34ef3 (type: security_group_rules) to 0
2026-07-09 04:42:44.023 9 INFO neutron.wsgi [None req-880c204a-a45e-4535-9153-8e555a277605 bcc8bf4f8e5c4bb9858a4f351ab46c84 eeafd7bc36834f60b38692b6ebc96030 - - default default] 10.0.0.101 "DELETE /v2.0/subnets/66e99904-e846-4ea3-a768-5960f3f9a46b HTTP/1.1" status: 204 len: 168 time: 0.3202145
2026-07-09 04:42:44.024 10 INFO neutron.db.ovn_revision_numbers_db [None req-f7a36b48-4c05-4180-bd5d-12383e295761 cd0aae0c2f474f2cb2c14456a301c3b4 b809e5e5db7c4170a41041cb04a8ce38 - - default default] Successfully bumped revision number for resource ba3df8e4-e1de-45c4-8d0f-9a31ac19a43a (type: security_group_rules) to 0
2026-07-09 04:42:44.051 10 INFO neutron.db.ovn_revision_numbers_db [None req-f7a36b48-4c05-4180-bd5d-12383e295761 cd0aae0c2f474f2cb2c14456a301c3b4 b809e5e5db7c4170a41041cb04a8ce38 - - default default] Successfully bumped revision number for resource da0c2259-c2a4-4adc-91de-e97199e69110 (type: security_group_rules) to 0
2026-07-09 04:42:44.070 10 INFO neutron.db.ovn_revision_numbers_db [None req-f7a36b48-4c05-4180-bd5d-12383e295761 cd0aae0c2f474f2cb2c14456a301c3b4 b809e5e5db7c4170a41041cb04a8ce38 - - default default] Successfully bumped revision number for resource f7672743-c4b5-4a02-8387-7a3b224dd2ed (type: security_group_rules) to 0
2026-07-09 04:42:44.098 10 INFO neutron.wsgi [None req-f7a36b48-4c05-4180-bd5d-12383e295761 cd0aae0c2f474f2cb2c14456a301c3b4 b809e5e5db7c4170a41041cb04a8ce38 - - default default] 10.0.0.101 "GET /v2.0/security-groups?tenant_id=d8f5ca37209f4aadbef406b4bcee0afd&name=default HTTP/1.1" status: 200 len: 2996 time: 0.3060257
2026-07-09 04:42:44.248 10 INFO neutron.wsgi [None req-1b9e03f7-d414-469e-990f-d49747071586 bcc8bf4f8e5c4bb9858a4f351ab46c84 eeafd7bc36834f60b38692b6ebc96030 - - default default] 10.0.0.101 "DELETE /v2.0/subnets/551851de-a2d8-4fcc-9441-60d9d77667db HTTP/1.1" status: 204 len: 168 time: 0.2209013
2026-07-09 04:42:44.257 9 INFO neutron.wsgi [None req-c645d96f-bdf5-4d36-9381-5d91f8a03f0d cd0aae0c2f474f2cb2c14456a301c3b4 b809e5e5db7c4170a41041cb04a8ce38 - - default default] 10.0.0.101 "DELETE /v2.0/routers/717c59a2-373d-4935-a7c4-611d7e412056 HTTP/1.1" status: 204 len: 168 time: 0.7846425
2026-07-09 04:42:44.284 10 INFO neutron.wsgi [None req-73ec99c9-3c70-400b-9cb1-5e8827a5392f bcc8bf4f8e5c4bb9858a4f351ab46c84 eeafd7bc36834f60b38692b6ebc96030 - - default default] 10.0.0.101 "GET /v2.0/subnets HTTP/1.1" status: 200 len: 820 time: 0.0305338
2026-07-09 04:42:44.408 9 INFO neutron.wsgi [None req-d658c79d-1ea5-411f-8cdc-4f21f5cf779e cd0aae0c2f474f2cb2c14456a301c3b4 b809e5e5db7c4170a41041cb04a8ce38 - - default default] 10.0.0.101 "DELETE /v2.0/security-groups/c604a8d9-b59d-4c85-9d94-a19f3f6b6ec5 HTTP/1.1" status: 204 len: 168 time: 0.3052294
2026-07-09 04:42:44.461 9 INFO neutron.wsgi [None req-bc60742c-c86a-43e8-a895-996ac8fba606 cd0aae0c2f474f2cb2c14456a301c3b4 b809e5e5db7c4170a41041cb04a8ce38 - - default default] 10.0.0.101 "DELETE /v2.0/subnets/9e70b76c-c26b-4478-b237-cd7bd3323885 HTTP/1.1" status: 204 len: 168 time: 0.1998472
2026-07-09 04:42:44.540 9 INFO neutron.wsgi [None req-2fe2a6f5-204a-4e5b-bc74-bf69c442fb63 cd0aae0c2f474f2cb2c14456a301c3b4 b809e5e5db7c4170a41041cb04a8ce38 - - default default] 10.0.0.101 "GET /v2.0/security-groups?tenant_id=960e28fae9354b6db7dd8b85eb2f9d84&name=default HTTP/1.1" status: 200 len: 2996 time: 0.0383487
2026-07-09 04:42:44.707 10 INFO neutron.services.segments.plugin [-] Segment 8350ae86-d7e9-42ae-a0c4-76c3cafd706a resource provider aggregate not found
2026-07-09 04:42:44.715 10 INFO neutron.services.segments.plugin [-] Segment 8350ae86-d7e9-42ae-a0c4-76c3cafd706a resource provider aggregate not found
2026-07-09 04:42:44.732 9 INFO neutron.wsgi [None req-cb89c989-d214-42b4-b190-1bf2b29e5946 cd0aae0c2f474f2cb2c14456a301c3b4 b809e5e5db7c4170a41041cb04a8ce38 - - default default] 10.0.0.101 "DELETE /v2.0/security-groups/96dd5149-a333-49b6-b98b-827bea41561e HTTP/1.1" status: 204 len: 168 time: 0.1874495
2026-07-09 04:42:44.736 10 INFO neutron.services.segments.plugin [-] Segment 8350ae86-d7e9-42ae-a0c4-76c3cafd706a resource provider not found; error: Placement Client Error (4xx): {"errors": [{"status": 404, "title": "Not Found", "detail": "The resource could not be found.\n\n No resource provider with uuid 8350ae86-d7e9-42ae-a0c4-76c3cafd706a found for delete ", "request_id": "req-7accfea5-4aaf-49ea-a0ef-c96ba91b45ab"}]}
2026-07-09 04:42:44.740 10 INFO neutron.services.segments.plugin [-] Segment 8350ae86-d7e9-42ae-a0c4-76c3cafd706a resource provider not found; error: Placement Client Error (4xx): {"errors": [{"status": 404, "title": "Not Found", "detail": "The resource could not be found.\n\n No resource provider with uuid 8350ae86-d7e9-42ae-a0c4-76c3cafd706a found for delete ", "request_id": "req-d1b7744f-0884-4c09-9e91-dbdcfef3dab4"}]}
2026-07-09 04:42:44.780 10 INFO neutron.wsgi [None req-66e44f46-a208-4b99-9243-2018c09525ea bcc8bf4f8e5c4bb9858a4f351ab46c84 eeafd7bc36834f60b38692b6ebc96030 - - default default] 10.0.0.101 "DELETE /v2.0/networks/701f9047-8250-47a6-9864-f22b0c11c41d HTTP/1.1" status: 204 len: 168 time: 0.4879243
2026-07-09 04:42:44.939 10 INFO neutron.wsgi [None req-c4cab399-31da-4197-a2fc-7c4e6c66351d cd0aae0c2f474f2cb2c14456a301c3b4 b809e5e5db7c4170a41041cb04a8ce38 - - default default] 10.0.0.101 "DELETE /v2.0/networks/f15bf66b-3615-40ac-beae-663f7d8e9a58 HTTP/1.1" status: 204 len: 168 time: 0.4738679
2026-07-09 04:42:45.133 10 INFO neutron.wsgi [-] 10.0.0.185 "GET / HTTP/1.1" status: 200 len: 247 time: 0.0029104
2026-07-09 04:42:45.136 10 INFO neutron.wsgi [-] 10.0.0.185 "GET / HTTP/1.1" status: 200 len: 247 time: 0.0019629
2026-07-09 04:42:45.175 9 INFO neutron.services.segments.plugin [-] Segment d38608b4-d152-4aa6-b2ce-afd77381bc0e resource provider aggregate not found
2026-07-09 04:42:45.188 9 INFO neutron.services.segments.plugin [-] Segment d38608b4-d152-4aa6-b2ce-afd77381bc0e resource provider aggregate not found
2026-07-09 04:42:45.201 9 INFO neutron.services.segments.plugin [-] Segment d38608b4-d152-4aa6-b2ce-afd77381bc0e resource provider not found; error: Placement Client Error (4xx): {"errors": [{"status": 404, "title": "Not Found", "detail": "The resource could not be found.\n\n No resource provider with uuid d38608b4-d152-4aa6-b2ce-afd77381bc0e found for delete ", "request_id": "req-242079df-ec6c-4027-8f29-5331947c6c52"}]}
2026-07-09 04:42:45.208 9 INFO neutron.services.segments.plugin [-] Segment d38608b4-d152-4aa6-b2ce-afd77381bc0e resource provider not found; error: Placement Client Error (4xx): {"errors": [{"status": 404, "title": "Not Found", "detail": "The resource could not be found.\n\n No resource provider with uuid d38608b4-d152-4aa6-b2ce-afd77381bc0e found for delete ", "request_id": "req-6f083926-8209-4f7d-80a1-2147fb97a0f3"}]}
2026-07-09 04:42:45.234 9 INFO neutron.wsgi [None req-3c3731d4-a203-44cb-9b15-b8cdae2b5f91 bcc8bf4f8e5c4bb9858a4f351ab46c84 eeafd7bc36834f60b38692b6ebc96030 - - default default] 10.0.0.101 "DELETE /v2.0/networks/e2b15911-2a82-4d18-9b70-a07561aa45a2 HTTP/1.1" status: 204 len: 168 time: 0.4496310
2026-07-09 04:42:45.592 10 INFO neutron.wsgi [None req-768d1f39-1ca8-4db5-9685-e71603903b46 bcc8bf4f8e5c4bb9858a4f351ab46c84 eeafd7bc36834f60b38692b6ebc96030 - - default default] 10.0.0.101 "DELETE /v2.0/networks/0214d350-b35c-4e92-b234-ae6aececa3ef HTTP/1.1" status: 204 len: 168 time: 0.3518343
2026-07-09 04:42:46.073 9 INFO neutron.wsgi [None req-04662979-da33-4d1e-9b5e-5a694dc7ee59 cd0aae0c2f474f2cb2c14456a301c3b4 b809e5e5db7c4170a41041cb04a8ce38 - - default default] 10.0.0.101 "PUT /v2.0/routers/35e1ae61-a1d0-45db-967b-3ad67e9f792b/remove_router_interface HTTP/1.1" status: 200 len: 503 time: 1.1175735
2026-07-09 04:42:46.151 9 INFO neutron.wsgi [None req-524ad83b-4ce1-4a13-a862-6b61f58dcd20 bcc8bf4f8e5c4bb9858a4f351ab46c84 eeafd7bc36834f60b38692b6ebc96030 - - default default] 10.0.0.101 "DELETE /v2.0/networks/6ac62343-d105-47cf-beeb-3b3f510b51b6 HTTP/1.1" status: 204 len: 168 time: 0.5496714
2026-07-09 04:42:46.753 10 INFO neutron.services.segments.plugin [-] Segment 3e6525dc-a2ea-4333-bc88-d368d8ddd2d7 resource provider aggregate not found
2026-07-09 04:42:46.762 10 INFO neutron.services.segments.plugin [-] Segment 3e6525dc-a2ea-4333-bc88-d368d8ddd2d7 resource provider aggregate not found
2026-07-09 04:42:46.768 10 INFO neutron.services.segments.plugin [-] Segment 3e6525dc-a2ea-4333-bc88-d368d8ddd2d7 resource provider not found; error: Placement Client Error (4xx): {"errors": [{"status": 404, "title": "Not Found", "detail": "The resource could not be found.\n\n No resource provider with uuid 3e6525dc-a2ea-4333-bc88-d368d8ddd2d7 found for delete ", "request_id": "req-97967d7b-5d70-47d1-8d2a-931d12ff1774"}]}
2026-07-09 04:42:46.777 10 INFO neutron.services.segments.plugin [-] Segment 3e6525dc-a2ea-4333-bc88-d368d8ddd2d7 resource provider not found; error: Placement Client Error (4xx): {"errors": [{"status": 404, "title": "Not Found", "detail": "The resource could not be found.\n\n No resource provider with uuid 3e6525dc-a2ea-4333-bc88-d368d8ddd2d7 found for delete ", "request_id": "req-1c8bc585-6120-4b70-8f7a-db2937628fab"}]}
2026-07-09 04:42:46.781 10 INFO neutron.services.segments.plugin [-] Segment 4be25480-6dc8-4b85-8cf7-ce53011f391e resource provider aggregate not found
2026-07-09 04:42:46.790 10 INFO neutron.services.segments.plugin [-] Segment 4be25480-6dc8-4b85-8cf7-ce53011f391e resource provider aggregate not found
2026-07-09 04:42:46.817 10 INFO neutron.services.segments.plugin [-] Segment 4be25480-6dc8-4b85-8cf7-ce53011f391e resource provider not found; error: Placement Client Error (4xx): {"errors": [{"status": 404, "title": "Not Found", "detail": "The resource could not be found.\n\n No resource provider with uuid 4be25480-6dc8-4b85-8cf7-ce53011f391e found for delete ", "request_id": "req-678ec7ee-c61d-472f-b5c6-6d23aa5b8c3d"}]}
2026-07-09 04:42:46.824 10 INFO neutron.services.segments.plugin [-] Segment 4be25480-6dc8-4b85-8cf7-ce53011f391e resource provider not found; error: Placement Client Error (4xx): {"errors": [{"status": 404, "title": "Not Found", "detail": "The resource could not be found.\n\n No resource provider with uuid 4be25480-6dc8-4b85-8cf7-ce53011f391e found for delete ", "request_id": "req-bd508bea-a630-4a36-b7b6-80325df59ae0"}]}
2026-07-09 04:42:46.963 10 INFO neutron.wsgi [None req-2b073d1f-d535-4a11-9f33-a58b1c62ddc3 cd0aae0c2f474f2cb2c14456a301c3b4 b809e5e5db7c4170a41041cb04a8ce38 - - default default] 10.0.0.101 "DELETE /v2.0/routers/35e1ae61-a1d0-45db-967b-3ad67e9f792b HTTP/1.1" status: 204 len: 168 time: 0.8855898 /var/lib/openstack/lib/python3.10/site-packages/pycadf/identifier.py:71: UserWarning: Invalid uuid: neutron. To ensure interoperability, identifiers should be a valid uuid. warnings.warn(('Invalid uuid: %s. To ensure interoperability, '
2026-07-09 04:42:47.088 9 INFO neutron.wsgi [None req-97663d93-a27a-4b0a-938a-b3e32fa04934 cd0aae0c2f474f2cb2c14456a301c3b4 b809e5e5db7c4170a41041cb04a8ce38 - - default default] 10.0.0.101 "GET /v2.0/security-groups?tenant_id=eeafd7bc36834f60b38692b6ebc96030&name=default HTTP/1.1" status: 200 len: 2996 time: 0.3226817
2026-07-09 04:42:47.171 10 INFO neutron.wsgi [None req-7f36a735-b41d-4e60-8164-9aac71090d19 cd0aae0c2f474f2cb2c14456a301c3b4 b809e5e5db7c4170a41041cb04a8ce38 - - default default] 10.0.0.101 "DELETE /v2.0/subnets/9c1a859a-e554-4a8c-aa7a-6c7cbf5cc23a HTTP/1.1" status: 204 len: 168 time: 0.2016571
2026-07-09 04:42:47.245 9 INFO neutron.services.segments.plugin [-] Segment 0e803f14-9703-4e55-b54f-9701a599cd20 resource provider aggregate not found
2026-07-09 04:42:47.266 9 INFO neutron.services.segments.plugin [-] Segment 0e803f14-9703-4e55-b54f-9701a599cd20 resource provider aggregate not found
2026-07-09 04:42:47.284 9 INFO neutron.services.segments.plugin [-] Segment 0e803f14-9703-4e55-b54f-9701a599cd20 resource provider not found; error: Placement Client Error (4xx): {"errors": [{"status": 404, "title": "Not Found", "detail": "The resource could not be found.\n\n No resource provider with uuid 0e803f14-9703-4e55-b54f-9701a599cd20 found for delete ", "request_id": "req-13517536-6aec-4c66-a41e-e80bee0de32e"}]}
2026-07-09 04:42:47.297 9 INFO neutron.services.segments.plugin [-] Segment 0e803f14-9703-4e55-b54f-9701a599cd20 resource provider not found; error: Placement Client Error (4xx): {"errors": [{"status": 404, "title": "Not Found", "detail": "The resource could not be found.\n\n No resource provider with uuid 0e803f14-9703-4e55-b54f-9701a599cd20 found for delete ", "request_id": "req-b109dae3-205e-48be-a440-d18a3197a767"}]}
2026-07-09 04:42:47.431 9 INFO neutron.wsgi [None req-831e8748-8471-478f-9092-be19280f4305 cd0aae0c2f474f2cb2c14456a301c3b4 b809e5e5db7c4170a41041cb04a8ce38 - - default default] 10.0.0.101 "DELETE /v2.0/security-groups/9de89a33-62aa-4906-bb30-a7703cc97b5f HTTP/1.1" status: 204 len: 168 time: 0.3358588
2026-07-09 04:42:47.629 10 INFO neutron.wsgi [None req-ede28f7b-ce38-4047-8db8-26284f43a512 cd0aae0c2f474f2cb2c14456a301c3b4 b809e5e5db7c4170a41041cb04a8ce38 - - default default] 10.0.0.101 "DELETE /v2.0/networks/4297aa63-ae3a-4d15-b67f-49d1a51a785c HTTP/1.1" status: 204 len: 168 time: 0.4521735
2026-07-09 04:42:48.009 9 INFO neutron.wsgi [None req-b6a9275b-dec8-4838-bcff-4e955fda84b8 cd0aae0c2f474f2cb2c14456a301c3b4 b809e5e5db7c4170a41041cb04a8ce38 - - default default] 10.0.0.101 "GET /v2.0/security-groups?tenant_id=57f0f5de20af4a078e395ae4c94e4d08&name=default HTTP/1.1" status: 200 len: 2996 time: 0.0479667
2026-07-09 04:42:48.258 9 INFO neutron.wsgi [None req-44b560fd-d6c1-4cf4-81c6-a36737487500 cd0aae0c2f474f2cb2c14456a301c3b4 b809e5e5db7c4170a41041cb04a8ce38 - - default default] 10.0.0.101 "DELETE /v2.0/security-groups/2c850cdd-6611-4fc2-b6cf-0f73dfca87b8 HTTP/1.1" status: 204 len: 168 time: 0.2445421
2026-07-09 04:42:48.402 10 INFO neutron.db.ovn_revision_numbers_db [None req-b866df08-89df-42bd-ba6e-4545aa0c6b28 0c2803e8540340a0be27c81eda791851 3065ac5dac9d4018bafe7c0d93f2ffbc - - default default] Successfully bumped revision number for resource 40217916-9672-4647-b4de-8def57656d77 (type: security_groups) to 1
2026-07-09 04:42:48.417 10 INFO neutron.db.ovn_revision_numbers_db [None req-b866df08-89df-42bd-ba6e-4545aa0c6b28 0c2803e8540340a0be27c81eda791851 3065ac5dac9d4018bafe7c0d93f2ffbc - - default default] Successfully bumped revision number for resource 26f59597-a6a6-4670-b188-f88dbce69f4a (type: security_group_rules) to 0
2026-07-09 04:42:48.432 10 INFO neutron.db.ovn_revision_numbers_db [None req-b866df08-89df-42bd-ba6e-4545aa0c6b28 0c2803e8540340a0be27c81eda791851 3065ac5dac9d4018bafe7c0d93f2ffbc - - default default] Successfully bumped revision number for resource 67a01fbd-dfa6-4af4-a588-5ea7eba12e6f (type: security_group_rules) to 0
2026-07-09 04:42:48.445 9 INFO neutron.wsgi [None req-4a9845ce-3f1a-4ffe-80ab-1e518f9f1d08 cd0aae0c2f474f2cb2c14456a301c3b4 b809e5e5db7c4170a41041cb04a8ce38 - - default default] 10.0.0.101 "GET /v2.0/security-groups?tenant_id=87381326ee994395a0ec8eb1991f0bcd&name=default HTTP/1.1" status: 200 len: 2996 time: 0.0378449
2026-07-09 04:42:48.448 10 INFO neutron.db.ovn_revision_numbers_db [None req-b866df08-89df-42bd-ba6e-4545aa0c6b28 0c2803e8540340a0be27c81eda791851 3065ac5dac9d4018bafe7c0d93f2ffbc - - default default] Successfully bumped revision number for resource 765a6857-28ae-4a6a-bee7-75887c27347f (type: security_group_rules) to 0
2026-07-09 04:42:48.464 10 INFO neutron.db.ovn_revision_numbers_db [None req-b866df08-89df-42bd-ba6e-4545aa0c6b28 0c2803e8540340a0be27c81eda791851 3065ac5dac9d4018bafe7c0d93f2ffbc - - default default] Successfully bumped revision number for resource 994c38e8-2367-4c7e-b345-7d62cbfce842 (type: security_group_rules) to 0
