2026-07-09 04:44:38.061 9 INFO neutron.notifiers.nova [-] Nova event matching ['req-b545c273-4437-495c-b719-b57334fdfa8c'] response: {'server_uuid': 'f2212d59-6243-48a0-a2ba-61b0b27d804c', 'name': 'network-vif-plugged', 'status': 'completed', 'tag': 'c99a1dab-5547-4989-bdb3-e20a7b4d1310', 'code': 200}
2026-07-09 04:44:38.257 10 INFO neutron.db.l3_db [None req-49cbc50b-e16d-4c85-af11-add7d6cf07a4 5fbde32da74f4fddbd40e7dcd1852239 47bd5cb38a6b4b5eb52950e3c34f200e - - default default] Floating IP 7b2b4b0e-d96d-46e2-bc53-c8381ee062ce associated. External IP: 10.96.250.208, port: c99a1dab-5547-4989-bdb3-e20a7b4d1310.
2026-07-09 04:44:38.477 10 INFO neutron.db.ovn_revision_numbers_db [None req-49cbc50b-e16d-4c85-af11-add7d6cf07a4 5fbde32da74f4fddbd40e7dcd1852239 47bd5cb38a6b4b5eb52950e3c34f200e - - default default] Successfully bumped revision number for resource 7b2b4b0e-d96d-46e2-bc53-c8381ee062ce (type: floatingips) to 4
2026-07-09 04:44:38.596 10 INFO neutron.db.ovn_revision_numbers_db [None req-49cbc50b-e16d-4c85-af11-add7d6cf07a4 5fbde32da74f4fddbd40e7dcd1852239 47bd5cb38a6b4b5eb52950e3c34f200e - - default default] Successfully bumped revision number for resource 7b2b4b0e-d96d-46e2-bc53-c8381ee062ce (type: floatingips) to 5
2026-07-09 04:44:38.624 10 INFO neutron.wsgi [None req-49cbc50b-e16d-4c85-af11-add7d6cf07a4 5fbde32da74f4fddbd40e7dcd1852239 47bd5cb38a6b4b5eb52950e3c34f200e - - default default] 10.0.0.101 "PUT /v2.0/floatingips/7b2b4b0e-d96d-46e2-bc53-c8381ee062ce HTTP/1.1" status: 200 len: 1049 time: 0.5969844
2026-07-09 04:44:38.669 10 INFO neutron.notifiers.nova [-] Nova event matching ['req-896cf80d-0443-4f25-a191-e4029fad348e'] response: {'name': 'network-changed', 'server_uuid': 'f2212d59-6243-48a0-a2ba-61b0b27d804c', 'tag': 'c99a1dab-5547-4989-bdb3-e20a7b4d1310', 'status': 'completed', 'code': 200}
2026-07-09 04:44:38.689 9 INFO neutron.wsgi [None req-f8ed94c8-c0a6-47f2-bd12-bafaff3791b9 5fbde32da74f4fddbd40e7dcd1852239 47bd5cb38a6b4b5eb52950e3c34f200e - - default default] 10.0.0.101 "GET /v2.0/floatingips/7b2b4b0e-d96d-46e2-bc53-c8381ee062ce HTTP/1.1" status: 200 len: 1051 time: 0.0583353 /var/lib/openstack/lib/python3.10/site-packages/pycadf/identifier.py:71: UserWarning: Invalid uuid: neutron. To ensure interoperability, identifiers should be a valid uuid. warnings.warn(('Invalid uuid: %s. To ensure interoperability, '
2026-07-09 04:44:38.724 10 INFO neutron.wsgi [req-c483f16b-97be-4d4d-9434-1e5986abc900 req-c50202d2-d51a-48ae-8d14-062e4f714de0 6e675e500bae44548af8e2b38dc01156 fddc7f84f2ad4dfa9b5279b2c4872fd8 - - dc4e7848fc574f3a9055485e644bae63 dc4e7848fc574f3a9055485e644bae63] 199.19.213.229 "GET /v2.0/ports?tenant_id=47bd5cb38a6b4b5eb52950e3c34f200e&device_id=f2212d59-6243-48a0-a2ba-61b0b27d804c HTTP/1.1" status: 200 len: 1409 time: 0.0323985
2026-07-09 04:44:38.782 10 INFO neutron.wsgi [req-c483f16b-97be-4d4d-9434-1e5986abc900 req-fd2d049a-33f9-4270-ae9a-73d91b396e75 6e675e500bae44548af8e2b38dc01156 fddc7f84f2ad4dfa9b5279b2c4872fd8 - - dc4e7848fc574f3a9055485e644bae63 dc4e7848fc574f3a9055485e644bae63] 199.19.213.229 "GET /v2.0/networks?id=5a976319-70c8-4df9-a7d9-c425c17d8203 HTTP/1.1" status: 200 len: 958 time: 0.0466161
2026-07-09 04:44:38.830 10 INFO neutron.wsgi [req-c483f16b-97be-4d4d-9434-1e5986abc900 req-cb442d10-2264-4cca-b07a-453248b4a13c 6e675e500bae44548af8e2b38dc01156 fddc7f84f2ad4dfa9b5279b2c4872fd8 - - dc4e7848fc574f3a9055485e644bae63 dc4e7848fc574f3a9055485e644bae63] 199.19.213.229 "GET /v2.0/floatingips?fixed_ip_address=10.100.0.8&port_id=c99a1dab-5547-4989-bdb3-e20a7b4d1310 HTTP/1.1" status: 200 len: 1059 time: 0.0412953
2026-07-09 04:44:38.861 10 INFO neutron.wsgi [req-c483f16b-97be-4d4d-9434-1e5986abc900 req-dccba09c-9eec-4fdb-9fc8-ebb1b343d4a5 6e675e500bae44548af8e2b38dc01156 fddc7f84f2ad4dfa9b5279b2c4872fd8 - - dc4e7848fc574f3a9055485e644bae63 dc4e7848fc574f3a9055485e644bae63] 199.19.213.229 "GET /v2.0/subnets?id=ef8520c7-c5e2-403c-9dd5-455fdfde365b HTTP/1.1" status: 200 len: 853 time: 0.0241292
2026-07-09 04:44:38.886 10 INFO neutron.wsgi [req-c483f16b-97be-4d4d-9434-1e5986abc900 req-bcf3827f-1022-4c8d-b54c-3de630eea939 6e675e500bae44548af8e2b38dc01156 fddc7f84f2ad4dfa9b5279b2c4872fd8 - - dc4e7848fc574f3a9055485e644bae63 dc4e7848fc574f3a9055485e644bae63] 199.19.213.229 "GET /v2.0/ports?network_id=5a976319-70c8-4df9-a7d9-c425c17d8203&device_owner=network%3Adhcp HTTP/1.1" status: 200 len: 210 time: 0.0170088
2026-07-09 04:44:38.944 10 INFO neutron.wsgi [req-c483f16b-97be-4d4d-9434-1e5986abc900 req-403958b6-5418-4655-bda7-2b7f6beccdd6 6e675e500bae44548af8e2b38dc01156 fddc7f84f2ad4dfa9b5279b2c4872fd8 - - dc4e7848fc574f3a9055485e644bae63 dc4e7848fc574f3a9055485e644bae63] 199.19.213.229 "GET /v2.0/networks/5a976319-70c8-4df9-a7d9-c425c17d8203?fields=segments HTTP/1.1" status: 200 len: 212 time: 0.0478275
2026-07-09 04:44:39.001 10 INFO neutron.wsgi [req-c483f16b-97be-4d4d-9434-1e5986abc900 req-5d589c52-d353-4a96-bd77-e1f2a38dfe4c 6e675e500bae44548af8e2b38dc01156 fddc7f84f2ad4dfa9b5279b2c4872fd8 - - dc4e7848fc574f3a9055485e644bae63 dc4e7848fc574f3a9055485e644bae63] 199.19.213.229 "GET /v2.0/networks/5a976319-70c8-4df9-a7d9-c425c17d8203?fields=provider%3Aphysical_network&fields=provider%3Anetwork_type HTTP/1.1" status: 200 len: 277 time: 0.0493565
2026-07-09 04:44:45.133 9 INFO neutron.wsgi [-] 10.0.0.185 "GET / HTTP/1.1" status: 200 len: 247 time: 0.0027041
2026-07-09 04:44:45.134 10 INFO neutron.wsgi [-] 10.0.0.185 "GET / HTTP/1.1" status: 200 len: 247 time: 0.0029840
2026-07-09 04:44:48.375 10 INFO neutron.wsgi [None req-37e8a733-9ce3-4e07-9af1-28d5acbc7924 cd0aae0c2f474f2cb2c14456a301c3b4 b809e5e5db7c4170a41041cb04a8ce38 - - default default] 199.19.213.229 "GET /v2.0/extensions/security-group HTTP/1.1" status: 200 len: 369 time: 0.0056767
2026-07-09 04:44:48.389 10 INFO neutron.wsgi [None req-c0470099-6d9e-4841-816f-4aae0826b325 cd0aae0c2f474f2cb2c14456a301c3b4 b809e5e5db7c4170a41041cb04a8ce38 - - default default] 199.19.213.229 "GET /v2.0/extensions/dns-integration HTTP/1.1" status: 200 len: 371 time: 0.0070748
2026-07-09 04:44:48.398 10 INFO neutron.wsgi [None req-36fe9875-ef3a-433b-800c-b0258fc7003a cd0aae0c2f474f2cb2c14456a301c3b4 b809e5e5db7c4170a41041cb04a8ce38 - - default default] 199.19.213.229 "GET /v2.0/extensions/qos HTTP/1.1" status: 200 len: 365 time: 0.0046988
2026-07-09 04:44:48.409 10 INFO neutron.wsgi [None req-4e229c13-ecac-41d1-86d8-cb5712aa2a63 cd0aae0c2f474f2cb2c14456a301c3b4 b809e5e5db7c4170a41041cb04a8ce38 - - default default] 199.19.213.229 "GET /v2.0/extensions/allowed-address-pairs HTTP/1.1" status: 200 len: 383 time: 0.0051634
2026-07-09 04:44:48.441 10 INFO neutron.wsgi [None req-0db2cfc3-dff5-4b4b-bc09-74d050955484 cd0aae0c2f474f2cb2c14456a301c3b4 b809e5e5db7c4170a41041cb04a8ce38 - - default default] 199.19.213.229 "GET /v2.0/subnets/932f2136-d292-4551-8e15-470d4a1c4f61 HTTP/1.1" status: 200 len: 850 time: 0.0259731
2026-07-09 04:44:48.500 10 INFO neutron.wsgi [None req-0f7824da-09fd-465e-8681-b4eb4bd1e57b cd0aae0c2f474f2cb2c14456a301c3b4 b809e5e5db7c4170a41041cb04a8ce38 - - default default] 199.19.213.229 "GET /v2.0/ports?device_id=b285f724-95df-4a61-8288-196d0a861564 HTTP/1.1" status: 200 len: 1417 time: 0.0317988
2026-07-09 04:44:48.673 10 INFO neutron.wsgi [req-8de4287d-1457-418d-b9cd-a02929824e5c req-acb8562e-cc2e-43fa-a2d8-01caed4d938a 6e675e500bae44548af8e2b38dc01156 fddc7f84f2ad4dfa9b5279b2c4872fd8 - - dc4e7848fc574f3a9055485e644bae63 dc4e7848fc574f3a9055485e644bae63] 10.0.0.66 "GET /v2.0/ports?device_id=f2212d59-6243-48a0-a2ba-61b0b27d804c HTTP/1.1" status: 200 len: 1409 time: 0.0602732
2026-07-09 04:44:48.732 10 INFO neutron.wsgi [req-8de4287d-1457-418d-b9cd-a02929824e5c req-8dec9e52-358a-4ce0-92cf-c0d82c084fa6 6e675e500bae44548af8e2b38dc01156 fddc7f84f2ad4dfa9b5279b2c4872fd8 - - dc4e7848fc574f3a9055485e644bae63 dc4e7848fc574f3a9055485e644bae63] 10.0.0.66 "GET /v2.0/security-groups?id=6f67b35c-ac9f-457b-969c-8bfdc0296c39&fields=id&fields=name HTTP/1.1" status: 200 len: 313 time: 0.0530043
2026-07-09 04:44:48.842 10 WARNING neutron.scheduler.dhcp_agent_scheduler [None req-4277c93c-40a8-44a0-873c-e660256fc65c cd0aae0c2f474f2cb2c14456a301c3b4 b809e5e5db7c4170a41041cb04a8ce38 - - default default] No more DHCP agents
2026-07-09 04:44:48.845 10 WARNING neutron.api.rpc.agentnotifiers.dhcp_rpc_agent_api [None req-4277c93c-40a8-44a0-873c-e660256fc65c cd0aae0c2f474f2cb2c14456a301c3b4 b809e5e5db7c4170a41041cb04a8ce38 - - default default] Unable to schedule network 554c8f96-f7f8-42a2-97fe-3d8c5c9baf69: no agents available; will retry on subsequent port and subnet creation events.
2026-07-09 04:44:49.035 10 INFO neutron.db.ovn_revision_numbers_db [None req-4277c93c-40a8-44a0-873c-e660256fc65c cd0aae0c2f474f2cb2c14456a301c3b4 b809e5e5db7c4170a41041cb04a8ce38 - - default default] Successfully bumped revision number for resource fd2c9004-54d4-443a-8b41-33fb41229e96 (type: ports) to 1
2026-07-09 04:44:49.056 10 INFO neutron.wsgi [None req-4277c93c-40a8-44a0-873c-e660256fc65c cd0aae0c2f474f2cb2c14456a301c3b4 b809e5e5db7c4170a41041cb04a8ce38 - - default default] 199.19.213.229 "POST /v2.0/ports HTTP/1.1" status: 201 len: 1302 time: 0.5495458
2026-07-09 04:44:49.154 9 INFO neutron.wsgi [req-3d895ce7-08a5-462e-a220-63e0cf89bac6 req-fe36d503-ba56-4fcb-9df0-d6d6739a7c04 cd0aae0c2f474f2cb2c14456a301c3b4 b809e5e5db7c4170a41041cb04a8ce38 - - default default] 10.0.0.98 "GET /v2.0/ports/fd2c9004-54d4-443a-8b41-33fb41229e96 HTTP/1.1" status: 200 len: 1297 time: 0.0356174
2026-07-09 04:44:49.168 9 INFO neutron.wsgi [req-3d895ce7-08a5-462e-a220-63e0cf89bac6 req-fa5dff53-c9f5-4e87-8a7b-03cd5e949601 cd0aae0c2f474f2cb2c14456a301c3b4 b809e5e5db7c4170a41041cb04a8ce38 - - default default] 10.0.0.98 "GET /v2.0/extensions HTTP/1.1" status: 200 len: 16525 time: 0.0062280 /var/lib/openstack/lib/python3.10/site-packages/pycadf/identifier.py:71: UserWarning: Invalid uuid: neutron. To ensure interoperability, identifiers should be a valid uuid. warnings.warn(('Invalid uuid: %s. To ensure interoperability, '
2026-07-09 04:44:49.273 10 INFO neutron.wsgi [req-3d895ce7-08a5-462e-a220-63e0cf89bac6 req-542701d1-dfcd-42c3-8ed7-3c814951bb77 6e675e500bae44548af8e2b38dc01156 fddc7f84f2ad4dfa9b5279b2c4872fd8 - - dc4e7848fc574f3a9055485e644bae63 dc4e7848fc574f3a9055485e644bae63] 199.19.213.229 "GET /v2.0/ports/fd2c9004-54d4-443a-8b41-33fb41229e96?fields=binding%3Avnic_type&fields=binding%3Aprofile&fields=network_id&fields=resource_request&fields=numa_affinity_policy&fields=device_profile HTTP/1.1" status: 200 len: 335 time: 0.0310607
2026-07-09 04:44:49.332 10 INFO neutron.wsgi [req-3d895ce7-08a5-462e-a220-63e0cf89bac6 req-25dc099f-f0ac-4a05-8f13-5c8956a16962 6e675e500bae44548af8e2b38dc01156 fddc7f84f2ad4dfa9b5279b2c4872fd8 - - dc4e7848fc574f3a9055485e644bae63 dc4e7848fc574f3a9055485e644bae63] 199.19.213.229 "GET /v2.0/networks/554c8f96-f7f8-42a2-97fe-3d8c5c9baf69?fields=segments HTTP/1.1" status: 200 len: 212 time: 0.0522523
2026-07-09 04:44:49.623 10 INFO neutron.wsgi [req-3d895ce7-08a5-462e-a220-63e0cf89bac6 req-e47ede57-e303-4d42-ba7a-3b19881adbd7 6e675e500bae44548af8e2b38dc01156 fddc7f84f2ad4dfa9b5279b2c4872fd8 - - dc4e7848fc574f3a9055485e644bae63 dc4e7848fc574f3a9055485e644bae63] 199.19.213.229 "GET /v2.0/networks/554c8f96-f7f8-42a2-97fe-3d8c5c9baf69?fields=provider%3Aphysical_network&fields=provider%3Anetwork_type HTTP/1.1" status: 200 len: 277 time: 0.2835586
2026-07-09 04:44:49.682 10 INFO neutron.wsgi [req-3d895ce7-08a5-462e-a220-63e0cf89bac6 req-26301167-726e-4638-8c49-9c577d0c3db6 6e675e500bae44548af8e2b38dc01156 fddc7f84f2ad4dfa9b5279b2c4872fd8 - - dc4e7848fc574f3a9055485e644bae63 dc4e7848fc574f3a9055485e644bae63] 199.19.213.229 "GET /v2.0/ports/fd2c9004-54d4-443a-8b41-33fb41229e96 HTTP/1.1" status: 200 len: 1297 time: 0.0410864
2026-07-09 04:44:49.751 10 INFO neutron.wsgi [req-3d895ce7-08a5-462e-a220-63e0cf89bac6 req-3a45ce2b-12e5-4405-a9fc-98d371443cc1 cd0aae0c2f474f2cb2c14456a301c3b4 b809e5e5db7c4170a41041cb04a8ce38 - - default default] 199.19.213.229 "GET /v2.0/networks?id=554c8f96-f7f8-42a2-97fe-3d8c5c9baf69 HTTP/1.1" status: 200 len: 1005 time: 0.0658047
2026-07-09 04:44:50.159 10 INFO neutron.db.ovn_revision_numbers_db [req-3d895ce7-08a5-462e-a220-63e0cf89bac6 req-8f0069ac-2c90-4f42-b84e-9468362d5f47 6e675e500bae44548af8e2b38dc01156 fddc7f84f2ad4dfa9b5279b2c4872fd8 - - dc4e7848fc574f3a9055485e644bae63 dc4e7848fc574f3a9055485e644bae63] Successfully bumped revision number for resource fd2c9004-54d4-443a-8b41-33fb41229e96 (type: ports) to 2
2026-07-09 04:44:50.354 10 INFO neutron.db.ovn_revision_numbers_db [req-3d895ce7-08a5-462e-a220-63e0cf89bac6 req-8f0069ac-2c90-4f42-b84e-9468362d5f47 6e675e500bae44548af8e2b38dc01156 fddc7f84f2ad4dfa9b5279b2c4872fd8 - - dc4e7848fc574f3a9055485e644bae63 dc4e7848fc574f3a9055485e644bae63] Successfully bumped revision number for resource fd2c9004-54d4-443a-8b41-33fb41229e96 (type: ports) to 2
2026-07-09 04:44:50.366 10 INFO neutron.wsgi [req-3d895ce7-08a5-462e-a220-63e0cf89bac6 req-8f0069ac-2c90-4f42-b84e-9468362d5f47 6e675e500bae44548af8e2b38dc01156 fddc7f84f2ad4dfa9b5279b2c4872fd8 - - dc4e7848fc574f3a9055485e644bae63 dc4e7848fc574f3a9055485e644bae63] 199.19.213.229 "PUT /v2.0/ports/fd2c9004-54d4-443a-8b41-33fb41229e96 HTTP/1.1" status: 200 len: 1428 time: 0.6050670
2026-07-09 04:44:50.400 10 INFO neutron.notifiers.nova [-] Nova event matching ['req-9cd25f76-ef16-481c-8021-f848b27e70d7'] response: {'name': 'network-changed', 'server_uuid': 'b285f724-95df-4a61-8288-196d0a861564', 'tag': 'fd2c9004-54d4-443a-8b41-33fb41229e96', 'status': 'completed', 'code': 200} /var/lib/openstack/lib/python3.10/site-packages/pycadf/identifier.py:71: UserWarning: Invalid uuid: neutron. To ensure interoperability, identifiers should be a valid uuid. warnings.warn(('Invalid uuid: %s. To ensure interoperability, '
2026-07-09 04:44:50.436 10 INFO neutron.wsgi [req-3d895ce7-08a5-462e-a220-63e0cf89bac6 req-1830a59d-a7eb-4021-8573-91f24e005f1a 6e675e500bae44548af8e2b38dc01156 fddc7f84f2ad4dfa9b5279b2c4872fd8 - - dc4e7848fc574f3a9055485e644bae63 dc4e7848fc574f3a9055485e644bae63] 199.19.213.229 "GET /v2.0/ports?tenant_id=b809e5e5db7c4170a41041cb04a8ce38&device_id=b285f724-95df-4a61-8288-196d0a861564 HTTP/1.1" status: 200 len: 2665 time: 0.0293891
2026-07-09 04:44:50.461 10 INFO neutron.wsgi [req-3d895ce7-08a5-462e-a220-63e0cf89bac6 req-f70c8539-a7aa-4af1-b5f9-cf5c2cd73738 6e675e500bae44548af8e2b38dc01156 fddc7f84f2ad4dfa9b5279b2c4872fd8 - - dc4e7848fc574f3a9055485e644bae63 dc4e7848fc574f3a9055485e644bae63] 199.19.213.229 "GET /v2.0/floatingips?fixed_ip_address=172.24.2.134&port_id=835bdfa2-9b06-4891-b482-5e2d115f9d0a HTTP/1.1" status: 200 len: 217 time: 0.0178454
2026-07-09 04:44:50.493 10 INFO neutron.wsgi [req-3d895ce7-08a5-462e-a220-63e0cf89bac6 req-6dd09479-ed29-462a-a30b-4cb21fb92f2e 6e675e500bae44548af8e2b38dc01156 fddc7f84f2ad4dfa9b5279b2c4872fd8 - - dc4e7848fc574f3a9055485e644bae63 dc4e7848fc574f3a9055485e644bae63] 199.19.213.229 "GET /v2.0/subnets?id=6034085e-e9ff-4e47-aa30-ebb7c86f2e76 HTTP/1.1" status: 200 len: 829 time: 0.0251100
2026-07-09 04:44:50.520 10 INFO neutron.wsgi [req-3d895ce7-08a5-462e-a220-63e0cf89bac6 req-a6a4fcdd-ad56-45dd-9fe2-ea5dea32353c 6e675e500bae44548af8e2b38dc01156 fddc7f84f2ad4dfa9b5279b2c4872fd8 - - dc4e7848fc574f3a9055485e644bae63 dc4e7848fc574f3a9055485e644bae63] 199.19.213.229 "GET /v2.0/ports?network_id=7ad2ad97-0ad9-46bb-93d0-79e8b6568cba&device_owner=network%3Adhcp HTTP/1.1" status: 200 len: 210 time: 0.0188406
2026-07-09 04:44:50.586 10 INFO neutron.wsgi [req-3d895ce7-08a5-462e-a220-63e0cf89bac6 req-559cd8b3-6e1b-48e2-83ac-21554355e19f 6e675e500bae44548af8e2b38dc01156 fddc7f84f2ad4dfa9b5279b2c4872fd8 - - dc4e7848fc574f3a9055485e644bae63 dc4e7848fc574f3a9055485e644bae63] 199.19.213.229 "GET /v2.0/networks/7ad2ad97-0ad9-46bb-93d0-79e8b6568cba?fields=segments HTTP/1.1" status: 200 len: 212 time: 0.0593729
2026-07-09 04:44:50.674 10 INFO neutron.wsgi [req-3d895ce7-08a5-462e-a220-63e0cf89bac6 req-5c2a12ac-57c3-4298-87ab-513ecc8ca7b7 6e675e500bae44548af8e2b38dc01156 fddc7f84f2ad4dfa9b5279b2c4872fd8 - - dc4e7848fc574f3a9055485e644bae63 dc4e7848fc574f3a9055485e644bae63] 199.19.213.229 "GET /v2.0/networks/7ad2ad97-0ad9-46bb-93d0-79e8b6568cba?fields=provider%3Aphysical_network&fields=provider%3Anetwork_type HTTP/1.1" status: 200 len: 277 time: 0.0798552
2026-07-09 04:44:50.722 10 INFO neutron.wsgi [req-3d895ce7-08a5-462e-a220-63e0cf89bac6 req-b4f0b912-641e-41f9-a4cc-d11232e6c31c 6e675e500bae44548af8e2b38dc01156 fddc7f84f2ad4dfa9b5279b2c4872fd8 - - dc4e7848fc574f3a9055485e644bae63 dc4e7848fc574f3a9055485e644bae63] 199.19.213.229 "GET /v2.0/floatingips?fixed_ip_address=10.1.1.129&port_id=fd2c9004-54d4-443a-8b41-33fb41229e96 HTTP/1.1" status: 200 len: 217 time: 0.0310249
2026-07-09 04:44:50.764 10 INFO neutron.wsgi [req-3d895ce7-08a5-462e-a220-63e0cf89bac6 req-acd113d3-18df-4cb5-96aa-ddf520e1b011 6e675e500bae44548af8e2b38dc01156 fddc7f84f2ad4dfa9b5279b2c4872fd8 - - dc4e7848fc574f3a9055485e644bae63 dc4e7848fc574f3a9055485e644bae63] 199.19.213.229 "GET /v2.0/subnets?id=932f2136-d292-4551-8e15-470d4a1c4f61 HTTP/1.1" status: 200 len: 853 time: 0.0345876
2026-07-09 04:44:50.793 10 INFO neutron.wsgi [req-3d895ce7-08a5-462e-a220-63e0cf89bac6 req-cb76400b-f1ba-452d-9167-638c92158409 6e675e500bae44548af8e2b38dc01156 fddc7f84f2ad4dfa9b5279b2c4872fd8 - - dc4e7848fc574f3a9055485e644bae63 dc4e7848fc574f3a9055485e644bae63] 199.19.213.229 "GET /v2.0/ports?network_id=554c8f96-f7f8-42a2-97fe-3d8c5c9baf69&device_owner=network%3Adhcp HTTP/1.1" status: 200 len: 210 time: 0.0213313
2026-07-09 04:44:50.853 10 INFO neutron.wsgi [req-3d895ce7-08a5-462e-a220-63e0cf89bac6 req-7f65e688-55f5-4602-85c5-cdf7b549dafb 6e675e500bae44548af8e2b38dc01156 fddc7f84f2ad4dfa9b5279b2c4872fd8 - - dc4e7848fc574f3a9055485e644bae63 dc4e7848fc574f3a9055485e644bae63] 199.19.213.229 "GET /v2.0/networks/554c8f96-f7f8-42a2-97fe-3d8c5c9baf69?fields=segments HTTP/1.1" status: 200 len: 212 time: 0.0563595
2026-07-09 04:44:50.928 10 INFO neutron.wsgi [req-3d895ce7-08a5-462e-a220-63e0cf89bac6 req-bbb60b58-13fa-4c46-8f18-5ce825634893 6e675e500bae44548af8e2b38dc01156 fddc7f84f2ad4dfa9b5279b2c4872fd8 - - dc4e7848fc574f3a9055485e644bae63 dc4e7848fc574f3a9055485e644bae63] 199.19.213.229 "GET /v2.0/networks/554c8f96-f7f8-42a2-97fe-3d8c5c9baf69?fields=provider%3Aphysical_network&fields=provider%3Anetwork_type HTTP/1.1" status: 200 len: 277 time: 0.0694733
2026-07-09 04:44:51.034 10 INFO neutron.plugins.ml2.drivers.ovn.mech_driver.mech_driver [None req-e397f195-ee57-495a-9fa2-aa8ede6a2fcb - - - - - -] OVN reports status up for port: fd2c9004-54d4-443a-8b41-33fb41229e96
2026-07-09 04:44:51.038 10 INFO neutron.wsgi [req-1249c92c-8f4f-402f-8f51-4b427b5d03e1 req-a21772b6-4b41-4057-96c7-bf8d383e70ce 6e675e500bae44548af8e2b38dc01156 fddc7f84f2ad4dfa9b5279b2c4872fd8 - - dc4e7848fc574f3a9055485e644bae63 dc4e7848fc574f3a9055485e644bae63] 199.19.213.229 "GET /v2.0/ports?tenant_id=b809e5e5db7c4170a41041cb04a8ce38&device_id=b285f724-95df-4a61-8288-196d0a861564 HTTP/1.1" status: 200 len: 2665 time: 0.0693715
2026-07-09 04:44:51.061 10 INFO neutron.plugins.ml2.plugin [None req-e397f195-ee57-495a-9fa2-aa8ede6a2fcb - - - - - -] Attempt 1 to provision port fd2c9004-54d4-443a-8b41-33fb41229e96
2026-07-09 04:44:51.137 10 INFO neutron.wsgi [req-1249c92c-8f4f-402f-8f51-4b427b5d03e1 req-438bd81c-9ada-4a2f-a54d-c42bc4623ba0 6e675e500bae44548af8e2b38dc01156 fddc7f84f2ad4dfa9b5279b2c4872fd8 - - dc4e7848fc574f3a9055485e644bae63 dc4e7848fc574f3a9055485e644bae63] 199.19.213.229 "GET /v2.0/networks?id=554c8f96-f7f8-42a2-97fe-3d8c5c9baf69 HTTP/1.1" status: 200 len: 1005 time: 0.0895576
2026-07-09 04:44:51.178 10 INFO neutron.wsgi [req-1249c92c-8f4f-402f-8f51-4b427b5d03e1 req-baee4375-7cdf-417e-90ee-bc4658e0de01 6e675e500bae44548af8e2b38dc01156 fddc7f84f2ad4dfa9b5279b2c4872fd8 - - dc4e7848fc574f3a9055485e644bae63 dc4e7848fc574f3a9055485e644bae63] 199.19.213.229 "GET /v2.0/floatingips?fixed_ip_address=10.1.1.129&port_id=fd2c9004-54d4-443a-8b41-33fb41229e96 HTTP/1.1" status: 200 len: 217 time: 0.0318322
2026-07-09 04:44:51.208 9 INFO neutron.wsgi [None req-49eff7cc-bc20-4a0c-909c-e55caa9dddb9 cd0aae0c2f474f2cb2c14456a301c3b4 b809e5e5db7c4170a41041cb04a8ce38 - - default default] 10.0.0.8 "GET /v2.0/ports HTTP/1.1" status: 200 len: 27756 time: 0.1415842
2026-07-09 04:44:51.227 10 INFO neutron.wsgi [req-1249c92c-8f4f-402f-8f51-4b427b5d03e1 req-3418fd73-c3c9-492f-bcd9-80731788661c 6e675e500bae44548af8e2b38dc01156 fddc7f84f2ad4dfa9b5279b2c4872fd8 - - dc4e7848fc574f3a9055485e644bae63 dc4e7848fc574f3a9055485e644bae63] 199.19.213.229 "GET /v2.0/subnets?id=932f2136-d292-4551-8e15-470d4a1c4f61 HTTP/1.1" status: 200 len: 853 time: 0.0402696
2026-07-09 04:44:51.262 10 INFO neutron.wsgi [req-1249c92c-8f4f-402f-8f51-4b427b5d03e1 req-5c332352-567c-4bf2-be3b-9c4aba1bb111 6e675e500bae44548af8e2b38dc01156 fddc7f84f2ad4dfa9b5279b2c4872fd8 - - dc4e7848fc574f3a9055485e644bae63 dc4e7848fc574f3a9055485e644bae63] 199.19.213.229 "GET /v2.0/ports?network_id=554c8f96-f7f8-42a2-97fe-3d8c5c9baf69&device_owner=network%3Adhcp HTTP/1.1" status: 200 len: 210 time: 0.0275133
2026-07-09 04:44:51.314 9 INFO neutron.wsgi [req-3d895ce7-08a5-462e-a220-63e0cf89bac6 req-601e5db0-9a8e-444f-834e-8b03ad3158b6 cd0aae0c2f474f2cb2c14456a301c3b4 b809e5e5db7c4170a41041cb04a8ce38 - - default default] 10.0.0.98 "GET /v2.0/ports/fd2c9004-54d4-443a-8b41-33fb41229e96 HTTP/1.1" status: 200 len: 1458 time: 0.1058264
2026-07-09 04:44:51.329 9 INFO neutron.wsgi [None req-31423547-fd10-4970-b973-b58c7f5cc2b9 cd0aae0c2f474f2cb2c14456a301c3b4 b809e5e5db7c4170a41041cb04a8ce38 - - default default] 10.0.0.8 "GET /v2.0/security-groups HTTP/1.1" status: 200 len: 42054 time: 0.1073277
2026-07-09 04:44:51.360 10 INFO neutron.wsgi [req-1249c92c-8f4f-402f-8f51-4b427b5d03e1 req-47aeb40e-4138-4ce7-8d3f-9905d1cd65c9 6e675e500bae44548af8e2b38dc01156 fddc7f84f2ad4dfa9b5279b2c4872fd8 - - dc4e7848fc574f3a9055485e644bae63 dc4e7848fc574f3a9055485e644bae63] 199.19.213.229 "GET /v2.0/networks/554c8f96-f7f8-42a2-97fe-3d8c5c9baf69?fields=segments HTTP/1.1" status: 200 len: 212 time: 0.0922687
2026-07-09 04:44:51.429 9 INFO neutron.wsgi [None req-8cb2576b-7821-4cef-9b01-059d973b7557 cd0aae0c2f474f2cb2c14456a301c3b4 b809e5e5db7c4170a41041cb04a8ce38 - - default default] 10.0.0.8 "GET /v2.0/networks HTTP/1.1" status: 200 len: 5464 time: 0.0821869
2026-07-09 04:44:51.472 10 INFO neutron.wsgi [req-1249c92c-8f4f-402f-8f51-4b427b5d03e1 req-7e2fe830-6cc8-43cd-8cc4-1e3b3767c961 6e675e500bae44548af8e2b38dc01156 fddc7f84f2ad4dfa9b5279b2c4872fd8 - - dc4e7848fc574f3a9055485e644bae63 dc4e7848fc574f3a9055485e644bae63] 199.19.213.229 "GET /v2.0/networks/554c8f96-f7f8-42a2-97fe-3d8c5c9baf69?fields=provider%3Aphysical_network&fields=provider%3Anetwork_type HTTP/1.1" status: 200 len: 277 time: 0.0996225
2026-07-09 04:44:51.473 9 INFO neutron.wsgi [None req-c69eb6e8-fc7b-41ab-8d88-7cef5d4639ef cd0aae0c2f474f2cb2c14456a301c3b4 b809e5e5db7c4170a41041cb04a8ce38 - - default default] 10.0.0.8 "GET /v2.0/subnets HTTP/1.1" status: 200 len: 6134 time: 0.0393803
2026-07-09 04:44:51.512 10 INFO neutron.db.ovn_revision_numbers_db [None req-e397f195-ee57-495a-9fa2-aa8ede6a2fcb - - - - - -] Successfully bumped revision number for resource fd2c9004-54d4-443a-8b41-33fb41229e96 (type: ports) to 4
2026-07-09 04:44:51.518 9 INFO neutron.wsgi [None req-e37856cd-d689-4d38-bafb-fe4492c839ee cd0aae0c2f474f2cb2c14456a301c3b4 b809e5e5db7c4170a41041cb04a8ce38 - - default default] 10.0.0.8 "GET /v2.0/floatingips HTTP/1.1" status: 200 len: 2719 time: 0.0408423
2026-07-09 04:44:51.532 9 INFO neutron.wsgi [None req-bf7c7084-4c9b-4a7d-9610-6cfd46de0716 cd0aae0c2f474f2cb2c14456a301c3b4 b809e5e5db7c4170a41041cb04a8ce38 - - default default] 10.0.0.8 "GET /v2.0/agents HTTP/1.1" status: 200 len: 997 time: 0.0125127
2026-07-09 04:44:51.606 9 INFO neutron.wsgi [None req-e477de3d-0211-449d-9bdc-300ec2205ce2 cd0aae0c2f474f2cb2c14456a301c3b4 b809e5e5db7c4170a41041cb04a8ce38 - - default default] 10.0.0.8 "GET /v2.0/routers HTTP/1.1" status: 200 len: 1522 time: 0.0731282
2026-07-09 04:44:51.623 9 INFO neutron.wsgi [None req-48c5d134-ea6e-4d1f-bd21-e0c5c774b52b cd0aae0c2f474f2cb2c14456a301c3b4 b809e5e5db7c4170a41041cb04a8ce38 - - default default] 10.0.0.8 "GET /v2.0/agents?binary=ovn-controller HTTP/1.1" status: 200 len: 591 time: 0.0154698
2026-07-09 04:44:51.689 9 INFO neutron.wsgi [None req-4ca378e0-1925-46c6-95e2-04ea24e7d0e9 cd0aae0c2f474f2cb2c14456a301c3b4 b809e5e5db7c4170a41041cb04a8ce38 - - default default] 10.0.0.8 "GET /v2.0/subnets HTTP/1.1" status: 200 len: 6134 time: 0.0657554
2026-07-09 04:44:51.715 9 INFO neutron.wsgi [None req-d77474dc-19f7-45ec-94dd-069093a20038 cd0aae0c2f474f2cb2c14456a301c3b4 b809e5e5db7c4170a41041cb04a8ce38 - - default default] 10.0.0.8 "GET /v2.0/subnetpools HTTP/1.1" status: 200 len: 193 time: 0.0218623
2026-07-09 04:44:51.728 9 INFO neutron.wsgi [None req-05075bf1-9f1b-4aed-a4d2-fb035688ca60 cd0aae0c2f474f2cb2c14456a301c3b4 b809e5e5db7c4170a41041cb04a8ce38 - - default default] 10.0.0.8 "GET /v2.0/network-ip-availabilities HTTP/1.1" status: 200 len: 3806 time: 0.0122180
2026-07-09 04:44:51.770 10 INFO neutron.db.ovn_revision_numbers_db [None req-defdb620-0021-4200-b01e-dfda8b8877ba cd0aae0c2f474f2cb2c14456a301c3b4 b809e5e5db7c4170a41041cb04a8ce38 - - default default] Successfully bumped revision number for resource fd2c9004-54d4-443a-8b41-33fb41229e96 (type: ports) to 5
2026-07-09 04:44:51.779 10 INFO neutron.wsgi [None req-defdb620-0021-4200-b01e-dfda8b8877ba cd0aae0c2f474f2cb2c14456a301c3b4 b809e5e5db7c4170a41041cb04a8ce38 - - default default] 199.19.213.229 "PUT /v2.0/ports/fd2c9004-54d4-443a-8b41-33fb41229e96 HTTP/1.1" status: 200 len: 1490 time: 0.4539030 /var/lib/openstack/lib/python3.10/site-packages/pycadf/identifier.py:71: UserWarning: Invalid uuid: neutron. To ensure interoperability, identifiers should be a valid uuid. warnings.warn(('Invalid uuid: %s. To ensure interoperability, '
2026-07-09 04:44:51.820 10 INFO neutron.wsgi [None req-621776e4-61c9-4bef-99ec-6e73aca10962 cd0aae0c2f474f2cb2c14456a301c3b4 b809e5e5db7c4170a41041cb04a8ce38 - - default default] 199.19.213.229 "GET /v2.0/security-groups?name=lb-25d06549-9a08-4479-8dbb-2fd129cec524 HTTP/1.1" status: 200 len: 1777 time: 0.0341320
2026-07-09 04:44:52.140 10 INFO neutron.db.ovn_revision_numbers_db [None req-904764d7-c6f3-4f1a-97c1-01ca13cb30a9 cd0aae0c2f474f2cb2c14456a301c3b4 b809e5e5db7c4170a41041cb04a8ce38 - - default default] Successfully bumped revision number for resource fd2c9004-54d4-443a-8b41-33fb41229e96 (type: ports) to 6
2026-07-09 04:44:52.151 10 INFO neutron.wsgi [None req-904764d7-c6f3-4f1a-97c1-01ca13cb30a9 cd0aae0c2f474f2cb2c14456a301c3b4 b809e5e5db7c4170a41041cb04a8ce38 - - default default] 199.19.213.229 "PUT /v2.0/ports/fd2c9004-54d4-443a-8b41-33fb41229e96 HTTP/1.1" status: 200 len: 1490 time: 0.3237472 /var/lib/openstack/lib/python3.10/site-packages/pycadf/identifier.py:71: UserWarning: Invalid uuid: neutron. To ensure interoperability, identifiers should be a valid uuid. warnings.warn(('Invalid uuid: %s. To ensure interoperability, '
2026-07-09 04:44:52.218 10 INFO neutron.wsgi [None req-d1a87915-4354-4dc4-9340-06a7e8caa929 cd0aae0c2f474f2cb2c14456a301c3b4 b809e5e5db7c4170a41041cb04a8ce38 - - default default] 199.19.213.229 "GET /v2.0/extensions/security-group HTTP/1.1" status: 200 len: 369 time: 0.0068707
2026-07-09 04:44:52.234 10 INFO neutron.wsgi [None req-4895253a-2c4b-475f-98ff-c7d0dc2d5113 cd0aae0c2f474f2cb2c14456a301c3b4 b809e5e5db7c4170a41041cb04a8ce38 - - default default] 199.19.213.229 "GET /v2.0/extensions/dns-integration HTTP/1.1" status: 200 len: 371 time: 0.0104189
2026-07-09 04:44:52.242 10 INFO neutron.wsgi [None req-6778f76b-5430-4af2-a972-781f9d66c286 cd0aae0c2f474f2cb2c14456a301c3b4 b809e5e5db7c4170a41041cb04a8ce38 - - default default] 199.19.213.229 "GET /v2.0/extensions/qos HTTP/1.1" status: 200 len: 365 time: 0.0044143
2026-07-09 04:44:52.257 10 INFO neutron.wsgi [None req-22ebb533-b74d-426a-a723-94a0734db8b8 cd0aae0c2f474f2cb2c14456a301c3b4 b809e5e5db7c4170a41041cb04a8ce38 - - default default] 199.19.213.229 "GET /v2.0/extensions/allowed-address-pairs HTTP/1.1" status: 200 len: 383 time: 0.0087528
2026-07-09 04:44:52.299 10 INFO neutron.wsgi [None req-8f0cd12c-e9d0-4509-be6d-99bdf8841165 cd0aae0c2f474f2cb2c14456a301c3b4 b809e5e5db7c4170a41041cb04a8ce38 - - default default] 199.19.213.229 "GET /v2.0/subnets/932f2136-d292-4551-8e15-470d4a1c4f61 HTTP/1.1" status: 200 len: 850 time: 0.0367551
2026-07-09 04:44:52.331 10 INFO neutron.wsgi [None req-39b0676f-b914-4de1-b501-aa69982715c7 cd0aae0c2f474f2cb2c14456a301c3b4 b809e5e5db7c4170a41041cb04a8ce38 - - default default] 199.19.213.229 "GET /v2.0/ports/d8de0080-4399-47b1-8208-bd46029ae31f HTTP/1.1" status: 200 len: 1328 time: 0.0288627
2026-07-09 04:44:52.363 10 INFO neutron.wsgi [None req-365e1412-b145-4273-8a6c-62073748bc2f cd0aae0c2f474f2cb2c14456a301c3b4 b809e5e5db7c4170a41041cb04a8ce38 - - default default] 199.19.213.229 "GET /v2.0/ports/fd2c9004-54d4-443a-8b41-33fb41229e96 HTTP/1.1" status: 200 len: 1518 time: 0.0297015
2026-07-09 04:44:52.403 10 INFO neutron.wsgi [None req-2e4da66d-1e25-4d6d-b37a-756c251af869 cd0aae0c2f474f2cb2c14456a301c3b4 b809e5e5db7c4170a41041cb04a8ce38 - - default default] 199.19.213.229 "GET /v2.0/subnets/932f2136-d292-4551-8e15-470d4a1c4f61 HTTP/1.1" status: 200 len: 850 time: 0.0374453
2026-07-09 04:44:52.444 10 INFO neutron.notifiers.nova [-] Nova event matching ['req-6df25887-6669-4466-ba06-8e5b15caf9ee'] response: {'server_uuid': 'b285f724-95df-4a61-8288-196d0a861564', 'name': 'network-vif-plugged', 'status': 'completed', 'tag': 'fd2c9004-54d4-443a-8b41-33fb41229e96', 'code': 200}
2026-07-09 04:44:52.445 10 INFO neutron.notifiers.nova [-] Nova event matching ['req-6df25887-6669-4466-ba06-8e5b15caf9ee'] response: {'server_uuid': 'b285f724-95df-4a61-8288-196d0a861564', 'name': 'network-vif-plugged', 'status': 'completed', 'tag': 'fd2c9004-54d4-443a-8b41-33fb41229e96', 'code': 200}
2026-07-09 04:44:52.445 10 INFO neutron.notifiers.nova [-] Nova event matching ['req-6df25887-6669-4466-ba06-8e5b15caf9ee'] response: {'name': 'network-changed', 'server_uuid': 'b285f724-95df-4a61-8288-196d0a861564', 'tag': 'fd2c9004-54d4-443a-8b41-33fb41229e96', 'status': 'completed', 'code': 200}
2026-07-09 04:44:52.445 10 INFO neutron.notifiers.nova [-] Nova event matching ['req-6df25887-6669-4466-ba06-8e5b15caf9ee'] response: {'name': 'network-changed', 'server_uuid': 'b285f724-95df-4a61-8288-196d0a861564', 'tag': 'fd2c9004-54d4-443a-8b41-33fb41229e96', 'status': 'completed', 'code': 200}
2026-07-09 04:44:52.489 10 INFO neutron.wsgi [None req-3acba1af-ff78-4c04-8cc4-32146130998c cd0aae0c2f474f2cb2c14456a301c3b4 b809e5e5db7c4170a41041cb04a8ce38 - - default default] 199.19.213.229 "GET /v2.0/networks/554c8f96-f7f8-42a2-97fe-3d8c5c9baf69 HTTP/1.1" status: 200 len: 1002 time: 0.0766883
2026-07-09 04:44:52.495 10 INFO neutron.wsgi [req-76e0546b-6814-422f-9916-77c91bb08ca2 req-eae1ad54-abfe-40cf-b1bd-9c44be587c29 6e675e500bae44548af8e2b38dc01156 fddc7f84f2ad4dfa9b5279b2c4872fd8 - - dc4e7848fc574f3a9055485e644bae63 dc4e7848fc574f3a9055485e644bae63] 199.19.213.229 "GET /v2.0/ports?tenant_id=b809e5e5db7c4170a41041cb04a8ce38&device_id=b285f724-95df-4a61-8288-196d0a861564 HTTP/1.1" status: 200 len: 2727 time: 0.0379450
2026-07-09 04:44:52.537 10 INFO neutron.wsgi [None req-71042010-36fb-4e9f-939c-df7d0d3144d7 cd0aae0c2f474f2cb2c14456a301c3b4 b809e5e5db7c4170a41041cb04a8ce38 - - default default] 199.19.213.229 "GET /v2.0/ports/d8de0080-4399-47b1-8208-bd46029ae31f HTTP/1.1" status: 200 len: 1328 time: 0.0420008
2026-07-09 04:44:52.583 10 INFO neutron.wsgi [None req-bc6e2cbd-0900-4408-ac83-b48aecdf8b54 cd0aae0c2f474f2cb2c14456a301c3b4 b809e5e5db7c4170a41041cb04a8ce38 - - default default] 199.19.213.229 "GET /v2.0/subnets/932f2136-d292-4551-8e15-470d4a1c4f61 HTTP/1.1" status: 200 len: 850 time: 0.0390677
2026-07-09 04:44:52.585 10 INFO neutron.wsgi [req-76e0546b-6814-422f-9916-77c91bb08ca2 req-94ea0500-842a-4df7-973e-36a882b52995 6e675e500bae44548af8e2b38dc01156 fddc7f84f2ad4dfa9b5279b2c4872fd8 - - dc4e7848fc574f3a9055485e644bae63 dc4e7848fc574f3a9055485e644bae63] 199.19.213.229 "GET /v2.0/networks?id=554c8f96-f7f8-42a2-97fe-3d8c5c9baf69 HTTP/1.1" status: 200 len: 1005 time: 0.0839434
2026-07-09 04:44:52.611 10 INFO neutron.wsgi [req-76e0546b-6814-422f-9916-77c91bb08ca2 req-dbea11ff-6fc1-4253-873a-80ca9e29e471 6e675e500bae44548af8e2b38dc01156 fddc7f84f2ad4dfa9b5279b2c4872fd8 - - dc4e7848fc574f3a9055485e644bae63 dc4e7848fc574f3a9055485e644bae63] 199.19.213.229 "GET /v2.0/floatingips?fixed_ip_address=10.1.1.129&port_id=fd2c9004-54d4-443a-8b41-33fb41229e96 HTTP/1.1" status: 200 len: 217 time: 0.0218954
2026-07-09 04:44:52.655 10 INFO neutron.wsgi [req-76e0546b-6814-422f-9916-77c91bb08ca2 req-77226621-4af3-4da1-a06a-df91410ea112 6e675e500bae44548af8e2b38dc01156 fddc7f84f2ad4dfa9b5279b2c4872fd8 - - dc4e7848fc574f3a9055485e644bae63 dc4e7848fc574f3a9055485e644bae63] 199.19.213.229 "GET /v2.0/subnets?id=932f2136-d292-4551-8e15-470d4a1c4f61 HTTP/1.1" status: 200 len: 853 time: 0.0384119
2026-07-09 04:44:52.696 10 INFO neutron.wsgi [req-76e0546b-6814-422f-9916-77c91bb08ca2 req-af9c2f25-eb77-4711-a8dd-e1b0a239c7db 6e675e500bae44548af8e2b38dc01156 fddc7f84f2ad4dfa9b5279b2c4872fd8 - - dc4e7848fc574f3a9055485e644bae63 dc4e7848fc574f3a9055485e644bae63] 199.19.213.229 "GET /v2.0/ports?network_id=554c8f96-f7f8-42a2-97fe-3d8c5c9baf69&device_owner=network%3Adhcp HTTP/1.1" status: 200 len: 210 time: 0.0330434
2026-07-09 04:44:52.769 10 INFO neutron.wsgi [req-76e0546b-6814-422f-9916-77c91bb08ca2 req-4705094a-a7af-4d06-b9d0-bd2d1034650f 6e675e500bae44548af8e2b38dc01156 fddc7f84f2ad4dfa9b5279b2c4872fd8 - - dc4e7848fc574f3a9055485e644bae63 dc4e7848fc574f3a9055485e644bae63] 199.19.213.229 "GET /v2.0/networks/554c8f96-f7f8-42a2-97fe-3d8c5c9baf69?fields=segments HTTP/1.1" status: 200 len: 212 time: 0.0630188
2026-07-09 04:44:52.839 10 INFO neutron.wsgi [req-76e0546b-6814-422f-9916-77c91bb08ca2 req-5f60f679-7355-4411-8d23-0fcfa3a9c02a 6e675e500bae44548af8e2b38dc01156 fddc7f84f2ad4dfa9b5279b2c4872fd8 - - dc4e7848fc574f3a9055485e644bae63 dc4e7848fc574f3a9055485e644bae63] 199.19.213.229 "GET /v2.0/networks/554c8f96-f7f8-42a2-97fe-3d8c5c9baf69?fields=provider%3Aphysical_network&fields=provider%3Anetwork_type HTTP/1.1" status: 200 len: 277 time: 0.0632548
2026-07-09 04:44:52.915 10 INFO neutron.wsgi [req-76e0546b-6814-422f-9916-77c91bb08ca2 req-a366ea96-4b95-46b5-ab93-735a25706764 6e675e500bae44548af8e2b38dc01156 fddc7f84f2ad4dfa9b5279b2c4872fd8 - - dc4e7848fc574f3a9055485e644bae63 dc4e7848fc574f3a9055485e644bae63] 199.19.213.229 "GET /v2.0/ports?tenant_id=b809e5e5db7c4170a41041cb04a8ce38&device_id=b285f724-95df-4a61-8288-196d0a861564 HTTP/1.1" status: 200 len: 2727 time: 0.0388126
2026-07-09 04:44:52.980 10 INFO neutron.wsgi [req-76e0546b-6814-422f-9916-77c91bb08ca2 req-36739904-be50-4d9c-bf36-13ea3adbbcae 6e675e500bae44548af8e2b38dc01156 fddc7f84f2ad4dfa9b5279b2c4872fd8 - - dc4e7848fc574f3a9055485e644bae63 dc4e7848fc574f3a9055485e644bae63] 199.19.213.229 "GET /v2.0/networks?id=554c8f96-f7f8-42a2-97fe-3d8c5c9baf69 HTTP/1.1" status: 200 len: 1005 time: 0.0608621
2026-07-09 04:44:53.015 10 INFO neutron.wsgi [req-76e0546b-6814-422f-9916-77c91bb08ca2 req-488e862a-1b1a-41bf-8578-5db0a4d85d58 6e675e500bae44548af8e2b38dc01156 fddc7f84f2ad4dfa9b5279b2c4872fd8 - - dc4e7848fc574f3a9055485e644bae63 dc4e7848fc574f3a9055485e644bae63] 199.19.213.229 "GET /v2.0/floatingips?fixed_ip_address=10.1.1.129&port_id=fd2c9004-54d4-443a-8b41-33fb41229e96 HTTP/1.1" status: 200 len: 217 time: 0.0237243
2026-07-09 04:44:53.079 10 INFO neutron.wsgi [req-76e0546b-6814-422f-9916-77c91bb08ca2 req-9394ddb7-2232-457e-a591-756453efdd90 6e675e500bae44548af8e2b38dc01156 fddc7f84f2ad4dfa9b5279b2c4872fd8 - - dc4e7848fc574f3a9055485e644bae63 dc4e7848fc574f3a9055485e644bae63] 199.19.213.229 "GET /v2.0/subnets?id=932f2136-d292-4551-8e15-470d4a1c4f61 HTTP/1.1" status: 200 len: 853 time: 0.0587544
2026-07-09 04:44:53.114 9 INFO neutron.plugins.ml2.drivers.ovn.mech_driver.mech_driver [None req-741ffbae-2623-4cd3-9090-0f8197765c2f - - - - - -] OVN reports status down for port: c99a1dab-5547-4989-bdb3-e20a7b4d1310
2026-07-09 04:44:53.118 10 INFO neutron.wsgi [req-76e0546b-6814-422f-9916-77c91bb08ca2 req-06bebb2d-6a34-4a18-9804-21dacf81a82e 6e675e500bae44548af8e2b38dc01156 fddc7f84f2ad4dfa9b5279b2c4872fd8 - - dc4e7848fc574f3a9055485e644bae63 dc4e7848fc574f3a9055485e644bae63] 199.19.213.229 "GET /v2.0/ports?network_id=554c8f96-f7f8-42a2-97fe-3d8c5c9baf69&device_owner=network%3Adhcp HTTP/1.1" status: 200 len: 210 time: 0.0303299
2026-07-09 04:44:53.237 10 INFO neutron.wsgi [req-76e0546b-6814-422f-9916-77c91bb08ca2 req-e265fbe9-2b40-406e-9215-e840013e19cb 6e675e500bae44548af8e2b38dc01156 fddc7f84f2ad4dfa9b5279b2c4872fd8 - - dc4e7848fc574f3a9055485e644bae63 dc4e7848fc574f3a9055485e644bae63] 199.19.213.229 "GET /v2.0/networks/554c8f96-f7f8-42a2-97fe-3d8c5c9baf69?fields=segments HTTP/1.1" status: 200 len: 212 time: 0.1086619
2026-07-09 04:44:53.244 10 INFO neutron.wsgi [req-6dc6ba8a-226e-4ef7-85ad-5702410bb706 req-060f151e-5cf7-4e11-aaee-29a80f3ff2bb 5fbde32da74f4fddbd40e7dcd1852239 47bd5cb38a6b4b5eb52950e3c34f200e - - default default] 10.0.0.98 "GET /v2.0/ports?device_id=f2212d59-6243-48a0-a2ba-61b0b27d804c HTTP/1.1" status: 200 len: 1170 time: 0.1943769
2026-07-09 04:44:53.263 9 INFO neutron.notifiers.nova [-] Nova event matching ['req-c4a0768f-16ec-4b78-9930-39f16f0a003e'] response: {'server_uuid': 'f2212d59-6243-48a0-a2ba-61b0b27d804c', 'name': 'network-vif-unplugged', 'status': 'completed', 'tag': 'c99a1dab-5547-4989-bdb3-e20a7b4d1310', 'code': 200}
2026-07-09 04:44:53.319 10 INFO neutron.wsgi [req-6dc6ba8a-226e-4ef7-85ad-5702410bb706 req-658b3655-acd4-49d0-b34e-06aa4018368b 5fbde32da74f4fddbd40e7dcd1852239 47bd5cb38a6b4b5eb52950e3c34f200e - - default default] 10.0.0.98 "GET /v2.0/security-groups?id=6f67b35c-ac9f-457b-969c-8bfdc0296c39&fields=id&fields=name HTTP/1.1" status: 200 len: 313 time: 0.0644324
2026-07-09 04:44:53.327 10 INFO neutron.wsgi [req-76e0546b-6814-422f-9916-77c91bb08ca2 req-2708bb33-56ac-46dc-be75-e99d754e33ea 6e675e500bae44548af8e2b38dc01156 fddc7f84f2ad4dfa9b5279b2c4872fd8 - - dc4e7848fc574f3a9055485e644bae63 dc4e7848fc574f3a9055485e644bae63] 199.19.213.229 "GET /v2.0/networks/554c8f96-f7f8-42a2-97fe-3d8c5c9baf69?fields=provider%3Aphysical_network&fields=provider%3Anetwork_type HTTP/1.1" status: 200 len: 277 time: 0.0818558
2026-07-09 04:44:53.437 10 INFO neutron.wsgi [req-26c882a6-ab1c-4dee-9245-9205aacbcff6 req-80c89e8c-f2c0-4b40-ba34-f9a4403584a4 5fbde32da74f4fddbd40e7dcd1852239 47bd5cb38a6b4b5eb52950e3c34f200e - - default default] 199.19.213.229 "GET /v2.0/ports?device_id=f2212d59-6243-48a0-a2ba-61b0b27d804c HTTP/1.1" status: 200 len: 1168 time: 0.0453286
2026-07-09 04:44:53.438 9 INFO neutron.db.ovn_revision_numbers_db [None req-741ffbae-2623-4cd3-9090-0f8197765c2f - - - - - -] Successfully bumped revision number for resource c99a1dab-5547-4989-bdb3-e20a7b4d1310 (type: ports) to 5
2026-07-09 04:44:54.048 10 INFO neutron.db.l3_db [req-26c882a6-ab1c-4dee-9245-9205aacbcff6 req-4a23648a-411d-4fc6-84d4-c4b68f8aa398 5fbde32da74f4fddbd40e7dcd1852239 47bd5cb38a6b4b5eb52950e3c34f200e - - default default] Floating IP 7b2b4b0e-d96d-46e2-bc53-c8381ee062ce disassociated. External IP: 10.96.250.208, port: c99a1dab-5547-4989-bdb3-e20a7b4d1310.
2026-07-09 04:44:54.267 10 INFO neutron.wsgi [req-26c882a6-ab1c-4dee-9245-9205aacbcff6 req-4a23648a-411d-4fc6-84d4-c4b68f8aa398 5fbde32da74f4fddbd40e7dcd1852239 47bd5cb38a6b4b5eb52950e3c34f200e - - default default] 199.19.213.229 "DELETE /v2.0/ports/c99a1dab-5547-4989-bdb3-e20a7b4d1310 HTTP/1.1" status: 204 len: 173 time: 0.8228755 /var/lib/openstack/lib/python3.10/site-packages/pycadf/identifier.py:71: UserWarning: Invalid uuid: neutron. To ensure interoperability, identifiers should be a valid uuid. warnings.warn(('Invalid uuid: %s. To ensure interoperability, '
2026-07-09 04:44:54.440 9 INFO neutron.wsgi [req-fd13bd91-8c0e-43d0-a12d-de853c48e74d req-94f1296e-efcb-4b84-b933-5bb10c7dee93 5fbde32da74f4fddbd40e7dcd1852239 47bd5cb38a6b4b5eb52950e3c34f200e - - default default] 10.0.0.98 "GET /v2.0/ports?device_id=f2212d59-6243-48a0-a2ba-61b0b27d804c HTTP/1.1" status: 200 len: 210 time: 0.0216243
2026-07-09 04:44:54.490 10 INFO neutron.notifiers.nova [-] Nova event matching ['req-e4e98865-8580-4c78-b10d-98ac316c26d1'] response: {'server_uuid': 'f2212d59-6243-48a0-a2ba-61b0b27d804c', 'name': 'network-vif-deleted', 'tag': 'c99a1dab-5547-4989-bdb3-e20a7b4d1310', 'status': 'completed', 'code': 200}
2026-07-09 04:44:55.305 9 INFO neutron.notifiers.nova [-] Nova event matching ['req-09c4a0ab-fc31-46e4-b513-b058954f48bc'] response: {'server_uuid': 'f2212d59-6243-48a0-a2ba-61b0b27d804c', 'name': 'network-vif-plugged', 'status': 'completed', 'tag': 'c99a1dab-5547-4989-bdb3-e20a7b4d1310', 'code': 200} /var/lib/openstack/lib/python3.10/site-packages/pycadf/identifier.py:71: UserWarning: Invalid uuid: neutron. To ensure interoperability, identifiers should be a valid uuid. warnings.warn(('Invalid uuid: %s. To ensure interoperability, '
2026-07-09 04:44:55.672 10 INFO neutron.wsgi [None req-e9cd4f69-66d3-4bf7-9686-e42e98f2cea7 5fbde32da74f4fddbd40e7dcd1852239 47bd5cb38a6b4b5eb52950e3c34f200e - - default default] 10.0.0.101 "DELETE /v2.0/security-groups/6f67b35c-ac9f-457b-969c-8bfdc0296c39 HTTP/1.1" status: 204 len: 168 time: 0.1671717
2026-07-09 04:44:56.060 10 INFO neutron.wsgi [None req-f565a852-0303-4524-939c-240b5fc2291a 5fbde32da74f4fddbd40e7dcd1852239 47bd5cb38a6b4b5eb52950e3c34f200e - - default default] 10.0.0.101 "DELETE /v2.0/floatingips/7b2b4b0e-d96d-46e2-bc53-c8381ee062ce HTTP/1.1" status: 204 len: 168 time: 0.3466246
2026-07-09 04:44:56.281 10 INFO neutron.plugins.ml2.drivers.ovn.mech_driver.mech_driver [None req-e397f195-ee57-495a-9fa2-aa8ede6a2fcb - - - - - -] OVN reports status down for port: 6f8cd6da-f114-4dc1-807d-0896a36fdb40
2026-07-09 04:44:56.308 9 INFO neutron.wsgi [req-e94630c5-0dc1-4df0-8072-48af3001c0bc req-7a7324b9-496a-4859-82d9-81950dccad50 5fbde32da74f4fddbd40e7dcd1852239 47bd5cb38a6b4b5eb52950e3c34f200e - - default default] 10.0.0.98 "GET /v2.0/ports?device_id=f03374b7-e78f-4710-8f34-1baf15671f96 HTTP/1.1" status: 200 len: 1170 time: 0.0995204
2026-07-09 04:44:56.357 9 INFO neutron.wsgi [req-e94630c5-0dc1-4df0-8072-48af3001c0bc req-68434feb-733d-458c-8a1a-994cb0448bbd 5fbde32da74f4fddbd40e7dcd1852239 47bd5cb38a6b4b5eb52950e3c34f200e - - default default] 10.0.0.98 "GET /v2.0/security-groups?id=6e145bff-9c66-4bdb-9285-19bb45522591&fields=id&fields=name HTTP/1.1" status: 200 len: 311 time: 0.0401638
2026-07-09 04:44:56.525 10 INFO neutron.notifiers.nova [-] Nova event matching ['req-5ecacda5-65b5-401c-9c9f-2cf52db464c8'] response: {'server_uuid': 'f03374b7-e78f-4710-8f34-1baf15671f96', 'name': 'network-vif-unplugged', 'status': 'completed', 'tag': '6f8cd6da-f114-4dc1-807d-0896a36fdb40', 'code': 200}
2026-07-09 04:44:56.566 10 INFO neutron.db.ovn_revision_numbers_db [None req-e397f195-ee57-495a-9fa2-aa8ede6a2fcb - - - - - -] Successfully bumped revision number for resource 6f8cd6da-f114-4dc1-807d-0896a36fdb40 (type: ports) to 5
2026-07-09 04:44:56.576 10 INFO neutron.wsgi [req-7833d577-13d8-4701-890d-9fa6e0fc13cc req-bfb4ebab-63ad-4880-91db-03975e5ef9d0 5fbde32da74f4fddbd40e7dcd1852239 47bd5cb38a6b4b5eb52950e3c34f200e - - default default] 199.19.213.229 "GET /v2.0/ports?device_id=f03374b7-e78f-4710-8f34-1baf15671f96 HTTP/1.1" status: 200 len: 1168 time: 0.0398738
2026-07-09 04:44:56.916 10 INFO neutron.wsgi [req-7833d577-13d8-4701-890d-9fa6e0fc13cc req-d6cc850d-9ea5-4abf-9e84-34cef0064448 5fbde32da74f4fddbd40e7dcd1852239 47bd5cb38a6b4b5eb52950e3c34f200e - - default default] 199.19.213.229 "DELETE /v2.0/ports/6f8cd6da-f114-4dc1-807d-0896a36fdb40 HTTP/1.1" status: 204 len: 173 time: 0.3331764
2026-07-09 04:44:57.536 9 INFO neutron.wsgi [None req-dad866b7-c9e0-4e6c-91ed-a40facbdd759 5fbde32da74f4fddbd40e7dcd1852239 47bd5cb38a6b4b5eb52950e3c34f200e - - default default] 10.0.0.101 "DELETE /v2.0/security-groups/6e145bff-9c66-4bdb-9285-19bb45522591 HTTP/1.1" status: 204 len: 168 time: 0.1193917
2026-07-09 04:44:58.430 9 INFO neutron.wsgi [None req-599f247a-86d0-4971-ae2d-2c97c6def2d4 5fbde32da74f4fddbd40e7dcd1852239 47bd5cb38a6b4b5eb52950e3c34f200e - - default default] 10.0.0.101 "PUT /v2.0/routers/802adc71-85c9-4624-b9e1-95f4ce517f2c/remove_router_interface HTTP/1.1" status: 200 len: 503 time: 0.8663130 /var/lib/openstack/lib/python3.10/site-packages/pycadf/identifier.py:71: UserWarning: Invalid uuid: neutron. To ensure interoperability, identifiers should be a valid uuid. warnings.warn(('Invalid uuid: %s. To ensure interoperability, '
2026-07-09 04:44:58.569 10 INFO neutron.notifiers.nova [-] Nova event matching ['req-18a4fae5-10c0-4b3e-bcdb-1dd8c297d86b'] response: {'server_uuid': 'f03374b7-e78f-4710-8f34-1baf15671f96', 'name': 'network-vif-plugged', 'status': 'completed', 'tag': '6f8cd6da-f114-4dc1-807d-0896a36fdb40', 'code': 200}
2026-07-09 04:44:58.570 10 INFO neutron.notifiers.nova [-] Nova event matching ['req-18a4fae5-10c0-4b3e-bcdb-1dd8c297d86b'] response: {'server_uuid': 'f03374b7-e78f-4710-8f34-1baf15671f96', 'name': 'network-vif-deleted', 'tag': '6f8cd6da-f114-4dc1-807d-0896a36fdb40', 'status': 'completed', 'code': 200}
2026-07-09 04:44:58.666 9 INFO neutron.wsgi [None req-c09dd961-4672-48d0-9f5f-7123ee28955c 5fbde32da74f4fddbd40e7dcd1852239 47bd5cb38a6b4b5eb52950e3c34f200e - - default default] 10.0.0.101 "DELETE /v2.0/subnets/ef8520c7-c5e2-403c-9dd5-455fdfde365b HTTP/1.1" status: 204 len: 168 time: 0.2305493 /var/lib/openstack/lib/python3.10/site-packages/pycadf/identifier.py:71: UserWarning: Invalid uuid: neutron. To ensure interoperability, identifiers should be a valid uuid. warnings.warn(('Invalid uuid: %s. To ensure interoperability, '
2026-07-09 04:44:59.288 10 INFO neutron.wsgi [None req-aaf02e0f-05ba-4242-9297-41570a8ac158 5fbde32da74f4fddbd40e7dcd1852239 47bd5cb38a6b4b5eb52950e3c34f200e - - default default] 10.0.0.101 "DELETE /v2.0/routers/802adc71-85c9-4624-b9e1-95f4ce517f2c HTTP/1.1" status: 204 len: 168 time: 0.6110518
2026-07-09 04:44:59.643 10 INFO neutron.services.segments.plugin [-] Segment 9b00b8e7-1763-4a15-8f94-e5275069dbaa resource provider aggregate not found
2026-07-09 04:44:59.665 10 INFO neutron.services.segments.plugin [-] Segment 9b00b8e7-1763-4a15-8f94-e5275069dbaa resource provider aggregate not found
2026-07-09 04:44:59.680 10 INFO neutron.services.segments.plugin [-] Segment 9b00b8e7-1763-4a15-8f94-e5275069dbaa resource provider not found; error: Placement Client Error (4xx): {"errors": [{"status": 404, "title": "Not Found", "detail": "The resource could not be found.\n\n No resource provider with uuid 9b00b8e7-1763-4a15-8f94-e5275069dbaa found for delete ", "request_id": "req-02a75748-0f0c-4e29-a079-7ca8e8f97cea"}]}
2026-07-09 04:44:59.698 10 INFO neutron.services.segments.plugin [-] Segment 9b00b8e7-1763-4a15-8f94-e5275069dbaa resource provider not found; error: Placement Client Error (4xx): {"errors": [{"status": 404, "title": "Not Found", "detail": "The resource could not be found.\n\n No resource provider with uuid 9b00b8e7-1763-4a15-8f94-e5275069dbaa found for delete ", "request_id": "req-38826616-bf49-4f89-a8a5-2ea3cf72f29c"}]}
2026-07-09 04:44:59.725 10 INFO neutron.wsgi [None req-651bc499-4aa7-47b2-9f0e-6b9634c1bb2b 5fbde32da74f4fddbd40e7dcd1852239 47bd5cb38a6b4b5eb52950e3c34f200e - - default default] 10.0.0.101 "DELETE /v2.0/networks/5a976319-70c8-4df9-a7d9-c425c17d8203 HTTP/1.1" status: 204 len: 168 time: 0.4305675
2026-07-09 04:45:00.132 9 INFO neutron.wsgi [-] 10.0.0.185 "GET / HTTP/1.1" status: 200 len: 247 time: 0.0014634
2026-07-09 04:45:00.133 9 INFO neutron.wsgi [-] 10.0.0.185 "GET / HTTP/1.1" status: 200 len: 247 time: 0.0009766
2026-07-09 04:45:00.151 10 WARNING neutron.scheduler.dhcp_agent_scheduler [None req-3047b753-3316-4dd2-bc88-9a3c8bd581f6 2c8d3ae2f5bd4ac9b163ba4826e7075a 737f8054c6804cdc9573a40dda7a5c32 - - default default] No more DHCP agents
2026-07-09 04:45:00.155 10 WARNING neutron.api.rpc.agentnotifiers.dhcp_rpc_agent_api [None req-3047b753-3316-4dd2-bc88-9a3c8bd581f6 2c8d3ae2f5bd4ac9b163ba4826e7075a 737f8054c6804cdc9573a40dda7a5c32 - - default default] Unable to schedule network 47e69a59-df2e-49ba-aa0f-0ab25212f3ab: no agents available; will retry on subsequent port and subnet creation events.
2026-07-09 04:45:00.725 9 INFO neutron.db.ovn_revision_numbers_db [None req-251707dc-3793-4a93-9ffe-499ed84fe2de cd0aae0c2f474f2cb2c14456a301c3b4 b809e5e5db7c4170a41041cb04a8ce38 - - default default] Successfully bumped revision number for resource 77956010-412f-4cb6-b0b8-609db2f3b331 (type: security_groups) to 1
2026-07-09 04:45:00.744 9 INFO neutron.db.ovn_revision_numbers_db [None req-251707dc-3793-4a93-9ffe-499ed84fe2de cd0aae0c2f474f2cb2c14456a301c3b4 b809e5e5db7c4170a41041cb04a8ce38 - - default default] Successfully bumped revision number for resource 4f87ce3e-6e88-4e5a-bfc0-fbf38c992aeb (type: security_group_rules) to 0
2026-07-09 04:45:00.759 9 INFO neutron.db.ovn_revision_numbers_db [None req-251707dc-3793-4a93-9ffe-499ed84fe2de cd0aae0c2f474f2cb2c14456a301c3b4 b809e5e5db7c4170a41041cb04a8ce38 - - default default] Successfully bumped revision number for resource 9e50bdb8-42ca-4096-abee-36882b1c4622 (type: security_group_rules) to 0
2026-07-09 04:45:00.778 9 INFO neutron.db.ovn_revision_numbers_db [None req-251707dc-3793-4a93-9ffe-499ed84fe2de cd0aae0c2f474f2cb2c14456a301c3b4 b809e5e5db7c4170a41041cb04a8ce38 - - default default] Successfully bumped revision number for resource e02158d9-b6de-4412-af80-f11d13aac4a3 (type: security_group_rules) to 0
