Jun 30 00:19:54.882963 np0000183503 devstack@neutron-api.service[103314]: INFO neutron.plugins.ml2.drivers.ovn.mech_driver.mech_driver [None req-37995be1-980c-4e44-8e7c-2296f7b779c7 None None] OVN reports status down for port: da3e4061-0de0-4786-9f44-958a78f8bc6f
Jun 30 00:19:54.884115 np0000183503 devstack@neutron-api.service[103314]: DEBUG neutron.plugins.ml2.drivers.ovn.mech_driver.ovsdb.ovsdb_monitor [None req-7dc64913-a849-4fea-9989-a9cf28b663e3 None None] Touching Hash Ring node "f4f2dc3bcac150c9b1ebace5083e169e" from IDL notify handler {{(pid=103314) notify /opt/stack/neutron/neutron/plugins/ml2/drivers/ovn/mech_driver/ovsdb/ovsdb_monitor.py:1007}}
Jun 30 00:19:54.886728 np0000183503 devstack@neutron-api.service[103314]: DEBUG neutron.plugins.ml2.drivers.ovn.mech_driver.ovsdb.ovsdb_monitor [None req-7dc64913-a849-4fea-9989-a9cf28b663e3 None None] Hash Ring: Node f4f2dc3bcac150c9b1ebace5083e169e (host: np0000183503) handling event "update" for row 7b9fc4cc-04a4-4fce-9482-686d4645d19f (table: Logical_Switch_Port) {{(pid=103314) notify /opt/stack/neutron/neutron/plugins/ml2/drivers/ovn/mech_driver/ovsdb/ovsdb_monitor.py:1015}}
Jun 30 00:19:54.894373 np0000183503 devstack@neutron-api.service[103311]: INFO neutron.db.ovn_revision_numbers_db [None req-a492d5c4-3c62-496b-9b6b-c5b124ce6cf9 service neutron] Successfully bumped revision number for resource da3e4061-0de0-4786-9f44-958a78f8bc6f (type: ports) to 1
Jun 30 00:19:54.913959 np0000183503 devstack@neutron-api.service[103311]: DEBUG neutron.plugins.ml2.managers [None req-a492d5c4-3c62-496b-9b6b-c5b124ce6cf9 service neutron] Attempting to bind port da3e4061-0de0-4786-9f44-958a78f8bc6f on host np0000183503 for vnic_type normal with profile {{(pid=103311) bind_port /opt/stack/neutron/neutron/plugins/ml2/managers.py:865}}
Jun 30 00:19:54.914133 np0000183503 devstack@neutron-api.service[103311]: DEBUG neutron.plugins.ml2.managers [None req-a492d5c4-3c62-496b-9b6b-c5b124ce6cf9 service neutron] Attempting to bind port da3e4061-0de0-4786-9f44-958a78f8bc6f by drivers ovn on host np0000183503 at level 0 using segments [{'id': '07c6a5d4-9a85-402d-b8cd-f149c90ae02b', 'network_type': 'geneve', 'physical_network': None, 'segmentation_id': 52045, 'network_id': '5272daef-b5b5-4316-bc7f-359fe3a8cab3'}] {{(pid=103311) _bind_port_level /opt/stack/neutron/neutron/plugins/ml2/managers.py:890}}
Jun 30 00:19:54.914250 np0000183503 devstack@neutron-api.service[103314]: DEBUG neutron.db.provisioning_blocks [None req-37995be1-980c-4e44-8e7c-2296f7b779c7 None None] Ignored duplicate provisioning block setup for port da3e4061-0de0-4786-9f44-958a78f8bc6f by entity L2. {{(pid=103314) add_provisioning_component /opt/stack/neutron/neutron/db/provisioning_blocks.py:69}}
Jun 30 00:19:54.915592 np0000183503 devstack@neutron-api.service[103311]: DEBUG neutron.plugins.ml2.drivers.ovn.mech_driver.mech_driver [None req-a492d5c4-3c62-496b-9b6b-c5b124ce6cf9 service neutron] Attempting to bind port da3e4061-0de0-4786-9f44-958a78f8bc6f on host np0000183503 for network segment with type geneve, segmentation ID 52045, physical network None {{(pid=103311) bind_port /opt/stack/neutron/neutron/plugins/ml2/drivers/ovn/mech_driver/mech_driver.py:1209}}
Jun 30 00:19:54.916210 np0000183503 devstack@neutron-api.service[103311]: DEBUG neutron.plugins.ml2.managers [None req-a492d5c4-3c62-496b-9b6b-c5b124ce6cf9 service neutron] Bound port: da3e4061-0de0-4786-9f44-958a78f8bc6f, host: np0000183503, vif_type: ovs, vif_details: {"port_filter": true, "connectivity": "l2", "ovs_create_tap": false, "bridge_name": "br-int", "datapath_type": "system"}, binding_levels: [{'bound_driver': 'ovn', 'bound_segment': {'id': '07c6a5d4-9a85-402d-b8cd-f149c90ae02b', 'network_type': 'geneve', 'physical_network': None, 'segmentation_id': 52045, 'network_id': '5272daef-b5b5-4316-bc7f-359fe3a8cab3'}}] {{(pid=103311) _bind_port_level /opt/stack/neutron/neutron/plugins/ml2/managers.py:1001}}
Jun 30 00:19:54.916476 np0000183503 devstack@neutron-api.service[103311]: DEBUG neutron_lib.callbacks.manager [None req-a492d5c4-3c62-496b-9b6b-c5b124ce6cf9 service neutron] Publish callbacks ['neutron.plugins.ml2.plugin.SecurityGroupDbMixin._ensure_default_security_group_handler-395247', 'neutron.services.ovn_l3.plugin.OVNL3RouterPlugin._port_update-8104348208242', 'neutron.db.l3_db.L3_NAT_dbonly_mixin._prevent_internal_ip_change_for_fip-8104349140702'] for port (da3e4061-0de0-4786-9f44-958a78f8bc6f), before_update {{(pid=103311) _notify_loop /opt/stack/data/venv/lib/python3.12/site-packages/neutron_lib/callbacks/manager.py:184}}
Jun 30 00:19:54.927953 np0000183503 devstack@neutron-api.service[103314]: DEBUG neutron.plugins.ml2.plugin [None req-37995be1-980c-4e44-8e7c-2296f7b779c7 None None] Current status of the port da3e4061-0de0-4786-9f44-958a78f8bc6f is: DOWN; New status is: DOWN {{(pid=103314) _update_individual_port_db_status /opt/stack/neutron/neutron/plugins/ml2/plugin.py:2473}}
Jun 30 00:19:54.932331 np0000183503 devstack@neutron-api.service[103314]: DEBUG ovsdbapp.backend.ovs_idl.transaction [None req-7dc64913-a849-4fea-9989-a9cf28b663e3 None None] Running txn n=1 command(idx=0): DbRemoveCommand(_result=None, table=Logical_Switch_Port, record=da3e4061-0de0-4786-9f44-958a78f8bc6f, column=external_ids, values=('neutron:host_id',), keyvalues={}, if_exists=True) {{(pid=103314) do_commit /opt/stack/data/venv/lib/python3.12/site-packages/ovsdbapp/backend/ovs_idl/transaction.py:89}}
Jun 30 00:19:54.958324 np0000183503 devstack@neutron-api.service[103311]: DEBUG neutron.plugins.ml2.db [None req-a492d5c4-3c62-496b-9b6b-c5b124ce6cf9 service neutron] For port da3e4061-0de0-4786-9f44-958a78f8bc6f, host np0000183503, cleared binding levels {{(pid=103311) clear_binding_levels /opt/stack/neutron/neutron/plugins/ml2/db.py:87}}
Jun 30 00:19:54.960761 np0000183503 devstack@neutron-api.service[103311]: DEBUG neutron.plugins.ml2.db [None req-a492d5c4-3c62-496b-9b6b-c5b124ce6cf9 service neutron] For port da3e4061-0de0-4786-9f44-958a78f8bc6f, host np0000183503, set binding levels [PortBindingLevel(driver='ovn',host='np0000183503',level=0,port_id=da3e4061-0de0-4786-9f44-958a78f8bc6f,segment=NetworkSegment(07c6a5d4-9a85-402d-b8cd-f149c90ae02b),segment_id=07c6a5d4-9a85-402d-b8cd-f149c90ae02b)] {{(pid=103311) set_binding_levels /opt/stack/neutron/neutron/plugins/ml2/db.py:59}}
Jun 30 00:19:54.963535 np0000183503 devstack@neutron-api.service[103311]: DEBUG neutron.plugins.ml2.drivers.ovn.mech_driver.mech_driver [None req-a492d5c4-3c62-496b-9b6b-c5b124ce6cf9 service neutron] No provisioning block for port da3e4061-0de0-4786-9f44-958a78f8bc6f since host unchanged {{(pid=103311) _is_port_provisioning_required /opt/stack/neutron/neutron/plugins/ml2/drivers/ovn/mech_driver/mech_driver.py:904}}
Jun 30 00:19:54.969456 np0000183503 devstack@neutron-api.service[103311]: DEBUG neutron_lib.callbacks.manager [None req-a492d5c4-3c62-496b-9b6b-c5b124ce6cf9 service neutron] Publish callbacks ['neutron.plugins.ml2.ovo_rpc._ObjectChangeHandler.handle_event-1963817', 'neutron.services.ovn_l3.plugin.OVNL3RouterPlugin._port_update-8104348208242'] for port (da3e4061-0de0-4786-9f44-958a78f8bc6f), after_update {{(pid=103311) _notify_loop /opt/stack/data/venv/lib/python3.12/site-packages/neutron_lib/callbacks/manager.py:184}}
Jun 30 00:19:55.003536 np0000183503 devstack@neutron-api.service[103311]: DEBUG neutron.api.rpc.handlers.resources_rpc [None req-a492d5c4-3c62-496b-9b6b-c5b124ce6cf9 service neutron] Pushing event updated for resources: {'Port': ['ID=da3e4061-0de0-4786-9f44-958a78f8bc6f,revision_number=3']} {{(pid=103311) push /opt/stack/neutron/neutron/api/rpc/handlers/resources_rpc.py:237}}
Jun 30 00:19:55.032857 np0000183503 devstack@neutron-api.service[103311]: DEBUG neutron.plugins.ml2.drivers.ovn.mech_driver.ovsdb.commands [None req-a492d5c4-3c62-496b-9b6b-c5b124ce6cf9 service neutron] Converting tag [] to a tag_request {{(pid=103311) _tag_column_to_tag_request /opt/stack/neutron/neutron/plugins/ml2/drivers/ovn/mech_driver/ovsdb/commands.py:205}}
Jun 30 00:19:55.034194 np0000183503 devstack@neutron-api.service[103311]: DEBUG ovsdbapp.backend.ovs_idl.transaction [None req-bbda491d-7817-41e5-a537-29f6abf2e05a None None] Running txn n=1 command(idx=0): CheckRevisionNumberCommand(_result=None, name=da3e4061-0de0-4786-9f44-958a78f8bc6f, resource={'id': 'da3e4061-0de0-4786-9f44-958a78f8bc6f', 'name': '', 'network_id': '5272daef-b5b5-4316-bc7f-359fe3a8cab3', 'project_id': '6aa0c750f626427b8f4527ed648aefa5', 'mac_address': 'fa:16:3e:27:9b:4d', 'admin_state_up': True, 'status': 'DOWN', 'device_id': 'manila-admin-share', 'device_owner': 'manila:share', 'standard_attr_id': 46, 'fixed_ips': [{'subnet_id': '87ae8fd7-5815-4a22-aae0-cc7bfba68220', 'ip_address': '10.2.5.93'}], 'allowed_address_pairs': [], 'extra_dhcp_opts': [], 'security_groups': [], 'description': '', 'binding:vnic_type': 'normal', 'binding:profile': {}, 'binding:host_id': 'np0000183503', 'binding:vif_type': 'ovs', 'binding:vif_details': {'port_filter': True, 'connectivity': 'l2', 'ovs_create_tap': False, 'bridge_name': 'br-int', 'datapath_type': 'system', 'bound_drivers': {'0': 'ovn'}}, 'port_security_enabled': False, 'tags': [], 'created_at': '2026-06-30T00:19:54Z', 'updated_at': '2026-06-30T00:19:54Z', 'revision_number': 3, 'tenant_id': '6aa0c750f626427b8f4527ed648aefa5', 'network': {'id': '5272daef-b5b5-4316-bc7f-359fe3a8cab3', 'name': 'admin_net', 'tenant_id': '6aa0c750f626427b8f4527ed648aefa5', 'project_id': '6aa0c750f626427b8f4527ed648aefa5', 'admin_state_up': True, 'mtu': 1372, 'status': 'ACTIVE', 'subnets': ['87ae8fd7-5815-4a22-aae0-cc7bfba68220'], 'standard_attr_id': 42, 'shared': False, 'availability_zone_hints': [], 'availability_zones': [], 'ipv4_address_scope': None, 'ipv6_address_scope': None, 'router:external': False, 'qinq': False, 'vlan_transparent': False, 'description': '', 'port_security_enabled': True, 'tags': [], 'created_at': '2026-06-30T00:19:45Z', 'updated_at': '2026-06-30T00:19:47Z', 'revision_number': 2, 'provider:network_type': 'geneve', 'provider:physical_network': None, 'provider:segmentation_id': 52045}}, resource_type=ports, if_exists=True) {{(pid=103311) do_commit /opt/stack/data/venv/lib/python3.12/site-packages/ovsdbapp/backend/ovs_idl/transaction.py:89}}
Jun 30 00:19:55.034966 np0000183503 devstack@neutron-api.service[103311]: DEBUG ovsdbapp.backend.ovs_idl.transaction [None req-bbda491d-7817-41e5-a537-29f6abf2e05a None None] Running txn n=1 command(idx=1): SetLSwitchPortCommand(_result=None, lport=da3e4061-0de0-4786-9f44-958a78f8bc6f, external_ids_update=None, columns={'external_ids': {'neutron:port_name': '', 'neutron:device_id': 'manila-admin-share', 'neutron:project_id': '6aa0c750f626427b8f4527ed648aefa5', 'neutron:cidrs': '10.2.5.93/24', 'neutron:device_owner': 'manila:share', 'neutron:subnet_pool_addr_scope4': '', 'neutron:subnet_pool_addr_scope6': '', 'neutron:network_name': 'neutron-5272daef-b5b5-4316-bc7f-359fe3a8cab3', 'neutron:security_group_ids': '', 'neutron:revision_number': '3', 'neutron:vnic_type': 'normal', 'neutron:port_capabilities': '', 'neutron:mtu': ''}, 'parent_name': [], 'options': {'requested-chassis': 'np0000183503'}, 'enabled': True, 'port_security': [], 'dhcpv4_options': [UUID('10ed23f8-1a7c-4e45-b6a9-ddec726fd4a4')], 'dhcpv6_options': [], 'type': '', 'addresses': ['fa:16:3e:27:9b:4d 10.2.5.93', 'unknown'], 'ha_chassis_group': [], 'tag_request': []}, if_exists=False) {{(pid=103311) do_commit /opt/stack/data/venv/lib/python3.12/site-packages/ovsdbapp/backend/ovs_idl/transaction.py:89}}
Jun 30 00:19:55.036538 np0000183503 devstack@neutron-api.service[103311]: DEBUG ovsdbapp.backend.ovs_idl.transaction [None req-bbda491d-7817-41e5-a537-29f6abf2e05a None None] Running txn n=1 command(idx=2): PgDelPortCommand(_result=None, port_group=neutron_pg_drop, lsp=['da3e4061-0de0-4786-9f44-958a78f8bc6f'], if_exists=False) {{(pid=103311) do_commit /opt/stack/data/venv/lib/python3.12/site-packages/ovsdbapp/backend/ovs_idl/transaction.py:89}}
Jun 30 00:19:55.045100 np0000183503 devstack@neutron-api.service[103314]: DEBUG neutron.plugins.ml2.drivers.ovn.mech_driver.ovsdb.ovsdb_monitor [None req-7dc64913-a849-4fea-9989-a9cf28b663e3 None None] Touching Hash Ring node "f4f2dc3bcac150c9b1ebace5083e169e" from IDL notify handler {{(pid=103314) notify /opt/stack/neutron/neutron/plugins/ml2/drivers/ovn/mech_driver/ovsdb/ovsdb_monitor.py:1007}}
Jun 30 00:19:55.050463 np0000183503 devstack@neutron-api.service[103314]: DEBUG neutron.plugins.ml2.drivers.ovn.mech_driver.ovsdb.ovsdb_monitor [None req-7dc64913-a849-4fea-9989-a9cf28b663e3 None None] Hash Ring: Node f4f2dc3bcac150c9b1ebace5083e169e (host: np0000183503) handling event "update" for row 7b9fc4cc-04a4-4fce-9482-686d4645d19f (table: Logical_Switch_Port) {{(pid=103314) notify /opt/stack/neutron/neutron/plugins/ml2/drivers/ovn/mech_driver/ovsdb/ovsdb_monitor.py:1015}}
Jun 30 00:19:55.062346 np0000183503 devstack@neutron-api.service[103311]: DEBUG neutron.plugins.ml2.drivers.ovn.mech_driver.ovsdb.ovsdb_monitor [None req-a01ce089-7364-41b7-9faf-6a5d6fbd8811 None None] Hash Ring: Node 6e4d6fe65395518d8d642203d96c5180 (host: np0000183503) handling event "update" for row a79d0eee-0a12-41f0-a14e-0ac8d7a1fa90 (table: Port_Binding) {{(pid=103311) notify /opt/stack/neutron/neutron/plugins/ml2/drivers/ovn/mech_driver/ovsdb/ovsdb_monitor.py:1015}}
Jun 30 00:19:55.087813 np0000183503 devstack@neutron-api.service[103311]: INFO neutron.db.ovn_revision_numbers_db [None req-a492d5c4-3c62-496b-9b6b-c5b124ce6cf9 service neutron] Successfully bumped revision number for resource da3e4061-0de0-4786-9f44-958a78f8bc6f (type: ports) to 3
Jun 30 00:19:55.101547 np0000183503 devstack@neutron-api.service[103311]: DEBUG neutron.pecan_wsgi.hooks.policy_enforcement [None req-a492d5c4-3c62-496b-9b6b-c5b124ce6cf9 service neutron] Attributes excluded by policy engine: ['standard_attr_id'] {{(pid=103311) _exclude_attributes_by_policy /opt/stack/neutron/neutron/pecan_wsgi/hooks/policy_enforcement.py:259}}
Jun 30 00:19:55.101836 np0000183503 devstack@neutron-api.service[103311]: DEBUG neutron_lib.callbacks.manager [None req-a492d5c4-3c62-496b-9b6b-c5b124ce6cf9 service neutron] Publish callbacks ['neutron.notifiers.nova.Notifier._send_nova_notification-998130'] for port (None), before_response {{(pid=103311) _notify_loop /opt/stack/data/venv/lib/python3.12/site-packages/neutron_lib/callbacks/manager.py:184}}
Jun 30 00:19:55.116177 np0000183503 devstack@neutron-api.service[103311]: [pid: 103311|app: 0|req: 26/104] 199.204.45.53 () {68 vars in 1297 bytes} [Tue Jun 30 00:19:54 2026] POST /networking/v2.0/ports => generated 926 bytes in 721 msecs (HTTP/1.1 201) 4 headers in 162 bytes (1 switches on core 0)
Jun 30 00:19:55.497897 np0000183503 devstack@neutron-api.service[103311]: DEBUG neutron.plugins.ml2.drivers.ovn.mech_driver.ovsdb.ovsdb_monitor [None req-a01ce089-7364-41b7-9faf-6a5d6fbd8811 None None] Hash Ring: Node 6e4d6fe65395518d8d642203d96c5180 (host: np0000183503) handling event "update" for row a79d0eee-0a12-41f0-a14e-0ac8d7a1fa90 (table: Port_Binding) {{(pid=103311) notify /opt/stack/neutron/neutron/plugins/ml2/drivers/ovn/mech_driver/ovsdb/ovsdb_monitor.py:1015}}
Jun 30 00:19:55.541460 np0000183503 devstack@neutron-api.service[103311]: DEBUG neutron.plugins.ml2.drivers.ovn.mech_driver.ovsdb.ovsdb_monitor [None req-a01ce089-7364-41b7-9faf-6a5d6fbd8811 None None] Hash Ring: Node 6e4d6fe65395518d8d642203d96c5180 (host: np0000183503) handling event "update" for row a79d0eee-0a12-41f0-a14e-0ac8d7a1fa90 (table: Port_Binding) {{(pid=103311) notify /opt/stack/neutron/neutron/plugins/ml2/drivers/ovn/mech_driver/ovsdb/ovsdb_monitor.py:1015}}
Jun 30 00:19:55.545774 np0000183503 devstack@neutron-api.service[103314]: DEBUG neutron.plugins.ml2.drivers.ovn.mech_driver.ovsdb.ovsdb_monitor [None req-7dc64913-a849-4fea-9989-a9cf28b663e3 None None] Touching Hash Ring node "f4f2dc3bcac150c9b1ebace5083e169e" from IDL notify handler {{(pid=103314) notify /opt/stack/neutron/neutron/plugins/ml2/drivers/ovn/mech_driver/ovsdb/ovsdb_monitor.py:1007}}
Jun 30 00:19:55.555324 np0000183503 devstack@neutron-api.service[103314]: DEBUG neutron.plugins.ml2.drivers.ovn.mech_driver.ovsdb.ovsdb_monitor [None req-7dc64913-a849-4fea-9989-a9cf28b663e3 None None] Hash Ring: Node f4f2dc3bcac150c9b1ebace5083e169e (host: np0000183503) handling event "update" for row 7b9fc4cc-04a4-4fce-9482-686d4645d19f (table: Logical_Switch_Port) {{(pid=103314) notify /opt/stack/neutron/neutron/plugins/ml2/drivers/ovn/mech_driver/ovsdb/ovsdb_monitor.py:1015}}
Jun 30 00:19:55.556997 np0000183503 devstack@neutron-api.service[103314]: DEBUG ovsdbapp.backend.ovs_idl.event [None req-7dc64913-a849-4fea-9989-a9cf28b663e3 None None] Matched UPDATE: LogicalSwitchPortUpdateUpEvent(events=('update',), table='Logical_Switch_Port', conditions=None, old_conditions=None), priority=20 to row=Logical_Switch_Port(uuid=7b9fc4cc-04a4-4fce-9482-686d4645d19f, addresses=['fa:16:3e:27:9b:4d 10.2.5.93', 'unknown'], dhcpv4_options=10ed23f8-1a7c-4e45-b6a9-ddec726fd4a4, dhcpv6_options=[], dynamic_addresses=[], enabled=True, external_ids={'neutron:cidrs': '10.2.5.93/24', 'neutron:device_id': 'manila-admin-share', 'neutron:device_owner': 'manila:share', 'neutron:mtu': '', 'neutron:network_name': 'neutron-5272daef-b5b5-4316-bc7f-359fe3a8cab3', 'neutron:port_capabilities': '', 'neutron:port_name': '', 'neutron:project_id': '6aa0c750f626427b8f4527ed648aefa5', 'neutron:revision_number': '3', 'neutron:security_group_ids': '', 'neutron:subnet_pool_addr_scope4': '', 'neutron:subnet_pool_addr_scope6': '', 'neutron:vnic_type': 'normal'}, ha_chassis_group=[], mirror_rules=[], name='da3e4061-0de0-4786-9f44-958a78f8bc6f', options={'requested-chassis': 'np0000183503'}, parent_name=[], port_security=[], tag=[], tag_request=[], type='', up=True) old=Logical_Switch_Port(uuid=7b9fc4cc-04a4-4fce-9482-686d4645d19f, up=False) {{(pid=103314) matches /opt/stack/data/venv/lib/python3.12/site-packages/ovsdbapp/backend/ovs_idl/event.py:55}}
Jun 30 00:19:55.558249 np0000183503 devstack@neutron-api.service[103314]: INFO neutron.plugins.ml2.drivers.ovn.mech_driver.mech_driver [None req-37995be1-980c-4e44-8e7c-2296f7b779c7 None None] OVN reports status up for port: da3e4061-0de0-4786-9f44-958a78f8bc6f
Jun 30 00:19:55.565053 np0000183503 devstack@neutron-api.service[103314]: DEBUG neutron.db.provisioning_blocks [None req-37995be1-980c-4e44-8e7c-2296f7b779c7 None None] Provisioning for port da3e4061-0de0-4786-9f44-958a78f8bc6f completed by entity L2. {{(pid=103314) provisioning_complete /opt/stack/neutron/neutron/db/provisioning_blocks.py:133}}
Jun 30 00:19:55.571873 np0000183503 devstack@neutron-api.service[103314]: DEBUG neutron.db.provisioning_blocks [None req-37995be1-980c-4e44-8e7c-2296f7b779c7 None None] Provisioning complete for port da3e4061-0de0-4786-9f44-958a78f8bc6f triggered by entity L2. {{(pid=103314) provisioning_complete /opt/stack/neutron/neutron/db/provisioning_blocks.py:141}}
Jun 30 00:19:55.572037 np0000183503 devstack@neutron-api.service[103314]: DEBUG neutron_lib.callbacks.manager [None req-37995be1-980c-4e44-8e7c-2296f7b779c7 None None] Publish callbacks ['neutron.plugins.ml2.plugin.Ml2Plugin._port_provisioned-366865'] for port (da3e4061-0de0-4786-9f44-958a78f8bc6f), provisioning_complete {{(pid=103314) _notify_loop /opt/stack/data/venv/lib/python3.12/site-packages/neutron_lib/callbacks/manager.py:184}}
Jun 30 00:19:55.572181 np0000183503 devstack@neutron-api.service[103314]: INFO neutron.plugins.ml2.plugin [None req-37995be1-980c-4e44-8e7c-2296f7b779c7 None None] Attempt 1 to provision port da3e4061-0de0-4786-9f44-958a78f8bc6f
Jun 30 00:19:55.619123 np0000183503 devstack@neutron-api.service[103314]: DEBUG neutron.plugins.ml2.plugin [None req-37995be1-980c-4e44-8e7c-2296f7b779c7 None None] Current status of the port da3e4061-0de0-4786-9f44-958a78f8bc6f is: DOWN; New status is: ACTIVE {{(pid=103314) _update_individual_port_db_status /opt/stack/neutron/neutron/plugins/ml2/plugin.py:2473}}
Jun 30 00:19:55.619389 np0000183503 devstack@neutron-api.service[103314]: DEBUG neutron_lib.callbacks.manager [None req-37995be1-980c-4e44-8e7c-2296f7b779c7 None None] Publish callbacks ['neutron.plugins.ml2.plugin.SecurityGroupDbMixin._ensure_default_security_group_handler-111407', 'neutron.services.ovn_l3.plugin.OVNL3RouterPlugin._port_update-8104346675274', 'neutron.db.l3_db.L3_NAT_dbonly_mixin._prevent_internal_ip_change_for_fip-8104349151576'] for port (da3e4061-0de0-4786-9f44-958a78f8bc6f), before_update {{(pid=103314) _notify_loop /opt/stack/data/venv/lib/python3.12/site-packages/neutron_lib/callbacks/manager.py:184}}
Jun 30 00:19:55.642831 np0000183503 devstack@neutron-api.service[103314]: DEBUG neutron.plugins.ml2.db [None req-37995be1-980c-4e44-8e7c-2296f7b779c7 None None] For port da3e4061-0de0-4786-9f44-958a78f8bc6f, host np0000183503, got binding levels [PortBindingLevel(driver='ovn',host='np0000183503',level=0,port_id=da3e4061-0de0-4786-9f44-958a78f8bc6f,segment=NetworkSegment(07c6a5d4-9a85-402d-b8cd-f149c90ae02b),segment_id=07c6a5d4-9a85-402d-b8cd-f149c90ae02b)] {{(pid=103314) get_binding_level_objs /opt/stack/neutron/neutron/plugins/ml2/db.py:74}}
Jun 30 00:19:55.643145 np0000183503 devstack@neutron-api.service[103314]: DEBUG neutron.plugins.ml2.drivers.ovn.mech_driver.mech_driver [None req-37995be1-980c-4e44-8e7c-2296f7b779c7 None None] No provisioning block for port da3e4061-0de0-4786-9f44-958a78f8bc6f since it is active {{(pid=103314) _is_port_provisioning_required /opt/stack/neutron/neutron/plugins/ml2/drivers/ovn/mech_driver/mech_driver.py:894}}
Jun 30 00:19:55.711240 np0000183503 devstack@neutron-api.service[103314]: DEBUG neutron.plugins.ml2.drivers.ovn.mech_driver.ovsdb.commands [None req-37995be1-980c-4e44-8e7c-2296f7b779c7 None None] Converting tag [] to a tag_request {{(pid=103314) _tag_column_to_tag_request /opt/stack/neutron/neutron/plugins/ml2/drivers/ovn/mech_driver/ovsdb/commands.py:205}}
Jun 30 00:19:55.712572 np0000183503 devstack@neutron-api.service[103314]: DEBUG ovsdbapp.backend.ovs_idl.transaction [None req-7dc64913-a849-4fea-9989-a9cf28b663e3 None None] Running txn n=1 command(idx=0): CheckRevisionNumberCommand(_result=None, name=da3e4061-0de0-4786-9f44-958a78f8bc6f, resource={'id': 'da3e4061-0de0-4786-9f44-958a78f8bc6f', 'name': '', 'network_id': '5272daef-b5b5-4316-bc7f-359fe3a8cab3', 'project_id': '6aa0c750f626427b8f4527ed648aefa5', 'mac_address': 'fa:16:3e:27:9b:4d', 'admin_state_up': True, 'status': 'ACTIVE', 'device_id': 'manila-admin-share', 'device_owner': 'manila:share', 'standard_attr_id': 46, 'fixed_ips': [{'subnet_id': '87ae8fd7-5815-4a22-aae0-cc7bfba68220', 'ip_address': '10.2.5.93'}], 'allowed_address_pairs': [], 'extra_dhcp_opts': [], 'security_groups': [], 'description': '', 'binding:vnic_type': 'normal', 'binding:profile': {}, 'binding:host_id': 'np0000183503', 'binding:vif_type': 'ovs', 'binding:vif_details': {'port_filter': True, 'connectivity': 'l2', 'ovs_create_tap': False, 'bridge_name': 'br-int', 'datapath_type': 'system', 'bound_drivers': {'0': 'ovn'}}, 'port_security_enabled': False, 'tags': [], 'created_at': '2026-06-30T00:19:54Z', 'updated_at': '2026-06-30T00:19:55Z', 'revision_number': 4, 'tenant_id': '6aa0c750f626427b8f4527ed648aefa5', 'network': {'id': '5272daef-b5b5-4316-bc7f-359fe3a8cab3', 'name': 'admin_net', 'tenant_id': '6aa0c750f626427b8f4527ed648aefa5', 'project_id': '6aa0c750f626427b8f4527ed648aefa5', 'admin_state_up': True, 'mtu': 1372, 'status': 'ACTIVE', 'subnets': ['87ae8fd7-5815-4a22-aae0-cc7bfba68220'], 'standard_attr_id': 42, 'shared': False, 'availability_zone_hints': [], 'availability_zones': [], 'ipv4_address_scope': None, 'ipv6_address_scope': None, 'router:external': False, 'qinq': False, 'vlan_transparent': False, 'description': '', 'port_security_enabled': True, 'tags': [], 'created_at': '2026-06-30T00:19:45Z', 'updated_at': '2026-06-30T00:19:47Z', 'revision_number': 2, 'provider:network_type': 'geneve', 'provider:physical_network': None, 'provider:segmentation_id': 52045}}, resource_type=ports, if_exists=True) {{(pid=103314) do_commit /opt/stack/data/venv/lib/python3.12/site-packages/ovsdbapp/backend/ovs_idl/transaction.py:89}}
Jun 30 00:19:55.713432 np0000183503 devstack@neutron-api.service[103314]: DEBUG ovsdbapp.backend.ovs_idl.transaction [None req-7dc64913-a849-4fea-9989-a9cf28b663e3 None None] Running txn n=1 command(idx=1): SetLSwitchPortCommand(_result=None, lport=da3e4061-0de0-4786-9f44-958a78f8bc6f, external_ids_update=None, columns={'external_ids': {'neutron:port_name': '', 'neutron:device_id': 'manila-admin-share', 'neutron:project_id': '6aa0c750f626427b8f4527ed648aefa5', 'neutron:cidrs': '10.2.5.93/24', 'neutron:device_owner': 'manila:share', 'neutron:subnet_pool_addr_scope4': '', 'neutron:subnet_pool_addr_scope6': '', 'neutron:network_name': 'neutron-5272daef-b5b5-4316-bc7f-359fe3a8cab3', 'neutron:security_group_ids': '', 'neutron:revision_number': '4', 'neutron:vnic_type': 'normal', 'neutron:port_capabilities': '', 'neutron:mtu': ''}, 'parent_name': [], 'options': {'requested-chassis': 'np0000183503'}, 'enabled': True, 'port_security': [], 'dhcpv4_options': [UUID('10ed23f8-1a7c-4e45-b6a9-ddec726fd4a4')], 'dhcpv6_options': [], 'type': '', 'addresses': ['fa:16:3e:27:9b:4d 10.2.5.93', 'unknown'], 'ha_chassis_group': [], 'tag_request': []}, if_exists=False) {{(pid=103314) do_commit /opt/stack/data/venv/lib/python3.12/site-packages/ovsdbapp/backend/ovs_idl/transaction.py:89}}
Jun 30 00:19:55.715154 np0000183503 devstack@neutron-api.service[103314]: DEBUG ovsdbapp.backend.ovs_idl.transaction [None req-7dc64913-a849-4fea-9989-a9cf28b663e3 None None] Running txn n=1 command(idx=2): PgDelPortCommand(_result=None, port_group=neutron_pg_drop, lsp=['da3e4061-0de0-4786-9f44-958a78f8bc6f'], if_exists=False) {{(pid=103314) do_commit /opt/stack/data/venv/lib/python3.12/site-packages/ovsdbapp/backend/ovs_idl/transaction.py:89}}
Jun 30 00:19:55.722556 np0000183503 devstack@neutron-api.service[103314]: DEBUG neutron.plugins.ml2.drivers.ovn.mech_driver.ovsdb.ovsdb_monitor [None req-7dc64913-a849-4fea-9989-a9cf28b663e3 None None] Touching Hash Ring node "f4f2dc3bcac150c9b1ebace5083e169e" from IDL notify handler {{(pid=103314) notify /opt/stack/neutron/neutron/plugins/ml2/drivers/ovn/mech_driver/ovsdb/ovsdb_monitor.py:1007}}
Jun 30 00:19:55.727250 np0000183503 devstack@neutron-api.service[103311]: DEBUG neutron.plugins.ml2.drivers.ovn.mech_driver.ovsdb.ovsdb_monitor [None req-a01ce089-7364-41b7-9faf-6a5d6fbd8811 None None] Hash Ring: Node 6e4d6fe65395518d8d642203d96c5180 (host: np0000183503) handling event "update" for row a79d0eee-0a12-41f0-a14e-0ac8d7a1fa90 (table: Port_Binding) {{(pid=103311) notify /opt/stack/neutron/neutron/plugins/ml2/drivers/ovn/mech_driver/ovsdb/ovsdb_monitor.py:1015}}
Jun 30 00:19:55.727689 np0000183503 devstack@neutron-api.service[103314]: DEBUG neutron.plugins.ml2.drivers.ovn.mech_driver.ovsdb.ovsdb_monitor [None req-7dc64913-a849-4fea-9989-a9cf28b663e3 None None] Hash Ring: Node f4f2dc3bcac150c9b1ebace5083e169e (host: np0000183503) handling event "update" for row 7b9fc4cc-04a4-4fce-9482-686d4645d19f (table: Logical_Switch_Port) {{(pid=103314) notify /opt/stack/neutron/neutron/plugins/ml2/drivers/ovn/mech_driver/ovsdb/ovsdb_monitor.py:1015}}
Jun 30 00:19:55.751681 np0000183503 devstack@neutron-api.service[103314]: INFO neutron.db.ovn_revision_numbers_db [None req-37995be1-980c-4e44-8e7c-2296f7b779c7 None None] Successfully bumped revision number for resource da3e4061-0de0-4786-9f44-958a78f8bc6f (type: ports) to 4
Jun 30 00:19:55.755083 np0000183503 devstack@neutron-api.service[103314]: DEBUG neutron_lib.callbacks.manager [None req-37995be1-980c-4e44-8e7c-2296f7b779c7 None None] Publish callbacks ['neutron.plugins.ml2.ovo_rpc._ObjectChangeHandler.handle_event-6467997', 'neutron.services.ovn_l3.plugin.OVNL3RouterPlugin._port_update-8104346675274'] for port (da3e4061-0de0-4786-9f44-958a78f8bc6f), after_update {{(pid=103314) _notify_loop /opt/stack/data/venv/lib/python3.12/site-packages/neutron_lib/callbacks/manager.py:184}}
Jun 30 00:19:55.776548 np0000183503 devstack@neutron-api.service[103314]: DEBUG neutron.api.rpc.handlers.resources_rpc [None req-53d61715-aec7-4872-b9dc-1eea3d3aba1f None None] Pushing event updated for resources: {'Port': ['ID=da3e4061-0de0-4786-9f44-958a78f8bc6f,revision_number=4']} {{(pid=103314) push /opt/stack/neutron/neutron/api/rpc/handlers/resources_rpc.py:237}}
Jun 30 00:19:55.795511 np0000183503 devstack@neutron-api.service[103314]: DEBUG ovsdbapp.backend.ovs_idl.transaction [None req-7dc64913-a849-4fea-9989-a9cf28b663e3 None None] Running txn n=1 command(idx=0): DbSetCommand(_result=None, table=Logical_Switch_Port, record=da3e4061-0de0-4786-9f44-958a78f8bc6f, col_values=(('external_ids', {'neutron:host_id': 'np0000183503'}),), if_exists=True) {{(pid=103314) do_commit /opt/stack/data/venv/lib/python3.12/site-packages/ovsdbapp/backend/ovs_idl/transaction.py:89}}
Jun 30 00:19:55.804199 np0000183503 devstack@neutron-api.service[103314]: DEBUG neutron.plugins.ml2.drivers.ovn.mech_driver.ovsdb.ovsdb_monitor [None req-7dc64913-a849-4fea-9989-a9cf28b663e3 None None] Touching Hash Ring node "f4f2dc3bcac150c9b1ebace5083e169e" from IDL notify handler {{(pid=103314) notify /opt/stack/neutron/neutron/plugins/ml2/drivers/ovn/mech_driver/ovsdb/ovsdb_monitor.py:1007}}
Jun 30 00:19:55.806892 np0000183503 devstack@neutron-api.service[103311]: DEBUG neutron.plugins.ml2.drivers.ovn.mech_driver.ovsdb.ovsdb_monitor [None req-a01ce089-7364-41b7-9faf-6a5d6fbd8811 None None] Hash Ring: Node 6e4d6fe65395518d8d642203d96c5180 (host: np0000183503) handling event "update" for row a79d0eee-0a12-41f0-a14e-0ac8d7a1fa90 (table: Port_Binding) {{(pid=103311) notify /opt/stack/neutron/neutron/plugins/ml2/drivers/ovn/mech_driver/ovsdb/ovsdb_monitor.py:1015}}
Jun 30 00:19:55.810066 np0000183503 devstack@neutron-api.service[103314]: DEBUG neutron.plugins.ml2.drivers.ovn.mech_driver.ovsdb.ovsdb_monitor [None req-7dc64913-a849-4fea-9989-a9cf28b663e3 None None] Hash Ring: Node f4f2dc3bcac150c9b1ebace5083e169e (host: np0000183503) handling event "update" for row 7b9fc4cc-04a4-4fce-9482-686d4645d19f (table: Logical_Switch_Port) {{(pid=103314) notify /opt/stack/neutron/neutron/plugins/ml2/drivers/ovn/mech_driver/ovsdb/ovsdb_monitor.py:1015}}
Jun 30 00:19:56.342833 np0000183503 devstack@neutron-api.service[103314]: DEBUG neutron.pecan_wsgi.hooks.policy_enforcement [None req-7bacb570-e89d-4373-9de9-f28a97cff816 service neutron] Attributes excluded by policy engine: ['standard_attr_id', 'shared'] {{(pid=103314) _exclude_attributes_by_policy /opt/stack/neutron/neutron/pecan_wsgi/hooks/policy_enforcement.py:259}}
Jun 30 00:19:56.344161 np0000183503 devstack@neutron-api.service[103314]: [pid: 103314|app: 0|req: 26/105] 199.204.45.53 () {64 vars in 1360 bytes} [Tue Jun 30 00:19:56 2026] GET /networking/v2.0/subnets/87ae8fd7-5815-4a22-aae0-cc7bfba68220 => generated 625 bytes in 29 msecs (HTTP/1.1 200) 4 headers in 157 bytes (1 switches on core 0)
Jun 30 00:19:57.225649 np0000183503 devstack@neutron-api.service[103312]: DEBUG neutron.pecan_wsgi.hooks.policy_enforcement [None req-5c3cb914-11d8-4124-8511-dc41d9231b65 service neutron] Attributes excluded by policy engine: ['standard_attr_id'] {{(pid=103312) _exclude_attributes_by_policy /opt/stack/neutron/neutron/pecan_wsgi/hooks/policy_enforcement.py:259}}
Jun 30 00:19:57.226817 np0000183503 devstack@neutron-api.service[103312]: [pid: 103312|app: 0|req: 28/106] 199.204.45.53 () {64 vars in 1362 bytes} [Tue Jun 30 00:19:57 2026] GET /networking/v2.0/ports?device_id=manila-admin-share&binding%3Ahost_id=np0000183503 => generated 931 bytes in 40 msecs (HTTP/1.1 200) 4 headers in 157 bytes (1 switches on core 0)
Jun 30 00:19:57.704601 np0000183503 devstack@neutron-api.service[103313]: DEBUG neutron.pecan_wsgi.hooks.policy_enforcement [None req-a5f2a557-cc8e-4571-8ead-98925b5d5e12 service neutron] Attributes excluded by policy engine: ['standard_attr_id', 'shared'] {{(pid=103313) _exclude_attributes_by_policy /opt/stack/neutron/neutron/pecan_wsgi/hooks/policy_enforcement.py:259}}
Jun 30 00:19:57.705845 np0000183503 devstack@neutron-api.service[103313]: [pid: 103313|app: 0|req: 27/107] 199.204.45.53 () {64 vars in 1360 bytes} [Tue Jun 30 00:19:57 2026] GET /networking/v2.0/subnets/87ae8fd7-5815-4a22-aae0-cc7bfba68220 => generated 625 bytes in 30 msecs (HTTP/1.1 200) 4 headers in 157 bytes (1 switches on core 0)
Jun 30 00:19:58.340938 np0000183503 devstack@neutron-api.service[103312]: DEBUG futurist.periodics [-] Submitting periodic callback 'neutron.plugins.ml2.drivers.ovn.mech_driver.ovsdb.maintenance.HashRingHealthCheckPeriodics.touch_hash_ring_node' {{(pid=103312) _process_scheduled /opt/stack/data/venv/lib/python3.12/site-packages/futurist/periodics.py:784}}
Jun 30 00:19:58.342211 np0000183503 devstack@neutron-api.service[103312]: DEBUG neutron.plugins.ml2.drivers.ovn.mech_driver.ovsdb.maintenance [-] Touching Hash Ring node "f6302187b8d35fce983f5756654024cf" from periodic health check thread {{(pid=103312) touch_hash_ring_node /opt/stack/neutron/neutron/plugins/ml2/drivers/ovn/mech_driver/ovsdb/maintenance.py:1419}}
Jun 30 00:19:59.192089 np0000183503 devstack@neutron-api.service[103311]: DEBUG futurist.periodics [-] Submitting periodic callback 'neutron.plugins.ml2.drivers.ovn.mech_driver.ovsdb.maintenance.HashRingHealthCheckPeriodics.touch_hash_ring_node' {{(pid=103311) _process_scheduled /opt/stack/data/venv/lib/python3.12/site-packages/futurist/periodics.py:784}}
Jun 30 00:19:59.192888 np0000183503 devstack@neutron-api.service[103311]: DEBUG neutron.plugins.ml2.drivers.ovn.mech_driver.ovsdb.maintenance [-] Touching Hash Ring node "6e4d6fe65395518d8d642203d96c5180" from periodic health check thread {{(pid=103311) touch_hash_ring_node /opt/stack/neutron/neutron/plugins/ml2/drivers/ovn/mech_driver/ovsdb/maintenance.py:1419}}
Jun 30 00:19:59.192974 np0000183503 devstack@neutron-api.service[103313]: DEBUG futurist.periodics [-] Submitting periodic callback 'neutron.plugins.ml2.drivers.ovn.mech_driver.ovsdb.maintenance.HashRingHealthCheckPeriodics.touch_hash_ring_node' {{(pid=103313) _process_scheduled /opt/stack/data/venv/lib/python3.12/site-packages/futurist/periodics.py:784}}
Jun 30 00:19:59.193480 np0000183503 devstack@neutron-api.service[103313]: DEBUG neutron.plugins.ml2.drivers.ovn.mech_driver.ovsdb.maintenance [-] Touching Hash Ring node "a9115b8015b65fccac21b03c439f64c1" from periodic health check thread {{(pid=103313) touch_hash_ring_node /opt/stack/neutron/neutron/plugins/ml2/drivers/ovn/mech_driver/ovsdb/maintenance.py:1419}}
Jun 30 00:19:59.266330 np0000183503 devstack@neutron-api.service[103314]: DEBUG futurist.periodics [-] Submitting periodic callback 'neutron.plugins.ml2.drivers.ovn.mech_driver.ovsdb.maintenance.HashRingHealthCheckPeriodics.touch_hash_ring_node' {{(pid=103314) _process_scheduled /opt/stack/data/venv/lib/python3.12/site-packages/futurist/periodics.py:784}}
Jun 30 00:19:59.266901 np0000183503 devstack@neutron-api.service[103314]: DEBUG neutron.plugins.ml2.drivers.ovn.mech_driver.ovsdb.maintenance [-] Touching Hash Ring node "f4f2dc3bcac150c9b1ebace5083e169e" from periodic health check thread {{(pid=103314) touch_hash_ring_node /opt/stack/neutron/neutron/plugins/ml2/drivers/ovn/mech_driver/ovsdb/maintenance.py:1419}}
Jun 30 00:20:08.352765 np0000183503 devstack@neutron-api.service[103312]: DEBUG dbcounter [-] [103312] Writing DB stats neutron:UPDATE=5,neutron:SELECT=25 {{(pid=103312) stat_writer /opt/stack/data/venv/lib/python3.12/site-packages/dbcounter.py:115}}
Jun 30 00:20:09.204274 np0000183503 devstack@neutron-api.service[103311]: DEBUG dbcounter [-] [103311] Writing DB stats neutron:SELECT=183,neutron:UPDATE=17,neutron:INSERT=11,neutron:DELETE=2 {{(pid=103311) stat_writer /opt/stack/data/venv/lib/python3.12/site-packages/dbcounter.py:115}}
Jun 30 00:20:09.206373 np0000183503 devstack@neutron-api.service[103313]: DEBUG dbcounter [-] [103313] Writing DB stats neutron:SELECT=256,neutron:UPDATE=8,neutron:INSERT=11,neutron:DELETE=2 {{(pid=103313) stat_writer /opt/stack/data/venv/lib/python3.12/site-packages/dbcounter.py:115}}
Jun 30 00:20:09.277566 np0000183503 devstack@neutron-api.service[103314]: DEBUG dbcounter [-] [103314] Writing DB stats neutron:SELECT=350,neutron:INSERT=30,neutron:UPDATE=33,neutron:DELETE=3 {{(pid=103314) stat_writer /opt/stack/data/venv/lib/python3.12/site-packages/dbcounter.py:115}}
Jun 30 00:20:10.542740 np0000183503 devstack@neutron-api.service[103311]: [pid: 103311|app: 0|req: 27/108] 199.204.45.53 () {62 vars in 1052 bytes} [Tue Jun 30 00:20:10 2026] GET /networking => generated 129 bytes in 2 msecs (HTTP/1.1 200) 3 headers in 91 bytes (1 switches on core 0)
Jun 30 00:20:10.632374 np0000183503 devstack@neutron-api.service[103314]: DEBUG neutron.pecan_wsgi.hooks.policy_enforcement [None req-933a7233-14f5-435c-92e7-a47b9ba798d9 demo demo] Attributes excluded by policy engine: ['standard_attr_id', 'provider:network_type', 'provider:physical_network', 'provider:segmentation_id'] {{(pid=103314) _exclude_attributes_by_policy /opt/stack/neutron/neutron/pecan_wsgi/hooks/policy_enforcement.py:259}}
Jun 30 00:20:10.633848 np0000183503 devstack@neutron-api.service[103314]: [pid: 103314|app: 0|req: 27/109] 199.204.45.53 () {64 vars in 1341 bytes} [Tue Jun 30 00:20:10 2026] GET /networking/v2.0/networks?router%3Aexternal=True => generated 659 bytes in 52 msecs (HTTP/1.1 200) 4 headers in 157 bytes (1 switches on core 0)
Jun 30 00:20:13.342490 np0000183503 devstack@neutron-api.service[103312]: DEBUG futurist.periodics [-] Submitting periodic callback 'neutron.plugins.ml2.drivers.ovn.mech_driver.ovsdb.maintenance.HashRingHealthCheckPeriodics.touch_hash_ring_node' {{(pid=103312) _process_scheduled /opt/stack/data/venv/lib/python3.12/site-packages/futurist/periodics.py:784}}
Jun 30 00:20:13.343221 np0000183503 devstack@neutron-api.service[103312]: DEBUG neutron.plugins.ml2.drivers.ovn.mech_driver.ovsdb.maintenance [-] Touching Hash Ring node "f6302187b8d35fce983f5756654024cf" from periodic health check thread {{(pid=103312) touch_hash_ring_node /opt/stack/neutron/neutron/plugins/ml2/drivers/ovn/mech_driver/ovsdb/maintenance.py:1419}}
Jun 30 00:20:14.193060 np0000183503 devstack@neutron-api.service[103311]: DEBUG futurist.periodics [-] Submitting periodic callback 'neutron.plugins.ml2.drivers.ovn.mech_driver.ovsdb.maintenance.HashRingHealthCheckPeriodics.touch_hash_ring_node' {{(pid=103311) _process_scheduled /opt/stack/data/venv/lib/python3.12/site-packages/futurist/periodics.py:784}}
Jun 30 00:20:14.193731 np0000183503 devstack@neutron-api.service[103313]: DEBUG futurist.periodics [-] Submitting periodic callback 'neutron.plugins.ml2.drivers.ovn.mech_driver.ovsdb.maintenance.HashRingHealthCheckPeriodics.touch_hash_ring_node' {{(pid=103313) _process_scheduled /opt/stack/data/venv/lib/python3.12/site-packages/futurist/periodics.py:784}}
Jun 30 00:20:14.194087 np0000183503 devstack@neutron-api.service[103311]: DEBUG neutron.plugins.ml2.drivers.ovn.mech_driver.ovsdb.maintenance [-] Touching Hash Ring node "6e4d6fe65395518d8d642203d96c5180" from periodic health check thread {{(pid=103311) touch_hash_ring_node /opt/stack/neutron/neutron/plugins/ml2/drivers/ovn/mech_driver/ovsdb/maintenance.py:1419}}
Jun 30 00:20:14.194145 np0000183503 devstack@neutron-api.service[103313]: DEBUG neutron.plugins.ml2.drivers.ovn.mech_driver.ovsdb.maintenance [-] Touching Hash Ring node "a9115b8015b65fccac21b03c439f64c1" from periodic health check thread {{(pid=103313) touch_hash_ring_node /opt/stack/neutron/neutron/plugins/ml2/drivers/ovn/mech_driver/ovsdb/maintenance.py:1419}}
Jun 30 00:20:14.267471 np0000183503 devstack@neutron-api.service[103314]: DEBUG futurist.periodics [-] Submitting periodic callback 'neutron.plugins.ml2.drivers.ovn.mech_driver.ovsdb.maintenance.HashRingHealthCheckPeriodics.touch_hash_ring_node' {{(pid=103314) _process_scheduled /opt/stack/data/venv/lib/python3.12/site-packages/futurist/periodics.py:784}}
Jun 30 00:20:14.268176 np0000183503 devstack@neutron-api.service[103314]: DEBUG neutron.plugins.ml2.drivers.ovn.mech_driver.ovsdb.maintenance [-] Touching Hash Ring node "f4f2dc3bcac150c9b1ebace5083e169e" from periodic health check thread {{(pid=103314) touch_hash_ring_node /opt/stack/neutron/neutron/plugins/ml2/drivers/ovn/mech_driver/ovsdb/maintenance.py:1419}}
Jun 30 00:20:15.781848 np0000183503 devstack@neutron-api.service[103312]: [pid: 103312|app: 0|req: 29/110] 199.204.45.53 () {62 vars in 1052 bytes} [Tue Jun 30 00:20:15 2026] GET /networking => generated 129 bytes in 3 msecs (HTTP/1.1 200) 3 headers in 91 bytes (1 switches on core 0)
Jun 30 00:20:15.865924 np0000183503 devstack@neutron-api.service[103313]: DEBUG neutron.pecan_wsgi.hooks.policy_enforcement [None req-475014d6-6b46-4c08-a88c-1f13a4bc7b19 demo demo] Attributes excluded by policy engine: ['standard_attr_id', 'provider:network_type', 'provider:physical_network', 'provider:segmentation_id'] {{(pid=103313) _exclude_attributes_by_policy /opt/stack/neutron/neutron/pecan_wsgi/hooks/policy_enforcement.py:259}}
Jun 30 00:20:15.867370 np0000183503 devstack@neutron-api.service[103313]: [pid: 103313|app: 0|req: 28/111] 199.204.45.53 () {64 vars in 1341 bytes} [Tue Jun 30 00:20:15 2026] GET /networking/v2.0/networks?router%3Aexternal=True => generated 659 bytes in 51 msecs (HTTP/1.1 200) 4 headers in 157 bytes (1 switches on core 0)
Jun 30 00:20:23.479922 np0000183503 devstack@neutron-api.service[103312]: DEBUG dbcounter [-] [103312] Writing DB stats neutron:UPDATE=1,neutron:SELECT=1 {{(pid=103312) stat_writer /opt/stack/data/venv/lib/python3.12/site-packages/dbcounter.py:115}}
Jun 30 00:20:24.210791 np0000183503 devstack@neutron-api.service[103311]: DEBUG dbcounter [-] [103311] Writing DB stats neutron:UPDATE=1,neutron:SELECT=1 {{(pid=103311) stat_writer /opt/stack/data/venv/lib/python3.12/site-packages/dbcounter.py:115}}
Jun 30 00:20:24.279290 np0000183503 devstack@neutron-api.service[103314]: DEBUG dbcounter [-] [103314] Writing DB stats neutron:SELECT=18,neutron:UPDATE=1 {{(pid=103314) stat_writer /opt/stack/data/venv/lib/python3.12/site-packages/dbcounter.py:115}}
Jun 30 00:20:25.862585 np0000183503 devstack@neutron-api.service[103313]: DEBUG dbcounter [-] [103313] Writing DB stats neutron:UPDATE=1,neutron:SELECT=18 {{(pid=103313) stat_writer /opt/stack/data/venv/lib/python3.12/site-packages/dbcounter.py:115}}
Jun 30 00:20:28.047539 np0000183503 devstack@neutron-api.service[103311]: [pid: 103311|app: 0|req: 28/112] 199.204.45.53 () {62 vars in 1063 bytes} [Tue Jun 30 00:20:28 2026] GET /networking => generated 129 bytes in 1 msecs (HTTP/1.1 200) 3 headers in 91 bytes (1 switches on core 0)
Jun 30 00:20:28.137021 np0000183503 devstack@neutron-api.service[103314]: DEBUG neutron.pecan_wsgi.hooks.policy_enforcement [None req-d9584be5-8c23-4ba8-8ad7-3195b9a78eaf demo demo] Attributes excluded by policy engine: ['standard_attr_id', 'provider:network_type', 'provider:physical_network', 'provider:segmentation_id'] {{(pid=103314) _exclude_attributes_by_policy /opt/stack/neutron/neutron/pecan_wsgi/hooks/policy_enforcement.py:259}}
Jun 30 00:20:28.138503 np0000183503 devstack@neutron-api.service[103314]: [pid: 103314|app: 0|req: 28/113] 199.204.45.53 () {64 vars in 1376 bytes} [Tue Jun 30 00:20:28 2026] GET /networking/v2.0/networks?name=public&router%3Aexternal=True => generated 659 bytes in 58 msecs (HTTP/1.1 200) 4 headers in 157 bytes (1 switches on core 0)
Jun 30 00:20:28.343392 np0000183503 devstack@neutron-api.service[103312]: DEBUG futurist.periodics [-] Submitting periodic callback 'neutron.plugins.ml2.drivers.ovn.mech_driver.ovsdb.maintenance.HashRingHealthCheckPeriodics.touch_hash_ring_node' {{(pid=103312) _process_scheduled /opt/stack/data/venv/lib/python3.12/site-packages/futurist/periodics.py:784}}
Jun 30 00:20:28.343942 np0000183503 devstack@neutron-api.service[103312]: DEBUG neutron.plugins.ml2.drivers.ovn.mech_driver.ovsdb.maintenance [-] Touching Hash Ring node "f6302187b8d35fce983f5756654024cf" from periodic health check thread {{(pid=103312) touch_hash_ring_node /opt/stack/neutron/neutron/plugins/ml2/drivers/ovn/mech_driver/ovsdb/maintenance.py:1419}}
Jun 30 00:20:29.193722 np0000183503 devstack@neutron-api.service[103311]: DEBUG futurist.periodics [-] Submitting periodic callback 'neutron.plugins.ml2.drivers.ovn.mech_driver.ovsdb.maintenance.HashRingHealthCheckPeriodics.touch_hash_ring_node' {{(pid=103311) _process_scheduled /opt/stack/data/venv/lib/python3.12/site-packages/futurist/periodics.py:784}}
Jun 30 00:20:29.196383 np0000183503 devstack@neutron-api.service[103313]: DEBUG futurist.periodics [-] Submitting periodic callback 'neutron.plugins.ml2.drivers.ovn.mech_driver.ovsdb.maintenance.HashRingHealthCheckPeriodics.touch_hash_ring_node' {{(pid=103313) _process_scheduled /opt/stack/data/venv/lib/python3.12/site-packages/futurist/periodics.py:784}}
Jun 30 00:20:29.196805 np0000183503 devstack@neutron-api.service[103311]: DEBUG neutron.plugins.ml2.drivers.ovn.mech_driver.ovsdb.maintenance [-] Touching Hash Ring node "6e4d6fe65395518d8d642203d96c5180" from periodic health check thread {{(pid=103311) touch_hash_ring_node /opt/stack/neutron/neutron/plugins/ml2/drivers/ovn/mech_driver/ovsdb/maintenance.py:1419}}
Jun 30 00:20:29.196865 np0000183503 devstack@neutron-api.service[103313]: DEBUG neutron.plugins.ml2.drivers.ovn.mech_driver.ovsdb.maintenance [-] Touching Hash Ring node "a9115b8015b65fccac21b03c439f64c1" from periodic health check thread {{(pid=103313) touch_hash_ring_node /opt/stack/neutron/neutron/plugins/ml2/drivers/ovn/mech_driver/ovsdb/maintenance.py:1419}}
Jun 30 00:20:29.268369 np0000183503 devstack@neutron-api.service[103314]: DEBUG futurist.periodics [-] Submitting periodic callback 'neutron.plugins.ml2.drivers.ovn.mech_driver.ovsdb.maintenance.HashRingHealthCheckPeriodics.touch_hash_ring_node' {{(pid=103314) _process_scheduled /opt/stack/data/venv/lib/python3.12/site-packages/futurist/periodics.py:784}}
Jun 30 00:20:29.269166 np0000183503 devstack@neutron-api.service[103314]: DEBUG neutron.plugins.ml2.drivers.ovn.mech_driver.ovsdb.maintenance [-] Touching Hash Ring node "f4f2dc3bcac150c9b1ebace5083e169e" from periodic health check thread {{(pid=103314) touch_hash_ring_node /opt/stack/neutron/neutron/plugins/ml2/drivers/ovn/mech_driver/ovsdb/maintenance.py:1419}}
Jun 30 00:20:30.530830 np0000183503 devstack@neutron-api.service[103312]: [pid: 103312|app: 0|req: 30/114] 199.204.45.53 () {64 vars in 1261 bytes} [Tue Jun 30 00:20:30 2026] GET /networking/ => generated 129 bytes in 3 msecs (HTTP/1.1 200) 3 headers in 91 bytes (1 switches on core 0)
Jun 30 00:20:30.679793 np0000183503 devstack@neutron-api.service[103313]: DEBUG neutron.pecan_wsgi.hooks.policy_enforcement [None req-8d9f82a8-1c99-4193-8a19-87a6b954e18a demo demo] Attributes excluded by policy engine: ['standard_attr_id', 'provider:network_type', 'provider:physical_network', 'provider:segmentation_id'] {{(pid=103313) _exclude_attributes_by_policy /opt/stack/neutron/neutron/pecan_wsgi/hooks/policy_enforcement.py:259}}
Jun 30 00:20:30.681498 np0000183503 devstack@neutron-api.service[103313]: [pid: 103313|app: 0|req: 29/115] 199.204.45.53 () {64 vars in 1410 bytes} [Tue Jun 30 00:20:30 2026] GET /networking/v2.0/networks/7f72f2f2-da44-4e76-b7c9-af429892e979 => generated 656 bytes in 146 msecs (HTTP/1.1 200) 4 headers in 157 bytes (1 switches on core 0)
Jun 30 00:20:30.714937 np0000183503 devstack@neutron-api.service[103311]: [pid: 103311|app: 0|req: 29/116] 199.204.45.53 () {64 vars in 1404 bytes} [Tue Jun 30 00:20:30 2026] GET /networking/v2.0/networks?name=k8s-clusterapi-cluster-magnum-system-kube-129ct => generated 15 bytes in 26 msecs (HTTP/1.1 200) 4 headers in 156 bytes (1 switches on core 0)
Jun 30 00:20:30.723747 np0000183503 devstack@neutron-api.service[103314]: DEBUG neutron.api.v2.base [None req-d6dc85f2-717d-4c93-86ad-ea1261d30acb demo demo] Request body: {'network': {'admin_state_up': True, 'name': 'k8s-clusterapi-cluster-magnum-system-kube-129ct'}} {{(pid=103314) prepare_request_body /opt/stack/neutron/neutron/api/v2/base.py:727}}
Jun 30 00:20:30.848001 np0000183503 devstack@neutron-api.service[103314]: DEBUG neutron.pecan_wsgi.hooks.quota_enforcement [None req-d6dc85f2-717d-4c93-86ad-ea1261d30acb demo demo] Made reservation on behalf of 78eea3be69ec4f3aac5707cd65625a3f for: {'network': 1} {{(pid=103314) before /opt/stack/neutron/neutron/pecan_wsgi/hooks/quota_enforcement.py:66}}
Jun 30 00:20:30.851260 np0000183503 devstack@neutron-api.service[103314]: DEBUG neutron_lib.callbacks.manager [None req-d6dc85f2-717d-4c93-86ad-ea1261d30acb demo demo] Publish callbacks ['neutron.plugins.ml2.plugin.SecurityGroupDbMixin._ensure_default_security_group_handler-111407'] for network (None), before_create {{(pid=103314) _notify_loop /opt/stack/data/venv/lib/python3.12/site-packages/neutron_lib/callbacks/manager.py:184}}
Jun 30 00:20:30.857283 np0000183503 devstack@neutron-api.service[103314]: DEBUG neutron_lib.callbacks.manager [None req-d6dc85f2-717d-4c93-86ad-ea1261d30acb demo demo] Publish callbacks [] for security_group (None), before_create {{(pid=103314) _notify_loop /opt/stack/data/venv/lib/python3.12/site-packages/neutron_lib/callbacks/manager.py:184}}
Jun 30 00:20:30.925036 np0000183503 devstack@neutron-api.service[103314]: DEBUG neutron_lib.callbacks.manager [None req-d6dc85f2-717d-4c93-86ad-ea1261d30acb demo demo] Publish callbacks ['neutron.plugins.ml2.drivers.ovn.mech_driver.mech_driver.OVNMechanismDriver._create_security_group_precommit-969093'] for security_group (38ef4107-b7eb-406f-a9f2-bf3e38ab4c0f), precommit_create {{(pid=103314) _notify_loop /opt/stack/data/venv/lib/python3.12/site-packages/neutron_lib/callbacks/manager.py:184}}
