Apr 27 13:19:19.627436 np0000170590 devstack@neutron-api.service[104585]: DEBUG oslo_concurrency.processutils [None req-03d0377a-5ac3-410b-a531-40cc962d0ade None None] CMD "ovsdb-client transact ssl:199.204.45.70:6641 --timeout 180 -p /opt/stack/data/CA/int-ca/private/devstack-cert.key -c /opt/stack/data/CA/int-ca/devstack-cert.crt -C /opt/stack/data/CA/int-ca/ca-chain.pem ["OVN_Northbound", {"op": "wait", "timeout": 0, "table": "Port_Group", "where": [["name", "==", "neutron_pg_drop"]], "until": "==", "rows": []}, {"op": "insert", "table": "ACL", "row": {"action": "drop", "direction": "to-lport", "match": "outport == @neutron_pg_drop && ip", "priority": 1001}, "uuid-name": "droptoport"}, {"op": "insert", "table": "ACL", "row": {"action": "drop", "direction": "from-lport", "match": "inport == @neutron_pg_drop && ip", "priority": 1001}, "uuid-name": "dropfromport"}, {"op": "insert", "table": "Port_Group", "row": {"name": "neutron_pg_drop", "acls": ["set", [["named-uuid", "droptoport"], ["named-uuid", "dropfromport"]]]}}]" returned: 0 in 0.045s {{(pid=104585) execute /opt/stack/data/venv/lib/python3.12/site-packages/oslo_concurrency/processutils.py:468}}
Apr 27 13:19:19.627915 np0000170590 devstack@neutron-api.service[104583]: DEBUG neutron.api.v2.resource_helper [None req-7e7205ae-45ff-4de4-8a7b-8b06857b26f5 None None] Service L3_ROUTER_NAT assigned prefix: {{(pid=104583) build_resource_info /opt/stack/neutron/neutron/api/v2/resource_helper.py:77}}
Apr 27 13:19:19.628127 np0000170590 devstack@neutron-api.service[104585]: DEBUG neutron_lib.callbacks.manager [None req-03d0377a-5ac3-410b-a531-40cc962d0ade None None] Publish callbacks ['neutron.plugins.ml2.drivers.ovn.mech_driver.mech_driver.OVNMechanismDriver.post_fork_initialize-471261', 'neutron.services.ovn_l3.plugin.OVNL3RouterPlugin._post_fork_initialize-4665'] for process (None), after_init {{(pid=104585) _notify_loop /opt/stack/data/venv/lib/python3.12/site-packages/neutron_lib/callbacks/manager.py:184}}
Apr 27 13:19:19.628443 np0000170590 devstack@neutron-api.service[104583]: DEBUG neutron.api.v2.resource_helper [None req-7e7205ae-45ff-4de4-8a7b-8b06857b26f5 None None] Service FLAVORS assigned prefix: {{(pid=104583) build_resource_info /opt/stack/neutron/neutron/api/v2/resource_helper.py:77}}
Apr 27 13:19:19.628759 np0000170590 devstack@neutron-api.service[104585]: DEBUG oslo_concurrency.lockutils [None req-03d0377a-5ac3-410b-a531-40cc962d0ade None None] Acquiring lock "singleton_lock" {{(pid=104585) lock /opt/stack/data/venv/lib/python3.12/site-packages/oslo_concurrency/lockutils.py:390}}
Apr 27 13:19:19.629017 np0000170590 devstack@neutron-api.service[104585]: DEBUG oslo_concurrency.lockutils [None req-03d0377a-5ac3-410b-a531-40cc962d0ade None None] Acquired lock "singleton_lock" {{(pid=104585) lock /opt/stack/data/venv/lib/python3.12/site-packages/oslo_concurrency/lockutils.py:393}}
Apr 27 13:19:19.629600 np0000170590 devstack@neutron-api.service[104585]: DEBUG oslo_concurrency.lockutils [None req-03d0377a-5ac3-410b-a531-40cc962d0ade None None] Releasing lock "singleton_lock" {{(pid=104585) lock /opt/stack/data/venv/lib/python3.12/site-packages/oslo_concurrency/lockutils.py:413}}
Apr 27 13:19:19.629693 np0000170590 devstack@neutron-api.service[104583]: DEBUG neutron.api.v2.resource_helper [None req-7e7205ae-45ff-4de4-8a7b-8b06857b26f5 None None] Service L3_ROUTER_NAT assigned prefix: {{(pid=104583) build_resource_info /opt/stack/neutron/neutron/api/v2/resource_helper.py:77}}
Apr 27 13:19:19.630189 np0000170590 devstack@neutron-api.service[104583]: DEBUG neutron.api.v2.resource_helper [None req-7e7205ae-45ff-4de4-8a7b-8b06857b26f5 None None] Service L3_ROUTER_NAT assigned prefix: {{(pid=104583) build_resource_info /opt/stack/neutron/neutron/api/v2/resource_helper.py:77}}
Apr 27 13:19:19.630364 np0000170590 devstack@neutron-api.service[104583]: INFO neutron.quota.resource_registry [None req-7e7205ae-45ff-4de4-8a7b-8b06857b26f5 None None] Creating instance of TrackedResource for resource:router
Apr 27 13:19:19.630864 np0000170590 devstack@neutron-api.service[104583]: INFO neutron.quota.resource_registry [None req-7e7205ae-45ff-4de4-8a7b-8b06857b26f5 None None] Creating instance of TrackedResource for resource:floatingip
Apr 27 13:19:19.632241 np0000170590 devstack@neutron-api.service[104583]: INFO neutron.quota.resource_registry [None req-7e7205ae-45ff-4de4-8a7b-8b06857b26f5 None None] Creating instance of CountableResource for resource:rbac_policy
Apr 27 13:19:19.632570 np0000170590 devstack@neutron-api.service[104585]: DEBUG neutron.plugins.ml2.drivers.ovn.mech_driver.mech_driver [None req-03d0377a-5ac3-410b-a531-40cc962d0ade None None] Hash Ring setup using WSGI start time 2026-04-27 13:19:12+00:00 {{(pid=104585) _init_hash_ring /opt/stack/neutron/neutron/plugins/ml2/drivers/ovn/mech_driver/mech_driver.py:402}}
Apr 27 13:19:19.633019 np0000170590 devstack@neutron-api.service[104583]: INFO neutron.quota.resource_registry [None req-7e7205ae-45ff-4de4-8a7b-8b06857b26f5 None None] Creating instance of TrackedResource for resource:security_group
Apr 27 13:19:19.633591 np0000170590 devstack@neutron-api.service[104583]: INFO neutron.quota.resource_registry [None req-7e7205ae-45ff-4de4-8a7b-8b06857b26f5 None None] Creating instance of TrackedResource for resource:security_group_rule
Apr 27 13:19:19.634536 np0000170590 devstack@neutron-api.service[104583]: DEBUG neutron.api.v2.resource_helper [None req-7e7205ae-45ff-4de4-8a7b-8b06857b26f5 None None] Service CORE assigned prefix: {{(pid=104583) build_resource_info /opt/stack/neutron/neutron/api/v2/resource_helper.py:77}}
Apr 27 13:19:19.634711 np0000170590 devstack@neutron-api.service[104583]: INFO neutron.quota.resource_registry [None req-7e7205ae-45ff-4de4-8a7b-8b06857b26f5 None None] Creating instance of TrackedResource for resource:subnetpool
Apr 27 13:19:19.634894 np0000170590 devstack@neutron-api.service[104583]: WARNING neutron.quota.resource_registry [None req-7e7205ae-45ff-4de4-8a7b-8b06857b26f5 None None] subnetpool is already registered
Apr 27 13:19:19.635496 np0000170590 devstack@neutron-api.service[104582]: DEBUG ovsdbapp.backend.ovs_idl [None req-df577c3a-d6fc-4c3c-b8c4-dcc05d9fd570 None None] Created lookup_table index Logical_Switch.name {{(pid=104582) autocreate_indices /opt/stack/data/venv/lib/python3.12/site-packages/ovsdbapp/backend/ovs_idl/__init__.py:87}}
Apr 27 13:19:19.635634 np0000170590 devstack@neutron-api.service[104582]: DEBUG ovsdbapp.backend.ovs_idl [None req-df577c3a-d6fc-4c3c-b8c4-dcc05d9fd570 None None] Created lookup_table index Logical_Router.name {{(pid=104582) autocreate_indices /opt/stack/data/venv/lib/python3.12/site-packages/ovsdbapp/backend/ovs_idl/__init__.py:87}}
Apr 27 13:19:19.635799 np0000170590 devstack@neutron-api.service[104582]: DEBUG ovsdbapp.backend.ovs_idl [None req-df577c3a-d6fc-4c3c-b8c4-dcc05d9fd570 None None] Created lookup_table index Load_Balancer.name {{(pid=104582) autocreate_indices /opt/stack/data/venv/lib/python3.12/site-packages/ovsdbapp/backend/ovs_idl/__init__.py:87}}
Apr 27 13:19:19.635926 np0000170590 devstack@neutron-api.service[104582]: DEBUG ovsdbapp.backend.ovs_idl [None req-df577c3a-d6fc-4c3c-b8c4-dcc05d9fd570 None None] Created schema index Copp.name {{(pid=104582) autocreate_indices /opt/stack/data/venv/lib/python3.12/site-packages/ovsdbapp/backend/ovs_idl/__init__.py:106}}
Apr 27 13:19:19.636085 np0000170590 devstack@neutron-api.service[104582]: DEBUG ovsdbapp.backend.ovs_idl [None req-df577c3a-d6fc-4c3c-b8c4-dcc05d9fd570 None None] Created schema index Meter.name {{(pid=104582) autocreate_indices /opt/stack/data/venv/lib/python3.12/site-packages/ovsdbapp/backend/ovs_idl/__init__.py:106}}
Apr 27 13:19:19.636196 np0000170590 devstack@neutron-api.service[104582]: DEBUG ovsdbapp.backend.ovs_idl [None req-df577c3a-d6fc-4c3c-b8c4-dcc05d9fd570 None None] Created schema index Load_Balancer_Group.name {{(pid=104582) autocreate_indices /opt/stack/data/venv/lib/python3.12/site-packages/ovsdbapp/backend/ovs_idl/__init__.py:106}}
Apr 27 13:19:19.636325 np0000170590 devstack@neutron-api.service[104582]: DEBUG ovsdbapp.backend.ovs_idl [None req-df577c3a-d6fc-4c3c-b8c4-dcc05d9fd570 None None] Created schema index HA_Chassis_Group.name {{(pid=104582) autocreate_indices /opt/stack/data/venv/lib/python3.12/site-packages/ovsdbapp/backend/ovs_idl/__init__.py:106}}
Apr 27 13:19:19.636505 np0000170590 devstack@neutron-api.service[104582]: DEBUG ovsdbapp.backend.ovs_idl [None req-df577c3a-d6fc-4c3c-b8c4-dcc05d9fd570 None None] Created schema index Address_Set.name {{(pid=104582) autocreate_indices /opt/stack/data/venv/lib/python3.12/site-packages/ovsdbapp/backend/ovs_idl/__init__.py:106}}
Apr 27 13:19:19.636667 np0000170590 devstack@neutron-api.service[104582]: DEBUG ovsdbapp.backend.ovs_idl [None req-df577c3a-d6fc-4c3c-b8c4-dcc05d9fd570 None None] Created schema index Connection.target {{(pid=104582) autocreate_indices /opt/stack/data/venv/lib/python3.12/site-packages/ovsdbapp/backend/ovs_idl/__init__.py:106}}
Apr 27 13:19:19.636832 np0000170590 devstack@neutron-api.service[104582]: DEBUG ovsdbapp.backend.ovs_idl [None req-df577c3a-d6fc-4c3c-b8c4-dcc05d9fd570 None None] Created schema index Gateway_Chassis.name {{(pid=104582) autocreate_indices /opt/stack/data/venv/lib/python3.12/site-packages/ovsdbapp/backend/ovs_idl/__init__.py:106}}
Apr 27 13:19:19.636956 np0000170590 devstack@neutron-api.service[104582]: DEBUG ovsdbapp.backend.ovs_idl [None req-df577c3a-d6fc-4c3c-b8c4-dcc05d9fd570 None None] Created schema index Mirror.name {{(pid=104582) autocreate_indices /opt/stack/data/venv/lib/python3.12/site-packages/ovsdbapp/backend/ovs_idl/__init__.py:106}}
Apr 27 13:19:19.637088 np0000170590 devstack@neutron-api.service[104582]: DEBUG ovsdbapp.backend.ovs_idl [None req-df577c3a-d6fc-4c3c-b8c4-dcc05d9fd570 None None] Created schema index Chassis_Template_Var.chassis {{(pid=104582) autocreate_indices /opt/stack/data/venv/lib/python3.12/site-packages/ovsdbapp/backend/ovs_idl/__init__.py:106}}
Apr 27 13:19:19.637242 np0000170590 devstack@neutron-api.service[104582]: DEBUG ovsdbapp.backend.ovs_idl [None req-df577c3a-d6fc-4c3c-b8c4-dcc05d9fd570 None None] Created schema index Logical_Router_Port.name {{(pid=104582) autocreate_indices /opt/stack/data/venv/lib/python3.12/site-packages/ovsdbapp/backend/ovs_idl/__init__.py:106}}
Apr 27 13:19:19.637477 np0000170590 devstack@neutron-api.service[104582]: DEBUG ovsdbapp.backend.ovs_idl [None req-df577c3a-d6fc-4c3c-b8c4-dcc05d9fd570 None None] Created schema index Port_Group.name {{(pid=104582) autocreate_indices /opt/stack/data/venv/lib/python3.12/site-packages/ovsdbapp/backend/ovs_idl/__init__.py:106}}
Apr 27 13:19:19.637610 np0000170590 devstack@neutron-api.service[104582]: DEBUG ovsdbapp.backend.ovs_idl [None req-df577c3a-d6fc-4c3c-b8c4-dcc05d9fd570 None None] Created schema index Logical_Switch_Port.name {{(pid=104582) autocreate_indices /opt/stack/data/venv/lib/python3.12/site-packages/ovsdbapp/backend/ovs_idl/__init__.py:106}}
Apr 27 13:19:19.637917 np0000170590 devstack@neutron-api.service[104583]: DEBUG neutron.api.v2.resource_helper [None req-7e7205ae-45ff-4de4-8a7b-8b06857b26f5 None None] Service L3_ROUTER_NAT assigned prefix: {{(pid=104583) build_resource_info /opt/stack/neutron/neutron/api/v2/resource_helper.py:77}}
Apr 27 13:19:19.638454 np0000170590 devstack@neutron-api.service[104583]: DEBUG neutron.api.v2.resource_helper [None req-7e7205ae-45ff-4de4-8a7b-8b06857b26f5 None None] Service FLAVORS assigned prefix: {{(pid=104583) build_resource_info /opt/stack/neutron/neutron/api/v2/resource_helper.py:77}}
Apr 27 13:19:19.639322 np0000170590 devstack@neutron-api.service[104585]: INFO neutron.db.ovn_hash_ring_db [None req-03d0377a-5ac3-410b-a531-40cc962d0ade None None] Nodes from host "np0000170590" and group "mechanism_driver" removed from the Hash Ring created at 2026-04-27 13:19:12+00:00
Apr 27 13:19:19.639698 np0000170590 devstack@neutron-api.service[104583]: DEBUG neutron.api.v2.resource_helper [None req-7e7205ae-45ff-4de4-8a7b-8b06857b26f5 None None] Service L3_ROUTER_NAT assigned prefix: {{(pid=104583) build_resource_info /opt/stack/neutron/neutron/api/v2/resource_helper.py:77}}
Apr 27 13:19:19.640190 np0000170590 devstack@neutron-api.service[104583]: DEBUG neutron.api.v2.resource_helper [None req-7e7205ae-45ff-4de4-8a7b-8b06857b26f5 None None] Service L3_ROUTER_NAT assigned prefix: {{(pid=104583) build_resource_info /opt/stack/neutron/neutron/api/v2/resource_helper.py:77}}
Apr 27 13:19:19.640360 np0000170590 devstack@neutron-api.service[104583]: INFO neutron.quota.resource_registry [None req-7e7205ae-45ff-4de4-8a7b-8b06857b26f5 None None] Creating instance of TrackedResource for resource:router
Apr 27 13:19:19.640594 np0000170590 devstack@neutron-api.service[104583]: WARNING neutron.quota.resource_registry [None req-7e7205ae-45ff-4de4-8a7b-8b06857b26f5 None None] router is already registered
Apr 27 13:19:19.641011 np0000170590 devstack@neutron-api.service[104582]: INFO ovsdbapp.backend.ovs_idl.vlog [None req-df577c3a-d6fc-4c3c-b8c4-dcc05d9fd570 None None] ssl:199.204.45.70:6641: connecting...
Apr 27 13:19:19.641060 np0000170590 devstack@neutron-api.service[104583]: INFO neutron.quota.resource_registry [None req-7e7205ae-45ff-4de4-8a7b-8b06857b26f5 None None] Creating instance of TrackedResource for resource:floatingip
Apr 27 13:19:19.641290 np0000170590 devstack@neutron-api.service[104583]: WARNING neutron.quota.resource_registry [None req-7e7205ae-45ff-4de4-8a7b-8b06857b26f5 None None] floatingip is already registered
Apr 27 13:19:19.642393 np0000170590 devstack@neutron-api.service[104585]: INFO neutron.db.ovn_hash_ring_db [None req-03d0377a-5ac3-410b-a531-40cc962d0ade None None] Node 24606b78ca8756c688fbab2aef3bcfa4 from host "np0000170590" and group "mechanism_driver" added to the Hash Ring
Apr 27 13:19:19.642667 np0000170590 devstack@neutron-api.service[104583]: INFO neutron.quota.resource_registry [None req-7e7205ae-45ff-4de4-8a7b-8b06857b26f5 None None] Creating instance of CountableResource for resource:rbac_policy
Apr 27 13:19:19.642823 np0000170590 devstack@neutron-api.service[104583]: WARNING neutron.quota.resource_registry [None req-7e7205ae-45ff-4de4-8a7b-8b06857b26f5 None None] rbac_policy is already registered
Apr 27 13:19:19.643741 np0000170590 devstack@neutron-api.service[104583]: INFO neutron.quota.resource_registry [None req-7e7205ae-45ff-4de4-8a7b-8b06857b26f5 None None] Creating instance of TrackedResource for resource:security_group
Apr 27 13:19:19.643898 np0000170590 devstack@neutron-api.service[104583]: WARNING neutron.quota.resource_registry [None req-7e7205ae-45ff-4de4-8a7b-8b06857b26f5 None None] security_group is already registered
Apr 27 13:19:19.644331 np0000170590 devstack@neutron-api.service[104583]: INFO neutron.quota.resource_registry [None req-7e7205ae-45ff-4de4-8a7b-8b06857b26f5 None None] Creating instance of TrackedResource for resource:security_group_rule
Apr 27 13:19:19.644488 np0000170590 devstack@neutron-api.service[104583]: WARNING neutron.quota.resource_registry [None req-7e7205ae-45ff-4de4-8a7b-8b06857b26f5 None None] security_group_rule is already registered
Apr 27 13:19:19.645153 np0000170590 devstack@neutron-api.service[104583]: DEBUG neutron.api.v2.resource_helper [None req-7e7205ae-45ff-4de4-8a7b-8b06857b26f5 None None] Service CORE assigned prefix: {{(pid=104583) build_resource_info /opt/stack/neutron/neutron/api/v2/resource_helper.py:77}}
Apr 27 13:19:19.645183 np0000170590 devstack@neutron-api.service[104585]: DEBUG neutron.plugins.ml2.drivers.ovn.mech_driver.mech_driver [None req-03d0377a-5ac3-410b-a531-40cc962d0ade None None] Hash Ring setup, this worker has detected 3 OVN hash ring registers in the database {{(pid=104585) _init_hash_ring /opt/stack/neutron/neutron/plugins/ml2/drivers/ovn/mech_driver/mech_driver.py:412}}
Apr 27 13:19:19.645320 np0000170590 devstack@neutron-api.service[104583]: INFO neutron.quota.resource_registry [None req-7e7205ae-45ff-4de4-8a7b-8b06857b26f5 None None] Creating instance of TrackedResource for resource:subnetpool
Apr 27 13:19:19.645580 np0000170590 devstack@neutron-api.service[104583]: WARNING neutron.quota.resource_registry [None req-7e7205ae-45ff-4de4-8a7b-8b06857b26f5 None None] subnetpool is already registered
Apr 27 13:19:19.646030 np0000170590 devstack@neutron-api.service[104583]: DEBUG neutron.api.extensions [None req-7e7205ae-45ff-4de4-8a7b-8b06857b26f5 None None] Extended resource: extensions {{(pid=104583) __init__ /opt/stack/neutron/neutron/api/extensions.py:156}}
Apr 27 13:19:19.646371 np0000170590 devstack@neutron-api.service[104582]: INFO ovsdbapp.backend.ovs_idl.vlog [None req-df577c3a-d6fc-4c3c-b8c4-dcc05d9fd570 None None] ssl:199.204.45.70:6641: connected
Apr 27 13:19:19.647085 np0000170590 devstack@neutron-api.service[104583]: DEBUG neutron.api.extensions [None req-7e7205ae-45ff-4de4-8a7b-8b06857b26f5 None None] Extended resource: address-groups {{(pid=104583) __init__ /opt/stack/neutron/neutron/api/extensions.py:156}}
Apr 27 13:19:19.648116 np0000170590 devstack@neutron-api.service[104583]: DEBUG neutron.api.extensions [None req-7e7205ae-45ff-4de4-8a7b-8b06857b26f5 None None] Extended resource: address-scopes {{(pid=104583) __init__ /opt/stack/neutron/neutron/api/extensions.py:156}}
Apr 27 13:19:19.648855 np0000170590 devstack@neutron-api.service[104583]: DEBUG neutron.api.extensions [None req-7e7205ae-45ff-4de4-8a7b-8b06857b26f5 None None] Extended resource: agents {{(pid=104583) __init__ /opt/stack/neutron/neutron/api/extensions.py:156}}
Apr 27 13:19:19.649575 np0000170590 devstack@neutron-api.service[104583]: DEBUG neutron.api.extensions [None req-7e7205ae-45ff-4de4-8a7b-8b06857b26f5 None None] Extended resource: auto-allocated-topology {{(pid=104583) __init__ /opt/stack/neutron/neutron/api/extensions.py:156}}
Apr 27 13:19:19.650289 np0000170590 devstack@neutron-api.service[104583]: DEBUG neutron.api.extensions [None req-7e7205ae-45ff-4de4-8a7b-8b06857b26f5 None None] Extended resource: availability_zones {{(pid=104583) __init__ /opt/stack/neutron/neutron/api/extensions.py:156}}
Apr 27 13:19:19.651124 np0000170590 devstack@neutron-api.service[104583]: DEBUG neutron.api.extensions [None req-7e7205ae-45ff-4de4-8a7b-8b06857b26f5 None None] Extended resource: dhcp-networks {{(pid=104583) __init__ /opt/stack/neutron/neutron/api/extensions.py:156}}
Apr 27 13:19:19.651260 np0000170590 devstack@neutron-api.service[104585]: DEBUG neutron.plugins.ml2.drivers.ovn.mech_driver.ovsdb.maintenance [None req-03d0377a-5ac3-410b-a531-40cc962d0ade None None] Periodic task found: HashRingHealthCheckPeriodics.touch_hash_ring_node {{(pid=104585) add_periodics /opt/stack/neutron/neutron/plugins/ml2/drivers/ovn/mech_driver/ovsdb/maintenance.py:148}}
Apr 27 13:19:19.651924 np0000170590 devstack@neutron-api.service[104583]: DEBUG neutron.api.extensions [None req-7e7205ae-45ff-4de4-8a7b-8b06857b26f5 None None] Extended resource: dhcp-agents {{(pid=104583) __init__ /opt/stack/neutron/neutron/api/extensions.py:156}}
Apr 27 13:19:19.652373 np0000170590 devstack@neutron-api.service[104585]: INFO neutron.plugins.ml2.drivers.ovn.mech_driver.mech_driver [None req-03d0377a-5ac3-410b-a531-40cc962d0ade None None] Hash Ring probing thread for node 24606b78ca8756c688fbab2aef3bcfa4 has started
Apr 27 13:19:19.652739 np0000170590 devstack@neutron-api.service[104583]: DEBUG neutron.api.extensions [None req-7e7205ae-45ff-4de4-8a7b-8b06857b26f5 None None] Extended resource: routers {{(pid=104583) __init__ /opt/stack/neutron/neutron/api/extensions.py:156}}
Apr 27 13:19:19.653138 np0000170590 devstack@neutron-api.service[104585]: INFO neutron.plugins.ml2.drivers.ovn.mech_driver.ovsdb.impl_idl_ovn [None req-03d0377a-5ac3-410b-a531-40cc962d0ade None None] Getting OvsdbNbOvnIdl for WorkerService with retry
Apr 27 13:19:19.654114 np0000170590 devstack@neutron-api.service[104583]: DEBUG neutron.api.extensions [None req-7e7205ae-45ff-4de4-8a7b-8b06857b26f5 None None] Extended resource: flavors {{(pid=104583) __init__ /opt/stack/neutron/neutron/api/extensions.py:156}}
Apr 27 13:19:19.654784 np0000170590 devstack@neutron-api.service[104583]: DEBUG neutron.api.extensions [None req-7e7205ae-45ff-4de4-8a7b-8b06857b26f5 None None] Extended resource: service_profiles {{(pid=104583) __init__ /opt/stack/neutron/neutron/api/extensions.py:156}}
Apr 27 13:19:19.655483 np0000170590 devstack@neutron-api.service[104583]: DEBUG neutron.api.extensions [None req-7e7205ae-45ff-4de4-8a7b-8b06857b26f5 None None] Extended resource: next_providers {{(pid=104583) __init__ /opt/stack/neutron/neutron/api/extensions.py:156}}
Apr 27 13:19:19.656397 np0000170590 devstack@neutron-api.service[104583]: DEBUG neutron.api.extensions [None req-7e7205ae-45ff-4de4-8a7b-8b06857b26f5 None None] Extended resource: service_profiles {{(pid=104583) __init__ /opt/stack/neutron/neutron/api/extensions.py:156}}
Apr 27 13:19:19.657311 np0000170590 devstack@neutron-api.service[104583]: DEBUG neutron.api.extensions [None req-7e7205ae-45ff-4de4-8a7b-8b06857b26f5 None None] Extended resource: floatingip-pools {{(pid=104583) __init__ /opt/stack/neutron/neutron/api/extensions.py:156}}
Apr 27 13:19:19.658062 np0000170590 devstack@neutron-api.service[104583]: DEBUG neutron.api.extensions [None req-7e7205ae-45ff-4de4-8a7b-8b06857b26f5 None None] Extended resource: routers {{(pid=104583) __init__ /opt/stack/neutron/neutron/api/extensions.py:156}}
Apr 27 13:19:19.659355 np0000170590 devstack@neutron-api.service[104583]: DEBUG neutron.api.extensions [None req-7e7205ae-45ff-4de4-8a7b-8b06857b26f5 None None] Extended resource: floatingips {{(pid=104583) __init__ /opt/stack/neutron/neutron/api/extensions.py:156}}
Apr 27 13:19:19.660040 np0000170590 devstack@neutron-api.service[104583]: DEBUG neutron.api.extensions [None req-7e7205ae-45ff-4de4-8a7b-8b06857b26f5 None None] Extended resource: network-ip-availabilities {{(pid=104583) __init__ /opt/stack/neutron/neutron/api/extensions.py:156}}
Apr 27 13:19:19.660841 np0000170590 devstack@neutron-api.service[104583]: DEBUG neutron.api.extensions [None req-7e7205ae-45ff-4de4-8a7b-8b06857b26f5 None None] Extended resource: network-ip-availabilities {{(pid=104583) __init__ /opt/stack/neutron/neutron/api/extensions.py:156}}
Apr 27 13:19:19.662329 np0000170590 devstack@neutron-api.service[104583]: DEBUG neutron.api.extensions [None req-7e7205ae-45ff-4de4-8a7b-8b06857b26f5 None None] Extended resource: bindings {{(pid=104583) __init__ /opt/stack/neutron/neutron/api/extensions.py:156}}
Apr 27 13:19:19.663243 np0000170590 devstack@neutron-api.service[104583]: DEBUG neutron.api.extensions [None req-7e7205ae-45ff-4de4-8a7b-8b06857b26f5 None None] Extended resource: quotas {{(pid=104583) __init__ /opt/stack/neutron/neutron/api/extensions.py:156}}
Apr 27 13:19:19.664185 np0000170590 devstack@neutron-api.service[104583]: DEBUG neutron.api.extensions [None req-7e7205ae-45ff-4de4-8a7b-8b06857b26f5 None None] Extended resource: quotas {{(pid=104583) __init__ /opt/stack/neutron/neutron/api/extensions.py:156}}
Apr 27 13:19:19.665127 np0000170590 devstack@neutron-api.service[104583]: DEBUG neutron.api.extensions [None req-7e7205ae-45ff-4de4-8a7b-8b06857b26f5 None None] Extended resource: rbac-policies {{(pid=104583) __init__ /opt/stack/neutron/neutron/api/extensions.py:156}}
Apr 27 13:19:19.665866 np0000170590 devstack@neutron-api.service[104583]: DEBUG neutron.api.extensions [None req-7e7205ae-45ff-4de4-8a7b-8b06857b26f5 None None] Extended resource: default-security-group-rules {{(pid=104583) __init__ /opt/stack/neutron/neutron/api/extensions.py:156}}
Apr 27 13:19:19.666639 np0000170590 devstack@neutron-api.service[104583]: DEBUG neutron.api.extensions [None req-7e7205ae-45ff-4de4-8a7b-8b06857b26f5 None None] Extended resource: security-groups {{(pid=104583) __init__ /opt/stack/neutron/neutron/api/extensions.py:156}}
Apr 27 13:19:19.667458 np0000170590 devstack@neutron-api.service[104583]: DEBUG neutron.api.extensions [None req-7e7205ae-45ff-4de4-8a7b-8b06857b26f5 None None] Extended resource: security-group-rules {{(pid=104583) __init__ /opt/stack/neutron/neutron/api/extensions.py:156}}
Apr 27 13:19:19.668104 np0000170590 devstack@neutron-api.service[104583]: DEBUG neutron.api.extensions [None req-7e7205ae-45ff-4de4-8a7b-8b06857b26f5 None None] Extended resource: service-providers {{(pid=104583) __init__ /opt/stack/neutron/neutron/api/extensions.py:156}}
Apr 27 13:19:19.668817 np0000170590 devstack@neutron-api.service[104583]: DEBUG neutron.api.extensions [None req-7e7205ae-45ff-4de4-8a7b-8b06857b26f5 None None] Extended resource: subnetpools {{(pid=104583) __init__ /opt/stack/neutron/neutron/api/extensions.py:156}}
Apr 27 13:19:19.669770 np0000170590 devstack@neutron-api.service[104583]: DEBUG neutron.api.extensions [None req-7e7205ae-45ff-4de4-8a7b-8b06857b26f5 None None] Extended resource: tags {{(pid=104583) __init__ /opt/stack/neutron/neutron/api/extensions.py:156}}
Apr 27 13:19:19.670765 np0000170590 devstack@neutron-api.service[104583]: DEBUG neutron.api.extensions [None req-7e7205ae-45ff-4de4-8a7b-8b06857b26f5 None None] Extended resource: tags {{(pid=104583) __init__ /opt/stack/neutron/neutron/api/extensions.py:156}}
Apr 27 13:19:19.671655 np0000170590 devstack@neutron-api.service[104583]: DEBUG neutron.api.extensions [None req-7e7205ae-45ff-4de4-8a7b-8b06857b26f5 None None] Extended resource: tags {{(pid=104583) __init__ /opt/stack/neutron/neutron/api/extensions.py:156}}
Apr 27 13:19:19.672629 np0000170590 devstack@neutron-api.service[104583]: DEBUG neutron.api.extensions [None req-7e7205ae-45ff-4de4-8a7b-8b06857b26f5 None None] Extended resource: tags {{(pid=104583) __init__ /opt/stack/neutron/neutron/api/extensions.py:156}}
Apr 27 13:19:19.673579 np0000170590 devstack@neutron-api.service[104583]: DEBUG neutron.api.extensions [None req-7e7205ae-45ff-4de4-8a7b-8b06857b26f5 None None] Extended resource: tags {{(pid=104583) __init__ /opt/stack/neutron/neutron/api/extensions.py:156}}
Apr 27 13:19:19.674729 np0000170590 devstack@neutron-api.service[104583]: DEBUG neutron.api.extensions [None req-7e7205ae-45ff-4de4-8a7b-8b06857b26f5 None None] Extended resource: tags {{(pid=104583) __init__ /opt/stack/neutron/neutron/api/extensions.py:156}}
Apr 27 13:19:19.675683 np0000170590 devstack@neutron-api.service[104583]: DEBUG neutron.api.extensions [None req-7e7205ae-45ff-4de4-8a7b-8b06857b26f5 None None] Extended resource: tags {{(pid=104583) __init__ /opt/stack/neutron/neutron/api/extensions.py:156}}
Apr 27 13:19:19.676659 np0000170590 devstack@neutron-api.service[104583]: DEBUG neutron.api.extensions [None req-7e7205ae-45ff-4de4-8a7b-8b06857b26f5 None None] Extended resource: tags {{(pid=104583) __init__ /opt/stack/neutron/neutron/api/extensions.py:156}}
Apr 27 13:19:19.677806 np0000170590 devstack@neutron-api.service[104583]: DEBUG neutron.api.extensions [None req-7e7205ae-45ff-4de4-8a7b-8b06857b26f5 None None] Extended resource: tags {{(pid=104583) __init__ /opt/stack/neutron/neutron/api/extensions.py:156}}
Apr 27 13:19:19.678658 np0000170590 devstack@neutron-api.service[104583]: DEBUG neutron.api.extensions [None req-7e7205ae-45ff-4de4-8a7b-8b06857b26f5 None None] Extended resource: tags {{(pid=104583) __init__ /opt/stack/neutron/neutron/api/extensions.py:156}}
Apr 27 13:19:19.679211 np0000170590 devstack@neutron-api.service[104582]: DEBUG neutron.common.ovn.hash_ring_manager [None req-df577c3a-d6fc-4c3c-b8c4-dcc05d9fd570 None None] Disallow caching, nodes 3<4 {{(pid=104582) _wait_startup_before_caching /opt/stack/neutron/neutron/common/ovn/hash_ring_manager.py:72}}
Apr 27 13:19:19.682171 np0000170590 devstack@neutron-api.service[104583]: WARNING keystonemiddleware.auth_token [None req-7e7205ae-45ff-4de4-8a7b-8b06857b26f5 None None] AuthToken middleware is set with keystone_authtoken.service_token_roles_required set to False. This is backwards compatible but deprecated behaviour. Please set this to True.
Apr 27 13:19:19.686274 np0000170590 devstack@neutron-api.service[104582]: DEBUG neutron.common.ovn.hash_ring_manager [None req-df577c3a-d6fc-4c3c-b8c4-dcc05d9fd570 None None] Hash Ring loaded. 3 active nodes. 0 offline nodes {{(pid=104582) _load_hash_ring /opt/stack/neutron/neutron/common/ovn/hash_ring_manager.py:102}}
Apr 27 13:19:19.691128 np0000170590 devstack@neutron-api.service[104582]: DEBUG neutron.common.ovn.hash_ring_manager [None req-df577c3a-d6fc-4c3c-b8c4-dcc05d9fd570 None None] Hash Ring loaded. 3 active nodes. 0 offline nodes {{(pid=104582) _load_hash_ring /opt/stack/neutron/neutron/common/ovn/hash_ring_manager.py:102}}
Apr 27 13:19:19.691290 np0000170590 devstack@neutron-api.service[104582]: DEBUG neutron.plugins.ml2.drivers.ovn.mech_driver.ovsdb.ovsdb_monitor [None req-df577c3a-d6fc-4c3c-b8c4-dcc05d9fd570 None None] Hash Ring: Node 296268df89da57d589c4cfdd4a6ef1dd (host: np0000170590) handling event "create" for row 97bd93a6-0eb7-4381-a3f3-65c03a7bd116 (table: ACL) {{(pid=104582) notify /opt/stack/neutron/neutron/plugins/ml2/drivers/ovn/mech_driver/ovsdb/ovsdb_monitor.py:914}}
Apr 27 13:19:19.691360 np0000170590 devstack@neutron-api.service[104583]: DEBUG neutron_lib.callbacks.manager [None req-7e7205ae-45ff-4de4-8a7b-8b06857b26f5 None None] Publish callbacks ['neutron.plugins.ml2.drivers.ovn.mech_driver.mech_driver.OVNMechanismDriver.pre_fork_initialize-477346'] for process (None), before_spawn {{(pid=104583) _notify_loop /opt/stack/data/venv/lib/python3.12/site-packages/neutron_lib/callbacks/manager.py:184}}
Apr 27 13:19:19.692212 np0000170590 devstack@neutron-api.service[104583]: DEBUG oslo_concurrency.processutils [None req-7e7205ae-45ff-4de4-8a7b-8b06857b26f5 None None] Running cmd (subprocess): ovsdb-client transact ssl:199.204.45.70:6641 --timeout 180 -p /opt/stack/data/CA/int-ca/private/devstack-cert.key -c /opt/stack/data/CA/int-ca/devstack-cert.crt -C /opt/stack/data/CA/int-ca/ca-chain.pem ["OVN_Northbound", {"op": "wait", "timeout": 0, "table": "Port_Group", "where": [["name", "==", "neutron_pg_drop"]], "until": "==", "rows": []}, {"op": "insert", "table": "ACL", "row": {"action": "drop", "direction": "to-lport", "match": "outport == @neutron_pg_drop && ip", "priority": 1001}, "uuid-name": "droptoport"}, {"op": "insert", "table": "ACL", "row": {"action": "drop", "direction": "from-lport", "match": "inport == @neutron_pg_drop && ip", "priority": 1001}, "uuid-name": "dropfromport"}, {"op": "insert", "table": "Port_Group", "row": {"name": "neutron_pg_drop", "acls": ["set", [["named-uuid", "droptoport"], ["named-uuid", "dropfromport"]]]}}] {{(pid=104583) execute /opt/stack/data/venv/lib/python3.12/site-packages/oslo_concurrency/processutils.py:440}}
Apr 27 13:19:19.696622 np0000170590 devstack@neutron-api.service[104582]: DEBUG neutron.common.ovn.hash_ring_manager [None req-df577c3a-d6fc-4c3c-b8c4-dcc05d9fd570 None None] Hash Ring loaded. 3 active nodes. 0 offline nodes {{(pid=104582) _load_hash_ring /opt/stack/neutron/neutron/common/ovn/hash_ring_manager.py:102}}
Apr 27 13:19:19.700351 np0000170590 devstack@neutron-api.service[104582]: DEBUG neutron.common.ovn.hash_ring_manager [None req-df577c3a-d6fc-4c3c-b8c4-dcc05d9fd570 None None] Hash Ring loaded. 3 active nodes. 0 offline nodes {{(pid=104582) _load_hash_ring /opt/stack/neutron/neutron/common/ovn/hash_ring_manager.py:102}}
Apr 27 13:19:19.704886 np0000170590 devstack@neutron-api.service[104582]: DEBUG neutron.common.ovn.hash_ring_manager [None req-df577c3a-d6fc-4c3c-b8c4-dcc05d9fd570 None None] Hash Ring loaded. 3 active nodes. 0 offline nodes {{(pid=104582) _load_hash_ring /opt/stack/neutron/neutron/common/ovn/hash_ring_manager.py:102}}
Apr 27 13:19:19.709475 np0000170590 devstack@neutron-api.service[104585]: DEBUG ovsdbapp.backend.ovs_idl [None req-03d0377a-5ac3-410b-a531-40cc962d0ade None None] Created lookup_table index Logical_Switch.name {{(pid=104585) autocreate_indices /opt/stack/data/venv/lib/python3.12/site-packages/ovsdbapp/backend/ovs_idl/__init__.py:87}}
Apr 27 13:19:19.709475 np0000170590 devstack@neutron-api.service[104585]: DEBUG ovsdbapp.backend.ovs_idl [None req-03d0377a-5ac3-410b-a531-40cc962d0ade None None] Created lookup_table index Logical_Router.name {{(pid=104585) autocreate_indices /opt/stack/data/venv/lib/python3.12/site-packages/ovsdbapp/backend/ovs_idl/__init__.py:87}}
Apr 27 13:19:19.709475 np0000170590 devstack@neutron-api.service[104585]: DEBUG ovsdbapp.backend.ovs_idl [None req-03d0377a-5ac3-410b-a531-40cc962d0ade None None] Created lookup_table index Load_Balancer.name {{(pid=104585) autocreate_indices /opt/stack/data/venv/lib/python3.12/site-packages/ovsdbapp/backend/ovs_idl/__init__.py:87}}
Apr 27 13:19:19.709475 np0000170590 devstack@neutron-api.service[104585]: DEBUG ovsdbapp.backend.ovs_idl [None req-03d0377a-5ac3-410b-a531-40cc962d0ade None None] Created schema index Copp.name {{(pid=104585) autocreate_indices /opt/stack/data/venv/lib/python3.12/site-packages/ovsdbapp/backend/ovs_idl/__init__.py:106}}
Apr 27 13:19:19.709475 np0000170590 devstack@neutron-api.service[104585]: DEBUG ovsdbapp.backend.ovs_idl [None req-03d0377a-5ac3-410b-a531-40cc962d0ade None None] Created schema index Meter.name {{(pid=104585) autocreate_indices /opt/stack/data/venv/lib/python3.12/site-packages/ovsdbapp/backend/ovs_idl/__init__.py:106}}
Apr 27 13:19:19.709475 np0000170590 devstack@neutron-api.service[104585]: DEBUG ovsdbapp.backend.ovs_idl [None req-03d0377a-5ac3-410b-a531-40cc962d0ade None None] Created schema index Load_Balancer_Group.name {{(pid=104585) autocreate_indices /opt/stack/data/venv/lib/python3.12/site-packages/ovsdbapp/backend/ovs_idl/__init__.py:106}}
Apr 27 13:19:19.710234 np0000170590 devstack@neutron-api.service[104585]: DEBUG ovsdbapp.backend.ovs_idl [None req-03d0377a-5ac3-410b-a531-40cc962d0ade None None] Created schema index HA_Chassis_Group.name {{(pid=104585) autocreate_indices /opt/stack/data/venv/lib/python3.12/site-packages/ovsdbapp/backend/ovs_idl/__init__.py:106}}
Apr 27 13:19:19.710234 np0000170590 devstack@neutron-api.service[104585]: DEBUG ovsdbapp.backend.ovs_idl [None req-03d0377a-5ac3-410b-a531-40cc962d0ade None None] Created schema index Address_Set.name {{(pid=104585) autocreate_indices /opt/stack/data/venv/lib/python3.12/site-packages/ovsdbapp/backend/ovs_idl/__init__.py:106}}
Apr 27 13:19:19.710234 np0000170590 devstack@neutron-api.service[104585]: DEBUG ovsdbapp.backend.ovs_idl [None req-03d0377a-5ac3-410b-a531-40cc962d0ade None None] Created schema index Connection.target {{(pid=104585) autocreate_indices /opt/stack/data/venv/lib/python3.12/site-packages/ovsdbapp/backend/ovs_idl/__init__.py:106}}
Apr 27 13:19:19.710234 np0000170590 devstack@neutron-api.service[104585]: DEBUG ovsdbapp.backend.ovs_idl [None req-03d0377a-5ac3-410b-a531-40cc962d0ade None None] Created schema index Gateway_Chassis.name {{(pid=104585) autocreate_indices /opt/stack/data/venv/lib/python3.12/site-packages/ovsdbapp/backend/ovs_idl/__init__.py:106}}
Apr 27 13:19:19.710234 np0000170590 devstack@neutron-api.service[104585]: DEBUG ovsdbapp.backend.ovs_idl [None req-03d0377a-5ac3-410b-a531-40cc962d0ade None None] Created schema index Mirror.name {{(pid=104585) autocreate_indices /opt/stack/data/venv/lib/python3.12/site-packages/ovsdbapp/backend/ovs_idl/__init__.py:106}}
Apr 27 13:19:19.710234 np0000170590 devstack@neutron-api.service[104585]: DEBUG ovsdbapp.backend.ovs_idl [None req-03d0377a-5ac3-410b-a531-40cc962d0ade None None] Created schema index Chassis_Template_Var.chassis {{(pid=104585) autocreate_indices /opt/stack/data/venv/lib/python3.12/site-packages/ovsdbapp/backend/ovs_idl/__init__.py:106}}
Apr 27 13:19:19.711037 np0000170590 devstack@neutron-api.service[104585]: DEBUG ovsdbapp.backend.ovs_idl [None req-03d0377a-5ac3-410b-a531-40cc962d0ade None None] Created schema index Logical_Router_Port.name {{(pid=104585) autocreate_indices /opt/stack/data/venv/lib/python3.12/site-packages/ovsdbapp/backend/ovs_idl/__init__.py:106}}
Apr 27 13:19:19.711589 np0000170590 devstack@neutron-api.service[104582]: DEBUG neutron.common.ovn.hash_ring_manager [None req-df577c3a-d6fc-4c3c-b8c4-dcc05d9fd570 None None] Hash Ring loaded. 3 active nodes. 0 offline nodes {{(pid=104582) _load_hash_ring /opt/stack/neutron/neutron/common/ovn/hash_ring_manager.py:102}}
Apr 27 13:19:19.712138 np0000170590 devstack@neutron-api.service[104585]: DEBUG ovsdbapp.backend.ovs_idl [None req-03d0377a-5ac3-410b-a531-40cc962d0ade None None] Created schema index Port_Group.name {{(pid=104585) autocreate_indices /opt/stack/data/venv/lib/python3.12/site-packages/ovsdbapp/backend/ovs_idl/__init__.py:106}}
Apr 27 13:19:19.712138 np0000170590 devstack@neutron-api.service[104585]: DEBUG ovsdbapp.backend.ovs_idl [None req-03d0377a-5ac3-410b-a531-40cc962d0ade None None] Created schema index Logical_Switch_Port.name {{(pid=104585) autocreate_indices /opt/stack/data/venv/lib/python3.12/site-packages/ovsdbapp/backend/ovs_idl/__init__.py:106}}
Apr 27 13:19:19.712944 np0000170590 devstack@neutron-api.service[104582]: INFO neutron.plugins.ml2.drivers.ovn.mech_driver.ovsdb.impl_idl_ovn [None req-df577c3a-d6fc-4c3c-b8c4-dcc05d9fd570 None None] Getting OvsdbSbOvnIdl for WorkerService with retry
Apr 27 13:19:19.713775 np0000170590 devstack@neutron-api.service[104585]: INFO ovsdbapp.backend.ovs_idl.vlog [None req-03d0377a-5ac3-410b-a531-40cc962d0ade None None] ssl:199.204.45.70:6641: connecting...
Apr 27 13:19:19.719055 np0000170590 devstack@neutron-api.service[104585]: INFO ovsdbapp.backend.ovs_idl.vlog [None req-03d0377a-5ac3-410b-a531-40cc962d0ade None None] ssl:199.204.45.70:6641: connected
Apr 27 13:19:19.732046 np0000170590 devstack@neutron-api.service[104583]: DEBUG oslo_concurrency.processutils [None req-7e7205ae-45ff-4de4-8a7b-8b06857b26f5 None None] CMD "ovsdb-client transact ssl:199.204.45.70:6641 --timeout 180 -p /opt/stack/data/CA/int-ca/private/devstack-cert.key -c /opt/stack/data/CA/int-ca/devstack-cert.crt -C /opt/stack/data/CA/int-ca/ca-chain.pem ["OVN_Northbound", {"op": "wait", "timeout": 0, "table": "Port_Group", "where": [["name", "==", "neutron_pg_drop"]], "until": "==", "rows": []}, {"op": "insert", "table": "ACL", "row": {"action": "drop", "direction": "to-lport", "match": "outport == @neutron_pg_drop && ip", "priority": 1001}, "uuid-name": "droptoport"}, {"op": "insert", "table": "ACL", "row": {"action": "drop", "direction": "from-lport", "match": "inport == @neutron_pg_drop && ip", "priority": 1001}, "uuid-name": "dropfromport"}, {"op": "insert", "table": "Port_Group", "row": {"name": "neutron_pg_drop", "acls": ["set", [["named-uuid", "droptoport"], ["named-uuid", "dropfromport"]]]}}]" returned: 0 in 0.040s {{(pid=104583) execute /opt/stack/data/venv/lib/python3.12/site-packages/oslo_concurrency/processutils.py:468}}
Apr 27 13:19:19.732506 np0000170590 devstack@neutron-api.service[104583]: DEBUG neutron_lib.callbacks.manager [None req-7e7205ae-45ff-4de4-8a7b-8b06857b26f5 None None] Publish callbacks ['neutron.plugins.ml2.drivers.ovn.mech_driver.mech_driver.OVNMechanismDriver.post_fork_initialize-477434', 'neutron.services.ovn_l3.plugin.OVNL3RouterPlugin._post_fork_initialize-6966851'] for process (None), after_init {{(pid=104583) _notify_loop /opt/stack/data/venv/lib/python3.12/site-packages/neutron_lib/callbacks/manager.py:184}}
Apr 27 13:19:19.732920 np0000170590 devstack@neutron-api.service[104583]: DEBUG oslo_concurrency.lockutils [None req-7e7205ae-45ff-4de4-8a7b-8b06857b26f5 None None] Acquiring lock "singleton_lock" {{(pid=104583) lock /opt/stack/data/venv/lib/python3.12/site-packages/oslo_concurrency/lockutils.py:390}}
Apr 27 13:19:19.733062 np0000170590 devstack@neutron-api.service[104583]: DEBUG oslo_concurrency.lockutils [None req-7e7205ae-45ff-4de4-8a7b-8b06857b26f5 None None] Acquired lock "singleton_lock" {{(pid=104583) lock /opt/stack/data/venv/lib/python3.12/site-packages/oslo_concurrency/lockutils.py:393}}
Apr 27 13:19:19.733351 np0000170590 devstack@neutron-api.service[104583]: DEBUG oslo_concurrency.lockutils [None req-7e7205ae-45ff-4de4-8a7b-8b06857b26f5 None None] Releasing lock "singleton_lock" {{(pid=104583) lock /opt/stack/data/venv/lib/python3.12/site-packages/oslo_concurrency/lockutils.py:413}}
Apr 27 13:19:19.735942 np0000170590 devstack@neutron-api.service[104583]: DEBUG neutron.plugins.ml2.drivers.ovn.mech_driver.mech_driver [None req-7e7205ae-45ff-4de4-8a7b-8b06857b26f5 None None] Hash Ring setup using WSGI start time 2026-04-27 13:19:12+00:00 {{(pid=104583) _init_hash_ring /opt/stack/neutron/neutron/plugins/ml2/drivers/ovn/mech_driver/mech_driver.py:402}}
Apr 27 13:19:19.741605 np0000170590 devstack@neutron-api.service[104583]: INFO neutron.db.ovn_hash_ring_db [None req-7e7205ae-45ff-4de4-8a7b-8b06857b26f5 None None] Nodes from host "np0000170590" and group "mechanism_driver" removed from the Hash Ring created at 2026-04-27 13:19:12+00:00
Apr 27 13:19:19.743973 np0000170590 devstack@neutron-api.service[104582]: DEBUG ovsdbapp.backend.ovs_idl [None req-df577c3a-d6fc-4c3c-b8c4-dcc05d9fd570 None None] Created lookup_table index Chassis.name {{(pid=104582) autocreate_indices /opt/stack/data/venv/lib/python3.12/site-packages/ovsdbapp/backend/ovs_idl/__init__.py:87}}
Apr 27 13:19:19.744064 np0000170590 devstack@neutron-api.service[104582]: DEBUG ovsdbapp.backend.ovs_idl [None req-df577c3a-d6fc-4c3c-b8c4-dcc05d9fd570 None None] Created lookup_table index Port_Binding.logical_port {{(pid=104582) autocreate_indices /opt/stack/data/venv/lib/python3.12/site-packages/ovsdbapp/backend/ovs_idl/__init__.py:87}}
Apr 27 13:19:19.744249 np0000170590 devstack@neutron-api.service[104582]: DEBUG ovsdbapp.backend.ovs_idl [None req-df577c3a-d6fc-4c3c-b8c4-dcc05d9fd570 None None] Created schema index Chassis_Private.name {{(pid=104582) autocreate_indices /opt/stack/data/venv/lib/python3.12/site-packages/ovsdbapp/backend/ovs_idl/__init__.py:106}}
Apr 27 13:19:19.744370 np0000170590 devstack@neutron-api.service[104582]: DEBUG ovsdbapp.backend.ovs_idl [None req-df577c3a-d6fc-4c3c-b8c4-dcc05d9fd570 None None] Created schema index Datapath_Binding.tunnel_key {{(pid=104582) autocreate_indices /opt/stack/data/venv/lib/python3.12/site-packages/ovsdbapp/backend/ovs_idl/__init__.py:106}}
Apr 27 13:19:19.744582 np0000170590 devstack@neutron-api.service[104583]: INFO neutron.db.ovn_hash_ring_db [None req-7e7205ae-45ff-4de4-8a7b-8b06857b26f5 None None] Node 6713e65d8a6c5a36a8e0154d277d2424 from host "np0000170590" and group "mechanism_driver" added to the Hash Ring
Apr 27 13:19:19.746656 np0000170590 devstack@neutron-api.service[104582]: INFO ovsdbapp.backend.ovs_idl.vlog [None req-df577c3a-d6fc-4c3c-b8c4-dcc05d9fd570 None None] ssl:199.204.45.70:6642: connecting...
Apr 27 13:19:19.748259 np0000170590 devstack@neutron-api.service[104583]: DEBUG neutron.plugins.ml2.drivers.ovn.mech_driver.mech_driver [None req-7e7205ae-45ff-4de4-8a7b-8b06857b26f5 None None] Hash Ring setup, this worker has detected 4 OVN hash ring registers in the database {{(pid=104583) _init_hash_ring /opt/stack/neutron/neutron/plugins/ml2/drivers/ovn/mech_driver/mech_driver.py:412}}
Apr 27 13:19:19.751904 np0000170590 devstack@neutron-api.service[104582]: INFO ovsdbapp.backend.ovs_idl.vlog [None req-df577c3a-d6fc-4c3c-b8c4-dcc05d9fd570 None None] ssl:199.204.45.70:6642: connected
Apr 27 13:19:19.755970 np0000170590 devstack@neutron-api.service[104583]: DEBUG neutron.plugins.ml2.drivers.ovn.mech_driver.ovsdb.maintenance [None req-7e7205ae-45ff-4de4-8a7b-8b06857b26f5 None None] Periodic task found: HashRingHealthCheckPeriodics.touch_hash_ring_node {{(pid=104583) add_periodics /opt/stack/neutron/neutron/plugins/ml2/drivers/ovn/mech_driver/ovsdb/maintenance.py:148}}
Apr 27 13:19:19.757636 np0000170590 devstack@neutron-api.service[104583]: INFO neutron.plugins.ml2.drivers.ovn.mech_driver.mech_driver [None req-7e7205ae-45ff-4de4-8a7b-8b06857b26f5 None None] Hash Ring probing thread for node 6713e65d8a6c5a36a8e0154d277d2424 has started
Apr 27 13:19:19.758548 np0000170590 devstack@neutron-api.service[104585]: DEBUG neutron.common.ovn.hash_ring_manager [None req-03d0377a-5ac3-410b-a531-40cc962d0ade None None] Allow caching, nodes 4>=4 {{(pid=104585) _wait_startup_before_caching /opt/stack/neutron/neutron/common/ovn/hash_ring_manager.py:65}}
Apr 27 13:19:19.758895 np0000170590 devstack@neutron-api.service[104583]: INFO neutron.plugins.ml2.drivers.ovn.mech_driver.ovsdb.impl_idl_ovn [None req-7e7205ae-45ff-4de4-8a7b-8b06857b26f5 None None] Getting OvsdbNbOvnIdl for WorkerService with retry
Apr 27 13:19:19.764920 np0000170590 devstack@neutron-api.service[104585]: DEBUG neutron.common.ovn.hash_ring_manager [None req-03d0377a-5ac3-410b-a531-40cc962d0ade None None] Hash Ring loaded. 4 active nodes. 0 offline nodes {{(pid=104585) _load_hash_ring /opt/stack/neutron/neutron/common/ovn/hash_ring_manager.py:102}}
Apr 27 13:19:19.765320 np0000170590 devstack@neutron-api.service[104585]: DEBUG neutron.plugins.ml2.drivers.ovn.mech_driver.ovsdb.ovsdb_monitor [None req-03d0377a-5ac3-410b-a531-40cc962d0ade None None] Hash Ring: Node 24606b78ca8756c688fbab2aef3bcfa4 (host: np0000170590) handling event "create" for row 16ba168a-b251-4215-af66-e54092a200e0 (table: Connection) {{(pid=104585) notify /opt/stack/neutron/neutron/plugins/ml2/drivers/ovn/mech_driver/ovsdb/ovsdb_monitor.py:914}}
Apr 27 13:19:19.765606 np0000170590 devstack@neutron-api.service[104585]: DEBUG neutron.plugins.ml2.drivers.ovn.mech_driver.ovsdb.ovsdb_monitor [None req-03d0377a-5ac3-410b-a531-40cc962d0ade None None] Hash Ring: Node 24606b78ca8756c688fbab2aef3bcfa4 (host: np0000170590) handling event "create" for row 0b6a589e-c33c-4d52-bb6f-6d82606f0f7e (table: SSL) {{(pid=104585) notify /opt/stack/neutron/neutron/plugins/ml2/drivers/ovn/mech_driver/ovsdb/ovsdb_monitor.py:914}}
Apr 27 13:19:19.766833 np0000170590 devstack@neutron-api.service[104585]: INFO neutron.plugins.ml2.drivers.ovn.mech_driver.ovsdb.impl_idl_ovn [None req-03d0377a-5ac3-410b-a531-40cc962d0ade None None] Getting OvsdbSbOvnIdl for WorkerService with retry
Apr 27 13:19:19.781523 np0000170590 devstack@neutron-api.service[104582]: DEBUG neutron.common.ovn.hash_ring_manager [None req-df577c3a-d6fc-4c3c-b8c4-dcc05d9fd570 None None] Allow caching, nodes 4>=4 {{(pid=104582) _wait_startup_before_caching /opt/stack/neutron/neutron/common/ovn/hash_ring_manager.py:65}}
Apr 27 13:19:19.784630 np0000170590 devstack@neutron-api.service[104582]: DEBUG neutron.common.ovn.hash_ring_manager [None req-df577c3a-d6fc-4c3c-b8c4-dcc05d9fd570 None None] Hash Ring loaded. 4 active nodes. 0 offline nodes {{(pid=104582) _load_hash_ring /opt/stack/neutron/neutron/common/ovn/hash_ring_manager.py:102}}
Apr 27 13:19:19.784994 np0000170590 devstack@neutron-api.service[104582]: DEBUG neutron.plugins.ml2.drivers.ovn.mech_driver.ovsdb.ovsdb_monitor [None req-df577c3a-d6fc-4c3c-b8c4-dcc05d9fd570 None None] Hash Ring: Node 296268df89da57d589c4cfdd4a6ef1dd (host: np0000170590) handling event "create" for row 6261f71b-69ba-4029-8fb4-fb49a0affc04 (table: Chassis) {{(pid=104582) notify /opt/stack/neutron/neutron/plugins/ml2/drivers/ovn/mech_driver/ovsdb/ovsdb_monitor.py:914}}
Apr 27 13:19:19.785482 np0000170590 devstack@neutron-api.service[104582]: DEBUG ovsdbapp.backend.ovs_idl.event [None req-df577c3a-d6fc-4c3c-b8c4-dcc05d9fd570 None None] Matched CREATE: ChassisBandwidthConfigEvent(events=('create', 'update'), table='Chassis', conditions=None, old_conditions=None), priority=20 to row=Chassis(uuid=6261f71b-69ba-4029-8fb4-fb49a0affc04, encaps=[56c6ec27-11a0-4842-a123-4a593401073a], external_ids={}, hostname='np0000170590', name='4acc0fcf-022c-4e11-8725-81f5c809b7ba', nb_cfg=0, other_config={'ct-commit-nat-v2': 'true', 'ct-commit-to-zone': 'true', 'ct-next-zone': 'true', 'ct-no-masked-label': 'true', 'ct-state-save': 'true', 'datapath-type': 'system', 'fdb-timestamp': 'true', 'iface-types': 'afxdp,afxdp-nonpmd,bareudp,erspan,geneve,gre,gtpu,internal,ip6erspan,ip6gre,lisp,patch,srv6,stt,system,tap,vxlan', 'is-interconn': 'false', 'ls-dpg-column': 'true', 'mac-binding-timestamp': 'true', 'ovn-bridge-mappings': 'public:br-ex', 'ovn-chassis-mac-mappings': '', 'ovn-cms-options': 'enable-chassis-as-gw', 'ovn-ct-lb-related': 'true', 'ovn-enable-lflow-cache': 'true', 'ovn-limit-lflow-cache': '', 'ovn-memlimit-lflow-cache-kb': '', 'ovn-monitor-all': 'false', 'ovn-trim-limit-lflow-cache': '', 'ovn-trim-timeout-ms': '', 'ovn-trim-wmark-perc-lflow-cache': '', 'port-up-notif': 'true'}, transport_zones=[], vtep_logical_switches=[]) old= {{(pid=104582) matches /opt/stack/data/venv/lib/python3.12/site-packages/ovsdbapp/backend/ovs_idl/event.py:55}}
Apr 27 13:19:19.785925 np0000170590 devstack@neutron-api.service[104582]: DEBUG neutron.plugins.ml2.drivers.ovn.mech_driver.ovsdb.ovsdb_monitor [None req-df577c3a-d6fc-4c3c-b8c4-dcc05d9fd570 None None] ChassisAgentWriteEvent : Matched Chassis_Private, create, None None {{(pid=104582) matches /opt/stack/neutron/neutron/plugins/ml2/drivers/ovn/mech_driver/ovsdb/ovsdb_monitor.py:64}}
Apr 27 13:19:19.786115 np0000170590 devstack@neutron-api.service[104582]: DEBUG neutron.plugins.ml2.drivers.ovn.mech_driver.ovsdb.ovsdb_monitor [None req-df577c3a-d6fc-4c3c-b8c4-dcc05d9fd570 None None] ChassisOVNAgentWriteEvent : Matched Chassis_Private, create, None None {{(pid=104582) matches /opt/stack/neutron/neutron/plugins/ml2/drivers/ovn/mech_driver/ovsdb/ovsdb_monitor.py:64}}
Apr 27 13:19:19.787927 np0000170590 devstack@neutron-api.service[104582]: INFO neutron.plugins.ml2.drivers.ovn.mech_driver.mech_driver [None req-df577c3a-d6fc-4c3c-b8c4-dcc05d9fd570 None None] WorkerService process has finished the post initialization
Apr 27 13:19:19.788548 np0000170590 devstack@neutron-api.service[104582]: INFO neutron.plugins.ml2.drivers.ovn.mech_driver.ovsdb.extensions.qos [-] Starting OVNClientQosExtension
