Apr 27 13:19:51.057121 np0000170590 systemd[1]: Starting devstack@n-api-meta.service - Devstack devstack@n-api-meta.service...
Apr 27 13:19:51.067292 np0000170590 devstack@n-api-meta.service[109694]: [uWSGI] getting INI configuration from /etc/nova/nova-metadata-uwsgi.ini
Apr 27 13:19:51.067292 np0000170590 devstack@n-api-meta.service[109694]: open("./http_plugin.so"): No such file or directory [core/utils.c line 3709]
Apr 27 13:19:51.068089 np0000170590 devstack@n-api-meta.service[109694]: !!! UNABLE to load uWSGI plugin: ./http_plugin.so: cannot open shared object file: No such file or directory !!!
Apr 27 13:19:51.068089 np0000170590 devstack@n-api-meta.service[109694]: open("./python3_plugin.so"): No such file or directory [core/utils.c line 3709]
Apr 27 13:19:51.068089 np0000170590 devstack@n-api-meta.service[109694]: !!! UNABLE to load uWSGI plugin: ./python3_plugin.so: cannot open shared object file: No such file or directory !!!
Apr 27 13:19:51.068089 np0000170590 devstack@n-api-meta.service[109694]: *** Starting uWSGI 2.0.31 (64bit) on [Mon Apr 27 13:19:51 2026] ***
Apr 27 13:19:51.068089 np0000170590 devstack@n-api-meta.service[109694]: compiled with version: 13.3.0 on 27 April 2026 13:08:24
Apr 27 13:19:51.068089 np0000170590 devstack@n-api-meta.service[109694]: os: Linux-6.8.0-110-generic #110-Ubuntu SMP PREEMPT_DYNAMIC Thu Mar 19 15:09:20 UTC 2026
Apr 27 13:19:51.068089 np0000170590 devstack@n-api-meta.service[109694]: nodename: np0000170590
Apr 27 13:19:51.068089 np0000170590 devstack@n-api-meta.service[109694]: machine: x86_64
Apr 27 13:19:51.068089 np0000170590 devstack@n-api-meta.service[109694]: clock source: unix
Apr 27 13:19:51.068089 np0000170590 devstack@n-api-meta.service[109694]: pcre jit disabled
Apr 27 13:19:51.068089 np0000170590 devstack@n-api-meta.service[109694]: detected number of CPU cores: 16
Apr 27 13:19:51.068089 np0000170590 devstack@n-api-meta.service[109694]: current working directory: /
Apr 27 13:19:51.068089 np0000170590 devstack@n-api-meta.service[109694]: detected binary path: /opt/stack/data/venv/bin/uwsgi
Apr 27 13:19:51.068089 np0000170590 devstack@n-api-meta.service[109694]: your processes number limit is 256917
Apr 27 13:19:51.068089 np0000170590 devstack@n-api-meta.service[109694]: your memory page size is 4096 bytes
Apr 27 13:19:51.068089 np0000170590 devstack@n-api-meta.service[109694]: detected max file descriptor number: 2048
Apr 27 13:19:51.068089 np0000170590 devstack@n-api-meta.service[109694]: lock engine: pthread robust mutexes
Apr 27 13:19:51.068089 np0000170590 devstack@n-api-meta.service[109694]: thunder lock: enabled
Apr 27 13:19:51.069336 np0000170590 devstack@n-api-meta.service[109694]: uWSGI http bound on 0.0.0.0:8775 fd 5
Apr 27 13:19:51.069336 np0000170590 devstack@n-api-meta.service[109694]: uwsgi socket 0 bound to TCP address 127.0.0.1:36389 (port auto-assigned) fd 4
Apr 27 13:19:51.069336 np0000170590 devstack@n-api-meta.service[109694]: Python version: 3.12.3 (main, Mar 23 2026, 19:04:32) [GCC 13.3.0]
Apr 27 13:19:51.069336 np0000170590 devstack@n-api-meta.service[109694]: PEP 405 virtualenv detected: /opt/stack/data/venv
Apr 27 13:19:51.069336 np0000170590 devstack@n-api-meta.service[109694]: Set PythonHome to /opt/stack/data/venv
Apr 27 13:19:51.107904 np0000170590 devstack@n-api-meta.service[109694]: Python main interpreter initialized at 0x7778d66a3668
Apr 27 13:19:51.107904 np0000170590 devstack@n-api-meta.service[109694]: python threads support enabled
Apr 27 13:19:51.107904 np0000170590 devstack@n-api-meta.service[109694]: your server socket listen backlog is limited to 100 connections
Apr 27 13:19:51.107904 np0000170590 devstack@n-api-meta.service[109694]: your mercy for graceful operations on workers is 80 seconds
Apr 27 13:19:51.108484 np0000170590 devstack@n-api-meta.service[109694]: mapped 671795 bytes (656 KB) for 4 cores
Apr 27 13:19:51.108647 np0000170590 devstack@n-api-meta.service[109694]: *** Operational MODE: preforking ***
Apr 27 13:19:51.108965 np0000170590 devstack@n-api-meta.service[109694]: *** uWSGI is running in multiple interpreter mode ***
Apr 27 13:19:51.108965 np0000170590 devstack@n-api-meta.service[109694]: spawned uWSGI master process (pid: 109694)
Apr 27 13:19:51.109204 np0000170590 systemd[1]: Started devstack@n-api-meta.service - Devstack devstack@n-api-meta.service.
Apr 27 13:19:51.109754 np0000170590 devstack@n-api-meta.service[109694]: spawned uWSGI worker 1 (pid: 109695, cores: 1)
Apr 27 13:19:51.110366 np0000170590 devstack@n-api-meta.service[109694]: spawned uWSGI worker 2 (pid: 109696, cores: 1)
Apr 27 13:19:51.110844 np0000170590 devstack@n-api-meta.service[109694]: spawned uWSGI worker 3 (pid: 109697, cores: 1)
Apr 27 13:19:51.111298 np0000170590 devstack@n-api-meta.service[109694]: spawned uWSGI worker 4 (pid: 109698, cores: 1)
Apr 27 13:19:51.111818 np0000170590 devstack@n-api-meta.service[109694]: spawned uWSGI http 1 (pid: 109699)
Apr 27 13:19:51.111818 np0000170590 devstack@n-api-meta.service[109694]: running "unix_signal:15 gracefully_kill_them_all" (master-start)...
Apr 27 13:19:51.425611 np0000170590 devstack@n-api-meta.service[109697]: /opt/stack/data/venv/lib/python3.12/site-packages/oslo_concurrency/lockutils.py:41: EventletDeprecationWarning:
Apr 27 13:19:51.425611 np0000170590 devstack@n-api-meta.service[109697]: Eventlet is deprecated. It is currently being maintained in bugfix mode, and
Apr 27 13:19:51.425611 np0000170590 devstack@n-api-meta.service[109697]: we strongly recommend against using it for new projects.
Apr 27 13:19:51.425611 np0000170590 devstack@n-api-meta.service[109697]: If you are already using Eventlet, we recommend migrating to a different
Apr 27 13:19:51.425611 np0000170590 devstack@n-api-meta.service[109697]: framework. For more detail see
Apr 27 13:19:51.425611 np0000170590 devstack@n-api-meta.service[109697]: https://eventlet.readthedocs.io/en/latest/asyncio/migration.html
Apr 27 13:19:51.425611 np0000170590 devstack@n-api-meta.service[109697]: import eventlet
Apr 27 13:19:51.429560 np0000170590 devstack@n-api-meta.service[109698]: /opt/stack/data/venv/lib/python3.12/site-packages/oslo_concurrency/lockutils.py:41: EventletDeprecationWarning:
Apr 27 13:19:51.429560 np0000170590 devstack@n-api-meta.service[109698]: Eventlet is deprecated. It is currently being maintained in bugfix mode, and
Apr 27 13:19:51.429560 np0000170590 devstack@n-api-meta.service[109698]: we strongly recommend against using it for new projects.
Apr 27 13:19:51.429560 np0000170590 devstack@n-api-meta.service[109698]: If you are already using Eventlet, we recommend migrating to a different
Apr 27 13:19:51.429560 np0000170590 devstack@n-api-meta.service[109698]: framework. For more detail see
Apr 27 13:19:51.429560 np0000170590 devstack@n-api-meta.service[109698]: https://eventlet.readthedocs.io/en/latest/asyncio/migration.html
Apr 27 13:19:51.429560 np0000170590 devstack@n-api-meta.service[109698]: import eventlet
Apr 27 13:19:51.474763 np0000170590 devstack@n-api-meta.service[109697]: Service is starting with native threading. This is currently experimental. Do not use it in production without first testing it in pre-production.
Apr 27 13:19:51.479115 np0000170590 devstack@n-api-meta.service[109698]: Service is starting with native threading. This is currently experimental. Do not use it in production without first testing it in pre-production.
Apr 27 13:19:51.483728 np0000170590 devstack@n-api-meta.service[109695]: /opt/stack/data/venv/lib/python3.12/site-packages/oslo_concurrency/lockutils.py:41: EventletDeprecationWarning:
Apr 27 13:19:51.483728 np0000170590 devstack@n-api-meta.service[109695]: Eventlet is deprecated. It is currently being maintained in bugfix mode, and
Apr 27 13:19:51.483728 np0000170590 devstack@n-api-meta.service[109695]: we strongly recommend against using it for new projects.
Apr 27 13:19:51.483728 np0000170590 devstack@n-api-meta.service[109695]: If you are already using Eventlet, we recommend migrating to a different
Apr 27 13:19:51.483728 np0000170590 devstack@n-api-meta.service[109695]: framework. For more detail see
Apr 27 13:19:51.483728 np0000170590 devstack@n-api-meta.service[109695]: https://eventlet.readthedocs.io/en/latest/asyncio/migration.html
Apr 27 13:19:51.483728 np0000170590 devstack@n-api-meta.service[109695]: import eventlet
Apr 27 13:19:51.535795 np0000170590 devstack@n-api-meta.service[109696]: /opt/stack/data/venv/lib/python3.12/site-packages/oslo_concurrency/lockutils.py:41: EventletDeprecationWarning:
Apr 27 13:19:51.535795 np0000170590 devstack@n-api-meta.service[109696]: Eventlet is deprecated. It is currently being maintained in bugfix mode, and
Apr 27 13:19:51.535795 np0000170590 devstack@n-api-meta.service[109696]: we strongly recommend against using it for new projects.
Apr 27 13:19:51.535795 np0000170590 devstack@n-api-meta.service[109696]: If you are already using Eventlet, we recommend migrating to a different
Apr 27 13:19:51.535795 np0000170590 devstack@n-api-meta.service[109696]: framework. For more detail see
Apr 27 13:19:51.535795 np0000170590 devstack@n-api-meta.service[109696]: https://eventlet.readthedocs.io/en/latest/asyncio/migration.html
Apr 27 13:19:51.535795 np0000170590 devstack@n-api-meta.service[109696]: import eventlet
Apr 27 13:19:51.537546 np0000170590 devstack@n-api-meta.service[109695]: Service is starting with native threading. This is currently experimental. Do not use it in production without first testing it in pre-production.
Apr 27 13:19:51.590309 np0000170590 devstack@n-api-meta.service[109696]: Service is starting with native threading. This is currently experimental. Do not use it in production without first testing it in pre-production.
Apr 27 13:19:52.975293 np0000170590 devstack@n-api-meta.service[109698]: INFO dbcounter [None req-99df1358-b856-4b2d-a42e-b453f663c5e9 None None] Registered counter for database nova_api
Apr 27 13:19:52.993019 np0000170590 devstack@n-api-meta.service[109698]: DEBUG oslo_db.sqlalchemy.engines [None req-99df1358-b856-4b2d-a42e-b453f663c5e9 None None] MySQL server mode set to STRICT_TRANS_TABLES,STRICT_ALL_TABLES,NO_ZERO_IN_DATE,NO_ZERO_DATE,ERROR_FOR_DIVISION_BY_ZERO,TRADITIONAL,NO_ENGINE_SUBSTITUTION {{(pid=109698) _check_effective_sql_mode /opt/stack/data/venv/lib/python3.12/site-packages/oslo_db/sqlalchemy/engines.py:325}}
Apr 27 13:19:53.032856 np0000170590 devstack@n-api-meta.service[109698]: DEBUG dbcounter [-] [109698] Writer thread running {{(pid=109698) stat_writer /opt/stack/data/venv/lib/python3.12/site-packages/dbcounter.py:102}}
Apr 27 13:19:53.035313 np0000170590 devstack@n-api-meta.service[109698]: DEBUG nova.context [None req-99df1358-b856-4b2d-a42e-b453f663c5e9 None None] Found 2 cells: 00000000-0000-0000-0000-000000000000(cell0),f0af60eb-60ca-46b6-8b17-ffcf51d4bed1(cell1) {{(pid=109698) load_cells /opt/stack/nova/nova/context.py:509}}
Apr 27 13:19:53.035537 np0000170590 devstack@n-api-meta.service[109698]: INFO nova.utils [None req-99df1358-b856-4b2d-a42e-b453f663c5e9 None None] The cell worker thread pool MainProcess.cell_worker is initialized
Apr 27 13:19:53.037311 np0000170590 devstack@n-api-meta.service[109698]: DEBUG oslo_concurrency.lockutils [None req-99df1358-b856-4b2d-a42e-b453f663c5e9 None None] Acquiring lock "00000000-0000-0000-0000-000000000000" by "nova.context.set_target_cell..get_or_set_cached_cell_and_set_connections" {{(pid=109698) inner /opt/stack/data/venv/lib/python3.12/site-packages/oslo_concurrency/lockutils.py:506}}
Apr 27 13:19:53.037484 np0000170590 devstack@n-api-meta.service[109698]: DEBUG oslo_concurrency.lockutils [None req-99df1358-b856-4b2d-a42e-b453f663c5e9 None None] Lock "00000000-0000-0000-0000-000000000000" acquired by "nova.context.set_target_cell..get_or_set_cached_cell_and_set_connections" :: waited 0.000s {{(pid=109698) inner /opt/stack/data/venv/lib/python3.12/site-packages/oslo_concurrency/lockutils.py:519}}
Apr 27 13:19:53.037849 np0000170590 devstack@n-api-meta.service[109698]: DEBUG oslo_concurrency.lockutils [None req-99df1358-b856-4b2d-a42e-b453f663c5e9 None None] Lock "00000000-0000-0000-0000-000000000000" "released" by "nova.context.set_target_cell..get_or_set_cached_cell_and_set_connections" :: held 0.000s {{(pid=109698) inner /opt/stack/data/venv/lib/python3.12/site-packages/oslo_concurrency/lockutils.py:538}}
Apr 27 13:19:53.038618 np0000170590 devstack@n-api-meta.service[109698]: DEBUG oslo_concurrency.lockutils [None req-99df1358-b856-4b2d-a42e-b453f663c5e9 None None] Acquiring lock "f0af60eb-60ca-46b6-8b17-ffcf51d4bed1" by "nova.context.set_target_cell..get_or_set_cached_cell_and_set_connections" {{(pid=109698) inner /opt/stack/data/venv/lib/python3.12/site-packages/oslo_concurrency/lockutils.py:506}}
Apr 27 13:19:53.038769 np0000170590 devstack@n-api-meta.service[109698]: DEBUG oslo_concurrency.lockutils [None req-99df1358-b856-4b2d-a42e-b453f663c5e9 None None] Lock "f0af60eb-60ca-46b6-8b17-ffcf51d4bed1" acquired by "nova.context.set_target_cell..get_or_set_cached_cell_and_set_connections" :: waited 0.000s {{(pid=109698) inner /opt/stack/data/venv/lib/python3.12/site-packages/oslo_concurrency/lockutils.py:519}}
Apr 27 13:19:53.039659 np0000170590 devstack@n-api-meta.service[109698]: DEBUG oslo_concurrency.lockutils [None req-99df1358-b856-4b2d-a42e-b453f663c5e9 None None] Lock "f0af60eb-60ca-46b6-8b17-ffcf51d4bed1" "released" by "nova.context.set_target_cell..get_or_set_cached_cell_and_set_connections" :: held 0.001s {{(pid=109698) inner /opt/stack/data/venv/lib/python3.12/site-packages/oslo_concurrency/lockutils.py:538}}
Apr 27 13:19:53.043581 np0000170590 devstack@n-api-meta.service[109698]: INFO dbcounter [None req-99df1358-b856-4b2d-a42e-b453f663c5e9 None None] Registered counter for database nova_cell0
Apr 27 13:19:53.049188 np0000170590 devstack@n-api-meta.service[109698]: INFO dbcounter [None req-99df1358-b856-4b2d-a42e-b453f663c5e9 None None] Registered counter for database nova_cell1
Apr 27 13:19:53.057887 np0000170590 devstack@n-api-meta.service[109698]: DEBUG oslo_db.sqlalchemy.engines [None req-99df1358-b856-4b2d-a42e-b453f663c5e9 None None] MySQL server mode set to STRICT_TRANS_TABLES,STRICT_ALL_TABLES,NO_ZERO_IN_DATE,NO_ZERO_DATE,ERROR_FOR_DIVISION_BY_ZERO,TRADITIONAL,NO_ENGINE_SUBSTITUTION {{(pid=109698) _check_effective_sql_mode /opt/stack/data/venv/lib/python3.12/site-packages/oslo_db/sqlalchemy/engines.py:325}}
Apr 27 13:19:53.064229 np0000170590 devstack@n-api-meta.service[109698]: DEBUG oslo_db.sqlalchemy.engines [None req-99df1358-b856-4b2d-a42e-b453f663c5e9 None None] MySQL server mode set to STRICT_TRANS_TABLES,STRICT_ALL_TABLES,NO_ZERO_IN_DATE,NO_ZERO_DATE,ERROR_FOR_DIVISION_BY_ZERO,TRADITIONAL,NO_ENGINE_SUBSTITUTION {{(pid=109698) _check_effective_sql_mode /opt/stack/data/venv/lib/python3.12/site-packages/oslo_db/sqlalchemy/engines.py:325}}
Apr 27 13:19:53.070856 np0000170590 devstack@n-api-meta.service[109697]: INFO dbcounter [None req-d41bbd7a-cd29-413e-a752-45b1fa400525 None None] Registered counter for database nova_api
Apr 27 13:19:53.077951 np0000170590 devstack@n-api-meta.service[109695]: INFO dbcounter [None req-f7b9a35a-cc65-4f42-8a86-23ed9e625e2d None None] Registered counter for database nova_api
Apr 27 13:19:53.088956 np0000170590 devstack@n-api-meta.service[109697]: DEBUG oslo_db.sqlalchemy.engines [None req-d41bbd7a-cd29-413e-a752-45b1fa400525 None None] MySQL server mode set to STRICT_TRANS_TABLES,STRICT_ALL_TABLES,NO_ZERO_IN_DATE,NO_ZERO_DATE,ERROR_FOR_DIVISION_BY_ZERO,TRADITIONAL,NO_ENGINE_SUBSTITUTION {{(pid=109697) _check_effective_sql_mode /opt/stack/data/venv/lib/python3.12/site-packages/oslo_db/sqlalchemy/engines.py:325}}
Apr 27 13:19:53.093207 np0000170590 devstack@n-api-meta.service[109695]: DEBUG oslo_db.sqlalchemy.engines [None req-f7b9a35a-cc65-4f42-8a86-23ed9e625e2d None None] MySQL server mode set to STRICT_TRANS_TABLES,STRICT_ALL_TABLES,NO_ZERO_IN_DATE,NO_ZERO_DATE,ERROR_FOR_DIVISION_BY_ZERO,TRADITIONAL,NO_ENGINE_SUBSTITUTION {{(pid=109695) _check_effective_sql_mode /opt/stack/data/venv/lib/python3.12/site-packages/oslo_db/sqlalchemy/engines.py:325}}
Apr 27 13:19:53.126682 np0000170590 devstack@n-api-meta.service[109697]: DEBUG dbcounter [-] [109697] Writer thread running {{(pid=109697) stat_writer /opt/stack/data/venv/lib/python3.12/site-packages/dbcounter.py:102}}
Apr 27 13:19:53.128992 np0000170590 devstack@n-api-meta.service[109697]: DEBUG nova.context [None req-d41bbd7a-cd29-413e-a752-45b1fa400525 None None] Found 2 cells: 00000000-0000-0000-0000-000000000000(cell0),f0af60eb-60ca-46b6-8b17-ffcf51d4bed1(cell1) {{(pid=109697) load_cells /opt/stack/nova/nova/context.py:509}}
Apr 27 13:19:53.129427 np0000170590 devstack@n-api-meta.service[109697]: INFO nova.utils [None req-d41bbd7a-cd29-413e-a752-45b1fa400525 None None] The cell worker thread pool MainProcess.cell_worker is initialized
Apr 27 13:19:53.131219 np0000170590 devstack@n-api-meta.service[109697]: DEBUG oslo_concurrency.lockutils [None req-d41bbd7a-cd29-413e-a752-45b1fa400525 None None] Acquiring lock "00000000-0000-0000-0000-000000000000" by "nova.context.set_target_cell..get_or_set_cached_cell_and_set_connections" {{(pid=109697) inner /opt/stack/data/venv/lib/python3.12/site-packages/oslo_concurrency/lockutils.py:506}}
Apr 27 13:19:53.131344 np0000170590 devstack@n-api-meta.service[109697]: DEBUG oslo_concurrency.lockutils [None req-d41bbd7a-cd29-413e-a752-45b1fa400525 None None] Lock "00000000-0000-0000-0000-000000000000" acquired by "nova.context.set_target_cell..get_or_set_cached_cell_and_set_connections" :: waited 0.000s {{(pid=109697) inner /opt/stack/data/venv/lib/python3.12/site-packages/oslo_concurrency/lockutils.py:519}}
Apr 27 13:19:53.131667 np0000170590 devstack@n-api-meta.service[109695]: DEBUG dbcounter [-] [109695] Writer thread running {{(pid=109695) stat_writer /opt/stack/data/venv/lib/python3.12/site-packages/dbcounter.py:102}}
Apr 27 13:19:53.131767 np0000170590 devstack@n-api-meta.service[109697]: DEBUG oslo_concurrency.lockutils [None req-d41bbd7a-cd29-413e-a752-45b1fa400525 None None] Lock "00000000-0000-0000-0000-000000000000" "released" by "nova.context.set_target_cell..get_or_set_cached_cell_and_set_connections" :: held 0.000s {{(pid=109697) inner /opt/stack/data/venv/lib/python3.12/site-packages/oslo_concurrency/lockutils.py:538}}
Apr 27 13:19:53.132317 np0000170590 devstack@n-api-meta.service[109697]: DEBUG oslo_concurrency.lockutils [None req-d41bbd7a-cd29-413e-a752-45b1fa400525 None None] Acquiring lock "f0af60eb-60ca-46b6-8b17-ffcf51d4bed1" by "nova.context.set_target_cell..get_or_set_cached_cell_and_set_connections" {{(pid=109697) inner /opt/stack/data/venv/lib/python3.12/site-packages/oslo_concurrency/lockutils.py:506}}
Apr 27 13:19:53.132433 np0000170590 devstack@n-api-meta.service[109697]: DEBUG oslo_concurrency.lockutils [None req-d41bbd7a-cd29-413e-a752-45b1fa400525 None None] Lock "f0af60eb-60ca-46b6-8b17-ffcf51d4bed1" acquired by "nova.context.set_target_cell..get_or_set_cached_cell_and_set_connections" :: waited 0.000s {{(pid=109697) inner /opt/stack/data/venv/lib/python3.12/site-packages/oslo_concurrency/lockutils.py:519}}
Apr 27 13:19:53.133261 np0000170590 devstack@n-api-meta.service[109697]: DEBUG oslo_concurrency.lockutils [None req-d41bbd7a-cd29-413e-a752-45b1fa400525 None None] Lock "f0af60eb-60ca-46b6-8b17-ffcf51d4bed1" "released" by "nova.context.set_target_cell..get_or_set_cached_cell_and_set_connections" :: held 0.001s {{(pid=109697) inner /opt/stack/data/venv/lib/python3.12/site-packages/oslo_concurrency/lockutils.py:538}}
Apr 27 13:19:53.134203 np0000170590 devstack@n-api-meta.service[109695]: DEBUG nova.context [None req-f7b9a35a-cc65-4f42-8a86-23ed9e625e2d None None] Found 2 cells: 00000000-0000-0000-0000-000000000000(cell0),f0af60eb-60ca-46b6-8b17-ffcf51d4bed1(cell1) {{(pid=109695) load_cells /opt/stack/nova/nova/context.py:509}}
Apr 27 13:19:53.134453 np0000170590 devstack@n-api-meta.service[109695]: INFO nova.utils [None req-f7b9a35a-cc65-4f42-8a86-23ed9e625e2d None None] The cell worker thread pool MainProcess.cell_worker is initialized
Apr 27 13:19:53.135191 np0000170590 devstack@n-api-meta.service[109697]: INFO dbcounter [None req-d41bbd7a-cd29-413e-a752-45b1fa400525 None None] Registered counter for database nova_cell0
Apr 27 13:19:53.136253 np0000170590 devstack@n-api-meta.service[109695]: DEBUG oslo_concurrency.lockutils [None req-f7b9a35a-cc65-4f42-8a86-23ed9e625e2d None None] Acquiring lock "00000000-0000-0000-0000-000000000000" by "nova.context.set_target_cell..get_or_set_cached_cell_and_set_connections" {{(pid=109695) inner /opt/stack/data/venv/lib/python3.12/site-packages/oslo_concurrency/lockutils.py:506}}
Apr 27 13:19:53.136397 np0000170590 devstack@n-api-meta.service[109695]: DEBUG oslo_concurrency.lockutils [None req-f7b9a35a-cc65-4f42-8a86-23ed9e625e2d None None] Lock "00000000-0000-0000-0000-000000000000" acquired by "nova.context.set_target_cell..get_or_set_cached_cell_and_set_connections" :: waited 0.000s {{(pid=109695) inner /opt/stack/data/venv/lib/python3.12/site-packages/oslo_concurrency/lockutils.py:519}}
Apr 27 13:19:53.136782 np0000170590 devstack@n-api-meta.service[109695]: DEBUG oslo_concurrency.lockutils [None req-f7b9a35a-cc65-4f42-8a86-23ed9e625e2d None None] Lock "00000000-0000-0000-0000-000000000000" "released" by "nova.context.set_target_cell..get_or_set_cached_cell_and_set_connections" :: held 0.000s {{(pid=109695) inner /opt/stack/data/venv/lib/python3.12/site-packages/oslo_concurrency/lockutils.py:538}}
Apr 27 13:19:53.140456 np0000170590 devstack@n-api-meta.service[109695]: DEBUG oslo_concurrency.lockutils [None req-f7b9a35a-cc65-4f42-8a86-23ed9e625e2d None None] Acquiring lock "f0af60eb-60ca-46b6-8b17-ffcf51d4bed1" by "nova.context.set_target_cell..get_or_set_cached_cell_and_set_connections" {{(pid=109695) inner /opt/stack/data/venv/lib/python3.12/site-packages/oslo_concurrency/lockutils.py:506}}
Apr 27 13:19:53.140456 np0000170590 devstack@n-api-meta.service[109695]: DEBUG oslo_concurrency.lockutils [None req-f7b9a35a-cc65-4f42-8a86-23ed9e625e2d None None] Lock "f0af60eb-60ca-46b6-8b17-ffcf51d4bed1" acquired by "nova.context.set_target_cell..get_or_set_cached_cell_and_set_connections" :: waited 0.000s {{(pid=109695) inner /opt/stack/data/venv/lib/python3.12/site-packages/oslo_concurrency/lockutils.py:519}}
Apr 27 13:19:53.140456 np0000170590 devstack@n-api-meta.service[109695]: DEBUG oslo_concurrency.lockutils [None req-f7b9a35a-cc65-4f42-8a86-23ed9e625e2d None None] Lock "f0af60eb-60ca-46b6-8b17-ffcf51d4bed1" "released" by "nova.context.set_target_cell..get_or_set_cached_cell_and_set_connections" :: held 0.001s {{(pid=109695) inner /opt/stack/data/venv/lib/python3.12/site-packages/oslo_concurrency/lockutils.py:538}}
Apr 27 13:19:53.140718 np0000170590 devstack@n-api-meta.service[109697]: INFO dbcounter [None req-d41bbd7a-cd29-413e-a752-45b1fa400525 None None] Registered counter for database nova_cell1
Apr 27 13:19:53.140806 np0000170590 devstack@n-api-meta.service[109695]: INFO dbcounter [None req-f7b9a35a-cc65-4f42-8a86-23ed9e625e2d None None] Registered counter for database nova_cell0
Apr 27 13:19:53.146119 np0000170590 devstack@n-api-meta.service[109695]: INFO dbcounter [None req-f7b9a35a-cc65-4f42-8a86-23ed9e625e2d None None] Registered counter for database nova_cell1
Apr 27 13:19:53.150332 np0000170590 devstack@n-api-meta.service[109697]: DEBUG oslo_db.sqlalchemy.engines [None req-d41bbd7a-cd29-413e-a752-45b1fa400525 None None] MySQL server mode set to STRICT_TRANS_TABLES,STRICT_ALL_TABLES,NO_ZERO_IN_DATE,NO_ZERO_DATE,ERROR_FOR_DIVISION_BY_ZERO,TRADITIONAL,NO_ENGINE_SUBSTITUTION {{(pid=109697) _check_effective_sql_mode /opt/stack/data/venv/lib/python3.12/site-packages/oslo_db/sqlalchemy/engines.py:325}}
Apr 27 13:19:53.156808 np0000170590 devstack@n-api-meta.service[109697]: DEBUG oslo_db.sqlalchemy.engines [None req-d41bbd7a-cd29-413e-a752-45b1fa400525 None None] MySQL server mode set to STRICT_TRANS_TABLES,STRICT_ALL_TABLES,NO_ZERO_IN_DATE,NO_ZERO_DATE,ERROR_FOR_DIVISION_BY_ZERO,TRADITIONAL,NO_ENGINE_SUBSTITUTION {{(pid=109697) _check_effective_sql_mode /opt/stack/data/venv/lib/python3.12/site-packages/oslo_db/sqlalchemy/engines.py:325}}
Apr 27 13:19:53.160059 np0000170590 devstack@n-api-meta.service[109698]: DEBUG dbcounter [-] [109698] Writer thread running {{(pid=109698) stat_writer /opt/stack/data/venv/lib/python3.12/site-packages/dbcounter.py:102}}
Apr 27 13:19:53.160649 np0000170590 devstack@n-api-meta.service[109698]: DEBUG dbcounter [-] [109698] Writer thread running {{(pid=109698) stat_writer /opt/stack/data/venv/lib/python3.12/site-packages/dbcounter.py:102}}
Apr 27 13:19:53.163099 np0000170590 devstack@n-api-meta.service[109695]: DEBUG oslo_db.sqlalchemy.engines [None req-f7b9a35a-cc65-4f42-8a86-23ed9e625e2d None None] MySQL server mode set to STRICT_TRANS_TABLES,STRICT_ALL_TABLES,NO_ZERO_IN_DATE,NO_ZERO_DATE,ERROR_FOR_DIVISION_BY_ZERO,TRADITIONAL,NO_ENGINE_SUBSTITUTION {{(pid=109695) _check_effective_sql_mode /opt/stack/data/venv/lib/python3.12/site-packages/oslo_db/sqlalchemy/engines.py:325}}
Apr 27 13:19:53.165249 np0000170590 devstack@n-api-meta.service[109698]: INFO dbcounter [None req-99df1358-b856-4b2d-a42e-b453f663c5e9 None None] Registered counter for database nova_cell0
Apr 27 13:19:53.172977 np0000170590 devstack@n-api-meta.service[109696]: INFO dbcounter [None req-03e6a6bd-54e8-4dc4-acb4-faff5c2fe19c None None] Registered counter for database nova_api
Apr 27 13:19:53.176391 np0000170590 devstack@n-api-meta.service[109695]: DEBUG oslo_db.sqlalchemy.engines [None req-f7b9a35a-cc65-4f42-8a86-23ed9e625e2d None None] MySQL server mode set to STRICT_TRANS_TABLES,STRICT_ALL_TABLES,NO_ZERO_IN_DATE,NO_ZERO_DATE,ERROR_FOR_DIVISION_BY_ZERO,TRADITIONAL,NO_ENGINE_SUBSTITUTION {{(pid=109695) _check_effective_sql_mode /opt/stack/data/venv/lib/python3.12/site-packages/oslo_db/sqlalchemy/engines.py:325}}
Apr 27 13:19:53.178224 np0000170590 devstack@n-api-meta.service[109698]: DEBUG oslo_db.sqlalchemy.engines [None req-99df1358-b856-4b2d-a42e-b453f663c5e9 None None] MySQL server mode set to STRICT_TRANS_TABLES,STRICT_ALL_TABLES,NO_ZERO_IN_DATE,NO_ZERO_DATE,ERROR_FOR_DIVISION_BY_ZERO,TRADITIONAL,NO_ENGINE_SUBSTITUTION {{(pid=109698) _check_effective_sql_mode /opt/stack/data/venv/lib/python3.12/site-packages/oslo_db/sqlalchemy/engines.py:325}}
Apr 27 13:19:53.189588 np0000170590 devstack@n-api-meta.service[109698]: DEBUG dbcounter [-] [109698] Writer thread running {{(pid=109698) stat_writer /opt/stack/data/venv/lib/python3.12/site-packages/dbcounter.py:102}}
Apr 27 13:19:53.194052 np0000170590 devstack@n-api-meta.service[109696]: DEBUG oslo_db.sqlalchemy.engines [None req-03e6a6bd-54e8-4dc4-acb4-faff5c2fe19c None None] MySQL server mode set to STRICT_TRANS_TABLES,STRICT_ALL_TABLES,NO_ZERO_IN_DATE,NO_ZERO_DATE,ERROR_FOR_DIVISION_BY_ZERO,TRADITIONAL,NO_ENGINE_SUBSTITUTION {{(pid=109696) _check_effective_sql_mode /opt/stack/data/venv/lib/python3.12/site-packages/oslo_db/sqlalchemy/engines.py:325}}
Apr 27 13:19:53.230256 np0000170590 devstack@n-api-meta.service[109696]: DEBUG dbcounter [-] [109696] Writer thread running {{(pid=109696) stat_writer /opt/stack/data/venv/lib/python3.12/site-packages/dbcounter.py:102}}
Apr 27 13:19:53.232996 np0000170590 devstack@n-api-meta.service[109696]: DEBUG nova.context [None req-03e6a6bd-54e8-4dc4-acb4-faff5c2fe19c None None] Found 2 cells: 00000000-0000-0000-0000-000000000000(cell0),f0af60eb-60ca-46b6-8b17-ffcf51d4bed1(cell1) {{(pid=109696) load_cells /opt/stack/nova/nova/context.py:509}}
Apr 27 13:19:53.233385 np0000170590 devstack@n-api-meta.service[109696]: INFO nova.utils [None req-03e6a6bd-54e8-4dc4-acb4-faff5c2fe19c None None] The cell worker thread pool MainProcess.cell_worker is initialized
Apr 27 13:19:53.235295 np0000170590 devstack@n-api-meta.service[109696]: DEBUG oslo_concurrency.lockutils [None req-03e6a6bd-54e8-4dc4-acb4-faff5c2fe19c None None] Acquiring lock "00000000-0000-0000-0000-000000000000" by "nova.context.set_target_cell..get_or_set_cached_cell_and_set_connections" {{(pid=109696) inner /opt/stack/data/venv/lib/python3.12/site-packages/oslo_concurrency/lockutils.py:506}}
Apr 27 13:19:53.235451 np0000170590 devstack@n-api-meta.service[109696]: DEBUG oslo_concurrency.lockutils [None req-03e6a6bd-54e8-4dc4-acb4-faff5c2fe19c None None] Lock "00000000-0000-0000-0000-000000000000" acquired by "nova.context.set_target_cell..get_or_set_cached_cell_and_set_connections" :: waited 0.000s {{(pid=109696) inner /opt/stack/data/venv/lib/python3.12/site-packages/oslo_concurrency/lockutils.py:519}}
Apr 27 13:19:53.235801 np0000170590 devstack@n-api-meta.service[109696]: DEBUG oslo_concurrency.lockutils [None req-03e6a6bd-54e8-4dc4-acb4-faff5c2fe19c None None] Lock "00000000-0000-0000-0000-000000000000" "released" by "nova.context.set_target_cell..get_or_set_cached_cell_and_set_connections" :: held 0.000s {{(pid=109696) inner /opt/stack/data/venv/lib/python3.12/site-packages/oslo_concurrency/lockutils.py:538}}
Apr 27 13:19:53.236620 np0000170590 devstack@n-api-meta.service[109696]: DEBUG oslo_concurrency.lockutils [None req-03e6a6bd-54e8-4dc4-acb4-faff5c2fe19c None None] Acquiring lock "f0af60eb-60ca-46b6-8b17-ffcf51d4bed1" by "nova.context.set_target_cell..get_or_set_cached_cell_and_set_connections" {{(pid=109696) inner /opt/stack/data/venv/lib/python3.12/site-packages/oslo_concurrency/lockutils.py:506}}
Apr 27 13:19:53.239706 np0000170590 devstack@n-api-meta.service[109696]: DEBUG oslo_concurrency.lockutils [None req-03e6a6bd-54e8-4dc4-acb4-faff5c2fe19c None None] Lock "f0af60eb-60ca-46b6-8b17-ffcf51d4bed1" acquired by "nova.context.set_target_cell..get_or_set_cached_cell_and_set_connections" :: waited 0.003s {{(pid=109696) inner /opt/stack/data/venv/lib/python3.12/site-packages/oslo_concurrency/lockutils.py:519}}
Apr 27 13:19:53.241217 np0000170590 devstack@n-api-meta.service[109696]: INFO dbcounter [None req-03e6a6bd-54e8-4dc4-acb4-faff5c2fe19c None None] Registered counter for database nova_cell0
Apr 27 13:19:53.242823 np0000170590 devstack@n-api-meta.service[109696]: DEBUG oslo_concurrency.lockutils [None req-03e6a6bd-54e8-4dc4-acb4-faff5c2fe19c None None] Lock "f0af60eb-60ca-46b6-8b17-ffcf51d4bed1" "released" by "nova.context.set_target_cell..get_or_set_cached_cell_and_set_connections" :: held 0.001s {{(pid=109696) inner /opt/stack/data/venv/lib/python3.12/site-packages/oslo_concurrency/lockutils.py:538}}
Apr 27 13:19:53.246635 np0000170590 devstack@n-api-meta.service[109696]: INFO dbcounter [None req-03e6a6bd-54e8-4dc4-acb4-faff5c2fe19c None None] Registered counter for database nova_cell1
Apr 27 13:19:53.248390 np0000170590 devstack@n-api-meta.service[109697]: DEBUG dbcounter [-] [109697] Writer thread running {{(pid=109697) stat_writer /opt/stack/data/venv/lib/python3.12/site-packages/dbcounter.py:102}}
Apr 27 13:19:53.248678 np0000170590 devstack@n-api-meta.service[109698]: WARNING nova.api.metadata.handler [None req-99df1358-b856-4b2d-a42e-b453f663c5e9 None None] metadata_proxy_shared_secret is not configured, the metadata information returned by the proxy cannot be trusted
Apr 27 13:19:53.251577 np0000170590 devstack@n-api-meta.service[109698]: DEBUG nova.api.openstack.wsgi_app [None req-99df1358-b856-4b2d-a42e-b453f663c5e9 None None] ******************************************************************************** {{(pid=109698) log_opt_values /opt/stack/data/venv/lib/python3.12/site-packages/oslo_config/cfg.py:2979}}
Apr 27 13:19:53.251732 np0000170590 devstack@n-api-meta.service[109698]: DEBUG nova.api.openstack.wsgi_app [None req-99df1358-b856-4b2d-a42e-b453f663c5e9 None None] Configuration options gathered from: {{(pid=109698) log_opt_values /opt/stack/data/venv/lib/python3.12/site-packages/oslo_config/cfg.py:2980}}
Apr 27 13:19:53.252543 np0000170590 devstack@n-api-meta.service[109698]: DEBUG nova.api.openstack.wsgi_app [None req-99df1358-b856-4b2d-a42e-b453f663c5e9 None None] command line args: [] {{(pid=109698) log_opt_values /opt/stack/data/venv/lib/python3.12/site-packages/oslo_config/cfg.py:2981}}
Apr 27 13:19:53.252543 np0000170590 devstack@n-api-meta.service[109698]: DEBUG nova.api.openstack.wsgi_app [None req-99df1358-b856-4b2d-a42e-b453f663c5e9 None None] config files: ['/etc/nova/api-paste.ini', '/etc/nova/nova.conf'] {{(pid=109698) log_opt_values /opt/stack/data/venv/lib/python3.12/site-packages/oslo_config/cfg.py:2982}}
Apr 27 13:19:53.252543 np0000170590 devstack@n-api-meta.service[109698]: DEBUG nova.api.openstack.wsgi_app [None req-99df1358-b856-4b2d-a42e-b453f663c5e9 None None] ================================================================================ {{(pid=109698) log_opt_values /opt/stack/data/venv/lib/python3.12/site-packages/oslo_config/cfg.py:2987}}
Apr 27 13:19:53.252543 np0000170590 devstack@n-api-meta.service[109698]: DEBUG nova.api.openstack.wsgi_app [None req-99df1358-b856-4b2d-a42e-b453f663c5e9 None None] allow_resize_to_same_host = True {{(pid=109698) log_opt_values /opt/stack/data/venv/lib/python3.12/site-packages/oslo_config/cfg.py:2995}}
Apr 27 13:19:53.252726 np0000170590 devstack@n-api-meta.service[109698]: DEBUG nova.api.openstack.wsgi_app [None req-99df1358-b856-4b2d-a42e-b453f663c5e9 None None] arq_binding_timeout = 300 {{(pid=109698) log_opt_values /opt/stack/data/venv/lib/python3.12/site-packages/oslo_config/cfg.py:2995}}
Apr 27 13:19:53.252765 np0000170590 devstack@n-api-meta.service[109698]: DEBUG nova.api.openstack.wsgi_app [None req-99df1358-b856-4b2d-a42e-b453f663c5e9 None None] block_device_allocate_retries = 60 {{(pid=109698) log_opt_values /opt/stack/data/venv/lib/python3.12/site-packages/oslo_config/cfg.py:2995}}
Apr 27 13:19:53.252919 np0000170590 devstack@n-api-meta.service[109698]: DEBUG nova.api.openstack.wsgi_app [None req-99df1358-b856-4b2d-a42e-b453f663c5e9 None None] block_device_allocate_retries_interval = 3 {{(pid=109698) log_opt_values /opt/stack/data/venv/lib/python3.12/site-packages/oslo_config/cfg.py:2995}}
Apr 27 13:19:53.253095 np0000170590 devstack@n-api-meta.service[109698]: DEBUG nova.api.openstack.wsgi_app [None req-99df1358-b856-4b2d-a42e-b453f663c5e9 None None] cell_worker_thread_pool_size = 5 {{(pid=109698) log_opt_values /opt/stack/data/venv/lib/python3.12/site-packages/oslo_config/cfg.py:2995}}
Apr 27 13:19:53.253266 np0000170590 devstack@n-api-meta.service[109698]: DEBUG nova.api.openstack.wsgi_app [None req-99df1358-b856-4b2d-a42e-b453f663c5e9 None None] cert = self.pem {{(pid=109698) log_opt_values /opt/stack/data/venv/lib/python3.12/site-packages/oslo_config/cfg.py:2995}}
Apr 27 13:19:53.253453 np0000170590 devstack@n-api-meta.service[109698]: DEBUG nova.api.openstack.wsgi_app [None req-99df1358-b856-4b2d-a42e-b453f663c5e9 None None] compute_driver = libvirt.LibvirtDriver {{(pid=109698) log_opt_values /opt/stack/data/venv/lib/python3.12/site-packages/oslo_config/cfg.py:2995}}
Apr 27 13:19:53.253635 np0000170590 devstack@n-api-meta.service[109698]: DEBUG nova.api.openstack.wsgi_app [None req-99df1358-b856-4b2d-a42e-b453f663c5e9 None None] compute_monitors = [] {{(pid=109698) log_opt_values /opt/stack/data/venv/lib/python3.12/site-packages/oslo_config/cfg.py:2995}}
Apr 27 13:19:53.253810 np0000170590 devstack@n-api-meta.service[109698]: DEBUG nova.api.openstack.wsgi_app [None req-99df1358-b856-4b2d-a42e-b453f663c5e9 None None] config_dir = [] {{(pid=109698) log_opt_values /opt/stack/data/venv/lib/python3.12/site-packages/oslo_config/cfg.py:2995}}
Apr 27 13:19:53.254034 np0000170590 devstack@n-api-meta.service[109698]: DEBUG nova.api.openstack.wsgi_app [None req-99df1358-b856-4b2d-a42e-b453f663c5e9 None None] config_drive_format = iso9660 {{(pid=109698) log_opt_values /opt/stack/data/venv/lib/python3.12/site-packages/oslo_config/cfg.py:2995}}
Apr 27 13:19:53.254097 np0000170590 devstack@n-api-meta.service[109697]: DEBUG dbcounter [-] [109697] Writer thread running {{(pid=109697) stat_writer /opt/stack/data/venv/lib/python3.12/site-packages/dbcounter.py:102}}
Apr 27 13:19:53.254274 np0000170590 devstack@n-api-meta.service[109698]: DEBUG nova.api.openstack.wsgi_app [None req-99df1358-b856-4b2d-a42e-b453f663c5e9 None None] config_file = ['/etc/nova/api-paste.ini', '/etc/nova/nova.conf'] {{(pid=109698) log_opt_values /opt/stack/data/venv/lib/python3.12/site-packages/oslo_config/cfg.py:2995}}
Apr 27 13:19:53.254338 np0000170590 devstack@n-api-meta.service[109698]: DEBUG nova.api.openstack.wsgi_app [None req-99df1358-b856-4b2d-a42e-b453f663c5e9 None None] config_source = [] {{(pid=109698) log_opt_values /opt/stack/data/venv/lib/python3.12/site-packages/oslo_config/cfg.py:2995}}
Apr 27 13:19:53.254580 np0000170590 devstack@n-api-meta.service[109698]: DEBUG nova.api.openstack.wsgi_app [None req-99df1358-b856-4b2d-a42e-b453f663c5e9 None None] console_host = np0000170590 {{(pid=109698) log_opt_values /opt/stack/data/venv/lib/python3.12/site-packages/oslo_config/cfg.py:2995}}
Apr 27 13:19:53.255128 np0000170590 devstack@n-api-meta.service[109698]: DEBUG nova.api.openstack.wsgi_app [None req-99df1358-b856-4b2d-a42e-b453f663c5e9 None None] control_exchange = nova {{(pid=109698) log_opt_values /opt/stack/data/venv/lib/python3.12/site-packages/oslo_config/cfg.py:2995}}
Apr 27 13:19:53.255128 np0000170590 devstack@n-api-meta.service[109698]: DEBUG nova.api.openstack.wsgi_app [None req-99df1358-b856-4b2d-a42e-b453f663c5e9 None None] cpu_allocation_ratio = None {{(pid=109698) log_opt_values /opt/stack/data/venv/lib/python3.12/site-packages/oslo_config/cfg.py:2995}}
Apr 27 13:19:53.255128 np0000170590 devstack@n-api-meta.service[109698]: DEBUG nova.api.openstack.wsgi_app [None req-99df1358-b856-4b2d-a42e-b453f663c5e9 None None] daemon = False {{(pid=109698) log_opt_values /opt/stack/data/venv/lib/python3.12/site-packages/oslo_config/cfg.py:2995}}
Apr 27 13:19:53.255265 np0000170590 devstack@n-api-meta.service[109698]: DEBUG nova.api.openstack.wsgi_app [None req-99df1358-b856-4b2d-a42e-b453f663c5e9 None None] debug = True {{(pid=109698) log_opt_values /opt/stack/data/venv/lib/python3.12/site-packages/oslo_config/cfg.py:2995}}
Apr 27 13:19:53.255426 np0000170590 devstack@n-api-meta.service[109698]: DEBUG nova.api.openstack.wsgi_app [None req-99df1358-b856-4b2d-a42e-b453f663c5e9 None None] default_access_ip_network_name = None {{(pid=109698) log_opt_values /opt/stack/data/venv/lib/python3.12/site-packages/oslo_config/cfg.py:2995}}
Apr 27 13:19:53.255596 np0000170590 devstack@n-api-meta.service[109698]: DEBUG nova.api.openstack.wsgi_app [None req-99df1358-b856-4b2d-a42e-b453f663c5e9 None None] default_availability_zone = nova {{(pid=109698) log_opt_values /opt/stack/data/venv/lib/python3.12/site-packages/oslo_config/cfg.py:2995}}
Apr 27 13:19:53.255793 np0000170590 devstack@n-api-meta.service[109698]: DEBUG nova.api.openstack.wsgi_app [None req-99df1358-b856-4b2d-a42e-b453f663c5e9 None None] default_ephemeral_format = ext4 {{(pid=109698) log_opt_values /opt/stack/data/venv/lib/python3.12/site-packages/oslo_config/cfg.py:2995}}
Apr 27 13:19:53.256021 np0000170590 devstack@n-api-meta.service[109698]: DEBUG nova.api.openstack.wsgi_app [None req-99df1358-b856-4b2d-a42e-b453f663c5e9 None None] default_green_pool_size = 1000 {{(pid=109698) log_opt_values /opt/stack/data/venv/lib/python3.12/site-packages/oslo_config/cfg.py:2995}}
Apr 27 13:19:53.256205 np0000170590 devstack@n-api-meta.service[109698]: DEBUG nova.api.openstack.wsgi_app [None req-99df1358-b856-4b2d-a42e-b453f663c5e9 None None] default_log_levels = ['amqp=WARN', 'boto=WARN', 'sqlalchemy=WARN', 'suds=INFO', 'oslo.messaging=INFO', 'oslo_messaging=INFO', 'iso8601=WARN', 'requests.packages.urllib3.connectionpool=WARN', 'urllib3.connectionpool=WARN', 'websocket=WARN', 'requests.packages.urllib3.util.retry=WARN', 'urllib3.util.retry=WARN', 'keystonemiddleware=WARN', 'routes.middleware=WARN', 'stevedore=WARN', 'taskflow=WARN', 'keystoneauth=WARN', 'oslo.cache=INFO', 'oslo_policy=INFO', 'dogpile.core.dogpile=INFO', 'glanceclient=WARN', 'oslo.privsep.daemon=INFO'] {{(pid=109698) log_opt_values /opt/stack/data/venv/lib/python3.12/site-packages/oslo_config/cfg.py:2995}}
Apr 27 13:19:53.256452 np0000170590 devstack@n-api-meta.service[109698]: DEBUG nova.api.openstack.wsgi_app [None req-99df1358-b856-4b2d-a42e-b453f663c5e9 None None] default_schedule_zone = None {{(pid=109698) log_opt_values /opt/stack/data/venv/lib/python3.12/site-packages/oslo_config/cfg.py:2995}}
Apr 27 13:19:53.256566 np0000170590 devstack@n-api-meta.service[109698]: DEBUG nova.api.openstack.wsgi_app [None req-99df1358-b856-4b2d-a42e-b453f663c5e9 None None] default_thread_pool_size = 10 {{(pid=109698) log_opt_values /opt/stack/data/venv/lib/python3.12/site-packages/oslo_config/cfg.py:2995}}
Apr 27 13:19:53.256741 np0000170590 devstack@n-api-meta.service[109698]: DEBUG nova.api.openstack.wsgi_app [None req-99df1358-b856-4b2d-a42e-b453f663c5e9 None None] disk_allocation_ratio = None {{(pid=109698) log_opt_values /opt/stack/data/venv/lib/python3.12/site-packages/oslo_config/cfg.py:2995}}
Apr 27 13:19:53.256886 np0000170590 devstack@n-api-meta.service[109698]: DEBUG nova.api.openstack.wsgi_app [None req-99df1358-b856-4b2d-a42e-b453f663c5e9 None None] enable_new_services = True {{(pid=109698) log_opt_values /opt/stack/data/venv/lib/python3.12/site-packages/oslo_config/cfg.py:2995}}
Apr 27 13:19:53.257045 np0000170590 devstack@n-api-meta.service[109698]: DEBUG nova.api.openstack.wsgi_app [None req-99df1358-b856-4b2d-a42e-b453f663c5e9 None None] flat_injected = False {{(pid=109698) log_opt_values /opt/stack/data/venv/lib/python3.12/site-packages/oslo_config/cfg.py:2995}}
Apr 27 13:19:53.258210 np0000170590 devstack@n-api-meta.service[109698]: DEBUG nova.api.openstack.wsgi_app [None req-99df1358-b856-4b2d-a42e-b453f663c5e9 None None] force_config_drive = False {{(pid=109698) log_opt_values /opt/stack/data/venv/lib/python3.12/site-packages/oslo_config/cfg.py:2995}}
Apr 27 13:19:53.258210 np0000170590 devstack@n-api-meta.service[109698]: DEBUG nova.api.openstack.wsgi_app [None req-99df1358-b856-4b2d-a42e-b453f663c5e9 None None] force_raw_images = True {{(pid=109698) log_opt_values /opt/stack/data/venv/lib/python3.12/site-packages/oslo_config/cfg.py:2995}}
Apr 27 13:19:53.258210 np0000170590 devstack@n-api-meta.service[109698]: DEBUG nova.api.openstack.wsgi_app [None req-99df1358-b856-4b2d-a42e-b453f663c5e9 None None] graceful_shutdown_timeout = 5 {{(pid=109698) log_opt_values /opt/stack/data/venv/lib/python3.12/site-packages/oslo_config/cfg.py:2995}}
Apr 27 13:19:53.258428 np0000170590 devstack@n-api-meta.service[109696]: DEBUG oslo_db.sqlalchemy.engines [None req-03e6a6bd-54e8-4dc4-acb4-faff5c2fe19c None None] MySQL server mode set to STRICT_TRANS_TABLES,STRICT_ALL_TABLES,NO_ZERO_IN_DATE,NO_ZERO_DATE,ERROR_FOR_DIVISION_BY_ZERO,TRADITIONAL,NO_ENGINE_SUBSTITUTION {{(pid=109696) _check_effective_sql_mode /opt/stack/data/venv/lib/python3.12/site-packages/oslo_db/sqlalchemy/engines.py:325}}
Apr 27 13:19:53.258509 np0000170590 devstack@n-api-meta.service[109698]: DEBUG nova.api.openstack.wsgi_app [None req-99df1358-b856-4b2d-a42e-b453f663c5e9 None None] heal_instance_info_cache_interval = -1 {{(pid=109698) log_opt_values /opt/stack/data/venv/lib/python3.12/site-packages/oslo_config/cfg.py:2995}}
Apr 27 13:19:53.258509 np0000170590 devstack@n-api-meta.service[109698]: DEBUG nova.api.openstack.wsgi_app [None req-99df1358-b856-4b2d-a42e-b453f663c5e9 None None] host = np0000170590 {{(pid=109698) log_opt_values /opt/stack/data/venv/lib/python3.12/site-packages/oslo_config/cfg.py:2995}}
Apr 27 13:19:53.258509 np0000170590 devstack@n-api-meta.service[109698]: DEBUG nova.api.openstack.wsgi_app [None req-99df1358-b856-4b2d-a42e-b453f663c5e9 None None] initial_cpu_allocation_ratio = 4.0 {{(pid=109698) log_opt_values /opt/stack/data/venv/lib/python3.12/site-packages/oslo_config/cfg.py:2995}}
Apr 27 13:19:53.258509 np0000170590 devstack@n-api-meta.service[109698]: DEBUG nova.api.openstack.wsgi_app [None req-99df1358-b856-4b2d-a42e-b453f663c5e9 None None] initial_disk_allocation_ratio = 1.0 {{(pid=109698) log_opt_values /opt/stack/data/venv/lib/python3.12/site-packages/oslo_config/cfg.py:2995}}
Apr 27 13:19:53.258509 np0000170590 devstack@n-api-meta.service[109698]: DEBUG nova.api.openstack.wsgi_app [None req-99df1358-b856-4b2d-a42e-b453f663c5e9 None None] initial_ram_allocation_ratio = 1.0 {{(pid=109698) log_opt_values /opt/stack/data/venv/lib/python3.12/site-packages/oslo_config/cfg.py:2995}}
Apr 27 13:19:53.258810 np0000170590 devstack@n-api-meta.service[109697]: INFO dbcounter [None req-d41bbd7a-cd29-413e-a752-45b1fa400525 None None] Registered counter for database nova_cell0
Apr 27 13:19:53.258873 np0000170590 devstack@n-api-meta.service[109698]: DEBUG nova.api.openstack.wsgi_app [None req-99df1358-b856-4b2d-a42e-b453f663c5e9 None None] injected_network_template = /opt/stack/nova/nova/virt/interfaces.template {{(pid=109698) log_opt_values /opt/stack/data/venv/lib/python3.12/site-packages/oslo_config/cfg.py:2995}}
Apr 27 13:19:53.258873 np0000170590 devstack@n-api-meta.service[109698]: DEBUG nova.api.openstack.wsgi_app [None req-99df1358-b856-4b2d-a42e-b453f663c5e9 None None] instance_build_timeout = 0 {{(pid=109698) log_opt_values /opt/stack/data/venv/lib/python3.12/site-packages/oslo_config/cfg.py:2995}}
Apr 27 13:19:53.259124 np0000170590 devstack@n-api-meta.service[109698]: DEBUG nova.api.openstack.wsgi_app [None req-99df1358-b856-4b2d-a42e-b453f663c5e9 None None] instance_delete_interval = 300 {{(pid=109698) log_opt_values /opt/stack/data/venv/lib/python3.12/site-packages/oslo_config/cfg.py:2995}}
Apr 27 13:19:53.259212 np0000170590 devstack@n-api-meta.service[109698]: DEBUG nova.api.openstack.wsgi_app [None req-99df1358-b856-4b2d-a42e-b453f663c5e9 None None] instance_format = [instance: %(uuid)s] {{(pid=109698) log_opt_values /opt/stack/data/venv/lib/python3.12/site-packages/oslo_config/cfg.py:2995}}
Apr 27 13:19:53.259350 np0000170590 devstack@n-api-meta.service[109698]: DEBUG nova.api.openstack.wsgi_app [None req-99df1358-b856-4b2d-a42e-b453f663c5e9 None None] instance_name_template = instance-%08x {{(pid=109698) log_opt_values /opt/stack/data/venv/lib/python3.12/site-packages/oslo_config/cfg.py:2995}}
Apr 27 13:19:53.259534 np0000170590 devstack@n-api-meta.service[109698]: DEBUG nova.api.openstack.wsgi_app [None req-99df1358-b856-4b2d-a42e-b453f663c5e9 None None] instance_usage_audit = False {{(pid=109698) log_opt_values /opt/stack/data/venv/lib/python3.12/site-packages/oslo_config/cfg.py:2995}}
Apr 27 13:19:53.259710 np0000170590 devstack@n-api-meta.service[109698]: DEBUG nova.api.openstack.wsgi_app [None req-99df1358-b856-4b2d-a42e-b453f663c5e9 None None] instance_usage_audit_period = month {{(pid=109698) log_opt_values /opt/stack/data/venv/lib/python3.12/site-packages/oslo_config/cfg.py:2995}}
Apr 27 13:19:53.259876 np0000170590 devstack@n-api-meta.service[109698]: DEBUG nova.api.openstack.wsgi_app [None req-99df1358-b856-4b2d-a42e-b453f663c5e9 None None] instance_uuid_format = [instance: %(uuid)s] {{(pid=109698) log_opt_values /opt/stack/data/venv/lib/python3.12/site-packages/oslo_config/cfg.py:2995}}
Apr 27 13:19:53.260051 np0000170590 devstack@n-api-meta.service[109698]: DEBUG nova.api.openstack.wsgi_app [None req-99df1358-b856-4b2d-a42e-b453f663c5e9 None None] instances_path = /opt/stack/data/nova/instances {{(pid=109698) log_opt_values /opt/stack/data/venv/lib/python3.12/site-packages/oslo_config/cfg.py:2995}}
Apr 27 13:19:53.260213 np0000170590 devstack@n-api-meta.service[109698]: DEBUG nova.api.openstack.wsgi_app [None req-99df1358-b856-4b2d-a42e-b453f663c5e9 None None] internal_service_availability_zone = internal {{(pid=109698) log_opt_values /opt/stack/data/venv/lib/python3.12/site-packages/oslo_config/cfg.py:2995}}
Apr 27 13:19:53.260372 np0000170590 devstack@n-api-meta.service[109698]: DEBUG nova.api.openstack.wsgi_app [None req-99df1358-b856-4b2d-a42e-b453f663c5e9 None None] key = None {{(pid=109698) log_opt_values /opt/stack/data/venv/lib/python3.12/site-packages/oslo_config/cfg.py:2995}}
Apr 27 13:19:53.260556 np0000170590 devstack@n-api-meta.service[109698]: DEBUG nova.api.openstack.wsgi_app [None req-99df1358-b856-4b2d-a42e-b453f663c5e9 None None] live_migration_retry_count = 30 {{(pid=109698) log_opt_values /opt/stack/data/venv/lib/python3.12/site-packages/oslo_config/cfg.py:2995}}
Apr 27 13:19:53.260737 np0000170590 devstack@n-api-meta.service[109698]: DEBUG nova.api.openstack.wsgi_app [None req-99df1358-b856-4b2d-a42e-b453f663c5e9 None None] log_color = False {{(pid=109698) log_opt_values /opt/stack/data/venv/lib/python3.12/site-packages/oslo_config/cfg.py:2995}}
Apr 27 13:19:53.260900 np0000170590 devstack@n-api-meta.service[109698]: DEBUG nova.api.openstack.wsgi_app [None req-99df1358-b856-4b2d-a42e-b453f663c5e9 None None] log_config_append = None {{(pid=109698) log_opt_values /opt/stack/data/venv/lib/python3.12/site-packages/oslo_config/cfg.py:2995}}
Apr 27 13:19:53.261067 np0000170590 devstack@n-api-meta.service[109698]: DEBUG nova.api.openstack.wsgi_app [None req-99df1358-b856-4b2d-a42e-b453f663c5e9 None None] log_date_format = %Y-%m-%d %H:%M:%S {{(pid=109698) log_opt_values /opt/stack/data/venv/lib/python3.12/site-packages/oslo_config/cfg.py:2995}}
Apr 27 13:19:53.261233 np0000170590 devstack@n-api-meta.service[109698]: DEBUG nova.api.openstack.wsgi_app [None req-99df1358-b856-4b2d-a42e-b453f663c5e9 None None] log_dir = None {{(pid=109698) log_opt_values /opt/stack/data/venv/lib/python3.12/site-packages/oslo_config/cfg.py:2995}}
Apr 27 13:19:53.261426 np0000170590 devstack@n-api-meta.service[109698]: DEBUG nova.api.openstack.wsgi_app [None req-99df1358-b856-4b2d-a42e-b453f663c5e9 None None] log_file = None {{(pid=109698) log_opt_values /opt/stack/data/venv/lib/python3.12/site-packages/oslo_config/cfg.py:2995}}
