Jun 22 04:42:31.315508 np0000182454 neutron-rpc-server[104666]: ERROR neutron.plugins.ml2.drivers.ovn.mech_driver.ovsdb.ovsdb_monitor
Traceback (most recent call last):
Jun 22 04:42:31.315508 np0000182454 neutron-rpc-server[104666]: ERROR neutron.plugins.ml2.drivers.ovn.mech_driver.ovsdb.ovsdb_monitor
File "/opt/stack/neutron/neutron/plugins/ml2/drivers/ovn/mech_driver/ovsdb/ovsdb_monitor.py", line 989, in notify
Jun 22 04:42:31.315508 np0000182454 neutron-rpc-server[104666]: ERROR neutron.plugins.ml2.drivers.ovn.mech_driver.ovsdb.ovsdb_monitor target_node, node_last_touch = self._hash_ring.get_node(
Jun 22 04:42:31.315508 np0000182454 neutron-rpc-server[104666]: ERROR neutron.plugins.ml2.drivers.ovn.mech_driver.ovsdb.ovsdb_monitor ^^^^^^^^^^^^^^^^^^^^^^^^^
Jun 22 04:42:31.315508 np0000182454 neutron-rpc-server[104666]: ERROR neutron.plugins.ml2.drivers.ovn.mech_driver.ovsdb.ovsdb_monitor
File "/opt/stack/neutron/neutron/common/ovn/hash_ring_manager.py", line 117, in get_node
Jun 22 04:42:31.315508 np0000182454 neutron-rpc-server[104666]: ERROR neutron.plugins.ml2.drivers.ovn.mech_driver.ovsdb.ovsdb_monitor self._load_hash_ring()
Jun 22 04:42:31.315508 np0000182454 neutron-rpc-server[104666]: ERROR neutron.plugins.ml2.drivers.ovn.mech_driver.ovsdb.ovsdb_monitor
File "/opt/stack/neutron/neutron/common/ovn/hash_ring_manager.py", line 95, in _load_hash_ring
Jun 22 04:42:31.315508 np0000182454 neutron-rpc-server[104666]: ERROR neutron.plugins.ml2.drivers.ovn.mech_driver.ovsdb.ovsdb_monitor self._wait_startup_before_caching or
Jun 22 04:42:31.315508 np0000182454 neutron-rpc-server[104666]: ERROR neutron.plugins.ml2.drivers.ovn.mech_driver.ovsdb.ovsdb_monitor ^^^^^^^^^^^^^^^^^^^^^^^^^^^^^^^^^
Jun 22 04:42:31.315508 np0000182454 neutron-rpc-server[104666]: ERROR neutron.plugins.ml2.drivers.ovn.mech_driver.ovsdb.ovsdb_monitor
File "/opt/stack/neutron/neutron/common/ovn/hash_ring_manager.py", line 63, in _wait_startup_before_caching
Jun 22 04:42:31.315508 np0000182454 neutron-rpc-server[104666]: ERROR neutron.plugins.ml2.drivers.ovn.mech_driver.ovsdb.ovsdb_monitor raise RuntimeError(msg)
Jun 22 04:42:31.315508 np0000182454 neutron-rpc-server[104666]: ERROR neutron.plugins.ml2.drivers.ovn.mech_driver.ovsdb.ovsdb_monitor RuntimeError: The Neutron API workers count is zero
Jun 22 04:42:31.317977 np0000182454 neutron-rpc-server[104666]: ERROR neutron.plugins.ml2.drivers.ovn.mech_driver.ovsdb.ovsdb_monitor
Jun 22 04:42:31.318095 np0000182454 neutron-rpc-server[104698]: DEBUG cotyledon.oslo_config_glue [-] oslo_messaging_rabbit.ssl_enforce_hostname_verification = True {{(pid=104698) log_opt_values /opt/stack/data/venv/lib/python3.12/site-packages/oslo_config/cfg.py:3253}}
Jun 22 04:42:31.318195 np0000182454 neutron-rpc-server[104705]: DEBUG cotyledon.oslo_config_glue [-] l3_ha_net_cidr = 169.254.192.0/18 {{(pid=104705) log_opt_values /opt/stack/data/venv/lib/python3.12/site-packages/oslo_config/cfg.py:3242}}
Jun 22 04:42:31.318311 np0000182454 neutron-rpc-server[104674]: DEBUG ovsdbapp.backend.ovs_idl [None req-ef835ef8-852d-4fac-b8f0-dad4f06a2804 None None] Created lookup_table index Logical_Switch.name {{(pid=104674) autocreate_indices /opt/stack/data/venv/lib/python3.12/site-packages/ovsdbapp/backend/ovs_idl/__init__.py:87}}
Jun 22 04:42:31.318500 np0000182454 neutron-rpc-server[104698]: DEBUG cotyledon.oslo_config_glue [-] oslo_messaging_rabbit.ssl_key_file = {{(pid=104698) log_opt_values /opt/stack/data/venv/lib/python3.12/site-packages/oslo_config/cfg.py:3253}}
Jun 22 04:42:31.318613 np0000182454 neutron-rpc-server[104705]: DEBUG cotyledon.oslo_config_glue [-] l3_ha_network_physical_name = {{(pid=104705) log_opt_values /opt/stack/data/venv/lib/python3.12/site-packages/oslo_config/cfg.py:3242}}
Jun 22 04:42:31.318718 np0000182454 neutron-rpc-server[104698]: DEBUG cotyledon.oslo_config_glue [-] oslo_messaging_rabbit.ssl_version = {{(pid=104698) log_opt_values /opt/stack/data/venv/lib/python3.12/site-packages/oslo_config/cfg.py:3253}}
Jun 22 04:42:31.318815 np0000182454 neutron-rpc-server[104674]: DEBUG ovsdbapp.backend.ovs_idl [None req-ef835ef8-852d-4fac-b8f0-dad4f06a2804 None None] Created lookup_table index Logical_Router.name {{(pid=104674) autocreate_indices /opt/stack/data/venv/lib/python3.12/site-packages/ovsdbapp/backend/ovs_idl/__init__.py:87}}
Jun 22 04:42:31.318966 np0000182454 neutron-rpc-server[104666]: ERROR neutron.common.ovn.hash_ring_manager [None req-e6d934a0-789b-411c-8e71-652f18930305 None None] The Neutron API workers count is zero
Jun 22 04:42:31.319109 np0000182454 neutron-rpc-server[104705]: DEBUG cotyledon.oslo_config_glue [-] l3_ha_network_type = {{(pid=104705) log_opt_values /opt/stack/data/venv/lib/python3.12/site-packages/oslo_config/cfg.py:3242}}
Jun 22 04:42:31.319217 np0000182454 neutron-rpc-server[104698]: DEBUG cotyledon.oslo_config_glue [-] oslo_messaging_rabbit.use_queue_manager = False {{(pid=104698) log_opt_values /opt/stack/data/venv/lib/python3.12/site-packages/oslo_config/cfg.py:3253}}
Jun 22 04:42:31.319322 np0000182454 neutron-rpc-server[104705]: DEBUG cotyledon.oslo_config_glue [-] log_color = False {{(pid=104705) log_opt_values /opt/stack/data/venv/lib/python3.12/site-packages/oslo_config/cfg.py:3242}}
Jun 22 04:42:31.319417 np0000182454 neutron-rpc-server[104698]: DEBUG cotyledon.oslo_config_glue [-] oslo_messaging_notifications.driver = [] {{(pid=104698) log_opt_values /opt/stack/data/venv/lib/python3.12/site-packages/oslo_config/cfg.py:3253}}
Jun 22 04:42:31.319557 np0000182454 neutron-rpc-server[104705]: DEBUG cotyledon.oslo_config_glue [-] log_config_append = None {{(pid=104705) log_opt_values /opt/stack/data/venv/lib/python3.12/site-packages/oslo_config/cfg.py:3242}}
Jun 22 04:42:31.319681 np0000182454 neutron-rpc-server[104698]: DEBUG cotyledon.oslo_config_glue [-] oslo_messaging_notifications.retry = -1 {{(pid=104698) log_opt_values /opt/stack/data/venv/lib/python3.12/site-packages/oslo_config/cfg.py:3253}}
Jun 22 04:42:31.319798 np0000182454 neutron-rpc-server[104705]: DEBUG cotyledon.oslo_config_glue [-] log_date_format = %Y-%m-%d %H:%M:%S {{(pid=104705) log_opt_values /opt/stack/data/venv/lib/python3.12/site-packages/oslo_config/cfg.py:3242}}
Jun 22 04:42:31.319903 np0000182454 neutron-rpc-server[104674]: DEBUG ovsdbapp.backend.ovs_idl [None req-ef835ef8-852d-4fac-b8f0-dad4f06a2804 None None] Created lookup_table index Load_Balancer.name {{(pid=104674) autocreate_indices /opt/stack/data/venv/lib/python3.12/site-packages/ovsdbapp/backend/ovs_idl/__init__.py:87}}
Jun 22 04:42:31.320029 np0000182454 neutron-rpc-server[104698]: DEBUG cotyledon.oslo_config_glue [-] oslo_messaging_notifications.topics = ['notifications'] {{(pid=104698) log_opt_values /opt/stack/data/venv/lib/python3.12/site-packages/oslo_config/cfg.py:3253}}
Jun 22 04:42:31.320128 np0000182454 neutron-rpc-server[104705]: DEBUG cotyledon.oslo_config_glue [-] log_dir = None {{(pid=104705) log_opt_values /opt/stack/data/venv/lib/python3.12/site-packages/oslo_config/cfg.py:3242}}
Jun 22 04:42:31.320229 np0000182454 neutron-rpc-server[104698]: DEBUG cotyledon.oslo_config_glue [-] oslo_messaging_notifications.transport_url = **** {{(pid=104698) log_opt_values /opt/stack/data/venv/lib/python3.12/site-packages/oslo_config/cfg.py:3253}}
Jun 22 04:42:31.320334 np0000182454 neutron-rpc-server[104705]: DEBUG cotyledon.oslo_config_glue [-] log_file = None {{(pid=104705) log_opt_values /opt/stack/data/venv/lib/python3.12/site-packages/oslo_config/cfg.py:3242}}
Jun 22 04:42:31.320467 np0000182454 neutron-rpc-server[104674]: DEBUG ovsdbapp.backend.ovs_idl [None req-ef835ef8-852d-4fac-b8f0-dad4f06a2804 None None] Created schema index Copp.name {{(pid=104674) autocreate_indices /opt/stack/data/venv/lib/python3.12/site-packages/ovsdbapp/backend/ovs_idl/__init__.py:106}}
Jun 22 04:42:31.320577 np0000182454 neutron-rpc-server[104705]: DEBUG cotyledon.oslo_config_glue [-] log_options = True {{(pid=104705) log_opt_values /opt/stack/data/venv/lib/python3.12/site-packages/oslo_config/cfg.py:3242}}
Jun 22 04:42:31.320683 np0000182454 neutron-rpc-server[104698]: DEBUG cotyledon.oslo_config_glue [-] oslo_reports.file_event_handler = None {{(pid=104698) log_opt_values /opt/stack/data/venv/lib/python3.12/site-packages/oslo_config/cfg.py:3253}}
Jun 22 04:42:31.320784 np0000182454 neutron-rpc-server[104666]: ERROR neutron.plugins.ml2.drivers.ovn.mech_driver.ovsdb.ovsdb_monitor [None req-e6d934a0-789b-411c-8e71-652f18930305 None None] The Neutron API workers count is zero: RuntimeError: The Neutron API workers count is zero
Jun 22 04:42:31.320784 np0000182454 neutron-rpc-server[104666]: ERROR neutron.plugins.ml2.drivers.ovn.mech_driver.ovsdb.ovsdb_monitor
Traceback (most recent call last):
Jun 22 04:42:31.320784 np0000182454 neutron-rpc-server[104666]: ERROR neutron.plugins.ml2.drivers.ovn.mech_driver.ovsdb.ovsdb_monitor
File "/opt/stack/neutron/neutron/plugins/ml2/drivers/ovn/mech_driver/ovsdb/ovsdb_monitor.py", line 989, in notify
Jun 22 04:42:31.320784 np0000182454 neutron-rpc-server[104666]: ERROR neutron.plugins.ml2.drivers.ovn.mech_driver.ovsdb.ovsdb_monitor target_node, node_last_touch = self._hash_ring.get_node(
Jun 22 04:42:31.320784 np0000182454 neutron-rpc-server[104666]: ERROR neutron.plugins.ml2.drivers.ovn.mech_driver.ovsdb.ovsdb_monitor ^^^^^^^^^^^^^^^^^^^^^^^^^
Jun 22 04:42:31.320784 np0000182454 neutron-rpc-server[104666]: ERROR neutron.plugins.ml2.drivers.ovn.mech_driver.ovsdb.ovsdb_monitor
File "/opt/stack/neutron/neutron/common/ovn/hash_ring_manager.py", line 117, in get_node
Jun 22 04:42:31.320784 np0000182454 neutron-rpc-server[104666]: ERROR neutron.plugins.ml2.drivers.ovn.mech_driver.ovsdb.ovsdb_monitor self._load_hash_ring()
Jun 22 04:42:31.320784 np0000182454 neutron-rpc-server[104666]: ERROR neutron.plugins.ml2.drivers.ovn.mech_driver.ovsdb.ovsdb_monitor
File "/opt/stack/neutron/neutron/common/ovn/hash_ring_manager.py", line 95, in _load_hash_ring
Jun 22 04:42:31.320784 np0000182454 neutron-rpc-server[104666]: ERROR neutron.plugins.ml2.drivers.ovn.mech_driver.ovsdb.ovsdb_monitor self._wait_startup_before_caching or
Jun 22 04:42:31.320784 np0000182454 neutron-rpc-server[104666]: ERROR neutron.plugins.ml2.drivers.ovn.mech_driver.ovsdb.ovsdb_monitor ^^^^^^^^^^^^^^^^^^^^^^^^^^^^^^^^^
Jun 22 04:42:31.320784 np0000182454 neutron-rpc-server[104666]: ERROR neutron.plugins.ml2.drivers.ovn.mech_driver.ovsdb.ovsdb_monitor
File "/opt/stack/neutron/neutron/common/ovn/hash_ring_manager.py", line 63, in _wait_startup_before_caching
Jun 22 04:42:31.320784 np0000182454 neutron-rpc-server[104666]: ERROR neutron.plugins.ml2.drivers.ovn.mech_driver.ovsdb.ovsdb_monitor raise RuntimeError(msg)
Jun 22 04:42:31.320784 np0000182454 neutron-rpc-server[104666]: ERROR neutron.plugins.ml2.drivers.ovn.mech_driver.ovsdb.ovsdb_monitor RuntimeError: The Neutron API workers count is zero
Jun 22 04:42:31.321338 np0000182454 neutron-rpc-server[104666]: ERROR neutron.plugins.ml2.drivers.ovn.mech_driver.ovsdb.ovsdb_monitor
Jun 22 04:42:31.321444 np0000182454 neutron-rpc-server[104674]: DEBUG ovsdbapp.backend.ovs_idl [None req-ef835ef8-852d-4fac-b8f0-dad4f06a2804 None None] Created schema index Meter.name {{(pid=104674) autocreate_indices /opt/stack/data/venv/lib/python3.12/site-packages/ovsdbapp/backend/ovs_idl/__init__.py:106}}
Jun 22 04:42:31.321554 np0000182454 neutron-rpc-server[104698]: DEBUG cotyledon.oslo_config_glue [-] oslo_reports.file_event_handler_interval = 1 {{(pid=104698) log_opt_values /opt/stack/data/venv/lib/python3.12/site-packages/oslo_config/cfg.py:3253}}
Jun 22 04:42:31.321681 np0000182454 neutron-rpc-server[104705]: DEBUG cotyledon.oslo_config_glue [-] log_rotate_interval = 1 {{(pid=104705) log_opt_values /opt/stack/data/venv/lib/python3.12/site-packages/oslo_config/cfg.py:3242}}
Jun 22 04:42:31.321814 np0000182454 neutron-rpc-server[104698]: DEBUG cotyledon.oslo_config_glue [-] oslo_reports.log_dir = None {{(pid=104698) log_opt_values /opt/stack/data/venv/lib/python3.12/site-packages/oslo_config/cfg.py:3253}}
Jun 22 04:42:31.321929 np0000182454 neutron-rpc-server[104674]: DEBUG ovsdbapp.backend.ovs_idl [None req-ef835ef8-852d-4fac-b8f0-dad4f06a2804 None None] Created schema index Load_Balancer_Group.name {{(pid=104674) autocreate_indices /opt/stack/data/venv/lib/python3.12/site-packages/ovsdbapp/backend/ovs_idl/__init__.py:106}}
Jun 22 04:42:31.322106 np0000182454 neutron-rpc-server[104705]: DEBUG cotyledon.oslo_config_glue [-] log_rotate_interval_type = days {{(pid=104705) log_opt_values /opt/stack/data/venv/lib/python3.12/site-packages/oslo_config/cfg.py:3242}}
Jun 22 04:42:31.322220 np0000182454 neutron-rpc-server[104698]: DEBUG cotyledon.oslo_config_glue [-] oslo_versionedobjects.fatal_exception_format_errors = False {{(pid=104698) log_opt_values /opt/stack/data/venv/lib/python3.12/site-packages/oslo_config/cfg.py:3253}}
Jun 22 04:42:31.322322 np0000182454 neutron-rpc-server[104666]: ERROR neutron.common.ovn.hash_ring_manager [None req-e6d934a0-789b-411c-8e71-652f18930305 None None] The Neutron API workers count is zero
Jun 22 04:42:31.322437 np0000182454 neutron-rpc-server[104674]: DEBUG ovsdbapp.backend.ovs_idl [None req-ef835ef8-852d-4fac-b8f0-dad4f06a2804 None None] Created schema index HA_Chassis_Group.name {{(pid=104674) autocreate_indices /opt/stack/data/venv/lib/python3.12/site-packages/ovsdbapp/backend/ovs_idl/__init__.py:106}}
Jun 22 04:42:31.322580 np0000182454 neutron-rpc-server[104705]: DEBUG cotyledon.oslo_config_glue [-] log_rotation_type = none {{(pid=104705) log_opt_values /opt/stack/data/venv/lib/python3.12/site-packages/oslo_config/cfg.py:3242}}
Jun 22 04:42:31.322700 np0000182454 neutron-rpc-server[104698]: DEBUG cotyledon.oslo_config_glue [-] QUOTAS.default_quota = -1 {{(pid=104698) log_opt_values /opt/stack/data/venv/lib/python3.12/site-packages/oslo_config/cfg.py:3253}}
Jun 22 04:42:31.322826 np0000182454 neutron-rpc-server[104674]: DEBUG ovsdbapp.backend.ovs_idl [None req-ef835ef8-852d-4fac-b8f0-dad4f06a2804 None None] Created schema index Address_Set.name {{(pid=104674) autocreate_indices /opt/stack/data/venv/lib/python3.12/site-packages/ovsdbapp/backend/ovs_idl/__init__.py:106}}
Jun 22 04:42:31.322955 np0000182454 neutron-rpc-server[104705]: DEBUG cotyledon.oslo_config_glue [-] logging_context_format_string = %(color)s%(levelname)s %(name)s [%(global_request_id)s %(request_id)s %(project_name)s %(user_name)s%(color)s] %(instance)s%(color)s%(message)s {{(pid=104705) log_opt_values /opt/stack/data/venv/lib/python3.12/site-packages/oslo_config/cfg.py:3242}}
Jun 22 04:42:31.323070 np0000182454 neutron-rpc-server[104698]: DEBUG cotyledon.oslo_config_glue [-] QUOTAS.quota_driver = neutron.db.quota.driver_nolock.DbQuotaNoLockDriver {{(pid=104698) log_opt_values /opt/stack/data/venv/lib/python3.12/site-packages/oslo_config/cfg.py:3253}}
Jun 22 04:42:31.323166 np0000182454 neutron-rpc-server[104705]: DEBUG cotyledon.oslo_config_glue [-] logging_debug_format_suffix = {{(pid=%(process)d) %(funcName)s %(pathname)s:%(lineno)d}} {{(pid=104705) log_opt_values /opt/stack/data/venv/lib/python3.12/site-packages/oslo_config/cfg.py:3242}}
Jun 22 04:42:31.323274 np0000182454 neutron-rpc-server[104698]: DEBUG cotyledon.oslo_config_glue [-] QUOTAS.quota_floatingip = 50 {{(pid=104698) log_opt_values /opt/stack/data/venv/lib/python3.12/site-packages/oslo_config/cfg.py:3253}}
Jun 22 04:42:31.323409 np0000182454 neutron-rpc-server[104674]: DEBUG ovsdbapp.backend.ovs_idl [None req-ef835ef8-852d-4fac-b8f0-dad4f06a2804 None None] Created schema index Connection.target {{(pid=104674) autocreate_indices /opt/stack/data/venv/lib/python3.12/site-packages/ovsdbapp/backend/ovs_idl/__init__.py:106}}
Jun 22 04:42:31.323510 np0000182454 neutron-rpc-server[104705]: DEBUG cotyledon.oslo_config_glue [-] logging_default_format_string = %(color)s%(levelname)s %(name)s [-%(color)s] %(instance)s%(color)s%(message)s {{(pid=104705) log_opt_values /opt/stack/data/venv/lib/python3.12/site-packages/oslo_config/cfg.py:3242}}
Jun 22 04:42:31.323692 np0000182454 neutron-rpc-server[104698]: DEBUG cotyledon.oslo_config_glue [-] QUOTAS.quota_network = 100 {{(pid=104698) log_opt_values /opt/stack/data/venv/lib/python3.12/site-packages/oslo_config/cfg.py:3253}}
Jun 22 04:42:31.323790 np0000182454 neutron-rpc-server[104674]: DEBUG ovsdbapp.backend.ovs_idl [None req-ef835ef8-852d-4fac-b8f0-dad4f06a2804 None None] Created schema index Gateway_Chassis.name {{(pid=104674) autocreate_indices /opt/stack/data/venv/lib/python3.12/site-packages/ovsdbapp/backend/ovs_idl/__init__.py:106}}
Jun 22 04:42:31.323929 np0000182454 neutron-rpc-server[104705]: DEBUG cotyledon.oslo_config_glue [-] logging_exception_prefix = ERROR %(name)s %(instance)s {{(pid=104705) log_opt_values /opt/stack/data/venv/lib/python3.12/site-packages/oslo_config/cfg.py:3242}}
Jun 22 04:42:31.323929 np0000182454 neutron-rpc-server[104705]: DEBUG cotyledon.oslo_config_glue [-] logging_user_identity_format = %(user)s %(project)s %(domain)s %(system_scope)s %(user_domain)s %(project_domain)s {{(pid=104705) log_opt_values /opt/stack/data/venv/lib/python3.12/site-packages/oslo_config/cfg.py:3242}}
Jun 22 04:42:31.324052 np0000182454 neutron-rpc-server[104698]: DEBUG cotyledon.oslo_config_glue [-] QUOTAS.quota_port = 500 {{(pid=104698) log_opt_values /opt/stack/data/venv/lib/python3.12/site-packages/oslo_config/cfg.py:3253}}
Jun 22 04:42:31.324160 np0000182454 neutron-rpc-server[104674]: DEBUG ovsdbapp.backend.ovs_idl [None req-ef835ef8-852d-4fac-b8f0-dad4f06a2804 None None] Created schema index Mirror.name {{(pid=104674) autocreate_indices /opt/stack/data/venv/lib/python3.12/site-packages/ovsdbapp/backend/ovs_idl/__init__.py:106}}
Jun 22 04:42:31.324267 np0000182454 neutron-rpc-server[104668]: ERROR neutron.plugins.ml2.drivers.ovn.mech_driver.ovsdb.ovsdb_monitor [None req-9b1fc5c5-0073-4c73-bbbf-5a159fad6233 None None] The Neutron API workers count is zero: RuntimeError: The Neutron API workers count is zero
Jun 22 04:42:31.324267 np0000182454 neutron-rpc-server[104668]: ERROR neutron.plugins.ml2.drivers.ovn.mech_driver.ovsdb.ovsdb_monitor
Traceback (most recent call last):
Jun 22 04:42:31.324267 np0000182454 neutron-rpc-server[104668]: ERROR neutron.plugins.ml2.drivers.ovn.mech_driver.ovsdb.ovsdb_monitor
File "/opt/stack/neutron/neutron/plugins/ml2/drivers/ovn/mech_driver/ovsdb/ovsdb_monitor.py", line 989, in notify
Jun 22 04:42:31.324267 np0000182454 neutron-rpc-server[104668]: ERROR neutron.plugins.ml2.drivers.ovn.mech_driver.ovsdb.ovsdb_monitor target_node, node_last_touch = self._hash_ring.get_node(
Jun 22 04:42:31.324267 np0000182454 neutron-rpc-server[104668]: ERROR neutron.plugins.ml2.drivers.ovn.mech_driver.ovsdb.ovsdb_monitor ^^^^^^^^^^^^^^^^^^^^^^^^^
Jun 22 04:42:31.324267 np0000182454 neutron-rpc-server[104668]: ERROR neutron.plugins.ml2.drivers.ovn.mech_driver.ovsdb.ovsdb_monitor
File "/opt/stack/neutron/neutron/common/ovn/hash_ring_manager.py", line 117, in get_node
Jun 22 04:42:31.324267 np0000182454 neutron-rpc-server[104668]: ERROR neutron.plugins.ml2.drivers.ovn.mech_driver.ovsdb.ovsdb_monitor self._load_hash_ring()
Jun 22 04:42:31.324267 np0000182454 neutron-rpc-server[104668]: ERROR neutron.plugins.ml2.drivers.ovn.mech_driver.ovsdb.ovsdb_monitor
File "/opt/stack/neutron/neutron/common/ovn/hash_ring_manager.py", line 95, in _load_hash_ring
Jun 22 04:42:31.324267 np0000182454 neutron-rpc-server[104668]: ERROR neutron.plugins.ml2.drivers.ovn.mech_driver.ovsdb.ovsdb_monitor self._wait_startup_before_caching or
Jun 22 04:42:31.324267 np0000182454 neutron-rpc-server[104668]: ERROR neutron.plugins.ml2.drivers.ovn.mech_driver.ovsdb.ovsdb_monitor ^^^^^^^^^^^^^^^^^^^^^^^^^^^^^^^^^
Jun 22 04:42:31.324267 np0000182454 neutron-rpc-server[104668]: ERROR neutron.plugins.ml2.drivers.ovn.mech_driver.ovsdb.ovsdb_monitor
File "/opt/stack/neutron/neutron/common/ovn/hash_ring_manager.py", line 63, in _wait_startup_before_caching
Jun 22 04:42:31.324267 np0000182454 neutron-rpc-server[104668]: ERROR neutron.plugins.ml2.drivers.ovn.mech_driver.ovsdb.ovsdb_monitor raise RuntimeError(msg)
Jun 22 04:42:31.324267 np0000182454 neutron-rpc-server[104668]: ERROR neutron.plugins.ml2.drivers.ovn.mech_driver.ovsdb.ovsdb_monitor RuntimeError: The Neutron API workers count is zero
Jun 22 04:42:31.324623 np0000182454 neutron-rpc-server[104668]: ERROR neutron.plugins.ml2.drivers.ovn.mech_driver.ovsdb.ovsdb_monitor
Jun 22 04:42:31.324722 np0000182454 neutron-rpc-server[104698]: DEBUG cotyledon.oslo_config_glue [-] QUOTAS.quota_rbac_policy = 10 {{(pid=104698) log_opt_values /opt/stack/data/venv/lib/python3.12/site-packages/oslo_config/cfg.py:3253}}
Jun 22 04:42:31.324818 np0000182454 neutron-rpc-server[104705]: DEBUG cotyledon.oslo_config_glue [-] max_allowed_address_pair = 10 {{(pid=104705) log_opt_values /opt/stack/data/venv/lib/python3.12/site-packages/oslo_config/cfg.py:3242}}
Jun 22 04:42:31.324957 np0000182454 neutron-rpc-server[104674]: DEBUG ovsdbapp.backend.ovs_idl [None req-ef835ef8-852d-4fac-b8f0-dad4f06a2804 None None] Created schema index Chassis_Template_Var.chassis {{(pid=104674) autocreate_indices /opt/stack/data/venv/lib/python3.12/site-packages/ovsdbapp/backend/ovs_idl/__init__.py:106}}
Jun 22 04:42:31.325071 np0000182454 neutron-rpc-server[104698]: DEBUG cotyledon.oslo_config_glue [-] QUOTAS.quota_router = 10 {{(pid=104698) log_opt_values /opt/stack/data/venv/lib/python3.12/site-packages/oslo_config/cfg.py:3253}}
Jun 22 04:42:31.325170 np0000182454 neutron-rpc-server[104666]: ERROR neutron.plugins.ml2.drivers.ovn.mech_driver.ovsdb.ovsdb_monitor [None req-e6d934a0-789b-411c-8e71-652f18930305 None None] The Neutron API workers count is zero: RuntimeError: The Neutron API workers count is zero
Jun 22 04:42:31.325170 np0000182454 neutron-rpc-server[104666]: ERROR neutron.plugins.ml2.drivers.ovn.mech_driver.ovsdb.ovsdb_monitor
Traceback (most recent call last):
Jun 22 04:42:31.325170 np0000182454 neutron-rpc-server[104666]: ERROR neutron.plugins.ml2.drivers.ovn.mech_driver.ovsdb.ovsdb_monitor
File "/opt/stack/neutron/neutron/plugins/ml2/drivers/ovn/mech_driver/ovsdb/ovsdb_monitor.py", line 989, in notify
Jun 22 04:42:31.325170 np0000182454 neutron-rpc-server[104666]: ERROR neutron.plugins.ml2.drivers.ovn.mech_driver.ovsdb.ovsdb_monitor target_node, node_last_touch = self._hash_ring.get_node(
Jun 22 04:42:31.325170 np0000182454 neutron-rpc-server[104666]: ERROR neutron.plugins.ml2.drivers.ovn.mech_driver.ovsdb.ovsdb_monitor ^^^^^^^^^^^^^^^^^^^^^^^^^
Jun 22 04:42:31.325170 np0000182454 neutron-rpc-server[104666]: ERROR neutron.plugins.ml2.drivers.ovn.mech_driver.ovsdb.ovsdb_monitor
File "/opt/stack/neutron/neutron/common/ovn/hash_ring_manager.py", line 117, in get_node
Jun 22 04:42:31.325170 np0000182454 neutron-rpc-server[104666]: ERROR neutron.plugins.ml2.drivers.ovn.mech_driver.ovsdb.ovsdb_monitor self._load_hash_ring()
Jun 22 04:42:31.325170 np0000182454 neutron-rpc-server[104666]: ERROR neutron.plugins.ml2.drivers.ovn.mech_driver.ovsdb.ovsdb_monitor
File "/opt/stack/neutron/neutron/common/ovn/hash_ring_manager.py", line 95, in _load_hash_ring
Jun 22 04:42:31.325170 np0000182454 neutron-rpc-server[104666]: ERROR neutron.plugins.ml2.drivers.ovn.mech_driver.ovsdb.ovsdb_monitor self._wait_startup_before_caching or
Jun 22 04:42:31.325170 np0000182454 neutron-rpc-server[104666]: ERROR neutron.plugins.ml2.drivers.ovn.mech_driver.ovsdb.ovsdb_monitor ^^^^^^^^^^^^^^^^^^^^^^^^^^^^^^^^^
Jun 22 04:42:31.325170 np0000182454 neutron-rpc-server[104666]: ERROR neutron.plugins.ml2.drivers.ovn.mech_driver.ovsdb.ovsdb_monitor
File "/opt/stack/neutron/neutron/common/ovn/hash_ring_manager.py", line 63, in _wait_startup_before_caching
Jun 22 04:42:31.325170 np0000182454 neutron-rpc-server[104666]: ERROR neutron.plugins.ml2.drivers.ovn.mech_driver.ovsdb.ovsdb_monitor raise RuntimeError(msg)
Jun 22 04:42:31.325170 np0000182454 neutron-rpc-server[104666]: ERROR neutron.plugins.ml2.drivers.ovn.mech_driver.ovsdb.ovsdb_monitor RuntimeError: The Neutron API workers count is zero
Jun 22 04:42:31.325705 np0000182454 neutron-rpc-server[104666]: ERROR neutron.plugins.ml2.drivers.ovn.mech_driver.ovsdb.ovsdb_monitor
Jun 22 04:42:31.325804 np0000182454 neutron-rpc-server[104705]: DEBUG cotyledon.oslo_config_glue [-] max_dns_nameservers = 5 {{(pid=104705) log_opt_values /opt/stack/data/venv/lib/python3.12/site-packages/oslo_config/cfg.py:3242}}
Jun 22 04:42:31.325908 np0000182454 neutron-rpc-server[104698]: DEBUG cotyledon.oslo_config_glue [-] QUOTAS.quota_security_group = 10 {{(pid=104698) log_opt_values /opt/stack/data/venv/lib/python3.12/site-packages/oslo_config/cfg.py:3253}}
Jun 22 04:42:31.326034 np0000182454 neutron-rpc-server[104674]: DEBUG ovsdbapp.backend.ovs_idl [None req-ef835ef8-852d-4fac-b8f0-dad4f06a2804 None None] Created schema index Logical_Router_Port.name {{(pid=104674) autocreate_indices /opt/stack/data/venv/lib/python3.12/site-packages/ovsdbapp/backend/ovs_idl/__init__.py:106}}
Jun 22 04:42:31.326143 np0000182454 neutron-rpc-server[104668]: ERROR neutron.common.ovn.hash_ring_manager [None req-9b1fc5c5-0073-4c73-bbbf-5a159fad6233 None None] The Neutron API workers count is zero
Jun 22 04:42:31.326248 np0000182454 neutron-rpc-server[104705]: DEBUG cotyledon.oslo_config_glue [-] max_header_line = 16384 {{(pid=104705) log_opt_values /opt/stack/data/venv/lib/python3.12/site-packages/oslo_config/cfg.py:3242}}
Jun 22 04:42:31.326345 np0000182454 neutron-rpc-server[104698]: DEBUG cotyledon.oslo_config_glue [-] QUOTAS.quota_security_group_rule = 100 {{(pid=104698) log_opt_values /opt/stack/data/venv/lib/python3.12/site-packages/oslo_config/cfg.py:3253}}
Jun 22 04:42:31.326444 np0000182454 neutron-rpc-server[104674]: DEBUG ovsdbapp.backend.ovs_idl [None req-ef835ef8-852d-4fac-b8f0-dad4f06a2804 None None] Created schema index Port_Group.name {{(pid=104674) autocreate_indices /opt/stack/data/venv/lib/python3.12/site-packages/ovsdbapp/backend/ovs_idl/__init__.py:106}}
Jun 22 04:42:31.326561 np0000182454 neutron-rpc-server[104698]: DEBUG cotyledon.oslo_config_glue [-] QUOTAS.quota_subnet = 100 {{(pid=104698) log_opt_values /opt/stack/data/venv/lib/python3.12/site-packages/oslo_config/cfg.py:3253}}
Jun 22 04:42:31.326666 np0000182454 neutron-rpc-server[104705]: DEBUG cotyledon.oslo_config_glue [-] max_l3_agents_per_router = 3 {{(pid=104705) log_opt_values /opt/stack/data/venv/lib/python3.12/site-packages/oslo_config/cfg.py:3242}}
Jun 22 04:42:31.326763 np0000182454 neutron-rpc-server[104698]: DEBUG cotyledon.oslo_config_glue [-] QUOTAS.track_quota_usage = True {{(pid=104698) log_opt_values /opt/stack/data/venv/lib/python3.12/site-packages/oslo_config/cfg.py:3253}}
Jun 22 04:42:31.326854 np0000182454 neutron-rpc-server[104666]: ERROR neutron.common.ovn.hash_ring_manager [None req-e6d934a0-789b-411c-8e71-652f18930305 None None] The Neutron API workers count is zero
Jun 22 04:42:31.326973 np0000182454 neutron-rpc-server[104674]: DEBUG ovsdbapp.backend.ovs_idl [None req-ef835ef8-852d-4fac-b8f0-dad4f06a2804 None None] Created schema index Logical_Switch_Port.name {{(pid=104674) autocreate_indices /opt/stack/data/venv/lib/python3.12/site-packages/ovsdbapp/backend/ovs_idl/__init__.py:106}}
Jun 22 04:42:31.327073 np0000182454 neutron-rpc-server[104705]: DEBUG cotyledon.oslo_config_glue [-] max_logfile_count = 30 {{(pid=104705) log_opt_values /opt/stack/data/venv/lib/python3.12/site-packages/oslo_config/cfg.py:3242}}
Jun 22 04:42:31.327180 np0000182454 neutron-rpc-server[104698]: DEBUG cotyledon.oslo_config_glue [-] privsep.capabilities = [21, 12, 1, 2, 19] {{(pid=104698) log_opt_values /opt/stack/data/venv/lib/python3.12/site-packages/oslo_config/cfg.py:3253}}
Jun 22 04:42:31.327296 np0000182454 neutron-rpc-server[104705]: DEBUG cotyledon.oslo_config_glue [-] max_logfile_size_mb = 200 {{(pid=104705) log_opt_values /opt/stack/data/venv/lib/python3.12/site-packages/oslo_config/cfg.py:3242}}
Jun 22 04:42:31.327406 np0000182454 neutron-rpc-server[104698]: DEBUG cotyledon.oslo_config_glue [-] privsep.group = None {{(pid=104698) log_opt_values /opt/stack/data/venv/lib/python3.12/site-packages/oslo_config/cfg.py:3253}}
Jun 22 04:42:31.327406 np0000182454 neutron-rpc-server[104698]: DEBUG cotyledon.oslo_config_glue [-] privsep.helper_command = None {{(pid=104698) log_opt_values /opt/stack/data/venv/lib/python3.12/site-packages/oslo_config/cfg.py:3253}}
Jun 22 04:42:31.327529 np0000182454 neutron-rpc-server[104705]: DEBUG cotyledon.oslo_config_glue [-] max_routes = 30 {{(pid=104705) log_opt_values /opt/stack/data/venv/lib/python3.12/site-packages/oslo_config/cfg.py:3242}}
Jun 22 04:42:31.327659 np0000182454 neutron-rpc-server[104698]: DEBUG cotyledon.oslo_config_glue [-] privsep.log_daemon_traceback = False {{(pid=104698) log_opt_values /opt/stack/data/venv/lib/python3.12/site-packages/oslo_config/cfg.py:3253}}
Jun 22 04:42:31.327784 np0000182454 neutron-rpc-server[104668]: ERROR neutron.plugins.ml2.drivers.ovn.mech_driver.ovsdb.ovsdb_monitor [None req-9b1fc5c5-0073-4c73-bbbf-5a159fad6233 None None] The Neutron API workers count is zero: RuntimeError: The Neutron API workers count is zero
Jun 22 04:42:31.327784 np0000182454 neutron-rpc-server[104668]: ERROR neutron.plugins.ml2.drivers.ovn.mech_driver.ovsdb.ovsdb_monitor
Traceback (most recent call last):
Jun 22 04:42:31.327784 np0000182454 neutron-rpc-server[104668]: ERROR neutron.plugins.ml2.drivers.ovn.mech_driver.ovsdb.ovsdb_monitor
File "/opt/stack/neutron/neutron/plugins/ml2/drivers/ovn/mech_driver/ovsdb/ovsdb_monitor.py", line 989, in notify
Jun 22 04:42:31.327784 np0000182454 neutron-rpc-server[104668]: ERROR neutron.plugins.ml2.drivers.ovn.mech_driver.ovsdb.ovsdb_monitor target_node, node_last_touch = self._hash_ring.get_node(
Jun 22 04:42:31.327784 np0000182454 neutron-rpc-server[104668]: ERROR neutron.plugins.ml2.drivers.ovn.mech_driver.ovsdb.ovsdb_monitor ^^^^^^^^^^^^^^^^^^^^^^^^^
Jun 22 04:42:31.327784 np0000182454 neutron-rpc-server[104668]: ERROR neutron.plugins.ml2.drivers.ovn.mech_driver.ovsdb.ovsdb_monitor
File "/opt/stack/neutron/neutron/common/ovn/hash_ring_manager.py", line 117, in get_node
Jun 22 04:42:31.327784 np0000182454 neutron-rpc-server[104668]: ERROR neutron.plugins.ml2.drivers.ovn.mech_driver.ovsdb.ovsdb_monitor self._load_hash_ring()
Jun 22 04:42:31.327784 np0000182454 neutron-rpc-server[104668]: ERROR neutron.plugins.ml2.drivers.ovn.mech_driver.ovsdb.ovsdb_monitor
File "/opt/stack/neutron/neutron/common/ovn/hash_ring_manager.py", line 95, in _load_hash_ring
Jun 22 04:42:31.327784 np0000182454 neutron-rpc-server[104668]: ERROR neutron.plugins.ml2.drivers.ovn.mech_driver.ovsdb.ovsdb_monitor self._wait_startup_before_caching or
Jun 22 04:42:31.327784 np0000182454 neutron-rpc-server[104668]: ERROR neutron.plugins.ml2.drivers.ovn.mech_driver.ovsdb.ovsdb_monitor ^^^^^^^^^^^^^^^^^^^^^^^^^^^^^^^^^
Jun 22 04:42:31.327784 np0000182454 neutron-rpc-server[104668]: ERROR neutron.plugins.ml2.drivers.ovn.mech_driver.ovsdb.ovsdb_monitor
File "/opt/stack/neutron/neutron/common/ovn/hash_ring_manager.py", line 63, in _wait_startup_before_caching
Jun 22 04:42:31.327784 np0000182454 neutron-rpc-server[104668]: ERROR neutron.plugins.ml2.drivers.ovn.mech_driver.ovsdb.ovsdb_monitor raise RuntimeError(msg)
Jun 22 04:42:31.327784 np0000182454 neutron-rpc-server[104668]: ERROR neutron.plugins.ml2.drivers.ovn.mech_driver.ovsdb.ovsdb_monitor RuntimeError: The Neutron API workers count is zero
Jun 22 04:42:31.328160 np0000182454 neutron-rpc-server[104668]: ERROR neutron.plugins.ml2.drivers.ovn.mech_driver.ovsdb.ovsdb_monitor
Jun 22 04:42:31.328260 np0000182454 neutron-rpc-server[104705]: DEBUG cotyledon.oslo_config_glue [-] max_subnet_host_routes = 20 {{(pid=104705) log_opt_values /opt/stack/data/venv/lib/python3.12/site-packages/oslo_config/cfg.py:3242}}
Jun 22 04:42:31.328382 np0000182454 neutron-rpc-server[104698]: DEBUG cotyledon.oslo_config_glue [-] privsep.logger_name = oslo_privsep.daemon {{(pid=104698) log_opt_values /opt/stack/data/venv/lib/python3.12/site-packages/oslo_config/cfg.py:3253}}
Jun 22 04:42:31.328382 np0000182454 neutron-rpc-server[104698]: DEBUG cotyledon.oslo_config_glue [-] privsep.thread_pool_size = 16 {{(pid=104698) log_opt_values /opt/stack/data/venv/lib/python3.12/site-packages/oslo_config/cfg.py:3253}}
Jun 22 04:42:31.328538 np0000182454 neutron-rpc-server[104705]: DEBUG cotyledon.oslo_config_glue [-] my_ip = 199.204.45.25 {{(pid=104705) log_opt_values /opt/stack/data/venv/lib/python3.12/site-packages/oslo_config/cfg.py:3242}}
Jun 22 04:42:31.328637 np0000182454 neutron-rpc-server[104668]: ERROR neutron.common.ovn.hash_ring_manager [None req-9b1fc5c5-0073-4c73-bbbf-5a159fad6233 None None] The Neutron API workers count is zero
Jun 22 04:42:31.328733 np0000182454 neutron-rpc-server[104698]: DEBUG cotyledon.oslo_config_glue [-] privsep.user = None {{(pid=104698) log_opt_values /opt/stack/data/venv/lib/python3.12/site-packages/oslo_config/cfg.py:3253}}
Jun 22 04:42:31.328853 np0000182454 neutron-rpc-server[104705]: DEBUG cotyledon.oslo_config_glue [-] my_ipv6 = 2604:e100:1:0:f816:3eff:fe1e:13d9 {{(pid=104705) log_opt_values /opt/stack/data/venv/lib/python3.12/site-packages/oslo_config/cfg.py:3242}}
Jun 22 04:42:31.329003 np0000182454 neutron-rpc-server[104698]: DEBUG cotyledon.oslo_config_glue [-] privsep_dhcp_release.capabilities = [21, 12] {{(pid=104698) log_opt_values /opt/stack/data/venv/lib/python3.12/site-packages/oslo_config/cfg.py:3253}}
Jun 22 04:42:31.329156 np0000182454 neutron-rpc-server[104666]: ERROR neutron.plugins.ml2.drivers.ovn.mech_driver.ovsdb.ovsdb_monitor [None req-e6d934a0-789b-411c-8e71-652f18930305 None None] The Neutron API workers count is zero: RuntimeError: The Neutron API workers count is zero
Jun 22 04:42:31.329156 np0000182454 neutron-rpc-server[104666]: ERROR neutron.plugins.ml2.drivers.ovn.mech_driver.ovsdb.ovsdb_monitor
Traceback (most recent call last):
Jun 22 04:42:31.329156 np0000182454 neutron-rpc-server[104666]: ERROR neutron.plugins.ml2.drivers.ovn.mech_driver.ovsdb.ovsdb_monitor
File "/opt/stack/neutron/neutron/plugins/ml2/drivers/ovn/mech_driver/ovsdb/ovsdb_monitor.py", line 989, in notify
Jun 22 04:42:31.329156 np0000182454 neutron-rpc-server[104666]: ERROR neutron.plugins.ml2.drivers.ovn.mech_driver.ovsdb.ovsdb_monitor target_node, node_last_touch = self._hash_ring.get_node(
Jun 22 04:42:31.329156 np0000182454 neutron-rpc-server[104666]: ERROR neutron.plugins.ml2.drivers.ovn.mech_driver.ovsdb.ovsdb_monitor ^^^^^^^^^^^^^^^^^^^^^^^^^
Jun 22 04:42:31.329156 np0000182454 neutron-rpc-server[104666]: ERROR neutron.plugins.ml2.drivers.ovn.mech_driver.ovsdb.ovsdb_monitor
File "/opt/stack/neutron/neutron/common/ovn/hash_ring_manager.py", line 117, in get_node
Jun 22 04:42:31.329156 np0000182454 neutron-rpc-server[104666]: ERROR neutron.plugins.ml2.drivers.ovn.mech_driver.ovsdb.ovsdb_monitor self._load_hash_ring()
Jun 22 04:42:31.329156 np0000182454 neutron-rpc-server[104666]: ERROR neutron.plugins.ml2.drivers.ovn.mech_driver.ovsdb.ovsdb_monitor
File "/opt/stack/neutron/neutron/common/ovn/hash_ring_manager.py", line 95, in _load_hash_ring
Jun 22 04:42:31.329156 np0000182454 neutron-rpc-server[104666]: ERROR neutron.plugins.ml2.drivers.ovn.mech_driver.ovsdb.ovsdb_monitor self._wait_startup_before_caching or
Jun 22 04:42:31.329156 np0000182454 neutron-rpc-server[104666]: ERROR neutron.plugins.ml2.drivers.ovn.mech_driver.ovsdb.ovsdb_monitor ^^^^^^^^^^^^^^^^^^^^^^^^^^^^^^^^^
Jun 22 04:42:31.329156 np0000182454 neutron-rpc-server[104666]: ERROR neutron.plugins.ml2.drivers.ovn.mech_driver.ovsdb.ovsdb_monitor
File "/opt/stack/neutron/neutron/common/ovn/hash_ring_manager.py", line 63, in _wait_startup_before_caching
Jun 22 04:42:31.329156 np0000182454 neutron-rpc-server[104666]: ERROR neutron.plugins.ml2.drivers.ovn.mech_driver.ovsdb.ovsdb_monitor raise RuntimeError(msg)
Jun 22 04:42:31.329156 np0000182454 neutron-rpc-server[104666]: ERROR neutron.plugins.ml2.drivers.ovn.mech_driver.ovsdb.ovsdb_monitor RuntimeError: The Neutron API workers count is zero
Jun 22 04:42:31.329500 np0000182454 neutron-rpc-server[104666]: ERROR neutron.plugins.ml2.drivers.ovn.mech_driver.ovsdb.ovsdb_monitor
Jun 22 04:42:31.329642 np0000182454 neutron-rpc-server[104698]: DEBUG cotyledon.oslo_config_glue [-] privsep_dhcp_release.group = None {{(pid=104698) log_opt_values /opt/stack/data/venv/lib/python3.12/site-packages/oslo_config/cfg.py:3253}}
Jun 22 04:42:31.329775 np0000182454 neutron-rpc-server[104705]: DEBUG cotyledon.oslo_config_glue [-] network_auto_schedule = True {{(pid=104705) log_opt_values /opt/stack/data/venv/lib/python3.12/site-packages/oslo_config/cfg.py:3242}}
Jun 22 04:42:31.329887 np0000182454 neutron-rpc-server[104698]: DEBUG cotyledon.oslo_config_glue [-] privsep_dhcp_release.helper_command = None {{(pid=104698) log_opt_values /opt/stack/data/venv/lib/python3.12/site-packages/oslo_config/cfg.py:3253}}
Jun 22 04:42:31.330013 np0000182454 neutron-rpc-server[104705]: DEBUG cotyledon.oslo_config_glue [-] network_link_prefix = None {{(pid=104705) log_opt_values /opt/stack/data/venv/lib/python3.12/site-packages/oslo_config/cfg.py:3242}}
Jun 22 04:42:31.330116 np0000182454 neutron-rpc-server[104698]: DEBUG cotyledon.oslo_config_glue [-] privsep_dhcp_release.log_daemon_traceback = False {{(pid=104698) log_opt_values /opt/stack/data/venv/lib/python3.12/site-packages/oslo_config/cfg.py:3253}}
Jun 22 04:42:31.330116 np0000182454 neutron-rpc-server[104698]: DEBUG cotyledon.oslo_config_glue [-] privsep_dhcp_release.logger_name = oslo_privsep.daemon {{(pid=104698) log_opt_values /opt/stack/data/venv/lib/python3.12/site-packages/oslo_config/cfg.py:3253}}
Jun 22 04:42:31.330242 np0000182454 neutron-rpc-server[104705]: DEBUG cotyledon.oslo_config_glue [-] network_scheduler_driver = neutron.scheduler.dhcp_agent_scheduler.WeightScheduler {{(pid=104705) log_opt_values /opt/stack/data/venv/lib/python3.12/site-packages/oslo_config/cfg.py:3242}}
Jun 22 04:42:31.330358 np0000182454 neutron-rpc-server[104666]: ERROR neutron.common.ovn.hash_ring_manager [None req-e6d934a0-789b-411c-8e71-652f18930305 None None] The Neutron API workers count is zero
Jun 22 04:42:31.330484 np0000182454 neutron-rpc-server[104698]: DEBUG cotyledon.oslo_config_glue [-] privsep_dhcp_release.thread_pool_size = 16 {{(pid=104698) log_opt_values /opt/stack/data/venv/lib/python3.12/site-packages/oslo_config/cfg.py:3253}}
Jun 22 04:42:31.330601 np0000182454 neutron-rpc-server[104668]: ERROR neutron.plugins.ml2.drivers.ovn.mech_driver.ovsdb.ovsdb_monitor [None req-9b1fc5c5-0073-4c73-bbbf-5a159fad6233 None None] The Neutron API workers count is zero: RuntimeError: The Neutron API workers count is zero
Jun 22 04:42:31.330601 np0000182454 neutron-rpc-server[104668]: ERROR neutron.plugins.ml2.drivers.ovn.mech_driver.ovsdb.ovsdb_monitor
Traceback (most recent call last):
Jun 22 04:42:31.330601 np0000182454 neutron-rpc-server[104668]: ERROR neutron.plugins.ml2.drivers.ovn.mech_driver.ovsdb.ovsdb_monitor
File "/opt/stack/neutron/neutron/plugins/ml2/drivers/ovn/mech_driver/ovsdb/ovsdb_monitor.py", line 989, in notify
Jun 22 04:42:31.330601 np0000182454 neutron-rpc-server[104668]: ERROR neutron.plugins.ml2.drivers.ovn.mech_driver.ovsdb.ovsdb_monitor target_node, node_last_touch = self._hash_ring.get_node(
Jun 22 04:42:31.330601 np0000182454 neutron-rpc-server[104668]: ERROR neutron.plugins.ml2.drivers.ovn.mech_driver.ovsdb.ovsdb_monitor ^^^^^^^^^^^^^^^^^^^^^^^^^
Jun 22 04:42:31.330601 np0000182454 neutron-rpc-server[104668]: ERROR neutron.plugins.ml2.drivers.ovn.mech_driver.ovsdb.ovsdb_monitor
File "/opt/stack/neutron/neutron/common/ovn/hash_ring_manager.py", line 117, in get_node
Jun 22 04:42:31.330601 np0000182454 neutron-rpc-server[104668]: ERROR neutron.plugins.ml2.drivers.ovn.mech_driver.ovsdb.ovsdb_monitor self._load_hash_ring()
Jun 22 04:42:31.330601 np0000182454 neutron-rpc-server[104668]: ERROR neutron.plugins.ml2.drivers.ovn.mech_driver.ovsdb.ovsdb_monitor
File "/opt/stack/neutron/neutron/common/ovn/hash_ring_manager.py", line 95, in _load_hash_ring
Jun 22 04:42:31.330601 np0000182454 neutron-rpc-server[104668]: ERROR neutron.plugins.ml2.drivers.ovn.mech_driver.ovsdb.ovsdb_monitor self._wait_startup_before_caching or
Jun 22 04:42:31.330601 np0000182454 neutron-rpc-server[104668]: ERROR neutron.plugins.ml2.drivers.ovn.mech_driver.ovsdb.ovsdb_monitor ^^^^^^^^^^^^^^^^^^^^^^^^^^^^^^^^^
Jun 22 04:42:31.330601 np0000182454 neutron-rpc-server[104668]: ERROR neutron.plugins.ml2.drivers.ovn.mech_driver.ovsdb.ovsdb_monitor
File "/opt/stack/neutron/neutron/common/ovn/hash_ring_manager.py", line 63, in _wait_startup_before_caching
Jun 22 04:42:31.330601 np0000182454 neutron-rpc-server[104668]: ERROR neutron.plugins.ml2.drivers.ovn.mech_driver.ovsdb.ovsdb_monitor raise RuntimeError(msg)
Jun 22 04:42:31.330601 np0000182454 neutron-rpc-server[104668]: ERROR neutron.plugins.ml2.drivers.ovn.mech_driver.ovsdb.ovsdb_monitor RuntimeError: The Neutron API workers count is zero
Jun 22 04:42:31.331063 np0000182454 neutron-rpc-server[104668]: ERROR neutron.plugins.ml2.drivers.ovn.mech_driver.ovsdb.ovsdb_monitor
Jun 22 04:42:31.331163 np0000182454 neutron-rpc-server[104698]: DEBUG cotyledon.oslo_config_glue [-] privsep_dhcp_release.user = None {{(pid=104698) log_opt_values /opt/stack/data/venv/lib/python3.12/site-packages/oslo_config/cfg.py:3253}}
Jun 22 04:42:31.331259 np0000182454 neutron-rpc-server[104705]: DEBUG cotyledon.oslo_config_glue [-] notify_nova_on_port_data_changes = True {{(pid=104705) log_opt_values /opt/stack/data/venv/lib/python3.12/site-packages/oslo_config/cfg.py:3242}}
Jun 22 04:42:31.331355 np0000182454 neutron-rpc-server[104698]: DEBUG cotyledon.oslo_config_glue [-] privsep_ovs_vsctl.capabilities = [21, 12] {{(pid=104698) log_opt_values /opt/stack/data/venv/lib/python3.12/site-packages/oslo_config/cfg.py:3253}}
Jun 22 04:42:31.331464 np0000182454 neutron-rpc-server[104668]: ERROR neutron.common.ovn.hash_ring_manager [None req-9b1fc5c5-0073-4c73-bbbf-5a159fad6233 None None] The Neutron API workers count is zero
Jun 22 04:42:31.331561 np0000182454 neutron-rpc-server[104705]: DEBUG cotyledon.oslo_config_glue [-] notify_nova_on_port_status_changes = True {{(pid=104705) log_opt_values /opt/stack/data/venv/lib/python3.12/site-packages/oslo_config/cfg.py:3242}}
Jun 22 04:42:31.331660 np0000182454 neutron-rpc-server[104698]: DEBUG cotyledon.oslo_config_glue [-] privsep_ovs_vsctl.group = None {{(pid=104698) log_opt_values /opt/stack/data/venv/lib/python3.12/site-packages/oslo_config/cfg.py:3253}}
Jun 22 04:42:31.331660 np0000182454 neutron-rpc-server[104698]: DEBUG cotyledon.oslo_config_glue [-] privsep_ovs_vsctl.helper_command = None {{(pid=104698) log_opt_values /opt/stack/data/venv/lib/python3.12/site-packages/oslo_config/cfg.py:3253}}
Jun 22 04:42:31.331788 np0000182454 neutron-rpc-server[104705]: DEBUG cotyledon.oslo_config_glue [-] pagination_max_limit = -1 {{(pid=104705) log_opt_values /opt/stack/data/venv/lib/python3.12/site-packages/oslo_config/cfg.py:3242}}
Jun 22 04:42:31.331895 np0000182454 neutron-rpc-server[104698]: DEBUG cotyledon.oslo_config_glue [-] privsep_ovs_vsctl.log_daemon_traceback = False {{(pid=104698) log_opt_values /opt/stack/data/venv/lib/python3.12/site-packages/oslo_config/cfg.py:3253}}
Jun 22 04:42:31.331895 np0000182454 neutron-rpc-server[104698]: DEBUG cotyledon.oslo_config_glue [-] privsep_ovs_vsctl.logger_name = oslo_privsep.daemon {{(pid=104698) log_opt_values /opt/stack/data/venv/lib/python3.12/site-packages/oslo_config/cfg.py:3253}}
Jun 22 04:42:31.332054 np0000182454 neutron-rpc-server[104705]: DEBUG cotyledon.oslo_config_glue [-] periodic_fuzzy_delay = 5 {{(pid=104705) log_opt_values /opt/stack/data/venv/lib/python3.12/site-packages/oslo_config/cfg.py:3242}}
Jun 22 04:42:31.332159 np0000182454 neutron-rpc-server[104698]: DEBUG cotyledon.oslo_config_glue [-] privsep_ovs_vsctl.thread_pool_size = 16 {{(pid=104698) log_opt_values /opt/stack/data/venv/lib/python3.12/site-packages/oslo_config/cfg.py:3253}}
Jun 22 04:42:31.332159 np0000182454 neutron-rpc-server[104698]: DEBUG cotyledon.oslo_config_glue [-] privsep_ovs_vsctl.user = None {{(pid=104698) log_opt_values /opt/stack/data/venv/lib/python3.12/site-packages/oslo_config/cfg.py:3253}}
Jun 22 04:42:31.332315 np0000182454 neutron-rpc-server[104705]: DEBUG cotyledon.oslo_config_glue [-] periodic_interval = 40 {{(pid=104705) log_opt_values /opt/stack/data/venv/lib/python3.12/site-packages/oslo_config/cfg.py:3242}}
Jun 22 04:42:31.332423 np0000182454 neutron-rpc-server[104668]: ERROR neutron.plugins.ml2.drivers.ovn.mech_driver.ovsdb.ovsdb_monitor [None req-9b1fc5c5-0073-4c73-bbbf-5a159fad6233 None None] The Neutron API workers count is zero: RuntimeError: The Neutron API workers count is zero
Jun 22 04:42:31.332423 np0000182454 neutron-rpc-server[104668]: ERROR neutron.plugins.ml2.drivers.ovn.mech_driver.ovsdb.ovsdb_monitor
Traceback (most recent call last):
Jun 22 04:42:31.332423 np0000182454 neutron-rpc-server[104668]: ERROR neutron.plugins.ml2.drivers.ovn.mech_driver.ovsdb.ovsdb_monitor
File "/opt/stack/neutron/neutron/plugins/ml2/drivers/ovn/mech_driver/ovsdb/ovsdb_monitor.py", line 989, in notify
Jun 22 04:42:31.332423 np0000182454 neutron-rpc-server[104668]: ERROR neutron.plugins.ml2.drivers.ovn.mech_driver.ovsdb.ovsdb_monitor target_node, node_last_touch = self._hash_ring.get_node(
Jun 22 04:42:31.332423 np0000182454 neutron-rpc-server[104668]: ERROR neutron.plugins.ml2.drivers.ovn.mech_driver.ovsdb.ovsdb_monitor ^^^^^^^^^^^^^^^^^^^^^^^^^
Jun 22 04:42:31.332423 np0000182454 neutron-rpc-server[104668]: ERROR neutron.plugins.ml2.drivers.ovn.mech_driver.ovsdb.ovsdb_monitor
File "/opt/stack/neutron/neutron/common/ovn/hash_ring_manager.py", line 117, in get_node
Jun 22 04:42:31.332423 np0000182454 neutron-rpc-server[104668]: ERROR neutron.plugins.ml2.drivers.ovn.mech_driver.ovsdb.ovsdb_monitor self._load_hash_ring()
Jun 22 04:42:31.332423 np0000182454 neutron-rpc-server[104668]: ERROR neutron.plugins.ml2.drivers.ovn.mech_driver.ovsdb.ovsdb_monitor
File "/opt/stack/neutron/neutron/common/ovn/hash_ring_manager.py", line 95, in _load_hash_ring
Jun 22 04:42:31.332423 np0000182454 neutron-rpc-server[104668]: ERROR neutron.plugins.ml2.drivers.ovn.mech_driver.ovsdb.ovsdb_monitor self._wait_startup_before_caching or
Jun 22 04:42:31.332423 np0000182454 neutron-rpc-server[104668]: ERROR neutron.plugins.ml2.drivers.ovn.mech_driver.ovsdb.ovsdb_monitor ^^^^^^^^^^^^^^^^^^^^^^^^^^^^^^^^^
Jun 22 04:42:31.332423 np0000182454 neutron-rpc-server[104668]: ERROR neutron.plugins.ml2.drivers.ovn.mech_driver.ovsdb.ovsdb_monitor
File "/opt/stack/neutron/neutron/common/ovn/hash_ring_manager.py", line 63, in _wait_startup_before_caching
Jun 22 04:42:31.332423 np0000182454 neutron-rpc-server[104668]: ERROR neutron.plugins.ml2.drivers.ovn.mech_driver.ovsdb.ovsdb_monitor raise RuntimeError(msg)
Jun 22 04:42:31.332423 np0000182454 neutron-rpc-server[104668]: ERROR neutron.plugins.ml2.drivers.ovn.mech_driver.ovsdb.ovsdb_monitor RuntimeError: The Neutron API workers count is zero
Jun 22 04:42:31.332774 np0000182454 neutron-rpc-server[104668]: ERROR neutron.plugins.ml2.drivers.ovn.mech_driver.ovsdb.ovsdb_monitor
Jun 22 04:42:31.332876 np0000182454 neutron-rpc-server[104666]: ERROR neutron.plugins.ml2.drivers.ovn.mech_driver.ovsdb.ovsdb_monitor [None req-e6d934a0-789b-411c-8e71-652f18930305 None None] The Neutron API workers count is zero: RuntimeError: The Neutron API workers count is zero
Jun 22 04:42:31.332876 np0000182454 neutron-rpc-server[104666]: ERROR neutron.plugins.ml2.drivers.ovn.mech_driver.ovsdb.ovsdb_monitor
Traceback (most recent call last):
Jun 22 04:42:31.332876 np0000182454 neutron-rpc-server[104666]: ERROR neutron.plugins.ml2.drivers.ovn.mech_driver.ovsdb.ovsdb_monitor
File "/opt/stack/neutron/neutron/plugins/ml2/drivers/ovn/mech_driver/ovsdb/ovsdb_monitor.py", line 989, in notify
Jun 22 04:42:31.332876 np0000182454 neutron-rpc-server[104666]: ERROR neutron.plugins.ml2.drivers.ovn.mech_driver.ovsdb.ovsdb_monitor target_node, node_last_touch = self._hash_ring.get_node(
Jun 22 04:42:31.332876 np0000182454 neutron-rpc-server[104666]: ERROR neutron.plugins.ml2.drivers.ovn.mech_driver.ovsdb.ovsdb_monitor ^^^^^^^^^^^^^^^^^^^^^^^^^
Jun 22 04:42:31.332876 np0000182454 neutron-rpc-server[104666]: ERROR neutron.plugins.ml2.drivers.ovn.mech_driver.ovsdb.ovsdb_monitor
File "/opt/stack/neutron/neutron/common/ovn/hash_ring_manager.py", line 117, in get_node
Jun 22 04:42:31.332876 np0000182454 neutron-rpc-server[104666]: ERROR neutron.plugins.ml2.drivers.ovn.mech_driver.ovsdb.ovsdb_monitor self._load_hash_ring()
Jun 22 04:42:31.332876 np0000182454 neutron-rpc-server[104666]: ERROR neutron.plugins.ml2.drivers.ovn.mech_driver.ovsdb.ovsdb_monitor
File "/opt/stack/neutron/neutron/common/ovn/hash_ring_manager.py", line 95, in _load_hash_ring
Jun 22 04:42:31.332876 np0000182454 neutron-rpc-server[104666]: ERROR neutron.plugins.ml2.drivers.ovn.mech_driver.ovsdb.ovsdb_monitor self._wait_startup_before_caching or
Jun 22 04:42:31.332876 np0000182454 neutron-rpc-server[104666]: ERROR neutron.plugins.ml2.drivers.ovn.mech_driver.ovsdb.ovsdb_monitor ^^^^^^^^^^^^^^^^^^^^^^^^^^^^^^^^^
Jun 22 04:42:31.332876 np0000182454 neutron-rpc-server[104666]: ERROR neutron.plugins.ml2.drivers.ovn.mech_driver.ovsdb.ovsdb_monitor
File "/opt/stack/neutron/neutron/common/ovn/hash_ring_manager.py", line 63, in _wait_startup_before_caching
Jun 22 04:42:31.332876 np0000182454 neutron-rpc-server[104666]: ERROR neutron.plugins.ml2.drivers.ovn.mech_driver.ovsdb.ovsdb_monitor raise RuntimeError(msg)
Jun 22 04:42:31.332876 np0000182454 neutron-rpc-server[104666]: ERROR neutron.plugins.ml2.drivers.ovn.mech_driver.ovsdb.ovsdb_monitor RuntimeError: The Neutron API workers count is zero
Jun 22 04:42:31.333413 np0000182454 neutron-rpc-server[104666]: ERROR neutron.plugins.ml2.drivers.ovn.mech_driver.ovsdb.ovsdb_monitor
