2026-06-18 04:35:39.632 7 INFO neutron.db.ovn_revision_numbers_db [None req-79986c93-1c4d-4eb5-a8c6-310e52eae715 b8eef2ce4a0c49f69d22f57e3dfab61c 0094101ba47047ba800d177becb782ae - - default default] Successfully bumped revision number for resource 8fdef053-f30c-4d4c-a77c-39bc3390fd31 (type: security_group_rules) to 0
2026-06-18 04:35:39.641 7 INFO neutron.db.ovn_revision_numbers_db [None req-79986c93-1c4d-4eb5-a8c6-310e52eae715 b8eef2ce4a0c49f69d22f57e3dfab61c 0094101ba47047ba800d177becb782ae - - default default] Successfully bumped revision number for resource 9dc56d5a-c860-4b99-9bde-4c8d16e0d843 (type: security_group_rules) to 0
2026-06-18 04:35:39.652 7 INFO neutron.db.ovn_revision_numbers_db [None req-79986c93-1c4d-4eb5-a8c6-310e52eae715 b8eef2ce4a0c49f69d22f57e3dfab61c 0094101ba47047ba800d177becb782ae - - default default] Successfully bumped revision number for resource ccdea27a-12b0-4699-9616-5d85f0c6519d (type: security_group_rules) to 0
2026-06-18 04:35:39.671 8 WARNING neutron.scheduler.dhcp_agent_scheduler [None req-a3c17479-115b-4264-9dd5-a153b4ebbcd8 683aab4d4559434b90e898364f1932a2 9fdfe2ceeb7447358c9565ee47fa8085 - - default default] No more DHCP agents
2026-06-18 04:35:39.673 8 WARNING neutron.api.rpc.agentnotifiers.dhcp_rpc_agent_api [None req-a3c17479-115b-4264-9dd5-a153b4ebbcd8 683aab4d4559434b90e898364f1932a2 9fdfe2ceeb7447358c9565ee47fa8085 - - default default] Unable to schedule network e13fbcfd-b364-488a-aa3a-d79eb7e85a45: no agents available; will retry on subsequent port and subnet creation events.
2026-06-18 04:35:39.724 7 INFO neutron.db.segments_db [None req-79986c93-1c4d-4eb5-a8c6-310e52eae715 b8eef2ce4a0c49f69d22f57e3dfab61c 0094101ba47047ba800d177becb782ae - - default default] Added segment efe3e764-540f-42d0-8607-c07ad59426f5 of type geneve for network f9f787ae-c2a4-4fd7-83f4-e258f388e87d
2026-06-18 04:35:39.847 7 INFO neutron.db.ovn_revision_numbers_db [None req-79986c93-1c4d-4eb5-a8c6-310e52eae715 b8eef2ce4a0c49f69d22f57e3dfab61c 0094101ba47047ba800d177becb782ae - - default default] Successfully bumped revision number for resource f9f787ae-c2a4-4fd7-83f4-e258f388e87d (type: networks) to 1
2026-06-18 04:35:40.003 7 WARNING neutron.scheduler.dhcp_agent_scheduler [None req-79986c93-1c4d-4eb5-a8c6-310e52eae715 b8eef2ce4a0c49f69d22f57e3dfab61c 0094101ba47047ba800d177becb782ae - - default default] No more DHCP agents
2026-06-18 04:35:40.006 7 WARNING neutron.api.rpc.agentnotifiers.dhcp_rpc_agent_api [None req-79986c93-1c4d-4eb5-a8c6-310e52eae715 b8eef2ce4a0c49f69d22f57e3dfab61c 0094101ba47047ba800d177becb782ae - - default default] Unable to schedule network f9f787ae-c2a4-4fd7-83f4-e258f388e87d: no agents available; will retry on subsequent port and subnet creation events.
2026-06-18 04:35:40.058 7 INFO neutron.plugins.ml2.drivers.ovn.mech_driver.mech_driver [None req-9d18924d-9461-43ba-85d0-337eb9418111 - - - - - -] OVN reports status down for port: cb5673fe-ec8b-4a86-9d8f-d3f1e1b24b2a
2026-06-18 04:35:40.114 7 INFO neutron.db.ovn_revision_numbers_db [None req-79986c93-1c4d-4eb5-a8c6-310e52eae715 b8eef2ce4a0c49f69d22f57e3dfab61c 0094101ba47047ba800d177becb782ae - - default default] Successfully bumped revision number for resource cb5673fe-ec8b-4a86-9d8f-d3f1e1b24b2a (type: ports) to 1
2026-06-18 04:35:40.140 8 INFO neutron.db.ovn_revision_numbers_db [None req-9fac8b0c-9e77-40ab-b9f7-a011b6a2bc68 - - - - - -] Successfully bumped revision number for resource 9695c5f8-217a-487e-acd9-7677f0d7b6ca (type: ports) to 2 [pid: 7|app: 0|req: 1279/2463] 10.0.0.239 () {34 vars in 670 bytes} [Thu Jun 18 04:35:39 2026] POST /v2.0/networks => generated 650 bytes in 811 msecs (HTTP/1.1 201) 4 headers in 162 bytes (1 switches on core 0)
2026-06-18 04:35:40.173 8 INFO neutron.db.ovn_revision_numbers_db [None req-9fac8b0c-9e77-40ab-b9f7-a011b6a2bc68 - - - - - -] Successfully bumped revision number for resource 6bebadc0-2233-4ee4-a112-5a5e9906b9c9 (type: subnets) to 0 [pid: 8|app: 0|req: 1185/2464] 10.0.0.239 () {34 vars in 669 bytes} [Thu Jun 18 04:35:39 2026] POST /v2.0/subnets => generated 688 bytes in 651 msecs (HTTP/1.1 201) 4 headers in 162 bytes (1 switches on core 0)
2026-06-18 04:35:40.400 7 WARNING neutron.scheduler.dhcp_agent_scheduler [None req-d14ae370-8c66-44f2-adcc-5293017b68cb b8eef2ce4a0c49f69d22f57e3dfab61c 0094101ba47047ba800d177becb782ae - - default default] No more DHCP agents
2026-06-18 04:35:40.401 7 WARNING neutron.api.rpc.agentnotifiers.dhcp_rpc_agent_api [None req-d14ae370-8c66-44f2-adcc-5293017b68cb b8eef2ce4a0c49f69d22f57e3dfab61c 0094101ba47047ba800d177becb782ae - - default default] Unable to schedule network f9f787ae-c2a4-4fd7-83f4-e258f388e87d: no agents available; will retry on subsequent port and subnet creation events.
2026-06-18 04:35:40.464 7 INFO neutron.plugins.ml2.drivers.ovn.mech_driver.mech_driver [None req-9d18924d-9461-43ba-85d0-337eb9418111 - - - - - -] OVN reports status down for port: 9c46f615-8c8e-4ccb-910a-e2acb54f526f
2026-06-18 04:35:40.537 7 INFO neutron.db.ovn_revision_numbers_db [None req-d14ae370-8c66-44f2-adcc-5293017b68cb b8eef2ce4a0c49f69d22f57e3dfab61c 0094101ba47047ba800d177becb782ae - - default default] Successfully bumped revision number for resource 9c46f615-8c8e-4ccb-910a-e2acb54f526f (type: ports) to 1 [pid: 7|app: 0|req: 1280/2465] 10.0.0.239 () {34 vars in 664 bytes} [Thu Jun 18 04:35:40 2026] POST /v2.0/ports => generated 743 bytes in 434 msecs (HTTP/1.1 201) 4 headers in 162 bytes (1 switches on core 0) /var/lib/openstack/lib/python3.12/site-packages/pycadf/identifier.py:70: UserWarning: Invalid uuid: neutron. To ensure interoperability, identifiers should be a valid uuid. warnings.warn(('Invalid uuid: %s. To ensure interoperability, '
2026-06-18 04:35:40.616 8 WARNING neutron.scheduler.dhcp_agent_scheduler [None req-e6729641-a553-40be-996e-fd3333c39075 683aab4d4559434b90e898364f1932a2 9fdfe2ceeb7447358c9565ee47fa8085 - - default default] No more DHCP agents
2026-06-18 04:35:40.618 8 WARNING neutron.api.rpc.agentnotifiers.dhcp_rpc_agent_api [None req-e6729641-a553-40be-996e-fd3333c39075 683aab4d4559434b90e898364f1932a2 9fdfe2ceeb7447358c9565ee47fa8085 - - default default] Unable to schedule network 63408420-ae8a-4102-b318-e45408167f8b: no agents available; will retry on subsequent port and subnet creation events. [pid: 7|app: 0|req: 1281/2466] 10.0.0.239 () {34 vars in 747 bytes} [Thu Jun 18 04:35:40 2026] PUT /v2.0/ports/9c46f615-8c8e-4ccb-910a-e2acb54f526f/tags => generated 25 bytes in 57 msecs (HTTP/1.1 200) 4 headers in 156 bytes (1 switches on core 0) /var/lib/openstack/lib/python3.12/site-packages/pycadf/identifier.py:70: UserWarning: Invalid uuid: neutron. To ensure interoperability, identifiers should be a valid uuid. warnings.warn(('Invalid uuid: %s. To ensure interoperability, '
2026-06-18 04:35:40.741 8 INFO neutron.plugins.ml2.drivers.ovn.mech_driver.mech_driver [None req-76560054-b917-4850-85ae-404bda0a5e5e - - - - - -] OVN reports status down for port: 6adc979d-d443-4329-b6ae-ea7e6791f5df [pid: 7|app: 0|req: 1282/2467] 10.0.0.239 () {32 vars in 727 bytes} [Thu Jun 18 04:35:40 2026] GET /v2.0/ports/9c46f615-8c8e-4ccb-910a-e2acb54f526f/tags => generated 25 bytes in 67 msecs (HTTP/1.1 200) 4 headers in 156 bytes (1 switches on core 0) /var/lib/openstack/lib/python3.12/site-packages/pycadf/identifier.py:70: UserWarning: Invalid uuid: neutron. To ensure interoperability, identifiers should be a valid uuid. warnings.warn(('Invalid uuid: %s. To ensure interoperability, '
2026-06-18 04:35:40.802 8 INFO neutron.db.ovn_revision_numbers_db [None req-e6729641-a553-40be-996e-fd3333c39075 683aab4d4559434b90e898364f1932a2 9fdfe2ceeb7447358c9565ee47fa8085 - - default default] Successfully bumped revision number for resource 6adc979d-d443-4329-b6ae-ea7e6791f5df (type: ports) to 1 [pid: 7|app: 0|req: 1283/2468] 10.0.0.239 () {34 vars in 758 bytes} [Thu Jun 18 04:35:40 2026] PUT /v2.0/ports/9c46f615-8c8e-4ccb-910a-e2acb54f526f/tags/green => generated 4 bytes in 102 msecs (HTTP/1.1 201) 4 headers in 160 bytes (1 switches on core 0) /var/lib/openstack/lib/python3.12/site-packages/pycadf/identifier.py:70: UserWarning: Invalid uuid: neutron. To ensure interoperability, identifiers should be a valid uuid. warnings.warn(('Invalid uuid: %s. To ensure interoperability, ' [pid: 7|app: 0|req: 1284/2469] 10.0.0.239 () {32 vars in 727 bytes} [Thu Jun 18 04:35:40 2026] GET /v2.0/ports/9c46f615-8c8e-4ccb-910a-e2acb54f526f/tags => generated 34 bytes in 68 msecs (HTTP/1.1 200) 4 headers in 156 bytes (1 switches on core 0) /var/lib/openstack/lib/python3.12/site-packages/pycadf/identifier.py:70: UserWarning: Invalid uuid: neutron. To ensure interoperability, identifiers should be a valid uuid. warnings.warn(('Invalid uuid: %s. To ensure interoperability, ' [pid: 7|app: 0|req: 1285/2470] 10.0.0.239 () {34 vars in 754 bytes} [Thu Jun 18 04:35:40 2026] PUT /v2.0/ports/9c46f615-8c8e-4ccb-910a-e2acb54f526f/tags/red => generated 4 bytes in 81 msecs (HTTP/1.1 201) 4 headers in 160 bytes (1 switches on core 0) /var/lib/openstack/lib/python3.12/site-packages/pycadf/identifier.py:70: UserWarning: Invalid uuid: neutron. To ensure interoperability, identifiers should be a valid uuid. warnings.warn(('Invalid uuid: %s. To ensure interoperability, ' [pid: 7|app: 0|req: 1286/2471] 10.0.0.239 () {32 vars in 727 bytes} [Thu Jun 18 04:35:41 2026] GET /v2.0/ports/9c46f615-8c8e-4ccb-910a-e2acb54f526f/tags => generated 34 bytes in 60 msecs (HTTP/1.1 200) 4 headers in 156 bytes (1 switches on core 0) /var/lib/openstack/lib/python3.12/site-packages/pycadf/identifier.py:70: UserWarning: Invalid uuid: neutron. To ensure interoperability, identifiers should be a valid uuid. warnings.warn(('Invalid uuid: %s. To ensure interoperability, ' [pid: 7|app: 0|req: 1287/2472] 10.0.0.239 () {34 vars in 776 bytes} [Thu Jun 18 04:35:41 2026] PUT /v2.0/ports/9c46f615-8c8e-4ccb-910a-e2acb54f526f/tags/black.or.white => generated 4 bytes in 94 msecs (HTTP/1.1 201) 4 headers in 160 bytes (1 switches on core 0) /var/lib/openstack/lib/python3.12/site-packages/pycadf/identifier.py:70: UserWarning: Invalid uuid: neutron. To ensure interoperability, identifiers should be a valid uuid. warnings.warn(('Invalid uuid: %s. To ensure interoperability, ' [pid: 7|app: 0|req: 1288/2473] 10.0.0.239 () {32 vars in 727 bytes} [Thu Jun 18 04:35:41 2026] GET /v2.0/ports/9c46f615-8c8e-4ccb-910a-e2acb54f526f/tags => generated 52 bytes in 55 msecs (HTTP/1.1 200) 4 headers in 156 bytes (1 switches on core 0) /var/lib/openstack/lib/python3.12/site-packages/pycadf/identifier.py:70: UserWarning: Invalid uuid: neutron. To ensure interoperability, identifiers should be a valid uuid. warnings.warn(('Invalid uuid: %s. To ensure interoperability, ' [pid: 7|app: 0|req: 1289/2474] 10.0.0.239 () {34 vars in 747 bytes} [Thu Jun 18 04:35:41 2026] PUT /v2.0/ports/9c46f615-8c8e-4ccb-910a-e2acb54f526f/tags => generated 37 bytes in 66 msecs (HTTP/1.1 200) 4 headers in 156 bytes (1 switches on core 0) /var/lib/openstack/lib/python3.12/site-packages/pycadf/identifier.py:70: UserWarning: Invalid uuid: neutron. To ensure interoperability, identifiers should be a valid uuid. warnings.warn(('Invalid uuid: %s. To ensure interoperability, '
2026-06-18 04:35:41.330 8 INFO neutron.plugins.ml2.drivers.ovn.mech_driver.ovsdb.commands [None req-35a72d50-8c70-4a8c-b2c2-8412e9d560ce - - - - - -] Schedule LRP lrp-6adc979d-d443-4329-b6ae-ea7e6791f5df on gateway 3d029d78-0265-4389-82a8-92c7a472b645 with priority 1
2026-06-18 04:35:41.354 8 INFO neutron.plugins.ml2.drivers.ovn.mech_driver.ovsdb.ovsdb_monitor [None req-58371890-9c0f-49ad-914c-7988aa518b53 - - - - - -] Router be32b91c-cc91-4e7b-a2ff-8e9524b4c186 is bound to host instance [pid: 7|app: 0|req: 1290/2475] 10.0.0.239 () {32 vars in 727 bytes} [Thu Jun 18 04:35:41 2026] GET /v2.0/ports/9c46f615-8c8e-4ccb-910a-e2acb54f526f/tags => generated 37 bytes in 72 msecs (HTTP/1.1 200) 4 headers in 156 bytes (1 switches on core 0) /var/lib/openstack/lib/python3.12/site-packages/pycadf/identifier.py:70: UserWarning: Invalid uuid: neutron. To ensure interoperability, identifiers should be a valid uuid. warnings.warn(('Invalid uuid: %s. To ensure interoperability, '
2026-06-18 04:35:41.399 8 INFO neutron.plugins.ml2.drivers.ovn.mech_driver.mech_driver [None req-76560054-b917-4850-85ae-404bda0a5e5e - - - - - -] OVN reports status up for port: 6adc979d-d443-4329-b6ae-ea7e6791f5df
2026-06-18 04:35:41.436 8 INFO neutron.plugins.ml2.plugin [None req-76560054-b917-4850-85ae-404bda0a5e5e - - - - - -] Attempt 1 to provision port 6adc979d-d443-4329-b6ae-ea7e6791f5df [pid: 7|app: 0|req: 1291/2476] 10.0.0.239 () {32 vars in 735 bytes} [Thu Jun 18 04:35:41 2026] GET /v2.0/ports/9c46f615-8c8e-4ccb-910a-e2acb54f526f/tags/red => generated 0 bytes in 56 msecs (HTTP/1.1 204) 2 headers in 112 bytes (1 switches on core 0) /var/lib/openstack/lib/python3.12/site-packages/pycadf/identifier.py:70: UserWarning: Invalid uuid: neutron. To ensure interoperability, identifiers should be a valid uuid. warnings.warn(('Invalid uuid: %s. To ensure interoperability, '
2026-06-18 04:35:41.489 8 INFO neutron.db.ovn_revision_numbers_db [None req-e6729641-a553-40be-996e-fd3333c39075 683aab4d4559434b90e898364f1932a2 9fdfe2ceeb7447358c9565ee47fa8085 - - default default] Successfully bumped revision number for resource 6adc979d-d443-4329-b6ae-ea7e6791f5df (type: router_ports) to 1
2026-06-18 04:35:41.508 7 INFO neutron.api.v2.resource [None req-6b0a5e42-ea58-4c96-9347-8b5683d1aa84 b8eef2ce4a0c49f69d22f57e3dfab61c 0094101ba47047ba800d177becb782ae - - default default] show failed (client error): The resource could not be found. [pid: 7|app: 0|req: 1292/2477] 10.0.0.239 () {32 vars in 739 bytes} [Thu Jun 18 04:35:41 2026] GET /v2.0/ports/9c46f615-8c8e-4ccb-910a-e2acb54f526f/tags/green => generated 99 bytes in 57 msecs (HTTP/1.1 404) 4 headers in 163 bytes (1 switches on core 0) /var/lib/openstack/lib/python3.12/site-packages/pycadf/identifier.py:70: UserWarning: Invalid uuid: neutron. To ensure interoperability, identifiers should be a valid uuid. warnings.warn(('Invalid uuid: %s. To ensure interoperability, ' [pid: 7|app: 0|req: 1293/2478] 10.0.0.239 () {32 vars in 738 bytes} [Thu Jun 18 04:35:41 2026] DELETE /v2.0/ports/9c46f615-8c8e-4ccb-910a-e2acb54f526f/tags/red => generated 0 bytes in 69 msecs (HTTP/1.1 204) 2 headers in 112 bytes (1 switches on core 0) /var/lib/openstack/lib/python3.12/site-packages/pycadf/identifier.py:70: UserWarning: Invalid uuid: neutron. To ensure interoperability, identifiers should be a valid uuid. warnings.warn(('Invalid uuid: %s. To ensure interoperability, ' [pid: 7|app: 0|req: 1294/2479] 10.0.0.239 () {32 vars in 727 bytes} [Thu Jun 18 04:35:41 2026] GET /v2.0/ports/9c46f615-8c8e-4ccb-910a-e2acb54f526f/tags => generated 30 bytes in 45 msecs (HTTP/1.1 200) 4 headers in 156 bytes (1 switches on core 0) /var/lib/openstack/lib/python3.12/site-packages/pycadf/identifier.py:70: UserWarning: Invalid uuid: neutron. To ensure interoperability, identifiers should be a valid uuid. warnings.warn(('Invalid uuid: %s. To ensure interoperability, '
2026-06-18 04:35:41.657 8 INFO neutron.db.ovn_revision_numbers_db [None req-e6729641-a553-40be-996e-fd3333c39075 683aab4d4559434b90e898364f1932a2 9fdfe2ceeb7447358c9565ee47fa8085 - - default default] Successfully bumped revision number for resource be32b91c-cc91-4e7b-a2ff-8e9524b4c186 (type: routers) to 2 [pid: 8|app: 0|req: 1186/2480] 10.0.0.239 () {34 vars in 669 bytes} [Thu Jun 18 04:35:40 2026] POST /v2.0/routers => generated 966 bytes in 1493 msecs (HTTP/1.1 201) 4 headers in 162 bytes (1 switches on core 0)
2026-06-18 04:35:41.693 7 INFO neutron.api.v2.resource [None req-08b2b872-8444-4acb-8c29-204a775bdcdc b8eef2ce4a0c49f69d22f57e3dfab61c 0094101ba47047ba800d177becb782ae - - default default] delete failed (client error): The resource could not be found. [pid: 7|app: 0|req: 1295/2481] 10.0.0.239 () {32 vars in 742 bytes} [Thu Jun 18 04:35:41 2026] DELETE /v2.0/ports/9c46f615-8c8e-4ccb-910a-e2acb54f526f/tags/green => generated 99 bytes in 53 msecs (HTTP/1.1 404) 4 headers in 163 bytes (1 switches on core 0) /var/lib/openstack/lib/python3.12/site-packages/pycadf/identifier.py:70: UserWarning: Invalid uuid: neutron. To ensure interoperability, identifiers should be a valid uuid. warnings.warn(('Invalid uuid: %s. To ensure interoperability, ' [pid: 7|app: 0|req: 1296/2482] 10.0.0.239 () {32 vars in 730 bytes} [Thu Jun 18 04:35:41 2026] DELETE /v2.0/ports/9c46f615-8c8e-4ccb-910a-e2acb54f526f/tags => generated 0 bytes in 79 msecs (HTTP/1.1 204) 2 headers in 112 bytes (1 switches on core 0) /var/lib/openstack/lib/python3.12/site-packages/pycadf/identifier.py:70: UserWarning: Invalid uuid: neutron. To ensure interoperability, identifiers should be a valid uuid. warnings.warn(('Invalid uuid: %s. To ensure interoperability, ' [pid: 7|app: 0|req: 1297/2483] 10.0.0.239 () {32 vars in 727 bytes} [Thu Jun 18 04:35:41 2026] GET /v2.0/ports/9c46f615-8c8e-4ccb-910a-e2acb54f526f/tags => generated 12 bytes in 72 msecs (HTTP/1.1 200) 4 headers in 156 bytes (1 switches on core 0) /var/lib/openstack/lib/python3.12/site-packages/pycadf/identifier.py:70: UserWarning: Invalid uuid: neutron. To ensure interoperability, identifiers should be a valid uuid. warnings.warn(('Invalid uuid: %s. To ensure interoperability, '
2026-06-18 04:35:41.996 7 INFO neutron_taas.services.taas.taas_plugin [None req-28546640-4c0c-447e-bd2a-dc2981800d33 b8eef2ce4a0c49f69d22f57e3dfab61c 0094101ba47047ba800d177becb782ae - - default default] TaaS: Handle Delete Port: 9c46f615-8c8e-4ccb-910a-e2acb54f526f
2026-06-18 04:35:42.000 7 INFO neutron_taas.services.taas.tap_mirror_plugin [None req-28546640-4c0c-447e-bd2a-dc2981800d33 b8eef2ce4a0c49f69d22f57e3dfab61c 0094101ba47047ba800d177becb782ae - - default default] Tap Mirror: Handle Delete Port: 9c46f615-8c8e-4ccb-910a-e2acb54f526f [pid: 7|app: 0|req: 1298/2484] 10.0.0.239 () {32 vars in 720 bytes} [Thu Jun 18 04:35:41 2026] DELETE /v2.0/ports/9c46f615-8c8e-4ccb-910a-e2acb54f526f => generated 0 bytes in 267 msecs (HTTP/1.1 204) 3 headers in 131 bytes (1 switches on core 0)
2026-06-18 04:35:42.240 7 INFO neutron_taas.services.taas.taas_plugin [None req-6ec1d9e1-af95-47b8-88e3-58f3e08a80c7 b8eef2ce4a0c49f69d22f57e3dfab61c 0094101ba47047ba800d177becb782ae - - default default] TaaS: Handle Delete Port: cb5673fe-ec8b-4a86-9d8f-d3f1e1b24b2a
2026-06-18 04:35:42.242 7 INFO neutron_taas.services.taas.tap_mirror_plugin [None req-6ec1d9e1-af95-47b8-88e3-58f3e08a80c7 b8eef2ce4a0c49f69d22f57e3dfab61c 0094101ba47047ba800d177becb782ae - - default default] Tap Mirror: Handle Delete Port: cb5673fe-ec8b-4a86-9d8f-d3f1e1b24b2a
2026-06-18 04:35:42.403 7 INFO neutron.services.segments.plugin [-] Segment efe3e764-540f-42d0-8607-c07ad59426f5 resource provider aggregate not found
2026-06-18 04:35:42.411 7 INFO neutron.services.segments.plugin [-] Segment efe3e764-540f-42d0-8607-c07ad59426f5 resource provider aggregate not found
2026-06-18 04:35:42.429 7 INFO neutron.services.segments.plugin [-] Segment efe3e764-540f-42d0-8607-c07ad59426f5 resource provider not found; error: Placement Client Error (4xx): {"errors": [{"status": 404, "title": "Not Found", "detail": "The resource could not be found.\n\n No resource provider with uuid efe3e764-540f-42d0-8607-c07ad59426f5 found for delete ", "request_id": "req-eb2d27c5-f99e-453a-9363-41bc5ad52cd5"}]}
2026-06-18 04:35:42.430 7 INFO neutron.services.segments.plugin [-] Segment efe3e764-540f-42d0-8607-c07ad59426f5 resource provider not found; error: Placement Client Error (4xx): {"errors": [{"status": 404, "title": "Not Found", "detail": "The resource could not be found.\n\n No resource provider with uuid efe3e764-540f-42d0-8607-c07ad59426f5 found for delete ", "request_id": "req-29e097c0-5f4e-475b-9ce2-7b2349921b74"}]} [pid: 7|app: 0|req: 1299/2485] 10.0.0.239 () {32 vars in 726 bytes} [Thu Jun 18 04:35:42 2026] DELETE /v2.0/networks/f9f787ae-c2a4-4fd7-83f4-e258f388e87d => generated 0 bytes in 327 msecs (HTTP/1.1 204) 3 headers in 131 bytes (1 switches on core 0)
2026-06-18 04:35:42.580 8 WARNING neutron.scheduler.dhcp_agent_scheduler [None req-ca3cf1a4-f73f-4dd9-af18-42114e8ad4cf 683aab4d4559434b90e898364f1932a2 9fdfe2ceeb7447358c9565ee47fa8085 - - default default] No more DHCP agents
2026-06-18 04:35:42.583 8 WARNING neutron.api.rpc.agentnotifiers.dhcp_rpc_agent_api [None req-ca3cf1a4-f73f-4dd9-af18-42114e8ad4cf 683aab4d4559434b90e898364f1932a2 9fdfe2ceeb7447358c9565ee47fa8085 - - default default] Unable to schedule network e13fbcfd-b364-488a-aa3a-d79eb7e85a45: no agents available; will retry on subsequent port and subnet creation events.
2026-06-18 04:35:42.850 8 INFO neutron.db.ovn_revision_numbers_db [None req-ca3cf1a4-f73f-4dd9-af18-42114e8ad4cf 683aab4d4559434b90e898364f1932a2 9fdfe2ceeb7447358c9565ee47fa8085 - - default default] Successfully bumped revision number for resource 5bff26cf-0c2f-4adf-9089-6107ed3ec63c (type: ports) to 1
2026-06-18 04:35:42.979 8 INFO neutron.db.ovn_revision_numbers_db [None req-be200218-3ca1-45e8-ab6a-cb28f5404f20 - - - - - -] Successfully bumped revision number for resource 6adc979d-d443-4329-b6ae-ea7e6791f5df (type: ports) to 4
2026-06-18 04:35:43.287 7 INFO neutron.db.ovn_revision_numbers_db [None req-83c50378-e4c0-42ea-805d-dea9f1628fb0 683aab4d4559434b90e898364f1932a2 9fdfe2ceeb7447358c9565ee47fa8085 - - default default] Successfully bumped revision number for resource ee74a85d-6bcb-45ff-b443-7f0aa66ae2e4 (type: security_groups) to 1
2026-06-18 04:35:43.299 7 INFO neutron.db.ovn_revision_numbers_db [None req-83c50378-e4c0-42ea-805d-dea9f1628fb0 683aab4d4559434b90e898364f1932a2 9fdfe2ceeb7447358c9565ee47fa8085 - - default default] Successfully bumped revision number for resource 16fa2ac1-70e1-40cf-ade9-e8c854d6e52f (type: security_group_rules) to 0
2026-06-18 04:35:43.318 7 INFO neutron.db.ovn_revision_numbers_db [None req-83c50378-e4c0-42ea-805d-dea9f1628fb0 683aab4d4559434b90e898364f1932a2 9fdfe2ceeb7447358c9565ee47fa8085 - - default default] Successfully bumped revision number for resource 43c72f99-4a7c-4363-a71a-4f0e520dbea5 (type: security_group_rules) to 0
2026-06-18 04:35:43.331 7 INFO neutron.db.ovn_revision_numbers_db [None req-83c50378-e4c0-42ea-805d-dea9f1628fb0 683aab4d4559434b90e898364f1932a2 9fdfe2ceeb7447358c9565ee47fa8085 - - default default] Successfully bumped revision number for resource 8c14dacf-82cc-4a87-872c-fe9649c8c63e (type: security_group_rules) to 0
2026-06-18 04:35:43.342 7 INFO neutron.db.ovn_revision_numbers_db [None req-83c50378-e4c0-42ea-805d-dea9f1628fb0 683aab4d4559434b90e898364f1932a2 9fdfe2ceeb7447358c9565ee47fa8085 - - default default] Successfully bumped revision number for resource d9469955-b89a-46d8-83fb-5c21e9f7a38b (type: security_group_rules) to 0 [pid: 7|app: 0|req: 1300/2486] 10.0.0.239 () {32 vars in 774 bytes} [Thu Jun 18 04:35:43 2026] GET /v2.0/security-groups?tenant_id=906f53342bbd44919bd8a3452d9015a6&name=default => generated 2925 bytes in 296 msecs (HTTP/1.1 200) 4 headers in 158 bytes (1 switches on core 0) [pid: 7|app: 0|req: 1301/2487] 10.0.0.239 () {32 vars in 740 bytes} [Thu Jun 18 04:35:43 2026] DELETE /v2.0/security-groups/ee74a85d-6bcb-45ff-b443-7f0aa66ae2e4 => generated 0 bytes in 267 msecs (HTTP/1.1 204) 2 headers in 112 bytes (1 switches on core 0) [pid: 7|app: 0|req: 1302/2488] 10.0.0.239 () {32 vars in 774 bytes} [Thu Jun 18 04:35:43 2026] GET /v2.0/security-groups?tenant_id=0094101ba47047ba800d177becb782ae&name=default => generated 2925 bytes in 35 msecs (HTTP/1.1 200) 4 headers in 158 bytes (1 switches on core 0)
2026-06-18 04:35:43.979 8 INFO neutron.plugins.ml2.drivers.ovn.mech_driver.mech_driver [None req-76560054-b917-4850-85ae-404bda0a5e5e - - - - - -] OVN reports status down for port: 5bff26cf-0c2f-4adf-9089-6107ed3ec63c [pid: 7|app: 0|req: 1303/2489] 10.0.0.239 () {32 vars in 740 bytes} [Thu Jun 18 04:35:43 2026] DELETE /v2.0/security-groups/a39fe103-ad48-41b0-917c-e5f9fe3194b0 => generated 0 bytes in 264 msecs (HTTP/1.1 204) 2 headers in 112 bytes (1 switches on core 0)
2026-06-18 04:35:44.218 8 INFO neutron.db.ovn_revision_numbers_db [None req-be200218-3ca1-45e8-ab6a-cb28f5404f20 - - - - - -] Successfully bumped revision number for resource 6adc979d-d443-4329-b6ae-ea7e6791f5df (type: ports) to 5
2026-06-18 04:35:44.418 8 INFO neutron.plugins.ml2.drivers.ovn.mech_driver.mech_driver [None req-76560054-b917-4850-85ae-404bda0a5e5e - - - - - -] OVN reports status up for port: 5bff26cf-0c2f-4adf-9089-6107ed3ec63c
2026-06-18 04:35:44.441 8 INFO neutron.plugins.ml2.plugin [None req-76560054-b917-4850-85ae-404bda0a5e5e - - - - - -] Attempt 1 to provision port 5bff26cf-0c2f-4adf-9089-6107ed3ec63c
2026-06-18 04:35:44.525 8 WARNING neutron.scheduler.dhcp_agent_scheduler [None req-ca3cf1a4-f73f-4dd9-af18-42114e8ad4cf 683aab4d4559434b90e898364f1932a2 9fdfe2ceeb7447358c9565ee47fa8085 - - default default] No more DHCP agents
2026-06-18 04:35:44.527 8 WARNING neutron.api.rpc.agentnotifiers.dhcp_rpc_agent_api [None req-ca3cf1a4-f73f-4dd9-af18-42114e8ad4cf 683aab4d4559434b90e898364f1932a2 9fdfe2ceeb7447358c9565ee47fa8085 - - default default] Unable to schedule network e13fbcfd-b364-488a-aa3a-d79eb7e85a45: no agents available; will retry on subsequent port and subnet creation events.
2026-06-18 04:35:45.037 8 INFO neutron.db.ovn_revision_numbers_db [None req-76560054-b917-4850-85ae-404bda0a5e5e - - - - - -] Successfully bumped revision number for resource 5bff26cf-0c2f-4adf-9089-6107ed3ec63c (type: ports) to 2
2026-06-18 04:35:45.315 8 INFO neutron.db.ovn_revision_numbers_db [None req-ca3cf1a4-f73f-4dd9-af18-42114e8ad4cf 683aab4d4559434b90e898364f1932a2 9fdfe2ceeb7447358c9565ee47fa8085 - - default default] Successfully bumped revision number for resource 5bff26cf-0c2f-4adf-9089-6107ed3ec63c (type: router_ports) to 1 [pid: 8|app: 0|req: 1187/2492] 10.0.0.239 () {34 vars in 783 bytes} [Thu Jun 18 04:35:41 2026] PUT /v2.0/routers/be32b91c-cc91-4e7b-a2ff-8e9524b4c186/add_router_interface => generated 309 bytes in 3629 msecs (HTTP/1.1 200) 4 headers in 157 bytes (1 switches on core 0)
2026-06-18 04:35:46.475 7 INFO neutron.db.ovn_revision_numbers_db [None req-330bed63-c87b-4e22-ac6d-b2956bf7ff02 683aab4d4559434b90e898364f1932a2 9fdfe2ceeb7447358c9565ee47fa8085 - - default default] Successfully bumped revision number for resource b2973252-5d59-4ab8-bdd3-4fa4866b6012 (type: security_groups) to 1
2026-06-18 04:35:46.487 7 INFO neutron.db.ovn_revision_numbers_db [None req-330bed63-c87b-4e22-ac6d-b2956bf7ff02 683aab4d4559434b90e898364f1932a2 9fdfe2ceeb7447358c9565ee47fa8085 - - default default] Successfully bumped revision number for resource 02704bb6-6c17-4aeb-a040-96278755a9df (type: security_group_rules) to 0
2026-06-18 04:35:46.498 7 INFO neutron.db.ovn_revision_numbers_db [None req-330bed63-c87b-4e22-ac6d-b2956bf7ff02 683aab4d4559434b90e898364f1932a2 9fdfe2ceeb7447358c9565ee47fa8085 - - default default] Successfully bumped revision number for resource 141a66f8-c6c0-4cbd-bd14-22e71eefc07e (type: security_group_rules) to 0
2026-06-18 04:35:46.514 7 INFO neutron.db.ovn_revision_numbers_db [None req-330bed63-c87b-4e22-ac6d-b2956bf7ff02 683aab4d4559434b90e898364f1932a2 9fdfe2ceeb7447358c9565ee47fa8085 - - default default] Successfully bumped revision number for resource 2561400f-17a2-4789-b6ee-3a19d86dff65 (type: security_group_rules) to 0
2026-06-18 04:35:46.526 7 INFO neutron.db.ovn_revision_numbers_db [None req-330bed63-c87b-4e22-ac6d-b2956bf7ff02 683aab4d4559434b90e898364f1932a2 9fdfe2ceeb7447358c9565ee47fa8085 - - default default] Successfully bumped revision number for resource 50c3a4f1-a0c3-4187-85a8-0c5ee04d2b28 (type: security_group_rules) to 0
2026-06-18 04:35:46.601 7 INFO neutron.db.segments_db [None req-330bed63-c87b-4e22-ac6d-b2956bf7ff02 683aab4d4559434b90e898364f1932a2 9fdfe2ceeb7447358c9565ee47fa8085 - - default default] Added segment 00d2b57e-9263-4e11-8ff6-147d30d94f85 of type geneve for network 34c07afa-cce2-41a8-a5d9-de16d42ae805
2026-06-18 04:35:46.696 7 INFO neutron.db.ovn_revision_numbers_db [None req-330bed63-c87b-4e22-ac6d-b2956bf7ff02 683aab4d4559434b90e898364f1932a2 9fdfe2ceeb7447358c9565ee47fa8085 - - default default] Successfully bumped revision number for resource 34c07afa-cce2-41a8-a5d9-de16d42ae805 (type: networks) to 1
2026-06-18 04:35:46.843 7 WARNING neutron.scheduler.dhcp_agent_scheduler [None req-330bed63-c87b-4e22-ac6d-b2956bf7ff02 683aab4d4559434b90e898364f1932a2 9fdfe2ceeb7447358c9565ee47fa8085 - - default default] No more DHCP agents
2026-06-18 04:35:46.844 7 WARNING neutron.api.rpc.agentnotifiers.dhcp_rpc_agent_api [None req-330bed63-c87b-4e22-ac6d-b2956bf7ff02 683aab4d4559434b90e898364f1932a2 9fdfe2ceeb7447358c9565ee47fa8085 - - default default] Unable to schedule network 34c07afa-cce2-41a8-a5d9-de16d42ae805: no agents available; will retry on subsequent port and subnet creation events.
2026-06-18 04:35:46.917 7 INFO neutron.db.ovn_revision_numbers_db [None req-330bed63-c87b-4e22-ac6d-b2956bf7ff02 683aab4d4559434b90e898364f1932a2 9fdfe2ceeb7447358c9565ee47fa8085 - - default default] Successfully bumped revision number for resource beb455bc-f303-4853-b66a-e2b5d1b5879a (type: ports) to 1 [pid: 7|app: 0|req: 1306/2493] 10.0.0.239 () {34 vars in 671 bytes} [Thu Jun 18 04:35:46 2026] POST /v2.0/networks => generated 763 bytes in 606 msecs (HTTP/1.1 201) 4 headers in 162 bytes (1 switches on core 0)
2026-06-18 04:35:47.072 8 WARNING neutron.scheduler.dhcp_agent_scheduler [None req-9bcda96c-77ef-4be8-8618-b844c34c3e60 683aab4d4559434b90e898364f1932a2 9fdfe2ceeb7447358c9565ee47fa8085 - - default default] No more DHCP agents
2026-06-18 04:35:47.074 8 WARNING neutron.api.rpc.agentnotifiers.dhcp_rpc_agent_api [None req-9bcda96c-77ef-4be8-8618-b844c34c3e60 683aab4d4559434b90e898364f1932a2 9fdfe2ceeb7447358c9565ee47fa8085 - - default default] Unable to schedule network 34c07afa-cce2-41a8-a5d9-de16d42ae805: no agents available; will retry on subsequent port and subnet creation events.
2026-06-18 04:35:47.509 8 INFO neutron.db.ovn_revision_numbers_db [None req-1424e766-aefa-4b48-8c1e-d549b85ee668 - - - - - -] Successfully bumped revision number for resource beb455bc-f303-4853-b66a-e2b5d1b5879a (type: ports) to 2
2026-06-18 04:35:47.539 8 INFO neutron.db.ovn_revision_numbers_db [None req-1424e766-aefa-4b48-8c1e-d549b85ee668 - - - - - -] Successfully bumped revision number for resource 859d235b-6132-4b34-b377-6ede606c5c7f (type: subnets) to 0 [pid: 8|app: 0|req: 1188/2494] 10.0.0.239 () {34 vars in 669 bytes} [Thu Jun 18 04:35:46 2026] POST /v2.0/subnets => generated 688 bytes in 610 msecs (HTTP/1.1 201) 4 headers in 162 bytes (1 switches on core 0)
2026-06-18 04:35:47.995 7 WARNING neutron.scheduler.dhcp_agent_scheduler [None req-992395b7-48d8-4e56-b68c-b4cf769e3eab 683aab4d4559434b90e898364f1932a2 9fdfe2ceeb7447358c9565ee47fa8085 - - default default] No more DHCP agents
2026-06-18 04:35:47.997 7 WARNING neutron.api.rpc.agentnotifiers.dhcp_rpc_agent_api [None req-992395b7-48d8-4e56-b68c-b4cf769e3eab 683aab4d4559434b90e898364f1932a2 9fdfe2ceeb7447358c9565ee47fa8085 - - default default] Unable to schedule network 63408420-ae8a-4102-b318-e45408167f8b: no agents available; will retry on subsequent port and subnet creation events.
2026-06-18 04:35:48.136 7 INFO neutron.db.ovn_revision_numbers_db [None req-992395b7-48d8-4e56-b68c-b4cf769e3eab 683aab4d4559434b90e898364f1932a2 9fdfe2ceeb7447358c9565ee47fa8085 - - default default] Successfully bumped revision number for resource 362ab346-735a-47c1-9e27-b753031cab31 (type: ports) to 1
2026-06-18 04:35:48.592 7 INFO neutron.plugins.ml2.drivers.ovn.mech_driver.ovsdb.commands [None req-d367767e-4e02-4ab6-9e6f-b50ee135750c - - - - - -] Schedule LRP lrp-362ab346-735a-47c1-9e27-b753031cab31 on gateway 3d029d78-0265-4389-82a8-92c7a472b645 with priority 1
2026-06-18 04:35:48.631 7 INFO neutron.plugins.ml2.drivers.ovn.mech_driver.ovsdb.ovsdb_monitor [None req-9ee3eafd-dd56-4817-8481-4846bd584542 - - - - - -] Router dcc10554-0ce2-4f30-8cf2-adb9e66919c8 is bound to host instance
2026-06-18 04:35:48.695 7 INFO neutron.db.ovn_revision_numbers_db [None req-992395b7-48d8-4e56-b68c-b4cf769e3eab 683aab4d4559434b90e898364f1932a2 9fdfe2ceeb7447358c9565ee47fa8085 - - default default] Successfully bumped revision number for resource 362ab346-735a-47c1-9e27-b753031cab31 (type: router_ports) to 1
2026-06-18 04:35:48.833 7 INFO neutron.db.ovn_revision_numbers_db [None req-992395b7-48d8-4e56-b68c-b4cf769e3eab 683aab4d4559434b90e898364f1932a2 9fdfe2ceeb7447358c9565ee47fa8085 - - default default] Successfully bumped revision number for resource dcc10554-0ce2-4f30-8cf2-adb9e66919c8 (type: routers) to 2 [pid: 7|app: 0|req: 1307/2495] 10.0.0.239 () {34 vars in 669 bytes} [Thu Jun 18 04:35:47 2026] POST /v2.0/routers => generated 966 bytes in 1311 msecs (HTTP/1.1 201) 4 headers in 162 bytes (1 switches on core 0)
2026-06-18 04:35:49.314 8 WARNING neutron.scheduler.dhcp_agent_scheduler [None req-c52509c7-d1a7-4538-b878-1e3af431dfaa 683aab4d4559434b90e898364f1932a2 9fdfe2ceeb7447358c9565ee47fa8085 - - default default] No more DHCP agents
2026-06-18 04:35:49.315 8 WARNING neutron.api.rpc.agentnotifiers.dhcp_rpc_agent_api [None req-c52509c7-d1a7-4538-b878-1e3af431dfaa 683aab4d4559434b90e898364f1932a2 9fdfe2ceeb7447358c9565ee47fa8085 - - default default] Unable to schedule network 34c07afa-cce2-41a8-a5d9-de16d42ae805: no agents available; will retry on subsequent port and subnet creation events.
2026-06-18 04:35:49.424 7 INFO neutron.plugins.ml2.drivers.ovn.mech_driver.mech_driver [None req-9d18924d-9461-43ba-85d0-337eb9418111 - - - - - -] OVN reports status down for port: 7a8aa65b-53a1-494c-89c6-47ff6b5c38e8
2026-06-18 04:35:49.448 8 INFO neutron.db.ovn_revision_numbers_db [None req-c52509c7-d1a7-4538-b878-1e3af431dfaa 683aab4d4559434b90e898364f1932a2 9fdfe2ceeb7447358c9565ee47fa8085 - - default default] Successfully bumped revision number for resource 7a8aa65b-53a1-494c-89c6-47ff6b5c38e8 (type: ports) to 1
2026-06-18 04:35:49.573 7 INFO neutron.db.ovn_revision_numbers_db [None req-e09e1b23-79cd-4431-9b3b-411c4e0e0e08 - - - - - -] Successfully bumped revision number for resource 362ab346-735a-47c1-9e27-b753031cab31 (type: ports) to 4
2026-06-18 04:35:49.897 7 INFO neutron.db.ovn_revision_numbers_db [None req-e09e1b23-79cd-4431-9b3b-411c4e0e0e08 - - - - - -] Successfully bumped revision number for resource 362ab346-735a-47c1-9e27-b753031cab31 (type: ports) to 5
2026-06-18 04:35:50.047 7 INFO neutron.plugins.ml2.drivers.ovn.mech_driver.mech_driver [None req-9d18924d-9461-43ba-85d0-337eb9418111 - - - - - -] OVN reports status up for port: 7a8aa65b-53a1-494c-89c6-47ff6b5c38e8
2026-06-18 04:35:50.058 7 INFO neutron.plugins.ml2.plugin [None req-9d18924d-9461-43ba-85d0-337eb9418111 - - - - - -] Attempt 1 to provision port 7a8aa65b-53a1-494c-89c6-47ff6b5c38e8
2026-06-18 04:35:50.104 8 WARNING neutron.scheduler.dhcp_agent_scheduler [None req-c52509c7-d1a7-4538-b878-1e3af431dfaa 683aab4d4559434b90e898364f1932a2 9fdfe2ceeb7447358c9565ee47fa8085 - - default default] No more DHCP agents
2026-06-18 04:35:50.105 8 WARNING neutron.api.rpc.agentnotifiers.dhcp_rpc_agent_api [None req-c52509c7-d1a7-4538-b878-1e3af431dfaa 683aab4d4559434b90e898364f1932a2 9fdfe2ceeb7447358c9565ee47fa8085 - - default default] Unable to schedule network 34c07afa-cce2-41a8-a5d9-de16d42ae805: no agents available; will retry on subsequent port and subnet creation events.
2026-06-18 04:35:50.359 7 INFO neutron.db.ovn_revision_numbers_db [None req-9d18924d-9461-43ba-85d0-337eb9418111 - - - - - -] Successfully bumped revision number for resource 7a8aa65b-53a1-494c-89c6-47ff6b5c38e8 (type: ports) to 2
2026-06-18 04:35:50.490 8 INFO neutron.db.ovn_revision_numbers_db [None req-c52509c7-d1a7-4538-b878-1e3af431dfaa 683aab4d4559434b90e898364f1932a2 9fdfe2ceeb7447358c9565ee47fa8085 - - default default] Successfully bumped revision number for resource 7a8aa65b-53a1-494c-89c6-47ff6b5c38e8 (type: router_ports) to 1 [pid: 8|app: 0|req: 1189/2496] 10.0.0.239 () {34 vars in 783 bytes} [Thu Jun 18 04:35:48 2026] PUT /v2.0/routers/dcc10554-0ce2-4f30-8cf2-adb9e66919c8/add_router_interface => generated 309 bytes in 1624 msecs (HTTP/1.1 200) 4 headers in 157 bytes (1 switches on core 0)
2026-06-18 04:35:50.652 8 WARNING neutron.plugins.ml2.drivers.ovn.mech_driver.ovsdb.ovn_client [None req-4f66f144-df11-4daa-b033-5afa919f44e2 - - - - - -] No hosting information found for port 5bff26cf-0c2f-4adf-9089-6107ed3ec63c: RuntimeError: No hosting information found for port 5bff26cf-0c2f-4adf-9089-6107ed3ec63c
2026-06-18 04:35:50.768 8 INFO neutron.db.ovn_revision_numbers_db [None req-4f66f144-df11-4daa-b033-5afa919f44e2 - - - - - -] Successfully bumped revision number for resource 5bff26cf-0c2f-4adf-9089-6107ed3ec63c (type: router_ports) to 2
2026-06-18 04:35:50.768 8 INFO neutron.plugins.ml2.drivers.ovn.mech_driver.mech_driver [None req-4f66f144-df11-4daa-b033-5afa919f44e2 - - - - - -] OVN reports status down for port: beb455bc-f303-4853-b66a-e2b5d1b5879a
2026-06-18 04:35:50.847 8 INFO neutron.plugins.ml2.drivers.ovn.mech_driver.mech_driver [None req-4f66f144-df11-4daa-b033-5afa919f44e2 - - - - - -] OVN reports status down for port: 362ab346-735a-47c1-9e27-b753031cab31
2026-06-18 04:35:51.163 8 INFO neutron.db.ovn_revision_numbers_db [None req-4f66f144-df11-4daa-b033-5afa919f44e2 - - - - - -] Successfully bumped revision number for resource 362ab346-735a-47c1-9e27-b753031cab31 (type: ports) to 6
2026-06-18 04:35:51.248 8 WARNING neutron.plugins.ml2.drivers.ovn.mech_driver.ovsdb.ovn_client [None req-d06b3d8b-ccc3-487d-bd88-c8a7309ece76 - - - - - -] Logical_Switch_Port %s host information not removed, the port state is up
2026-06-18 04:35:51.248 8 INFO neutron.plugins.ml2.drivers.ovn.mech_driver.mech_driver [None req-d06b3d8b-ccc3-487d-bd88-c8a7309ece76 - - - - - -] OVN reports status up for port: 362ab346-735a-47c1-9e27-b753031cab31
2026-06-18 04:35:51.250 7 INFO neutron.db.ovn_revision_numbers_db [None req-5a9469d5-e7bb-4109-8c67-9e8288f2f0e8 fe2ca31b7dfa451783752e29f818c9f2 325dabdfffa744e29318aaf5ef51f16b - - default default] Successfully bumped revision number for resource 74f2ad2d-bb39-4ebb-9a20-8675d5827d98 (type: security_groups) to 1
2026-06-18 04:35:51.257 8 INFO neutron.plugins.ml2.plugin [None req-d06b3d8b-ccc3-487d-bd88-c8a7309ece76 - - - - - -] Attempt 1 to provision port 362ab346-735a-47c1-9e27-b753031cab31
2026-06-18 04:35:51.260 7 INFO neutron.db.ovn_revision_numbers_db [None req-5a9469d5-e7bb-4109-8c67-9e8288f2f0e8 fe2ca31b7dfa451783752e29f818c9f2 325dabdfffa744e29318aaf5ef51f16b - - default default] Successfully bumped revision number for resource 498709c5-6fd4-4686-a992-cb21bc3f990e (type: security_group_rules) to 0
2026-06-18 04:35:51.270 7 INFO neutron.db.ovn_revision_numbers_db [None req-5a9469d5-e7bb-4109-8c67-9e8288f2f0e8 fe2ca31b7dfa451783752e29f818c9f2 325dabdfffa744e29318aaf5ef51f16b - - default default] Successfully bumped revision number for resource f71dc7e9-76e7-4708-b2f8-059803c65be6 (type: security_group_rules) to 0 [pid: 7|app: 0|req: 1308/2497] 10.0.0.239 () {34 vars in 685 bytes} [Thu Jun 18 04:35:51 2026] POST /v2.0/security-groups => generated 1675 bytes in 176 msecs (HTTP/1.1 201) 4 headers in 163 bytes (1 switches on core 0)
2026-06-18 04:35:51.521 8 INFO neutron.db.ovn_revision_numbers_db [None req-7b4e7eee-8605-4814-95dc-9ddd20ebcd96 fe2ca31b7dfa451783752e29f818c9f2 325dabdfffa744e29318aaf5ef51f16b - - default default] Successfully bumped revision number for resource 9cf642d0-3a48-4e96-bd80-dea1dbf8f7d5 (type: security_group_rules) to 0 [pid: 8|app: 0|req: 1190/2498] 10.0.0.239 () {34 vars in 695 bytes} [Thu Jun 18 04:35:51 2026] POST /v2.0/security-group-rules => generated 597 bytes in 259 msecs (HTTP/1.1 201) 4 headers in 162 bytes (1 switches on core 0)
2026-06-18 04:35:51.661 8 INFO neutron.db.ovn_revision_numbers_db [None req-d06b3d8b-ccc3-487d-bd88-c8a7309ece76 - - - - - -] Successfully bumped revision number for resource 362ab346-735a-47c1-9e27-b753031cab31 (type: ports) to 7
2026-06-18 04:35:51.708 7 INFO neutron.db.ovn_revision_numbers_db [None req-2f0b54aa-dbaf-4bf9-8830-e532e720b5d8 fe2ca31b7dfa451783752e29f818c9f2 325dabdfffa744e29318aaf5ef51f16b - - default default] Successfully bumped revision number for resource e53cfd30-f422-4518-a264-2c1c10db9fce (type: security_group_rules) to 0 [pid: 7|app: 0|req: 1309/2499] 10.0.0.239 () {34 vars in 695 bytes} [Thu Jun 18 04:35:51 2026] POST /v2.0/security-group-rules => generated 596 bytes in 175 msecs (HTTP/1.1 201) 4 headers in 162 bytes (1 switches on core 0)
2026-06-18 04:35:51.902 8 INFO neutron.db.ovn_revision_numbers_db [None req-c367d926-0c44-47aa-b1b1-ec3d0220f981 fe2ca31b7dfa451783752e29f818c9f2 325dabdfffa744e29318aaf5ef51f16b - - default default] Successfully bumped revision number for resource 4f4386fa-2403-4f65-98f2-bd48582263f4 (type: security_group_rules) to 0 [pid: 8|app: 0|req: 1191/2500] 10.0.0.239 () {34 vars in 695 bytes} [Thu Jun 18 04:35:51 2026] POST /v2.0/security-group-rules => generated 602 bytes in 188 msecs (HTTP/1.1 201) 4 headers in 162 bytes (1 switches on core 0)
2026-06-18 04:35:52.056 7 INFO neutron.db.ovn_revision_numbers_db [None req-014da14b-fa2f-4090-a622-407150342b70 fe2ca31b7dfa451783752e29f818c9f2 325dabdfffa744e29318aaf5ef51f16b - - default default] Successfully bumped revision number for resource c256e8b7-61a6-4d1c-953c-a1ca5e1569ef (type: security_group_rules) to 0 [pid: 7|app: 0|req: 1310/2501] 10.0.0.239 () {34 vars in 695 bytes} [Thu Jun 18 04:35:51 2026] POST /v2.0/security-group-rules => generated 601 bytes in 141 msecs (HTTP/1.1 201) 4 headers in 162 bytes (1 switches on core 0)
2026-06-18 04:35:52.121 8 INFO neutron.db.securitygroups_db [None req-baf87065-82ac-4a76-8fde-dbca6bae8ad3 fe2ca31b7dfa451783752e29f818c9f2 325dabdfffa744e29318aaf5ef51f16b - - default default] Project 325dabdfffa744e29318aaf5ef51f16b added a security group rule with legacy IPv6 ICMP protocol name icmp, ipv6-icmp should be used instead. It was automatically converted.
2026-06-18 04:35:52.228 8 INFO neutron.db.ovn_revision_numbers_db [None req-baf87065-82ac-4a76-8fde-dbca6bae8ad3 fe2ca31b7dfa451783752e29f818c9f2 325dabdfffa744e29318aaf5ef51f16b - - default default] Successfully bumped revision number for resource 7f8ab218-a4ca-4a20-b97d-3f9f4a7f0e47 (type: security_group_rules) to 0 [pid: 8|app: 0|req: 1192/2502] 10.0.0.239 () {34 vars in 695 bytes} [Thu Jun 18 04:35:52 2026] POST /v2.0/security-group-rules => generated 607 bytes in 170 msecs (HTTP/1.1 201) 4 headers in 162 bytes (1 switches on core 0)
2026-06-18 04:35:52.296 7 INFO neutron.db.securitygroups_db [None req-45d0629f-9ad7-4372-b9df-189b56feaa12 fe2ca31b7dfa451783752e29f818c9f2 325dabdfffa744e29318aaf5ef51f16b - - default default] Project 325dabdfffa744e29318aaf5ef51f16b added a security group rule with legacy IPv6 ICMP protocol name icmp, ipv6-icmp should be used instead. It was automatically converted.
2026-06-18 04:35:52.406 7 INFO neutron.db.ovn_revision_numbers_db [None req-45d0629f-9ad7-4372-b9df-189b56feaa12 fe2ca31b7dfa451783752e29f818c9f2 325dabdfffa744e29318aaf5ef51f16b - - default default] Successfully bumped revision number for resource 2c39197a-56b1-44ce-9815-62b87106d8f6 (type: security_group_rules) to 0 [pid: 7|app: 0|req: 1311/2503] 10.0.0.239 () {34 vars in 695 bytes} [Thu Jun 18 04:35:52 2026] POST /v2.0/security-group-rules => generated 606 bytes in 166 msecs (HTTP/1.1 201) 4 headers in 162 bytes (1 switches on core 0)
2026-06-18 04:35:52.948 7 INFO neutron.db.ovn_revision_numbers_db [None req-f9dac6e0-ea9f-4330-8c4b-b4a97549bcf4 fe2ca31b7dfa451783752e29f818c9f2 325dabdfffa744e29318aaf5ef51f16b - - default default] Successfully bumped revision number for resource 7e0db3c7-8a69-4680-aa53-920c10b34322 (type: security_groups) to 1
2026-06-18 04:35:52.962 7 INFO neutron.db.ovn_revision_numbers_db [None req-f9dac6e0-ea9f-4330-8c4b-b4a97549bcf4 fe2ca31b7dfa451783752e29f818c9f2 325dabdfffa744e29318aaf5ef51f16b - - default default] Successfully bumped revision number for resource 579529b6-5dd7-41b0-89b6-0b95ab4a1cf4 (type: security_group_rules) to 0
2026-06-18 04:35:52.973 7 INFO neutron.db.ovn_revision_numbers_db [None req-f9dac6e0-ea9f-4330-8c4b-b4a97549bcf4 fe2ca31b7dfa451783752e29f818c9f2 325dabdfffa744e29318aaf5ef51f16b - - default default] Successfully bumped revision number for resource eec7a9e9-8eeb-4669-8a94-24ffcb8a8139 (type: security_group_rules) to 0 [pid: 7|app: 0|req: 1312/2504] 10.0.0.239 () {34 vars in 685 bytes} [Thu Jun 18 04:35:52 2026] POST /v2.0/security-groups => generated 1660 bytes in 171 msecs (HTTP/1.1 201) 4 headers in 163 bytes (1 switches on core 0)
2026-06-18 04:35:53.030 8 INFO neutron.db.ovn_revision_numbers_db [None req-03e4d2cd-601b-400c-93e6-dd63515d95b4 ad576e9102b942af9624161e0a30f413 9dd087dfdac149eea70147a838a26ab3 - - default default] Successfully bumped revision number for resource c635d61c-6d17-43f9-bb05-d3e2fe6dc28a (type: security_groups) to 1
2026-06-18 04:35:53.042 8 INFO neutron.db.ovn_revision_numbers_db [None req-03e4d2cd-601b-400c-93e6-dd63515d95b4 ad576e9102b942af9624161e0a30f413 9dd087dfdac149eea70147a838a26ab3 - - default default] Successfully bumped revision number for resource 07f0fa92-110a-42de-90b0-350258eaf986 (type: security_group_rules) to 0
2026-06-18 04:35:53.054 8 INFO neutron.db.ovn_revision_numbers_db [None req-03e4d2cd-601b-400c-93e6-dd63515d95b4 ad576e9102b942af9624161e0a30f413 9dd087dfdac149eea70147a838a26ab3 - - default default] Successfully bumped revision number for resource 97251884-1a1f-405d-af2d-a5a210b6d31d (type: security_group_rules) to 0
2026-06-18 04:35:53.064 8 INFO neutron.db.ovn_revision_numbers_db [None req-03e4d2cd-601b-400c-93e6-dd63515d95b4 ad576e9102b942af9624161e0a30f413 9dd087dfdac149eea70147a838a26ab3 - - default default] Successfully bumped revision number for resource a3e99ac1-c12a-43ed-aa32-427fd2b2bab9 (type: security_group_rules) to 0
2026-06-18 04:35:53.074 8 INFO neutron.db.ovn_revision_numbers_db [None req-03e4d2cd-601b-400c-93e6-dd63515d95b4 ad576e9102b942af9624161e0a30f413 9dd087dfdac149eea70147a838a26ab3 - - default default] Successfully bumped revision number for resource ef4a8821-04a0-4dda-86cc-5c76cff02f1b (type: security_group_rules) to 0
2026-06-18 04:35:53.137 7 INFO neutron.db.ovn_revision_numbers_db [None req-28e3b586-b847-4033-b129-0e18cb9c834d fe2ca31b7dfa451783752e29f818c9f2 325dabdfffa744e29318aaf5ef51f16b - - default default] Successfully bumped revision number for resource e401e209-8ca9-46c7-9c75-1b2f877632d7 (type: security_group_rules) to 0
2026-06-18 04:35:53.151 8 INFO neutron.db.segments_db [None req-03e4d2cd-601b-400c-93e6-dd63515d95b4 ad576e9102b942af9624161e0a30f413 9dd087dfdac149eea70147a838a26ab3 - - default default] Added segment 035a4b1b-2549-454c-876e-30ed51822f8c of type geneve for network 901d1a4f-81a4-45c1-8eb4-fae36be124e0 [pid: 7|app: 0|req: 1313/2505] 10.0.0.239 () {34 vars in 695 bytes} [Thu Jun 18 04:35:53 2026] POST /v2.0/security-group-rules => generated 597 bytes in 148 msecs (HTTP/1.1 201) 4 headers in 162 bytes (1 switches on core 0)
2026-06-18 04:35:53.254 8 INFO neutron.db.ovn_revision_numbers_db [None req-03e4d2cd-601b-400c-93e6-dd63515d95b4 ad576e9102b942af9624161e0a30f413 9dd087dfdac149eea70147a838a26ab3 - - default default] Successfully bumped revision number for resource 901d1a4f-81a4-45c1-8eb4-fae36be124e0 (type: networks) to 1
2026-06-18 04:35:53.285 7 INFO neutron.db.ovn_revision_numbers_db [None req-e75bce5e-e582-444b-b91d-8de9d36d54bc fe2ca31b7dfa451783752e29f818c9f2 325dabdfffa744e29318aaf5ef51f16b - - default default] Successfully bumped revision number for resource 74a5cff0-2809-4611-bf82-b2119ecb67f8 (type: security_group_rules) to 0 [pid: 7|app: 0|req: 1314/2506] 10.0.0.239 () {34 vars in 695 bytes} [Thu Jun 18 04:35:53 2026] POST /v2.0/security-group-rules => generated 602 bytes in 151 msecs (HTTP/1.1 201) 4 headers in 162 bytes (1 switches on core 0)
2026-06-18 04:35:53.414 8 WARNING neutron.scheduler.dhcp_agent_scheduler [None req-03e4d2cd-601b-400c-93e6-dd63515d95b4 ad576e9102b942af9624161e0a30f413 9dd087dfdac149eea70147a838a26ab3 - - default default] No more DHCP agents
2026-06-18 04:35:53.415 8 WARNING neutron.api.rpc.agentnotifiers.dhcp_rpc_agent_api [None req-03e4d2cd-601b-400c-93e6-dd63515d95b4 ad576e9102b942af9624161e0a30f413 9dd087dfdac149eea70147a838a26ab3 - - default default] Unable to schedule network 901d1a4f-81a4-45c1-8eb4-fae36be124e0: no agents available; will retry on subsequent port and subnet creation events.
2026-06-18 04:35:53.487 8 INFO neutron.db.ovn_revision_numbers_db [None req-03e4d2cd-601b-400c-93e6-dd63515d95b4 ad576e9102b942af9624161e0a30f413 9dd087dfdac149eea70147a838a26ab3 - - default default] Successfully bumped revision number for resource 341b5d53-fcb8-49e8-8927-ac3dbb00ab3b (type: ports) to 1 [pid: 8|app: 0|req: 1193/2507] 10.0.0.239 () {34 vars in 670 bytes} [Thu Jun 18 04:35:52 2026] POST /v2.0/networks => generated 659 bytes in 781 msecs (HTTP/1.1 201) 4 headers in 162 bytes (1 switches on core 0)
2026-06-18 04:35:53.563 7 WARNING neutron.scheduler.dhcp_agent_scheduler [None req-d0bb2487-b6bb-4b3e-9242-753c73bcd8b7 fe2ca31b7dfa451783752e29f818c9f2 325dabdfffa744e29318aaf5ef51f16b - - default default] No more DHCP agents
2026-06-18 04:35:53.564 7 WARNING neutron.api.rpc.agentnotifiers.dhcp_rpc_agent_api [None req-d0bb2487-b6bb-4b3e-9242-753c73bcd8b7 fe2ca31b7dfa451783752e29f818c9f2 325dabdfffa744e29318aaf5ef51f16b - - default default] Unable to schedule network 63408420-ae8a-4102-b318-e45408167f8b: no agents available; will retry on subsequent port and subnet creation events.
2026-06-18 04:35:53.667 8 WARNING neutron.scheduler.dhcp_agent_scheduler [None req-28111774-5e2d-41ac-95e6-71dc882994ab ad576e9102b942af9624161e0a30f413 9dd087dfdac149eea70147a838a26ab3 - - default default] No more DHCP agents
