2026-06-18 04:33:24.785 7 INFO neutron.db.l3_db [None req-8e34f4cd-618a-4227-83ec-dd54688bce6d 02819d75c06347a3b8a0b2e99ccd7e4c 13bd0269d4f94df5966f75d472a45261 - - default default] Floating IP a75c4788-10ba-4550-bbb6-75cc2d6dd2fb associated. External IP: 10.96.250.213, port: 1a1397cb-e88d-4f64-bcc2-57f2e9cd7c06. [pid: 7|app: 0|req: 672/1343] 10.0.0.239 () {34 vars in 677 bytes} [Thu Jun 18 04:33:23 2026] POST /v2.0/floatingips => generated 842 bytes in 1115 msecs (HTTP/1.1 201) 4 headers in 162 bytes (1 switches on core 0)
2026-06-18 04:33:25.033 7 INFO neutron.db.ovn_revision_numbers_db [None req-2c1f4c61-56fb-4e61-bf7f-3ca8939f791f 683aab4d4559434b90e898364f1932a2 9fdfe2ceeb7447358c9565ee47fa8085 - - default default] Successfully bumped revision number for resource e0b3e6ba-11a8-456d-ae96-faa8c6648b7d (type: security_groups) to 1 [pid: 8|app: 0|req: 672/1344] 10.0.0.239 () {32 vars in 740 bytes} [Thu Jun 18 04:33:24 2026] DELETE /v2.0/security-groups/6c18c3d9-9c70-461c-90dd-111dff15a35a => generated 0 bytes in 249 msecs (HTTP/1.1 204) 2 headers in 112 bytes (1 switches on core 0)
2026-06-18 04:33:25.042 7 INFO neutron.db.ovn_revision_numbers_db [None req-2c1f4c61-56fb-4e61-bf7f-3ca8939f791f 683aab4d4559434b90e898364f1932a2 9fdfe2ceeb7447358c9565ee47fa8085 - - default default] Successfully bumped revision number for resource 63c621ec-edff-42c5-8ebf-79f1417b25b2 (type: security_group_rules) to 0
2026-06-18 04:33:25.052 7 INFO neutron.db.ovn_revision_numbers_db [None req-2c1f4c61-56fb-4e61-bf7f-3ca8939f791f 683aab4d4559434b90e898364f1932a2 9fdfe2ceeb7447358c9565ee47fa8085 - - default default] Successfully bumped revision number for resource 71f0a3f9-9b69-4cdd-ab91-4d722b2ffed6 (type: security_group_rules) to 0
2026-06-18 04:33:25.063 7 INFO neutron.db.ovn_revision_numbers_db [None req-2c1f4c61-56fb-4e61-bf7f-3ca8939f791f 683aab4d4559434b90e898364f1932a2 9fdfe2ceeb7447358c9565ee47fa8085 - - default default] Successfully bumped revision number for resource d911b0e5-06d8-4007-92e2-d926a3e881f7 (type: security_group_rules) to 0
2026-06-18 04:33:25.075 7 INFO neutron.db.ovn_revision_numbers_db [None req-2c1f4c61-56fb-4e61-bf7f-3ca8939f791f 683aab4d4559434b90e898364f1932a2 9fdfe2ceeb7447358c9565ee47fa8085 - - default default] Successfully bumped revision number for resource e6b8cf9f-4a41-4c78-a1b7-0988e1bfcc73 (type: security_group_rules) to 0 [pid: 7|app: 0|req: 673/1345] 10.0.0.239 () {32 vars in 774 bytes} [Thu Jun 18 04:33:24 2026] GET /v2.0/security-groups?tenant_id=e7792138def043fe93c7985acb697d0c&name=default => generated 2925 bytes in 279 msecs (HTTP/1.1 200) 4 headers in 158 bytes (1 switches on core 0) [pid: 8|app: 0|req: 673/1346] 10.0.0.239 () {32 vars in 740 bytes} [Thu Jun 18 04:33:25 2026] DELETE /v2.0/security-groups/70c7ee67-85da-4a15-985a-3a7b82c72e90 => generated 0 bytes in 242 msecs (HTTP/1.1 204) 2 headers in 112 bytes (1 switches on core 0)
2026-06-18 04:33:25.311 7 INFO neutron.db.ovn_revision_numbers_db [None req-b37a4c0d-9d14-47e2-88b2-672681713d8b 02819d75c06347a3b8a0b2e99ccd7e4c 13bd0269d4f94df5966f75d472a45261 - - default default] Successfully bumped revision number for resource a75c4788-10ba-4550-bbb6-75cc2d6dd2fb (type: floatingips) to 2
2026-06-18 04:33:25.380 7 INFO neutron.db.l3_db [None req-b37a4c0d-9d14-47e2-88b2-672681713d8b 02819d75c06347a3b8a0b2e99ccd7e4c 13bd0269d4f94df5966f75d472a45261 - - default default] Floating IP a75c4788-10ba-4550-bbb6-75cc2d6dd2fb disassociated. External IP: 10.96.250.213, port: 1a1397cb-e88d-4f64-bcc2-57f2e9cd7c06. [pid: 7|app: 0|req: 674/1347] 10.0.0.239 () {34 vars in 749 bytes} [Thu Jun 18 04:33:25 2026] PUT /v2.0/floatingips/a75c4788-10ba-4550-bbb6-75cc2d6dd2fb => generated 554 bytes in 302 msecs (HTTP/1.1 200) 4 headers in 157 bytes (1 switches on core 0) [pid: 8|app: 0|req: 674/1348] 10.0.0.239 () {32 vars in 740 bytes} [Thu Jun 18 04:33:25 2026] DELETE /v2.0/security-groups/e0b3e6ba-11a8-456d-ae96-faa8c6648b7d => generated 0 bytes in 223 msecs (HTTP/1.1 204) 2 headers in 112 bytes (1 switches on core 0)
2026-06-18 04:33:25.559 7 INFO neutron_taas.services.taas.taas_plugin [None req-490afde6-6609-48e1-ab39-84a7b3f12ef7 02819d75c06347a3b8a0b2e99ccd7e4c 13bd0269d4f94df5966f75d472a45261 - - default default] TaaS: Handle Delete Port: dfa3656e-8b09-4c61-8380-d8b6ad3d178c
2026-06-18 04:33:25.563 7 INFO neutron_taas.services.taas.tap_mirror_plugin [None req-490afde6-6609-48e1-ab39-84a7b3f12ef7 02819d75c06347a3b8a0b2e99ccd7e4c 13bd0269d4f94df5966f75d472a45261 - - default default] Tap Mirror: Handle Delete Port: dfa3656e-8b09-4c61-8380-d8b6ad3d178c
2026-06-18 04:33:25.701 8 INFO neutron.db.ovn_revision_numbers_db [None req-b6ce056b-e32c-4ddb-ab5a-3352656c41d1 683aab4d4559434b90e898364f1932a2 9fdfe2ceeb7447358c9565ee47fa8085 - - default default] Successfully bumped revision number for resource c64d13ab-6d74-4789-8b61-ad717ffee79c (type: security_groups) to 1
2026-06-18 04:33:25.712 8 INFO neutron.db.ovn_revision_numbers_db [None req-b6ce056b-e32c-4ddb-ab5a-3352656c41d1 683aab4d4559434b90e898364f1932a2 9fdfe2ceeb7447358c9565ee47fa8085 - - default default] Successfully bumped revision number for resource 9631e187-d2b3-4498-a204-d5389fe68f44 (type: security_group_rules) to 0
2026-06-18 04:33:25.722 8 INFO neutron.db.ovn_revision_numbers_db [None req-b6ce056b-e32c-4ddb-ab5a-3352656c41d1 683aab4d4559434b90e898364f1932a2 9fdfe2ceeb7447358c9565ee47fa8085 - - default default] Successfully bumped revision number for resource 973809ee-d2aa-4a12-81af-85bad264d225 (type: security_group_rules) to 0
2026-06-18 04:33:25.732 8 INFO neutron.db.ovn_revision_numbers_db [None req-b6ce056b-e32c-4ddb-ab5a-3352656c41d1 683aab4d4559434b90e898364f1932a2 9fdfe2ceeb7447358c9565ee47fa8085 - - default default] Successfully bumped revision number for resource 9cc8330c-7056-4059-83e7-c23f2495d927 (type: security_group_rules) to 0
2026-06-18 04:33:25.743 8 INFO neutron.db.ovn_revision_numbers_db [None req-b6ce056b-e32c-4ddb-ab5a-3352656c41d1 683aab4d4559434b90e898364f1932a2 9fdfe2ceeb7447358c9565ee47fa8085 - - default default] Successfully bumped revision number for resource dbd7c5ac-1fa6-4278-81ac-35f6d6e11bf5 (type: security_group_rules) to 0 [pid: 7|app: 0|req: 675/1349] 10.0.0.239 () {32 vars in 732 bytes} [Thu Jun 18 04:33:25 2026] DELETE /v2.0/floatingips/a75c4788-10ba-4550-bbb6-75cc2d6dd2fb => generated 0 bytes in 326 msecs (HTTP/1.1 204) 2 headers in 112 bytes (1 switches on core 0)
2026-06-18 04:33:25.776 7 WARNING neutron.plugins.ml2.drivers.ovn.mech_driver.ovsdb.ovn_client [None req-94312eb4-f12e-4ca0-b084-306889a8c588 - - - - - -] No hosting information found for port d199524e-43bc-4ad1-95f4-0efa578b2109: RuntimeError: No hosting information found for port d199524e-43bc-4ad1-95f4-0efa578b2109
2026-06-18 04:33:25.777 7 INFO neutron.plugins.ml2.drivers.ovn.mech_driver.mech_driver [None req-94312eb4-f12e-4ca0-b084-306889a8c588 - - - - - -] OVN reports status down for port: 4714c48d-3019-403d-a0c0-6247c77168f0 [pid: 8|app: 0|req: 675/1350] 10.0.0.239 () {32 vars in 774 bytes} [Thu Jun 18 04:33:25 2026] GET /v2.0/security-groups?tenant_id=3dd6c81189324261bfbfc271d08e8bf9&name=default => generated 2925 bytes in 195 msecs (HTTP/1.1 200) 4 headers in 158 bytes (1 switches on core 0)
2026-06-18 04:33:25.786 7 INFO neutron.plugins.ml2.drivers.ovn.mech_driver.mech_driver [None req-94312eb4-f12e-4ca0-b084-306889a8c588 - - - - - -] OVN reports status down for port: d11c27fc-2ad1-4991-bf9c-82ce145e0647
2026-06-18 04:33:25.909 7 WARNING neutron.plugins.ml2.drivers.ovn.mech_driver.ovsdb.ovn_client [None req-94312eb4-f12e-4ca0-b084-306889a8c588 - - - - - -] Logical_Switch_Port %s host information not removed, the port state is up
2026-06-18 04:33:25.910 7 INFO neutron.plugins.ml2.drivers.ovn.mech_driver.mech_driver [None req-94312eb4-f12e-4ca0-b084-306889a8c588 - - - - - -] OVN reports status up for port: d11c27fc-2ad1-4991-bf9c-82ce145e0647
2026-06-18 04:33:25.940 7 INFO neutron.plugins.ml2.plugin [None req-94312eb4-f12e-4ca0-b084-306889a8c588 - - - - - -] Attempt 1 to provision port d11c27fc-2ad1-4991-bf9c-82ce145e0647 [pid: 8|app: 0|req: 676/1351] 10.0.0.239 () {32 vars in 740 bytes} [Thu Jun 18 04:33:25 2026] DELETE /v2.0/security-groups/c64d13ab-6d74-4789-8b61-ad717ffee79c => generated 0 bytes in 263 msecs (HTTP/1.1 204) 2 headers in 112 bytes (1 switches on core 0)
2026-06-18 04:33:26.150 7 WARNING neutron.scheduler.dhcp_agent_scheduler [None req-5b972406-9a4c-44e5-bb1f-438ae3a9b1c1 02819d75c06347a3b8a0b2e99ccd7e4c 13bd0269d4f94df5966f75d472a45261 - - default default] No more DHCP agents
2026-06-18 04:33:26.154 7 WARNING neutron.api.rpc.agentnotifiers.dhcp_rpc_agent_api [None req-5b972406-9a4c-44e5-bb1f-438ae3a9b1c1 02819d75c06347a3b8a0b2e99ccd7e4c 13bd0269d4f94df5966f75d472a45261 - - default default] Unable to schedule network 63408420-ae8a-4102-b318-e45408167f8b: no agents available; will retry on subsequent port and subnet creation events.
2026-06-18 04:33:26.883 7 INFO neutron.db.ovn_revision_numbers_db [None req-94312eb4-f12e-4ca0-b084-306889a8c588 - - - - - -] Successfully bumped revision number for resource d11c27fc-2ad1-4991-bf9c-82ce145e0647 (type: ports) to 2
2026-06-18 04:33:27.355 8 INFO neutron.db.ovn_revision_numbers_db [None req-e920f481-beac-4d6f-aaff-cae226d4aed9 2cb92b9a9e5d48a18dfed16ff670db20 8a03b81198034e808077b4ca534d52c3 - - default default] Successfully bumped revision number for resource 82e975b2-a8ee-4422-9b5f-6212bc60bf7c (type: security_groups) to 1
2026-06-18 04:33:27.367 8 INFO neutron.db.ovn_revision_numbers_db [None req-e920f481-beac-4d6f-aaff-cae226d4aed9 2cb92b9a9e5d48a18dfed16ff670db20 8a03b81198034e808077b4ca534d52c3 - - default default] Successfully bumped revision number for resource 31abb359-7c6f-4758-9a3c-4c1deabb2499 (type: security_group_rules) to 0
2026-06-18 04:33:27.377 8 INFO neutron.db.ovn_revision_numbers_db [None req-e920f481-beac-4d6f-aaff-cae226d4aed9 2cb92b9a9e5d48a18dfed16ff670db20 8a03b81198034e808077b4ca534d52c3 - - default default] Successfully bumped revision number for resource 4e4401d1-461f-42e9-986e-023fef36ad61 (type: security_group_rules) to 0
2026-06-18 04:33:27.387 8 INFO neutron.db.ovn_revision_numbers_db [None req-e920f481-beac-4d6f-aaff-cae226d4aed9 2cb92b9a9e5d48a18dfed16ff670db20 8a03b81198034e808077b4ca534d52c3 - - default default] Successfully bumped revision number for resource 867f58e3-d171-4a9b-bdd0-ed45bdf318b8 (type: security_group_rules) to 0
2026-06-18 04:33:27.401 8 INFO neutron.db.ovn_revision_numbers_db [None req-e920f481-beac-4d6f-aaff-cae226d4aed9 2cb92b9a9e5d48a18dfed16ff670db20 8a03b81198034e808077b4ca534d52c3 - - default default] Successfully bumped revision number for resource 87b6b4a7-4258-4bb0-b3b5-d31afb50a09e (type: security_group_rules) to 0
2026-06-18 04:33:27.403 7 INFO neutron.db.ovn_revision_numbers_db [None req-5b972406-9a4c-44e5-bb1f-438ae3a9b1c1 02819d75c06347a3b8a0b2e99ccd7e4c 13bd0269d4f94df5966f75d472a45261 - - default default] Successfully bumped revision number for resource 3bcf27fd-8354-4d46-bf48-8bc146d24eb6 (type: floatingips) to 1
2026-06-18 04:33:27.403 7 INFO neutron.db.l3_db [None req-5b972406-9a4c-44e5-bb1f-438ae3a9b1c1 02819d75c06347a3b8a0b2e99ccd7e4c 13bd0269d4f94df5966f75d472a45261 - - default default] Floating IP 3bcf27fd-8354-4d46-bf48-8bc146d24eb6 associated. External IP: 10.96.250.216, port: d3314a6d-ff38-4768-9ca6-f876855bcd01. [pid: 7|app: 0|req: 676/1352] 10.0.0.239 () {34 vars in 677 bytes} [Thu Jun 18 04:33:25 2026] POST /v2.0/floatingips => generated 841 bytes in 1693 msecs (HTTP/1.1 201) 4 headers in 162 bytes (1 switches on core 0)
2026-06-18 04:33:27.477 8 INFO neutron.db.segments_db [None req-e920f481-beac-4d6f-aaff-cae226d4aed9 2cb92b9a9e5d48a18dfed16ff670db20 8a03b81198034e808077b4ca534d52c3 - - default default] Added segment 47fc0b34-4663-475c-8d83-81c3308a3ccd of type geneve for network 5a5e78bb-632e-404c-ae5a-4dc0893ac077
2026-06-18 04:33:27.583 8 INFO neutron.db.ovn_revision_numbers_db [None req-e920f481-beac-4d6f-aaff-cae226d4aed9 2cb92b9a9e5d48a18dfed16ff670db20 8a03b81198034e808077b4ca534d52c3 - - default default] Successfully bumped revision number for resource 5a5e78bb-632e-404c-ae5a-4dc0893ac077 (type: networks) to 1
2026-06-18 04:33:27.700 7 INFO neutron.db.ovn_revision_numbers_db [None req-ac1d2011-e916-4709-b63f-a4ae68b1a7ec 683aab4d4559434b90e898364f1932a2 9fdfe2ceeb7447358c9565ee47fa8085 - - default default] Successfully bumped revision number for resource c7d9e8e8-bdd4-4817-9bad-b7ae7546dbcd (type: security_groups) to 1
2026-06-18 04:33:27.719 7 INFO neutron.db.ovn_revision_numbers_db [None req-ac1d2011-e916-4709-b63f-a4ae68b1a7ec 683aab4d4559434b90e898364f1932a2 9fdfe2ceeb7447358c9565ee47fa8085 - - default default] Successfully bumped revision number for resource 5d129b07-4f7a-40fa-9905-e6f16ae48796 (type: security_group_rules) to 0
2026-06-18 04:33:27.735 7 INFO neutron.db.ovn_revision_numbers_db [None req-ac1d2011-e916-4709-b63f-a4ae68b1a7ec 683aab4d4559434b90e898364f1932a2 9fdfe2ceeb7447358c9565ee47fa8085 - - default default] Successfully bumped revision number for resource 9a2a7341-e623-48dd-8ed5-00c51205b716 (type: security_group_rules) to 0
2026-06-18 04:33:27.751 7 INFO neutron.db.ovn_revision_numbers_db [None req-ac1d2011-e916-4709-b63f-a4ae68b1a7ec 683aab4d4559434b90e898364f1932a2 9fdfe2ceeb7447358c9565ee47fa8085 - - default default] Successfully bumped revision number for resource c31ae5ed-d741-44ea-a5a7-bd16031ed6c8 (type: security_group_rules) to 0
2026-06-18 04:33:27.760 8 WARNING neutron.scheduler.dhcp_agent_scheduler [None req-e920f481-beac-4d6f-aaff-cae226d4aed9 2cb92b9a9e5d48a18dfed16ff670db20 8a03b81198034e808077b4ca534d52c3 - - default default] No more DHCP agents
2026-06-18 04:33:27.761 8 WARNING neutron.api.rpc.agentnotifiers.dhcp_rpc_agent_api [None req-e920f481-beac-4d6f-aaff-cae226d4aed9 2cb92b9a9e5d48a18dfed16ff670db20 8a03b81198034e808077b4ca534d52c3 - - default default] Unable to schedule network 5a5e78bb-632e-404c-ae5a-4dc0893ac077: no agents available; will retry on subsequent port and subnet creation events.
2026-06-18 04:33:27.762 7 INFO neutron.db.ovn_revision_numbers_db [None req-ac1d2011-e916-4709-b63f-a4ae68b1a7ec 683aab4d4559434b90e898364f1932a2 9fdfe2ceeb7447358c9565ee47fa8085 - - default default] Successfully bumped revision number for resource d3d764e8-43e1-46e9-9c8d-32e125fa4d1a (type: security_group_rules) to 0 [pid: 7|app: 0|req: 677/1353] 10.0.0.239 () {32 vars in 774 bytes} [Thu Jun 18 04:33:27 2026] GET /v2.0/security-groups?tenant_id=5c6a7f8221c44e6889c31c20d6aa131e&name=default => generated 2925 bytes in 403 msecs (HTTP/1.1 200) 4 headers in 158 bytes (1 switches on core 0)
2026-06-18 04:33:27.847 8 INFO neutron.db.ovn_revision_numbers_db [None req-e920f481-beac-4d6f-aaff-cae226d4aed9 2cb92b9a9e5d48a18dfed16ff670db20 8a03b81198034e808077b4ca534d52c3 - - default default] Successfully bumped revision number for resource 0bc1fb2d-3572-4367-ac49-8635554eabe2 (type: ports) to 1 [pid: 8|app: 0|req: 677/1354] 10.0.0.239 () {34 vars in 670 bytes} [Thu Jun 18 04:33:27 2026] POST /v2.0/networks => generated 663 bytes in 767 msecs (HTTP/1.1 201) 4 headers in 162 bytes (1 switches on core 0) [pid: 7|app: 0|req: 678/1355] 10.0.0.239 () {32 vars in 729 bytes} [Thu Jun 18 04:33:27 2026] GET /v2.0/floatingips/3bcf27fd-8354-4d46-bf48-8bc146d24eb6 => generated 843 bytes in 52 msecs (HTTP/1.1 200) 4 headers in 157 bytes (1 switches on core 0) [pid: 8|app: 0|req: 678/1356] 10.0.0.239 () {32 vars in 740 bytes} [Thu Jun 18 04:33:27 2026] DELETE /v2.0/security-groups/c7d9e8e8-bdd4-4817-9bad-b7ae7546dbcd => generated 0 bytes in 230 msecs (HTTP/1.1 204) 2 headers in 112 bytes (1 switches on core 0) [pid: 8|app: 0|req: 679/1357] 10.0.0.239 () {32 vars in 655 bytes} [Thu Jun 18 04:33:28 2026] GET /v2.0/floatingips => generated 846 bytes in 62 msecs (HTTP/1.1 200) 4 headers in 157 bytes (1 switches on core 0)
2026-06-18 04:33:28.177 7 WARNING neutron.scheduler.dhcp_agent_scheduler [None req-8f1cc733-5115-4b87-a1ec-ed84e2f8ac81 2cb92b9a9e5d48a18dfed16ff670db20 8a03b81198034e808077b4ca534d52c3 - - default default] No more DHCP agents
2026-06-18 04:33:28.179 7 WARNING neutron.api.rpc.agentnotifiers.dhcp_rpc_agent_api [None req-8f1cc733-5115-4b87-a1ec-ed84e2f8ac81 2cb92b9a9e5d48a18dfed16ff670db20 8a03b81198034e808077b4ca534d52c3 - - default default] Unable to schedule network 5a5e78bb-632e-404c-ae5a-4dc0893ac077: no agents available; will retry on subsequent port and subnet creation events.
2026-06-18 04:33:28.249 8 INFO neutron.plugins.ml2.drivers.ovn.mech_driver.mech_driver [None req-0b0afec7-2d07-4f60-b0f6-850425bc246c - - - - - -] OVN reports status down for port: 88e06e5c-688d-4e40-9ac6-ef23ed6d0db3
2026-06-18 04:33:28.276 7 INFO neutron.db.ovn_revision_numbers_db [None req-8f1cc733-5115-4b87-a1ec-ed84e2f8ac81 2cb92b9a9e5d48a18dfed16ff670db20 8a03b81198034e808077b4ca534d52c3 - - default default] Successfully bumped revision number for resource 88e06e5c-688d-4e40-9ac6-ef23ed6d0db3 (type: ports) to 1 [pid: 7|app: 0|req: 679/1358] 10.0.0.239 () {34 vars in 665 bytes} [Thu Jun 18 04:33:27 2026] POST /v2.0/ports => generated 774 bytes in 437 msecs (HTTP/1.1 201) 4 headers in 162 bytes (1 switches on core 0) /var/lib/openstack/lib/python3.12/site-packages/pycadf/identifier.py:70: UserWarning: Invalid uuid: neutron. To ensure interoperability, identifiers should be a valid uuid. warnings.warn(('Invalid uuid: %s. To ensure interoperability, '
2026-06-18 04:33:28.719 7 INFO neutron.db.ovn_revision_numbers_db [None req-5e36f923-369e-4944-8f99-00f57a091ee6 683aab4d4559434b90e898364f1932a2 9fdfe2ceeb7447358c9565ee47fa8085 - - default default] Successfully bumped revision number for resource ace8cbff-a804-4dee-a058-6737c5cda764 (type: security_groups) to 1
2026-06-18 04:33:28.735 8 INFO neutron.db.ovn_revision_numbers_db [None req-790c6e1c-d2ab-4d1e-941d-9bb5d551235e 02819d75c06347a3b8a0b2e99ccd7e4c 13bd0269d4f94df5966f75d472a45261 - - default default] Successfully bumped revision number for resource 3bcf27fd-8354-4d46-bf48-8bc146d24eb6 (type: floatingips) to 2
2026-06-18 04:33:28.738 7 INFO neutron.db.ovn_revision_numbers_db [None req-5e36f923-369e-4944-8f99-00f57a091ee6 683aab4d4559434b90e898364f1932a2 9fdfe2ceeb7447358c9565ee47fa8085 - - default default] Successfully bumped revision number for resource 4f365914-38ad-4b2b-a1df-93639d3ffec5 (type: security_group_rules) to 0
2026-06-18 04:33:28.749 7 INFO neutron.db.ovn_revision_numbers_db [None req-5e36f923-369e-4944-8f99-00f57a091ee6 683aab4d4559434b90e898364f1932a2 9fdfe2ceeb7447358c9565ee47fa8085 - - default default] Successfully bumped revision number for resource a7dff090-57fd-4c53-9940-c37bfebc29e9 (type: security_group_rules) to 0
2026-06-18 04:33:28.762 7 INFO neutron.db.ovn_revision_numbers_db [None req-5e36f923-369e-4944-8f99-00f57a091ee6 683aab4d4559434b90e898364f1932a2 9fdfe2ceeb7447358c9565ee47fa8085 - - default default] Successfully bumped revision number for resource ba486dff-17d7-4f0e-9090-69a6e186bedd (type: security_group_rules) to 0
2026-06-18 04:33:28.776 7 INFO neutron.db.ovn_revision_numbers_db [None req-5e36f923-369e-4944-8f99-00f57a091ee6 683aab4d4559434b90e898364f1932a2 9fdfe2ceeb7447358c9565ee47fa8085 - - default default] Successfully bumped revision number for resource cd3324cd-b0f7-4e75-8742-6447d4ddebd3 (type: security_group_rules) to 0 [pid: 7|app: 0|req: 680/1359] 10.0.0.239 () {32 vars in 774 bytes} [Thu Jun 18 04:33:28 2026] GET /v2.0/security-groups?tenant_id=0a5be7a0248348cbb150233db057bca1&name=default => generated 2925 bytes in 477 msecs (HTTP/1.1 200) 4 headers in 158 bytes (1 switches on core 0)
2026-06-18 04:33:28.864 8 INFO neutron.db.l3_db [None req-790c6e1c-d2ab-4d1e-941d-9bb5d551235e 02819d75c06347a3b8a0b2e99ccd7e4c 13bd0269d4f94df5966f75d472a45261 - - default default] Floating IP 3bcf27fd-8354-4d46-bf48-8bc146d24eb6 associated. External IP: 10.96.250.216, port: d3314a6d-ff38-4768-9ca6-f876855bcd01. [pid: 8|app: 0|req: 680/1360] 10.0.0.239 () {34 vars in 749 bytes} [Thu Jun 18 04:33:28 2026] PUT /v2.0/floatingips/3bcf27fd-8354-4d46-bf48-8bc146d24eb6 => generated 844 bytes in 734 msecs (HTTP/1.1 200) 4 headers in 157 bytes (1 switches on core 0)
2026-06-18 04:33:28.908 7 INFO neutron.db.segments_db [None req-379d3428-747a-4f3e-8bb7-73be006b1f78 2cb92b9a9e5d48a18dfed16ff670db20 8a03b81198034e808077b4ca534d52c3 - - default default] Added segment 225c2c6e-1f64-427e-8694-12dd07a1c617 of type geneve for network a167fa49-7487-4daa-ac13-865c66c72604
2026-06-18 04:33:29.043 7 INFO neutron.db.ovn_revision_numbers_db [None req-379d3428-747a-4f3e-8bb7-73be006b1f78 2cb92b9a9e5d48a18dfed16ff670db20 8a03b81198034e808077b4ca534d52c3 - - default default] Successfully bumped revision number for resource a167fa49-7487-4daa-ac13-865c66c72604 (type: networks) to 1 [pid: 8|app: 0|req: 681/1361] 10.0.0.239 () {32 vars in 740 bytes} [Thu Jun 18 04:33:28 2026] DELETE /v2.0/security-groups/ace8cbff-a804-4dee-a058-6737c5cda764 => generated 0 bytes in 249 msecs (HTTP/1.1 204) 2 headers in 112 bytes (1 switches on core 0)
2026-06-18 04:33:29.223 7 WARNING neutron.scheduler.dhcp_agent_scheduler [None req-379d3428-747a-4f3e-8bb7-73be006b1f78 2cb92b9a9e5d48a18dfed16ff670db20 8a03b81198034e808077b4ca534d52c3 - - default default] No more DHCP agents
2026-06-18 04:33:29.224 7 WARNING neutron.api.rpc.agentnotifiers.dhcp_rpc_agent_api [None req-379d3428-747a-4f3e-8bb7-73be006b1f78 2cb92b9a9e5d48a18dfed16ff670db20 8a03b81198034e808077b4ca534d52c3 - - default default] Unable to schedule network a167fa49-7487-4daa-ac13-865c66c72604: no agents available; will retry on subsequent port and subnet creation events.
2026-06-18 04:33:29.301 8 INFO neutron.db.ovn_revision_numbers_db [None req-d662695a-b9f7-447a-a612-5d4eb5918b28 02819d75c06347a3b8a0b2e99ccd7e4c 13bd0269d4f94df5966f75d472a45261 - - default default] Successfully bumped revision number for resource 3bcf27fd-8354-4d46-bf48-8bc146d24eb6 (type: floatingips) to 3
2026-06-18 04:33:29.370 8 INFO neutron.db.l3_db [None req-d662695a-b9f7-447a-a612-5d4eb5918b28 02819d75c06347a3b8a0b2e99ccd7e4c 13bd0269d4f94df5966f75d472a45261 - - default default] Floating IP 3bcf27fd-8354-4d46-bf48-8bc146d24eb6 disassociated. External IP: 10.96.250.216, port: 1a1397cb-e88d-4f64-bcc2-57f2e9cd7c06.
2026-06-18 04:33:29.375 7 INFO neutron.db.ovn_revision_numbers_db [None req-379d3428-747a-4f3e-8bb7-73be006b1f78 2cb92b9a9e5d48a18dfed16ff670db20 8a03b81198034e808077b4ca534d52c3 - - default default] Successfully bumped revision number for resource 00338fcc-6763-40d3-a23c-03c32b26bca5 (type: ports) to 1 [pid: 8|app: 0|req: 684/1364] 10.0.0.239 () {34 vars in 749 bytes} [Thu Jun 18 04:33:29 2026] PUT /v2.0/floatingips/3bcf27fd-8354-4d46-bf48-8bc146d24eb6 => generated 554 bytes in 247 msecs (HTTP/1.1 200) 4 headers in 157 bytes (1 switches on core 0) [pid: 7|app: 0|req: 681/1365] 10.0.0.239 () {34 vars in 670 bytes} [Thu Jun 18 04:33:28 2026] POST /v2.0/networks => generated 650 bytes in 601 msecs (HTTP/1.1 201) 4 headers in 162 bytes (1 switches on core 0)
2026-06-18 04:33:29.616 8 INFO neutron_taas.services.taas.taas_plugin [None req-d9871bad-f82f-4b06-953f-815a9bfa2157 02819d75c06347a3b8a0b2e99ccd7e4c 13bd0269d4f94df5966f75d472a45261 - - default default] TaaS: Handle Delete Port: 40ab7eca-69ea-4734-a7a0-c8d2f778af6a
2026-06-18 04:33:29.619 8 INFO neutron_taas.services.taas.tap_mirror_plugin [None req-d9871bad-f82f-4b06-953f-815a9bfa2157 02819d75c06347a3b8a0b2e99ccd7e4c 13bd0269d4f94df5966f75d472a45261 - - default default] Tap Mirror: Handle Delete Port: 40ab7eca-69ea-4734-a7a0-c8d2f778af6a
2026-06-18 04:33:29.679 7 WARNING neutron.scheduler.dhcp_agent_scheduler [None req-9e779741-95fa-44c2-ad62-01a1c98b9978 2cb92b9a9e5d48a18dfed16ff670db20 8a03b81198034e808077b4ca534d52c3 - - default default] No more DHCP agents
2026-06-18 04:33:29.680 7 WARNING neutron.api.rpc.agentnotifiers.dhcp_rpc_agent_api [None req-9e779741-95fa-44c2-ad62-01a1c98b9978 2cb92b9a9e5d48a18dfed16ff670db20 8a03b81198034e808077b4ca534d52c3 - - default default] Unable to schedule network a167fa49-7487-4daa-ac13-865c66c72604: no agents available; will retry on subsequent port and subnet creation events. [pid: 8|app: 0|req: 685/1366] 10.0.0.239 () {32 vars in 732 bytes} [Thu Jun 18 04:33:29 2026] DELETE /v2.0/floatingips/3bcf27fd-8354-4d46-bf48-8bc146d24eb6 => generated 0 bytes in 350 msecs (HTTP/1.1 204) 2 headers in 112 bytes (1 switches on core 0)
2026-06-18 04:33:29.790 8 INFO neutron.api.v2.resource [None req-80e98c96-8550-4ebc-960b-0938dd6ecf46 02819d75c06347a3b8a0b2e99ccd7e4c 13bd0269d4f94df5966f75d472a45261 - - default default] delete failed (client error): The resource could not be found. [pid: 8|app: 0|req: 686/1367] 10.0.0.239 () {32 vars in 732 bytes} [Thu Jun 18 04:33:29 2026] DELETE /v2.0/floatingips/3bcf27fd-8354-4d46-bf48-8bc146d24eb6 => generated 144 bytes in 24 msecs (HTTP/1.1 404) 4 headers in 164 bytes (1 switches on core 0)
2026-06-18 04:33:29.939 8 INFO neutron_taas.services.taas.taas_plugin [None req-f490f4ff-6ae2-40ce-8919-cf227c80ffa4 02819d75c06347a3b8a0b2e99ccd7e4c 13bd0269d4f94df5966f75d472a45261 - - default default] TaaS: Handle Delete Port: 1a1397cb-e88d-4f64-bcc2-57f2e9cd7c06
2026-06-18 04:33:29.952 8 INFO neutron_taas.services.taas.tap_mirror_plugin [None req-f490f4ff-6ae2-40ce-8919-cf227c80ffa4 02819d75c06347a3b8a0b2e99ccd7e4c 13bd0269d4f94df5966f75d472a45261 - - default default] Tap Mirror: Handle Delete Port: 1a1397cb-e88d-4f64-bcc2-57f2e9cd7c06 [pid: 8|app: 0|req: 687/1368] 10.0.0.239 () {32 vars in 720 bytes} [Thu Jun 18 04:33:29 2026] DELETE /v2.0/ports/1a1397cb-e88d-4f64-bcc2-57f2e9cd7c06 => generated 0 bytes in 338 msecs (HTTP/1.1 204) 3 headers in 131 bytes (1 switches on core 0)
2026-06-18 04:33:30.150 7 INFO neutron.db.ovn_revision_numbers_db [None req-27cc44b4-1556-4f73-b102-1c07f9c0cf3c - - - - - -] Successfully bumped revision number for resource 00338fcc-6763-40d3-a23c-03c32b26bca5 (type: ports) to 2
2026-06-18 04:33:30.175 7 INFO neutron.db.ovn_revision_numbers_db [None req-27cc44b4-1556-4f73-b102-1c07f9c0cf3c - - - - - -] Successfully bumped revision number for resource 4cd62e2e-ceec-40a9-9fb7-2775a86ca1c5 (type: subnets) to 0 [pid: 7|app: 0|req: 682/1369] 10.0.0.239 () {34 vars in 669 bytes} [Thu Jun 18 04:33:29 2026] POST /v2.0/subnets => generated 626 bytes in 769 msecs (HTTP/1.1 201) 4 headers in 162 bytes (1 switches on core 0)
2026-06-18 04:33:30.374 7 INFO neutron_taas.services.taas.taas_plugin [None req-7dad88e8-1311-4994-93b6-548e9b53c55c 02819d75c06347a3b8a0b2e99ccd7e4c 13bd0269d4f94df5966f75d472a45261 - - default default] TaaS: Handle Delete Port: d3314a6d-ff38-4768-9ca6-f876855bcd01 [pid: 8|app: 0|req: 688/1370] 10.0.0.239 () {32 vars in 653 bytes} [Thu Jun 18 04:33:30 2026] GET /v2.0/extensions => generated 20541 bytes in 243 msecs (HTTP/1.1 200) 4 headers in 159 bytes (1 switches on core 0)
2026-06-18 04:33:30.380 7 INFO neutron_taas.services.taas.tap_mirror_plugin [None req-7dad88e8-1311-4994-93b6-548e9b53c55c 02819d75c06347a3b8a0b2e99ccd7e4c 13bd0269d4f94df5966f75d472a45261 - - default default] Tap Mirror: Handle Delete Port: d3314a6d-ff38-4768-9ca6-f876855bcd01 [pid: 7|app: 0|req: 683/1371] 10.0.0.239 () {32 vars in 720 bytes} [Thu Jun 18 04:33:30 2026] DELETE /v2.0/ports/d3314a6d-ff38-4768-9ca6-f876855bcd01 => generated 0 bytes in 361 msecs (HTTP/1.1 204) 3 headers in 131 bytes (1 switches on core 0) [pid: 7|app: 0|req: 684/1372] 10.0.0.239 () {32 vars in 681 bytes} [Thu Jun 18 04:33:30 2026] GET /v2.0/extensions/address-group => generated 159 bytes in 3 msecs (HTTP/1.1 200) 4 headers in 157 bytes (1 switches on core 0) [pid: 7|app: 0|req: 685/1373] 10.0.0.239 () {32 vars in 736 bytes} [Thu Jun 18 04:33:30 2026] GET /v2.0/ports?device_id=3a95e75f-7bca-4ee8-b6e0-67c8f729ce4b => generated 946 bytes in 33 msecs (HTTP/1.1 200) 4 headers in 157 bytes (1 switches on core 0) [pid: 7|app: 0|req: 686/1374] 10.0.0.239 () {32 vars in 681 bytes} [Thu Jun 18 04:33:30 2026] GET /v2.0/extensions/address-scope => generated 163 bytes in 3 msecs (HTTP/1.1 200) 4 headers in 157 bytes (1 switches on core 0)
2026-06-18 04:33:30.648 8 WARNING neutron.scheduler.dhcp_agent_scheduler [None req-0e1f8405-1bc7-49e2-90c1-7e2fd1d20957 2cb92b9a9e5d48a18dfed16ff670db20 8a03b81198034e808077b4ca534d52c3 - - default default] No more DHCP agents
2026-06-18 04:33:30.649 8 WARNING neutron.api.rpc.agentnotifiers.dhcp_rpc_agent_api [None req-0e1f8405-1bc7-49e2-90c1-7e2fd1d20957 2cb92b9a9e5d48a18dfed16ff670db20 8a03b81198034e808077b4ca534d52c3 - - default default] Unable to schedule network a167fa49-7487-4daa-ac13-865c66c72604: no agents available; will retry on subsequent port and subnet creation events.
2026-06-18 04:33:30.760 8 INFO neutron.plugins.ml2.drivers.ovn.mech_driver.mech_driver [None req-0b0afec7-2d07-4f60-b0f6-850425bc246c - - - - - -] OVN reports status down for port: b4d6a12a-556b-4740-a7ea-193720e4c73f
2026-06-18 04:33:30.822 8 INFO neutron.db.ovn_revision_numbers_db [None req-0e1f8405-1bc7-49e2-90c1-7e2fd1d20957 2cb92b9a9e5d48a18dfed16ff670db20 8a03b81198034e808077b4ca534d52c3 - - default default] Successfully bumped revision number for resource b4d6a12a-556b-4740-a7ea-193720e4c73f (type: ports) to 1
2026-06-18 04:33:30.847 7 INFO neutron_taas.services.taas.taas_plugin [None req-5129a09d-5d2d-4fcb-a88c-715d0481ce97 02819d75c06347a3b8a0b2e99ccd7e4c 13bd0269d4f94df5966f75d472a45261 - - default default] TaaS: Handle Delete Port: d11c27fc-2ad1-4991-bf9c-82ce145e0647
2026-06-18 04:33:30.850 7 INFO neutron_taas.services.taas.tap_mirror_plugin [None req-5129a09d-5d2d-4fcb-a88c-715d0481ce97 02819d75c06347a3b8a0b2e99ccd7e4c 13bd0269d4f94df5966f75d472a45261 - - default default] Tap Mirror: Handle Delete Port: d11c27fc-2ad1-4991-bf9c-82ce145e0647 [pid: 8|app: 0|req: 689/1375] 10.0.0.239 () {34 vars in 665 bytes} [Thu Jun 18 04:33:30 2026] POST /v2.0/ports => generated 953 bytes in 528 msecs (HTTP/1.1 201) 4 headers in 162 bytes (1 switches on core 0) /var/lib/openstack/lib/python3.12/site-packages/pycadf/identifier.py:70: UserWarning: Invalid uuid: neutron. To ensure interoperability, identifiers should be a valid uuid. warnings.warn(('Invalid uuid: %s. To ensure interoperability, ' [pid: 8|app: 0|req: 690/1376] 10.0.0.239 () {32 vars in 665 bytes} [Thu Jun 18 04:33:30 2026] GET /v2.0/extensions/agent => generated 153 bytes in 5 msecs (HTTP/1.1 200) 4 headers in 157 bytes (1 switches on core 0)
2026-06-18 04:33:31.040 8 INFO neutron_taas.services.taas.taas_plugin [None req-c37ae074-b1b9-4199-81c6-75c753c05279 2cb92b9a9e5d48a18dfed16ff670db20 8a03b81198034e808077b4ca534d52c3 - - default default] TaaS: Handle Delete Port: b4d6a12a-556b-4740-a7ea-193720e4c73f
2026-06-18 04:33:31.044 8 INFO neutron_taas.services.taas.tap_mirror_plugin [None req-c37ae074-b1b9-4199-81c6-75c753c05279 2cb92b9a9e5d48a18dfed16ff670db20 8a03b81198034e808077b4ca534d52c3 - - default default] Tap Mirror: Handle Delete Port: b4d6a12a-556b-4740-a7ea-193720e4c73f [pid: 8|app: 0|req: 691/1377] 10.0.0.239 () {32 vars in 720 bytes} [Thu Jun 18 04:33:30 2026] DELETE /v2.0/ports/b4d6a12a-556b-4740-a7ea-193720e4c73f => generated 0 bytes in 308 msecs (HTTP/1.1 204) 3 headers in 131 bytes (1 switches on core 0) [pid: 8|app: 0|req: 692/1378] 10.0.0.239 () {32 vars in 697 bytes} [Thu Jun 18 04:33:31 2026] GET /v2.0/extensions/allowed-address-pairs => generated 184 bytes in 5 msecs (HTTP/1.1 200) 4 headers in 157 bytes (1 switches on core 0) [pid: 7|app: 0|req: 687/1379] 10.0.0.239 () {34 vars in 789 bytes} [Thu Jun 18 04:33:30 2026] PUT /v2.0/routers/3a95e75f-7bca-4ee8-b6e0-67c8f729ce4b/remove_router_interface => generated 309 bytes in 819 msecs (HTTP/1.1 200) 4 headers in 157 bytes (1 switches on core 0) /var/lib/openstack/lib/python3.12/site-packages/pycadf/identifier.py:70: UserWarning: Invalid uuid: neutron. To ensure interoperability, identifiers should be a valid uuid. warnings.warn(('Invalid uuid: %s. To ensure interoperability, '
2026-06-18 04:33:31.429 7 INFO neutron.pecan_wsgi.hooks.translation [None req-1b3864ed-9619-465c-a3da-c2288f6d3a8f 2cb92b9a9e5d48a18dfed16ff670db20 8a03b81198034e808077b4ca534d52c3 - - default default] DELETE failed (client error): The resource could not be found. [pid: 7|app: 0|req: 688/1380] 10.0.0.239 () {32 vars in 720 bytes} [Thu Jun 18 04:33:31 2026] DELETE /v2.0/ports/b4d6a12a-556b-4740-a7ea-193720e4c73f => generated 132 bytes in 18 msecs (HTTP/1.1 404) 4 headers in 164 bytes (1 switches on core 0) [pid: 7|app: 0|req: 689/1381] 10.0.0.239 () {32 vars in 701 bytes} [Thu Jun 18 04:33:31 2026] GET /v2.0/extensions/auto-allocated-topology => generated 200 bytes in 4 msecs (HTTP/1.1 200) 4 headers in 157 bytes (1 switches on core 0)
2026-06-18 04:33:31.744 7 INFO neutron_taas.services.taas.taas_plugin [None req-2c9c9c47-13b1-4180-9667-0aa34173c629 02819d75c06347a3b8a0b2e99ccd7e4c 13bd0269d4f94df5966f75d472a45261 - - default default] TaaS: Handle Delete Port: d199524e-43bc-4ad1-95f4-0efa578b2109
2026-06-18 04:33:31.748 7 INFO neutron_taas.services.taas.tap_mirror_plugin [None req-2c9c9c47-13b1-4180-9667-0aa34173c629 02819d75c06347a3b8a0b2e99ccd7e4c 13bd0269d4f94df5966f75d472a45261 - - default default] Tap Mirror: Handle Delete Port: d199524e-43bc-4ad1-95f4-0efa578b2109
2026-06-18 04:33:31.802 7 WARNING neutron.plugins.ml2.drivers.ovn.mech_driver.ovsdb.ovn_client [None req-d60cf1e6-7717-4776-b6e7-2f45d4d46320 - - - - - -] No port found with ID d11c27fc-2ad1-4991-bf9c-82ce145e0647: RuntimeError: No port found with ID d11c27fc-2ad1-4991-bf9c-82ce145e0647
2026-06-18 04:33:31.817 7 INFO neutron.plugins.ml2.drivers.ovn.mech_driver.mech_driver [None req-d60cf1e6-7717-4776-b6e7-2f45d4d46320 - - - - - -] OVN reports status down for port: 645d9e63-628e-42b9-96ce-0d9e83d235e2
2026-06-18 04:33:31.846 7 INFO neutron.plugins.ml2.drivers.ovn.mech_driver.mech_driver [None req-d60cf1e6-7717-4776-b6e7-2f45d4d46320 - - - - - -] OVN reports status down for port: 645d9e63-628e-42b9-96ce-0d9e83d235e2
2026-06-18 04:33:31.906 8 INFO neutron.db.ovn_revision_numbers_db [None req-cc2c1512-ee88-444b-b223-e1d9ad56fe08 5d7505cb91ca4da1aa5888fa89446a8e 876aae5bad2d477897194b6f49acbadd - - default default] Successfully bumped revision number for resource 8a60e225-b30b-4227-aa44-987bbf12db5c (type: security_groups) to 1
2026-06-18 04:33:31.923 8 INFO neutron.db.ovn_revision_numbers_db [None req-cc2c1512-ee88-444b-b223-e1d9ad56fe08 5d7505cb91ca4da1aa5888fa89446a8e 876aae5bad2d477897194b6f49acbadd - - default default] Successfully bumped revision number for resource 6ad3230a-aa49-4d1e-84a9-12283c4cbc78 (type: security_group_rules) to 0
2026-06-18 04:33:31.935 8 INFO neutron.db.ovn_revision_numbers_db [None req-cc2c1512-ee88-444b-b223-e1d9ad56fe08 5d7505cb91ca4da1aa5888fa89446a8e 876aae5bad2d477897194b6f49acbadd - - default default] Successfully bumped revision number for resource 8703d8b6-2076-48d9-a69c-070fa3871446 (type: security_group_rules) to 0
2026-06-18 04:33:31.945 8 INFO neutron.db.ovn_revision_numbers_db [None req-cc2c1512-ee88-444b-b223-e1d9ad56fe08 5d7505cb91ca4da1aa5888fa89446a8e 876aae5bad2d477897194b6f49acbadd - - default default] Successfully bumped revision number for resource b03eb87a-afdf-4111-9c8b-5593ed2679af (type: security_group_rules) to 0
2026-06-18 04:33:31.954 8 INFO neutron.db.ovn_revision_numbers_db [None req-cc2c1512-ee88-444b-b223-e1d9ad56fe08 5d7505cb91ca4da1aa5888fa89446a8e 876aae5bad2d477897194b6f49acbadd - - default default] Successfully bumped revision number for resource ff4d15bb-c29e-4ece-b51e-87f0dc2907d1 (type: security_group_rules) to 0
2026-06-18 04:33:32.002 7 INFO neutron.plugins.ml2.drivers.ovn.mech_driver.mech_driver [None req-d60cf1e6-7717-4776-b6e7-2f45d4d46320 - - - - - -] OVN reports status down for port: 0bc1fb2d-3572-4367-ac49-8635554eabe2
2026-06-18 04:33:32.036 8 INFO neutron.db.segments_db [None req-cc2c1512-ee88-444b-b223-e1d9ad56fe08 5d7505cb91ca4da1aa5888fa89446a8e 876aae5bad2d477897194b6f49acbadd - - default default] Added segment d81de552-2c9d-4784-a87d-07a09e090ff8 of type geneve for network cfade4bc-bfb7-4317-8427-68b47b7cdc3b
2026-06-18 04:33:32.107 8 INFO neutron.db.segments_db [None req-cc2c1512-ee88-444b-b223-e1d9ad56fe08 5d7505cb91ca4da1aa5888fa89446a8e 876aae5bad2d477897194b6f49acbadd - - default default] Added segment a82529db-ba01-4de1-aca0-ca005f6312cc of type geneve for network 810438a2-4b06-4cbf-9d7c-1684d28def53
2026-06-18 04:33:32.216 8 INFO neutron.db.ovn_revision_numbers_db [None req-cc2c1512-ee88-444b-b223-e1d9ad56fe08 5d7505cb91ca4da1aa5888fa89446a8e 876aae5bad2d477897194b6f49acbadd - - default default] Successfully bumped revision number for resource cfade4bc-bfb7-4317-8427-68b47b7cdc3b (type: networks) to 1
2026-06-18 04:33:32.235 7 INFO neutron.plugins.ml2.drivers.ovn.mech_driver.mech_driver [None req-d60cf1e6-7717-4776-b6e7-2f45d4d46320 - - - - - -] OVN reports status down for port: 00338fcc-6763-40d3-a23c-03c32b26bca5
2026-06-18 04:33:32.358 8 WARNING neutron.scheduler.dhcp_agent_scheduler [None req-cc2c1512-ee88-444b-b223-e1d9ad56fe08 5d7505cb91ca4da1aa5888fa89446a8e 876aae5bad2d477897194b6f49acbadd - - default default] No more DHCP agents
2026-06-18 04:33:32.360 8 WARNING neutron.api.rpc.agentnotifiers.dhcp_rpc_agent_api [None req-cc2c1512-ee88-444b-b223-e1d9ad56fe08 5d7505cb91ca4da1aa5888fa89446a8e 876aae5bad2d477897194b6f49acbadd - - default default] Unable to schedule network cfade4bc-bfb7-4317-8427-68b47b7cdc3b: no agents available; will retry on subsequent port and subnet creation events.
2026-06-18 04:33:32.429 7 INFO neutron.plugins.ml2.drivers.ovn.mech_driver.mech_driver [None req-d60cf1e6-7717-4776-b6e7-2f45d4d46320 - - - - - -] OVN reports status down for port: 97a2fd85-28a6-411b-9303-a899500bb204
2026-06-18 04:33:32.451 8 INFO neutron.db.ovn_revision_numbers_db [None req-cc2c1512-ee88-444b-b223-e1d9ad56fe08 5d7505cb91ca4da1aa5888fa89446a8e 876aae5bad2d477897194b6f49acbadd - - default default] Successfully bumped revision number for resource 97a2fd85-28a6-411b-9303-a899500bb204 (type: ports) to 1 [pid: 7|app: 0|req: 690/1382] 10.0.0.239 () {32 vars in 724 bytes} [Thu Jun 18 04:33:31 2026] DELETE /v2.0/routers/3a95e75f-7bca-4ee8-b6e0-67c8f729ce4b => generated 0 bytes in 1057 msecs (HTTP/1.1 204) 2 headers in 112 bytes (1 switches on core 0) /var/lib/openstack/lib/python3.12/site-packages/pycadf/identifier.py:70: UserWarning: Invalid uuid: neutron. To ensure interoperability, identifiers should be a valid uuid. warnings.warn(('Invalid uuid: %s. To ensure interoperability, '
2026-06-18 04:33:32.522 8 INFO neutron.db.ovn_revision_numbers_db [None req-cc2c1512-ee88-444b-b223-e1d9ad56fe08 5d7505cb91ca4da1aa5888fa89446a8e 876aae5bad2d477897194b6f49acbadd - - default default] Successfully bumped revision number for resource 810438a2-4b06-4cbf-9d7c-1684d28def53 (type: networks) to 1
2026-06-18 04:33:32.536 7 INFO neutron.pecan_wsgi.hooks.translation [None req-b9fb8e3c-91de-4aae-8c8e-66d33de68b61 2cb92b9a9e5d48a18dfed16ff670db20 8a03b81198034e808077b4ca534d52c3 - - default default] GET failed (client error): The resource could not be found. [pid: 7|app: 0|req: 691/1383] 10.0.0.239 () {32 vars in 717 bytes} [Thu Jun 18 04:33:32 2026] GET /v2.0/ports/b4d6a12a-556b-4740-a7ea-193720e4c73f => generated 132 bytes in 45 msecs (HTTP/1.1 404) 4 headers in 164 bytes (1 switches on core 0) [pid: 7|app: 0|req: 692/1384] 10.0.0.239 () {32 vars in 689 bytes} [Thu Jun 18 04:33:32 2026] GET /v2.0/extensions/availability_zone => generated 178 bytes in 7 msecs (HTTP/1.1 200) 4 headers in 157 bytes (1 switches on core 0)
2026-06-18 04:33:32.676 8 WARNING neutron.scheduler.dhcp_agent_scheduler [None req-cc2c1512-ee88-444b-b223-e1d9ad56fe08 5d7505cb91ca4da1aa5888fa89446a8e 876aae5bad2d477897194b6f49acbadd - - default default] No more DHCP agents
2026-06-18 04:33:32.677 8 WARNING neutron.api.rpc.agentnotifiers.dhcp_rpc_agent_api [None req-cc2c1512-ee88-444b-b223-e1d9ad56fe08 5d7505cb91ca4da1aa5888fa89446a8e 876aae5bad2d477897194b6f49acbadd - - default default] Unable to schedule network 810438a2-4b06-4cbf-9d7c-1684d28def53: no agents available; will retry on subsequent port and subnet creation events. [pid: 7|app: 0|req: 693/1385] 10.0.0.239 () {32 vars in 724 bytes} [Thu Jun 18 04:33:32 2026] DELETE /v2.0/subnets/4cad13cf-f5f1-4d90-8079-484f27dd37e7 => generated 0 bytes in 138 msecs (HTTP/1.1 204) 3 headers in 131 bytes (1 switches on core 0)
2026-06-18 04:33:32.752 7 INFO neutron.plugins.ml2.drivers.ovn.mech_driver.mech_driver [None req-d60cf1e6-7717-4776-b6e7-2f45d4d46320 - - - - - -] OVN reports status down for port: 9807bf3b-46e6-4a80-883c-05417b766aa6
2026-06-18 04:33:32.757 8 INFO neutron.db.ovn_revision_numbers_db [None req-cc2c1512-ee88-444b-b223-e1d9ad56fe08 5d7505cb91ca4da1aa5888fa89446a8e 876aae5bad2d477897194b6f49acbadd - - default default] Successfully bumped revision number for resource 9807bf3b-46e6-4a80-883c-05417b766aa6 (type: ports) to 1 [pid: 8|app: 0|req: 693/1386] 10.0.0.239 () {34 vars in 670 bytes} [Thu Jun 18 04:33:31 2026] POST /v2.0/networks => generated 1284 bytes in 1563 msecs (HTTP/1.1 201) 4 headers in 163 bytes (1 switches on core 0) [pid: 8|app: 0|req: 694/1387] 10.0.0.239 () {32 vars in 693 bytes} [Thu Jun 18 04:33:32 2026] GET /v2.0/extensions/default-subnetpools => generated 211 bytes in 4 msecs (HTTP/1.1 200) 4 headers in 157 bytes (1 switches on core 0)
2026-06-18 04:33:32.920 8 INFO neutron_taas.services.taas.taas_plugin [None req-02a60819-6e91-4237-bab1-bf01c2abd9d0 02819d75c06347a3b8a0b2e99ccd7e4c 13bd0269d4f94df5966f75d472a45261 - - default default] TaaS: Handle Delete Port: fd517280-f734-49da-93a3-2d0d15536f71
2026-06-18 04:33:32.925 8 INFO neutron_taas.services.taas.tap_mirror_plugin [None req-02a60819-6e91-4237-bab1-bf01c2abd9d0 02819d75c06347a3b8a0b2e99ccd7e4c 13bd0269d4f94df5966f75d472a45261 - - default default] Tap Mirror: Handle Delete Port: fd517280-f734-49da-93a3-2d0d15536f71 [pid: 7|app: 0|req: 694/1388] 10.0.0.239 () {32 vars in 724 bytes} [Thu Jun 18 04:33:32 2026] DELETE /v2.0/subnets/4cd62e2e-ceec-40a9-9fb7-2775a86ca1c5 => generated 0 bytes in 271 msecs (HTTP/1.1 204) 3 headers in 131 bytes (1 switches on core 0) [pid: 7|app: 0|req: 695/1389] 10.0.0.239 () {32 vars in 649 bytes} [Thu Jun 18 04:33:32 2026] GET /v2.0/networks => generated 1971 bytes in 56 msecs (HTTP/1.1 200) 4 headers in 158 bytes (1 switches on core 0) [pid: 7|app: 0|req: 696/1390] 10.0.0.239 () {32 vars in 695 bytes} [Thu Jun 18 04:33:33 2026] GET /v2.0/extensions/dhcp_agent_scheduler => generated 187 bytes in 3 msecs (HTTP/1.1 200) 4 headers in 157 bytes (1 switches on core 0)
2026-06-18 04:33:33.119 8 INFO neutron.services.segments.plugin [-] Segment aeaa0ed2-13d6-4869-a2ce-0b00ffb27736 resource provider aggregate not found
2026-06-18 04:33:33.124 8 INFO neutron.services.segments.plugin [-] Segment aeaa0ed2-13d6-4869-a2ce-0b00ffb27736 resource provider aggregate not found
2026-06-18 04:33:33.136 8 INFO neutron.services.segments.plugin [-] Segment aeaa0ed2-13d6-4869-a2ce-0b00ffb27736 resource provider not found; error: Placement Client Error (4xx): {"errors": [{"status": 404, "title": "Not Found", "detail": "The resource could not be found.\n\n No resource provider with uuid aeaa0ed2-13d6-4869-a2ce-0b00ffb27736 found for delete ", "request_id": "req-a61901f6-bbfe-4d59-a932-1f5079b5fd63"}]}
2026-06-18 04:33:33.141 8 INFO neutron.services.segments.plugin [-] Segment aeaa0ed2-13d6-4869-a2ce-0b00ffb27736 resource provider not found; error: Placement Client Error (4xx): {"errors": [{"status": 404, "title": "Not Found", "detail": "The resource could not be found.\n\n No resource provider with uuid aeaa0ed2-13d6-4869-a2ce-0b00ffb27736 found for delete ", "request_id": "req-b56d1bc7-9684-44a1-b1b9-c5d504f155ef"}]} [pid: 8|app: 0|req: 695/1391] 10.0.0.239 () {32 vars in 726 bytes} [Thu Jun 18 04:33:32 2026] DELETE /v2.0/networks/1870acc0-b33d-4567-a2cb-c1d7d605de51 => generated 0 bytes in 372 msecs (HTTP/1.1 204) 3 headers in 131 bytes (1 switches on core 0)
2026-06-18 04:33:33.185 7 INFO neutron_taas.services.taas.taas_plugin [None req-61270643-b5e3-4c67-a0d9-1dcee2352856 2cb92b9a9e5d48a18dfed16ff670db20 8a03b81198034e808077b4ca534d52c3 - - default default] TaaS: Handle Delete Port: 00338fcc-6763-40d3-a23c-03c32b26bca5
2026-06-18 04:33:33.188 7 INFO neutron_taas.services.taas.tap_mirror_plugin [None req-61270643-b5e3-4c67-a0d9-1dcee2352856 2cb92b9a9e5d48a18dfed16ff670db20 8a03b81198034e808077b4ca534d52c3 - - default default] Tap Mirror: Handle Delete Port: 00338fcc-6763-40d3-a23c-03c32b26bca5
2026-06-18 04:33:33.253 8 INFO neutron_taas.services.taas.taas_plugin [None req-de5674d4-e29d-4c49-ad6b-2a06612d878a 5d7505cb91ca4da1aa5888fa89446a8e 876aae5bad2d477897194b6f49acbadd - - default default] TaaS: Handle Delete Port: 97a2fd85-28a6-411b-9303-a899500bb204
2026-06-18 04:33:33.256 8 INFO neutron_taas.services.taas.tap_mirror_plugin [None req-de5674d4-e29d-4c49-ad6b-2a06612d878a 5d7505cb91ca4da1aa5888fa89446a8e 876aae5bad2d477897194b6f49acbadd - - default default] Tap Mirror: Handle Delete Port: 97a2fd85-28a6-411b-9303-a899500bb204
2026-06-18 04:33:33.394 7 INFO neutron.services.segments.plugin [-] Segment 225c2c6e-1f64-427e-8694-12dd07a1c617 resource provider aggregate not found
2026-06-18 04:33:33.417 7 INFO neutron.services.segments.plugin [-] Segment 225c2c6e-1f64-427e-8694-12dd07a1c617 resource provider aggregate not found
2026-06-18 04:33:33.422 7 INFO neutron.services.segments.plugin [-] Segment 225c2c6e-1f64-427e-8694-12dd07a1c617 resource provider not found; error: Placement Client Error (4xx): {"errors": [{"status": 404, "title": "Not Found", "detail": "The resource could not be found.\n\n No resource provider with uuid 225c2c6e-1f64-427e-8694-12dd07a1c617 found for delete ", "request_id": "req-a5f430b4-14cd-48cd-b837-b479eb58cd85"}]}
2026-06-18 04:33:33.446 7 INFO neutron.services.segments.plugin [-] Segment 225c2c6e-1f64-427e-8694-12dd07a1c617 resource provider not found; error: Placement Client Error (4xx): {"errors": [{"status": 404, "title": "Not Found", "detail": "The resource could not be found.\n\n No resource provider with uuid 225c2c6e-1f64-427e-8694-12dd07a1c617 found for delete ", "request_id": "req-100f30f9-9c29-4e57-8b89-45a131b20e86"}]} [pid: 8|app: 0|req: 696/1392] 10.0.0.239 () {32 vars in 726 bytes} [Thu Jun 18 04:33:33 2026] DELETE /v2.0/networks/cfade4bc-bfb7-4317-8427-68b47b7cdc3b => generated 0 bytes in 301 msecs (HTTP/1.1 204) 3 headers in 131 bytes (1 switches on core 0) [pid: 7|app: 0|req: 697/1393] 10.0.0.239 () {32 vars in 726 bytes} [Thu Jun 18 04:33:33 2026] DELETE /v2.0/networks/a167fa49-7487-4daa-ac13-865c66c72604 => generated 0 bytes in 451 msecs (HTTP/1.1 204) 3 headers in 131 bytes (1 switches on core 0) [pid: 8|app: 0|req: 697/1394] 10.0.0.239 () {32 vars in 685 bytes} [Thu Jun 18 04:33:33 2026] GET /v2.0/extensions/dns-integration => generated 172 bytes in 6 msecs (HTTP/1.1 200) 4 headers in 157 bytes (1 switches on core 0)
2026-06-18 04:33:33.575 7 INFO neutron.db.segments_db [None req-76b49a23-a007-40e6-a71b-19afcd1fc766 2cb92b9a9e5d48a18dfed16ff670db20 8a03b81198034e808077b4ca534d52c3 - - default default] Added segment 2fe42c5d-dccc-4060-bebc-8828a07d064f of type geneve for network 09004e28-ae7c-402a-a7bb-2a1f3438ee89
2026-06-18 04:33:33.591 8 INFO neutron_taas.services.taas.taas_plugin [None req-14912e66-aeda-4698-aae0-8977a236c56c 5d7505cb91ca4da1aa5888fa89446a8e 876aae5bad2d477897194b6f49acbadd - - default default] TaaS: Handle Delete Port: 9807bf3b-46e6-4a80-883c-05417b766aa6
2026-06-18 04:33:33.594 8 INFO neutron_taas.services.taas.tap_mirror_plugin [None req-14912e66-aeda-4698-aae0-8977a236c56c 5d7505cb91ca4da1aa5888fa89446a8e 876aae5bad2d477897194b6f49acbadd - - default default] Tap Mirror: Handle Delete Port: 9807bf3b-46e6-4a80-883c-05417b766aa6
2026-06-18 04:33:33.696 7 INFO neutron.db.ovn_revision_numbers_db [None req-76b49a23-a007-40e6-a71b-19afcd1fc766 2cb92b9a9e5d48a18dfed16ff670db20 8a03b81198034e808077b4ca534d52c3 - - default default] Successfully bumped revision number for resource 09004e28-ae7c-402a-a7bb-2a1f3438ee89 (type: networks) to 1 [pid: 8|app: 0|req: 698/1395] 10.0.0.239 () {32 vars in 726 bytes} [Thu Jun 18 04:33:33 2026] DELETE /v2.0/networks/810438a2-4b06-4cbf-9d7c-1684d28def53 => generated 0 bytes in 318 msecs (HTTP/1.1 204) 3 headers in 131 bytes (1 switches on core 0) [pid: 8|app: 0|req: 699/1396] 10.0.0.239 () {32 vars in 687 bytes} [Thu Jun 18 04:33:33 2026] GET /v2.0/extensions/dns-domain-ports => generated 205 bytes in 7 msecs (HTTP/1.1 200) 4 headers in 157 bytes (1 switches on core 0)
2026-06-18 04:33:33.890 7 WARNING neutron.scheduler.dhcp_agent_scheduler [None req-76b49a23-a007-40e6-a71b-19afcd1fc766 2cb92b9a9e5d48a18dfed16ff670db20 8a03b81198034e808077b4ca534d52c3 - - default default] No more DHCP agents
2026-06-18 04:33:33.892 7 WARNING neutron.api.rpc.agentnotifiers.dhcp_rpc_agent_api [None req-76b49a23-a007-40e6-a71b-19afcd1fc766 2cb92b9a9e5d48a18dfed16ff670db20 8a03b81198034e808077b4ca534d52c3 - - default default] Unable to schedule network 09004e28-ae7c-402a-a7bb-2a1f3438ee89: no agents available; will retry on subsequent port and subnet creation events.
2026-06-18 04:33:33.953 7 INFO neutron.plugins.ml2.drivers.ovn.mech_driver.mech_driver [None req-d60cf1e6-7717-4776-b6e7-2f45d4d46320 - - - - - -] OVN reports status down for port: a0654a32-2a75-40d0-b6ae-47a887c08a5d [pid: 8|app: 0|req: 700/1397] 10.0.0.239 () {32 vars in 774 bytes} [Thu Jun 18 04:33:33 2026] GET /v2.0/security-groups?tenant_id=13bd0269d4f94df5966f75d472a45261&name=default => generated 2925 bytes in 171 msecs (HTTP/1.1 200) 4 headers in 158 bytes (1 switches on core 0)
