2026-06-18 04:33:44.318 7 INFO neutron.db.ovn_revision_numbers_db [None req-01134cc0-7ca1-44e9-b8d8-d88ee34be300 2962a96c8e6a4f4e95a31b3c5d514999 0348477a4e8a4be583ce15c9954d4395 - - default default] Successfully bumped revision number for resource 11b8a300-ff39-4b01-bc0e-9f1f4871893c (type: routers) to 1 [pid: 7|app: 0|req: 788/1549] 10.0.0.239 () {34 vars in 669 bytes} [Thu Jun 18 04:33:44 2026] POST /v2.0/routers => generated 607 bytes in 134 msecs (HTTP/1.1 201) 4 headers in 162 bytes (1 switches on core 0) [pid: 8|app: 0|req: 762/1550] 10.0.0.239 () {32 vars in 726 bytes} [Thu Jun 18 04:33:44 2026] DELETE /v2.0/networks/5e5d9e58-604f-478b-b4b8-6f18676db1f1 => generated 0 bytes in 329 msecs (HTTP/1.1 204) 3 headers in 131 bytes (1 switches on core 0) [pid: 8|app: 0|req: 763/1551] 10.0.0.239 () {32 vars in 649 bytes} [Thu Jun 18 04:33:44 2026] GET /v2.0/networks => generated 689 bytes in 47 msecs (HTTP/1.1 200) 4 headers in 157 bytes (1 switches on core 0)
2026-06-18 04:33:44.655 8 INFO neutron.db.segments_db [None req-21e9fd1b-7312-4191-9285-fef5b510e352 34862ed5489446c89157b9aed970f5c0 c024aad3e08d4148a2fe7260a13814b2 - - default default] Added segment 530e78ca-b408-4ad8-9b9c-050d14337e51 of type geneve for network 836c227a-f521-47f9-adef-16e7ce4da9f6
2026-06-18 04:33:44.725 7 WARNING neutron.scheduler.dhcp_agent_scheduler [None req-3360aa77-5e67-4098-8b3a-ff5afb2f526f 2962a96c8e6a4f4e95a31b3c5d514999 0348477a4e8a4be583ce15c9954d4395 - - default default] No more DHCP agents
2026-06-18 04:33:44.726 7 WARNING neutron.api.rpc.agentnotifiers.dhcp_rpc_agent_api [None req-3360aa77-5e67-4098-8b3a-ff5afb2f526f 2962a96c8e6a4f4e95a31b3c5d514999 0348477a4e8a4be583ce15c9954d4395 - - default default] Unable to schedule network 4e81e2b0-6343-43c3-823a-0a9f6f92ceb6: no agents available; will retry on subsequent port and subnet creation events.
2026-06-18 04:33:44.759 8 INFO neutron.db.ovn_revision_numbers_db [None req-21e9fd1b-7312-4191-9285-fef5b510e352 34862ed5489446c89157b9aed970f5c0 c024aad3e08d4148a2fe7260a13814b2 - - default default] Successfully bumped revision number for resource 836c227a-f521-47f9-adef-16e7ce4da9f6 (type: networks) to 1
2026-06-18 04:33:44.811 7 INFO neutron.plugins.ml2.drivers.ovn.mech_driver.mech_driver [None req-d60cf1e6-7717-4776-b6e7-2f45d4d46320 - - - - - -] OVN reports status down for port: 0e0c3103-8a2b-4330-a076-9479614614e1
2026-06-18 04:33:44.885 7 INFO neutron.db.ovn_revision_numbers_db [None req-3360aa77-5e67-4098-8b3a-ff5afb2f526f 2962a96c8e6a4f4e95a31b3c5d514999 0348477a4e8a4be583ce15c9954d4395 - - default default] Successfully bumped revision number for resource 0e0c3103-8a2b-4330-a076-9479614614e1 (type: ports) to 1
2026-06-18 04:33:44.966 8 WARNING neutron.scheduler.dhcp_agent_scheduler [None req-21e9fd1b-7312-4191-9285-fef5b510e352 34862ed5489446c89157b9aed970f5c0 c024aad3e08d4148a2fe7260a13814b2 - - default default] No more DHCP agents
2026-06-18 04:33:44.968 8 WARNING neutron.api.rpc.agentnotifiers.dhcp_rpc_agent_api [None req-21e9fd1b-7312-4191-9285-fef5b510e352 34862ed5489446c89157b9aed970f5c0 c024aad3e08d4148a2fe7260a13814b2 - - default default] Unable to schedule network 836c227a-f521-47f9-adef-16e7ce4da9f6: no agents available; will retry on subsequent port and subnet creation events.
2026-06-18 04:33:45.046 7 INFO neutron.plugins.ml2.drivers.ovn.mech_driver.mech_driver [None req-d60cf1e6-7717-4776-b6e7-2f45d4d46320 - - - - - -] OVN reports status down for port: 3f71ed7b-b888-4871-9238-afc3df0edc16
2026-06-18 04:33:45.053 8 INFO neutron.db.ovn_revision_numbers_db [None req-21e9fd1b-7312-4191-9285-fef5b510e352 34862ed5489446c89157b9aed970f5c0 c024aad3e08d4148a2fe7260a13814b2 - - default default] Successfully bumped revision number for resource 3f71ed7b-b888-4871-9238-afc3df0edc16 (type: ports) to 1 [pid: 8|app: 0|req: 764/1552] 10.0.0.239 () {34 vars in 670 bytes} [Thu Jun 18 04:33:44 2026] POST /v2.0/networks => generated 669 bytes in 522 msecs (HTTP/1.1 201) 4 headers in 162 bytes (1 switches on core 0)
2026-06-18 04:33:45.402 8 INFO neutron.db.ovn_revision_numbers_db [None req-c83255bc-5c51-448e-b554-00380d20d21e 683aab4d4559434b90e898364f1932a2 9fdfe2ceeb7447358c9565ee47fa8085 - - default default] Successfully bumped revision number for resource 4f3e0b90-ecfa-453c-b270-9641294e242d (type: security_groups) to 1
2026-06-18 04:33:45.417 8 INFO neutron.db.ovn_revision_numbers_db [None req-c83255bc-5c51-448e-b554-00380d20d21e 683aab4d4559434b90e898364f1932a2 9fdfe2ceeb7447358c9565ee47fa8085 - - default default] Successfully bumped revision number for resource 49e8353b-bee6-47f8-af1a-7f2a450da76c (type: security_group_rules) to 0
2026-06-18 04:33:45.429 8 INFO neutron.db.ovn_revision_numbers_db [None req-c83255bc-5c51-448e-b554-00380d20d21e 683aab4d4559434b90e898364f1932a2 9fdfe2ceeb7447358c9565ee47fa8085 - - default default] Successfully bumped revision number for resource d7764d25-5db0-4e41-8d00-5673cf87c240 (type: security_group_rules) to 0
2026-06-18 04:33:45.440 8 INFO neutron.db.ovn_revision_numbers_db [None req-c83255bc-5c51-448e-b554-00380d20d21e 683aab4d4559434b90e898364f1932a2 9fdfe2ceeb7447358c9565ee47fa8085 - - default default] Successfully bumped revision number for resource d988aee1-e403-43a1-bd0b-4137a1b7739c (type: security_group_rules) to 0
2026-06-18 04:33:45.465 8 INFO neutron.db.ovn_revision_numbers_db [None req-c83255bc-5c51-448e-b554-00380d20d21e 683aab4d4559434b90e898364f1932a2 9fdfe2ceeb7447358c9565ee47fa8085 - - default default] Successfully bumped revision number for resource ed11513e-bf5c-42b4-92c4-612b5b295e2f (type: security_group_rules) to 0
2026-06-18 04:33:45.465 7 INFO neutron.plugins.ml2.drivers.ovn.mech_driver.mech_driver [None req-d60cf1e6-7717-4776-b6e7-2f45d4d46320 - - - - - -] OVN reports status up for port: 0e0c3103-8a2b-4330-a076-9479614614e1
2026-06-18 04:33:45.489 8 INFO neutron.services.segments.plugin [-] Segment b1a5f0fc-e866-4373-95b1-7c3d8e0984c5 resource provider aggregate not found
2026-06-18 04:33:45.497 7 INFO neutron.plugins.ml2.plugin [None req-d60cf1e6-7717-4776-b6e7-2f45d4d46320 - - - - - -] Attempt 1 to provision port 0e0c3103-8a2b-4330-a076-9479614614e1
2026-06-18 04:33:45.501 8 INFO neutron.services.segments.plugin [-] Segment b1a5f0fc-e866-4373-95b1-7c3d8e0984c5 resource provider aggregate not found
2026-06-18 04:33:45.507 8 INFO neutron.services.segments.plugin [-] Segment b1a5f0fc-e866-4373-95b1-7c3d8e0984c5 resource provider not found; error: Placement Client Error (4xx): {"errors": [{"status": 404, "title": "Not Found", "detail": "The resource could not be found.\n\n No resource provider with uuid b1a5f0fc-e866-4373-95b1-7c3d8e0984c5 found for delete ", "request_id": "req-0f7a54e0-ae2c-4353-9118-9ce054b10236"}]}
2026-06-18 04:33:45.521 8 INFO neutron.services.segments.plugin [-] Segment 91253511-3ed4-454c-a42a-bd4bc96a603c resource provider aggregate not found
2026-06-18 04:33:45.527 8 INFO neutron.services.segments.plugin [-] Segment b1a5f0fc-e866-4373-95b1-7c3d8e0984c5 resource provider not found; error: Placement Client Error (4xx): {"errors": [{"status": 404, "title": "Not Found", "detail": "The resource could not be found.\n\n No resource provider with uuid b1a5f0fc-e866-4373-95b1-7c3d8e0984c5 found for delete ", "request_id": "req-84536623-e7ed-4da6-a70f-620421501d7e"}]} [pid: 8|app: 0|req: 765/1553] 10.0.0.239 () {32 vars in 774 bytes} [Thu Jun 18 04:33:45 2026] GET /v2.0/security-groups?tenant_id=9ef1416cab5b43e38624916365c698e1&name=default => generated 2925 bytes in 451 msecs (HTTP/1.1 200) 4 headers in 158 bytes (1 switches on core 0)
2026-06-18 04:33:45.542 8 INFO neutron.services.segments.plugin [-] Segment 91253511-3ed4-454c-a42a-bd4bc96a603c resource provider not found; error: Placement Client Error (4xx): {"errors": [{"status": 404, "title": "Not Found", "detail": "The resource could not be found.\n\n No resource provider with uuid 91253511-3ed4-454c-a42a-bd4bc96a603c found for delete ", "request_id": "req-c6878664-0eee-4181-a706-27c257519781"}]}
2026-06-18 04:33:45.545 8 INFO neutron.services.segments.plugin [-] Segment 91253511-3ed4-454c-a42a-bd4bc96a603c resource provider aggregate not found
2026-06-18 04:33:45.564 8 INFO neutron.services.segments.plugin [-] Segment 91253511-3ed4-454c-a42a-bd4bc96a603c resource provider not found; error: Placement Client Error (4xx): {"errors": [{"status": 404, "title": "Not Found", "detail": "The resource could not be found.\n\n No resource provider with uuid 91253511-3ed4-454c-a42a-bd4bc96a603c found for delete ", "request_id": "req-47a637e8-d825-4bd9-8215-9e9b80550a6d"}]}
2026-06-18 04:33:45.635 8 INFO neutron.db.segments_db [None req-ee66e0ab-21ed-46e6-afbc-72a76e81ad00 34862ed5489446c89157b9aed970f5c0 c024aad3e08d4148a2fe7260a13814b2 - - default default] Added segment 213b4bed-344c-4e49-a622-c79c2d9d079f of type geneve for network dddbe5f1-0c29-4cc0-8e71-c4b67a87811c
2026-06-18 04:33:45.670 7 WARNING neutron.scheduler.dhcp_agent_scheduler [None req-3360aa77-5e67-4098-8b3a-ff5afb2f526f 2962a96c8e6a4f4e95a31b3c5d514999 0348477a4e8a4be583ce15c9954d4395 - - default default] No more DHCP agents
2026-06-18 04:33:45.679 7 WARNING neutron.api.rpc.agentnotifiers.dhcp_rpc_agent_api [None req-3360aa77-5e67-4098-8b3a-ff5afb2f526f 2962a96c8e6a4f4e95a31b3c5d514999 0348477a4e8a4be583ce15c9954d4395 - - default default] Unable to schedule network 4e81e2b0-6343-43c3-823a-0a9f6f92ceb6: no agents available; will retry on subsequent port and subnet creation events.
2026-06-18 04:33:45.745 8 INFO neutron.db.ovn_revision_numbers_db [None req-ee66e0ab-21ed-46e6-afbc-72a76e81ad00 34862ed5489446c89157b9aed970f5c0 c024aad3e08d4148a2fe7260a13814b2 - - default default] Successfully bumped revision number for resource dddbe5f1-0c29-4cc0-8e71-c4b67a87811c (type: networks) to 1
2026-06-18 04:33:45.939 8 WARNING neutron.scheduler.dhcp_agent_scheduler [None req-ee66e0ab-21ed-46e6-afbc-72a76e81ad00 34862ed5489446c89157b9aed970f5c0 c024aad3e08d4148a2fe7260a13814b2 - - default default] No more DHCP agents
2026-06-18 04:33:45.940 8 WARNING neutron.api.rpc.agentnotifiers.dhcp_rpc_agent_api [None req-ee66e0ab-21ed-46e6-afbc-72a76e81ad00 34862ed5489446c89157b9aed970f5c0 c024aad3e08d4148a2fe7260a13814b2 - - default default] Unable to schedule network dddbe5f1-0c29-4cc0-8e71-c4b67a87811c: no agents available; will retry on subsequent port and subnet creation events.
2026-06-18 04:33:46.032 8 INFO neutron.plugins.ml2.drivers.ovn.mech_driver.mech_driver [None req-0b0afec7-2d07-4f60-b0f6-850425bc246c - - - - - -] OVN reports status down for port: ffa52733-c5bf-411f-a02a-5e01ae2685a5
2026-06-18 04:33:46.099 8 INFO neutron.db.ovn_revision_numbers_db [None req-ee66e0ab-21ed-46e6-afbc-72a76e81ad00 34862ed5489446c89157b9aed970f5c0 c024aad3e08d4148a2fe7260a13814b2 - - default default] Successfully bumped revision number for resource ffa52733-c5bf-411f-a02a-5e01ae2685a5 (type: ports) to 1 [pid: 8|app: 0|req: 766/1554] 10.0.0.239 () {34 vars in 670 bytes} [Thu Jun 18 04:33:45 2026] POST /v2.0/networks => generated 669 bytes in 607 msecs (HTTP/1.1 201) 4 headers in 162 bytes (1 switches on core 0)
2026-06-18 04:33:46.142 7 INFO neutron.db.ovn_revision_numbers_db [None req-3360aa77-5e67-4098-8b3a-ff5afb2f526f 2962a96c8e6a4f4e95a31b3c5d514999 0348477a4e8a4be583ce15c9954d4395 - - default default] Successfully bumped revision number for resource 0e0c3103-8a2b-4330-a076-9479614614e1 (type: router_ports) to 1 [pid: 7|app: 0|req: 789/1555] 10.0.0.239 () {34 vars in 783 bytes} [Thu Jun 18 04:33:44 2026] PUT /v2.0/routers/11b8a300-ff39-4b01-bc0e-9f1f4871893c/add_router_interface => generated 309 bytes in 1811 msecs (HTTP/1.1 200) 4 headers in 157 bytes (1 switches on core 0)
2026-06-18 04:33:46.213 7 INFO neutron.db.ovn_revision_numbers_db [None req-d60cf1e6-7717-4776-b6e7-2f45d4d46320 - - - - - -] Successfully bumped revision number for resource 0e0c3103-8a2b-4330-a076-9479614614e1 (type: ports) to 2 [pid: 8|app: 0|req: 767/1556] 10.0.0.239 () {32 vars in 740 bytes} [Thu Jun 18 04:33:46 2026] DELETE /v2.0/security-groups/4f3e0b90-ecfa-453c-b270-9641294e242d => generated 0 bytes in 233 msecs (HTTP/1.1 204) 2 headers in 112 bytes (1 switches on core 0)
2026-06-18 04:33:46.458 7 INFO neutron.db.ovn_revision_numbers_db [None req-efdf18ef-7390-409c-92f9-2a0e9e2d1804 e88eed131b2a4d498e30df459cfbbfa3 53800dcb53ae43e8aa81b87f565ec3c9 - - default default] Successfully bumped revision number for resource be6ff523-dbc4-4678-8212-58d51577db1b (type: security_groups) to 1
2026-06-18 04:33:46.468 7 INFO neutron.db.ovn_revision_numbers_db [None req-efdf18ef-7390-409c-92f9-2a0e9e2d1804 e88eed131b2a4d498e30df459cfbbfa3 53800dcb53ae43e8aa81b87f565ec3c9 - - default default] Successfully bumped revision number for resource 4b933957-8497-477e-b2ef-34849f859aaa (type: security_group_rules) to 0
2026-06-18 04:33:46.480 7 INFO neutron.db.ovn_revision_numbers_db [None req-efdf18ef-7390-409c-92f9-2a0e9e2d1804 e88eed131b2a4d498e30df459cfbbfa3 53800dcb53ae43e8aa81b87f565ec3c9 - - default default] Successfully bumped revision number for resource 70652609-d452-45f4-a121-21412ea90205 (type: security_group_rules) to 0
2026-06-18 04:33:46.494 7 INFO neutron.db.ovn_revision_numbers_db [None req-efdf18ef-7390-409c-92f9-2a0e9e2d1804 e88eed131b2a4d498e30df459cfbbfa3 53800dcb53ae43e8aa81b87f565ec3c9 - - default default] Successfully bumped revision number for resource d7102ffd-b396-4c7a-a4b5-9ee030a9b7e7 (type: security_group_rules) to 0
2026-06-18 04:33:46.520 7 INFO neutron.db.ovn_revision_numbers_db [None req-efdf18ef-7390-409c-92f9-2a0e9e2d1804 e88eed131b2a4d498e30df459cfbbfa3 53800dcb53ae43e8aa81b87f565ec3c9 - - default default] Successfully bumped revision number for resource d8d9f198-495c-430c-9d41-f3fef16b10c4 (type: security_group_rules) to 0
2026-06-18 04:33:46.609 7 INFO neutron.db.segments_db [None req-efdf18ef-7390-409c-92f9-2a0e9e2d1804 e88eed131b2a4d498e30df459cfbbfa3 53800dcb53ae43e8aa81b87f565ec3c9 - - default default] Added segment bc90aa58-7e4a-4f82-a4df-4373fc0a4c17 of type geneve for network c8b6dc20-470c-4722-9eac-80daaa15e23f
2026-06-18 04:33:46.745 7 INFO neutron.db.ovn_revision_numbers_db [None req-efdf18ef-7390-409c-92f9-2a0e9e2d1804 e88eed131b2a4d498e30df459cfbbfa3 53800dcb53ae43e8aa81b87f565ec3c9 - - default default] Successfully bumped revision number for resource c8b6dc20-470c-4722-9eac-80daaa15e23f (type: networks) to 1
2026-06-18 04:33:46.791 8 WARNING neutron.scheduler.dhcp_agent_scheduler [None req-71b516a2-40d2-4d9f-ab21-7396cf1c6c37 34862ed5489446c89157b9aed970f5c0 c024aad3e08d4148a2fe7260a13814b2 - - default default] No more DHCP agents
2026-06-18 04:33:46.792 8 WARNING neutron.api.rpc.agentnotifiers.dhcp_rpc_agent_api [None req-71b516a2-40d2-4d9f-ab21-7396cf1c6c37 34862ed5489446c89157b9aed970f5c0 c024aad3e08d4148a2fe7260a13814b2 - - default default] Unable to schedule network 836c227a-f521-47f9-adef-16e7ce4da9f6: no agents available; will retry on subsequent port and subnet creation events.
2026-06-18 04:33:46.894 8 INFO neutron.db.ovn_revision_numbers_db [None req-71b516a2-40d2-4d9f-ab21-7396cf1c6c37 34862ed5489446c89157b9aed970f5c0 c024aad3e08d4148a2fe7260a13814b2 - - default default] Successfully bumped revision number for resource 1929a076-f63d-4793-97e2-0c4d7c8486d9 (type: ports) to 1
2026-06-18 04:33:46.950 8 WARNING neutron.scheduler.dhcp_agent_scheduler [None req-71b516a2-40d2-4d9f-ab21-7396cf1c6c37 34862ed5489446c89157b9aed970f5c0 c024aad3e08d4148a2fe7260a13814b2 - - default default] No more DHCP agents
2026-06-18 04:33:46.951 8 WARNING neutron.api.rpc.agentnotifiers.dhcp_rpc_agent_api [None req-71b516a2-40d2-4d9f-ab21-7396cf1c6c37 34862ed5489446c89157b9aed970f5c0 c024aad3e08d4148a2fe7260a13814b2 - - default default] Unable to schedule network dddbe5f1-0c29-4cc0-8e71-c4b67a87811c: no agents available; will retry on subsequent port and subnet creation events.
2026-06-18 04:33:46.968 7 WARNING neutron.scheduler.dhcp_agent_scheduler [None req-efdf18ef-7390-409c-92f9-2a0e9e2d1804 e88eed131b2a4d498e30df459cfbbfa3 53800dcb53ae43e8aa81b87f565ec3c9 - - default default] No more DHCP agents
2026-06-18 04:33:46.970 7 WARNING neutron.api.rpc.agentnotifiers.dhcp_rpc_agent_api [None req-efdf18ef-7390-409c-92f9-2a0e9e2d1804 e88eed131b2a4d498e30df459cfbbfa3 53800dcb53ae43e8aa81b87f565ec3c9 - - default default] Unable to schedule network c8b6dc20-470c-4722-9eac-80daaa15e23f: no agents available; will retry on subsequent port and subnet creation events.
2026-06-18 04:33:47.076 8 INFO neutron.db.ovn_revision_numbers_db [None req-71b516a2-40d2-4d9f-ab21-7396cf1c6c37 34862ed5489446c89157b9aed970f5c0 c024aad3e08d4148a2fe7260a13814b2 - - default default] Successfully bumped revision number for resource b38e21e7-bad2-42ff-8c78-c774a2f230b6 (type: ports) to 1
2026-06-18 04:33:47.092 7 INFO neutron.db.ovn_revision_numbers_db [None req-efdf18ef-7390-409c-92f9-2a0e9e2d1804 e88eed131b2a4d498e30df459cfbbfa3 53800dcb53ae43e8aa81b87f565ec3c9 - - default default] Successfully bumped revision number for resource f707236e-0048-4ead-88ae-c6b6b0b1642f (type: ports) to 1 [pid: 7|app: 0|req: 790/1557] 10.0.0.239 () {34 vars in 670 bytes} [Thu Jun 18 04:33:46 2026] POST /v2.0/networks => generated 662 bytes in 964 msecs (HTTP/1.1 201) 4 headers in 162 bytes (1 switches on core 0) [pid: 7|app: 0|req: 791/1558] 10.0.0.239 () {32 vars in 717 bytes} [Thu Jun 18 04:33:47 2026] GET /v2.0/ports/0e0c3103-8a2b-4330-a076-9479614614e1 => generated 947 bytes in 38 msecs (HTTP/1.1 200) 4 headers in 157 bytes (1 switches on core 0) [pid: 8|app: 0|req: 768/1559] 10.0.0.239 () {34 vars in 665 bytes} [Thu Jun 18 04:33:46 2026] POST /v2.0/ports => generated 1505 bytes in 794 msecs (HTTP/1.1 201) 4 headers in 163 bytes (1 switches on core 0) /var/lib/openstack/lib/python3.12/site-packages/pycadf/identifier.py:70: UserWarning: Invalid uuid: neutron. To ensure interoperability, identifiers should be a valid uuid. warnings.warn(('Invalid uuid: %s. To ensure interoperability, '
2026-06-18 04:33:47.339 7 WARNING neutron.scheduler.dhcp_agent_scheduler [None req-21114074-08dc-4f46-8ab8-8802fc014c4c e88eed131b2a4d498e30df459cfbbfa3 53800dcb53ae43e8aa81b87f565ec3c9 - - default default] No more DHCP agents
2026-06-18 04:33:47.340 7 WARNING neutron.api.rpc.agentnotifiers.dhcp_rpc_agent_api [None req-21114074-08dc-4f46-8ab8-8802fc014c4c e88eed131b2a4d498e30df459cfbbfa3 53800dcb53ae43e8aa81b87f565ec3c9 - - default default] Unable to schedule network c8b6dc20-470c-4722-9eac-80daaa15e23f: no agents available; will retry on subsequent port and subnet creation events.
2026-06-18 04:33:47.596 8 WARNING neutron.scheduler.dhcp_agent_scheduler [None req-8c226f78-3c1a-43ca-bcc3-cf6f49242677 2962a96c8e6a4f4e95a31b3c5d514999 0348477a4e8a4be583ce15c9954d4395 - - default default] No more DHCP agents
2026-06-18 04:33:47.597 8 WARNING neutron.api.rpc.agentnotifiers.dhcp_rpc_agent_api [None req-8c226f78-3c1a-43ca-bcc3-cf6f49242677 2962a96c8e6a4f4e95a31b3c5d514999 0348477a4e8a4be583ce15c9954d4395 - - default default] Unable to schedule network 838eb5ed-ea4c-4b63-8734-c389e1fa2ba3: no agents available; will retry on subsequent port and subnet creation events.
2026-06-18 04:33:47.776 8 INFO neutron.db.ovn_revision_numbers_db [None req-8c226f78-3c1a-43ca-bcc3-cf6f49242677 2962a96c8e6a4f4e95a31b3c5d514999 0348477a4e8a4be583ce15c9954d4395 - - default default] Successfully bumped revision number for resource 741f979c-e6bc-4a1c-beb7-710cd8ec9b3f (type: ports) to 1
2026-06-18 04:33:47.883 7 INFO neutron.db.ovn_revision_numbers_db [None req-52dab69d-d624-45d5-8817-984f239f689e - - - - - -] Successfully bumped revision number for resource f707236e-0048-4ead-88ae-c6b6b0b1642f (type: ports) to 2
2026-06-18 04:33:47.919 7 INFO neutron.db.ovn_revision_numbers_db [None req-52dab69d-d624-45d5-8817-984f239f689e - - - - - -] Successfully bumped revision number for resource c986154b-f4db-4739-8559-1cbd84f439ff (type: subnets) to 0 [pid: 7|app: 0|req: 792/1560] 10.0.0.239 () {34 vars in 669 bytes} [Thu Jun 18 04:33:47 2026] POST /v2.0/subnets => generated 641 bytes in 797 msecs (HTTP/1.1 201) 4 headers in 162 bytes (1 switches on core 0) [pid: 7|app: 0|req: 793/1561] 10.0.0.239 () {32 vars in 643 bytes} [Thu Jun 18 04:33:47 2026] GET /v2.0/ports => generated 3017 bytes in 119 msecs (HTTP/1.1 200) 4 headers in 158 bytes (1 switches on core 0)
2026-06-18 04:33:48.171 7 INFO neutron.db.segments_db [None req-2317ab3e-97bc-4b3a-b491-c4d4d61a113d e88eed131b2a4d498e30df459cfbbfa3 53800dcb53ae43e8aa81b87f565ec3c9 - - default default] Added segment 9ab00d9c-92be-4646-ab09-f073906d9b0d of type geneve for network bb4a6b09-b0c6-4376-8fd2-5d73cbbbc4d6
2026-06-18 04:33:48.335 7 INFO neutron.db.ovn_revision_numbers_db [None req-2317ab3e-97bc-4b3a-b491-c4d4d61a113d e88eed131b2a4d498e30df459cfbbfa3 53800dcb53ae43e8aa81b87f565ec3c9 - - default default] Successfully bumped revision number for resource bb4a6b09-b0c6-4376-8fd2-5d73cbbbc4d6 (type: networks) to 1
2026-06-18 04:33:48.474 8 WARNING neutron.scheduler.dhcp_agent_scheduler [None req-8c226f78-3c1a-43ca-bcc3-cf6f49242677 2962a96c8e6a4f4e95a31b3c5d514999 0348477a4e8a4be583ce15c9954d4395 - - default default] No more DHCP agents
2026-06-18 04:33:48.475 8 WARNING neutron.api.rpc.agentnotifiers.dhcp_rpc_agent_api [None req-8c226f78-3c1a-43ca-bcc3-cf6f49242677 2962a96c8e6a4f4e95a31b3c5d514999 0348477a4e8a4be583ce15c9954d4395 - - default default] Unable to schedule network 838eb5ed-ea4c-4b63-8734-c389e1fa2ba3: no agents available; will retry on subsequent port and subnet creation events.
2026-06-18 04:33:48.543 7 WARNING neutron.scheduler.dhcp_agent_scheduler [None req-2317ab3e-97bc-4b3a-b491-c4d4d61a113d e88eed131b2a4d498e30df459cfbbfa3 53800dcb53ae43e8aa81b87f565ec3c9 - - default default] No more DHCP agents
2026-06-18 04:33:48.544 7 WARNING neutron.api.rpc.agentnotifiers.dhcp_rpc_agent_api [None req-2317ab3e-97bc-4b3a-b491-c4d4d61a113d e88eed131b2a4d498e30df459cfbbfa3 53800dcb53ae43e8aa81b87f565ec3c9 - - default default] Unable to schedule network bb4a6b09-b0c6-4376-8fd2-5d73cbbbc4d6: no agents available; will retry on subsequent port and subnet creation events.
2026-06-18 04:33:48.658 7 INFO neutron.db.ovn_revision_numbers_db [None req-2317ab3e-97bc-4b3a-b491-c4d4d61a113d e88eed131b2a4d498e30df459cfbbfa3 53800dcb53ae43e8aa81b87f565ec3c9 - - default default] Successfully bumped revision number for resource 4a8622f5-96b2-45ef-9c4e-4b32b9d58539 (type: ports) to 1
2026-06-18 04:33:48.693 8 INFO neutron.db.ovn_revision_numbers_db [None req-8c226f78-3c1a-43ca-bcc3-cf6f49242677 2962a96c8e6a4f4e95a31b3c5d514999 0348477a4e8a4be583ce15c9954d4395 - - default default] Successfully bumped revision number for resource 741f979c-e6bc-4a1c-beb7-710cd8ec9b3f (type: router_ports) to 1 [pid: 8|app: 0|req: 769/1562] 10.0.0.239 () {34 vars in 783 bytes} [Thu Jun 18 04:33:47 2026] PUT /v2.0/routers/11b8a300-ff39-4b01-bc0e-9f1f4871893c/add_router_interface => generated 309 bytes in 1531 msecs (HTTP/1.1 200) 4 headers in 157 bytes (1 switches on core 0) [pid: 7|app: 0|req: 794/1563] 10.0.0.239 () {34 vars in 670 bytes} [Thu Jun 18 04:33:48 2026] POST /v2.0/networks => generated 663 bytes in 675 msecs (HTTP/1.1 201) 4 headers in 162 bytes (1 switches on core 0)
2026-06-18 04:33:48.829 8 INFO neutron_taas.services.taas.taas_plugin [None req-37f51d0f-354f-4447-bd38-184908a9294e 34862ed5489446c89157b9aed970f5c0 c024aad3e08d4148a2fe7260a13814b2 - - default default] TaaS: Handle Delete Port: 1929a076-f63d-4793-97e2-0c4d7c8486d9
2026-06-18 04:33:48.833 8 INFO neutron_taas.services.taas.tap_mirror_plugin [None req-37f51d0f-354f-4447-bd38-184908a9294e 34862ed5489446c89157b9aed970f5c0 c024aad3e08d4148a2fe7260a13814b2 - - default default] Tap Mirror: Handle Delete Port: 1929a076-f63d-4793-97e2-0c4d7c8486d9 [pid: 7|app: 0|req: 795/1564] 10.0.0.239 () {32 vars in 717 bytes} [Thu Jun 18 04:33:48 2026] GET /v2.0/ports/741f979c-e6bc-4a1c-beb7-710cd8ec9b3f => generated 953 bytes in 136 msecs (HTTP/1.1 200) 4 headers in 157 bytes (1 switches on core 0) [pid: 8|app: 0|req: 770/1565] 10.0.0.239 () {32 vars in 720 bytes} [Thu Jun 18 04:33:48 2026] DELETE /v2.0/ports/1929a076-f63d-4793-97e2-0c4d7c8486d9 => generated 0 bytes in 271 msecs (HTTP/1.1 204) 3 headers in 131 bytes (1 switches on core 0) [pid: 8|app: 0|req: 771/1566] 10.0.0.239 () {32 vars in 717 bytes} [Thu Jun 18 04:33:48 2026] GET /v2.0/ports/741f979c-e6bc-4a1c-beb7-710cd8ec9b3f => generated 953 bytes in 84 msecs (HTTP/1.1 200) 4 headers in 157 bytes (1 switches on core 0)
2026-06-18 04:33:49.130 7 INFO neutron.db.ovn_revision_numbers_db [None req-89693616-cd1f-45aa-aedc-2c1bba4c60e9 e88eed131b2a4d498e30df459cfbbfa3 53800dcb53ae43e8aa81b87f565ec3c9 - - default default] Successfully bumped revision number for resource bb4a6b09-b0c6-4376-8fd2-5d73cbbbc4d6 (type: networks) to 2 [pid: 7|app: 0|req: 796/1567] 10.0.0.239 () {34 vars in 743 bytes} [Thu Jun 18 04:33:48 2026] PUT /v2.0/networks/bb4a6b09-b0c6-4376-8fd2-5d73cbbbc4d6 => generated 636 bytes in 247 msecs (HTTP/1.1 200) 4 headers in 157 bytes (1 switches on core 0)
2026-06-18 04:33:49.191 8 INFO neutron_taas.services.taas.taas_plugin [None req-5ca116b6-cf56-410e-b019-481ea1c9e68a 34862ed5489446c89157b9aed970f5c0 c024aad3e08d4148a2fe7260a13814b2 - - default default] TaaS: Handle Delete Port: b38e21e7-bad2-42ff-8c78-c774a2f230b6
2026-06-18 04:33:49.196 8 INFO neutron_taas.services.taas.tap_mirror_plugin [None req-5ca116b6-cf56-410e-b019-481ea1c9e68a 34862ed5489446c89157b9aed970f5c0 c024aad3e08d4148a2fe7260a13814b2 - - default default] Tap Mirror: Handle Delete Port: b38e21e7-bad2-42ff-8c78-c774a2f230b6 [pid: 8|app: 0|req: 772/1568] 10.0.0.239 () {32 vars in 720 bytes} [Thu Jun 18 04:33:49 2026] DELETE /v2.0/ports/b38e21e7-bad2-42ff-8c78-c774a2f230b6 => generated 0 bytes in 254 msecs (HTTP/1.1 204) 3 headers in 131 bytes (1 switches on core 0) [pid: 8|app: 0|req: 773/1569] 10.0.0.239 () {32 vars in 643 bytes} [Thu Jun 18 04:33:49 2026] GET /v2.0/ports => generated 1523 bytes in 39 msecs (HTTP/1.1 200) 4 headers in 158 bytes (1 switches on core 0)
2026-06-18 04:33:49.357 7 WARNING neutron.scheduler.dhcp_agent_scheduler [None req-f0eeccfc-3027-46ea-9e31-f722a926b021 e88eed131b2a4d498e30df459cfbbfa3 53800dcb53ae43e8aa81b87f565ec3c9 - - default default] No more DHCP agents
2026-06-18 04:33:49.359 7 WARNING neutron.api.rpc.agentnotifiers.dhcp_rpc_agent_api [None req-f0eeccfc-3027-46ea-9e31-f722a926b021 e88eed131b2a4d498e30df459cfbbfa3 53800dcb53ae43e8aa81b87f565ec3c9 - - default default] Unable to schedule network bb4a6b09-b0c6-4376-8fd2-5d73cbbbc4d6: no agents available; will retry on subsequent port and subnet creation events.
2026-06-18 04:33:49.441 8 INFO neutron.db.segments_db [None req-f33e1768-fce8-4b32-884d-d6b84a3f7874 34862ed5489446c89157b9aed970f5c0 c024aad3e08d4148a2fe7260a13814b2 - - default default] Added segment 26fdddb9-b865-494a-9113-9eed2aad841b of type geneve for network 8207c33d-3a9c-4ce1-87c9-de0439c9396d
2026-06-18 04:33:49.558 8 INFO neutron.db.ovn_revision_numbers_db [None req-f33e1768-fce8-4b32-884d-d6b84a3f7874 34862ed5489446c89157b9aed970f5c0 c024aad3e08d4148a2fe7260a13814b2 - - default default] Successfully bumped revision number for resource 8207c33d-3a9c-4ce1-87c9-de0439c9396d (type: networks) to 1
2026-06-18 04:33:49.770 8 WARNING neutron.scheduler.dhcp_agent_scheduler [None req-f33e1768-fce8-4b32-884d-d6b84a3f7874 34862ed5489446c89157b9aed970f5c0 c024aad3e08d4148a2fe7260a13814b2 - - default default] No more DHCP agents
2026-06-18 04:33:49.771 8 WARNING neutron.api.rpc.agentnotifiers.dhcp_rpc_agent_api [None req-f33e1768-fce8-4b32-884d-d6b84a3f7874 34862ed5489446c89157b9aed970f5c0 c024aad3e08d4148a2fe7260a13814b2 - - default default] Unable to schedule network 8207c33d-3a9c-4ce1-87c9-de0439c9396d: no agents available; will retry on subsequent port and subnet creation events.
2026-06-18 04:33:49.877 8 INFO neutron.plugins.ml2.drivers.ovn.mech_driver.mech_driver [None req-0b0afec7-2d07-4f60-b0f6-850425bc246c - - - - - -] OVN reports status down for port: 29e8629e-2df0-485d-8a8e-ccb88d1dd096
2026-06-18 04:33:49.890 7 INFO neutron.db.ovn_revision_numbers_db [None req-6b3683d1-764a-43e1-b0a8-fe0d3e455dff - - - - - -] Successfully bumped revision number for resource 4a8622f5-96b2-45ef-9c4e-4b32b9d58539 (type: ports) to 2
2026-06-18 04:33:49.926 7 INFO neutron.db.ovn_revision_numbers_db [None req-6b3683d1-764a-43e1-b0a8-fe0d3e455dff - - - - - -] Successfully bumped revision number for resource 2e99bb98-8674-4c97-9d80-770853a31b77 (type: subnets) to 0
2026-06-18 04:33:49.941 8 INFO neutron.db.ovn_revision_numbers_db [None req-f33e1768-fce8-4b32-884d-d6b84a3f7874 34862ed5489446c89157b9aed970f5c0 c024aad3e08d4148a2fe7260a13814b2 - - default default] Successfully bumped revision number for resource 29e8629e-2df0-485d-8a8e-ccb88d1dd096 (type: ports) to 1 [pid: 7|app: 0|req: 797/1570] 10.0.0.239 () {34 vars in 669 bytes} [Thu Jun 18 04:33:49 2026] POST /v2.0/subnets => generated 626 bytes in 804 msecs (HTTP/1.1 201) 4 headers in 162 bytes (1 switches on core 0) [pid: 8|app: 0|req: 774/1571] 10.0.0.239 () {34 vars in 670 bytes} [Thu Jun 18 04:33:49 2026] POST /v2.0/networks => generated 668 bytes in 648 msecs (HTTP/1.1 201) 4 headers in 162 bytes (1 switches on core 0)
2026-06-18 04:33:50.253 8 INFO neutron.db.ovn_revision_numbers_db [None req-ccb5db31-cd10-499d-953a-fd83477f13f3 e88eed131b2a4d498e30df459cfbbfa3 53800dcb53ae43e8aa81b87f565ec3c9 - - default default] Successfully bumped revision number for resource 2e99bb98-8674-4c97-9d80-770853a31b77 (type: subnets) to 1 [pid: 8|app: 0|req: 775/1572] 10.0.0.239 () {34 vars in 741 bytes} [Thu Jun 18 04:33:50 2026] PUT /v2.0/subnets/2e99bb98-8674-4c97-9d80-770853a31b77 => generated 636 bytes in 245 msecs (HTTP/1.1 200) 4 headers in 157 bytes (1 switches on core 0)
2026-06-18 04:33:50.266 7 INFO neutron.db.ovn_revision_numbers_db [None req-05b77866-0630-455c-a521-f7865f4f8475 683aab4d4559434b90e898364f1932a2 9fdfe2ceeb7447358c9565ee47fa8085 - - default default] Successfully bumped revision number for resource cc4afbd7-65e4-4514-9b1e-4fc880bf9ef4 (type: security_groups) to 1
2026-06-18 04:33:50.276 7 INFO neutron.db.ovn_revision_numbers_db [None req-05b77866-0630-455c-a521-f7865f4f8475 683aab4d4559434b90e898364f1932a2 9fdfe2ceeb7447358c9565ee47fa8085 - - default default] Successfully bumped revision number for resource 097279f7-1ed6-467b-8286-5be887b40ee0 (type: security_group_rules) to 0
2026-06-18 04:33:50.287 7 INFO neutron.db.ovn_revision_numbers_db [None req-05b77866-0630-455c-a521-f7865f4f8475 683aab4d4559434b90e898364f1932a2 9fdfe2ceeb7447358c9565ee47fa8085 - - default default] Successfully bumped revision number for resource 17ce27a5-98e2-4a9f-9988-df2fd620ce35 (type: security_group_rules) to 0
2026-06-18 04:33:50.306 7 INFO neutron.db.ovn_revision_numbers_db [None req-05b77866-0630-455c-a521-f7865f4f8475 683aab4d4559434b90e898364f1932a2 9fdfe2ceeb7447358c9565ee47fa8085 - - default default] Successfully bumped revision number for resource 5e522d3d-737e-477a-a081-71e23bb2be8c (type: security_group_rules) to 0
2026-06-18 04:33:50.318 7 INFO neutron.db.ovn_revision_numbers_db [None req-05b77866-0630-455c-a521-f7865f4f8475 683aab4d4559434b90e898364f1932a2 9fdfe2ceeb7447358c9565ee47fa8085 - - default default] Successfully bumped revision number for resource 98689ddf-3e5b-4fb8-b2a4-4d4bd6e66c2f (type: security_group_rules) to 0
2026-06-18 04:33:50.329 8 INFO neutron.db.segments_db [None req-49a4371e-b9d4-42ae-a233-ac0c16610668 34862ed5489446c89157b9aed970f5c0 c024aad3e08d4148a2fe7260a13814b2 - - default default] Added segment 7b4f997a-ffb3-416e-abae-15d26ace4cc3 of type geneve for network edfb8b18-0410-46c2-b9fd-d99ac9a89c6e [pid: 7|app: 0|req: 798/1573] 10.0.0.239 () {32 vars in 774 bytes} [Thu Jun 18 04:33:49 2026] GET /v2.0/security-groups?tenant_id=78106c3848134e1abe8ce96254f63198&name=default => generated 2925 bytes in 410 msecs (HTTP/1.1 200) 4 headers in 158 bytes (1 switches on core 0)
2026-06-18 04:33:50.438 8 INFO neutron.db.ovn_revision_numbers_db [None req-49a4371e-b9d4-42ae-a233-ac0c16610668 34862ed5489446c89157b9aed970f5c0 c024aad3e08d4148a2fe7260a13814b2 - - default default] Successfully bumped revision number for resource edfb8b18-0410-46c2-b9fd-d99ac9a89c6e (type: networks) to 1 [pid: 7|app: 0|req: 799/1574] 10.0.0.239 () {32 vars in 717 bytes} [Thu Jun 18 04:33:50 2026] GET /v2.0/ports/741f979c-e6bc-4a1c-beb7-710cd8ec9b3f => generated 953 bytes in 88 msecs (HTTP/1.1 200) 4 headers in 157 bytes (1 switches on core 0)
2026-06-18 04:33:50.562 8 WARNING neutron.scheduler.dhcp_agent_scheduler [None req-49a4371e-b9d4-42ae-a233-ac0c16610668 34862ed5489446c89157b9aed970f5c0 c024aad3e08d4148a2fe7260a13814b2 - - default default] No more DHCP agents
2026-06-18 04:33:50.563 8 WARNING neutron.api.rpc.agentnotifiers.dhcp_rpc_agent_api [None req-49a4371e-b9d4-42ae-a233-ac0c16610668 34862ed5489446c89157b9aed970f5c0 c024aad3e08d4148a2fe7260a13814b2 - - default default] Unable to schedule network edfb8b18-0410-46c2-b9fd-d99ac9a89c6e: no agents available; will retry on subsequent port and subnet creation events.
2026-06-18 04:33:50.567 7 INFO neutron_taas.services.taas.taas_plugin [None req-72575c3d-3446-476e-bdbb-6989612826e9 e88eed131b2a4d498e30df459cfbbfa3 53800dcb53ae43e8aa81b87f565ec3c9 - - default default] TaaS: Handle Delete Port: 4a8622f5-96b2-45ef-9c4e-4b32b9d58539
2026-06-18 04:33:50.570 7 INFO neutron_taas.services.taas.tap_mirror_plugin [None req-72575c3d-3446-476e-bdbb-6989612826e9 e88eed131b2a4d498e30df459cfbbfa3 53800dcb53ae43e8aa81b87f565ec3c9 - - default default] Tap Mirror: Handle Delete Port: 4a8622f5-96b2-45ef-9c4e-4b32b9d58539
2026-06-18 04:33:50.632 8 INFO neutron.db.ovn_revision_numbers_db [None req-49a4371e-b9d4-42ae-a233-ac0c16610668 34862ed5489446c89157b9aed970f5c0 c024aad3e08d4148a2fe7260a13814b2 - - default default] Successfully bumped revision number for resource 50bd4cc6-6e14-43f4-9477-51acb4b0b48a (type: ports) to 1 [pid: 8|app: 0|req: 776/1575] 10.0.0.239 () {34 vars in 670 bytes} [Thu Jun 18 04:33:50 2026] POST /v2.0/networks => generated 668 bytes in 400 msecs (HTTP/1.1 201) 4 headers in 162 bytes (1 switches on core 0) [pid: 8|app: 0|req: 777/1576] 10.0.0.239 () {32 vars in 740 bytes} [Thu Jun 18 04:33:50 2026] DELETE /v2.0/security-groups/cc4afbd7-65e4-4514-9b1e-4fc880bf9ef4 => generated 0 bytes in 179 msecs (HTTP/1.1 204) 2 headers in 112 bytes (1 switches on core 0)
2026-06-18 04:33:50.957 7 WARNING neutron.plugins.ml2.drivers.ovn.mech_driver.ovsdb.ovn_client [None req-8adac143-18f2-4b6d-a0ab-542a69e70bb8 - - - - - -] No hosting information found for port 0e0c3103-8a2b-4330-a076-9479614614e1: RuntimeError: No hosting information found for port 0e0c3103-8a2b-4330-a076-9479614614e1
2026-06-18 04:33:51.008 7 INFO neutron.services.segments.plugin [-] Segment 9ab00d9c-92be-4646-ab09-f073906d9b0d resource provider aggregate not found
2026-06-18 04:33:51.026 7 INFO neutron.services.segments.plugin [-] Segment 9ab00d9c-92be-4646-ab09-f073906d9b0d resource provider aggregate not found
2026-06-18 04:33:51.033 7 INFO neutron.services.segments.plugin [-] Segment 9ab00d9c-92be-4646-ab09-f073906d9b0d resource provider not found; error: Placement Client Error (4xx): {"errors": [{"status": 404, "title": "Not Found", "detail": "The resource could not be found.\n\n No resource provider with uuid 9ab00d9c-92be-4646-ab09-f073906d9b0d found for delete ", "request_id": "req-1fa8a026-2dd2-43bb-a77a-5ce02a97f54f"}]}
2026-06-18 04:33:51.051 7 INFO neutron.services.segments.plugin [-] Segment 9ab00d9c-92be-4646-ab09-f073906d9b0d resource provider not found; error: Placement Client Error (4xx): {"errors": [{"status": 404, "title": "Not Found", "detail": "The resource could not be found.\n\n No resource provider with uuid 9ab00d9c-92be-4646-ab09-f073906d9b0d found for delete ", "request_id": "req-ffb88c2b-4254-4ebd-ad64-b0273543fc9f"}]} [pid: 7|app: 0|req: 800/1577] 10.0.0.239 () {32 vars in 726 bytes} [Thu Jun 18 04:33:50 2026] DELETE /v2.0/networks/bb4a6b09-b0c6-4376-8fd2-5d73cbbbc4d6 => generated 0 bytes in 655 msecs (HTTP/1.1 204) 3 headers in 131 bytes (1 switches on core 0)
2026-06-18 04:33:51.113 7 INFO neutron.db.ovn_revision_numbers_db [None req-8adac143-18f2-4b6d-a0ab-542a69e70bb8 - - - - - -] Successfully bumped revision number for resource 0e0c3103-8a2b-4330-a076-9479614614e1 (type: router_ports) to 2
2026-06-18 04:33:51.117 8 WARNING neutron.scheduler.dhcp_agent_scheduler [None req-439b4348-de75-4a83-a5ec-0c12eced7d35 34862ed5489446c89157b9aed970f5c0 c024aad3e08d4148a2fe7260a13814b2 - - default default] No more DHCP agents
2026-06-18 04:33:51.120 8 WARNING neutron.api.rpc.agentnotifiers.dhcp_rpc_agent_api [None req-439b4348-de75-4a83-a5ec-0c12eced7d35 34862ed5489446c89157b9aed970f5c0 c024aad3e08d4148a2fe7260a13814b2 - - default default] Unable to schedule network 8207c33d-3a9c-4ce1-87c9-de0439c9396d: no agents available; will retry on subsequent port and subnet creation events.
2026-06-18 04:33:51.124 7 INFO neutron.pecan_wsgi.hooks.translation [None req-eb63c59e-53a0-4dd5-aa32-01acd7bdda69 e88eed131b2a4d498e30df459cfbbfa3 53800dcb53ae43e8aa81b87f565ec3c9 - - default default] DELETE failed (client error): The resource could not be found. [pid: 7|app: 0|req: 801/1578] 10.0.0.239 () {32 vars in 726 bytes} [Thu Jun 18 04:33:51 2026] DELETE /v2.0/networks/bb4a6b09-b0c6-4376-8fd2-5d73cbbbc4d6 => generated 138 bytes in 23 msecs (HTTP/1.1 404) 4 headers in 164 bytes (1 switches on core 0)
2026-06-18 04:33:51.189 7 INFO neutron.plugins.ml2.drivers.ovn.mech_driver.mech_driver [None req-8adac143-18f2-4b6d-a0ab-542a69e70bb8 - - - - - -] OVN reports status down for port: 1929a076-f63d-4793-97e2-0c4d7c8486d9
2026-06-18 04:33:51.202 7 INFO neutron.plugins.ml2.drivers.ovn.mech_driver.mech_driver [None req-8adac143-18f2-4b6d-a0ab-542a69e70bb8 - - - - - -] OVN reports status down for port: b38e21e7-bad2-42ff-8c78-c774a2f230b6
2026-06-18 04:33:51.217 7 INFO neutron.plugins.ml2.drivers.ovn.mech_driver.mech_driver [None req-8adac143-18f2-4b6d-a0ab-542a69e70bb8 - - - - - -] OVN reports status down for port: f707236e-0048-4ead-88ae-c6b6b0b1642f [pid: 7|app: 0|req: 802/1579] 10.0.0.239 () {32 vars in 694 bytes} [Thu Jun 18 04:33:51 2026] GET /v2.0/networks?router%3Aexternal=True => generated 689 bytes in 100 msecs (HTTP/1.1 200) 4 headers in 157 bytes (1 switches on core 0) [pid: 7|app: 0|req: 803/1580] 10.0.0.239 () {32 vars in 742 bytes} [Thu Jun 18 04:33:51 2026] GET /v2.0/subnets?network_id=63408420-ae8a-4102-b318-e45408167f8b => generated 649 bytes in 61 msecs (HTTP/1.1 200) 4 headers in 157 bytes (1 switches on core 0) [pid: 7|app: 0|req: 804/1581] 10.0.0.239 () {32 vars in 653 bytes} [Thu Jun 18 04:33:51 2026] GET /v2.0/extensions => generated 20541 bytes in 13 msecs (HTTP/1.1 200) 4 headers in 159 bytes (1 switches on core 0)
2026-06-18 04:33:51.326 7 INFO neutron.plugins.ml2.drivers.ovn.mech_driver.mech_driver [None req-8adac143-18f2-4b6d-a0ab-542a69e70bb8 - - - - - -] OVN reports status down for port: 741f979c-e6bc-4a1c-beb7-710cd8ec9b3f [pid: 7|app: 0|req: 805/1582] 10.0.0.239 () {32 vars in 649 bytes} [Thu Jun 18 04:33:51 2026] GET /v2.0/networks => generated 1384 bytes in 89 msecs (HTTP/1.1 200) 4 headers in 158 bytes (1 switches on core 0)
2026-06-18 04:33:51.424 7 WARNING neutron.plugins.ml2.drivers.ovn.mech_driver.ovsdb.ovn_client [None req-8adac143-18f2-4b6d-a0ab-542a69e70bb8 - - - - - -] Logical_Switch_Port %s host information not removed, the port state is up
2026-06-18 04:33:51.424 7 INFO neutron.plugins.ml2.drivers.ovn.mech_driver.mech_driver [None req-8adac143-18f2-4b6d-a0ab-542a69e70bb8 - - - - - -] OVN reports status up for port: 741f979c-e6bc-4a1c-beb7-710cd8ec9b3f
2026-06-18 04:33:51.445 7 INFO neutron.plugins.ml2.plugin [None req-8adac143-18f2-4b6d-a0ab-542a69e70bb8 - - - - - -] Attempt 1 to provision port 741f979c-e6bc-4a1c-beb7-710cd8ec9b3f [pid: 7|app: 0|req: 806/1583] 10.0.0.239 () {32 vars in 647 bytes} [Thu Jun 18 04:33:51 2026] GET /v2.0/subnets => generated 1280 bytes in 63 msecs (HTTP/1.1 200) 4 headers in 158 bytes (1 switches on core 0)
2026-06-18 04:33:51.565 8 INFO neutron.db.ovn_revision_numbers_db [None req-e04add8e-6504-4441-84a4-1a650b8b5b30 - - - - - -] Successfully bumped revision number for resource 29e8629e-2df0-485d-8a8e-ccb88d1dd096 (type: ports) to 2 [pid: 7|app: 0|req: 807/1584] 10.0.0.239 () {32 vars in 717 bytes} [Thu Jun 18 04:33:51 2026] GET /v2.0/ports/741f979c-e6bc-4a1c-beb7-710cd8ec9b3f => generated 953 bytes in 103 msecs (HTTP/1.1 200) 4 headers in 157 bytes (1 switches on core 0)
2026-06-18 04:33:51.598 8 INFO neutron.db.ovn_revision_numbers_db [None req-e04add8e-6504-4441-84a4-1a650b8b5b30 - - - - - -] Successfully bumped revision number for resource 7a8df8c0-c4d0-4128-9f20-e5eb5fdc470e (type: subnets) to 0
2026-06-18 04:33:51.626 8 WARNING neutron.scheduler.dhcp_agent_scheduler [None req-439b4348-de75-4a83-a5ec-0c12eced7d35 34862ed5489446c89157b9aed970f5c0 c024aad3e08d4148a2fe7260a13814b2 - - default default] No more DHCP agents
2026-06-18 04:33:51.627 8 WARNING neutron.api.rpc.agentnotifiers.dhcp_rpc_agent_api [None req-439b4348-de75-4a83-a5ec-0c12eced7d35 34862ed5489446c89157b9aed970f5c0 c024aad3e08d4148a2fe7260a13814b2 - - default default] Unable to schedule network edfb8b18-0410-46c2-b9fd-d99ac9a89c6e: no agents available; will retry on subsequent port and subnet creation events. [pid: 7|app: 0|req: 808/1585] 10.0.0.239 () {32 vars in 723 bytes} [Thu Jun 18 04:33:51 2026] GET /v2.0/networks/c8b6dc20-470c-4722-9eac-80daaa15e23f => generated 706 bytes in 90 msecs (HTTP/1.1 200) 4 headers in 157 bytes (1 switches on core 0) [pid: 7|app: 0|req: 809/1586] 10.0.0.239 () {32 vars in 721 bytes} [Thu Jun 18 04:33:51 2026] GET /v2.0/subnets/c986154b-f4db-4739-8559-1cbd84f439ff => generated 641 bytes in 58 msecs (HTTP/1.1 200) 4 headers in 157 bytes (1 switches on core 0)
2026-06-18 04:33:51.782 7 INFO neutron.pecan_wsgi.hooks.translation [None req-57b0a68e-a048-489e-b694-b939e0f082ed e88eed131b2a4d498e30df459cfbbfa3 53800dcb53ae43e8aa81b87f565ec3c9 - - default default] DELETE failed (client error): The resource could not be found. [pid: 7|app: 0|req: 810/1587] 10.0.0.239 () {32 vars in 724 bytes} [Thu Jun 18 04:33:51 2026] DELETE /v2.0/subnets/2e99bb98-8674-4c97-9d80-770853a31b77 => generated 136 bytes in 34 msecs (HTTP/1.1 404) 4 headers in 164 bytes (1 switches on core 0)
2026-06-18 04:33:51.840 7 INFO neutron.pecan_wsgi.hooks.translation [None req-d2f9dddd-509a-47eb-86cd-f8e131a98f0d e88eed131b2a4d498e30df459cfbbfa3 53800dcb53ae43e8aa81b87f565ec3c9 - - default default] DELETE failed (client error): The resource could not be found. [pid: 7|app: 0|req: 811/1588] 10.0.0.239 () {32 vars in 726 bytes} [Thu Jun 18 04:33:51 2026] DELETE /v2.0/networks/bb4a6b09-b0c6-4376-8fd2-5d73cbbbc4d6 => generated 138 bytes in 43 msecs (HTTP/1.1 404) 4 headers in 164 bytes (1 switches on core 0)
2026-06-18 04:33:52.109 8 INFO neutron.db.ovn_revision_numbers_db [None req-26c9bb3f-3d7c-46f4-bc49-54977b82a137 - - - - - -] Successfully bumped revision number for resource 50bd4cc6-6e14-43f4-9477-51acb4b0b48a (type: ports) to 2
2026-06-18 04:33:52.152 8 INFO neutron.db.ovn_revision_numbers_db [None req-26c9bb3f-3d7c-46f4-bc49-54977b82a137 - - - - - -] Successfully bumped revision number for resource 7a6414e9-15a6-49fa-8cca-cf3c5430e566 (type: subnets) to 0 [pid: 8|app: 0|req: 778/1589] 10.0.0.239 () {34 vars in 669 bytes} [Thu Jun 18 04:33:50 2026] POST /v2.0/subnets => generated 1272 bytes in 1347 msecs (HTTP/1.1 201) 4 headers in 163 bytes (1 switches on core 0) [pid: 7|app: 0|req: 812/1590] 10.0.0.239 () {32 vars in 724 bytes} [Thu Jun 18 04:33:51 2026] DELETE /v2.0/subnets/c986154b-f4db-4739-8559-1cbd84f439ff => generated 0 bytes in 353 msecs (HTTP/1.1 204) 3 headers in 131 bytes (1 switches on core 0)
2026-06-18 04:33:52.202 7 INFO neutron.db.ovn_revision_numbers_db [None req-8adac143-18f2-4b6d-a0ab-542a69e70bb8 - - - - - -] Successfully bumped revision number for resource 741f979c-e6bc-4a1c-beb7-710cd8ec9b3f (type: ports) to 2 [pid: 8|app: 0|req: 779/1591] 10.0.0.239 () {32 vars in 647 bytes} [Thu Jun 18 04:33:52 2026] GET /v2.0/subnets => generated 1908 bytes in 35 msecs (HTTP/1.1 200) 4 headers in 158 bytes (1 switches on core 0)
2026-06-18 04:33:52.374 7 INFO neutron_taas.services.taas.taas_plugin [None req-29e7ef72-bf5b-4bb2-80ff-24d04161d793 e88eed131b2a4d498e30df459cfbbfa3 53800dcb53ae43e8aa81b87f565ec3c9 - - default default] TaaS: Handle Delete Port: f707236e-0048-4ead-88ae-c6b6b0b1642f
2026-06-18 04:33:52.377 7 INFO neutron_taas.services.taas.tap_mirror_plugin [None req-29e7ef72-bf5b-4bb2-80ff-24d04161d793 e88eed131b2a4d498e30df459cfbbfa3 53800dcb53ae43e8aa81b87f565ec3c9 - - default default] Tap Mirror: Handle Delete Port: f707236e-0048-4ead-88ae-c6b6b0b1642f [pid: 8|app: 0|req: 780/1592] 10.0.0.239 () {32 vars in 724 bytes} [Thu Jun 18 04:33:52 2026] DELETE /v2.0/subnets/7a8df8c0-c4d0-4128-9f20-e5eb5fdc470e => generated 0 bytes in 152 msecs (HTTP/1.1 204) 3 headers in 131 bytes (1 switches on core 0) [pid: 8|app: 0|req: 781/1593] 10.0.0.239 () {32 vars in 724 bytes} [Thu Jun 18 04:33:52 2026] DELETE /v2.0/subnets/7a6414e9-15a6-49fa-8cca-cf3c5430e566 => generated 0 bytes in 169 msecs (HTTP/1.1 204) 3 headers in 131 bytes (1 switches on core 0) [pid: 8|app: 0|req: 782/1594] 10.0.0.239 () {32 vars in 647 bytes} [Thu Jun 18 04:33:52 2026] GET /v2.0/subnets => generated 649 bytes in 42 msecs (HTTP/1.1 200) 4 headers in 157 bytes (1 switches on core 0) [pid: 7|app: 0|req: 813/1595] 10.0.0.239 () {32 vars in 726 bytes} [Thu Jun 18 04:33:52 2026] DELETE /v2.0/networks/c8b6dc20-470c-4722-9eac-80daaa15e23f => generated 0 bytes in 413 msecs (HTTP/1.1 204) 3 headers in 131 bytes (1 switches on core 0) [pid: 8|app: 0|req: 783/1596] 10.0.0.239 () {32 vars in 717 bytes} [Thu Jun 18 04:33:52 2026] GET /v2.0/ports/741f979c-e6bc-4a1c-beb7-710cd8ec9b3f => generated 955 bytes in 43 msecs (HTTP/1.1 200) 4 headers in 157 bytes (1 switches on core 0)
2026-06-18 04:33:52.762 7 INFO neutron_taas.services.taas.taas_plugin [None req-0f89a716-ac9c-4560-990a-9d9e8e4ec248 34862ed5489446c89157b9aed970f5c0 c024aad3e08d4148a2fe7260a13814b2 - - default default] TaaS: Handle Delete Port: 50bd4cc6-6e14-43f4-9477-51acb4b0b48a
2026-06-18 04:33:52.766 7 INFO neutron_taas.services.taas.tap_mirror_plugin [None req-0f89a716-ac9c-4560-990a-9d9e8e4ec248 34862ed5489446c89157b9aed970f5c0 c024aad3e08d4148a2fe7260a13814b2 - - default default] Tap Mirror: Handle Delete Port: 50bd4cc6-6e14-43f4-9477-51acb4b0b48a
2026-06-18 04:33:52.976 8 INFO neutron_taas.services.taas.taas_plugin [None req-9b8fdc41-da1c-4f2d-b6d6-557937fdf4e0 2962a96c8e6a4f4e95a31b3c5d514999 0348477a4e8a4be583ce15c9954d4395 - - default default] TaaS: Handle Delete Port: 741f979c-e6bc-4a1c-beb7-710cd8ec9b3f
2026-06-18 04:33:52.996 8 INFO neutron_taas.services.taas.tap_mirror_plugin [None req-9b8fdc41-da1c-4f2d-b6d6-557937fdf4e0 2962a96c8e6a4f4e95a31b3c5d514999 0348477a4e8a4be583ce15c9954d4395 - - default default] Tap Mirror: Handle Delete Port: 741f979c-e6bc-4a1c-beb7-710cd8ec9b3f [pid: 7|app: 0|req: 814/1597] 10.0.0.239 () {32 vars in 726 bytes} [Thu Jun 18 04:33:52 2026] DELETE /v2.0/networks/edfb8b18-0410-46c2-b9fd-d99ac9a89c6e => generated 0 bytes in 385 msecs (HTTP/1.1 204) 3 headers in 131 bytes (1 switches on core 0)
2026-06-18 04:33:53.063 7 INFO neutron.services.segments.plugin [-] Segment bc90aa58-7e4a-4f82-a4df-4373fc0a4c17 resource provider aggregate not found
2026-06-18 04:33:53.086 7 INFO neutron.services.segments.plugin [-] Segment bc90aa58-7e4a-4f82-a4df-4373fc0a4c17 resource provider aggregate not found
2026-06-18 04:33:53.093 7 INFO neutron.services.segments.plugin [-] Segment bc90aa58-7e4a-4f82-a4df-4373fc0a4c17 resource provider not found; error: Placement Client Error (4xx): {"errors": [{"status": 404, "title": "Not Found", "detail": "The resource could not be found.\n\n No resource provider with uuid bc90aa58-7e4a-4f82-a4df-4373fc0a4c17 found for delete ", "request_id": "req-b11ddee5-bdfb-4ce8-bf96-5d377a59447a"}]}
2026-06-18 04:33:53.103 7 INFO neutron.services.segments.plugin [-] Segment bc90aa58-7e4a-4f82-a4df-4373fc0a4c17 resource provider not found; error: Placement Client Error (4xx): {"errors": [{"status": 404, "title": "Not Found", "detail": "The resource could not be found.\n\n No resource provider with uuid bc90aa58-7e4a-4f82-a4df-4373fc0a4c17 found for delete ", "request_id": "req-ea8d02fd-01e4-4ca7-aa55-4a7db8805a19"}]}
2026-06-18 04:33:53.110 7 INFO neutron.services.segments.plugin [-] Segment 7b4f997a-ffb3-416e-abae-15d26ace4cc3 resource provider aggregate not found
2026-06-18 04:33:53.131 7 INFO neutron.services.segments.plugin [-] Segment 7b4f997a-ffb3-416e-abae-15d26ace4cc3 resource provider aggregate not found
2026-06-18 04:33:53.147 7 INFO neutron.services.segments.plugin [-] Segment 7b4f997a-ffb3-416e-abae-15d26ace4cc3 resource provider not found; error: Placement Client Error (4xx): {"errors": [{"status": 404, "title": "Not Found", "detail": "The resource could not be found.\n\n No resource provider with uuid 7b4f997a-ffb3-416e-abae-15d26ace4cc3 found for delete ", "request_id": "req-6ff5567a-297c-4e09-a25d-6d8850b81053"}]}
2026-06-18 04:33:53.150 7 INFO neutron.services.segments.plugin [-] Segment 7b4f997a-ffb3-416e-abae-15d26ace4cc3 resource provider not found; error: Placement Client Error (4xx): {"errors": [{"status": 404, "title": "Not Found", "detail": "The resource could not be found.\n\n No resource provider with uuid 7b4f997a-ffb3-416e-abae-15d26ace4cc3 found for delete ", "request_id": "req-42605831-13f5-4aec-87e5-29b6aacb230b"}]}
2026-06-18 04:33:53.178 7 INFO neutron_taas.services.taas.taas_plugin [None req-4e8e2a13-63d6-426f-907e-11a1c1112baa 34862ed5489446c89157b9aed970f5c0 c024aad3e08d4148a2fe7260a13814b2 - - default default] TaaS: Handle Delete Port: 29e8629e-2df0-485d-8a8e-ccb88d1dd096
