2026-06-26 04:47:11.528 10 INFO neutron.services.segments.plugin [-] Segment d3875a08-b723-469b-87bd-f69de927604b resource provider not found; error: Placement Client Error (4xx): {"errors": [{"status": 404, "title": "Not Found", "detail": "The resource could not be found.\n\n No resource provider with uuid d3875a08-b723-469b-87bd-f69de927604b found for delete ", "request_id": "req-6bb7c693-5c5d-46c2-824e-45bc4db705b6"}]}
2026-06-26 04:47:11.531 10 INFO neutron.services.segments.plugin [-] Segment d3875a08-b723-469b-87bd-f69de927604b resource provider not found; error: Placement Client Error (4xx): {"errors": [{"status": 404, "title": "Not Found", "detail": "The resource could not be found.\n\n No resource provider with uuid d3875a08-b723-469b-87bd-f69de927604b found for delete ", "request_id": "req-9986a00d-6c38-43e8-ae53-348185f0af08"}]}
2026-06-26 04:47:11.542 10 INFO neutron.api.wsgi [None req-6fd946f4-427c-45fa-b13d-7ed8fd4da629 158b7729050a495984523bc1f87691ef 4568e1db581344cf85756397d929f73d - - default default] 10.0.0.160 "DELETE /v2.0/security-groups/17da83f8-c566-4203-bf92-193491db6e06 HTTP/1.1" status: 204 len: 168 time: 0.2255111
2026-06-26 04:47:11.700 9 INFO neutron.db.ovn_revision_numbers_db [None req-b9583918-5b73-4ea4-a197-85ffb7daae0a - - - - - -] Successfully bumped revision number for resource 97bdfce4-0b54-4913-96fe-8b3ec6fe51f3 (type: ports) to 2
2026-06-26 04:47:11.729 9 INFO neutron.db.ovn_revision_numbers_db [None req-b9583918-5b73-4ea4-a197-85ffb7daae0a - - - - - -] Successfully bumped revision number for resource fd700a8e-5603-40ce-bdf7-07bcf0ac04a5 (type: subnets) to 0
2026-06-26 04:47:11.746 9 INFO neutron.api.wsgi [None req-e5d2b658-b444-4be3-8173-79cef41d9381 158b7729050a495984523bc1f87691ef 4568e1db581344cf85756397d929f73d - - default default] 10.0.0.160 "POST /v2.0/subnets HTTP/1.1" status: 201 len: 897 time: 0.6517613
2026-06-26 04:47:12.046 10 INFO neutron.api.wsgi [req-3e706e4e-cbc8-45ed-9267-010d4326f5a7 req-1bcbeb60-c8b5-4f31-8420-7aa1b6bf85ac 29277bb024a04acca0bbd4f4c568e739 02e9dd36c72349c8b8f402949676fc83 - - default default] 10.0.0.78 "GET /v2.0/ports?device_id=e3b0f975-0b45-4250-bc8e-b7ca4d5ce645 HTTP/1.1" status: 200 len: 210 time: 0.0205784
2026-06-26 04:47:12.145 9 WARNING neutron.scheduler.dhcp_agent_scheduler [None req-50fc7d8a-72c5-4ca3-8444-06fc0add2a98 158b7729050a495984523bc1f87691ef 4568e1db581344cf85756397d929f73d - - default default] No more DHCP agents
2026-06-26 04:47:12.146 9 WARNING neutron.api.rpc.agentnotifiers.dhcp_rpc_agent_api [None req-50fc7d8a-72c5-4ca3-8444-06fc0add2a98 158b7729050a495984523bc1f87691ef 4568e1db581344cf85756397d929f73d - - default default] Unable to schedule network 11789b96-5912-42f6-902a-d4b9fa3b0e1f: no agents available; will retry on subsequent port and subnet creation events.
2026-06-26 04:47:12.256 9 INFO neutron.db.ovn_revision_numbers_db [None req-50fc7d8a-72c5-4ca3-8444-06fc0add2a98 158b7729050a495984523bc1f87691ef 4568e1db581344cf85756397d929f73d - - default default] Successfully bumped revision number for resource 25c29287-57f0-4068-9c0f-cf680a12c765 (type: ports) to 1
2026-06-26 04:47:12.821 9 INFO neutron.plugins.ml2.drivers.ovn.mech_driver.ovsdb.commands [None req-15cfe4f7-b95a-479b-af0d-2a12cce005cb - - - - - -] Schedule LRP lrp-25c29287-57f0-4068-9c0f-cf680a12c765 on gateway 1c8134a9-393d-445c-b5c7-51a2b32003e3 with priority 1
2026-06-26 04:47:12.829 10 INFO neutron.plugins.ml2.drivers.ovn.mech_driver.mech_driver [None req-352a25ba-b9d5-4c2a-a544-e5dfdd719dd5 - - - - - -] OVN reports status up for port: 25c29287-57f0-4068-9c0f-cf680a12c765
2026-06-26 04:47:12.835 10 INFO neutron.plugins.ml2.plugin [None req-352a25ba-b9d5-4c2a-a544-e5dfdd719dd5 - - - - - -] Attempt 1 to provision port 25c29287-57f0-4068-9c0f-cf680a12c765
2026-06-26 04:47:12.848 9 INFO neutron.plugins.ml2.drivers.ovn.mech_driver.ovsdb.ovsdb_monitor [None req-7171b9cc-943a-45fd-b935-89fe5c874479 - - - - - -] Router 09630e86-2857-40a3-8ea0-e9347b7d317b is bound to host instance
2026-06-26 04:47:12.885 9 INFO neutron.db.ovn_revision_numbers_db [None req-50fc7d8a-72c5-4ca3-8444-06fc0add2a98 158b7729050a495984523bc1f87691ef 4568e1db581344cf85756397d929f73d - - default default] Successfully bumped revision number for resource 25c29287-57f0-4068-9c0f-cf680a12c765 (type: router_ports) to 1
2026-06-26 04:47:12.990 9 INFO neutron.db.ovn_revision_numbers_db [None req-50fc7d8a-72c5-4ca3-8444-06fc0add2a98 158b7729050a495984523bc1f87691ef 4568e1db581344cf85756397d929f73d - - default default] Successfully bumped revision number for resource 09630e86-2857-40a3-8ea0-e9347b7d317b (type: routers) to 2
2026-06-26 04:47:13.010 9 INFO neutron.api.wsgi [None req-50fc7d8a-72c5-4ca3-8444-06fc0add2a98 158b7729050a495984523bc1f87691ef 4568e1db581344cf85756397d929f73d - - default default] 10.0.0.160 "POST /v2.0/routers HTTP/1.1" status: 201 len: 1175 time: 1.2576444
2026-06-26 04:47:13.201 10 INFO neutron.api.wsgi [req-4f30e335-0f97-44c4-b251-591c19a5b534 req-42fc9b78-c576-46ab-b647-d35225871fd4 29277bb024a04acca0bbd4f4c568e739 02e9dd36c72349c8b8f402949676fc83 - - default default] 10.0.0.78 "GET /v2.0/ports?device_id=e3b0f975-0b45-4250-bc8e-b7ca4d5ce645 HTTP/1.1" status: 200 len: 210 time: 0.0193250
2026-06-26 04:47:13.384 10 WARNING neutron_lib.context [None req-f072a201-2106-4182-92fa-94e144c6edac c83cb918a7004256a731cd29049bb56e d40d73995e3848d39cdddc9e919882ee - - default default] Method 'is_advsvc' is deprecated since 2023.2 release (neutron-lib 3.8.0) and will be removed once support for the old RBAC API policies will be removed from Neutron. Please use method 'is_service_role' instead.
2026-06-26 04:47:13.384 10 WARNING neutron_lib.context [None req-f072a201-2106-4182-92fa-94e144c6edac c83cb918a7004256a731cd29049bb56e d40d73995e3848d39cdddc9e919882ee - - default default] Method 'is_advsvc' is deprecated since 2023.2 release (neutron-lib 3.8.0) and will be removed once support for the old RBAC API policies will be removed from Neutron. Please use method 'is_service_role' instead.
2026-06-26 04:47:13.471 9 INFO neutron.db.ovn_revision_numbers_db [None req-5b5870ac-38d4-4016-9069-0faa87f17104 - - - - - -] Successfully bumped revision number for resource 25c29287-57f0-4068-9c0f-cf680a12c765 (type: ports) to 1
2026-06-26 04:47:13.513 10 INFO neutron.db.ovn_revision_numbers_db [None req-2dfd3b9e-d09f-437a-9228-806b2ad4f559 158b7729050a495984523bc1f87691ef 4568e1db581344cf85756397d929f73d - - default default] Successfully bumped revision number for resource 1e9d11fb-64fd-4f30-90c6-13fa4ab47582 (type: security_groups) to 1
2026-06-26 04:47:13.525 10 INFO neutron.db.ovn_revision_numbers_db [None req-f072a201-2106-4182-92fa-94e144c6edac c83cb918a7004256a731cd29049bb56e d40d73995e3848d39cdddc9e919882ee - - default default] Successfully bumped revision number for resource f261bde6-3bb9-448b-aa92-d3c62ede8c55 (type: security_groups) to 1
2026-06-26 04:47:13.531 10 INFO neutron.db.ovn_revision_numbers_db [None req-2dfd3b9e-d09f-437a-9228-806b2ad4f559 158b7729050a495984523bc1f87691ef 4568e1db581344cf85756397d929f73d - - default default] Successfully bumped revision number for resource 1686d63a-7683-4ddf-a3c6-393f9206a3dd (type: security_group_rules) to 0
2026-06-26 04:47:13.537 10 INFO neutron.db.ovn_revision_numbers_db [None req-f072a201-2106-4182-92fa-94e144c6edac c83cb918a7004256a731cd29049bb56e d40d73995e3848d39cdddc9e919882ee - - default default] Successfully bumped revision number for resource 5a0bd5c2-3ed5-4b8b-9dd8-aa58cf1e2962 (type: security_group_rules) to 0
2026-06-26 04:47:13.541 10 INFO neutron.db.ovn_revision_numbers_db [None req-2dfd3b9e-d09f-437a-9228-806b2ad4f559 158b7729050a495984523bc1f87691ef 4568e1db581344cf85756397d929f73d - - default default] Successfully bumped revision number for resource 6a2d78dc-122e-4cc4-a0c8-9f9fd99f5d36 (type: security_group_rules) to 0
2026-06-26 04:47:13.549 10 INFO neutron.db.ovn_revision_numbers_db [None req-f072a201-2106-4182-92fa-94e144c6edac c83cb918a7004256a731cd29049bb56e d40d73995e3848d39cdddc9e919882ee - - default default] Successfully bumped revision number for resource 887c24a6-bb2d-4753-90c9-4fc90a09f207 (type: security_group_rules) to 0
2026-06-26 04:47:13.553 10 INFO neutron.db.ovn_revision_numbers_db [None req-2dfd3b9e-d09f-437a-9228-806b2ad4f559 158b7729050a495984523bc1f87691ef 4568e1db581344cf85756397d929f73d - - default default] Successfully bumped revision number for resource c56da038-fe6b-431e-938e-fd9e3650e24b (type: security_group_rules) to 0
2026-06-26 04:47:13.561 10 INFO neutron.db.ovn_revision_numbers_db [None req-f072a201-2106-4182-92fa-94e144c6edac c83cb918a7004256a731cd29049bb56e d40d73995e3848d39cdddc9e919882ee - - default default] Successfully bumped revision number for resource a50579b0-4474-4091-b38b-eef5edbf7f1f (type: security_group_rules) to 0
2026-06-26 04:47:13.568 10 INFO neutron.db.ovn_revision_numbers_db [None req-2dfd3b9e-d09f-437a-9228-806b2ad4f559 158b7729050a495984523bc1f87691ef 4568e1db581344cf85756397d929f73d - - default default] Successfully bumped revision number for resource cb5a84a5-4f69-4c23-bd96-527dfa569d42 (type: security_group_rules) to 0
2026-06-26 04:47:13.573 10 INFO neutron.db.ovn_revision_numbers_db [None req-f072a201-2106-4182-92fa-94e144c6edac c83cb918a7004256a731cd29049bb56e d40d73995e3848d39cdddc9e919882ee - - default default] Successfully bumped revision number for resource e3038e14-8897-41bf-ac07-584590383ebb (type: security_group_rules) to 0
2026-06-26 04:47:13.594 9 WARNING neutron.scheduler.dhcp_agent_scheduler [None req-5f76d311-8ba9-4446-8dcb-bdaae8589dd6 158b7729050a495984523bc1f87691ef 4568e1db581344cf85756397d929f73d - - default default] No more DHCP agents
2026-06-26 04:47:13.596 9 WARNING neutron.api.rpc.agentnotifiers.dhcp_rpc_agent_api [None req-5f76d311-8ba9-4446-8dcb-bdaae8589dd6 158b7729050a495984523bc1f87691ef 4568e1db581344cf85756397d929f73d - - default default] Unable to schedule network c59d8667-0db5-46c5-9806-9e63542707c2: no agents available; will retry on subsequent port and subnet creation events.
2026-06-26 04:47:13.640 10 INFO neutron.db.segments_db [None req-2dfd3b9e-d09f-437a-9228-806b2ad4f559 158b7729050a495984523bc1f87691ef 4568e1db581344cf85756397d929f73d - - default default] Added segment b04cde76-7fac-4f50-b2de-fdf26af234ca of type geneve for network 15f00c82-fc6b-440f-86e7-777165b51eaf
2026-06-26 04:47:13.661 10 INFO neutron.db.segments_db [None req-f072a201-2106-4182-92fa-94e144c6edac c83cb918a7004256a731cd29049bb56e d40d73995e3848d39cdddc9e919882ee - - default default] Added segment 0cb2f989-cc7b-4981-b0e1-dd7bdc1a8c4b of type geneve for network 6a2d3ed9-0782-4f76-9505-c988b2f4bd27
2026-06-26 04:47:13.725 9 INFO neutron.db.ovn_revision_numbers_db [None req-5f76d311-8ba9-4446-8dcb-bdaae8589dd6 158b7729050a495984523bc1f87691ef 4568e1db581344cf85756397d929f73d - - default default] Successfully bumped revision number for resource 00f22f73-cd03-4932-a322-ae9c612afc05 (type: ports) to 1
2026-06-26 04:47:13.775 10 INFO neutron.db.ovn_revision_numbers_db [None req-2dfd3b9e-d09f-437a-9228-806b2ad4f559 158b7729050a495984523bc1f87691ef 4568e1db581344cf85756397d929f73d - - default default] Successfully bumped revision number for resource 15f00c82-fc6b-440f-86e7-777165b51eaf (type: networks) to 1
2026-06-26 04:47:13.788 10 INFO neutron.db.segments_db [None req-f072a201-2106-4182-92fa-94e144c6edac c83cb918a7004256a731cd29049bb56e d40d73995e3848d39cdddc9e919882ee - - default default] Added segment 3af03504-9819-47f8-b545-59bb0064a5a0 of type geneve for network bd617c56-6015-48a2-b55e-84da4bf64947
2026-06-26 04:47:13.806 9 INFO neutron.db.ovn_revision_numbers_db [None req-5b5870ac-38d4-4016-9069-0faa87f17104 - - - - - -] Successfully bumped revision number for resource 25c29287-57f0-4068-9c0f-cf680a12c765 (type: ports) to 4
2026-06-26 04:47:13.917 10 INFO neutron.db.ovn_revision_numbers_db [None req-f072a201-2106-4182-92fa-94e144c6edac c83cb918a7004256a731cd29049bb56e d40d73995e3848d39cdddc9e919882ee - - default default] Successfully bumped revision number for resource 6a2d3ed9-0782-4f76-9505-c988b2f4bd27 (type: networks) to 1
2026-06-26 04:47:13.986 10 WARNING neutron.scheduler.dhcp_agent_scheduler [None req-2dfd3b9e-d09f-437a-9228-806b2ad4f559 158b7729050a495984523bc1f87691ef 4568e1db581344cf85756397d929f73d - - default default] No more DHCP agents
2026-06-26 04:47:13.992 10 WARNING neutron.api.rpc.agentnotifiers.dhcp_rpc_agent_api [None req-2dfd3b9e-d09f-437a-9228-806b2ad4f559 158b7729050a495984523bc1f87691ef 4568e1db581344cf85756397d929f73d - - default default] Unable to schedule network 15f00c82-fc6b-440f-86e7-777165b51eaf: no agents available; will retry on subsequent port and subnet creation events.
2026-06-26 04:47:14.093 10 INFO neutron.db.ovn_revision_numbers_db [None req-2dfd3b9e-d09f-437a-9228-806b2ad4f559 158b7729050a495984523bc1f87691ef 4568e1db581344cf85756397d929f73d - - default default] Successfully bumped revision number for resource 62dbd1a4-3a0a-4211-9a8e-d65349db2460 (type: ports) to 1
2026-06-26 04:47:14.120 10 INFO neutron.api.wsgi [None req-2dfd3b9e-d09f-437a-9228-806b2ad4f559 158b7729050a495984523bc1f87691ef 4568e1db581344cf85756397d929f73d - - default default] 10.0.0.160 "POST /v2.0/networks HTTP/1.1" status: 201 len: 945 time: 0.9134722
2026-06-26 04:47:14.149 10 WARNING neutron.scheduler.dhcp_agent_scheduler [None req-f072a201-2106-4182-92fa-94e144c6edac c83cb918a7004256a731cd29049bb56e d40d73995e3848d39cdddc9e919882ee - - default default] No more DHCP agents
2026-06-26 04:47:14.151 10 WARNING neutron.api.rpc.agentnotifiers.dhcp_rpc_agent_api [None req-f072a201-2106-4182-92fa-94e144c6edac c83cb918a7004256a731cd29049bb56e d40d73995e3848d39cdddc9e919882ee - - default default] Unable to schedule network 6a2d3ed9-0782-4f76-9505-c988b2f4bd27: no agents available; will retry on subsequent port and subnet creation events.
2026-06-26 04:47:14.174 9 INFO neutron.db.ovn_revision_numbers_db [None req-5b5870ac-38d4-4016-9069-0faa87f17104 - - - - - -] Successfully bumped revision number for resource 25c29287-57f0-4068-9c0f-cf680a12c765 (type: ports) to 5
2026-06-26 04:47:14.249 10 INFO neutron.db.ovn_revision_numbers_db [None req-f072a201-2106-4182-92fa-94e144c6edac c83cb918a7004256a731cd29049bb56e d40d73995e3848d39cdddc9e919882ee - - default default] Successfully bumped revision number for resource 91736996-79bf-4cae-90cd-6830d71a16f3 (type: ports) to 1
2026-06-26 04:47:14.305 10 INFO neutron.api.wsgi [req-b2b03fc3-a5dd-4ca3-acd3-e518025f4543 req-cd10b31c-b11d-49be-a5de-0899894b7782 29277bb024a04acca0bbd4f4c568e739 02e9dd36c72349c8b8f402949676fc83 - - default default] 10.0.0.78 "GET /v2.0/ports?device_id=e3b0f975-0b45-4250-bc8e-b7ca4d5ce645 HTTP/1.1" status: 200 len: 210 time: 0.0196044
2026-06-26 04:47:14.325 10 WARNING neutron.scheduler.dhcp_agent_scheduler [None req-53a1ceb3-cde0-42d5-9ec8-d6565151c5ad 158b7729050a495984523bc1f87691ef 4568e1db581344cf85756397d929f73d - - default default] No more DHCP agents
2026-06-26 04:47:14.326 10 WARNING neutron.api.rpc.agentnotifiers.dhcp_rpc_agent_api [None req-53a1ceb3-cde0-42d5-9ec8-d6565151c5ad 158b7729050a495984523bc1f87691ef 4568e1db581344cf85756397d929f73d - - default default] Unable to schedule network 15f00c82-fc6b-440f-86e7-777165b51eaf: no agents available; will retry on subsequent port and subnet creation events.
2026-06-26 04:47:14.327 10 INFO neutron.db.ovn_revision_numbers_db [None req-f072a201-2106-4182-92fa-94e144c6edac c83cb918a7004256a731cd29049bb56e d40d73995e3848d39cdddc9e919882ee - - default default] Successfully bumped revision number for resource bd617c56-6015-48a2-b55e-84da4bf64947 (type: networks) to 1
2026-06-26 04:47:14.366 9 INFO neutron.db.ovn_revision_numbers_db [None req-5f76d311-8ba9-4446-8dcb-bdaae8589dd6 158b7729050a495984523bc1f87691ef 4568e1db581344cf85756397d929f73d - - default default] Successfully bumped revision number for resource 00f22f73-cd03-4932-a322-ae9c612afc05 (type: ports) to 1
2026-06-26 04:47:14.415 9 WARNING neutron.scheduler.dhcp_agent_scheduler [None req-5f76d311-8ba9-4446-8dcb-bdaae8589dd6 158b7729050a495984523bc1f87691ef 4568e1db581344cf85756397d929f73d - - default default] No more DHCP agents
2026-06-26 04:47:14.416 9 WARNING neutron.api.rpc.agentnotifiers.dhcp_rpc_agent_api [None req-5f76d311-8ba9-4446-8dcb-bdaae8589dd6 158b7729050a495984523bc1f87691ef 4568e1db581344cf85756397d929f73d - - default default] Unable to schedule network c59d8667-0db5-46c5-9806-9e63542707c2: no agents available; will retry on subsequent port and subnet creation events.
2026-06-26 04:47:14.508 10 WARNING neutron.scheduler.dhcp_agent_scheduler [None req-f072a201-2106-4182-92fa-94e144c6edac c83cb918a7004256a731cd29049bb56e d40d73995e3848d39cdddc9e919882ee - - default default] No more DHCP agents
2026-06-26 04:47:14.510 10 WARNING neutron.api.rpc.agentnotifiers.dhcp_rpc_agent_api [None req-f072a201-2106-4182-92fa-94e144c6edac c83cb918a7004256a731cd29049bb56e d40d73995e3848d39cdddc9e919882ee - - default default] Unable to schedule network bd617c56-6015-48a2-b55e-84da4bf64947: no agents available; will retry on subsequent port and subnet creation events.
2026-06-26 04:47:14.601 10 INFO neutron.db.ovn_revision_numbers_db [None req-f072a201-2106-4182-92fa-94e144c6edac c83cb918a7004256a731cd29049bb56e d40d73995e3848d39cdddc9e919882ee - - default default] Successfully bumped revision number for resource 404683e5-41de-4c64-9e32-6e424178ab63 (type: ports) to 1
2026-06-26 04:47:14.626 10 INFO neutron.api.wsgi [None req-f072a201-2106-4182-92fa-94e144c6edac c83cb918a7004256a731cd29049bb56e d40d73995e3848d39cdddc9e919882ee - - default default] 10.0.0.160 "POST /v2.0/networks HTTP/1.1" status: 201 len: 1446 time: 1.2839637
2026-06-26 04:47:14.703 9 INFO neutron.api.wsgi [None req-6f369a6f-f700-42d6-afd1-924e39df1b56 c83cb918a7004256a731cd29049bb56e d40d73995e3848d39cdddc9e919882ee - - default default] 10.0.0.160 "GET /v2.0/networks HTTP/1.1" status: 200 len: 2052 time: 0.0719028
2026-06-26 04:47:14.774 10 INFO neutron.db.ovn_revision_numbers_db [None req-fcb5b4cb-1563-4cc5-b506-2ab243ad7f89 - - - - - -] Successfully bumped revision number for resource 62dbd1a4-3a0a-4211-9a8e-d65349db2460 (type: ports) to 2
2026-06-26 04:47:14.803 10 INFO neutron.db.ovn_revision_numbers_db [None req-fcb5b4cb-1563-4cc5-b506-2ab243ad7f89 - - - - - -] Successfully bumped revision number for resource 30bcd486-0c41-4d04-aaa0-331edcf7b903 (type: subnets) to 0
2026-06-26 04:47:14.818 10 INFO neutron.api.wsgi [None req-53a1ceb3-cde0-42d5-9ec8-d6565151c5ad 158b7729050a495984523bc1f87691ef 4568e1db581344cf85756397d929f73d - - default default] 10.0.0.160 "POST /v2.0/subnets HTTP/1.1" status: 201 len: 889 time: 0.6920810
2026-06-26 04:47:14.995 9 INFO neutron.db.ovn_revision_numbers_db [None req-5f76d311-8ba9-4446-8dcb-bdaae8589dd6 158b7729050a495984523bc1f87691ef 4568e1db581344cf85756397d929f73d - - default default] Successfully bumped revision number for resource 00f22f73-cd03-4932-a322-ae9c612afc05 (type: router_ports) to 1
2026-06-26 04:47:15.004 9 INFO neutron.api.wsgi [None req-5f76d311-8ba9-4446-8dcb-bdaae8589dd6 158b7729050a495984523bc1f87691ef 4568e1db581344cf85756397d929f73d - - default default] 10.0.0.160 "PUT /v2.0/routers/09630e86-2857-40a3-8ea0-e9347b7d317b/add_router_interface HTTP/1.1" status: 200 len: 503 time: 1.9890726
2026-06-26 04:47:15.083 9 INFO neutron.services.segments.plugin [-] Segment 0cb2f989-cc7b-4981-b0e1-dd7bdc1a8c4b resource provider aggregate not found
2026-06-26 04:47:15.088 9 INFO neutron.services.segments.plugin [-] Segment 0cb2f989-cc7b-4981-b0e1-dd7bdc1a8c4b resource provider aggregate not found
2026-06-26 04:47:15.099 9 INFO neutron.services.segments.plugin [-] Segment 0cb2f989-cc7b-4981-b0e1-dd7bdc1a8c4b resource provider not found; error: Placement Client Error (4xx): {"errors": [{"status": 404, "title": "Not Found", "detail": "The resource could not be found.\n\n No resource provider with uuid 0cb2f989-cc7b-4981-b0e1-dd7bdc1a8c4b found for delete ", "request_id": "req-155a9889-248a-4841-83e7-5afc7c6a11d0"}]}
2026-06-26 04:47:15.100 9 INFO neutron.services.segments.plugin [-] Segment 0cb2f989-cc7b-4981-b0e1-dd7bdc1a8c4b resource provider not found; error: Placement Client Error (4xx): {"errors": [{"status": 404, "title": "Not Found", "detail": "The resource could not be found.\n\n No resource provider with uuid 0cb2f989-cc7b-4981-b0e1-dd7bdc1a8c4b found for delete ", "request_id": "req-f0426401-a839-4dfd-9c5c-1ab049bc684e"}]}
2026-06-26 04:47:15.145 9 INFO neutron.api.wsgi [None req-f8252ebd-d4e2-420b-99c5-73c1ee72da06 c83cb918a7004256a731cd29049bb56e d40d73995e3848d39cdddc9e919882ee - - default default] 10.0.0.160 "DELETE /v2.0/networks/6a2d3ed9-0782-4f76-9505-c988b2f4bd27 HTTP/1.1" status: 204 len: 168 time: 0.4351842
2026-06-26 04:47:15.298 10 WARNING neutron.scheduler.dhcp_agent_scheduler [None req-ebc340e3-1a11-4f76-9b8d-69b3ae053bc5 158b7729050a495984523bc1f87691ef 4568e1db581344cf85756397d929f73d - - default default] No more DHCP agents
2026-06-26 04:47:15.299 10 WARNING neutron.api.rpc.agentnotifiers.dhcp_rpc_agent_api [None req-ebc340e3-1a11-4f76-9b8d-69b3ae053bc5 158b7729050a495984523bc1f87691ef 4568e1db581344cf85756397d929f73d - - default default] Unable to schedule network 11789b96-5912-42f6-902a-d4b9fa3b0e1f: no agents available; will retry on subsequent port and subnet creation events.
2026-06-26 04:47:15.384 10 INFO neutron.api.wsgi [req-ff1505b4-113c-4299-ac98-fec19c7a6029 req-0e12e5ce-dfc4-47a9-ab56-2acc42556d0c 29277bb024a04acca0bbd4f4c568e739 02e9dd36c72349c8b8f402949676fc83 - - default default] 10.0.0.78 "GET /v2.0/ports?device_id=e3b0f975-0b45-4250-bc8e-b7ca4d5ce645 HTTP/1.1" status: 200 len: 210 time: 0.0214038
2026-06-26 04:47:15.419 10 INFO neutron.db.ovn_revision_numbers_db [None req-ebc340e3-1a11-4f76-9b8d-69b3ae053bc5 158b7729050a495984523bc1f87691ef 4568e1db581344cf85756397d929f73d - - default default] Successfully bumped revision number for resource 83058195-45ec-4f42-aa50-6726fc54e794 (type: ports) to 1
2026-06-26 04:47:15.451 9 INFO neutron.api.wsgi [None req-d9cbe373-87f7-4c12-a5ac-eef0d4cc8c0d c83cb918a7004256a731cd29049bb56e d40d73995e3848d39cdddc9e919882ee - - default default] 10.0.0.160 "DELETE /v2.0/networks/bd617c56-6015-48a2-b55e-84da4bf64947 HTTP/1.1" status: 204 len: 168 time: 0.2976115
2026-06-26 04:47:15.497 9 INFO neutron.api.wsgi [None req-34397e40-7919-40a5-817e-28fb04c7be70 c83cb918a7004256a731cd29049bb56e d40d73995e3848d39cdddc9e919882ee - - default default] 10.0.0.160 "GET /v2.0/networks HTTP/1.1" status: 200 len: 845 time: 0.0410547
2026-06-26 04:47:15.506 9 WARNING neutron_lib.context [None req-4db2fdf1-1d1d-437e-8051-359a8311d89d c83cb918a7004256a731cd29049bb56e d40d73995e3848d39cdddc9e919882ee - - default default] Method 'is_advsvc' is deprecated since 2023.2 release (neutron-lib 3.8.0) and will be removed once support for the old RBAC API policies will be removed from Neutron. Please use method 'is_service_role' instead.
2026-06-26 04:47:15.514 9 WARNING neutron_lib.context [None req-029cc831-e0d6-4f70-acd1-eebfa6cdafb5 0e302c40e162484e87a40c51ead5d20b 8d913a222f4d467e808350c1468681ab - - default default] Method 'is_advsvc' is deprecated since 2023.2 release (neutron-lib 3.8.0) and will be removed once support for the old RBAC API policies will be removed from Neutron. Please use method 'is_service_role' instead.
2026-06-26 04:47:15.605 9 INFO neutron.db.segments_db [None req-4db2fdf1-1d1d-437e-8051-359a8311d89d c83cb918a7004256a731cd29049bb56e d40d73995e3848d39cdddc9e919882ee - - default default] Added segment 27705186-46b2-49dc-a95c-63bc5cd2ccf7 of type geneve for network f49edb2f-cb3d-4efd-8085-c5341f3cdaed
2026-06-26 04:47:15.631 9 INFO neutron.db.ovn_revision_numbers_db [None req-029cc831-e0d6-4f70-acd1-eebfa6cdafb5 0e302c40e162484e87a40c51ead5d20b 8d913a222f4d467e808350c1468681ab - - default default] Successfully bumped revision number for resource 93c84dcb-7089-4fa5-8081-3d2b13e4c49d (type: security_groups) to 1
2026-06-26 04:47:15.643 10 INFO neutron.plugins.ml2.drivers.ovn.mech_driver.mech_driver [None req-352a25ba-b9d5-4c2a-a544-e5dfdd719dd5 - - - - - -] OVN reports status up for port: 00f22f73-cd03-4932-a322-ae9c612afc05
2026-06-26 04:47:15.654 10 INFO neutron.plugins.ml2.plugin [None req-352a25ba-b9d5-4c2a-a544-e5dfdd719dd5 - - - - - -] Attempt 1 to provision port 00f22f73-cd03-4932-a322-ae9c612afc05
2026-06-26 04:47:15.658 9 INFO neutron.db.ovn_revision_numbers_db [None req-029cc831-e0d6-4f70-acd1-eebfa6cdafb5 0e302c40e162484e87a40c51ead5d20b 8d913a222f4d467e808350c1468681ab - - default default] Successfully bumped revision number for resource 1a80c191-cbd8-48bc-becf-34f7a557b9f2 (type: security_group_rules) to 0
2026-06-26 04:47:15.681 9 INFO neutron.db.ovn_revision_numbers_db [None req-029cc831-e0d6-4f70-acd1-eebfa6cdafb5 0e302c40e162484e87a40c51ead5d20b 8d913a222f4d467e808350c1468681ab - - default default] Successfully bumped revision number for resource 92d5fe4e-ef74-41b8-82a5-eded3836acf9 (type: security_group_rules) to 0
2026-06-26 04:47:15.765 9 INFO neutron.api.wsgi [None req-029cc831-e0d6-4f70-acd1-eebfa6cdafb5 0e302c40e162484e87a40c51ead5d20b 8d913a222f4d467e808350c1468681ab - - default default] 10.0.0.160 "POST /v2.0/security-groups HTTP/1.1" status: 201 len: 1859 time: 0.2557590
2026-06-26 04:47:15.777 10 WARNING neutron_lib.context [None req-acabff36-18b8-4fc1-875d-187715cf7e4f 0e302c40e162484e87a40c51ead5d20b 8d913a222f4d467e808350c1468681ab - - default default] Method 'is_advsvc' is deprecated since 2023.2 release (neutron-lib 3.8.0) and will be removed once support for the old RBAC API policies will be removed from Neutron. Please use method 'is_service_role' instead.
2026-06-26 04:47:15.789 9 INFO neutron.api.wsgi [req-d41ab82e-3fb8-4c06-9fba-a07651a64d1a req-f37f5113-53d7-4cc6-bb13-12fb9638c409 29277bb024a04acca0bbd4f4c568e739 02e9dd36c72349c8b8f402949676fc83 - - default default] 199.204.45.115 "GET /v2.0/networks?id=d1fc3de3-36d0-4102-ba58-b895fd51e789 HTTP/1.1" status: 200 len: 879 time: 0.1434722
2026-06-26 04:47:15.795 9 INFO neutron.db.ovn_revision_numbers_db [None req-4db2fdf1-1d1d-437e-8051-359a8311d89d c83cb918a7004256a731cd29049bb56e d40d73995e3848d39cdddc9e919882ee - - default default] Successfully bumped revision number for resource f49edb2f-cb3d-4efd-8085-c5341f3cdaed (type: networks) to 1
2026-06-26 04:47:15.870 9 INFO neutron.api.wsgi [req-d41ab82e-3fb8-4c06-9fba-a07651a64d1a req-79a46471-2847-4a5f-b995-bfb081dea736 29277bb024a04acca0bbd4f4c568e739 02e9dd36c72349c8b8f402949676fc83 - - default default] 199.204.45.115 "GET /v2.0/security-groups?fields=id&fields=name&tenant_id=02e9dd36c72349c8b8f402949676fc83 HTTP/1.1" status: 200 len: 379 time: 0.0510664
2026-06-26 04:47:15.891 9 WARNING neutron_lib.context [req-d41ab82e-3fb8-4c06-9fba-a07651a64d1a req-4e8214be-cb9e-4ed7-b76e-455814ef2388 29277bb024a04acca0bbd4f4c568e739 02e9dd36c72349c8b8f402949676fc83 - - default default] Method 'is_advsvc' is deprecated since 2023.2 release (neutron-lib 3.8.0) and will be removed once support for the old RBAC API policies will be removed from Neutron. Please use method 'is_service_role' instead.
2026-06-26 04:47:16.222 9 WARNING neutron.scheduler.dhcp_agent_scheduler [None req-4db2fdf1-1d1d-437e-8051-359a8311d89d c83cb918a7004256a731cd29049bb56e d40d73995e3848d39cdddc9e919882ee - - default default] No more DHCP agents
2026-06-26 04:47:16.223 9 WARNING neutron.api.rpc.agentnotifiers.dhcp_rpc_agent_api [None req-4db2fdf1-1d1d-437e-8051-359a8311d89d c83cb918a7004256a731cd29049bb56e d40d73995e3848d39cdddc9e919882ee - - default default] Unable to schedule network f49edb2f-cb3d-4efd-8085-c5341f3cdaed: no agents available; will retry on subsequent port and subnet creation events.
2026-06-26 04:47:16.266 10 INFO neutron.db.ovn_revision_numbers_db [None req-acabff36-18b8-4fc1-875d-187715cf7e4f 0e302c40e162484e87a40c51ead5d20b 8d913a222f4d467e808350c1468681ab - - default default] Successfully bumped revision number for resource f418fb2a-3b87-418f-b2d5-3674b796641a (type: security_group_rules) to 0
2026-06-26 04:47:16.300 9 INFO neutron.db.ovn_revision_numbers_db [None req-4db2fdf1-1d1d-437e-8051-359a8311d89d c83cb918a7004256a731cd29049bb56e d40d73995e3848d39cdddc9e919882ee - - default default] Successfully bumped revision number for resource f41eead8-9fc8-4ac0-967f-76e0f98a3667 (type: ports) to 1
2026-06-26 04:47:16.312 10 INFO neutron.api.wsgi [None req-acabff36-18b8-4fc1-875d-187715cf7e4f 0e302c40e162484e87a40c51ead5d20b 8d913a222f4d467e808350c1468681ab - - default default] 10.0.0.160 "POST /v2.0/security-group-rules HTTP/1.1" status: 201 len: 796 time: 0.5407627
2026-06-26 04:47:16.324 9 WARNING neutron_lib.context [None req-0aab2ce0-a858-495d-b432-acc2a69f999b 0e302c40e162484e87a40c51ead5d20b 8d913a222f4d467e808350c1468681ab - - default default] Method 'is_advsvc' is deprecated since 2023.2 release (neutron-lib 3.8.0) and will be removed once support for the old RBAC API policies will be removed from Neutron. Please use method 'is_service_role' instead.
2026-06-26 04:47:16.329 9 INFO neutron.api.wsgi [None req-4db2fdf1-1d1d-437e-8051-359a8311d89d c83cb918a7004256a731cd29049bb56e d40d73995e3848d39cdddc9e919882ee - - default default] 10.0.0.160 "POST /v2.0/networks HTTP/1.1" status: 201 len: 853 time: 0.8254373 /var/lib/openstack/lib/python3.12/site-packages/pycadf/identifier.py:71: UserWarning: Invalid uuid: neutron. To ensure interoperability, identifiers should be a valid uuid. warnings.warn(('Invalid uuid: %s. To ensure interoperability, '
2026-06-26 04:47:16.340 9 WARNING neutron_lib.context [None req-7c5469dc-400b-4b58-9751-8864bfbf4c6d c83cb918a7004256a731cd29049bb56e d40d73995e3848d39cdddc9e919882ee - - default default] Method 'is_advsvc' is deprecated since 2023.2 release (neutron-lib 3.8.0) and will be removed once support for the old RBAC API policies will be removed from Neutron. Please use method 'is_service_role' instead.
2026-06-26 04:47:16.354 10 INFO neutron.plugins.ml2.drivers.ovn.mech_driver.ovsdb.commands [None req-1ba8fd88-e200-4d31-8584-df0588196f8d - - - - - -] Schedule LRP lrp-83058195-45ec-4f42-aa50-6726fc54e794 on gateway 1c8134a9-393d-445c-b5c7-51a2b32003e3 with priority 1
2026-06-26 04:47:16.370 9 INFO neutron.plugins.ml2.drivers.ovn.mech_driver.mech_driver [None req-b431e4d4-c0c0-4895-84e9-71f92a0c0fa2 - - - - - -] OVN reports status up for port: 83058195-45ec-4f42-aa50-6726fc54e794
2026-06-26 04:47:16.377 9 INFO neutron.plugins.ml2.drivers.ovn.mech_driver.ovsdb.ovsdb_monitor [None req-5b5870ac-38d4-4016-9069-0faa87f17104 - - - - - -] Router a3ccd183-19e8-49e4-8e5a-81509bf9920c is bound to host instance
2026-06-26 04:47:16.405 9 INFO neutron.plugins.ml2.plugin [None req-b431e4d4-c0c0-4895-84e9-71f92a0c0fa2 - - - - - -] Attempt 1 to provision port 83058195-45ec-4f42-aa50-6726fc54e794
2026-06-26 04:47:16.408 9 WARNING neutron.scheduler.dhcp_agent_scheduler [req-d41ab82e-3fb8-4c06-9fba-a07651a64d1a req-4e8214be-cb9e-4ed7-b76e-455814ef2388 29277bb024a04acca0bbd4f4c568e739 02e9dd36c72349c8b8f402949676fc83 - - default default] No more DHCP agents
2026-06-26 04:47:16.413 9 WARNING neutron.api.rpc.agentnotifiers.dhcp_rpc_agent_api [req-d41ab82e-3fb8-4c06-9fba-a07651a64d1a req-4e8214be-cb9e-4ed7-b76e-455814ef2388 29277bb024a04acca0bbd4f4c568e739 02e9dd36c72349c8b8f402949676fc83 - - default default] Unable to schedule network d1fc3de3-36d0-4102-ba58-b895fd51e789: no agents available; will retry on subsequent port and subnet creation events.
2026-06-26 04:47:16.418 10 INFO neutron.db.ovn_revision_numbers_db [None req-ebc340e3-1a11-4f76-9b8d-69b3ae053bc5 158b7729050a495984523bc1f87691ef 4568e1db581344cf85756397d929f73d - - default default] Successfully bumped revision number for resource 83058195-45ec-4f42-aa50-6726fc54e794 (type: router_ports) to 1
2026-06-26 04:47:16.492 10 INFO neutron.db.ovn_revision_numbers_db [None req-352a25ba-b9d5-4c2a-a544-e5dfdd719dd5 - - - - - -] Successfully bumped revision number for resource 00f22f73-cd03-4932-a322-ae9c612afc05 (type: ports) to 2
2026-06-26 04:47:16.516 10 INFO neutron.db.ovn_revision_numbers_db [None req-ebc340e3-1a11-4f76-9b8d-69b3ae053bc5 158b7729050a495984523bc1f87691ef 4568e1db581344cf85756397d929f73d - - default default] Successfully bumped revision number for resource a3ccd183-19e8-49e4-8e5a-81509bf9920c (type: routers) to 2
2026-06-26 04:47:16.516 9 INFO neutron.db.segments_db [None req-7c5469dc-400b-4b58-9751-8864bfbf4c6d c83cb918a7004256a731cd29049bb56e d40d73995e3848d39cdddc9e919882ee - - default default] Added segment c57c1a0e-9cce-4aa9-9d97-b82ea0d3214f of type geneve for network 04c0f32f-c77f-448e-bb5f-5e81a29403da
2026-06-26 04:47:16.520 10 INFO neutron.api.wsgi [req-8c65a94f-5cdb-4ca3-b105-66fac007cc09 req-8c0810c3-93c9-4e9b-8b25-b8352e30d647 29277bb024a04acca0bbd4f4c568e739 02e9dd36c72349c8b8f402949676fc83 - - default default] 10.0.0.78 "GET /v2.0/ports?device_id=e3b0f975-0b45-4250-bc8e-b7ca4d5ce645 HTTP/1.1" status: 200 len: 1156 time: 0.0751050
2026-06-26 04:47:16.539 10 INFO neutron.api.wsgi [None req-ebc340e3-1a11-4f76-9b8d-69b3ae053bc5 158b7729050a495984523bc1f87691ef 4568e1db581344cf85756397d929f73d - - default default] 10.0.0.160 "POST /v2.0/routers HTTP/1.1" status: 201 len: 1167 time: 1.7078006
2026-06-26 04:47:16.594 10 INFO neutron.api.wsgi [req-8c65a94f-5cdb-4ca3-b105-66fac007cc09 req-6ccbca7f-52dc-48f4-aaeb-fa724c840fec 29277bb024a04acca0bbd4f4c568e739 02e9dd36c72349c8b8f402949676fc83 - - default default] 10.0.0.78 "GET /v2.0/security-groups?id=cd4d8b7c-a641-4d4a-9072-364c96eebd6a&fields=id&fields=name HTTP/1.1" status: 200 len: 312 time: 0.0683420
2026-06-26 04:47:16.678 9 INFO neutron.db.ovn_revision_numbers_db [None req-0aab2ce0-a858-495d-b432-acc2a69f999b 0e302c40e162484e87a40c51ead5d20b 8d913a222f4d467e808350c1468681ab - - default default] Successfully bumped revision number for resource baf99e8c-66ef-4ef5-be40-b0087c0d4d6f (type: security_group_rules) to 0
2026-06-26 04:47:16.739 9 INFO neutron.db.ovn_revision_numbers_db [req-d41ab82e-3fb8-4c06-9fba-a07651a64d1a req-4e8214be-cb9e-4ed7-b76e-455814ef2388 29277bb024a04acca0bbd4f4c568e739 02e9dd36c72349c8b8f402949676fc83 - - default default] Successfully bumped revision number for resource bafe6277-9d30-49c4-91f0-820ea57a6475 (type: ports) to 1
2026-06-26 04:47:16.752 9 INFO neutron.api.wsgi [None req-0aab2ce0-a858-495d-b432-acc2a69f999b 0e302c40e162484e87a40c51ead5d20b 8d913a222f4d467e808350c1468681ab - - default default] 10.0.0.160 "POST /v2.0/security-group-rules HTTP/1.1" status: 201 len: 801 time: 0.4317071
2026-06-26 04:47:16.763 10 WARNING neutron_lib.context [None req-77336924-8338-41af-8a4f-032279464b27 0e302c40e162484e87a40c51ead5d20b 8d913a222f4d467e808350c1468681ab - - default default] Method 'is_advsvc' is deprecated since 2023.2 release (neutron-lib 3.8.0) and will be removed once support for the old RBAC API policies will be removed from Neutron. Please use method 'is_service_role' instead.
2026-06-26 04:47:16.776 9 INFO neutron.api.wsgi [req-d41ab82e-3fb8-4c06-9fba-a07651a64d1a req-4e8214be-cb9e-4ed7-b76e-455814ef2388 29277bb024a04acca0bbd4f4c568e739 02e9dd36c72349c8b8f402949676fc83 - - default default] 199.204.45.115 "POST /v2.0/ports HTTP/1.1" status: 201 len: 1158 time: 0.8979094
2026-06-26 04:47:16.782 9 INFO neutron.db.ovn_revision_numbers_db [None req-7c5469dc-400b-4b58-9751-8864bfbf4c6d c83cb918a7004256a731cd29049bb56e d40d73995e3848d39cdddc9e919882ee - - default default] Successfully bumped revision number for resource 04c0f32f-c77f-448e-bb5f-5e81a29403da (type: networks) to 1 /var/lib/openstack/lib/python3.12/site-packages/pycadf/identifier.py:71: UserWarning: Invalid uuid: neutron. To ensure interoperability, identifiers should be a valid uuid. warnings.warn(('Invalid uuid: %s. To ensure interoperability, '
2026-06-26 04:47:16.788 9 INFO neutron.api.wsgi [req-d41ab82e-3fb8-4c06-9fba-a07651a64d1a req-62b30e91-80e9-47e9-8f81-2349241e434c 29277bb024a04acca0bbd4f4c568e739 02e9dd36c72349c8b8f402949676fc83 - - default default] 199.204.45.115 "GET /v2.0/extensions HTTP/1.1" status: 200 len: 19298 time: 0.0060506
2026-06-26 04:47:16.943 9 WARNING neutron.scheduler.dhcp_agent_scheduler [None req-7c5469dc-400b-4b58-9751-8864bfbf4c6d c83cb918a7004256a731cd29049bb56e d40d73995e3848d39cdddc9e919882ee - - default default] No more DHCP agents
2026-06-26 04:47:16.944 9 WARNING neutron.api.rpc.agentnotifiers.dhcp_rpc_agent_api [None req-7c5469dc-400b-4b58-9751-8864bfbf4c6d c83cb918a7004256a731cd29049bb56e d40d73995e3848d39cdddc9e919882ee - - default default] Unable to schedule network 04c0f32f-c77f-448e-bb5f-5e81a29403da: no agents available; will retry on subsequent port and subnet creation events.
2026-06-26 04:47:17.007 10 WARNING neutron.scheduler.dhcp_agent_scheduler [None req-77336924-8338-41af-8a4f-032279464b27 0e302c40e162484e87a40c51ead5d20b 8d913a222f4d467e808350c1468681ab - - default default] No more DHCP agents
2026-06-26 04:47:17.008 10 WARNING neutron.scheduler.dhcp_agent_scheduler [None req-e2b4cd42-38c1-49da-ada8-7ead61756f12 158b7729050a495984523bc1f87691ef 4568e1db581344cf85756397d929f73d - - default default] No more DHCP agents
2026-06-26 04:47:17.009 10 WARNING neutron.api.rpc.agentnotifiers.dhcp_rpc_agent_api [None req-77336924-8338-41af-8a4f-032279464b27 0e302c40e162484e87a40c51ead5d20b 8d913a222f4d467e808350c1468681ab - - default default] Unable to schedule network 11789b96-5912-42f6-902a-d4b9fa3b0e1f: no agents available; will retry on subsequent port and subnet creation events.
2026-06-26 04:47:17.010 10 WARNING neutron.api.rpc.agentnotifiers.dhcp_rpc_agent_api [None req-e2b4cd42-38c1-49da-ada8-7ead61756f12 158b7729050a495984523bc1f87691ef 4568e1db581344cf85756397d929f73d - - default default] Unable to schedule network 15f00c82-fc6b-440f-86e7-777165b51eaf: no agents available; will retry on subsequent port and subnet creation events.
2026-06-26 04:47:17.027 9 INFO neutron.db.ovn_revision_numbers_db [None req-7c5469dc-400b-4b58-9751-8864bfbf4c6d c83cb918a7004256a731cd29049bb56e d40d73995e3848d39cdddc9e919882ee - - default default] Successfully bumped revision number for resource 41399334-754b-4649-9a42-290cb0863fca (type: ports) to 1
2026-06-26 04:47:17.045 9 INFO neutron.api.wsgi [None req-7c5469dc-400b-4b58-9751-8864bfbf4c6d c83cb918a7004256a731cd29049bb56e d40d73995e3848d39cdddc9e919882ee - - default default] 10.0.0.160 "POST /v2.0/networks HTTP/1.1" status: 201 len: 852 time: 0.7082703
2026-06-26 04:47:17.053 9 WARNING neutron_lib.context [None req-db65a85f-2a96-423d-bce1-35a1d50c0c15 c83cb918a7004256a731cd29049bb56e d40d73995e3848d39cdddc9e919882ee - - default default] Method 'is_advsvc' is deprecated since 2023.2 release (neutron-lib 3.8.0) and will be removed once support for the old RBAC API policies will be removed from Neutron. Please use method 'is_service_role' instead.
2026-06-26 04:47:17.080 9 WARNING neutron_lib.context [None req-db65a85f-2a96-423d-bce1-35a1d50c0c15 c83cb918a7004256a731cd29049bb56e d40d73995e3848d39cdddc9e919882ee - - default default] Method 'is_advsvc' is deprecated since 2023.2 release (neutron-lib 3.8.0) and will be removed once support for the old RBAC API policies will be removed from Neutron. Please use method 'is_service_role' instead.
2026-06-26 04:47:17.086 9 INFO neutron.db.ovn_revision_numbers_db [None req-71f2cb1e-47dc-4129-ba09-ee8dbfddfa39 - - - - - -] Successfully bumped revision number for resource 83058195-45ec-4f42-aa50-6726fc54e794 (type: ports) to 1
2026-06-26 04:47:17.117 9 INFO neutron.services.segments.plugin [-] Segment 3af03504-9819-47f8-b545-59bb0064a5a0 resource provider aggregate not found
2026-06-26 04:47:17.122 9 INFO neutron.services.segments.plugin [-] Segment 3af03504-9819-47f8-b545-59bb0064a5a0 resource provider aggregate not found
2026-06-26 04:47:17.131 9 INFO neutron.services.segments.plugin [-] Segment 3af03504-9819-47f8-b545-59bb0064a5a0 resource provider not found; error: Placement Client Error (4xx): {"errors": [{"status": 404, "title": "Not Found", "detail": "The resource could not be found.\n\n No resource provider with uuid 3af03504-9819-47f8-b545-59bb0064a5a0 found for delete ", "request_id": "req-a5d27a11-5e90-492f-b168-d98a779559db"}]}
2026-06-26 04:47:17.134 9 INFO neutron.services.segments.plugin [-] Segment 3af03504-9819-47f8-b545-59bb0064a5a0 resource provider not found; error: Placement Client Error (4xx): {"errors": [{"status": 404, "title": "Not Found", "detail": "The resource could not be found.\n\n No resource provider with uuid 3af03504-9819-47f8-b545-59bb0064a5a0 found for delete ", "request_id": "req-97b4cda9-f9c8-49bf-b4fa-68fea4aa0f67"}]}
2026-06-26 04:47:17.139 10 INFO neutron.db.ovn_revision_numbers_db [None req-e2b4cd42-38c1-49da-ada8-7ead61756f12 158b7729050a495984523bc1f87691ef 4568e1db581344cf85756397d929f73d - - default default] Successfully bumped revision number for resource f3513ba5-8892-415c-890c-4d63da01c1e4 (type: ports) to 1
2026-06-26 04:47:17.324 10 INFO neutron.api.wsgi [None req-77336924-8338-41af-8a4f-032279464b27 0e302c40e162484e87a40c51ead5d20b 8d913a222f4d467e808350c1468681ab - - default default] 10.0.0.160 "POST /v2.0/floatingips HTTP/1.1" status: 201 len: 751 time: 0.5667508
2026-06-26 04:47:17.619 9 INFO neutron.db.ovn_revision_numbers_db [None req-71f2cb1e-47dc-4129-ba09-ee8dbfddfa39 - - - - - -] Successfully bumped revision number for resource 83058195-45ec-4f42-aa50-6726fc54e794 (type: ports) to 4
2026-06-26 04:47:17.692 10 INFO neutron.db.ovn_revision_numbers_db [None req-e2b4cd42-38c1-49da-ada8-7ead61756f12 158b7729050a495984523bc1f87691ef 4568e1db581344cf85756397d929f73d - - default default] Successfully bumped revision number for resource f3513ba5-8892-415c-890c-4d63da01c1e4 (type: ports) to 1
2026-06-26 04:47:17.702 10 INFO neutron.api.wsgi [req-d2512f05-ad79-4f7c-a9a5-1547c6bea076 req-0e4bd83e-8991-4142-8ccd-a733fa17a911 29277bb024a04acca0bbd4f4c568e739 02e9dd36c72349c8b8f402949676fc83 - - default default] 10.0.0.78 "GET /v2.0/ports?device_id=e3b0f975-0b45-4250-bc8e-b7ca4d5ce645 HTTP/1.1" status: 200 len: 1168 time: 0.0334053
2026-06-26 04:47:17.709 9 INFO neutron.db.ovn_revision_numbers_db [req-d41ab82e-3fb8-4c06-9fba-a07651a64d1a req-14e5270f-d8ee-4e43-a10e-ed13c01ba88e c20f319dc3984ebba267d56c940622e0 63cdc91da5f546ba891e6589aa3bc125 - - 8963cce63f5c42bc8c9d87b82fbe7c54 8963cce63f5c42bc8c9d87b82fbe7c54] Successfully bumped revision number for resource bafe6277-9d30-49c4-91f0-820ea57a6475 (type: ports) to 2
2026-06-26 04:47:17.711 9 WARNING neutron.scheduler.dhcp_agent_scheduler [None req-db65a85f-2a96-423d-bce1-35a1d50c0c15 c83cb918a7004256a731cd29049bb56e d40d73995e3848d39cdddc9e919882ee - - default default] No more DHCP agents
2026-06-26 04:47:17.714 9 WARNING neutron.api.rpc.agentnotifiers.dhcp_rpc_agent_api [None req-db65a85f-2a96-423d-bce1-35a1d50c0c15 c83cb918a7004256a731cd29049bb56e d40d73995e3848d39cdddc9e919882ee - - default default] Unable to schedule network f49edb2f-cb3d-4efd-8085-c5341f3cdaed: no agents available; will retry on subsequent port and subnet creation events.
2026-06-26 04:47:17.751 10 INFO neutron.api.wsgi [req-5a0726b4-345d-41f1-a20c-dd87d9c245de req-f6724557-cbbd-4901-a1e9-c5cf645427e5 0e302c40e162484e87a40c51ead5d20b 8d913a222f4d467e808350c1468681ab - - default default] 10.0.0.78 "GET /v2.0/security-groups?name=tempest-securitygroup--462696574&fields=id&tenant_id=8d913a222f4d467e808350c1468681ab HTTP/1.1" status: 200 len: 267 time: 0.0482461
2026-06-26 04:47:17.761 10 INFO neutron.api.wsgi [req-d2512f05-ad79-4f7c-a9a5-1547c6bea076 req-f962a3a4-9b4c-4707-8e2c-cd868a0ce273 29277bb024a04acca0bbd4f4c568e739 02e9dd36c72349c8b8f402949676fc83 - - default default] 10.0.0.78 "GET /v2.0/security-groups?id=cd4d8b7c-a641-4d4a-9072-364c96eebd6a&fields=id&fields=name HTTP/1.1" status: 200 len: 312 time: 0.0484838
2026-06-26 04:47:17.785 10 WARNING neutron.scheduler.dhcp_agent_scheduler [None req-e2b4cd42-38c1-49da-ada8-7ead61756f12 158b7729050a495984523bc1f87691ef 4568e1db581344cf85756397d929f73d - - default default] No more DHCP agents
2026-06-26 04:47:17.786 10 WARNING neutron.api.rpc.agentnotifiers.dhcp_rpc_agent_api [None req-e2b4cd42-38c1-49da-ada8-7ead61756f12 158b7729050a495984523bc1f87691ef 4568e1db581344cf85756397d929f73d - - default default] Unable to schedule network 15f00c82-fc6b-440f-86e7-777165b51eaf: no agents available; will retry on subsequent port and subnet creation events.
2026-06-26 04:47:17.804 9 INFO neutron.db.ovn_revision_numbers_db [None req-db65a85f-2a96-423d-bce1-35a1d50c0c15 c83cb918a7004256a731cd29049bb56e d40d73995e3848d39cdddc9e919882ee - - default default] Successfully bumped revision number for resource eb99398b-309f-4948-93de-963c7e2ef418 (type: ports) to 1
2026-06-26 04:47:17.825 10 INFO neutron.api.wsgi [req-5a0726b4-345d-41f1-a20c-dd87d9c245de req-7a988308-a73a-4fdf-8902-3e8d22895a6f 0e302c40e162484e87a40c51ead5d20b 8d913a222f4d467e808350c1468681ab - - default default] 10.0.0.78 "GET /v2.0/networks?id=c59d8667-0db5-46c5-9806-9e63542707c2 HTTP/1.1" status: 200 len: 882 time: 0.0638072
2026-06-26 04:47:17.850 10 INFO neutron.api.wsgi [req-5a0726b4-345d-41f1-a20c-dd87d9c245de req-79981bdb-2d76-48df-aa92-8b802978cb9c 0e302c40e162484e87a40c51ead5d20b 8d913a222f4d467e808350c1468681ab - - default default] 10.0.0.78 "GET /v2.0/quotas/8d913a222f4d467e808350c1468681ab HTTP/1.1" status: 200 len: 491 time: 0.0128379
2026-06-26 04:47:17.864 9 WARNING neutron.scheduler.dhcp_agent_scheduler [None req-db65a85f-2a96-423d-bce1-35a1d50c0c15 c83cb918a7004256a731cd29049bb56e d40d73995e3848d39cdddc9e919882ee - - default default] No more DHCP agents
2026-06-26 04:47:17.869 9 WARNING neutron.api.rpc.agentnotifiers.dhcp_rpc_agent_api [None req-db65a85f-2a96-423d-bce1-35a1d50c0c15 c83cb918a7004256a731cd29049bb56e d40d73995e3848d39cdddc9e919882ee - - default default] Unable to schedule network 04c0f32f-c77f-448e-bb5f-5e81a29403da: no agents available; will retry on subsequent port and subnet creation events.
2026-06-26 04:47:17.935 10 INFO neutron.api.wsgi [req-5a0726b4-345d-41f1-a20c-dd87d9c245de req-0f880c47-f497-42e7-8bba-2feb281638ec 0e302c40e162484e87a40c51ead5d20b 8d913a222f4d467e808350c1468681ab - - default default] 10.0.0.78 "GET /v2.0/ports?tenant_id=8d913a222f4d467e808350c1468681ab&fields=id HTTP/1.1" status: 200 len: 302 time: 0.0780902
2026-06-26 04:47:17.970 9 INFO neutron.db.ovn_revision_numbers_db [None req-db65a85f-2a96-423d-bce1-35a1d50c0c15 c83cb918a7004256a731cd29049bb56e d40d73995e3848d39cdddc9e919882ee - - default default] Successfully bumped revision number for resource 67dfc1d2-24d5-4080-989b-c0a4e0967f68 (type: ports) to 1
2026-06-26 04:47:18.008 9 INFO neutron.api.wsgi [None req-db65a85f-2a96-423d-bce1-35a1d50c0c15 c83cb918a7004256a731cd29049bb56e d40d73995e3848d39cdddc9e919882ee - - default default] 10.0.0.160 "POST /v2.0/ports HTTP/1.1" status: 201 len: 1706 time: 0.9587970 /var/lib/openstack/lib/python3.12/site-packages/pycadf/identifier.py:71: UserWarning: Invalid uuid: neutron. To ensure interoperability, identifiers should be a valid uuid. warnings.warn(('Invalid uuid: %s. To ensure interoperability, '
2026-06-26 04:47:18.047 9 INFO neutron.db.ovn_revision_numbers_db [req-d41ab82e-3fb8-4c06-9fba-a07651a64d1a req-14e5270f-d8ee-4e43-a10e-ed13c01ba88e c20f319dc3984ebba267d56c940622e0 63cdc91da5f546ba891e6589aa3bc125 - - 8963cce63f5c42bc8c9d87b82fbe7c54 8963cce63f5c42bc8c9d87b82fbe7c54] Successfully bumped revision number for resource bafe6277-9d30-49c4-91f0-820ea57a6475 (type: ports) to 4
2026-06-26 04:47:18.053 9 INFO neutron.db.ovn_revision_numbers_db [None req-71f2cb1e-47dc-4129-ba09-ee8dbfddfa39 - - - - - -] Successfully bumped revision number for resource 83058195-45ec-4f42-aa50-6726fc54e794 (type: ports) to 5
2026-06-26 04:47:18.066 9 INFO neutron.api.wsgi [req-d41ab82e-3fb8-4c06-9fba-a07651a64d1a req-14e5270f-d8ee-4e43-a10e-ed13c01ba88e c20f319dc3984ebba267d56c940622e0 63cdc91da5f546ba891e6589aa3bc125 - - 8963cce63f5c42bc8c9d87b82fbe7c54 8963cce63f5c42bc8c9d87b82fbe7c54] 199.204.45.115 "PUT /v2.0/ports/bafe6277-9d30-49c4-91f0-820ea57a6475 HTTP/1.1" status: 200 len: 1404 time: 0.9450092
2026-06-26 04:47:18.132 9 INFO neutron.api.wsgi [None req-36f9883b-c152-473b-b4cf-f5c437e31f03 c83cb918a7004256a731cd29049bb56e d40d73995e3848d39cdddc9e919882ee - - default default] 10.0.0.160 "GET /v2.0/ports HTTP/1.1" status: 200 len: 3213 time: 0.1183393
2026-06-26 04:47:18.296 10 INFO neutron.api.wsgi [req-5a0726b4-345d-41f1-a20c-dd87d9c245de req-88423068-0850-49d4-b82d-3c748a336fd9 c20f319dc3984ebba267d56c940622e0 63cdc91da5f546ba891e6589aa3bc125 - - 8963cce63f5c42bc8c9d87b82fbe7c54 8963cce63f5c42bc8c9d87b82fbe7c54] 10.0.0.78 "GET /v2.0/extensions HTTP/1.1" status: 200 len: 19298 time: 0.0434637
2026-06-26 04:47:18.350 10 INFO neutron.api.wsgi [req-5a0726b4-345d-41f1-a20c-dd87d9c245de req-05592fd1-e8c5-4536-8bdd-cd1074441c4c c20f319dc3984ebba267d56c940622e0 63cdc91da5f546ba891e6589aa3bc125 - - 8963cce63f5c42bc8c9d87b82fbe7c54 8963cce63f5c42bc8c9d87b82fbe7c54] 10.0.0.78 "GET /v2.0/networks/c59d8667-0db5-46c5-9806-9e63542707c2?fields=segments HTTP/1.1" status: 200 len: 212 time: 0.0479057
2026-06-26 04:47:18.357 9 INFO neutron.api.wsgi [None req-9b0dcffe-7cca-4152-8971-2290a725dcce c83cb918a7004256a731cd29049bb56e d40d73995e3848d39cdddc9e919882ee - - default default] 10.0.0.160 "DELETE /v2.0/ports/eb99398b-309f-4948-93de-963c7e2ef418 HTTP/1.1" status: 204 len: 168 time: 0.2170458
2026-06-26 04:47:18.412 10 INFO neutron.api.wsgi [req-5a0726b4-345d-41f1-a20c-dd87d9c245de req-4a267b7b-36c0-4693-8ad0-1b9d6ad98cb8 c20f319dc3984ebba267d56c940622e0 63cdc91da5f546ba891e6589aa3bc125 - - 8963cce63f5c42bc8c9d87b82fbe7c54 8963cce63f5c42bc8c9d87b82fbe7c54] 10.0.0.78 "GET /v2.0/networks/c59d8667-0db5-46c5-9806-9e63542707c2?fields=provider%3Aphysical_network&fields=provider%3Anetwork_type HTTP/1.1" status: 200 len: 277 time: 0.0552056
