2026-06-26 04:50:30.446 9 INFO neutron.api.wsgi [req-27f2ef57-37b0-49f4-8df4-bbca3ac93122 req-6fca59a5-2d53-407e-b231-670e87b07a23 c20f319dc3984ebba267d56c940622e0 63cdc91da5f546ba891e6589aa3bc125 - - 8963cce63f5c42bc8c9d87b82fbe7c54 8963cce63f5c42bc8c9d87b82fbe7c54] 199.204.45.115 "GET /v2.0/networks/ebc2a33e-7865-4739-8bb6-666569a15789?fields=segments HTTP/1.1" status: 200 len: 212 time: 0.0388451
2026-06-26 04:50:30.494 9 INFO neutron.api.wsgi [req-27f2ef57-37b0-49f4-8df4-bbca3ac93122 req-b1e9edd9-e5ef-48b2-9d5b-f5d095241439 c20f319dc3984ebba267d56c940622e0 63cdc91da5f546ba891e6589aa3bc125 - - 8963cce63f5c42bc8c9d87b82fbe7c54 8963cce63f5c42bc8c9d87b82fbe7c54] 199.204.45.115 "GET /v2.0/networks/ebc2a33e-7865-4739-8bb6-666569a15789?fields=provider%3Aphysical_network&fields=provider%3Anetwork_type HTTP/1.1" status: 200 len: 277 time: 0.0420146
2026-06-26 04:50:30.592 9 INFO neutron.api.wsgi [req-306ebf09-62b6-4379-bf13-07e844134498 req-2ad082f7-0339-4fbe-bda1-bde018caf4f0 d33e70b2005545e780dbc4d60bf62add eb89399d0eda4ae0be6a9c2b39ab88c7 - - default default] 199.204.45.115 "GET /v2.0/networks?id=3344ddee-c38c-4938-aea1-4fffb0e8c00c HTTP/1.1" status: 200 len: 860 time: 0.0683875
2026-06-26 04:50:30.625 10 INFO neutron.api.wsgi [req-15947c90-1aab-42de-90b5-75b07dd8817c req-2e20efe5-5ece-49f8-a87d-810153784971 d33e70b2005545e780dbc4d60bf62add eb89399d0eda4ae0be6a9c2b39ab88c7 - - default default] 10.0.0.78 "GET /v2.0/ports?device_id=5553e72a-5af9-4df3-a787-47e882ece730 HTTP/1.1" status: 200 len: 210 time: 0.0151558
2026-06-26 04:50:30.654 9 INFO neutron.api.wsgi [req-306ebf09-62b6-4379-bf13-07e844134498 req-b8d96f68-3003-4a54-89b9-65eee3ca573f d33e70b2005545e780dbc4d60bf62add eb89399d0eda4ae0be6a9c2b39ab88c7 - - default default] 199.204.45.115 "GET /v2.0/security-groups?fields=id&fields=name&tenant_id=eb89399d0eda4ae0be6a9c2b39ab88c7 HTTP/1.1" status: 200 len: 472 time: 0.0549991
2026-06-26 04:50:30.660 9 WARNING neutron_lib.context [req-306ebf09-62b6-4379-bf13-07e844134498 req-45d4cd2b-7914-4261-ac54-55f58ad16e1f d33e70b2005545e780dbc4d60bf62add eb89399d0eda4ae0be6a9c2b39ab88c7 - - default default] Method 'is_advsvc' is deprecated since 2023.2 release (neutron-lib 3.8.0) and will be removed once support for the old RBAC API policies will be removed from Neutron. Please use method 'is_service_role' instead.
2026-06-26 04:50:30.987 9 WARNING neutron.scheduler.dhcp_agent_scheduler [req-306ebf09-62b6-4379-bf13-07e844134498 req-45d4cd2b-7914-4261-ac54-55f58ad16e1f d33e70b2005545e780dbc4d60bf62add eb89399d0eda4ae0be6a9c2b39ab88c7 - - default default] No more DHCP agents
2026-06-26 04:50:30.989 9 WARNING neutron.api.rpc.agentnotifiers.dhcp_rpc_agent_api [req-306ebf09-62b6-4379-bf13-07e844134498 req-45d4cd2b-7914-4261-ac54-55f58ad16e1f d33e70b2005545e780dbc4d60bf62add eb89399d0eda4ae0be6a9c2b39ab88c7 - - default default] Unable to schedule network 3344ddee-c38c-4938-aea1-4fffb0e8c00c: no agents available; will retry on subsequent port and subnet creation events.
2026-06-26 04:50:31.124 9 INFO neutron.db.ovn_revision_numbers_db [req-306ebf09-62b6-4379-bf13-07e844134498 req-45d4cd2b-7914-4261-ac54-55f58ad16e1f d33e70b2005545e780dbc4d60bf62add eb89399d0eda4ae0be6a9c2b39ab88c7 - - default default] Successfully bumped revision number for resource 6033df77-2ec0-4c09-9ae2-18ac5e5e508f (type: ports) to 1
2026-06-26 04:50:31.148 9 INFO neutron.api.wsgi [req-306ebf09-62b6-4379-bf13-07e844134498 req-45d4cd2b-7914-4261-ac54-55f58ad16e1f d33e70b2005545e780dbc4d60bf62add eb89399d0eda4ae0be6a9c2b39ab88c7 - - default default] 199.204.45.115 "POST /v2.0/ports HTTP/1.1" status: 201 len: 1162 time: 0.4913797 /var/lib/openstack/lib/python3.12/site-packages/pycadf/identifier.py:71: UserWarning: Invalid uuid: neutron. To ensure interoperability, identifiers should be a valid uuid. warnings.warn(('Invalid uuid: %s. To ensure interoperability, '
2026-06-26 04:50:31.521 9 INFO neutron.db.ovn_revision_numbers_db [req-306ebf09-62b6-4379-bf13-07e844134498 req-5afba0de-a8d6-4b8c-8f36-8576e185cc7f c20f319dc3984ebba267d56c940622e0 63cdc91da5f546ba891e6589aa3bc125 - - 8963cce63f5c42bc8c9d87b82fbe7c54 8963cce63f5c42bc8c9d87b82fbe7c54] Successfully bumped revision number for resource 6033df77-2ec0-4c09-9ae2-18ac5e5e508f (type: ports) to 2
2026-06-26 04:50:31.741 9 INFO neutron.db.ovn_revision_numbers_db [req-306ebf09-62b6-4379-bf13-07e844134498 req-5afba0de-a8d6-4b8c-8f36-8576e185cc7f c20f319dc3984ebba267d56c940622e0 63cdc91da5f546ba891e6589aa3bc125 - - 8963cce63f5c42bc8c9d87b82fbe7c54 8963cce63f5c42bc8c9d87b82fbe7c54] Successfully bumped revision number for resource 6033df77-2ec0-4c09-9ae2-18ac5e5e508f (type: ports) to 4
2026-06-26 04:50:31.757 9 INFO neutron.api.wsgi [req-306ebf09-62b6-4379-bf13-07e844134498 req-5afba0de-a8d6-4b8c-8f36-8576e185cc7f c20f319dc3984ebba267d56c940622e0 63cdc91da5f546ba891e6589aa3bc125 - - 8963cce63f5c42bc8c9d87b82fbe7c54 8963cce63f5c42bc8c9d87b82fbe7c54] 199.204.45.115 "PUT /v2.0/ports/6033df77-2ec0-4c09-9ae2-18ac5e5e508f HTTP/1.1" status: 200 len: 1408 time: 0.6025760
2026-06-26 04:50:31.768 10 INFO neutron.api.wsgi [req-c0f229d2-1feb-4230-b2db-4b95adf9b16b req-c2a89b1d-5963-4a79-8db5-0b934daaeeb5 d33e70b2005545e780dbc4d60bf62add eb89399d0eda4ae0be6a9c2b39ab88c7 - - default default] 10.0.0.78 "GET /v2.0/ports?device_id=5553e72a-5af9-4df3-a787-47e882ece730 HTTP/1.1" status: 200 len: 1172 time: 0.0858335
2026-06-26 04:50:31.798 9 INFO neutron.notifiers.nova [-] Nova event matching ['req-36e4d1d5-c805-40c2-9c72-1aa498cfda52'] response: {'name': 'network-changed', 'server_uuid': '5553e72a-5af9-4df3-a787-47e882ece730', 'tag': '6033df77-2ec0-4c09-9ae2-18ac5e5e508f', 'status': 'completed', 'code': 200}
2026-06-26 04:50:31.808 10 INFO neutron.api.wsgi [req-c0f229d2-1feb-4230-b2db-4b95adf9b16b req-e8561a50-13f9-4119-96f8-780dae5c355f d33e70b2005545e780dbc4d60bf62add eb89399d0eda4ae0be6a9c2b39ab88c7 - - default default] 10.0.0.78 "GET /v2.0/security-groups?id=7a5c8c15-4caf-49a3-8b44-7b581c97615b&fields=id&fields=name HTTP/1.1" status: 200 len: 313 time: 0.0330305
2026-06-26 04:50:32.142 10 WARNING neutron_lib.context [None req-43239b81-0a3f-4690-82a2-a148dbb5eb77 8b05788393bc49d0a0f20c5b24375d29 952e5de3f54f4c37a8dcb9b27606308b - - default default] Method 'is_advsvc' is deprecated since 2023.2 release (neutron-lib 3.8.0) and will be removed once support for the old RBAC API policies will be removed from Neutron. Please use method 'is_service_role' instead.
2026-06-26 04:50:32.245 10 INFO neutron.db.ovn_revision_numbers_db [None req-43239b81-0a3f-4690-82a2-a148dbb5eb77 8b05788393bc49d0a0f20c5b24375d29 952e5de3f54f4c37a8dcb9b27606308b - - default default] Successfully bumped revision number for resource 5d2146bb-4f7d-431f-b304-72579d31b115 (type: routers) to 1
2026-06-26 04:50:32.259 10 INFO neutron.api.wsgi [None req-43239b81-0a3f-4690-82a2-a148dbb5eb77 8b05788393bc49d0a0f20c5b24375d29 952e5de3f54f4c37a8dcb9b27606308b - - default default] 10.0.0.160 "POST /v2.0/routers HTTP/1.1" status: 201 len: 769 time: 0.2746007 /var/lib/openstack/lib/python3.12/site-packages/pycadf/identifier.py:71: UserWarning: Invalid uuid: neutron. To ensure interoperability, identifiers should be a valid uuid. warnings.warn(('Invalid uuid: %s. To ensure interoperability, '
2026-06-26 04:50:32.309 9 INFO neutron.api.wsgi [None req-5f53bdb1-13ff-4d35-8eaf-d675e3156ac6 8b05788393bc49d0a0f20c5b24375d29 952e5de3f54f4c37a8dcb9b27606308b - - default default] 10.0.0.160 "PUT /v2.0/routers/5d2146bb-4f7d-431f-b304-72579d31b115/tags HTTP/1.1" status: 200 len: 218 time: 0.0425367
2026-06-26 04:50:32.340 9 INFO neutron.api.wsgi [req-7d146994-e2cf-448c-91ca-6f1d57fce4eb req-e0586f77-b64c-449f-a423-0ae9468249ec c20f319dc3984ebba267d56c940622e0 63cdc91da5f546ba891e6589aa3bc125 - - 8963cce63f5c42bc8c9d87b82fbe7c54 8963cce63f5c42bc8c9d87b82fbe7c54] 199.204.45.115 "GET /v2.0/ports?tenant_id=eb89399d0eda4ae0be6a9c2b39ab88c7&device_id=5553e72a-5af9-4df3-a787-47e882ece730 HTTP/1.1" status: 200 len: 1411 time: 0.0306711
2026-06-26 04:50:32.347 10 INFO neutron.api.wsgi [None req-abe45518-fc76-4cbe-b8e1-733141a16199 8b05788393bc49d0a0f20c5b24375d29 952e5de3f54f4c37a8dcb9b27606308b - - default default] 10.0.0.160 "GET /v2.0/routers/5d2146bb-4f7d-431f-b304-72579d31b115/tags HTTP/1.1" status: 200 len: 218 time: 0.0343192
2026-06-26 04:50:32.395 10 INFO neutron.api.wsgi [None req-57406696-a699-4fd8-a645-311ba1fd9a2d 8b05788393bc49d0a0f20c5b24375d29 952e5de3f54f4c37a8dcb9b27606308b - - default default] 10.0.0.160 "PUT /v2.0/routers/5d2146bb-4f7d-431f-b304-72579d31b115/tags/green HTTP/1.1" status: 201 len: 201 time: 0.0427663
2026-06-26 04:50:32.396 9 INFO neutron.api.wsgi [req-7d146994-e2cf-448c-91ca-6f1d57fce4eb req-f0e84766-05e7-4937-8c0b-16de7509fde5 c20f319dc3984ebba267d56c940622e0 63cdc91da5f546ba891e6589aa3bc125 - - 8963cce63f5c42bc8c9d87b82fbe7c54 8963cce63f5c42bc8c9d87b82fbe7c54] 199.204.45.115 "GET /v2.0/networks?tenant_id=eb89399d0eda4ae0be6a9c2b39ab88c7&shared=False HTTP/1.1" status: 200 len: 959 time: 0.0496876
2026-06-26 04:50:32.444 9 INFO neutron.api.wsgi [None req-3da6dd26-9bd3-4f9b-9fc7-c85ad0ad7eff 8b05788393bc49d0a0f20c5b24375d29 952e5de3f54f4c37a8dcb9b27606308b - - default default] 10.0.0.160 "GET /v2.0/routers/5d2146bb-4f7d-431f-b304-72579d31b115/tags HTTP/1.1" status: 200 len: 227 time: 0.0439396
2026-06-26 04:50:32.469 9 INFO neutron.api.wsgi [req-7d146994-e2cf-448c-91ca-6f1d57fce4eb req-a9e87c07-fd03-45b6-ba44-f76c34062d76 c20f319dc3984ebba267d56c940622e0 63cdc91da5f546ba891e6589aa3bc125 - - 8963cce63f5c42bc8c9d87b82fbe7c54 8963cce63f5c42bc8c9d87b82fbe7c54] 199.204.45.115 "GET /v2.0/networks?shared=True HTTP/1.1" status: 200 len: 952 time: 0.0681014
2026-06-26 04:50:32.485 9 INFO neutron.api.wsgi [None req-b42f19a8-5316-4004-900d-7bb22094aa5a 8b05788393bc49d0a0f20c5b24375d29 952e5de3f54f4c37a8dcb9b27606308b - - default default] 10.0.0.160 "PUT /v2.0/routers/5d2146bb-4f7d-431f-b304-72579d31b115/tags/red HTTP/1.1" status: 201 len: 201 time: 0.0366135
2026-06-26 04:50:32.517 9 INFO neutron.api.wsgi [None req-f9366758-e4c0-4015-892e-d15eea8f3fc0 8b05788393bc49d0a0f20c5b24375d29 952e5de3f54f4c37a8dcb9b27606308b - - default default] 10.0.0.160 "GET /v2.0/routers/5d2146bb-4f7d-431f-b304-72579d31b115/tags HTTP/1.1" status: 200 len: 227 time: 0.0271962
2026-06-26 04:50:32.568 9 INFO neutron.api.wsgi [None req-becf71c5-b60f-4a34-b0ab-a55efb7224a1 8b05788393bc49d0a0f20c5b24375d29 952e5de3f54f4c37a8dcb9b27606308b - - default default] 10.0.0.160 "PUT /v2.0/routers/5d2146bb-4f7d-431f-b304-72579d31b115/tags/black.or.white HTTP/1.1" status: 201 len: 201 time: 0.0447261
2026-06-26 04:50:32.607 9 INFO neutron.api.wsgi [None req-87182a53-cd5e-4e95-98e4-eb556b6d1189 8b05788393bc49d0a0f20c5b24375d29 952e5de3f54f4c37a8dcb9b27606308b - - default default] 10.0.0.160 "GET /v2.0/routers/5d2146bb-4f7d-431f-b304-72579d31b115/tags HTTP/1.1" status: 200 len: 245 time: 0.0348876
2026-06-26 04:50:32.661 9 INFO neutron.api.wsgi [None req-9753dd7e-d298-4edf-8229-84a4c11351ff 8b05788393bc49d0a0f20c5b24375d29 952e5de3f54f4c37a8dcb9b27606308b - - default default] 10.0.0.160 "PUT /v2.0/routers/5d2146bb-4f7d-431f-b304-72579d31b115/tags HTTP/1.1" status: 200 len: 230 time: 0.0495951
2026-06-26 04:50:32.700 9 INFO neutron.api.wsgi [None req-f37f4bbd-1c71-4a1f-b81d-543ede2a9aa1 8b05788393bc49d0a0f20c5b24375d29 952e5de3f54f4c37a8dcb9b27606308b - - default default] 10.0.0.160 "GET /v2.0/routers/5d2146bb-4f7d-431f-b304-72579d31b115/tags HTTP/1.1" status: 200 len: 230 time: 0.0345364
2026-06-26 04:50:32.732 9 INFO neutron.api.wsgi [None req-0bab4bf6-6214-42c8-9c02-648e2f76f936 8b05788393bc49d0a0f20c5b24375d29 952e5de3f54f4c37a8dcb9b27606308b - - default default] 10.0.0.160 "GET /v2.0/routers/5d2146bb-4f7d-431f-b304-72579d31b115/tags/red HTTP/1.1" status: 204 len: 168 time: 0.0268865
2026-06-26 04:50:32.771 9 INFO neutron.api.v2.resource [None req-29a7c641-70ed-48e6-82dd-eca45cfdd8b8 8b05788393bc49d0a0f20c5b24375d29 952e5de3f54f4c37a8dcb9b27606308b - - default default] show failed (client error): The resource could not be found.
2026-06-26 04:50:32.772 9 INFO neutron.api.wsgi [None req-29a7c641-70ed-48e6-82dd-eca45cfdd8b8 8b05788393bc49d0a0f20c5b24375d29 952e5de3f54f4c37a8dcb9b27606308b - - default default] 10.0.0.160 "GET /v2.0/routers/5d2146bb-4f7d-431f-b304-72579d31b115/tags/green HTTP/1.1" status: 404 len: 299 time: 0.0350099
2026-06-26 04:50:32.821 9 INFO neutron.api.wsgi [None req-aa9fec5c-d97a-43d4-b369-6296870e53a4 8b05788393bc49d0a0f20c5b24375d29 952e5de3f54f4c37a8dcb9b27606308b - - default default] 10.0.0.160 "DELETE /v2.0/routers/5d2146bb-4f7d-431f-b304-72579d31b115/tags/red HTTP/1.1" status: 204 len: 168 time: 0.0448308
2026-06-26 04:50:32.854 10 INFO neutron.api.wsgi [None req-c8d8a96e-d3a8-4574-9f6a-0e97cf0ddb2d 8b05788393bc49d0a0f20c5b24375d29 952e5de3f54f4c37a8dcb9b27606308b - - default default] 10.0.0.160 "GET /v2.0/routers/5d2146bb-4f7d-431f-b304-72579d31b115/tags HTTP/1.1" status: 200 len: 223 time: 0.0285602
2026-06-26 04:50:32.915 10 INFO neutron.api.v2.resource [None req-91372c34-a7e1-4556-81da-8b6ecace885c 8b05788393bc49d0a0f20c5b24375d29 952e5de3f54f4c37a8dcb9b27606308b - - default default] delete failed (client error): The resource could not be found.
2026-06-26 04:50:32.917 10 INFO neutron.api.wsgi [None req-91372c34-a7e1-4556-81da-8b6ecace885c 8b05788393bc49d0a0f20c5b24375d29 952e5de3f54f4c37a8dcb9b27606308b - - default default] 10.0.0.160 "DELETE /v2.0/routers/5d2146bb-4f7d-431f-b304-72579d31b115/tags/green HTTP/1.1" status: 404 len: 299 time: 0.0587690
2026-06-26 04:50:32.926 10 INFO neutron.api.wsgi [req-235598b4-76e9-442b-9318-4d675c499d67 req-b7a341ff-ec55-454f-a0ae-4d7597d16568 d33e70b2005545e780dbc4d60bf62add eb89399d0eda4ae0be6a9c2b39ab88c7 - - default default] 10.0.0.78 "GET /v2.0/ports?device_id=5553e72a-5af9-4df3-a787-47e882ece730 HTTP/1.1" status: 200 len: 1172 time: 0.0510921
2026-06-26 04:50:32.966 10 INFO neutron.api.wsgi [req-235598b4-76e9-442b-9318-4d675c499d67 req-88932c02-a17c-47ee-a9d4-492d9bdc7955 d33e70b2005545e780dbc4d60bf62add eb89399d0eda4ae0be6a9c2b39ab88c7 - - default default] 10.0.0.78 "GET /v2.0/security-groups?id=7a5c8c15-4caf-49a3-8b44-7b581c97615b&fields=id&fields=name HTTP/1.1" status: 200 len: 313 time: 0.0346725
2026-06-26 04:50:32.989 9 INFO neutron.api.wsgi [None req-78207ccb-467c-479c-aacb-8b394b30b9e8 8b05788393bc49d0a0f20c5b24375d29 952e5de3f54f4c37a8dcb9b27606308b - - default default] 10.0.0.160 "DELETE /v2.0/routers/5d2146bb-4f7d-431f-b304-72579d31b115/tags HTTP/1.1" status: 204 len: 168 time: 0.0652430
2026-06-26 04:50:33.028 9 INFO neutron.api.wsgi [None req-759540a4-1ff5-4bfd-9f12-990d8ecd5d63 8b05788393bc49d0a0f20c5b24375d29 952e5de3f54f4c37a8dcb9b27606308b - - default default] 10.0.0.160 "GET /v2.0/routers/5d2146bb-4f7d-431f-b304-72579d31b115/tags HTTP/1.1" status: 200 len: 205 time: 0.0342028
2026-06-26 04:50:33.066 9 INFO neutron.api.wsgi [None req-f0e7a021-6d81-480a-a67d-9b1962c2d881 8b05788393bc49d0a0f20c5b24375d29 952e5de3f54f4c37a8dcb9b27606308b - - default default] 10.0.0.160 "GET /v2.0/routers/5d2146bb-4f7d-431f-b304-72579d31b115 HTTP/1.1" status: 200 len: 770 time: 0.0312240
2026-06-26 04:50:33.339 9 INFO neutron.db.ovn_revision_numbers_db [None req-6c281f44-119d-4bbb-9cf9-6c4b4572f452 8b05788393bc49d0a0f20c5b24375d29 952e5de3f54f4c37a8dcb9b27606308b - - default default] Successfully bumped revision number for resource 5d2146bb-4f7d-431f-b304-72579d31b115 (type: routers) to 7
2026-06-26 04:50:33.344 9 INFO neutron.api.wsgi [None req-6c281f44-119d-4bbb-9cf9-6c4b4572f452 8b05788393bc49d0a0f20c5b24375d29 952e5de3f54f4c37a8dcb9b27606308b - - default default] 10.0.0.160 "PUT /v2.0/routers/5d2146bb-4f7d-431f-b304-72579d31b115 HTTP/1.1" status: 200 len: 770 time: 0.2734435
2026-06-26 04:50:33.370 9 INFO neutron.api.wsgi [None req-96836751-2dd9-408b-acb8-1d621ad1e92e 8b05788393bc49d0a0f20c5b24375d29 952e5de3f54f4c37a8dcb9b27606308b - - default default] 10.0.0.160 "GET /v2.0/ports?device_id=5d2146bb-4f7d-431f-b304-72579d31b115 HTTP/1.1" status: 200 len: 205 time: 0.0207872
2026-06-26 04:50:33.521 9 INFO neutron.api.wsgi [req-306ebf09-62b6-4379-bf13-07e844134498 req-7e3b40ee-9a4f-4e3c-8461-06e1c0ff3eb3 c20f319dc3984ebba267d56c940622e0 63cdc91da5f546ba891e6589aa3bc125 - - 8963cce63f5c42bc8c9d87b82fbe7c54 8963cce63f5c42bc8c9d87b82fbe7c54] 199.204.45.115 "GET /v2.0/ports?tenant_id=eb89399d0eda4ae0be6a9c2b39ab88c7&device_id=5553e72a-5af9-4df3-a787-47e882ece730 HTTP/1.1" status: 200 len: 1411 time: 0.0401344
2026-06-26 04:50:33.545 9 INFO neutron.api.wsgi [None req-3cb188d2-381a-49c5-a252-567af03c1ab3 8b05788393bc49d0a0f20c5b24375d29 952e5de3f54f4c37a8dcb9b27606308b - - default default] 10.0.0.160 "DELETE /v2.0/routers/5d2146bb-4f7d-431f-b304-72579d31b115 HTTP/1.1" status: 204 len: 168 time: 0.1698236
2026-06-26 04:50:33.546 9 INFO neutron.api.wsgi [req-306ebf09-62b6-4379-bf13-07e844134498 req-feba1e77-adf0-4a92-b06d-b1147e4b1f4a c20f319dc3984ebba267d56c940622e0 63cdc91da5f546ba891e6589aa3bc125 - - 8963cce63f5c42bc8c9d87b82fbe7c54 8963cce63f5c42bc8c9d87b82fbe7c54] 199.204.45.115 "GET /v2.0/floatingips?fixed_ip_address=10.100.0.14&port_id=6033df77-2ec0-4c09-9ae2-18ac5e5e508f HTTP/1.1" status: 200 len: 217 time: 0.0178521
2026-06-26 04:50:33.577 9 INFO neutron.api.wsgi [req-306ebf09-62b6-4379-bf13-07e844134498 req-c6cd3101-32bf-4986-a82d-ca66a10338b8 c20f319dc3984ebba267d56c940622e0 63cdc91da5f546ba891e6589aa3bc125 - - 8963cce63f5c42bc8c9d87b82fbe7c54 8963cce63f5c42bc8c9d87b82fbe7c54] 199.204.45.115 "GET /v2.0/subnets?id=b3c53288-c2e6-4d44-bc2e-eecc439faeee HTTP/1.1" status: 200 len: 876 time: 0.0255852
2026-06-26 04:50:33.599 9 INFO neutron.api.wsgi [req-306ebf09-62b6-4379-bf13-07e844134498 req-d18084d0-0f5b-46b8-90bd-e391dd5648ef c20f319dc3984ebba267d56c940622e0 63cdc91da5f546ba891e6589aa3bc125 - - 8963cce63f5c42bc8c9d87b82fbe7c54 8963cce63f5c42bc8c9d87b82fbe7c54] 199.204.45.115 "GET /v2.0/ports?network_id=3344ddee-c38c-4938-aea1-4fffb0e8c00c&device_owner=network%3Adhcp HTTP/1.1" status: 200 len: 210 time: 0.0159271
2026-06-26 04:50:33.645 9 INFO neutron.api.wsgi [req-306ebf09-62b6-4379-bf13-07e844134498 req-58cd8305-432d-4326-b4ba-ea0c264fa1a3 c20f319dc3984ebba267d56c940622e0 63cdc91da5f546ba891e6589aa3bc125 - - 8963cce63f5c42bc8c9d87b82fbe7c54 8963cce63f5c42bc8c9d87b82fbe7c54] 199.204.45.115 "GET /v2.0/networks/3344ddee-c38c-4938-aea1-4fffb0e8c00c?fields=segments HTTP/1.1" status: 200 len: 212 time: 0.0388939
2026-06-26 04:50:33.695 9 INFO neutron.api.wsgi [req-306ebf09-62b6-4379-bf13-07e844134498 req-5dc51af7-889a-4733-bb38-ab1a2c9a17aa c20f319dc3984ebba267d56c940622e0 63cdc91da5f546ba891e6589aa3bc125 - - 8963cce63f5c42bc8c9d87b82fbe7c54 8963cce63f5c42bc8c9d87b82fbe7c54] 199.204.45.115 "GET /v2.0/networks/3344ddee-c38c-4938-aea1-4fffb0e8c00c?fields=provider%3Aphysical_network&fields=provider%3Anetwork_type HTTP/1.1" status: 200 len: 277 time: 0.0443864
2026-06-26 04:50:34.056 10 INFO neutron.api.wsgi [req-081bd3d4-bbe5-4512-8503-769757acdd64 req-1bd58929-5397-4ce5-819c-081dbce51af6 d33e70b2005545e780dbc4d60bf62add eb89399d0eda4ae0be6a9c2b39ab88c7 - - default default] 10.0.0.78 "GET /v2.0/ports?device_id=5553e72a-5af9-4df3-a787-47e882ece730 HTTP/1.1" status: 200 len: 1172 time: 0.0357428
2026-06-26 04:50:34.089 10 INFO neutron.api.wsgi [req-081bd3d4-bbe5-4512-8503-769757acdd64 req-28b238e6-9124-4cc5-9943-3a3fcdcabac9 d33e70b2005545e780dbc4d60bf62add eb89399d0eda4ae0be6a9c2b39ab88c7 - - default default] 10.0.0.78 "GET /v2.0/security-groups?id=7a5c8c15-4caf-49a3-8b44-7b581c97615b&fields=id&fields=name HTTP/1.1" status: 200 len: 313 time: 0.0272439
2026-06-26 04:50:34.397 9 INFO neutron.db.ovn_revision_numbers_db [None req-8a243fe1-0d99-42c1-8024-a438545cf056 158b7729050a495984523bc1f87691ef 4568e1db581344cf85756397d929f73d - - default default] Successfully bumped revision number for resource 04bc444d-81c4-4309-af9b-4171df701a17 (type: security_groups) to 1
2026-06-26 04:50:34.411 9 INFO neutron.db.ovn_revision_numbers_db [None req-8a243fe1-0d99-42c1-8024-a438545cf056 158b7729050a495984523bc1f87691ef 4568e1db581344cf85756397d929f73d - - default default] Successfully bumped revision number for resource 02074f35-a6ad-457a-8116-e31e628c6ac1 (type: security_group_rules) to 0
2026-06-26 04:50:34.422 9 INFO neutron.db.ovn_revision_numbers_db [None req-8a243fe1-0d99-42c1-8024-a438545cf056 158b7729050a495984523bc1f87691ef 4568e1db581344cf85756397d929f73d - - default default] Successfully bumped revision number for resource 7dd23b86-7065-45b2-8dcd-ea1bb4014296 (type: security_group_rules) to 0
2026-06-26 04:50:34.436 9 INFO neutron.db.ovn_revision_numbers_db [None req-8a243fe1-0d99-42c1-8024-a438545cf056 158b7729050a495984523bc1f87691ef 4568e1db581344cf85756397d929f73d - - default default] Successfully bumped revision number for resource a917b766-2771-425c-b3ea-f5b94a29ac2f (type: security_group_rules) to 0
2026-06-26 04:50:34.453 9 INFO neutron.db.ovn_revision_numbers_db [None req-8a243fe1-0d99-42c1-8024-a438545cf056 158b7729050a495984523bc1f87691ef 4568e1db581344cf85756397d929f73d - - default default] Successfully bumped revision number for resource b56cd916-d082-4802-a5dc-d04f16b8d4e3 (type: security_group_rules) to 0
2026-06-26 04:50:34.488 9 INFO neutron.api.wsgi [None req-8a243fe1-0d99-42c1-8024-a438545cf056 158b7729050a495984523bc1f87691ef 4568e1db581344cf85756397d929f73d - - default default] 10.0.0.160 "GET /v2.0/security-groups?tenant_id=99de6e88590946b589d39b54a0425501&name=default HTTP/1.1" status: 200 len: 3120 time: 0.2931709
2026-06-26 04:50:34.692 9 INFO neutron.api.wsgi [None req-002e415d-0ea8-40b4-87a6-4ebd98049d09 158b7729050a495984523bc1f87691ef 4568e1db581344cf85756397d929f73d - - default default] 10.0.0.160 "DELETE /v2.0/security-groups/04bc444d-81c4-4309-af9b-4171df701a17 HTTP/1.1" status: 204 len: 168 time: 0.1987581
2026-06-26 04:50:34.889 10 INFO neutron.db.ovn_revision_numbers_db [None req-e4433495-3206-4da1-8773-4749e12d42e8 158b7729050a495984523bc1f87691ef 4568e1db581344cf85756397d929f73d - - default default] Successfully bumped revision number for resource 81106d94-4c0a-43a2-8f49-b5da8561be27 (type: security_groups) to 1
2026-06-26 04:50:34.905 10 INFO neutron.db.ovn_revision_numbers_db [None req-e4433495-3206-4da1-8773-4749e12d42e8 158b7729050a495984523bc1f87691ef 4568e1db581344cf85756397d929f73d - - default default] Successfully bumped revision number for resource 9b7482f4-e8da-4ff0-bb75-57a33e58692c (type: security_group_rules) to 0
2026-06-26 04:50:34.925 10 INFO neutron.db.ovn_revision_numbers_db [None req-e4433495-3206-4da1-8773-4749e12d42e8 158b7729050a495984523bc1f87691ef 4568e1db581344cf85756397d929f73d - - default default] Successfully bumped revision number for resource b2240d45-0b75-480d-9b9c-590c337b59d6 (type: security_group_rules) to 0
2026-06-26 04:50:34.941 10 INFO neutron.db.ovn_revision_numbers_db [None req-e4433495-3206-4da1-8773-4749e12d42e8 158b7729050a495984523bc1f87691ef 4568e1db581344cf85756397d929f73d - - default default] Successfully bumped revision number for resource f07562ab-b637-4459-9744-4eb4e76e44b8 (type: security_group_rules) to 0
2026-06-26 04:50:34.956 10 INFO neutron.db.ovn_revision_numbers_db [None req-e4433495-3206-4da1-8773-4749e12d42e8 158b7729050a495984523bc1f87691ef 4568e1db581344cf85756397d929f73d - - default default] Successfully bumped revision number for resource f5340feb-150a-4ae5-a544-6ed7483b143b (type: security_group_rules) to 0
2026-06-26 04:50:34.991 10 INFO neutron.api.wsgi [None req-e4433495-3206-4da1-8773-4749e12d42e8 158b7729050a495984523bc1f87691ef 4568e1db581344cf85756397d929f73d - - default default] 10.0.0.160 "GET /v2.0/security-groups?tenant_id=952e5de3f54f4c37a8dcb9b27606308b&name=default HTTP/1.1" status: 200 len: 3120 time: 0.2100310
2026-06-26 04:50:35.182 10 INFO neutron.api.wsgi [req-f2fad106-bed9-4504-aac4-1343418a25fa req-d7d19dc0-91a8-47d9-bb57-0d0fc235fe11 d33e70b2005545e780dbc4d60bf62add eb89399d0eda4ae0be6a9c2b39ab88c7 - - default default] 10.0.0.78 "GET /v2.0/ports?device_id=5553e72a-5af9-4df3-a787-47e882ece730 HTTP/1.1" status: 200 len: 1172 time: 0.0337899
2026-06-26 04:50:35.221 10 INFO neutron.api.wsgi [None req-e361d465-71d1-4dfb-b2db-8174441124ef 158b7729050a495984523bc1f87691ef 4568e1db581344cf85756397d929f73d - - default default] 10.0.0.160 "DELETE /v2.0/security-groups/81106d94-4c0a-43a2-8f49-b5da8561be27 HTTP/1.1" status: 204 len: 168 time: 0.2254174
2026-06-26 04:50:35.224 10 INFO neutron.api.wsgi [req-f2fad106-bed9-4504-aac4-1343418a25fa req-ddcd114c-cfb4-49c9-bdb8-9ae9c8b0a5a2 d33e70b2005545e780dbc4d60bf62add eb89399d0eda4ae0be6a9c2b39ab88c7 - - default default] 10.0.0.78 "GET /v2.0/security-groups?id=7a5c8c15-4caf-49a3-8b44-7b581c97615b&fields=id&fields=name HTTP/1.1" status: 200 len: 313 time: 0.0358894
2026-06-26 04:50:35.839 9 INFO neutron.plugins.ml2.drivers.ovn.mech_driver.mech_driver [None req-81c3939c-c10a-4c98-bfdf-7a23fe250578 - - - - - -] OVN reports status up for port: 6033df77-2ec0-4c09-9ae2-18ac5e5e508f
2026-06-26 04:50:35.851 9 INFO neutron.plugins.ml2.plugin [None req-81c3939c-c10a-4c98-bfdf-7a23fe250578 - - - - - -] Attempt 1 to provision port 6033df77-2ec0-4c09-9ae2-18ac5e5e508f
2026-06-26 04:50:35.992 9 INFO neutron.notifiers.nova [-] Nova event matching ['req-72146c6d-51ad-4f1d-8b12-ba703c66f464'] response: {'server_uuid': '5553e72a-5af9-4df3-a787-47e882ece730', 'name': 'network-vif-plugged', 'status': 'completed', 'tag': '6033df77-2ec0-4c09-9ae2-18ac5e5e508f', 'code': 200}
2026-06-26 04:50:36.098 9 INFO neutron.db.ovn_revision_numbers_db [None req-81c3939c-c10a-4c98-bfdf-7a23fe250578 - - - - - -] Successfully bumped revision number for resource 6033df77-2ec0-4c09-9ae2-18ac5e5e508f (type: ports) to 5
2026-06-26 04:50:36.322 10 INFO neutron.api.wsgi [req-2be6ae4d-4470-4079-be20-cdc472225303 req-64343f30-2c2f-41b2-9ade-0ceaeff119a6 d33e70b2005545e780dbc4d60bf62add eb89399d0eda4ae0be6a9c2b39ab88c7 - - default default] 10.0.0.78 "GET /v2.0/ports?device_id=5553e72a-5af9-4df3-a787-47e882ece730 HTTP/1.1" status: 200 len: 1174 time: 0.0322778
2026-06-26 04:50:36.358 10 INFO neutron.api.wsgi [req-2be6ae4d-4470-4079-be20-cdc472225303 req-945675a7-a5b6-4f87-a064-c8ff336ba7dd d33e70b2005545e780dbc4d60bf62add eb89399d0eda4ae0be6a9c2b39ab88c7 - - default default] 10.0.0.78 "GET /v2.0/security-groups?id=7a5c8c15-4caf-49a3-8b44-7b581c97615b&fields=id&fields=name HTTP/1.1" status: 200 len: 313 time: 0.0302978
2026-06-26 04:50:37.504 10 INFO neutron.api.wsgi [req-5cb1a68c-e2e0-46ab-bfb7-76ad0936be00 req-cbded41d-c105-4567-8e27-a94d848319f2 d33e70b2005545e780dbc4d60bf62add eb89399d0eda4ae0be6a9c2b39ab88c7 - - default default] 10.0.0.78 "GET /v2.0/ports?device_id=5553e72a-5af9-4df3-a787-47e882ece730 HTTP/1.1" status: 200 len: 1174 time: 0.0889952
2026-06-26 04:50:37.546 10 INFO neutron.api.wsgi [req-5cb1a68c-e2e0-46ab-bfb7-76ad0936be00 req-d6ef023a-7e84-47c3-9401-e3953f323f35 d33e70b2005545e780dbc4d60bf62add eb89399d0eda4ae0be6a9c2b39ab88c7 - - default default] 10.0.0.78 "GET /v2.0/security-groups?id=7a5c8c15-4caf-49a3-8b44-7b581c97615b&fields=id&fields=name HTTP/1.1" status: 200 len: 313 time: 0.0345223
2026-06-26 04:50:38.029 9 INFO neutron.notifiers.nova [-] Nova event matching ['req-0f5daa73-4ee2-4d7e-b534-3f98a469b703'] response: {'server_uuid': '5553e72a-5af9-4df3-a787-47e882ece730', 'name': 'network-vif-plugged', 'status': 'completed', 'tag': '6033df77-2ec0-4c09-9ae2-18ac5e5e508f', 'code': 200}
2026-06-26 04:50:38.528 9 INFO neutron.api.wsgi [-] 10.0.0.210 "GET / HTTP/1.1" status: 200 len: 247 time: 0.0037982
2026-06-26 04:50:38.528 10 INFO neutron.api.wsgi [-] 10.0.0.210 "GET / HTTP/1.1" status: 200 len: 247 time: 0.0039554
2026-06-26 04:50:38.540 10 WARNING neutron_lib.context [None req-c0c50df4-f39a-4dcf-b93d-8a9a487d239a 771793380fd5469eb95a6dc05e22c086 7236d58a67ef4caca7466869e66f4529 - - default default] Method 'is_advsvc' is deprecated since 2023.2 release (neutron-lib 3.8.0) and will be removed once support for the old RBAC API policies will be removed from Neutron. Please use method 'is_service_role' instead.
2026-06-26 04:50:38.608 10 INFO neutron.api.wsgi [None req-c0c50df4-f39a-4dcf-b93d-8a9a487d239a 771793380fd5469eb95a6dc05e22c086 7236d58a67ef4caca7466869e66f4529 - - default default] 10.0.0.160 "POST /v2.0/subnetpools HTTP/1.1" status: 201 len: 715 time: 0.2428586
2026-06-26 04:50:38.652 10 INFO neutron.api.wsgi [req-db183255-c076-4f7c-b56b-1b4f2334a21f req-03b29eab-3554-4b98-8b06-5f69ef15cf48 d33e70b2005545e780dbc4d60bf62add eb89399d0eda4ae0be6a9c2b39ab88c7 - - default default] 10.0.0.78 "GET /v2.0/ports?device_id=5553e72a-5af9-4df3-a787-47e882ece730 HTTP/1.1" status: 200 len: 1174 time: 0.0323749
2026-06-26 04:50:38.654 10 INFO neutron.api.wsgi [None req-e2993e4f-b865-47c4-97bb-962ef3230e75 771793380fd5469eb95a6dc05e22c086 7236d58a67ef4caca7466869e66f4529 - - default default] 10.0.0.160 "PUT /v2.0/subnetpools/1d024a49-2b45-41ce-857f-4aee217f0ab0/tags HTTP/1.1" status: 200 len: 218 time: 0.0412629 /var/lib/openstack/lib/python3.12/site-packages/pycadf/identifier.py:71: UserWarning: Invalid uuid: neutron. To ensure interoperability, identifiers should be a valid uuid. warnings.warn(('Invalid uuid: %s. To ensure interoperability, '
2026-06-26 04:50:38.683 9 INFO neutron.api.wsgi [None req-87dc293c-9f0f-4e77-81dd-810d5afbd762 771793380fd5469eb95a6dc05e22c086 7236d58a67ef4caca7466869e66f4529 - - default default] 10.0.0.160 "GET /v2.0/subnetpools/1d024a49-2b45-41ce-857f-4aee217f0ab0/tags HTTP/1.1" status: 200 len: 218 time: 0.0233769
2026-06-26 04:50:38.688 10 INFO neutron.api.wsgi [req-db183255-c076-4f7c-b56b-1b4f2334a21f req-7e57f633-9d38-46db-a537-c37393513f26 d33e70b2005545e780dbc4d60bf62add eb89399d0eda4ae0be6a9c2b39ab88c7 - - default default] 10.0.0.78 "GET /v2.0/security-groups?id=7a5c8c15-4caf-49a3-8b44-7b581c97615b&fields=id&fields=name HTTP/1.1" status: 200 len: 313 time: 0.0295494
2026-06-26 04:50:38.720 9 INFO neutron.api.wsgi [None req-85d1e25b-95a0-4d81-8a00-fbcc9c414954 771793380fd5469eb95a6dc05e22c086 7236d58a67ef4caca7466869e66f4529 - - default default] 10.0.0.160 "PUT /v2.0/subnetpools/1d024a49-2b45-41ce-857f-4aee217f0ab0/tags/green HTTP/1.1" status: 201 len: 201 time: 0.0325291
2026-06-26 04:50:38.755 10 INFO neutron.api.wsgi [None req-45493c0b-03b0-4ecc-a56e-3923b733c86c 771793380fd5469eb95a6dc05e22c086 7236d58a67ef4caca7466869e66f4529 - - default default] 10.0.0.160 "GET /v2.0/subnetpools/1d024a49-2b45-41ce-857f-4aee217f0ab0/tags HTTP/1.1" status: 200 len: 227 time: 0.0303535
2026-06-26 04:50:38.779 10 INFO neutron.api.wsgi [req-915f5439-5666-475d-9efc-67a17cec65d2 req-de2fa3cb-2141-4ee4-b79c-99c83e8071fa d33e70b2005545e780dbc4d60bf62add eb89399d0eda4ae0be6a9c2b39ab88c7 - - default default] 10.0.0.78 "GET /v2.0/ports?device_id=5553e72a-5af9-4df3-a787-47e882ece730 HTTP/1.1" status: 200 len: 1174 time: 0.0303671
2026-06-26 04:50:38.793 10 INFO neutron.api.wsgi [None req-fb63363d-159d-4580-af22-cf73a27ef84d 771793380fd5469eb95a6dc05e22c086 7236d58a67ef4caca7466869e66f4529 - - default default] 10.0.0.160 "PUT /v2.0/subnetpools/1d024a49-2b45-41ce-857f-4aee217f0ab0/tags/red HTTP/1.1" status: 201 len: 201 time: 0.0325763
2026-06-26 04:50:38.822 9 INFO neutron.api.wsgi [None req-f600a5e8-fb24-478b-b8ad-ed95b9540322 771793380fd5469eb95a6dc05e22c086 7236d58a67ef4caca7466869e66f4529 - - default default] 10.0.0.160 "GET /v2.0/subnetpools/1d024a49-2b45-41ce-857f-4aee217f0ab0/tags HTTP/1.1" status: 200 len: 227 time: 0.0222321
2026-06-26 04:50:38.833 10 INFO neutron.api.wsgi [req-915f5439-5666-475d-9efc-67a17cec65d2 req-0b9f12c4-c876-4b5f-9a3f-9bd65cc3db1b d33e70b2005545e780dbc4d60bf62add eb89399d0eda4ae0be6a9c2b39ab88c7 - - default default] 10.0.0.78 "GET /v2.0/security-groups?id=7a5c8c15-4caf-49a3-8b44-7b581c97615b&fields=id&fields=name HTTP/1.1" status: 200 len: 313 time: 0.0474570
2026-06-26 04:50:38.879 9 INFO neutron.api.wsgi [None req-7f57a5a3-c4bd-448b-86f8-1b58a2dc6827 771793380fd5469eb95a6dc05e22c086 7236d58a67ef4caca7466869e66f4529 - - default default] 10.0.0.160 "PUT /v2.0/subnetpools/1d024a49-2b45-41ce-857f-4aee217f0ab0/tags/black.or.white HTTP/1.1" status: 201 len: 201 time: 0.0527248
2026-06-26 04:50:38.902 9 INFO neutron.api.wsgi [None req-cb822fd0-c757-4765-b8f0-650cf50d2d13 5a29e3532b0a4d89bd0be052d7c86907 190da68c09fc4f42ba99437a0300d1c4 - - default default] 10.0.0.160 "GET /v2.0/ports?device_id=5553e72a-5af9-4df3-a787-47e882ece730 HTTP/1.1" status: 200 len: 1408 time: 0.0415046
2026-06-26 04:50:38.927 10 INFO neutron.api.wsgi [None req-a6bcb910-9b68-4eb7-857a-1c44e862d1c1 771793380fd5469eb95a6dc05e22c086 7236d58a67ef4caca7466869e66f4529 - - default default] 10.0.0.160 "GET /v2.0/subnetpools/1d024a49-2b45-41ce-857f-4aee217f0ab0/tags HTTP/1.1" status: 200 len: 245 time: 0.0429013
2026-06-26 04:50:38.980 10 INFO neutron.api.wsgi [None req-59144512-46b1-4eca-b7ad-1af05e42546f 771793380fd5469eb95a6dc05e22c086 7236d58a67ef4caca7466869e66f4529 - - default default] 10.0.0.160 "PUT /v2.0/subnetpools/1d024a49-2b45-41ce-857f-4aee217f0ab0/tags HTTP/1.1" status: 200 len: 230 time: 0.0490332
2026-06-26 04:50:39.021 9 INFO neutron.api.wsgi [None req-801c083e-c123-4a2f-8d30-537f3882a326 771793380fd5469eb95a6dc05e22c086 7236d58a67ef4caca7466869e66f4529 - - default default] 10.0.0.160 "GET /v2.0/subnetpools/1d024a49-2b45-41ce-857f-4aee217f0ab0/tags HTTP/1.1" status: 200 len: 230 time: 0.0331180
2026-06-26 04:50:39.047 9 INFO neutron.api.wsgi [None req-6b986771-1510-4875-818a-708ea94226af 771793380fd5469eb95a6dc05e22c086 7236d58a67ef4caca7466869e66f4529 - - default default] 10.0.0.160 "GET /v2.0/subnetpools/1d024a49-2b45-41ce-857f-4aee217f0ab0/tags/red HTTP/1.1" status: 204 len: 168 time: 0.0199256
2026-06-26 04:50:39.077 9 INFO neutron.api.v2.resource [None req-1362cd1b-b262-4c35-9ab3-f3ec24a59bb5 771793380fd5469eb95a6dc05e22c086 7236d58a67ef4caca7466869e66f4529 - - default default] show failed (client error): The resource could not be found.
2026-06-26 04:50:39.078 9 INFO neutron.api.wsgi [None req-1362cd1b-b262-4c35-9ab3-f3ec24a59bb5 771793380fd5469eb95a6dc05e22c086 7236d58a67ef4caca7466869e66f4529 - - default default] 10.0.0.160 "GET /v2.0/subnetpools/1d024a49-2b45-41ce-857f-4aee217f0ab0/tags/green HTTP/1.1" status: 404 len: 299 time: 0.0236509
2026-06-26 04:50:39.127 9 INFO neutron.api.wsgi [None req-672baa3f-fc46-4dec-8843-1aca293ce782 771793380fd5469eb95a6dc05e22c086 7236d58a67ef4caca7466869e66f4529 - - default default] 10.0.0.160 "DELETE /v2.0/subnetpools/1d024a49-2b45-41ce-857f-4aee217f0ab0/tags/red HTTP/1.1" status: 204 len: 168 time: 0.0419941
2026-06-26 04:50:39.163 9 INFO neutron.api.wsgi [None req-b28a9138-34d6-48b2-830b-4c48d7283330 771793380fd5469eb95a6dc05e22c086 7236d58a67ef4caca7466869e66f4529 - - default default] 10.0.0.160 "GET /v2.0/subnetpools/1d024a49-2b45-41ce-857f-4aee217f0ab0/tags HTTP/1.1" status: 200 len: 223 time: 0.0319722
2026-06-26 04:50:39.192 9 INFO neutron.api.v2.resource [None req-5b1821e3-7f78-4d73-9cce-4a2359556f07 771793380fd5469eb95a6dc05e22c086 7236d58a67ef4caca7466869e66f4529 - - default default] delete failed (client error): The resource could not be found.
2026-06-26 04:50:39.194 9 INFO neutron.api.wsgi [None req-5b1821e3-7f78-4d73-9cce-4a2359556f07 771793380fd5469eb95a6dc05e22c086 7236d58a67ef4caca7466869e66f4529 - - default default] 10.0.0.160 "DELETE /v2.0/subnetpools/1d024a49-2b45-41ce-857f-4aee217f0ab0/tags/green HTTP/1.1" status: 404 len: 299 time: 0.0278239
2026-06-26 04:50:39.252 9 INFO neutron.api.wsgi [None req-3efecd49-ddaa-4b38-97b7-fc441a8a6097 771793380fd5469eb95a6dc05e22c086 7236d58a67ef4caca7466869e66f4529 - - default default] 10.0.0.160 "DELETE /v2.0/subnetpools/1d024a49-2b45-41ce-857f-4aee217f0ab0/tags HTTP/1.1" status: 204 len: 168 time: 0.0522940
2026-06-26 04:50:39.280 9 INFO neutron.api.wsgi [None req-4948381f-1d88-48a4-8349-5af55b9b5dca 771793380fd5469eb95a6dc05e22c086 7236d58a67ef4caca7466869e66f4529 - - default default] 10.0.0.160 "GET /v2.0/subnetpools/1d024a49-2b45-41ce-857f-4aee217f0ab0/tags HTTP/1.1" status: 200 len: 205 time: 0.0233700
2026-06-26 04:50:39.330 9 INFO neutron.api.wsgi [None req-e48a896b-5153-4a8e-9feb-94967dc324d4 771793380fd5469eb95a6dc05e22c086 7236d58a67ef4caca7466869e66f4529 - - default default] 10.0.0.160 "DELETE /v2.0/subnetpools/1d024a49-2b45-41ce-857f-4aee217f0ab0 HTTP/1.1" status: 204 len: 168 time: 0.0430870
2026-06-26 04:50:39.494 10 INFO neutron.db.ovn_revision_numbers_db [None req-e2528d84-f961-494e-a6ad-49ddf1676df6 d33e70b2005545e780dbc4d60bf62add eb89399d0eda4ae0be6a9c2b39ab88c7 - - default default] Successfully bumped revision number for resource 24dccef4-11e4-457c-9415-c956e9bc837b (type: floatingips) to 4
2026-06-26 04:50:39.611 10 INFO neutron.db.ovn_revision_numbers_db [None req-e2528d84-f961-494e-a6ad-49ddf1676df6 d33e70b2005545e780dbc4d60bf62add eb89399d0eda4ae0be6a9c2b39ab88c7 - - default default] Successfully bumped revision number for resource 24dccef4-11e4-457c-9415-c956e9bc837b (type: floatingips) to 5
2026-06-26 04:50:39.612 10 INFO neutron.db.l3_db [None req-e2528d84-f961-494e-a6ad-49ddf1676df6 d33e70b2005545e780dbc4d60bf62add eb89399d0eda4ae0be6a9c2b39ab88c7 - - default default] Floating IP 24dccef4-11e4-457c-9415-c956e9bc837b associated. External IP: 10.96.250.217, port: 6033df77-2ec0-4c09-9ae2-18ac5e5e508f.
2026-06-26 04:50:39.649 10 INFO neutron.api.wsgi [None req-e2528d84-f961-494e-a6ad-49ddf1676df6 d33e70b2005545e780dbc4d60bf62add eb89399d0eda4ae0be6a9c2b39ab88c7 - - default default] 10.0.0.160 "PUT /v2.0/floatingips/24dccef4-11e4-457c-9415-c956e9bc837b HTTP/1.1" status: 200 len: 1050 time: 0.7424431 /var/lib/openstack/lib/python3.12/site-packages/pycadf/identifier.py:71: UserWarning: Invalid uuid: neutron. To ensure interoperability, identifiers should be a valid uuid. warnings.warn(('Invalid uuid: %s. To ensure interoperability, '
2026-06-26 04:50:39.684 10 INFO neutron.notifiers.nova [-] Nova event matching ['req-ecf2170a-144c-4b9e-9c36-681059639524'] response: {'name': 'network-changed', 'server_uuid': '5553e72a-5af9-4df3-a787-47e882ece730', 'tag': '6033df77-2ec0-4c09-9ae2-18ac5e5e508f', 'status': 'completed', 'code': 200}
2026-06-26 04:50:39.714 10 INFO neutron.api.wsgi [None req-bb4066e8-0de7-458e-b28a-7ef899a58ca1 d33e70b2005545e780dbc4d60bf62add eb89399d0eda4ae0be6a9c2b39ab88c7 - - default default] 10.0.0.160 "GET /v2.0/floatingips/24dccef4-11e4-457c-9415-c956e9bc837b HTTP/1.1" status: 200 len: 1052 time: 0.0595922
2026-06-26 04:50:40.221 9 INFO neutron.api.wsgi [req-4cadc837-bfe7-46d9-873a-cc3197b042c9 req-24c94dd5-fed3-478f-86e3-b80d6265f33d c20f319dc3984ebba267d56c940622e0 63cdc91da5f546ba891e6589aa3bc125 - - 8963cce63f5c42bc8c9d87b82fbe7c54 8963cce63f5c42bc8c9d87b82fbe7c54] 199.204.45.115 "GET /v2.0/ports?tenant_id=eb89399d0eda4ae0be6a9c2b39ab88c7&device_id=5553e72a-5af9-4df3-a787-47e882ece730 HTTP/1.1" status: 200 len: 1413 time: 0.0283020
2026-06-26 04:50:40.255 9 INFO neutron.db.ovn_revision_numbers_db [None req-1d576708-9b6b-42a8-a5b3-2218973858ae 158b7729050a495984523bc1f87691ef 4568e1db581344cf85756397d929f73d - - default default] Successfully bumped revision number for resource f87dac7a-82a1-46c9-9316-95812272b5e3 (type: security_groups) to 1
2026-06-26 04:50:40.268 9 INFO neutron.db.ovn_revision_numbers_db [None req-1d576708-9b6b-42a8-a5b3-2218973858ae 158b7729050a495984523bc1f87691ef 4568e1db581344cf85756397d929f73d - - default default] Successfully bumped revision number for resource 0100aa8f-ffeb-4d82-a5e8-e6318c33b986 (type: security_group_rules) to 0
2026-06-26 04:50:40.277 9 INFO neutron.api.wsgi [req-4cadc837-bfe7-46d9-873a-cc3197b042c9 req-07d6ec2e-d286-4c50-a028-62dcf9f6bd5a c20f319dc3984ebba267d56c940622e0 63cdc91da5f546ba891e6589aa3bc125 - - 8963cce63f5c42bc8c9d87b82fbe7c54 8963cce63f5c42bc8c9d87b82fbe7c54] 199.204.45.115 "GET /v2.0/networks?id=3344ddee-c38c-4938-aea1-4fffb0e8c00c HTTP/1.1" status: 200 len: 959 time: 0.0439618
2026-06-26 04:50:40.287 9 INFO neutron.db.ovn_revision_numbers_db [None req-1d576708-9b6b-42a8-a5b3-2218973858ae 158b7729050a495984523bc1f87691ef 4568e1db581344cf85756397d929f73d - - default default] Successfully bumped revision number for resource 06988b33-e5ef-4ef4-a001-aaa8b287bb06 (type: security_group_rules) to 0
2026-06-26 04:50:40.309 9 INFO neutron.db.ovn_revision_numbers_db [None req-1d576708-9b6b-42a8-a5b3-2218973858ae 158b7729050a495984523bc1f87691ef 4568e1db581344cf85756397d929f73d - - default default] Successfully bumped revision number for resource 0e9ef2fc-3b93-40f8-a149-2346ee617000 (type: security_group_rules) to 0
2026-06-26 04:50:40.322 9 INFO neutron.api.wsgi [req-4cadc837-bfe7-46d9-873a-cc3197b042c9 req-e105d032-910b-4882-8e9c-3b541aea3be5 c20f319dc3984ebba267d56c940622e0 63cdc91da5f546ba891e6589aa3bc125 - - 8963cce63f5c42bc8c9d87b82fbe7c54 8963cce63f5c42bc8c9d87b82fbe7c54] 199.204.45.115 "GET /v2.0/floatingips?fixed_ip_address=10.100.0.14&port_id=6033df77-2ec0-4c09-9ae2-18ac5e5e508f HTTP/1.1" status: 200 len: 1060 time: 0.0389736
2026-06-26 04:50:40.327 9 INFO neutron.db.ovn_revision_numbers_db [None req-1d576708-9b6b-42a8-a5b3-2218973858ae 158b7729050a495984523bc1f87691ef 4568e1db581344cf85756397d929f73d - - default default] Successfully bumped revision number for resource a673855f-0de8-470a-95a8-0d0eb4f58c15 (type: security_group_rules) to 0
2026-06-26 04:50:40.358 9 INFO neutron.api.wsgi [req-4cadc837-bfe7-46d9-873a-cc3197b042c9 req-642a9ebd-701e-4a9b-b1c4-d55745182d98 c20f319dc3984ebba267d56c940622e0 63cdc91da5f546ba891e6589aa3bc125 - - 8963cce63f5c42bc8c9d87b82fbe7c54 8963cce63f5c42bc8c9d87b82fbe7c54] 199.204.45.115 "GET /v2.0/subnets?id=b3c53288-c2e6-4d44-bc2e-eecc439faeee HTTP/1.1" status: 200 len: 876 time: 0.0287271
2026-06-26 04:50:40.373 9 INFO neutron.api.wsgi [None req-1d576708-9b6b-42a8-a5b3-2218973858ae 158b7729050a495984523bc1f87691ef 4568e1db581344cf85756397d929f73d - - default default] 10.0.0.160 "GET /v2.0/security-groups?tenant_id=08f4126091a04194badd88125eb2d89d&name=default HTTP/1.1" status: 200 len: 3120 time: 0.3537152
2026-06-26 04:50:40.381 9 INFO neutron.api.wsgi [req-4cadc837-bfe7-46d9-873a-cc3197b042c9 req-240cd650-fcd2-4dac-8649-685cf4cd78d3 c20f319dc3984ebba267d56c940622e0 63cdc91da5f546ba891e6589aa3bc125 - - 8963cce63f5c42bc8c9d87b82fbe7c54 8963cce63f5c42bc8c9d87b82fbe7c54] 199.204.45.115 "GET /v2.0/ports?network_id=3344ddee-c38c-4938-aea1-4fffb0e8c00c&device_owner=network%3Adhcp HTTP/1.1" status: 200 len: 210 time: 0.0144825
2026-06-26 04:50:40.427 9 INFO neutron.api.wsgi [req-4cadc837-bfe7-46d9-873a-cc3197b042c9 req-35e85f13-a138-4ea5-af55-902135b7216a c20f319dc3984ebba267d56c940622e0 63cdc91da5f546ba891e6589aa3bc125 - - 8963cce63f5c42bc8c9d87b82fbe7c54 8963cce63f5c42bc8c9d87b82fbe7c54] 199.204.45.115 "GET /v2.0/networks/3344ddee-c38c-4938-aea1-4fffb0e8c00c?fields=segments HTTP/1.1" status: 200 len: 212 time: 0.0419497
2026-06-26 04:50:40.478 9 INFO neutron.api.wsgi [req-4cadc837-bfe7-46d9-873a-cc3197b042c9 req-19385de7-aaa1-4f02-9fe7-84d42b860209 c20f319dc3984ebba267d56c940622e0 63cdc91da5f546ba891e6589aa3bc125 - - 8963cce63f5c42bc8c9d87b82fbe7c54 8963cce63f5c42bc8c9d87b82fbe7c54] 199.204.45.115 "GET /v2.0/networks/3344ddee-c38c-4938-aea1-4fffb0e8c00c?fields=provider%3Aphysical_network&fields=provider%3Anetwork_type HTTP/1.1" status: 200 len: 277 time: 0.0446227
2026-06-26 04:50:40.606 9 INFO neutron.api.wsgi [None req-8dab80d8-5eb0-4d78-a002-fd8fb304d8aa 158b7729050a495984523bc1f87691ef 4568e1db581344cf85756397d929f73d - - default default] 10.0.0.160 "DELETE /v2.0/security-groups/f87dac7a-82a1-46c9-9316-95812272b5e3 HTTP/1.1" status: 204 len: 168 time: 0.2268074
2026-06-26 04:50:40.828 9 INFO neutron.db.ovn_revision_numbers_db [None req-954f5800-da3d-4f03-b262-d5dc5b4fe57b 158b7729050a495984523bc1f87691ef 4568e1db581344cf85756397d929f73d - - default default] Successfully bumped revision number for resource f73a14d7-e314-49c9-b9dc-7af4320cd058 (type: security_groups) to 1
2026-06-26 04:50:40.846 9 INFO neutron.db.ovn_revision_numbers_db [None req-954f5800-da3d-4f03-b262-d5dc5b4fe57b 158b7729050a495984523bc1f87691ef 4568e1db581344cf85756397d929f73d - - default default] Successfully bumped revision number for resource 1848e52c-ae89-4407-9c87-926305423cfd (type: security_group_rules) to 0
2026-06-26 04:50:40.861 9 INFO neutron.db.ovn_revision_numbers_db [None req-954f5800-da3d-4f03-b262-d5dc5b4fe57b 158b7729050a495984523bc1f87691ef 4568e1db581344cf85756397d929f73d - - default default] Successfully bumped revision number for resource 22a517de-64b0-49d3-a9b5-5b6a61caf58b (type: security_group_rules) to 0
2026-06-26 04:50:40.873 9 INFO neutron.db.ovn_revision_numbers_db [None req-954f5800-da3d-4f03-b262-d5dc5b4fe57b 158b7729050a495984523bc1f87691ef 4568e1db581344cf85756397d929f73d - - default default] Successfully bumped revision number for resource 500e4ae8-c247-4710-a229-3d010b54757e (type: security_group_rules) to 0
2026-06-26 04:50:40.887 9 INFO neutron.db.ovn_revision_numbers_db [None req-954f5800-da3d-4f03-b262-d5dc5b4fe57b 158b7729050a495984523bc1f87691ef 4568e1db581344cf85756397d929f73d - - default default] Successfully bumped revision number for resource 9b4dc7a6-5f48-44aa-9931-0af0dfbd4dcf (type: security_group_rules) to 0
2026-06-26 04:50:40.920 9 INFO neutron.api.wsgi [None req-954f5800-da3d-4f03-b262-d5dc5b4fe57b 158b7729050a495984523bc1f87691ef 4568e1db581344cf85756397d929f73d - - default default] 10.0.0.160 "GET /v2.0/security-groups?tenant_id=7236d58a67ef4caca7466869e66f4529&name=default HTTP/1.1" status: 200 len: 3120 time: 0.2093830
2026-06-26 04:50:41.113 9 INFO neutron.api.wsgi [None req-3928e0c9-fcda-4696-a4ce-cc210f154641 158b7729050a495984523bc1f87691ef 4568e1db581344cf85756397d929f73d - - default default] 10.0.0.160 "DELETE /v2.0/security-groups/f73a14d7-e314-49c9-b9dc-7af4320cd058 HTTP/1.1" status: 204 len: 168 time: 0.1884160
2026-06-26 04:50:44.307 10 INFO neutron.api.wsgi [req-1cefcfb0-9c3d-4a45-8e1d-b67ffc221d2b req-e16bfec7-9762-4d8e-b683-9a7dcaf5a3d3 4b888630fba24348843a1a35d140d95a 9c9dde338ec44271bd81dcda37867b6e - - default default] 10.0.0.78 "GET /v2.0/ports?device_id=d6fd2f87-9a62-4a7b-87af-8ac3cce0343b HTTP/1.1" status: 200 len: 1210 time: 0.0720222
2026-06-26 04:50:44.331 9 WARNING neutron_lib.context [None req-9402a096-a4e9-4007-91e6-b42a73c79f2c 56b21779c8a74c7d8f70f1fb85d19b40 be124be5d1214566849066abf3b78f18 - - default default] Method 'is_advsvc' is deprecated since 2023.2 release (neutron-lib 3.8.0) and will be removed once support for the old RBAC API policies will be removed from Neutron. Please use method 'is_service_role' instead.
2026-06-26 04:50:44.362 10 INFO neutron.api.wsgi [req-1cefcfb0-9c3d-4a45-8e1d-b67ffc221d2b req-ebba7916-432a-4d3f-aaf4-2dd5e0917759 4b888630fba24348843a1a35d140d95a 9c9dde338ec44271bd81dcda37867b6e - - default default] 10.0.0.78 "GET /v2.0/security-groups?id=3a7025b9-962e-47f0-b543-2b72c5ac0f5b&id=02babd19-427b-493b-b22c-35f2bd4674ef&fields=id&fields=name HTTP/1.1" status: 200 len: 405 time: 0.0475242
2026-06-26 04:50:44.464 9 INFO neutron.db.ovn_revision_numbers_db [None req-9402a096-a4e9-4007-91e6-b42a73c79f2c 56b21779c8a74c7d8f70f1fb85d19b40 be124be5d1214566849066abf3b78f18 - - default default] Successfully bumped revision number for resource 4145a882-0414-4cb9-81cf-5194ab94c972 (type: security_groups) to 1
2026-06-26 04:50:44.480 9 INFO neutron.db.ovn_revision_numbers_db [None req-9402a096-a4e9-4007-91e6-b42a73c79f2c 56b21779c8a74c7d8f70f1fb85d19b40 be124be5d1214566849066abf3b78f18 - - default default] Successfully bumped revision number for resource 99142012-23c5-40bf-afd3-135777b65492 (type: security_group_rules) to 0
2026-06-26 04:50:44.493 9 INFO neutron.db.ovn_revision_numbers_db [None req-9402a096-a4e9-4007-91e6-b42a73c79f2c 56b21779c8a74c7d8f70f1fb85d19b40 be124be5d1214566849066abf3b78f18 - - default default] Successfully bumped revision number for resource b5d30537-0819-49dc-8960-2f9885f447e5 (type: security_group_rules) to 0
2026-06-26 04:50:44.505 9 INFO neutron.db.ovn_revision_numbers_db [None req-9402a096-a4e9-4007-91e6-b42a73c79f2c 56b21779c8a74c7d8f70f1fb85d19b40 be124be5d1214566849066abf3b78f18 - - default default] Successfully bumped revision number for resource d057691f-8dd4-4739-86cf-78bb82367bb5 (type: security_group_rules) to 0
2026-06-26 04:50:44.515 10 INFO neutron.api.wsgi [None req-4c915ab3-874a-4154-8709-6507dd92df50 bce6123abcbe4202a6d04196bc72f3f7 e2cce1722a3b4a919307f7fbe4e6d47a - - default default] 10.0.0.160 "GET /v2.0/ports?device_id=d6fd2f87-9a62-4a7b-87af-8ac3cce0343b HTTP/1.1" status: 200 len: 1443 time: 0.1244557
2026-06-26 04:50:44.518 9 INFO neutron.db.ovn_revision_numbers_db [None req-9402a096-a4e9-4007-91e6-b42a73c79f2c 56b21779c8a74c7d8f70f1fb85d19b40 be124be5d1214566849066abf3b78f18 - - default default] Successfully bumped revision number for resource fe2c3d66-0fa9-4d01-a273-1aa7b286e27a (type: security_group_rules) to 0
2026-06-26 04:50:44.583 10 INFO neutron.api.wsgi [None req-bab92fd8-1b2d-439f-bc2e-83c95a1f1d28 4b888630fba24348843a1a35d140d95a 9c9dde338ec44271bd81dcda37867b6e - - default default] 10.0.0.160 "GET /v2.0/floatingips?floating_network_id=11789b96-5912-42f6-902a-d4b9fa3b0e1f&port_id=4e1b891e-13d4-40ba-bcf6-c2d405419135 HTTP/1.1" status: 200 len: 1054 time: 0.0629947
2026-06-26 04:50:44.591 9 INFO neutron.db.segments_db [None req-9402a096-a4e9-4007-91e6-b42a73c79f2c 56b21779c8a74c7d8f70f1fb85d19b40 be124be5d1214566849066abf3b78f18 - - default default] Added segment 3998005e-aac4-4f0e-a043-20d603718873 of type geneve for network 5e61a436-d3c1-471b-b9cd-44b05bb538c9
2026-06-26 04:50:44.712 9 INFO neutron.db.ovn_revision_numbers_db [None req-9402a096-a4e9-4007-91e6-b42a73c79f2c 56b21779c8a74c7d8f70f1fb85d19b40 be124be5d1214566849066abf3b78f18 - - default default] Successfully bumped revision number for resource 5e61a436-d3c1-471b-b9cd-44b05bb538c9 (type: networks) to 1
