2026-06-26 04:50:44.830 9 INFO neutron.api.wsgi [req-4c2f81f5-c213-427e-84fe-b8b21760058f req-c8589c2e-b5c7-4aec-bf92-c7dbd2188ab7 c20f319dc3984ebba267d56c940622e0 63cdc91da5f546ba891e6589aa3bc125 - - 8963cce63f5c42bc8c9d87b82fbe7c54 8963cce63f5c42bc8c9d87b82fbe7c54] 10.0.0.91 "GET /v2.0/ports?device_id=d6fd2f87-9a62-4a7b-87af-8ac3cce0343b HTTP/1.1" status: 200 len: 1448 time: 0.0358374
2026-06-26 04:50:44.878 9 INFO neutron.api.wsgi [req-4c2f81f5-c213-427e-84fe-b8b21760058f req-9787bb59-2313-4107-838d-3ea0e2c3950a c20f319dc3984ebba267d56c940622e0 63cdc91da5f546ba891e6589aa3bc125 - - 8963cce63f5c42bc8c9d87b82fbe7c54 8963cce63f5c42bc8c9d87b82fbe7c54] 10.0.0.91 "GET /v2.0/security-groups?id=02babd19-427b-493b-b22c-35f2bd4674ef&id=3a7025b9-962e-47f0-b543-2b72c5ac0f5b&fields=id&fields=name HTTP/1.1" status: 200 len: 405 time: 0.0439534
2026-06-26 04:50:44.897 9 WARNING neutron.scheduler.dhcp_agent_scheduler [None req-9402a096-a4e9-4007-91e6-b42a73c79f2c 56b21779c8a74c7d8f70f1fb85d19b40 be124be5d1214566849066abf3b78f18 - - default default] No more DHCP agents
2026-06-26 04:50:44.898 9 WARNING neutron.api.rpc.agentnotifiers.dhcp_rpc_agent_api [None req-9402a096-a4e9-4007-91e6-b42a73c79f2c 56b21779c8a74c7d8f70f1fb85d19b40 be124be5d1214566849066abf3b78f18 - - default default] Unable to schedule network 5e61a436-d3c1-471b-b9cd-44b05bb538c9: no agents available; will retry on subsequent port and subnet creation events.
2026-06-26 04:50:44.967 9 INFO neutron.db.ovn_revision_numbers_db [None req-9402a096-a4e9-4007-91e6-b42a73c79f2c 56b21779c8a74c7d8f70f1fb85d19b40 be124be5d1214566849066abf3b78f18 - - default default] Successfully bumped revision number for resource 3645d239-b3a4-4ecb-a1de-55ed5c0603d9 (type: ports) to 1
2026-06-26 04:50:44.989 9 INFO neutron.api.wsgi [None req-9402a096-a4e9-4007-91e6-b42a73c79f2c 56b21779c8a74c7d8f70f1fb85d19b40 be124be5d1214566849066abf3b78f18 - - default default] 10.0.0.160 "POST /v2.0/networks HTTP/1.1" status: 201 len: 830 time: 0.8034916
2026-06-26 04:50:44.999 9 WARNING neutron_lib.context [None req-bd202588-9160-4040-8469-8f2a61257de5 56b21779c8a74c7d8f70f1fb85d19b40 be124be5d1214566849066abf3b78f18 - - default default] Method 'is_advsvc' is deprecated since 2023.2 release (neutron-lib 3.8.0) and will be removed once support for the old RBAC API policies will be removed from Neutron. Please use method 'is_service_role' instead.
2026-06-26 04:50:45.217 9 WARNING neutron.scheduler.dhcp_agent_scheduler [None req-bd202588-9160-4040-8469-8f2a61257de5 56b21779c8a74c7d8f70f1fb85d19b40 be124be5d1214566849066abf3b78f18 - - default default] No more DHCP agents
2026-06-26 04:50:45.218 9 WARNING neutron.api.rpc.agentnotifiers.dhcp_rpc_agent_api [None req-bd202588-9160-4040-8469-8f2a61257de5 56b21779c8a74c7d8f70f1fb85d19b40 be124be5d1214566849066abf3b78f18 - - default default] Unable to schedule network 5e61a436-d3c1-471b-b9cd-44b05bb538c9: no agents available; will retry on subsequent port and subnet creation events.
2026-06-26 04:50:45.278 9 INFO neutron.db.ovn_revision_numbers_db [None req-bd202588-9160-4040-8469-8f2a61257de5 56b21779c8a74c7d8f70f1fb85d19b40 be124be5d1214566849066abf3b78f18 - - default default] Successfully bumped revision number for resource fccdb31c-02af-462c-b75d-6a8d1820a7a3 (type: ports) to 1
2026-06-26 04:50:45.301 9 INFO neutron.api.wsgi [None req-bd202588-9160-4040-8469-8f2a61257de5 56b21779c8a74c7d8f70f1fb85d19b40 be124be5d1214566849066abf3b78f18 - - default default] 10.0.0.160 "POST /v2.0/ports HTTP/1.1" status: 201 len: 942 time: 0.3066096 /var/lib/openstack/lib/python3.12/site-packages/pycadf/identifier.py:71: UserWarning: Invalid uuid: neutron. To ensure interoperability, identifiers should be a valid uuid. warnings.warn(('Invalid uuid: %s. To ensure interoperability, '
2026-06-26 04:50:45.310 9 WARNING neutron_lib.context [None req-58563db5-75f1-4ad4-b3bf-7c9b98d9f431 56b21779c8a74c7d8f70f1fb85d19b40 be124be5d1214566849066abf3b78f18 - - default default] Method 'is_advsvc' is deprecated since 2023.2 release (neutron-lib 3.8.0) and will be removed once support for the old RBAC API policies will be removed from Neutron. Please use method 'is_service_role' instead.
2026-06-26 04:50:45.501 9 INFO neutron.api.wsgi [None req-58563db5-75f1-4ad4-b3bf-7c9b98d9f431 56b21779c8a74c7d8f70f1fb85d19b40 be124be5d1214566849066abf3b78f18 - - default default] 10.0.0.160 "POST /v2.0/trunks HTTP/1.1" status: 201 len: 608 time: 0.1955864
2026-06-26 04:50:45.531 9 INFO neutron.api.wsgi [None req-5853e7c5-46f3-4ff9-9ee9-c1fa9cdf5904 56b21779c8a74c7d8f70f1fb85d19b40 be124be5d1214566849066abf3b78f18 - - default default] 10.0.0.160 "PUT /v2.0/trunks/d9f7f150-c31e-4133-b6ed-50bf233a1bbb/tags HTTP/1.1" status: 200 len: 218 time: 0.0241449
2026-06-26 04:50:45.551 9 INFO neutron.api.wsgi [None req-5fea8baf-b72c-4deb-8a24-c6e29c645fcd 56b21779c8a74c7d8f70f1fb85d19b40 be124be5d1214566849066abf3b78f18 - - default default] 10.0.0.160 "GET /v2.0/trunks/d9f7f150-c31e-4133-b6ed-50bf233a1bbb/tags HTTP/1.1" status: 200 len: 218 time: 0.0145776
2026-06-26 04:50:45.580 9 INFO neutron.api.wsgi [None req-d6aff052-13d4-45a3-b157-f3b138643ee9 56b21779c8a74c7d8f70f1fb85d19b40 be124be5d1214566849066abf3b78f18 - - default default] 10.0.0.160 "PUT /v2.0/trunks/d9f7f150-c31e-4133-b6ed-50bf233a1bbb/tags/green HTTP/1.1" status: 201 len: 201 time: 0.0242677
2026-06-26 04:50:45.599 9 INFO neutron.api.wsgi [None req-16b3231a-5c58-4af5-9966-5cccd35ad301 56b21779c8a74c7d8f70f1fb85d19b40 be124be5d1214566849066abf3b78f18 - - default default] 10.0.0.160 "GET /v2.0/trunks/d9f7f150-c31e-4133-b6ed-50bf233a1bbb/tags HTTP/1.1" status: 200 len: 227 time: 0.0131927
2026-06-26 04:50:45.617 9 INFO neutron.api.wsgi [None req-e9173094-583b-404c-9ed7-91d70e37ed54 56b21779c8a74c7d8f70f1fb85d19b40 be124be5d1214566849066abf3b78f18 - - default default] 10.0.0.160 "PUT /v2.0/trunks/d9f7f150-c31e-4133-b6ed-50bf233a1bbb/tags/red HTTP/1.1" status: 201 len: 201 time: 0.0139701
2026-06-26 04:50:45.635 9 INFO neutron.api.wsgi [None req-cd44f228-0638-4f3b-b6af-3a0a7341b009 56b21779c8a74c7d8f70f1fb85d19b40 be124be5d1214566849066abf3b78f18 - - default default] 10.0.0.160 "GET /v2.0/trunks/d9f7f150-c31e-4133-b6ed-50bf233a1bbb/tags HTTP/1.1" status: 200 len: 227 time: 0.0137017
2026-06-26 04:50:45.664 9 INFO neutron.api.wsgi [None req-d73051df-37f7-47f3-b57f-80c1f940eff7 56b21779c8a74c7d8f70f1fb85d19b40 be124be5d1214566849066abf3b78f18 - - default default] 10.0.0.160 "PUT /v2.0/trunks/d9f7f150-c31e-4133-b6ed-50bf233a1bbb/tags/black.or.white HTTP/1.1" status: 201 len: 201 time: 0.0246642
2026-06-26 04:50:45.685 9 INFO neutron.api.wsgi [None req-e51159bd-1ce9-459d-a640-991929bbf846 56b21779c8a74c7d8f70f1fb85d19b40 be124be5d1214566849066abf3b78f18 - - default default] 10.0.0.160 "GET /v2.0/trunks/d9f7f150-c31e-4133-b6ed-50bf233a1bbb/tags HTTP/1.1" status: 200 len: 245 time: 0.0164824
2026-06-26 04:50:45.729 9 INFO neutron.api.wsgi [None req-29ebafe8-562e-4df3-a764-6016ac88b0eb 56b21779c8a74c7d8f70f1fb85d19b40 be124be5d1214566849066abf3b78f18 - - default default] 10.0.0.160 "PUT /v2.0/trunks/d9f7f150-c31e-4133-b6ed-50bf233a1bbb/tags HTTP/1.1" status: 200 len: 230 time: 0.0386100
2026-06-26 04:50:45.753 9 INFO neutron.api.wsgi [None req-a65c2780-60f9-4f8c-8668-b2e68d5b90c9 56b21779c8a74c7d8f70f1fb85d19b40 be124be5d1214566849066abf3b78f18 - - default default] 10.0.0.160 "GET /v2.0/trunks/d9f7f150-c31e-4133-b6ed-50bf233a1bbb/tags HTTP/1.1" status: 200 len: 230 time: 0.0176556
2026-06-26 04:50:45.773 9 INFO neutron.api.wsgi [None req-0cb60ef6-1798-4bb5-ba70-b70a876c3738 56b21779c8a74c7d8f70f1fb85d19b40 be124be5d1214566849066abf3b78f18 - - default default] 10.0.0.160 "GET /v2.0/trunks/d9f7f150-c31e-4133-b6ed-50bf233a1bbb/tags/red HTTP/1.1" status: 204 len: 168 time: 0.0140831
2026-06-26 04:50:45.795 9 INFO neutron.api.v2.resource [None req-5e391a27-eb66-4aef-921a-96147c37747b 56b21779c8a74c7d8f70f1fb85d19b40 be124be5d1214566849066abf3b78f18 - - default default] show failed (client error): The resource could not be found.
2026-06-26 04:50:45.796 9 INFO neutron.api.wsgi [None req-5e391a27-eb66-4aef-921a-96147c37747b 56b21779c8a74c7d8f70f1fb85d19b40 be124be5d1214566849066abf3b78f18 - - default default] 10.0.0.160 "GET /v2.0/trunks/d9f7f150-c31e-4133-b6ed-50bf233a1bbb/tags/green HTTP/1.1" status: 404 len: 299 time: 0.0165830
2026-06-26 04:50:45.836 9 INFO neutron.api.wsgi [None req-eb0d8221-ff8f-4196-93c4-db596f8dac38 56b21779c8a74c7d8f70f1fb85d19b40 be124be5d1214566849066abf3b78f18 - - default default] 10.0.0.160 "DELETE /v2.0/trunks/d9f7f150-c31e-4133-b6ed-50bf233a1bbb/tags/red HTTP/1.1" status: 204 len: 168 time: 0.0323274
2026-06-26 04:50:45.860 9 INFO neutron.api.wsgi [None req-c1f2ca59-3963-4d90-a936-1fda0f516909 56b21779c8a74c7d8f70f1fb85d19b40 be124be5d1214566849066abf3b78f18 - - default default] 10.0.0.160 "GET /v2.0/trunks/d9f7f150-c31e-4133-b6ed-50bf233a1bbb/tags HTTP/1.1" status: 200 len: 223 time: 0.0174422
2026-06-26 04:50:45.884 9 INFO neutron.api.v2.resource [None req-9664fddb-b67a-4444-ada3-7f19bdac187d 56b21779c8a74c7d8f70f1fb85d19b40 be124be5d1214566849066abf3b78f18 - - default default] delete failed (client error): The resource could not be found.
2026-06-26 04:50:45.885 9 INFO neutron.api.wsgi [None req-9664fddb-b67a-4444-ada3-7f19bdac187d 56b21779c8a74c7d8f70f1fb85d19b40 be124be5d1214566849066abf3b78f18 - - default default] 10.0.0.160 "DELETE /v2.0/trunks/d9f7f150-c31e-4133-b6ed-50bf233a1bbb/tags/green HTTP/1.1" status: 404 len: 299 time: 0.0189676
2026-06-26 04:50:45.918 9 INFO neutron.api.wsgi [None req-563f1fd9-a641-4cb7-a0af-5fe5be7fa043 56b21779c8a74c7d8f70f1fb85d19b40 be124be5d1214566849066abf3b78f18 - - default default] 10.0.0.160 "DELETE /v2.0/trunks/d9f7f150-c31e-4133-b6ed-50bf233a1bbb/tags HTTP/1.1" status: 204 len: 168 time: 0.0299640
2026-06-26 04:50:45.944 10 INFO neutron.api.wsgi [None req-191eb9e2-0400-4706-8905-5ed93dab1d65 56b21779c8a74c7d8f70f1fb85d19b40 be124be5d1214566849066abf3b78f18 - - default default] 10.0.0.160 "GET /v2.0/trunks/d9f7f150-c31e-4133-b6ed-50bf233a1bbb/tags HTTP/1.1" status: 200 len: 205 time: 0.0212641
2026-06-26 04:50:45.966 9 INFO neutron.api.wsgi [None req-a9d7ba8c-29de-4512-85fa-afe478930e7a 56b21779c8a74c7d8f70f1fb85d19b40 be124be5d1214566849066abf3b78f18 - - default default] 10.0.0.160 "GET /v2.0/trunks/d9f7f150-c31e-4133-b6ed-50bf233a1bbb HTTP/1.1" status: 200 len: 603 time: 0.0156922
2026-06-26 04:50:46.055 9 INFO neutron.api.wsgi [None req-2866c5b0-1dfb-4141-a4bd-051e4ddc9366 56b21779c8a74c7d8f70f1fb85d19b40 be124be5d1214566849066abf3b78f18 - - default default] 10.0.0.160 "GET /v2.0/ports/fccdb31c-02af-462c-b75d-6a8d1820a7a3 HTTP/1.1" status: 200 len: 1020 time: 0.0837297
2026-06-26 04:50:46.122 9 INFO neutron.api.wsgi [None req-3cf43dff-74db-44e9-95f5-c4f0d11e59e5 56b21779c8a74c7d8f70f1fb85d19b40 be124be5d1214566849066abf3b78f18 - - default default] 10.0.0.160 "DELETE /v2.0/trunks/d9f7f150-c31e-4133-b6ed-50bf233a1bbb HTTP/1.1" status: 204 len: 168 time: 0.0618052
2026-06-26 04:50:46.338 9 INFO neutron.api.wsgi [None req-72db3ea4-fb56-4417-b7f7-7bff6d7912d7 56b21779c8a74c7d8f70f1fb85d19b40 be124be5d1214566849066abf3b78f18 - - default default] 10.0.0.160 "DELETE /v2.0/ports/fccdb31c-02af-462c-b75d-6a8d1820a7a3 HTTP/1.1" status: 204 len: 168 time: 0.2121913
2026-06-26 04:50:46.846 10 INFO neutron.api.wsgi [req-b86f6884-d7f2-4705-9e65-412ad228c977 req-7cf1b253-5647-4c64-b9ad-a28197fb6b58 c20f319dc3984ebba267d56c940622e0 63cdc91da5f546ba891e6589aa3bc125 - - 8963cce63f5c42bc8c9d87b82fbe7c54 8963cce63f5c42bc8c9d87b82fbe7c54] 10.0.0.91 "GET /v2.0/ports?device_id=5553e72a-5af9-4df3-a787-47e882ece730 HTTP/1.1" status: 200 len: 1413 time: 0.0320325
2026-06-26 04:50:46.897 10 INFO neutron.services.segments.plugin [-] Segment 3998005e-aac4-4f0e-a043-20d603718873 resource provider aggregate not found
2026-06-26 04:50:46.901 10 INFO neutron.services.segments.plugin [-] Segment 3998005e-aac4-4f0e-a043-20d603718873 resource provider aggregate not found
2026-06-26 04:50:46.916 10 INFO neutron.services.segments.plugin [-] Segment 3998005e-aac4-4f0e-a043-20d603718873 resource provider not found; error: Placement Client Error (4xx): {"errors": [{"status": 404, "title": "Not Found", "detail": "The resource could not be found.\n\n No resource provider with uuid 3998005e-aac4-4f0e-a043-20d603718873 found for delete ", "request_id": "req-8b5d4aa0-2d30-4cbd-8a76-cbc5fd7bf8b6"}]}
2026-06-26 04:50:46.922 10 INFO neutron.services.segments.plugin [-] Segment 3998005e-aac4-4f0e-a043-20d603718873 resource provider not found; error: Placement Client Error (4xx): {"errors": [{"status": 404, "title": "Not Found", "detail": "The resource could not be found.\n\n No resource provider with uuid 3998005e-aac4-4f0e-a043-20d603718873 found for delete ", "request_id": "req-1f3e8e44-9293-4d27-85ee-506b8d3cf091"}]}
2026-06-26 04:50:46.927 10 INFO neutron.api.wsgi [req-b86f6884-d7f2-4705-9e65-412ad228c977 req-a0aad06c-7ecc-4240-9681-18ece91b64d5 c20f319dc3984ebba267d56c940622e0 63cdc91da5f546ba891e6589aa3bc125 - - 8963cce63f5c42bc8c9d87b82fbe7c54 8963cce63f5c42bc8c9d87b82fbe7c54] 10.0.0.91 "GET /v2.0/security-groups?id=7a5c8c15-4caf-49a3-8b44-7b581c97615b&fields=id&fields=name HTTP/1.1" status: 200 len: 313 time: 0.0731051
2026-06-26 04:50:46.956 10 INFO neutron.api.wsgi [None req-044e7499-ca19-4f51-ab11-ef03ba4acd88 56b21779c8a74c7d8f70f1fb85d19b40 be124be5d1214566849066abf3b78f18 - - default default] 10.0.0.160 "DELETE /v2.0/networks/5e61a436-d3c1-471b-b9cd-44b05bb538c9 HTTP/1.1" status: 204 len: 168 time: 0.6118953
2026-06-26 04:50:47.030 10 INFO neutron.api.wsgi [req-0a8ea1f0-090e-47e3-96ad-b094670ddb3d req-424c5c9a-a347-4805-9d9f-f1a141fcd873 4b888630fba24348843a1a35d140d95a 9c9dde338ec44271bd81dcda37867b6e - - default default] 10.0.0.78 "GET /v2.0/ports?device_id=d6fd2f87-9a62-4a7b-87af-8ac3cce0343b HTTP/1.1" status: 200 len: 1210 time: 0.0444639
2026-06-26 04:50:47.068 10 INFO neutron.api.wsgi [req-0a8ea1f0-090e-47e3-96ad-b094670ddb3d req-770728a2-62e2-4b65-a840-c4b149cfdc83 4b888630fba24348843a1a35d140d95a 9c9dde338ec44271bd81dcda37867b6e - - default default] 10.0.0.78 "GET /v2.0/security-groups?id=3a7025b9-962e-47f0-b543-2b72c5ac0f5b&id=02babd19-427b-493b-b22c-35f2bd4674ef&fields=id&fields=name HTTP/1.1" status: 200 len: 405 time: 0.0316813
2026-06-26 04:50:47.515 10 INFO neutron.plugins.ml2.drivers.ovn.mech_driver.mech_driver [None req-99eb15d8-c76a-480e-b223-e0e0a9bef457 - - - - - -] OVN reports status down for port: 4e1b891e-13d4-40ba-bcf6-c2d405419135
2026-06-26 04:50:47.630 10 INFO neutron.notifiers.nova [-] Nova event matching ['req-870888e6-f8c4-4e7e-9c95-55289407323d'] response: {'server_uuid': 'd6fd2f87-9a62-4a7b-87af-8ac3cce0343b', 'name': 'network-vif-unplugged', 'status': 'completed', 'tag': '4e1b891e-13d4-40ba-bcf6-c2d405419135', 'code': 200}
2026-06-26 04:50:47.741 10 INFO neutron.db.ovn_revision_numbers_db [None req-99eb15d8-c76a-480e-b223-e0e0a9bef457 - - - - - -] Successfully bumped revision number for resource 4e1b891e-13d4-40ba-bcf6-c2d405419135 (type: ports) to 6
2026-06-26 04:50:47.812 9 INFO neutron.db.ovn_revision_numbers_db [None req-03529ea3-9a0b-4c1a-96b2-59534f356dae 158b7729050a495984523bc1f87691ef 4568e1db581344cf85756397d929f73d - - default default] Successfully bumped revision number for resource a7a3b89a-4abe-45ec-925e-bebd4840418a (type: security_groups) to 1
2026-06-26 04:50:47.824 9 INFO neutron.db.ovn_revision_numbers_db [None req-03529ea3-9a0b-4c1a-96b2-59534f356dae 158b7729050a495984523bc1f87691ef 4568e1db581344cf85756397d929f73d - - default default] Successfully bumped revision number for resource 6e0b50d1-2353-4f66-bc3e-90c8a07ed41e (type: security_group_rules) to 0
2026-06-26 04:50:47.836 9 INFO neutron.db.ovn_revision_numbers_db [None req-03529ea3-9a0b-4c1a-96b2-59534f356dae 158b7729050a495984523bc1f87691ef 4568e1db581344cf85756397d929f73d - - default default] Successfully bumped revision number for resource 805a1cb1-bcde-4437-8da4-f02415a478f4 (type: security_group_rules) to 0
2026-06-26 04:50:47.850 9 INFO neutron.db.ovn_revision_numbers_db [None req-03529ea3-9a0b-4c1a-96b2-59534f356dae 158b7729050a495984523bc1f87691ef 4568e1db581344cf85756397d929f73d - - default default] Successfully bumped revision number for resource 9ddf5e39-438f-4880-9401-bb2cd0494d19 (type: security_group_rules) to 0
2026-06-26 04:50:47.862 9 INFO neutron.db.ovn_revision_numbers_db [None req-03529ea3-9a0b-4c1a-96b2-59534f356dae 158b7729050a495984523bc1f87691ef 4568e1db581344cf85756397d929f73d - - default default] Successfully bumped revision number for resource abbec95e-ee86-488b-9fc0-25d77386b6ab (type: security_group_rules) to 0
2026-06-26 04:50:47.902 9 INFO neutron.api.wsgi [None req-03529ea3-9a0b-4c1a-96b2-59534f356dae 158b7729050a495984523bc1f87691ef 4568e1db581344cf85756397d929f73d - - default default] 10.0.0.160 "GET /v2.0/security-groups?tenant_id=f0ed6fad2f6945b3930a4bb385c97524&name=default HTTP/1.1" status: 200 len: 3120 time: 0.3034813
2026-06-26 04:50:48.122 9 INFO neutron.api.wsgi [None req-54d1288b-5955-4486-8b5b-0c882cf1d0cc 158b7729050a495984523bc1f87691ef 4568e1db581344cf85756397d929f73d - - default default] 10.0.0.160 "DELETE /v2.0/security-groups/a7a3b89a-4abe-45ec-925e-bebd4840418a HTTP/1.1" status: 204 len: 168 time: 0.2146580 /var/lib/openstack/lib/python3.12/site-packages/pycadf/identifier.py:71: UserWarning: Invalid uuid: neutron. To ensure interoperability, identifiers should be a valid uuid. warnings.warn(('Invalid uuid: %s. To ensure interoperability, '
2026-06-26 04:50:48.171 10 INFO neutron.api.wsgi [req-62ef1baa-00fa-4819-8ad1-b1edccc3c750 req-9c250e4c-3cba-42c7-9143-6cc1bd841525 4b888630fba24348843a1a35d140d95a 9c9dde338ec44271bd81dcda37867b6e - - default default] 10.0.0.78 "GET /v2.0/ports?device_id=d6fd2f87-9a62-4a7b-87af-8ac3cce0343b HTTP/1.1" status: 200 len: 1208 time: 0.0340323
2026-06-26 04:50:48.202 10 INFO neutron.api.wsgi [req-62ef1baa-00fa-4819-8ad1-b1edccc3c750 req-9fb9a43b-0f97-4783-be07-be99261cb866 4b888630fba24348843a1a35d140d95a 9c9dde338ec44271bd81dcda37867b6e - - default default] 10.0.0.78 "GET /v2.0/security-groups?id=3a7025b9-962e-47f0-b543-2b72c5ac0f5b&id=02babd19-427b-493b-b22c-35f2bd4674ef&fields=id&fields=name HTTP/1.1" status: 200 len: 405 time: 0.0246584
2026-06-26 04:50:48.247 10 INFO neutron.api.wsgi [None req-5d701399-7296-4ee2-8ade-e5a4905e4b81 158b7729050a495984523bc1f87691ef 4568e1db581344cf85756397d929f73d - - default default] 10.0.0.160 "GET /v2.0/security-groups?tenant_id=be124be5d1214566849066abf3b78f18&name=default HTTP/1.1" status: 200 len: 3120 time: 0.0274115
2026-06-26 04:50:48.436 10 INFO neutron.api.wsgi [None req-d5e3a3c4-683e-4798-b7d9-c17511c14548 158b7729050a495984523bc1f87691ef 4568e1db581344cf85756397d929f73d - - default default] 10.0.0.160 "DELETE /v2.0/security-groups/4145a882-0414-4cb9-81cf-5194ab94c972 HTTP/1.1" status: 204 len: 168 time: 0.1835060
2026-06-26 04:50:48.581 10 INFO neutron.api.wsgi [req-d0cac01a-360b-450f-bae6-d0979e8390fc req-d25e571c-f552-45da-9595-91d7b403396d d33e70b2005545e780dbc4d60bf62add eb89399d0eda4ae0be6a9c2b39ab88c7 - - default default] 10.0.0.78 "GET /v2.0/ports?device_id=5553e72a-5af9-4df3-a787-47e882ece730 HTTP/1.1" status: 200 len: 1174 time: 0.0653007
2026-06-26 04:50:48.618 10 INFO neutron.api.wsgi [req-d0cac01a-360b-450f-bae6-d0979e8390fc req-73bece2e-2075-45ca-b4f3-a7d57115bfab d33e70b2005545e780dbc4d60bf62add eb89399d0eda4ae0be6a9c2b39ab88c7 - - default default] 10.0.0.78 "GET /v2.0/security-groups?id=7a5c8c15-4caf-49a3-8b44-7b581c97615b&fields=id&fields=name HTTP/1.1" status: 200 len: 313 time: 0.0293887
2026-06-26 04:50:48.756 9 INFO neutron.api.wsgi [req-e5e326f9-7eb7-4897-89e0-fd50bf8b4372 req-c1de6af3-a7fc-4bb8-9d1f-d31f6f3bfb60 4b888630fba24348843a1a35d140d95a 9c9dde338ec44271bd81dcda37867b6e - - default default] 199.204.45.115 "GET /v2.0/ports?device_id=d6fd2f87-9a62-4a7b-87af-8ac3cce0343b HTTP/1.1" status: 200 len: 1208 time: 0.0652966
2026-06-26 04:50:49.080 9 INFO neutron.plugins.ml2.drivers.ovn.mech_driver.mech_driver [None req-8103adb0-6daa-4917-a6f1-d818c2c1ed97 - - - - - -] OVN reports status down for port: 6033df77-2ec0-4c09-9ae2-18ac5e5e508f
2026-06-26 04:50:49.087 9 INFO neutron.db.l3_db [req-e5e326f9-7eb7-4897-89e0-fd50bf8b4372 req-530a77b9-26b7-4b69-99b3-a5737f2a8b51 4b888630fba24348843a1a35d140d95a 9c9dde338ec44271bd81dcda37867b6e - - default default] Floating IP b08165e1-2577-4f42-97c2-b11220b4b6ca disassociated. External IP: 10.96.250.218, port: 4e1b891e-13d4-40ba-bcf6-c2d405419135.
2026-06-26 04:50:49.222 9 INFO neutron.api.wsgi [req-e5e326f9-7eb7-4897-89e0-fd50bf8b4372 req-530a77b9-26b7-4b69-99b3-a5737f2a8b51 4b888630fba24348843a1a35d140d95a 9c9dde338ec44271bd81dcda37867b6e - - default default] 199.204.45.115 "DELETE /v2.0/ports/4e1b891e-13d4-40ba-bcf6-c2d405419135 HTTP/1.1" status: 204 len: 173 time: 0.4619296
2026-06-26 04:50:49.235 9 INFO neutron.notifiers.nova [-] Nova event matching ['req-e0afd695-2dac-4aa1-97f1-0d4fbec42960'] response: {'server_uuid': '5553e72a-5af9-4df3-a787-47e882ece730', 'name': 'network-vif-unplugged', 'status': 'completed', 'tag': '6033df77-2ec0-4c09-9ae2-18ac5e5e508f', 'code': 200} /var/lib/openstack/lib/python3.12/site-packages/pycadf/identifier.py:71: UserWarning: Invalid uuid: neutron. To ensure interoperability, identifiers should be a valid uuid. warnings.warn(('Invalid uuid: %s. To ensure interoperability, '
2026-06-26 04:50:49.292 10 INFO neutron.api.wsgi [req-7bc7ccc5-bde5-4ada-a831-b140766a23d0 req-94ce310b-6745-4754-b46e-6341fe0eb76a 4b888630fba24348843a1a35d140d95a 9c9dde338ec44271bd81dcda37867b6e - - default default] 10.0.0.78 "GET /v2.0/ports?device_id=d6fd2f87-9a62-4a7b-87af-8ac3cce0343b HTTP/1.1" status: 200 len: 210 time: 0.0204599
2026-06-26 04:50:49.379 9 INFO neutron.db.ovn_revision_numbers_db [None req-8103adb0-6daa-4917-a6f1-d818c2c1ed97 - - - - - -] Successfully bumped revision number for resource 6033df77-2ec0-4c09-9ae2-18ac5e5e508f (type: ports) to 6
2026-06-26 04:50:49.677 10 INFO neutron.notifiers.nova [-] Nova event matching ['req-8ea1caee-9b8d-4f24-a630-76e137850ffe'] response: {'server_uuid': 'd6fd2f87-9a62-4a7b-87af-8ac3cce0343b', 'name': 'network-vif-unplugged', 'status': 'completed', 'tag': '4e1b891e-13d4-40ba-bcf6-c2d405419135', 'code': 200}
2026-06-26 04:50:49.732 10 INFO neutron.api.wsgi [req-4e12fd90-7209-4ce2-abe8-5e417f34a8f7 req-847fe78a-d210-42a4-923e-f690b086dd29 d33e70b2005545e780dbc4d60bf62add eb89399d0eda4ae0be6a9c2b39ab88c7 - - default default] 10.0.0.78 "GET /v2.0/ports?device_id=5553e72a-5af9-4df3-a787-47e882ece730 HTTP/1.1" status: 200 len: 1172 time: 0.0339882
2026-06-26 04:50:49.778 10 INFO neutron.api.wsgi [req-4e12fd90-7209-4ce2-abe8-5e417f34a8f7 req-0c2985c2-deab-4f46-bc03-27ad3e0a1d65 d33e70b2005545e780dbc4d60bf62add eb89399d0eda4ae0be6a9c2b39ab88c7 - - default default] 10.0.0.78 "GET /v2.0/security-groups?id=7a5c8c15-4caf-49a3-8b44-7b581c97615b&fields=id&fields=name HTTP/1.1" status: 200 len: 313 time: 0.0407863 /var/lib/openstack/lib/python3.12/site-packages/pycadf/identifier.py:71: UserWarning: Invalid uuid: neutron. To ensure interoperability, identifiers should be a valid uuid. warnings.warn(('Invalid uuid: %s. To ensure interoperability, '
2026-06-26 04:50:50.347 9 INFO neutron.api.wsgi [req-8b4979a0-08a2-43bf-8a4f-75274c5de9f8 req-6f0d1fd5-6c23-4b9e-933d-9002f0887c37 d33e70b2005545e780dbc4d60bf62add eb89399d0eda4ae0be6a9c2b39ab88c7 - - default default] 199.204.45.115 "GET /v2.0/ports?device_id=5553e72a-5af9-4df3-a787-47e882ece730 HTTP/1.1" status: 200 len: 1172 time: 0.0756733
2026-06-26 04:50:50.371 10 INFO neutron.api.wsgi [req-72e7ed96-868b-41bd-ab9c-d8493a583ace req-0de31ae5-994b-4379-b7de-e23e38e138a7 4b888630fba24348843a1a35d140d95a 9c9dde338ec44271bd81dcda37867b6e - - default default] 10.0.0.78 "GET /v2.0/ports?device_id=d6fd2f87-9a62-4a7b-87af-8ac3cce0343b HTTP/1.1" status: 200 len: 210 time: 0.0173008
2026-06-26 04:50:50.625 9 INFO neutron.db.l3_db [req-8b4979a0-08a2-43bf-8a4f-75274c5de9f8 req-1e2fd458-e98f-4f61-8fdf-0ecc969246f5 d33e70b2005545e780dbc4d60bf62add eb89399d0eda4ae0be6a9c2b39ab88c7 - - default default] Floating IP 24dccef4-11e4-457c-9415-c956e9bc837b disassociated. External IP: 10.96.250.217, port: 6033df77-2ec0-4c09-9ae2-18ac5e5e508f.
2026-06-26 04:50:50.716 9 INFO neutron.api.wsgi [req-8b4979a0-08a2-43bf-8a4f-75274c5de9f8 req-1e2fd458-e98f-4f61-8fdf-0ecc969246f5 d33e70b2005545e780dbc4d60bf62add eb89399d0eda4ae0be6a9c2b39ab88c7 - - default default] 199.204.45.115 "DELETE /v2.0/ports/6033df77-2ec0-4c09-9ae2-18ac5e5e508f HTTP/1.1" status: 204 len: 173 time: 0.3653545 /var/lib/openstack/lib/python3.12/site-packages/pycadf/identifier.py:71: UserWarning: Invalid uuid: neutron. To ensure interoperability, identifiers should be a valid uuid. warnings.warn(('Invalid uuid: %s. To ensure interoperability, '
2026-06-26 04:50:50.860 10 INFO neutron.api.wsgi [req-002f82de-86bd-4c3d-b4c9-630d4e11b74e req-65113f4a-2ef8-43f1-8cd5-d4bd740bd4a5 d33e70b2005545e780dbc4d60bf62add eb89399d0eda4ae0be6a9c2b39ab88c7 - - default default] 10.0.0.78 "GET /v2.0/ports?device_id=5553e72a-5af9-4df3-a787-47e882ece730 HTTP/1.1" status: 200 len: 210 time: 0.0192935
2026-06-26 04:50:51.271 9 INFO neutron.notifiers.nova [-] Nova event matching ['req-e0b39248-cf3b-4daf-a127-34b0df75d4d6'] response: {'server_uuid': 'd6fd2f87-9a62-4a7b-87af-8ac3cce0343b', 'name': 'network-vif-deleted', 'tag': '4e1b891e-13d4-40ba-bcf6-c2d405419135', 'status': 'completed', 'code': 200}
2026-06-26 04:50:51.271 9 INFO neutron.notifiers.nova [-] Nova event matching ['req-e0b39248-cf3b-4daf-a127-34b0df75d4d6'] response: {'server_uuid': '5553e72a-5af9-4df3-a787-47e882ece730', 'name': 'network-vif-unplugged', 'status': 'completed', 'tag': '6033df77-2ec0-4c09-9ae2-18ac5e5e508f', 'code': 200}
2026-06-26 04:50:51.271 9 INFO neutron.notifiers.nova [-] Nova event matching ['req-e0b39248-cf3b-4daf-a127-34b0df75d4d6'] response: {'server_uuid': '5553e72a-5af9-4df3-a787-47e882ece730', 'name': 'network-vif-deleted', 'tag': '6033df77-2ec0-4c09-9ae2-18ac5e5e508f', 'status': 'completed', 'code': 200}
2026-06-26 04:50:51.467 10 INFO neutron.api.wsgi [req-39cc4147-7746-495e-ba6d-d680eeeb4b69 req-e2f72b71-dbeb-4cf3-9f85-7bc133e2aae5 4b888630fba24348843a1a35d140d95a 9c9dde338ec44271bd81dcda37867b6e - - default default] 10.0.0.78 "GET /v2.0/ports?device_id=d6fd2f87-9a62-4a7b-87af-8ac3cce0343b HTTP/1.1" status: 200 len: 210 time: 0.0194213
2026-06-26 04:50:51.646 10 WARNING neutron_lib.context [None req-19251a9d-075c-4467-b5ff-957cb7cc5669 c9b345595fca449e82cb83a941541946 95d8a5c8589f45588d7230affccbb85b - - default default] Method 'is_advsvc' is deprecated since 2023.2 release (neutron-lib 3.8.0) and will be removed once support for the old RBAC API policies will be removed from Neutron. Please use method 'is_service_role' instead.
2026-06-26 04:50:51.772 10 INFO neutron.db.ovn_revision_numbers_db [None req-19251a9d-075c-4467-b5ff-957cb7cc5669 c9b345595fca449e82cb83a941541946 95d8a5c8589f45588d7230affccbb85b - - default default] Successfully bumped revision number for resource 7d71bbc4-c78a-4c8f-9cd8-a7a94284567f (type: security_groups) to 1
2026-06-26 04:50:51.785 10 INFO neutron.db.ovn_revision_numbers_db [None req-19251a9d-075c-4467-b5ff-957cb7cc5669 c9b345595fca449e82cb83a941541946 95d8a5c8589f45588d7230affccbb85b - - default default] Successfully bumped revision number for resource 5e19b7fe-f0f1-4efa-a5e1-cec5fabd2e4a (type: security_group_rules) to 0
2026-06-26 04:50:51.798 10 INFO neutron.db.ovn_revision_numbers_db [None req-19251a9d-075c-4467-b5ff-957cb7cc5669 c9b345595fca449e82cb83a941541946 95d8a5c8589f45588d7230affccbb85b - - default default] Successfully bumped revision number for resource 99d528a9-8e49-4fc0-875a-29df45a87540 (type: security_group_rules) to 0
2026-06-26 04:50:51.810 10 INFO neutron.db.ovn_revision_numbers_db [None req-19251a9d-075c-4467-b5ff-957cb7cc5669 c9b345595fca449e82cb83a941541946 95d8a5c8589f45588d7230affccbb85b - - default default] Successfully bumped revision number for resource a54ca58a-0141-44ed-9895-a159b91e8b4d (type: security_group_rules) to 0
2026-06-26 04:50:51.822 10 INFO neutron.db.ovn_revision_numbers_db [None req-19251a9d-075c-4467-b5ff-957cb7cc5669 c9b345595fca449e82cb83a941541946 95d8a5c8589f45588d7230affccbb85b - - default default] Successfully bumped revision number for resource f5ac8784-7368-455a-b2d9-4fe238bbc185 (type: security_group_rules) to 0
2026-06-26 04:50:51.897 10 INFO neutron.db.segments_db [None req-19251a9d-075c-4467-b5ff-957cb7cc5669 c9b345595fca449e82cb83a941541946 95d8a5c8589f45588d7230affccbb85b - - default default] Added segment c862147b-90df-4abb-9ba5-705cb12c4b53 of type geneve for network c6777bb1-c04a-40b8-9c2c-9f7ce43c40c5
2026-06-26 04:50:51.952 10 INFO neutron.api.wsgi [req-432d1e62-7171-4517-96c1-9d38adb7200b req-1a045cfc-ba3f-486b-be58-238fd14311f9 d33e70b2005545e780dbc4d60bf62add eb89399d0eda4ae0be6a9c2b39ab88c7 - - default default] 10.0.0.78 "GET /v2.0/ports?device_id=5553e72a-5af9-4df3-a787-47e882ece730 HTTP/1.1" status: 200 len: 210 time: 0.0235515
2026-06-26 04:50:52.049 10 INFO neutron.db.ovn_revision_numbers_db [None req-19251a9d-075c-4467-b5ff-957cb7cc5669 c9b345595fca449e82cb83a941541946 95d8a5c8589f45588d7230affccbb85b - - default default] Successfully bumped revision number for resource c6777bb1-c04a-40b8-9c2c-9f7ce43c40c5 (type: networks) to 1
2026-06-26 04:50:52.209 10 WARNING neutron.scheduler.dhcp_agent_scheduler [None req-19251a9d-075c-4467-b5ff-957cb7cc5669 c9b345595fca449e82cb83a941541946 95d8a5c8589f45588d7230affccbb85b - - default default] No more DHCP agents
2026-06-26 04:50:52.210 10 WARNING neutron.api.rpc.agentnotifiers.dhcp_rpc_agent_api [None req-19251a9d-075c-4467-b5ff-957cb7cc5669 c9b345595fca449e82cb83a941541946 95d8a5c8589f45588d7230affccbb85b - - default default] Unable to schedule network c6777bb1-c04a-40b8-9c2c-9f7ce43c40c5: no agents available; will retry on subsequent port and subnet creation events.
2026-06-26 04:50:52.269 10 INFO neutron.db.ovn_revision_numbers_db [None req-19251a9d-075c-4467-b5ff-957cb7cc5669 c9b345595fca449e82cb83a941541946 95d8a5c8589f45588d7230affccbb85b - - default default] Successfully bumped revision number for resource fbcb2025-2cb6-4d45-90e8-38c4b1cd9829 (type: ports) to 1
2026-06-26 04:50:52.288 10 INFO neutron.api.wsgi [None req-19251a9d-075c-4467-b5ff-957cb7cc5669 c9b345595fca449e82cb83a941541946 95d8a5c8589f45588d7230affccbb85b - - default default] 10.0.0.160 "POST /v2.0/networks HTTP/1.1" status: 201 len: 831 time: 0.7823703
2026-06-26 04:50:52.297 10 WARNING neutron_lib.context [None req-f8326ca0-a248-483c-82de-a1b68cfe12c6 c9b345595fca449e82cb83a941541946 95d8a5c8589f45588d7230affccbb85b - - default default] Method 'is_advsvc' is deprecated since 2023.2 release (neutron-lib 3.8.0) and will be removed once support for the old RBAC API policies will be removed from Neutron. Please use method 'is_service_role' instead.
2026-06-26 04:50:52.374 10 INFO neutron.db.segments_db [None req-f8326ca0-a248-483c-82de-a1b68cfe12c6 c9b345595fca449e82cb83a941541946 95d8a5c8589f45588d7230affccbb85b - - default default] Added segment a64770a0-5dac-4089-b893-6b4833c38bd2 of type geneve for network 33eac4bc-515c-48f8-8dfe-3f8ecd04bc7c
2026-06-26 04:50:52.474 10 INFO neutron.db.ovn_revision_numbers_db [None req-f8326ca0-a248-483c-82de-a1b68cfe12c6 c9b345595fca449e82cb83a941541946 95d8a5c8589f45588d7230affccbb85b - - default default] Successfully bumped revision number for resource 33eac4bc-515c-48f8-8dfe-3f8ecd04bc7c (type: networks) to 1
2026-06-26 04:50:52.629 10 WARNING neutron.scheduler.dhcp_agent_scheduler [None req-f8326ca0-a248-483c-82de-a1b68cfe12c6 c9b345595fca449e82cb83a941541946 95d8a5c8589f45588d7230affccbb85b - - default default] No more DHCP agents
2026-06-26 04:50:52.632 10 WARNING neutron.api.rpc.agentnotifiers.dhcp_rpc_agent_api [None req-f8326ca0-a248-483c-82de-a1b68cfe12c6 c9b345595fca449e82cb83a941541946 95d8a5c8589f45588d7230affccbb85b - - default default] Unable to schedule network 33eac4bc-515c-48f8-8dfe-3f8ecd04bc7c: no agents available; will retry on subsequent port and subnet creation events.
2026-06-26 04:50:52.686 10 INFO neutron.db.ovn_revision_numbers_db [None req-f8326ca0-a248-483c-82de-a1b68cfe12c6 c9b345595fca449e82cb83a941541946 95d8a5c8589f45588d7230affccbb85b - - default default] Successfully bumped revision number for resource 91528f74-288f-4bc6-ade8-20f6ce82dea1 (type: ports) to 1
2026-06-26 04:50:52.708 10 INFO neutron.api.wsgi [None req-f8326ca0-a248-483c-82de-a1b68cfe12c6 c9b345595fca449e82cb83a941541946 95d8a5c8589f45588d7230affccbb85b - - default default] 10.0.0.160 "POST /v2.0/networks HTTP/1.1" status: 201 len: 831 time: 0.4148602
2026-06-26 04:50:52.723 9 INFO neutron.api.wsgi [None req-0bc0dea0-3faa-444b-b251-3505a51a213e 4b888630fba24348843a1a35d140d95a 9c9dde338ec44271bd81dcda37867b6e - - default default] 10.0.0.160 "DELETE /v2.0/security-groups/3a7025b9-962e-47f0-b543-2b72c5ac0f5b HTTP/1.1" status: 204 len: 168 time: 0.1318309
2026-06-26 04:50:52.742 9 INFO neutron.api.v2.resource [None req-aa507fbf-f82c-4152-9a88-f13de4335e13 4b888630fba24348843a1a35d140d95a 9c9dde338ec44271bd81dcda37867b6e - - default default] show failed (client error): The resource could not be found.
2026-06-26 04:50:52.744 9 INFO neutron.api.wsgi [None req-aa507fbf-f82c-4152-9a88-f13de4335e13 4b888630fba24348843a1a35d140d95a 9c9dde338ec44271bd81dcda37867b6e - - default default] 10.0.0.160 "GET /v2.0/security-groups/3a7025b9-962e-47f0-b543-2b72c5ac0f5b HTTP/1.1" status: 404 len: 347 time: 0.0120122
2026-06-26 04:50:52.748 10 INFO neutron.api.wsgi [None req-dc52b08c-84a4-4c75-8def-4bbfcf5c60a4 c9b345595fca449e82cb83a941541946 95d8a5c8589f45588d7230affccbb85b - - default default] 10.0.0.160 "PUT /v2.0/networks/c6777bb1-c04a-40b8-9c2c-9f7ce43c40c5/tags HTTP/1.1" status: 200 len: 218 time: 0.0346959
2026-06-26 04:50:52.773 10 INFO neutron.api.wsgi [None req-5dc14acb-eb4d-4ce0-b53d-db018e55041b c9b345595fca449e82cb83a941541946 95d8a5c8589f45588d7230affccbb85b - - default default] 10.0.0.160 "GET /v2.0/networks/c6777bb1-c04a-40b8-9c2c-9f7ce43c40c5/tags HTTP/1.1" status: 200 len: 218 time: 0.0208354
2026-06-26 04:50:52.814 10 INFO neutron.api.wsgi [None req-72033f74-f6ac-4008-b4df-6b47b6b1407c c9b345595fca449e82cb83a941541946 95d8a5c8589f45588d7230affccbb85b - - default default] 10.0.0.160 "PUT /v2.0/networks/33eac4bc-515c-48f8-8dfe-3f8ecd04bc7c/tags HTTP/1.1" status: 200 len: 210 time: 0.0362871
2026-06-26 04:50:53.039 10 INFO neutron.api.wsgi [req-831813b1-53cc-40fc-be2a-38313391d655 req-359fa618-6c6b-4398-ad3f-a1a12cb44761 d33e70b2005545e780dbc4d60bf62add eb89399d0eda4ae0be6a9c2b39ab88c7 - - default default] 10.0.0.78 "GET /v2.0/ports?device_id=5553e72a-5af9-4df3-a787-47e882ece730 HTTP/1.1" status: 200 len: 210 time: 0.0142987
2026-06-26 04:50:53.181 9 INFO neutron.api.wsgi [None req-cdedb50f-0648-4f44-90f7-217d43d2b5ec c9b345595fca449e82cb83a941541946 95d8a5c8589f45588d7230affccbb85b - - default default] 10.0.0.160 "GET /v2.0/networks/33eac4bc-515c-48f8-8dfe-3f8ecd04bc7c/tags HTTP/1.1" status: 200 len: 210 time: 0.3616278
2026-06-26 04:50:53.240 9 INFO neutron.api.wsgi [None req-f97041a6-da28-43f3-843e-1e37d6f582c2 c9b345595fca449e82cb83a941541946 95d8a5c8589f45588d7230affccbb85b - - default default] 10.0.0.160 "PUT /v2.0/networks/33eac4bc-515c-48f8-8dfe-3f8ecd04bc7c/tags HTTP/1.1" status: 200 len: 205 time: 0.0527809
2026-06-26 04:50:53.265 10 INFO neutron.api.wsgi [None req-fae69081-5037-41aa-9d4a-7f65c0d12cf8 c9b345595fca449e82cb83a941541946 95d8a5c8589f45588d7230affccbb85b - - default default] 10.0.0.160 "GET /v2.0/networks/33eac4bc-515c-48f8-8dfe-3f8ecd04bc7c/tags HTTP/1.1" status: 200 len: 205 time: 0.0217056
2026-06-26 04:50:53.291 10 INFO neutron.api.wsgi [None req-804ae136-8ce1-4886-a81e-1a2b2e822dec c9b345595fca449e82cb83a941541946 95d8a5c8589f45588d7230affccbb85b - - default default] 10.0.0.160 "GET /v2.0/networks/c6777bb1-c04a-40b8-9c2c-9f7ce43c40c5/tags HTTP/1.1" status: 200 len: 218 time: 0.0219336
2026-06-26 04:50:53.376 9 INFO neutron.api.wsgi [None req-68b0b0d8-c475-4320-add1-aeb03a53e12c 4b888630fba24348843a1a35d140d95a 9c9dde338ec44271bd81dcda37867b6e - - default default] 10.0.0.160 "DELETE /v2.0/floatingips/b08165e1-2577-4f42-97c2-b11220b4b6ca HTTP/1.1" status: 204 len: 168 time: 0.6277156
2026-06-26 04:50:53.501 10 INFO neutron.api.wsgi [None req-912e8fd4-da8f-4c59-95f5-db0e339e5eca 158b7729050a495984523bc1f87691ef 4568e1db581344cf85756397d929f73d - - default default] 10.0.0.213 "GET /v2.0/floatingips HTTP/1.1" status: 200 len: 730 time: 0.0575891
2026-06-26 04:50:53.526 9 INFO neutron.api.wsgi [-] 10.0.0.210 "GET / HTTP/1.1" status: 200 len: 247 time: 0.0019782
2026-06-26 04:50:53.528 9 INFO neutron.api.wsgi [-] 10.0.0.210 "GET / HTTP/1.1" status: 200 len: 247 time: 0.0013461
2026-06-26 04:50:53.537 10 INFO neutron.api.wsgi [None req-364fdd7d-d150-43b6-ad92-a729c5c691b9 158b7729050a495984523bc1f87691ef 4568e1db581344cf85756397d929f73d - - default default] 10.0.0.213 "GET /v2.0/subnets HTTP/1.1" status: 200 len: 3502 time: 0.0353708
2026-06-26 04:50:53.541 9 INFO neutron.api.wsgi [None req-0f7e6b0b-60e0-4bdf-8c42-098f92d1190b 4b888630fba24348843a1a35d140d95a 9c9dde338ec44271bd81dcda37867b6e - - default default] 10.0.0.160 "DELETE /v2.0/security-groups/02babd19-427b-493b-b22c-35f2bd4674ef HTTP/1.1" status: 204 len: 168 time: 0.1600554
2026-06-26 04:50:53.636 10 INFO neutron.api.wsgi [None req-c3797456-08fd-424f-ab60-7885a8c3dbac 158b7729050a495984523bc1f87691ef 4568e1db581344cf85756397d929f73d - - default default] 10.0.0.213 "GET /v2.0/routers HTTP/1.1" status: 200 len: 3073 time: 0.0971634
2026-06-26 04:50:53.659 10 INFO neutron.api.wsgi [None req-81db9a49-5731-46e8-b69b-fee9a61d2dc1 158b7729050a495984523bc1f87691ef 4568e1db581344cf85756397d929f73d - - default default] 10.0.0.213 "GET /v2.0/agents?binary=ovn-controller HTTP/1.1" status: 200 len: 591 time: 0.0204875
2026-06-26 04:50:53.709 10 INFO neutron.api.wsgi [None req-a0930477-f58f-4b98-bb00-da7ba76a881f 158b7729050a495984523bc1f87691ef 4568e1db581344cf85756397d929f73d - - default default] 10.0.0.213 "GET /v2.0/subnets HTTP/1.1" status: 200 len: 3502 time: 0.0455072
2026-06-26 04:50:53.726 10 INFO neutron.api.wsgi [None req-e832403e-e3a6-49b2-ba57-87dad1625a8c 158b7729050a495984523bc1f87691ef 4568e1db581344cf85756397d929f73d - - default default] 10.0.0.213 "GET /v2.0/subnetpools HTTP/1.1" status: 200 len: 193 time: 0.0141344
2026-06-26 04:50:53.759 10 INFO neutron.services.segments.plugin [-] Segment c862147b-90df-4abb-9ba5-705cb12c4b53 resource provider aggregate not found
2026-06-26 04:50:53.764 10 INFO neutron.services.segments.plugin [-] Segment c862147b-90df-4abb-9ba5-705cb12c4b53 resource provider aggregate not found
2026-06-26 04:50:53.774 10 INFO neutron.services.segments.plugin [-] Segment c862147b-90df-4abb-9ba5-705cb12c4b53 resource provider not found; error: Placement Client Error (4xx): {"errors": [{"status": 404, "title": "Not Found", "detail": "The resource could not be found.\n\n No resource provider with uuid c862147b-90df-4abb-9ba5-705cb12c4b53 found for delete ", "request_id": "req-d05d9db5-1d68-4ef0-8655-f23a95b499e3"}]}
2026-06-26 04:50:53.775 10 INFO neutron.services.segments.plugin [-] Segment c862147b-90df-4abb-9ba5-705cb12c4b53 resource provider not found; error: Placement Client Error (4xx): {"errors": [{"status": 404, "title": "Not Found", "detail": "The resource could not be found.\n\n No resource provider with uuid c862147b-90df-4abb-9ba5-705cb12c4b53 found for delete ", "request_id": "req-dffaf1fd-18e3-45b1-a778-14fb9786ac7f"}]}
2026-06-26 04:50:53.797 10 INFO neutron.api.wsgi [None req-fc80857e-7340-4215-95a9-ee79b0b2b60c 158b7729050a495984523bc1f87691ef 4568e1db581344cf85756397d929f73d - - default default] 10.0.0.213 "GET /v2.0/security-groups HTTP/1.1" status: 200 len: 39872 time: 0.0672514
2026-06-26 04:50:53.826 10 INFO neutron.api.wsgi [None req-5126435d-9d9d-41cb-89ad-03d3a1f4619f c9b345595fca449e82cb83a941541946 95d8a5c8589f45588d7230affccbb85b - - default default] 10.0.0.160 "DELETE /v2.0/networks/c6777bb1-c04a-40b8-9c2c-9f7ce43c40c5 HTTP/1.1" status: 204 len: 168 time: 0.5267467
2026-06-26 04:50:53.830 10 INFO neutron.api.wsgi [None req-a03c0b50-d777-4199-aadd-55d5e4d811e8 158b7729050a495984523bc1f87691ef 4568e1db581344cf85756397d929f73d - - default default] 10.0.0.213 "GET /v2.0/network-ip-availabilities HTTP/1.1" status: 200 len: 2934 time: 0.0216913
2026-06-26 04:50:53.907 10 INFO neutron.api.wsgi [None req-a6c78064-543d-4d8e-8a0a-151a12039001 158b7729050a495984523bc1f87691ef 4568e1db581344cf85756397d929f73d - - default default] 10.0.0.213 "GET /v2.0/networks HTTP/1.1" status: 200 len: 5317 time: 0.0731282
2026-06-26 04:50:53.999 10 INFO neutron.api.wsgi [None req-aa25d0d6-0d87-419e-a3ba-ef3c70b23f22 158b7729050a495984523bc1f87691ef 4568e1db581344cf85756397d929f73d - - default default] 10.0.0.213 "GET /v2.0/ports HTTP/1.1" status: 200 len: 18095 time: 0.0885744
2026-06-26 04:50:54.034 10 INFO neutron.api.wsgi [None req-df91413b-e094-4634-9697-3944671d61ec 158b7729050a495984523bc1f87691ef 4568e1db581344cf85756397d929f73d - - default default] 10.0.0.213 "GET /v2.0/agents HTTP/1.1" status: 200 len: 1390 time: 0.0143678
2026-06-26 04:50:54.162 9 INFO neutron.services.segments.plugin [-] Segment a64770a0-5dac-4089-b893-6b4833c38bd2 resource provider aggregate not found
2026-06-26 04:50:54.166 9 INFO neutron.services.segments.plugin [-] Segment a64770a0-5dac-4089-b893-6b4833c38bd2 resource provider aggregate not found
2026-06-26 04:50:54.177 9 INFO neutron.services.segments.plugin [-] Segment a64770a0-5dac-4089-b893-6b4833c38bd2 resource provider not found; error: Placement Client Error (4xx): {"errors": [{"status": 404, "title": "Not Found", "detail": "The resource could not be found.\n\n No resource provider with uuid a64770a0-5dac-4089-b893-6b4833c38bd2 found for delete ", "request_id": "req-93a4e11f-a34a-4beb-b5ec-3a71da85cb12"}]}
2026-06-26 04:50:54.184 9 INFO neutron.services.segments.plugin [-] Segment a64770a0-5dac-4089-b893-6b4833c38bd2 resource provider not found; error: Placement Client Error (4xx): {"errors": [{"status": 404, "title": "Not Found", "detail": "The resource could not be found.\n\n No resource provider with uuid a64770a0-5dac-4089-b893-6b4833c38bd2 found for delete ", "request_id": "req-cd4b3ea7-c7d8-47ba-8ab9-e79cc20727ec"}]}
2026-06-26 04:50:54.200 9 INFO neutron.api.wsgi [None req-ac776a43-0859-4170-846d-ce1c90289499 c9b345595fca449e82cb83a941541946 95d8a5c8589f45588d7230affccbb85b - - default default] 10.0.0.160 "DELETE /v2.0/networks/33eac4bc-515c-48f8-8dfe-3f8ecd04bc7c HTTP/1.1" status: 204 len: 168 time: 0.3661160
2026-06-26 04:50:54.282 9 INFO neutron.api.wsgi [None req-d6a81b74-524e-4077-8866-d12ab1db0577 d33e70b2005545e780dbc4d60bf62add eb89399d0eda4ae0be6a9c2b39ab88c7 - - default default] 10.0.0.160 "DELETE /v2.0/security-groups/7a5c8c15-4caf-49a3-8b44-7b581c97615b HTTP/1.1" status: 204 len: 168 time: 0.1822042
2026-06-26 04:50:54.570 9 INFO neutron.api.wsgi [None req-10f7e623-5881-4dc5-aada-8219f9d231f9 d33e70b2005545e780dbc4d60bf62add eb89399d0eda4ae0be6a9c2b39ab88c7 - - default default] 10.0.0.160 "DELETE /v2.0/floatingips/24dccef4-11e4-457c-9415-c956e9bc837b HTTP/1.1" status: 204 len: 168 time: 0.2541866
2026-06-26 04:50:54.772 10 INFO neutron.api.wsgi [req-1ec693a9-71f0-4085-a69c-adafabc5aca0 req-8da36c1b-15ef-453c-a581-c59ac41b88d6 d33e70b2005545e780dbc4d60bf62add eb89399d0eda4ae0be6a9c2b39ab88c7 - - default default] 10.0.0.78 "GET /v2.0/ports?device_id=9f57c4cc-c87f-4403-95de-7075026bb17a HTTP/1.1" status: 200 len: 1174 time: 0.0910876
2026-06-26 04:50:54.816 10 INFO neutron.api.wsgi [req-1ec693a9-71f0-4085-a69c-adafabc5aca0 req-33faad9f-1b28-4f3c-9df0-6727b9815202 d33e70b2005545e780dbc4d60bf62add eb89399d0eda4ae0be6a9c2b39ab88c7 - - default default] 10.0.0.78 "GET /v2.0/security-groups?id=3ebad95c-565f-4290-a48d-67b7c791785f&fields=id&fields=name HTTP/1.1" status: 200 len: 312 time: 0.0363007
2026-06-26 04:50:54.964 10 INFO neutron.api.wsgi [None req-ac7d4f00-31b0-4a41-bcfd-8e0322261010 158b7729050a495984523bc1f87691ef 4568e1db581344cf85756397d929f73d - - default default] 10.0.0.160 "PUT /v2.0/routers/81a592a3-591e-4380-814a-eef9d5bc9868/remove_router_interface HTTP/1.1" status: 200 len: 503 time: 1.3751054 /var/lib/openstack/lib/python3.12/site-packages/pycadf/identifier.py:71: UserWarning: Invalid uuid: neutron. To ensure interoperability, identifiers should be a valid uuid. warnings.warn(('Invalid uuid: %s. To ensure interoperability, '
2026-06-26 04:50:54.994 9 INFO neutron.db.ovn_revision_numbers_db [None req-6c9062c0-4c09-4957-b048-3f5be5eca532 158b7729050a495984523bc1f87691ef 4568e1db581344cf85756397d929f73d - - default default] Successfully bumped revision number for resource 89f57e48-3262-4c46-91d6-15d82144f95a (type: security_groups) to 1
2026-06-26 04:50:55.012 9 INFO neutron.db.ovn_revision_numbers_db [None req-6c9062c0-4c09-4957-b048-3f5be5eca532 158b7729050a495984523bc1f87691ef 4568e1db581344cf85756397d929f73d - - default default] Successfully bumped revision number for resource 5bf1951f-21b5-4c68-a70a-3e94694faf94 (type: security_group_rules) to 0
2026-06-26 04:50:55.024 9 INFO neutron.db.ovn_revision_numbers_db [None req-6c9062c0-4c09-4957-b048-3f5be5eca532 158b7729050a495984523bc1f87691ef 4568e1db581344cf85756397d929f73d - - default default] Successfully bumped revision number for resource 9fad5b3c-0d1f-4064-9606-4add36db77be (type: security_group_rules) to 0
2026-06-26 04:50:55.036 9 INFO neutron.db.ovn_revision_numbers_db [None req-6c9062c0-4c09-4957-b048-3f5be5eca532 158b7729050a495984523bc1f87691ef 4568e1db581344cf85756397d929f73d - - default default] Successfully bumped revision number for resource c0763de4-1336-4b7f-8452-eaf287736bb5 (type: security_group_rules) to 0
2026-06-26 04:50:55.048 9 INFO neutron.db.ovn_revision_numbers_db [None req-6c9062c0-4c09-4957-b048-3f5be5eca532 158b7729050a495984523bc1f87691ef 4568e1db581344cf85756397d929f73d - - default default] Successfully bumped revision number for resource e9b32c62-9f47-4cb5-b901-a9b4ababb5bd (type: security_group_rules) to 0
2026-06-26 04:50:55.088 9 INFO neutron.api.wsgi [None req-6c9062c0-4c09-4957-b048-3f5be5eca532 158b7729050a495984523bc1f87691ef 4568e1db581344cf85756397d929f73d - - default default] 10.0.0.160 "GET /v2.0/security-groups?tenant_id=ca5a4af03f2b45109ead6b594b7e8a8b&name=default HTTP/1.1" status: 200 len: 3120 time: 0.3241823
2026-06-26 04:50:55.265 9 INFO neutron.plugins.ml2.drivers.ovn.mech_driver.mech_driver [None req-e8394df6-aad4-49a4-8aa7-0248ac9118e1 - - - - - -] OVN reports status down for port: aaeed07d-20dc-4472-bd16-9ec26c291133
2026-06-26 04:50:55.376 10 INFO neutron.api.wsgi [None req-a2d1b552-ca77-4b7f-bb16-e28abec71437 158b7729050a495984523bc1f87691ef 4568e1db581344cf85756397d929f73d - - default default] 10.0.0.160 "DELETE /v2.0/security-groups/89f57e48-3262-4c46-91d6-15d82144f95a HTTP/1.1" status: 204 len: 168 time: 0.2834640
2026-06-26 04:50:55.389 9 INFO neutron.notifiers.nova [-] Nova event matching ['req-576a9535-4c51-4630-b823-7a2a47d6c3f9'] response: {'server_uuid': '9f57c4cc-c87f-4403-95de-7075026bb17a', 'name': 'network-vif-unplugged', 'status': 'completed', 'tag': 'aaeed07d-20dc-4472-bd16-9ec26c291133', 'code': 200}
2026-06-26 04:50:55.505 9 INFO neutron.api.wsgi [None req-9f922dfb-bd7e-41f3-8288-775adf06a359 158b7729050a495984523bc1f87691ef 4568e1db581344cf85756397d929f73d - - default default] 10.0.0.160 "GET /v2.0/security-groups?tenant_id=95d8a5c8589f45588d7230affccbb85b&name=default HTTP/1.1" status: 200 len: 3120 time: 0.0364816
2026-06-26 04:50:55.522 9 INFO neutron.db.ovn_revision_numbers_db [None req-e8394df6-aad4-49a4-8aa7-0248ac9118e1 - - - - - -] Successfully bumped revision number for resource aaeed07d-20dc-4472-bd16-9ec26c291133 (type: ports) to 6
2026-06-26 04:50:55.690 10 INFO neutron.api.wsgi [None req-0626a181-827b-4224-896b-107469f2f7e4 158b7729050a495984523bc1f87691ef 4568e1db581344cf85756397d929f73d - - default default] 10.0.0.160 "DELETE /v2.0/routers/81a592a3-591e-4380-814a-eef9d5bc9868 HTTP/1.1" status: 204 len: 168 time: 0.7182460
2026-06-26 04:50:55.690 9 INFO neutron.api.wsgi [None req-40a44ec4-089c-4f3a-a8cd-ba4c9469f17d 158b7729050a495984523bc1f87691ef 4568e1db581344cf85756397d929f73d - - default default] 10.0.0.160 "DELETE /v2.0/security-groups/7d71bbc4-c78a-4c8f-9cd8-a7a94284567f HTTP/1.1" status: 204 len: 168 time: 0.1809642 /var/lib/openstack/lib/python3.12/site-packages/pycadf/identifier.py:71: UserWarning: Invalid uuid: neutron. To ensure interoperability, identifiers should be a valid uuid. warnings.warn(('Invalid uuid: %s. To ensure interoperability, '
2026-06-26 04:50:55.833 9 INFO neutron.api.wsgi [None req-60774328-1991-4fc2-b144-08e60aedd2e8 158b7729050a495984523bc1f87691ef 4568e1db581344cf85756397d929f73d - - default default] 10.0.0.160 "DELETE /v2.0/subnets/3eed11a4-d3ce-4a5a-b4eb-6f8bd853d1d8 HTTP/1.1" status: 204 len: 168 time: 0.1377211
2026-06-26 04:50:55.925 10 INFO neutron.api.wsgi [req-4a5fae19-727c-4ff1-9a06-5319a38c3b8d req-b3f7c41c-056f-4441-8ee5-9430ff3a4a1a d33e70b2005545e780dbc4d60bf62add eb89399d0eda4ae0be6a9c2b39ab88c7 - - default default] 10.0.0.78 "GET /v2.0/ports?device_id=9f57c4cc-c87f-4403-95de-7075026bb17a HTTP/1.1" status: 200 len: 1172 time: 0.0452797
2026-06-26 04:50:55.967 10 INFO neutron.api.wsgi [req-4a5fae19-727c-4ff1-9a06-5319a38c3b8d req-e1d3b0db-6ad6-498d-b3ec-1af2b763b839 d33e70b2005545e780dbc4d60bf62add eb89399d0eda4ae0be6a9c2b39ab88c7 - - default default] 10.0.0.78 "GET /v2.0/security-groups?id=3ebad95c-565f-4290-a48d-67b7c791785f&fields=id&fields=name HTTP/1.1" status: 200 len: 312 time: 0.0368676
