2026-06-26 04:49:00.463 10 INFO neutron.api.wsgi [None req-b8cece79-9533-4a11-9aef-cadb10370d31 14416b1fe72d4e9bbb155d25d70f1c4b 6be7727aa07b432384ca8af125ca6eb0 - - default default] 10.0.0.160 "GET /v2.0/extensions/subnetpool-prefix-ops HTTP/1.1" status: 200 len: 418 time: 0.0047455
2026-06-26 04:49:00.470 10 INFO neutron.api.wsgi [None req-a5e8cf3d-fb4e-467f-a316-c7b6985b0f6f 14416b1fe72d4e9bbb155d25d70f1c4b 6be7727aa07b432384ca8af125ca6eb0 - - default default] 10.0.0.160 "GET /v2.0/extensions/tag-creation HTTP/1.1" status: 200 len: 384 time: 0.0031345
2026-06-26 04:49:00.476 10 INFO neutron.api.wsgi [None req-6dc50025-9603-45f2-b291-7aa96c687a23 14416b1fe72d4e9bbb155d25d70f1c4b 6be7727aa07b432384ca8af125ca6eb0 - - default default] 10.0.0.160 "GET /v2.0/extensions/standard-attr-tag HTTP/1.1" status: 200 len: 537 time: 0.0028319
2026-06-26 04:49:00.482 10 INFO neutron.api.wsgi [None req-9c9ab96f-feed-404b-a6e3-aab2d3c3549e 14416b1fe72d4e9bbb155d25d70f1c4b 6be7727aa07b432384ca8af125ca6eb0 - - default default] 10.0.0.160 "GET /v2.0/extensions/standard-attr-timestamp HTTP/1.1" status: 200 len: 449 time: 0.0028250
2026-06-26 04:49:00.487 10 INFO neutron.api.wsgi [None req-95fe1d51-c8d5-4776-8832-b0a2aae3c65e 14416b1fe72d4e9bbb155d25d70f1c4b 6be7727aa07b432384ca8af125ca6eb0 - - default default] 10.0.0.160 "GET /v2.0/extensions/trunk HTTP/1.1" status: 200 len: 358 time: 0.0025091
2026-06-26 04:49:00.492 10 INFO neutron.api.wsgi [None req-7d422c65-a26a-4ed0-a81e-807be673acf6 14416b1fe72d4e9bbb155d25d70f1c4b 6be7727aa07b432384ca8af125ca6eb0 - - default default] 10.0.0.160 "GET /v2.0/extensions/trunk-details HTTP/1.1" status: 200 len: 362 time: 0.0025272
2026-06-26 04:49:00.497 10 INFO neutron.api.wsgi [None req-5f38a721-60cc-45b9-8daa-1d6743924a88 14416b1fe72d4e9bbb155d25d70f1c4b 6be7727aa07b432384ca8af125ca6eb0 - - default default] 10.0.0.160 "GET /v2.0/extensions/vpn-agent-scheduler HTTP/1.1" status: 200 len: 393 time: 0.0025783
2026-06-26 04:49:00.503 9 INFO neutron.api.wsgi [None req-cf93d856-ca76-434d-8913-85cd08b11d0a 547ab3bab5a642dcb5abb81fe3a93ac6 726fbfb5bb8a413aa8dbdb7d55e63ba5 - - default default] 10.0.0.160 "GET /v2.0/routers HTTP/1.1" status: 200 len: 1154 time: 0.0700734
2026-06-26 04:49:00.504 10 INFO neutron.api.wsgi [None req-473571ac-3662-46a5-b810-f32b914070ab 14416b1fe72d4e9bbb155d25d70f1c4b 6be7727aa07b432384ca8af125ca6eb0 - - default default] 10.0.0.160 "GET /v2.0/extensions/vpn-endpoint-groups HTTP/1.1" status: 200 len: 371 time: 0.0027807
2026-06-26 04:49:00.509 10 INFO neutron.api.wsgi [None req-c0ee671f-1470-4bed-b43f-efcbb095b6f8 14416b1fe72d4e9bbb155d25d70f1c4b 6be7727aa07b432384ca8af125ca6eb0 - - default default] 10.0.0.160 "GET /v2.0/extensions/vpn-flavors HTTP/1.1" status: 200 len: 376 time: 0.0024595
2026-06-26 04:49:00.514 10 INFO neutron.api.wsgi [None req-e9eabc99-965f-4fdf-9ea3-28b581ba2f66 14416b1fe72d4e9bbb155d25d70f1c4b 6be7727aa07b432384ca8af125ca6eb0 - - default default] 10.0.0.160 "GET /v2.0/extensions/vpnaas HTTP/1.1" status: 200 len: 348 time: 0.0025237
2026-06-26 04:49:00.905 9 INFO neutron.db.ovn_revision_numbers_db [None req-2e2b2f43-db80-443a-a72e-c1d69bdcde50 547ab3bab5a642dcb5abb81fe3a93ac6 726fbfb5bb8a413aa8dbdb7d55e63ba5 - - default default] Successfully bumped revision number for resource 5afa3e1c-f42d-45c8-a268-1bab4ede8de8 (type: routers) to 3
2026-06-26 04:49:00.914 9 INFO neutron.api.wsgi [None req-2e2b2f43-db80-443a-a72e-c1d69bdcde50 547ab3bab5a642dcb5abb81fe3a93ac6 726fbfb5bb8a413aa8dbdb7d55e63ba5 - - default default] 10.0.0.160 "PUT /v2.0/routers/5afa3e1c-f42d-45c8-a268-1bab4ede8de8 HTTP/1.1" status: 200 len: 1158 time: 0.4056792
2026-06-26 04:49:00.986 9 INFO neutron.api.wsgi [None req-cf06e804-45d3-4d1e-b468-a422b6e9a476 547ab3bab5a642dcb5abb81fe3a93ac6 726fbfb5bb8a413aa8dbdb7d55e63ba5 - - default default] 10.0.0.160 "GET /v2.0/routers/5afa3e1c-f42d-45c8-a268-1bab4ede8de8 HTTP/1.1" status: 200 len: 1158 time: 0.0636785
2026-06-26 04:49:01.015 10 INFO neutron.api.wsgi [None req-24b3bc22-b5e9-40cb-82f5-7283b1fcc621 547ab3bab5a642dcb5abb81fe3a93ac6 726fbfb5bb8a413aa8dbdb7d55e63ba5 - - default default] 10.0.0.160 "GET /v2.0/ports?device_id=5afa3e1c-f42d-45c8-a268-1bab4ede8de8 HTTP/1.1" status: 200 len: 205 time: 0.0237644
2026-06-26 04:49:01.250 10 INFO neutron.db.ovn_revision_numbers_db [None req-ebf4f9f9-aba3-4c39-8aab-1b2c005bcb68 158b7729050a495984523bc1f87691ef 4568e1db581344cf85756397d929f73d - - default default] Successfully bumped revision number for resource f358fb33-19b9-40e6-8a9b-8d5eec3987ae (type: security_groups) to 1
2026-06-26 04:49:01.265 10 INFO neutron.db.ovn_revision_numbers_db [None req-ebf4f9f9-aba3-4c39-8aab-1b2c005bcb68 158b7729050a495984523bc1f87691ef 4568e1db581344cf85756397d929f73d - - default default] Successfully bumped revision number for resource 47681893-b322-4be7-bd1a-293b501a468d (type: security_group_rules) to 0
2026-06-26 04:49:01.282 10 INFO neutron.db.ovn_revision_numbers_db [None req-ebf4f9f9-aba3-4c39-8aab-1b2c005bcb68 158b7729050a495984523bc1f87691ef 4568e1db581344cf85756397d929f73d - - default default] Successfully bumped revision number for resource 5b38377c-2c59-4d64-90d7-52082b240cb9 (type: security_group_rules) to 0
2026-06-26 04:49:01.298 10 INFO neutron.db.ovn_revision_numbers_db [None req-ebf4f9f9-aba3-4c39-8aab-1b2c005bcb68 158b7729050a495984523bc1f87691ef 4568e1db581344cf85756397d929f73d - - default default] Successfully bumped revision number for resource 6470b584-049e-4714-9f90-714e973781e6 (type: security_group_rules) to 0
2026-06-26 04:49:01.311 10 INFO neutron.db.ovn_revision_numbers_db [None req-ebf4f9f9-aba3-4c39-8aab-1b2c005bcb68 158b7729050a495984523bc1f87691ef 4568e1db581344cf85756397d929f73d - - default default] Successfully bumped revision number for resource 8a97a571-3ac3-45ef-83aa-d39f92f4d922 (type: security_group_rules) to 0
2026-06-26 04:49:01.370 10 INFO neutron.api.wsgi [None req-ebf4f9f9-aba3-4c39-8aab-1b2c005bcb68 158b7729050a495984523bc1f87691ef 4568e1db581344cf85756397d929f73d - - default default] 10.0.0.160 "GET /v2.0/security-groups?tenant_id=6be7727aa07b432384ca8af125ca6eb0&name=default HTTP/1.1" status: 200 len: 3120 time: 0.4103038
2026-06-26 04:49:01.503 9 WARNING neutron_lib.context [None req-dbce07b7-ff02-470d-acef-fc92554a0dca 9dd69931b90c4d509ebfb67a781b3035 229e52b45fe14925ab20e2844bf69647 - - default default] Method 'is_advsvc' is deprecated since 2023.2 release (neutron-lib 3.8.0) and will be removed once support for the old RBAC API policies will be removed from Neutron. Please use method 'is_service_role' instead.
2026-06-26 04:49:01.595 9 INFO neutron.api.wsgi [None req-5afc8da6-b825-48ce-96e8-16daa07a0dad 158b7729050a495984523bc1f87691ef 4568e1db581344cf85756397d929f73d - - default default] 10.0.0.160 "DELETE /v2.0/security-groups/f358fb33-19b9-40e6-8a9b-8d5eec3987ae HTTP/1.1" status: 204 len: 168 time: 0.2180996
2026-06-26 04:49:01.649 9 INFO neutron.db.ovn_revision_numbers_db [None req-dbce07b7-ff02-470d-acef-fc92554a0dca 9dd69931b90c4d509ebfb67a781b3035 229e52b45fe14925ab20e2844bf69647 - - default default] Successfully bumped revision number for resource 6ebe1cd2-58e9-47c1-a2d3-c34d3193f625 (type: security_groups) to 1
2026-06-26 04:49:01.662 9 INFO neutron.db.ovn_revision_numbers_db [None req-dbce07b7-ff02-470d-acef-fc92554a0dca 9dd69931b90c4d509ebfb67a781b3035 229e52b45fe14925ab20e2844bf69647 - - default default] Successfully bumped revision number for resource 350a4d1f-dc14-4b5b-9588-a29ee3ce2f75 (type: security_group_rules) to 0
2026-06-26 04:49:01.679 9 INFO neutron.db.ovn_revision_numbers_db [None req-dbce07b7-ff02-470d-acef-fc92554a0dca 9dd69931b90c4d509ebfb67a781b3035 229e52b45fe14925ab20e2844bf69647 - - default default] Successfully bumped revision number for resource 670702de-0281-49d8-9066-e5d0d75575de (type: security_group_rules) to 0
2026-06-26 04:49:01.694 9 INFO neutron.db.ovn_revision_numbers_db [None req-dbce07b7-ff02-470d-acef-fc92554a0dca 9dd69931b90c4d509ebfb67a781b3035 229e52b45fe14925ab20e2844bf69647 - - default default] Successfully bumped revision number for resource 9432eb7e-c378-47c1-94fe-b275db19b77b (type: security_group_rules) to 0
2026-06-26 04:49:01.710 9 INFO neutron.db.ovn_revision_numbers_db [None req-dbce07b7-ff02-470d-acef-fc92554a0dca 9dd69931b90c4d509ebfb67a781b3035 229e52b45fe14925ab20e2844bf69647 - - default default] Successfully bumped revision number for resource c56360a0-5970-462c-8dc8-706fa8ed927c (type: security_group_rules) to 0
2026-06-26 04:49:01.716 10 INFO neutron.api.wsgi [None req-62d5691a-4db0-4dfd-b2b3-79f54c48c154 547ab3bab5a642dcb5abb81fe3a93ac6 726fbfb5bb8a413aa8dbdb7d55e63ba5 - - default default] 10.0.0.160 "DELETE /v2.0/routers/5afa3e1c-f42d-45c8-a268-1bab4ede8de8 HTTP/1.1" status: 204 len: 168 time: 0.6962388
2026-06-26 04:49:01.739 10 INFO neutron.api.wsgi [None req-c298f3f0-4d32-4bb8-911e-328fb2a90ffc 547ab3bab5a642dcb5abb81fe3a93ac6 726fbfb5bb8a413aa8dbdb7d55e63ba5 - - default default] 10.0.0.160 "GET /v2.0/ports?device_id=5afa3e1c-f42d-45c8-a268-1bab4ede8de8 HTTP/1.1" status: 200 len: 205 time: 0.0156939
2026-06-26 04:49:01.762 10 INFO neutron.api.v2.resource [None req-f7f1390c-cd5d-47b3-9c93-8e7a8159d31b 547ab3bab5a642dcb5abb81fe3a93ac6 726fbfb5bb8a413aa8dbdb7d55e63ba5 - - default default] delete failed (client error): The resource could not be found.
2026-06-26 04:49:01.763 10 INFO neutron.api.wsgi [None req-f7f1390c-cd5d-47b3-9c93-8e7a8159d31b 547ab3bab5a642dcb5abb81fe3a93ac6 726fbfb5bb8a413aa8dbdb7d55e63ba5 - - default default] 10.0.0.160 "DELETE /v2.0/routers/5afa3e1c-f42d-45c8-a268-1bab4ede8de8 HTTP/1.1" status: 404 len: 336 time: 0.0182831
2026-06-26 04:49:01.782 9 INFO neutron.db.segments_db [None req-dbce07b7-ff02-470d-acef-fc92554a0dca 9dd69931b90c4d509ebfb67a781b3035 229e52b45fe14925ab20e2844bf69647 - - default default] Added segment c0d3b0f3-4cad-4ee7-ad95-9b197b822369 of type geneve for network b45f7b0a-a383-4f5b-8c17-98480a473d18
2026-06-26 04:49:01.785 10 INFO neutron.api.wsgi [None req-0bab37bb-e7a4-4d39-b73b-f086a6edffc6 547ab3bab5a642dcb5abb81fe3a93ac6 726fbfb5bb8a413aa8dbdb7d55e63ba5 - - default default] 10.0.0.160 "GET /v2.0/ports?device_id=c84e415a-9438-4c5d-a821-2721d821568a HTTP/1.1" status: 200 len: 205 time: 0.0166774
2026-06-26 04:49:01.803 10 INFO neutron.api.v2.resource [None req-435c094b-97b1-43a6-81c7-186af639af3a 547ab3bab5a642dcb5abb81fe3a93ac6 726fbfb5bb8a413aa8dbdb7d55e63ba5 - - default default] delete failed (client error): The resource could not be found.
2026-06-26 04:49:01.804 10 INFO neutron.api.wsgi [None req-435c094b-97b1-43a6-81c7-186af639af3a 547ab3bab5a642dcb5abb81fe3a93ac6 726fbfb5bb8a413aa8dbdb7d55e63ba5 - - default default] 10.0.0.160 "DELETE /v2.0/routers/c84e415a-9438-4c5d-a821-2721d821568a HTTP/1.1" status: 404 len: 336 time: 0.0137839
2026-06-26 04:49:01.819 10 INFO neutron.pecan_wsgi.hooks.translation [None req-78ddc4ea-8c32-465d-968f-b993d53f3368 547ab3bab5a642dcb5abb81fe3a93ac6 726fbfb5bb8a413aa8dbdb7d55e63ba5 - - default default] DELETE failed (client error): The resource could not be found.
2026-06-26 04:49:01.821 10 INFO neutron.api.wsgi [None req-78ddc4ea-8c32-465d-968f-b993d53f3368 547ab3bab5a642dcb5abb81fe3a93ac6 726fbfb5bb8a413aa8dbdb7d55e63ba5 - - default default] 10.0.0.160 "DELETE /v2.0/subnets/53117af2-66af-44ae-b2c7-bd4605f2ade4 HTTP/1.1" status: 404 len: 337 time: 0.0130584
2026-06-26 04:49:01.854 10 INFO neutron.api.wsgi [None req-bbf70a4b-3dc2-48b0-9d3a-d507256925ac 547ab3bab5a642dcb5abb81fe3a93ac6 726fbfb5bb8a413aa8dbdb7d55e63ba5 - - default default] 10.0.0.160 "GET /v2.0/ports?device_id=fbe77c39-09e0-4d14-bf51-0b66b8dad663 HTTP/1.1" status: 200 len: 205 time: 0.0278008
2026-06-26 04:49:01.871 10 INFO neutron.api.v2.resource [None req-8f6294a9-8945-49d0-94cc-b9221e4d289b 547ab3bab5a642dcb5abb81fe3a93ac6 726fbfb5bb8a413aa8dbdb7d55e63ba5 - - default default] delete failed (client error): The resource could not be found.
2026-06-26 04:49:01.872 10 INFO neutron.api.wsgi [None req-8f6294a9-8945-49d0-94cc-b9221e4d289b 547ab3bab5a642dcb5abb81fe3a93ac6 726fbfb5bb8a413aa8dbdb7d55e63ba5 - - default default] 10.0.0.160 "DELETE /v2.0/routers/fbe77c39-09e0-4d14-bf51-0b66b8dad663 HTTP/1.1" status: 404 len: 336 time: 0.0140564
2026-06-26 04:49:01.897 9 INFO neutron.pecan_wsgi.hooks.translation [None req-b3cdf5bc-19e3-4805-93f2-da249e502baf 547ab3bab5a642dcb5abb81fe3a93ac6 726fbfb5bb8a413aa8dbdb7d55e63ba5 - - default default] DELETE failed (client error): The resource could not be found.
2026-06-26 04:49:01.900 9 INFO neutron.api.wsgi [None req-b3cdf5bc-19e3-4805-93f2-da249e502baf 547ab3bab5a642dcb5abb81fe3a93ac6 726fbfb5bb8a413aa8dbdb7d55e63ba5 - - default default] 10.0.0.160 "DELETE /v2.0/subnets/87b1708f-c5fe-4358-892e-ea8ca9328eb5 HTTP/1.1" status: 404 len: 337 time: 0.0215831
2026-06-26 04:49:01.917 9 INFO neutron.db.ovn_revision_numbers_db [None req-dbce07b7-ff02-470d-acef-fc92554a0dca 9dd69931b90c4d509ebfb67a781b3035 229e52b45fe14925ab20e2844bf69647 - - default default] Successfully bumped revision number for resource b45f7b0a-a383-4f5b-8c17-98480a473d18 (type: networks) to 1
2026-06-26 04:49:01.923 10 INFO neutron.api.wsgi [None req-10c1375c-f79d-4ba2-997d-ea636818ba96 547ab3bab5a642dcb5abb81fe3a93ac6 726fbfb5bb8a413aa8dbdb7d55e63ba5 - - default default] 10.0.0.160 "GET /v2.0/ports?device_id=b65db4db-0f38-4b87-92d5-7cc95169b490 HTTP/1.1" status: 200 len: 205 time: 0.0175438
2026-06-26 04:49:01.947 10 INFO neutron.api.v2.resource [None req-20187536-d457-48ad-93d4-d7170c8b4c33 547ab3bab5a642dcb5abb81fe3a93ac6 726fbfb5bb8a413aa8dbdb7d55e63ba5 - - default default] delete failed (client error): The resource could not be found.
2026-06-26 04:49:01.948 10 INFO neutron.api.wsgi [None req-20187536-d457-48ad-93d4-d7170c8b4c33 547ab3bab5a642dcb5abb81fe3a93ac6 726fbfb5bb8a413aa8dbdb7d55e63ba5 - - default default] 10.0.0.160 "DELETE /v2.0/routers/b65db4db-0f38-4b87-92d5-7cc95169b490 HTTP/1.1" status: 404 len: 336 time: 0.0204568
2026-06-26 04:49:01.970 9 INFO neutron.pecan_wsgi.hooks.translation [None req-4202858b-5397-44ec-8f21-982cb3ef033e 547ab3bab5a642dcb5abb81fe3a93ac6 726fbfb5bb8a413aa8dbdb7d55e63ba5 - - default default] DELETE failed (client error): The resource could not be found.
2026-06-26 04:49:01.975 9 INFO neutron.api.wsgi [None req-4202858b-5397-44ec-8f21-982cb3ef033e 547ab3bab5a642dcb5abb81fe3a93ac6 726fbfb5bb8a413aa8dbdb7d55e63ba5 - - default default] 10.0.0.160 "DELETE /v2.0/subnets/04a8606f-6292-49ff-959d-cf197dff7e38 HTTP/1.1" status: 404 len: 337 time: 0.0223556
2026-06-26 04:49:01.990 10 INFO neutron.pecan_wsgi.hooks.translation [None req-c235fee3-3029-41a2-a154-5a89ff42988e 547ab3bab5a642dcb5abb81fe3a93ac6 726fbfb5bb8a413aa8dbdb7d55e63ba5 - - default default] DELETE failed (client error): The resource could not be found.
2026-06-26 04:49:01.992 10 INFO neutron.api.wsgi [None req-c235fee3-3029-41a2-a154-5a89ff42988e 547ab3bab5a642dcb5abb81fe3a93ac6 726fbfb5bb8a413aa8dbdb7d55e63ba5 - - default default] 10.0.0.160 "DELETE /v2.0/subnets/504b9e96-896d-4cca-9d90-17d19403aab0 HTTP/1.1" status: 404 len: 337 time: 0.0136034
2026-06-26 04:49:02.097 9 WARNING neutron.scheduler.dhcp_agent_scheduler [None req-dbce07b7-ff02-470d-acef-fc92554a0dca 9dd69931b90c4d509ebfb67a781b3035 229e52b45fe14925ab20e2844bf69647 - - default default] No more DHCP agents
2026-06-26 04:49:02.098 9 WARNING neutron.api.rpc.agentnotifiers.dhcp_rpc_agent_api [None req-dbce07b7-ff02-470d-acef-fc92554a0dca 9dd69931b90c4d509ebfb67a781b3035 229e52b45fe14925ab20e2844bf69647 - - default default] Unable to schedule network b45f7b0a-a383-4f5b-8c17-98480a473d18: no agents available; will retry on subsequent port and subnet creation events.
2026-06-26 04:49:02.160 9 INFO neutron.db.ovn_revision_numbers_db [None req-dbce07b7-ff02-470d-acef-fc92554a0dca 9dd69931b90c4d509ebfb67a781b3035 229e52b45fe14925ab20e2844bf69647 - - default default] Successfully bumped revision number for resource be19cfdb-9ab8-4ab1-90e7-6ef9ab280915 (type: ports) to 1
2026-06-26 04:49:02.181 9 INFO neutron.api.wsgi [None req-dbce07b7-ff02-470d-acef-fc92554a0dca 9dd69931b90c4d509ebfb67a781b3035 229e52b45fe14925ab20e2844bf69647 - - default default] 10.0.0.160 "POST /v2.0/networks HTTP/1.1" status: 201 len: 830 time: 0.8761215
2026-06-26 04:49:02.226 9 INFO neutron.api.wsgi [None req-e1f94469-5191-430e-b7f0-f7e01f4fc4d3 9dd69931b90c4d509ebfb67a781b3035 229e52b45fe14925ab20e2844bf69647 - - default default] 10.0.0.160 "PUT /v2.0/networks/b45f7b0a-a383-4f5b-8c17-98480a473d18/tags HTTP/1.1" status: 200 len: 218 time: 0.0387208
2026-06-26 04:49:02.260 9 INFO neutron.api.wsgi [None req-b0eb827c-af92-4b84-b3a7-c1bdcaf79e63 9dd69931b90c4d509ebfb67a781b3035 229e52b45fe14925ab20e2844bf69647 - - default default] 10.0.0.160 "GET /v2.0/networks/b45f7b0a-a383-4f5b-8c17-98480a473d18/tags HTTP/1.1" status: 200 len: 218 time: 0.0290687
2026-06-26 04:49:02.303 9 INFO neutron.api.wsgi [None req-d1923ee8-93d0-42e8-ada6-24d5870c6d9b 9dd69931b90c4d509ebfb67a781b3035 229e52b45fe14925ab20e2844bf69647 - - default default] 10.0.0.160 "PUT /v2.0/networks/b45f7b0a-a383-4f5b-8c17-98480a473d18/tags/green HTTP/1.1" status: 201 len: 201 time: 0.0369117
2026-06-26 04:49:02.335 9 INFO neutron.api.wsgi [None req-d311ae57-982a-4771-9568-5a056e1bb03c 9dd69931b90c4d509ebfb67a781b3035 229e52b45fe14925ab20e2844bf69647 - - default default] 10.0.0.160 "GET /v2.0/networks/b45f7b0a-a383-4f5b-8c17-98480a473d18/tags HTTP/1.1" status: 200 len: 227 time: 0.0265028
2026-06-26 04:49:02.370 9 INFO neutron.api.wsgi [None req-7ef524c7-feca-4657-bbb6-c95b9b374ce2 9dd69931b90c4d509ebfb67a781b3035 229e52b45fe14925ab20e2844bf69647 - - default default] 10.0.0.160 "PUT /v2.0/networks/b45f7b0a-a383-4f5b-8c17-98480a473d18/tags/red HTTP/1.1" status: 201 len: 201 time: 0.0267508
2026-06-26 04:49:02.399 9 INFO neutron.api.wsgi [None req-41789803-0f6b-4090-b275-55333fb26800 9dd69931b90c4d509ebfb67a781b3035 229e52b45fe14925ab20e2844bf69647 - - default default] 10.0.0.160 "GET /v2.0/networks/b45f7b0a-a383-4f5b-8c17-98480a473d18/tags HTTP/1.1" status: 200 len: 227 time: 0.0238850
2026-06-26 04:49:02.444 9 INFO neutron.api.wsgi [None req-b7273ae6-2e7e-4417-82ee-518d7fa53055 9dd69931b90c4d509ebfb67a781b3035 229e52b45fe14925ab20e2844bf69647 - - default default] 10.0.0.160 "PUT /v2.0/networks/b45f7b0a-a383-4f5b-8c17-98480a473d18/tags/black.or.white HTTP/1.1" status: 201 len: 201 time: 0.0403159
2026-06-26 04:49:02.474 9 INFO neutron.api.wsgi [None req-2e8fa704-e37e-42dc-8681-2cb5f9c6e7b5 9dd69931b90c4d509ebfb67a781b3035 229e52b45fe14925ab20e2844bf69647 - - default default] 10.0.0.160 "GET /v2.0/networks/b45f7b0a-a383-4f5b-8c17-98480a473d18/tags HTTP/1.1" status: 200 len: 245 time: 0.0253143
2026-06-26 04:49:02.534 10 INFO neutron.api.wsgi [None req-482fd4cb-f8e7-46af-b682-12efcacf142b 9dd69931b90c4d509ebfb67a781b3035 229e52b45fe14925ab20e2844bf69647 - - default default] 10.0.0.160 "PUT /v2.0/networks/b45f7b0a-a383-4f5b-8c17-98480a473d18/tags HTTP/1.1" status: 200 len: 230 time: 0.0554650
2026-06-26 04:49:02.573 9 INFO neutron.api.wsgi [None req-3098e29b-b864-44e4-9a80-7c6595e756f9 9dd69931b90c4d509ebfb67a781b3035 229e52b45fe14925ab20e2844bf69647 - - default default] 10.0.0.160 "GET /v2.0/networks/b45f7b0a-a383-4f5b-8c17-98480a473d18/tags HTTP/1.1" status: 200 len: 230 time: 0.0312617
2026-06-26 04:49:02.602 9 INFO neutron.api.wsgi [None req-a6626ff2-02b5-4a68-bd5f-3eace2c42614 9dd69931b90c4d509ebfb67a781b3035 229e52b45fe14925ab20e2844bf69647 - - default default] 10.0.0.160 "GET /v2.0/networks/b45f7b0a-a383-4f5b-8c17-98480a473d18/tags/red HTTP/1.1" status: 204 len: 168 time: 0.0234375
2026-06-26 04:49:02.639 9 INFO neutron.api.v2.resource [None req-2a603ab5-469f-408f-95a8-4a4625ae441a 9dd69931b90c4d509ebfb67a781b3035 229e52b45fe14925ab20e2844bf69647 - - default default] show failed (client error): The resource could not be found.
2026-06-26 04:49:02.640 9 INFO neutron.api.wsgi [None req-2a603ab5-469f-408f-95a8-4a4625ae441a 9dd69931b90c4d509ebfb67a781b3035 229e52b45fe14925ab20e2844bf69647 - - default default] 10.0.0.160 "GET /v2.0/networks/b45f7b0a-a383-4f5b-8c17-98480a473d18/tags/green HTTP/1.1" status: 404 len: 299 time: 0.0293031
2026-06-26 04:49:02.703 9 INFO neutron.api.wsgi [None req-34f2ca7c-6882-4b10-8d9d-baad26731955 158b7729050a495984523bc1f87691ef 4568e1db581344cf85756397d929f73d - - default default] 10.0.0.160 "GET /v2.0/security-groups?tenant_id=726fbfb5bb8a413aa8dbdb7d55e63ba5&name=default HTTP/1.1" status: 200 len: 3120 time: 0.2269926
2026-06-26 04:49:02.721 9 INFO neutron.api.wsgi [None req-9ad7a3f4-0fad-44f1-a08d-fb8049d11e0a 9dd69931b90c4d509ebfb67a781b3035 229e52b45fe14925ab20e2844bf69647 - - default default] 10.0.0.160 "DELETE /v2.0/networks/b45f7b0a-a383-4f5b-8c17-98480a473d18/tags/red HTTP/1.1" status: 204 len: 168 time: 0.0755301
2026-06-26 04:49:02.767 9 INFO neutron.api.wsgi [None req-3785b6a7-5ee9-4c24-9112-2faeb1d565b7 9dd69931b90c4d509ebfb67a781b3035 229e52b45fe14925ab20e2844bf69647 - - default default] 10.0.0.160 "GET /v2.0/networks/b45f7b0a-a383-4f5b-8c17-98480a473d18/tags HTTP/1.1" status: 200 len: 223 time: 0.0406799
2026-06-26 04:49:02.804 10 INFO neutron.api.v2.resource [None req-335df832-2642-4ecd-a5d3-2b3e090f0051 9dd69931b90c4d509ebfb67a781b3035 229e52b45fe14925ab20e2844bf69647 - - default default] delete failed (client error): The resource could not be found.
2026-06-26 04:49:02.808 10 INFO neutron.api.wsgi [None req-335df832-2642-4ecd-a5d3-2b3e090f0051 9dd69931b90c4d509ebfb67a781b3035 229e52b45fe14925ab20e2844bf69647 - - default default] 10.0.0.160 "DELETE /v2.0/networks/b45f7b0a-a383-4f5b-8c17-98480a473d18/tags/green HTTP/1.1" status: 404 len: 299 time: 0.0359192
2026-06-26 04:49:02.855 9 INFO neutron.db.ovn_revision_numbers_db [None req-a5c0429b-abf6-4ca3-9664-460a1c9eaa2e 158b7729050a495984523bc1f87691ef 4568e1db581344cf85756397d929f73d - - default default] Successfully bumped revision number for resource bef66e8b-8f2d-45a6-b05d-ebee1b1bfdab (type: security_groups) to 1
2026-06-26 04:49:02.877 10 INFO neutron.api.wsgi [None req-e60ae40f-bcc3-4691-b61b-4de8d6049bd4 9dd69931b90c4d509ebfb67a781b3035 229e52b45fe14925ab20e2844bf69647 - - default default] 10.0.0.160 "DELETE /v2.0/networks/b45f7b0a-a383-4f5b-8c17-98480a473d18/tags HTTP/1.1" status: 204 len: 168 time: 0.0640132
2026-06-26 04:49:02.878 9 INFO neutron.db.ovn_revision_numbers_db [None req-a5c0429b-abf6-4ca3-9664-460a1c9eaa2e 158b7729050a495984523bc1f87691ef 4568e1db581344cf85756397d929f73d - - default default] Successfully bumped revision number for resource 015128cf-79d7-4a10-9f25-e302b78ac2d0 (type: security_group_rules) to 0
2026-06-26 04:49:02.900 9 INFO neutron.db.ovn_revision_numbers_db [None req-a5c0429b-abf6-4ca3-9664-460a1c9eaa2e 158b7729050a495984523bc1f87691ef 4568e1db581344cf85756397d929f73d - - default default] Successfully bumped revision number for resource be7a999c-c5ae-4348-ba05-46864d8e752e (type: security_group_rules) to 0
2026-06-26 04:49:02.912 10 INFO neutron.api.wsgi [None req-3b72cc11-6e06-45c8-bcc2-5fe37603b5dd 9dd69931b90c4d509ebfb67a781b3035 229e52b45fe14925ab20e2844bf69647 - - default default] 10.0.0.160 "GET /v2.0/networks/b45f7b0a-a383-4f5b-8c17-98480a473d18/tags HTTP/1.1" status: 200 len: 205 time: 0.0313821
2026-06-26 04:49:02.919 9 INFO neutron.db.ovn_revision_numbers_db [None req-a5c0429b-abf6-4ca3-9664-460a1c9eaa2e 158b7729050a495984523bc1f87691ef 4568e1db581344cf85756397d929f73d - - default default] Successfully bumped revision number for resource e20772d2-c801-4b28-9b9e-5e42e1c8a5be (type: security_group_rules) to 0
2026-06-26 04:49:02.940 9 INFO neutron.db.ovn_revision_numbers_db [None req-a5c0429b-abf6-4ca3-9664-460a1c9eaa2e 158b7729050a495984523bc1f87691ef 4568e1db581344cf85756397d929f73d - - default default] Successfully bumped revision number for resource eec340ff-4627-4153-ad1d-66bde3f1b2db (type: security_group_rules) to 0
2026-06-26 04:49:02.976 9 INFO neutron.api.wsgi [None req-2908b28e-4a28-4412-9584-0127c7909627 158b7729050a495984523bc1f87691ef 4568e1db581344cf85756397d929f73d - - default default] 10.0.0.160 "DELETE /v2.0/security-groups/9c65d777-5263-4d55-8607-2f0cb6da1f7b HTTP/1.1" status: 204 len: 168 time: 0.2671683
2026-06-26 04:49:02.983 9 INFO neutron.api.wsgi [None req-a5c0429b-abf6-4ca3-9664-460a1c9eaa2e 158b7729050a495984523bc1f87691ef 4568e1db581344cf85756397d929f73d - - default default] 10.0.0.160 "GET /v2.0/security-groups?tenant_id=91c3908d8dcc497f94a61b8fbdf7296a&name=default HTTP/1.1" status: 200 len: 3120 time: 0.3033488
2026-06-26 04:49:03.128 9 WARNING neutron.plugins.ml2.drivers.ovn.mech_driver.ovsdb.ovn_client [None req-466f5e7f-5330-45c6-b936-d8b358b6acf3 - - - - - -] No port found with ID 02dc641c-3585-4ab0-9b0b-0753ecd55a8f: RuntimeError: No port found with ID 02dc641c-3585-4ab0-9b0b-0753ecd55a8f
2026-06-26 04:49:03.338 10 INFO neutron.api.wsgi [None req-d8caf9f3-8373-4741-a7de-918a2e2a67c4 158b7729050a495984523bc1f87691ef 4568e1db581344cf85756397d929f73d - - default default] 10.0.0.160 "DELETE /v2.0/security-groups/bef66e8b-8f2d-45a6-b05d-ebee1b1bfdab HTTP/1.1" status: 204 len: 168 time: 0.3482747
2026-06-26 04:49:03.364 10 INFO neutron.services.segments.plugin [-] Segment c0d3b0f3-4cad-4ee7-ad95-9b197b822369 resource provider aggregate not found
2026-06-26 04:49:03.368 10 INFO neutron.services.segments.plugin [-] Segment c0d3b0f3-4cad-4ee7-ad95-9b197b822369 resource provider aggregate not found
2026-06-26 04:49:03.373 10 INFO neutron.services.segments.plugin [-] Segment c0d3b0f3-4cad-4ee7-ad95-9b197b822369 resource provider not found; error: Placement Client Error (4xx): {"errors": [{"status": 404, "title": "Not Found", "detail": "The resource could not be found.\n\n No resource provider with uuid c0d3b0f3-4cad-4ee7-ad95-9b197b822369 found for delete ", "request_id": "req-e819c793-0353-45bf-8b58-2bde997e1fa1"}]}
2026-06-26 04:49:03.396 10 INFO neutron.services.segments.plugin [-] Segment c0d3b0f3-4cad-4ee7-ad95-9b197b822369 resource provider not found; error: Placement Client Error (4xx): {"errors": [{"status": 404, "title": "Not Found", "detail": "The resource could not be found.\n\n No resource provider with uuid c0d3b0f3-4cad-4ee7-ad95-9b197b822369 found for delete ", "request_id": "req-47da2072-1708-466f-ad42-a07c7e110ad9"}]}
2026-06-26 04:49:03.408 10 INFO neutron.api.wsgi [None req-1c19175c-76b2-41a8-bac2-b1b0dc820b17 9dd69931b90c4d509ebfb67a781b3035 229e52b45fe14925ab20e2844bf69647 - - default default] 10.0.0.160 "DELETE /v2.0/networks/b45f7b0a-a383-4f5b-8c17-98480a473d18 HTTP/1.1" status: 204 len: 168 time: 0.4876125
2026-06-26 04:49:03.514 9 WARNING neutron_lib.context [None req-4e1ae561-e77d-496f-bc7a-218ec7dd2b65 e60e60b9af604f34adb16868a0e963e9 8bf82f974dc74ef6afc1aef59e76b94d - - default default] Method 'is_advsvc' is deprecated since 2023.2 release (neutron-lib 3.8.0) and will be removed once support for the old RBAC API policies will be removed from Neutron. Please use method 'is_service_role' instead.
2026-06-26 04:49:03.667 10 INFO neutron.db.ovn_revision_numbers_db [None req-a16c4328-1b04-4873-be35-bc1150c35586 158b7729050a495984523bc1f87691ef 4568e1db581344cf85756397d929f73d - - default default] Successfully bumped revision number for resource 7e8b4241-7540-4276-98a2-f1f00d6e9bd6 (type: security_groups) to 1
2026-06-26 04:49:03.669 9 INFO neutron.db.ovn_revision_numbers_db [None req-4e1ae561-e77d-496f-bc7a-218ec7dd2b65 e60e60b9af604f34adb16868a0e963e9 8bf82f974dc74ef6afc1aef59e76b94d - - default default] Successfully bumped revision number for resource 30061fda-d4ad-4fe5-bbfc-2773df9ced84 (type: security_groups) to 1
2026-06-26 04:49:03.688 10 INFO neutron.db.ovn_revision_numbers_db [None req-a16c4328-1b04-4873-be35-bc1150c35586 158b7729050a495984523bc1f87691ef 4568e1db581344cf85756397d929f73d - - default default] Successfully bumped revision number for resource 11791844-d171-4cec-935b-b1e43d5ef7e2 (type: security_group_rules) to 0
2026-06-26 04:49:03.689 9 INFO neutron.db.ovn_revision_numbers_db [None req-4e1ae561-e77d-496f-bc7a-218ec7dd2b65 e60e60b9af604f34adb16868a0e963e9 8bf82f974dc74ef6afc1aef59e76b94d - - default default] Successfully bumped revision number for resource 1c2ade7f-ac01-4713-8c7e-f8a54d04a318 (type: security_group_rules) to 0
2026-06-26 04:49:03.701 10 INFO neutron.db.ovn_revision_numbers_db [None req-a16c4328-1b04-4873-be35-bc1150c35586 158b7729050a495984523bc1f87691ef 4568e1db581344cf85756397d929f73d - - default default] Successfully bumped revision number for resource 78d2a2d2-b261-47e6-94b3-607937a4a951 (type: security_group_rules) to 0
2026-06-26 04:49:03.705 9 INFO neutron.db.ovn_revision_numbers_db [None req-4e1ae561-e77d-496f-bc7a-218ec7dd2b65 e60e60b9af604f34adb16868a0e963e9 8bf82f974dc74ef6afc1aef59e76b94d - - default default] Successfully bumped revision number for resource 36619ba6-0c71-4e7f-b784-9ce6514e43c6 (type: security_group_rules) to 0
2026-06-26 04:49:03.717 10 INFO neutron.db.ovn_revision_numbers_db [None req-a16c4328-1b04-4873-be35-bc1150c35586 158b7729050a495984523bc1f87691ef 4568e1db581344cf85756397d929f73d - - default default] Successfully bumped revision number for resource ab8b819d-d1b2-44e7-b085-9d2746c3c1fc (type: security_group_rules) to 0
2026-06-26 04:49:03.719 9 INFO neutron.db.ovn_revision_numbers_db [None req-4e1ae561-e77d-496f-bc7a-218ec7dd2b65 e60e60b9af604f34adb16868a0e963e9 8bf82f974dc74ef6afc1aef59e76b94d - - default default] Successfully bumped revision number for resource 81ecbe0b-79a3-4881-8a6e-6f4bf0f2a009 (type: security_group_rules) to 0
2026-06-26 04:49:03.733 9 INFO neutron.db.ovn_revision_numbers_db [None req-4e1ae561-e77d-496f-bc7a-218ec7dd2b65 e60e60b9af604f34adb16868a0e963e9 8bf82f974dc74ef6afc1aef59e76b94d - - default default] Successfully bumped revision number for resource ca7322b0-5e2d-4a59-a3b5-aca9cb092066 (type: security_group_rules) to 0
2026-06-26 04:49:03.735 10 INFO neutron.db.ovn_revision_numbers_db [None req-a16c4328-1b04-4873-be35-bc1150c35586 158b7729050a495984523bc1f87691ef 4568e1db581344cf85756397d929f73d - - default default] Successfully bumped revision number for resource c946d2a2-6baa-4e18-ba9c-bdc117e13aea (type: security_group_rules) to 0
2026-06-26 04:49:03.795 10 INFO neutron.api.wsgi [None req-a16c4328-1b04-4873-be35-bc1150c35586 158b7729050a495984523bc1f87691ef 4568e1db581344cf85756397d929f73d - - default default] 10.0.0.160 "GET /v2.0/security-groups?tenant_id=a556e2b9ed134040b3868eb7bc7a1bcf&name=default HTTP/1.1" status: 200 len: 3120 time: 0.2643642
2026-06-26 04:49:03.804 9 INFO neutron.db.segments_db [None req-4e1ae561-e77d-496f-bc7a-218ec7dd2b65 e60e60b9af604f34adb16868a0e963e9 8bf82f974dc74ef6afc1aef59e76b94d - - default default] Added segment 6ffa8300-aacb-4a12-b721-40d8e01f2bbd of type geneve for network 6cd24342-8de5-4290-86eb-411dd1d2dd19
2026-06-26 04:49:03.935 9 INFO neutron.db.ovn_revision_numbers_db [None req-4e1ae561-e77d-496f-bc7a-218ec7dd2b65 e60e60b9af604f34adb16868a0e963e9 8bf82f974dc74ef6afc1aef59e76b94d - - default default] Successfully bumped revision number for resource 6cd24342-8de5-4290-86eb-411dd1d2dd19 (type: networks) to 1
2026-06-26 04:49:04.031 10 INFO neutron.api.wsgi [None req-050dafc9-2408-4cf4-88ec-ad7d88a45a47 158b7729050a495984523bc1f87691ef 4568e1db581344cf85756397d929f73d - - default default] 10.0.0.160 "DELETE /v2.0/security-groups/7e8b4241-7540-4276-98a2-f1f00d6e9bd6 HTTP/1.1" status: 204 len: 168 time: 0.2287390
2026-06-26 04:49:04.106 9 WARNING neutron.scheduler.dhcp_agent_scheduler [None req-4e1ae561-e77d-496f-bc7a-218ec7dd2b65 e60e60b9af604f34adb16868a0e963e9 8bf82f974dc74ef6afc1aef59e76b94d - - default default] No more DHCP agents
2026-06-26 04:49:04.107 9 WARNING neutron.api.rpc.agentnotifiers.dhcp_rpc_agent_api [None req-4e1ae561-e77d-496f-bc7a-218ec7dd2b65 e60e60b9af604f34adb16868a0e963e9 8bf82f974dc74ef6afc1aef59e76b94d - - default default] Unable to schedule network 6cd24342-8de5-4290-86eb-411dd1d2dd19: no agents available; will retry on subsequent port and subnet creation events.
2026-06-26 04:49:04.174 9 INFO neutron.db.ovn_revision_numbers_db [None req-4e1ae561-e77d-496f-bc7a-218ec7dd2b65 e60e60b9af604f34adb16868a0e963e9 8bf82f974dc74ef6afc1aef59e76b94d - - default default] Successfully bumped revision number for resource 98e8c4f4-a212-43e7-90ad-74514f3b10ed (type: ports) to 1
2026-06-26 04:49:04.194 9 INFO neutron.api.wsgi [None req-4e1ae561-e77d-496f-bc7a-218ec7dd2b65 e60e60b9af604f34adb16868a0e963e9 8bf82f974dc74ef6afc1aef59e76b94d - - default default] 10.0.0.160 "POST /v2.0/networks HTTP/1.1" status: 201 len: 848 time: 0.7847559
2026-06-26 04:49:04.204 9 WARNING neutron_lib.context [None req-1e00ba10-deb3-4fbe-bf05-220fef7930b0 e60e60b9af604f34adb16868a0e963e9 8bf82f974dc74ef6afc1aef59e76b94d - - default default] Method 'is_advsvc' is deprecated since 2023.2 release (neutron-lib 3.8.0) and will be removed once support for the old RBAC API policies will be removed from Neutron. Please use method 'is_service_role' instead.
2026-06-26 04:49:04.373 10 INFO neutron.db.ovn_revision_numbers_db [None req-070c8e8e-7b66-4ce9-824c-5946e40bb24c 158b7729050a495984523bc1f87691ef 4568e1db581344cf85756397d929f73d - - default default] Successfully bumped revision number for resource 49c8d60b-b6fd-42aa-9926-2e2c4718f116 (type: security_groups) to 1
2026-06-26 04:49:04.375 9 WARNING neutron.scheduler.dhcp_agent_scheduler [None req-1e00ba10-deb3-4fbe-bf05-220fef7930b0 e60e60b9af604f34adb16868a0e963e9 8bf82f974dc74ef6afc1aef59e76b94d - - default default] No more DHCP agents
2026-06-26 04:49:04.377 9 WARNING neutron.api.rpc.agentnotifiers.dhcp_rpc_agent_api [None req-1e00ba10-deb3-4fbe-bf05-220fef7930b0 e60e60b9af604f34adb16868a0e963e9 8bf82f974dc74ef6afc1aef59e76b94d - - default default] Unable to schedule network 6cd24342-8de5-4290-86eb-411dd1d2dd19: no agents available; will retry on subsequent port and subnet creation events.
2026-06-26 04:49:04.386 10 INFO neutron.db.ovn_revision_numbers_db [None req-070c8e8e-7b66-4ce9-824c-5946e40bb24c 158b7729050a495984523bc1f87691ef 4568e1db581344cf85756397d929f73d - - default default] Successfully bumped revision number for resource 6f6446ef-b0ba-437a-88a4-aba017a141ad (type: security_group_rules) to 0
2026-06-26 04:49:04.398 9 INFO neutron.db.ovn_revision_numbers_db [None req-1e00ba10-deb3-4fbe-bf05-220fef7930b0 e60e60b9af604f34adb16868a0e963e9 8bf82f974dc74ef6afc1aef59e76b94d - - default default] Successfully bumped revision number for resource 7139fd8a-80d3-4b91-9751-601f7468b7fb (type: subnets) to 0
2026-06-26 04:49:04.402 10 INFO neutron.db.ovn_revision_numbers_db [None req-070c8e8e-7b66-4ce9-824c-5946e40bb24c 158b7729050a495984523bc1f87691ef 4568e1db581344cf85756397d929f73d - - default default] Successfully bumped revision number for resource d2b90623-2f39-4819-8fab-99ae6e104506 (type: security_group_rules) to 0
2026-06-26 04:49:04.412 9 INFO neutron.api.wsgi [None req-1e00ba10-deb3-4fbe-bf05-220fef7930b0 e60e60b9af604f34adb16868a0e963e9 8bf82f974dc74ef6afc1aef59e76b94d - - default default] 10.0.0.160 "POST /v2.0/subnets HTTP/1.1" status: 201 len: 826 time: 0.2123940
2026-06-26 04:49:04.414 10 INFO neutron.db.ovn_revision_numbers_db [None req-070c8e8e-7b66-4ce9-824c-5946e40bb24c 158b7729050a495984523bc1f87691ef 4568e1db581344cf85756397d929f73d - - default default] Successfully bumped revision number for resource d352eb1d-b3e0-48b0-9db4-fb2e5ff69697 (type: security_group_rules) to 0
2026-06-26 04:49:04.422 9 WARNING neutron_lib.context [None req-f8a7e335-02b6-49f5-a139-a1f98dc1f35d e60e60b9af604f34adb16868a0e963e9 8bf82f974dc74ef6afc1aef59e76b94d - - default default] Method 'is_advsvc' is deprecated since 2023.2 release (neutron-lib 3.8.0) and will be removed once support for the old RBAC API policies will be removed from Neutron. Please use method 'is_service_role' instead.
2026-06-26 04:49:04.430 10 INFO neutron.db.ovn_revision_numbers_db [None req-070c8e8e-7b66-4ce9-824c-5946e40bb24c 158b7729050a495984523bc1f87691ef 4568e1db581344cf85756397d929f73d - - default default] Successfully bumped revision number for resource dde46826-d9e7-47f7-93d4-a5c2035f2967 (type: security_group_rules) to 0
2026-06-26 04:49:04.462 10 INFO neutron.api.wsgi [None req-070c8e8e-7b66-4ce9-824c-5946e40bb24c 158b7729050a495984523bc1f87691ef 4568e1db581344cf85756397d929f73d - - default default] 10.0.0.160 "GET /v2.0/security-groups?tenant_id=49c70f312763417088f198c19f8b68a3&name=default HTTP/1.1" status: 200 len: 3120 time: 0.3563180
2026-06-26 04:49:04.652 10 WARNING neutron.plugins.ml2.drivers.ovn.mech_driver.ovsdb.ovn_client [None req-358ad2b6-6c65-4e60-97b8-a15ec94e9dd3 - - - - - -] No port found with ID 64005de2-b1d6-4b22-92b1-fa39eb7de9b7: RuntimeError: No port found with ID 64005de2-b1d6-4b22-92b1-fa39eb7de9b7
2026-06-26 04:49:04.675 10 INFO neutron.api.wsgi [None req-0ca7fb6e-a39f-493b-ba79-0aecd62f8c21 158b7729050a495984523bc1f87691ef 4568e1db581344cf85756397d929f73d - - default default] 10.0.0.160 "DELETE /v2.0/security-groups/49c8d60b-b6fd-42aa-9926-2e2c4718f116 HTTP/1.1" status: 204 len: 168 time: 0.2083185
2026-06-26 04:49:04.772 9 WARNING neutron.scheduler.dhcp_agent_scheduler [None req-f8a7e335-02b6-49f5-a139-a1f98dc1f35d e60e60b9af604f34adb16868a0e963e9 8bf82f974dc74ef6afc1aef59e76b94d - - default default] No more DHCP agents
2026-06-26 04:49:04.774 9 WARNING neutron.api.rpc.agentnotifiers.dhcp_rpc_agent_api [None req-f8a7e335-02b6-49f5-a139-a1f98dc1f35d e60e60b9af604f34adb16868a0e963e9 8bf82f974dc74ef6afc1aef59e76b94d - - default default] Unable to schedule network 11789b96-5912-42f6-902a-d4b9fa3b0e1f: no agents available; will retry on subsequent port and subnet creation events.
2026-06-26 04:49:04.811 9 INFO neutron.api.wsgi [None req-896fc9ed-995d-494a-902c-8779382e72f5 158b7729050a495984523bc1f87691ef 4568e1db581344cf85756397d929f73d - - default default] 10.0.0.160 "GET /v2.0/security-groups?tenant_id=229e52b45fe14925ab20e2844bf69647&name=default HTTP/1.1" status: 200 len: 3120 time: 0.0354276
2026-06-26 04:49:04.899 9 INFO neutron.db.ovn_revision_numbers_db [None req-f8a7e335-02b6-49f5-a139-a1f98dc1f35d e60e60b9af604f34adb16868a0e963e9 8bf82f974dc74ef6afc1aef59e76b94d - - default default] Successfully bumped revision number for resource b9b7bc5b-0af0-4a8c-a766-de387e0a9417 (type: ports) to 1
2026-06-26 04:49:04.969 10 WARNING neutron_lib.context [None req-ee95a90c-5502-42f8-8cfc-e61935ccb91e f08f127a7fcb4f509e9aae200515da8b a9709913e7954e99b7c414952bb2f094 - - default default] Method 'is_advsvc' is deprecated since 2023.2 release (neutron-lib 3.8.0) and will be removed once support for the old RBAC API policies will be removed from Neutron. Please use method 'is_service_role' instead.
2026-06-26 04:49:05.092 10 INFO neutron.api.wsgi [None req-820bfea2-2be9-4362-8812-3cb03269a6d6 158b7729050a495984523bc1f87691ef 4568e1db581344cf85756397d929f73d - - default default] 10.0.0.160 "DELETE /v2.0/security-groups/6ebe1cd2-58e9-47c1-a2d3-c34d3193f625 HTTP/1.1" status: 204 len: 168 time: 0.2760737
2026-06-26 04:49:05.114 10 INFO neutron.db.ovn_revision_numbers_db [None req-ee95a90c-5502-42f8-8cfc-e61935ccb91e f08f127a7fcb4f509e9aae200515da8b a9709913e7954e99b7c414952bb2f094 - - default default] Successfully bumped revision number for resource 866f9063-559b-4649-82a0-fc909260c631 (type: security_groups) to 1
2026-06-26 04:49:05.136 10 INFO neutron.db.ovn_revision_numbers_db [None req-ee95a90c-5502-42f8-8cfc-e61935ccb91e f08f127a7fcb4f509e9aae200515da8b a9709913e7954e99b7c414952bb2f094 - - default default] Successfully bumped revision number for resource 1286b0f2-de0b-4684-ac07-313dfd5103d2 (type: security_group_rules) to 0
2026-06-26 04:49:05.151 10 INFO neutron.db.ovn_revision_numbers_db [None req-ee95a90c-5502-42f8-8cfc-e61935ccb91e f08f127a7fcb4f509e9aae200515da8b a9709913e7954e99b7c414952bb2f094 - - default default] Successfully bumped revision number for resource 49a48e96-5ada-4867-800b-1c6bc0e11dc2 (type: security_group_rules) to 0
2026-06-26 04:49:05.164 10 INFO neutron.db.ovn_revision_numbers_db [None req-ee95a90c-5502-42f8-8cfc-e61935ccb91e f08f127a7fcb4f509e9aae200515da8b a9709913e7954e99b7c414952bb2f094 - - default default] Successfully bumped revision number for resource 646bf3f8-64fc-49b1-b52e-fbcaf8bfc72b (type: security_group_rules) to 0
2026-06-26 04:49:05.176 10 INFO neutron.db.ovn_revision_numbers_db [None req-ee95a90c-5502-42f8-8cfc-e61935ccb91e f08f127a7fcb4f509e9aae200515da8b a9709913e7954e99b7c414952bb2f094 - - default default] Successfully bumped revision number for resource a6d726ee-f987-4d57-b539-5c9f20e3c47d (type: security_group_rules) to 0
2026-06-26 04:49:05.274 10 INFO neutron.db.ovn_revision_numbers_db [None req-ee95a90c-5502-42f8-8cfc-e61935ccb91e f08f127a7fcb4f509e9aae200515da8b a9709913e7954e99b7c414952bb2f094 - - default default] Successfully bumped revision number for resource 6c5e473b-eea0-4163-a527-fbac22f0356a (type: security_groups) to 1
2026-06-26 04:49:05.284 10 INFO neutron.db.ovn_revision_numbers_db [None req-ee95a90c-5502-42f8-8cfc-e61935ccb91e f08f127a7fcb4f509e9aae200515da8b a9709913e7954e99b7c414952bb2f094 - - default default] Successfully bumped revision number for resource 1fac987a-37a2-4c37-9605-1ae7edf21bed (type: security_group_rules) to 0
2026-06-26 04:49:05.296 10 INFO neutron.db.ovn_revision_numbers_db [None req-ee95a90c-5502-42f8-8cfc-e61935ccb91e f08f127a7fcb4f509e9aae200515da8b a9709913e7954e99b7c414952bb2f094 - - default default] Successfully bumped revision number for resource 200f1d95-360d-4742-8298-c7097d318faf (type: security_group_rules) to 0
2026-06-26 04:49:05.336 10 INFO neutron.api.wsgi [None req-ee95a90c-5502-42f8-8cfc-e61935ccb91e f08f127a7fcb4f509e9aae200515da8b a9709913e7954e99b7c414952bb2f094 - - default default] 10.0.0.160 "POST /v2.0/security-groups HTTP/1.1" status: 201 len: 1824 time: 0.5271695
2026-06-26 04:49:05.399 9 INFO neutron.api.wsgi [None req-17819743-3fcc-408f-8a16-c4941f42ded2 f08f127a7fcb4f509e9aae200515da8b a9709913e7954e99b7c414952bb2f094 - - default default] 10.0.0.160 "GET /v2.0/security-groups HTTP/1.1" status: 200 len: 4724 time: 0.0561860
2026-06-26 04:49:05.509 9 INFO neutron.db.ovn_revision_numbers_db [None req-05ec538a-3c22-4f50-b35d-2b0a5a1b4ca3 f08f127a7fcb4f509e9aae200515da8b a9709913e7954e99b7c414952bb2f094 - - default default] Successfully bumped revision number for resource 6c5e473b-eea0-4163-a527-fbac22f0356a (type: security_groups) to 2
2026-06-26 04:49:05.532 9 INFO neutron.api.wsgi [None req-05ec538a-3c22-4f50-b35d-2b0a5a1b4ca3 f08f127a7fcb4f509e9aae200515da8b a9709913e7954e99b7c414952bb2f094 - - default default] 10.0.0.160 "PUT /v2.0/security-groups/6c5e473b-eea0-4163-a527-fbac22f0356a HTTP/1.1" status: 200 len: 1859 time: 0.1273670
2026-06-26 04:49:05.559 9 INFO neutron.api.wsgi [None req-a430ac7b-9a3b-4d50-b4e5-5095600327a0 f08f127a7fcb4f509e9aae200515da8b a9709913e7954e99b7c414952bb2f094 - - default default] 10.0.0.160 "GET /v2.0/security-groups/6c5e473b-eea0-4163-a527-fbac22f0356a HTTP/1.1" status: 200 len: 1859 time: 0.0200291
2026-06-26 04:49:05.579 9 INFO neutron.plugins.ml2.drivers.ovn.mech_driver.ovsdb.commands [None req-15cfe4f7-b95a-479b-af0d-2a12cce005cb - - - - - -] Schedule LRP lrp-b9b7bc5b-0af0-4a8c-a766-de387e0a9417 on gateway 1c8134a9-393d-445c-b5c7-51a2b32003e3 with priority 1
2026-06-26 04:49:05.591 9 INFO neutron.plugins.ml2.drivers.ovn.mech_driver.mech_driver [None req-466f5e7f-5330-45c6-b936-d8b358b6acf3 - - - - - -] OVN reports status up for port: b9b7bc5b-0af0-4a8c-a766-de387e0a9417
2026-06-26 04:49:05.607 9 INFO neutron.plugins.ml2.plugin [None req-466f5e7f-5330-45c6-b936-d8b358b6acf3 - - - - - -] Attempt 1 to provision port b9b7bc5b-0af0-4a8c-a766-de387e0a9417
2026-06-26 04:49:05.632 9 INFO neutron.db.ovn_revision_numbers_db [None req-f8a7e335-02b6-49f5-a139-a1f98dc1f35d e60e60b9af604f34adb16868a0e963e9 8bf82f974dc74ef6afc1aef59e76b94d - - default default] Successfully bumped revision number for resource b9b7bc5b-0af0-4a8c-a766-de387e0a9417 (type: router_ports) to 1
2026-06-26 04:49:05.705 9 INFO neutron.api.wsgi [None req-b9cc061b-9949-4566-94c7-349941c0675c f08f127a7fcb4f509e9aae200515da8b a9709913e7954e99b7c414952bb2f094 - - default default] 10.0.0.160 "DELETE /v2.0/security-groups/6c5e473b-eea0-4163-a527-fbac22f0356a HTTP/1.1" status: 204 len: 168 time: 0.1426332
2026-06-26 04:49:05.706 9 INFO neutron.db.ovn_revision_numbers_db [None req-f8a7e335-02b6-49f5-a139-a1f98dc1f35d e60e60b9af604f34adb16868a0e963e9 8bf82f974dc74ef6afc1aef59e76b94d - - default default] Successfully bumped revision number for resource 44439d41-f234-43bf-be8a-8521620a1d1d (type: routers) to 2
2026-06-26 04:49:05.722 9 INFO neutron.api.wsgi [None req-f8a7e335-02b6-49f5-a139-a1f98dc1f35d e60e60b9af604f34adb16868a0e963e9 8bf82f974dc74ef6afc1aef59e76b94d - - default default] 10.0.0.160 "POST /v2.0/routers HTTP/1.1" status: 201 len: 1154 time: 1.3046405
2026-06-26 04:49:05.745 9 INFO neutron.api.wsgi [None req-e631efd7-07a3-4f72-a50e-7f72e7b98023 f08f127a7fcb4f509e9aae200515da8b a9709913e7954e99b7c414952bb2f094 - - default default] 10.0.0.160 "GET /v2.0/security-groups HTTP/1.1" status: 200 len: 3120 time: 0.0330646
2026-06-26 04:49:05.772 9 INFO neutron.api.v2.resource [None req-20d6a89d-6af9-41c4-a834-0cdf87d491db f08f127a7fcb4f509e9aae200515da8b a9709913e7954e99b7c414952bb2f094 - - default default] delete failed (client error): The resource could not be found.
2026-06-26 04:49:05.773 9 INFO neutron.api.wsgi [None req-20d6a89d-6af9-41c4-a834-0cdf87d491db f08f127a7fcb4f509e9aae200515da8b a9709913e7954e99b7c414952bb2f094 - - default default] 10.0.0.160 "DELETE /v2.0/security-groups/6c5e473b-eea0-4163-a527-fbac22f0356a HTTP/1.1" status: 404 len: 347 time: 0.0176075
2026-06-26 04:49:05.785 9 WARNING neutron_lib.context [None req-c003f542-f603-4a11-8bad-504175cde574 f08f127a7fcb4f509e9aae200515da8b a9709913e7954e99b7c414952bb2f094 - - default default] Method 'is_advsvc' is deprecated since 2023.2 release (neutron-lib 3.8.0) and will be removed once support for the old RBAC API policies will be removed from Neutron. Please use method 'is_service_role' instead.
2026-06-26 04:49:05.911 9 INFO neutron.db.ovn_revision_numbers_db [None req-c003f542-f603-4a11-8bad-504175cde574 f08f127a7fcb4f509e9aae200515da8b a9709913e7954e99b7c414952bb2f094 - - default default] Successfully bumped revision number for resource 69bf365e-0323-4c69-bd4a-7d759c2d106b (type: security_groups) to 1
2026-06-26 04:49:05.928 9 INFO neutron.db.ovn_revision_numbers_db [None req-c003f542-f603-4a11-8bad-504175cde574 f08f127a7fcb4f509e9aae200515da8b a9709913e7954e99b7c414952bb2f094 - - default default] Successfully bumped revision number for resource 6a701d11-7c44-4a1d-8841-fcab35c59e47 (type: security_group_rules) to 0
2026-06-26 04:49:05.946 9 INFO neutron.db.ovn_revision_numbers_db [None req-c003f542-f603-4a11-8bad-504175cde574 f08f127a7fcb4f509e9aae200515da8b a9709913e7954e99b7c414952bb2f094 - - default default] Successfully bumped revision number for resource c11fb473-83e1-4f3b-81bc-eb315a29123a (type: security_group_rules) to 0
2026-06-26 04:49:05.984 9 INFO neutron.api.wsgi [None req-c003f542-f603-4a11-8bad-504175cde574 f08f127a7fcb4f509e9aae200515da8b a9709913e7954e99b7c414952bb2f094 - - default default] 10.0.0.160 "POST /v2.0/security-groups HTTP/1.1" status: 201 len: 1825 time: 0.2049267
2026-06-26 04:49:05.998 9 WARNING neutron_lib.context [None req-ddb4e59d-d2c3-4287-b0f4-6085a3942f30 f08f127a7fcb4f509e9aae200515da8b a9709913e7954e99b7c414952bb2f094 - - default default] Method 'is_advsvc' is deprecated since 2023.2 release (neutron-lib 3.8.0) and will be removed once support for the old RBAC API policies will be removed from Neutron. Please use method 'is_service_role' instead.
2026-06-26 04:49:06.122 9 INFO neutron.db.ovn_revision_numbers_db [None req-ddb4e59d-d2c3-4287-b0f4-6085a3942f30 f08f127a7fcb4f509e9aae200515da8b a9709913e7954e99b7c414952bb2f094 - - default default] Successfully bumped revision number for resource 7fa434d7-104b-4d8f-bd0f-88e687a09db8 (type: security_group_rules) to 0
2026-06-26 04:49:06.156 9 INFO neutron.api.wsgi [None req-ddb4e59d-d2c3-4287-b0f4-6085a3942f30 f08f127a7fcb4f509e9aae200515da8b a9709913e7954e99b7c414952bb2f094 - - default default] 10.0.0.160 "POST /v2.0/security-group-rules HTTP/1.1" status: 201 len: 800 time: 0.1645112
2026-06-26 04:49:06.175 9 INFO neutron.api.wsgi [None req-520981c0-ba50-4b47-b2b1-40a8a6af625d f08f127a7fcb4f509e9aae200515da8b a9709913e7954e99b7c414952bb2f094 - - default default] 10.0.0.160 "GET /v2.0/security-group-rules/7fa434d7-104b-4d8f-bd0f-88e687a09db8 HTTP/1.1" status: 200 len: 795 time: 0.0140762
2026-06-26 04:49:06.243 9 INFO neutron.api.wsgi [None req-bb98e0ee-0b37-41bb-b9fb-69cb17cf48c2 f08f127a7fcb4f509e9aae200515da8b a9709913e7954e99b7c414952bb2f094 - - default default] 10.0.0.160 "GET /v2.0/security-group-rules HTTP/1.1" status: 200 len: 4333 time: 0.0650411
2026-06-26 04:49:06.354 9 INFO neutron.api.wsgi [None req-e9054eb8-c49c-4f2e-9ce7-655f6e943e50 f08f127a7fcb4f509e9aae200515da8b a9709913e7954e99b7c414952bb2f094 - - default default] 10.0.0.160 "DELETE /v2.0/security-group-rules/7fa434d7-104b-4d8f-bd0f-88e687a09db8 HTTP/1.1" status: 204 len: 168 time: 0.1065757
2026-06-26 04:49:06.410 9 INFO neutron.api.wsgi [None req-2f1fc803-953a-4a52-adc3-4c39444e7960 f08f127a7fcb4f509e9aae200515da8b a9709913e7954e99b7c414952bb2f094 - - default default] 10.0.0.160 "GET /v2.0/security-group-rules HTTP/1.1" status: 200 len: 3755 time: 0.0508580
2026-06-26 04:49:06.419 9 WARNING neutron_lib.context [None req-4d2cd9c0-4381-48f8-bc2d-f87eb6094650 f08f127a7fcb4f509e9aae200515da8b a9709913e7954e99b7c414952bb2f094 - - default default] Method 'is_advsvc' is deprecated since 2023.2 release (neutron-lib 3.8.0) and will be removed once support for the old RBAC API policies will be removed from Neutron. Please use method 'is_service_role' instead.
