2026-06-26 04:47:53.709 10 INFO neutron.api.wsgi [None req-e4ec0161-a15f-4e7e-9c4f-0cf8e35f3af6 158b7729050a495984523bc1f87691ef 4568e1db581344cf85756397d929f73d - - default default] 10.0.0.213 "GET /v2.0/networks HTTP/1.1" status: 200 len: 5375 time: 0.0654924
2026-06-26 04:47:53.748 10 INFO neutron.api.wsgi [None req-001f519f-927e-48ae-9719-b67b1a80db42 158b7729050a495984523bc1f87691ef 4568e1db581344cf85756397d929f73d - - default default] 10.0.0.213 "GET /v2.0/subnets HTTP/1.1" status: 200 len: 4161 time: 0.0285897
2026-06-26 04:47:53.756 10 INFO neutron.api.wsgi [None req-2bdc3e92-d199-4fc9-b002-e46ef63bc4e5 158b7729050a495984523bc1f87691ef 4568e1db581344cf85756397d929f73d - - default default] 10.0.0.213 "GET /v2.0/subnetpools HTTP/1.1" status: 200 len: 193 time: 0.0061507
2026-06-26 04:47:53.763 10 WARNING neutron.scheduler.dhcp_agent_scheduler [None req-7190ed9a-7367-4ea6-a534-1434c13008f9 a30d09ef9ddc450da4b56bcf58e8572c fbc08716d5f04f12898728f9205cdf5b - - default default] No more DHCP agents
2026-06-26 04:47:53.764 10 WARNING neutron.api.rpc.agentnotifiers.dhcp_rpc_agent_api [None req-7190ed9a-7367-4ea6-a534-1434c13008f9 a30d09ef9ddc450da4b56bcf58e8572c fbc08716d5f04f12898728f9205cdf5b - - default default] Unable to schedule network 62d4d36f-49ca-4ea7-8935-506f81b1fddd: no agents available; will retry on subsequent port and subnet creation events.
2026-06-26 04:47:53.834 10 INFO neutron.api.wsgi [None req-b28abf64-f214-4133-be93-a665f194b363 158b7729050a495984523bc1f87691ef 4568e1db581344cf85756397d929f73d - - default default] 10.0.0.213 "GET /v2.0/ports HTTP/1.1" status: 200 len: 22682 time: 0.0768483
2026-06-26 04:47:53.907 9 INFO neutron.api.wsgi [req-2eaf3433-589b-4d24-8776-75c8a4379339 req-05b50774-5772-40a7-926a-bcb4d0bd8bd8 0e302c40e162484e87a40c51ead5d20b 8d913a222f4d467e808350c1468681ab - - default default] 199.204.45.115 "GET /v2.0/ports?device_id=e7ff360a-439e-4a98-b663-2045766179cf&device_owner=compute%3Anova&fixed_ips=ip_address%3D10.100.0.8 HTTP/1.1" status: 200 len: 1348 time: 0.0514231
2026-06-26 04:47:53.938 10 INFO neutron.api.wsgi [None req-2d350daf-6f82-4af5-ab4c-2f03bc8c6fe6 158b7729050a495984523bc1f87691ef 4568e1db581344cf85756397d929f73d - - default default] 10.0.0.213 "GET /v2.0/routers HTTP/1.1" status: 200 len: 3695 time: 0.0941076
2026-06-26 04:47:53.955 10 INFO neutron.api.wsgi [None req-7518fd1c-fce7-49fb-a04a-28d17b9276f9 158b7729050a495984523bc1f87691ef 4568e1db581344cf85756397d929f73d - - default default] 10.0.0.213 "GET /v2.0/agents?binary=ovn-controller HTTP/1.1" status: 200 len: 591 time: 0.0153687
2026-06-26 04:47:53.963 10 INFO neutron.api.wsgi [req-1fc0877c-3132-49d1-affc-a4261404ec28 req-f0714b37-e365-42ee-abf1-6eb67ac2a628 4f4f500443434a499cfc25dd4863f6c8 5d4013a0c6aa44f8bea5ffee262a9437 - - default default] 10.0.0.78 "GET /v2.0/ports?device_id=9091071d-f8aa-42b2-9bf4-74f30fee7b4a HTTP/1.1" status: 200 len: 1170 time: 0.1059172
2026-06-26 04:47:54.014 10 INFO neutron.api.wsgi [req-1fc0877c-3132-49d1-affc-a4261404ec28 req-0d9ce82b-35f1-452d-9267-d434e0efd7ba 4f4f500443434a499cfc25dd4863f6c8 5d4013a0c6aa44f8bea5ffee262a9437 - - default default] 10.0.0.78 "GET /v2.0/security-groups?id=43b48162-fb30-47f7-8569-cdc189ea2533&fields=id&fields=name HTTP/1.1" status: 200 len: 313 time: 0.0399613
2026-06-26 04:47:54.025 10 INFO neutron.db.ovn_revision_numbers_db [None req-7190ed9a-7367-4ea6-a534-1434c13008f9 a30d09ef9ddc450da4b56bcf58e8572c fbc08716d5f04f12898728f9205cdf5b - - default default] Successfully bumped revision number for resource 8c4a0bd1-3c65-49b7-a688-0e3d1bd64d3e (type: ports) to 1
2026-06-26 04:47:54.216 10 INFO neutron.api.wsgi [req-6aa27433-8a1d-4a93-9b23-9d1b759a8ab7 req-6748f1b2-7d15-43ac-bd2b-4036dd0b8679 268532af2a9040079e9bc8f1bbe6ea01 ddd202fca6a346e79361e85ed9be113d - - default default] 199.204.45.115 "GET /v2.0/networks?id=5979a2c9-a4fe-4da3-bd13-a5d5d7e05bca HTTP/1.1" status: 200 len: 869 time: 0.0685053
2026-06-26 04:47:54.269 10 INFO neutron.api.wsgi [req-7465aa55-ca90-46a9-869f-4b00829e532f req-fd7c73e8-e4b5-4efc-bb09-109b597404ce 268532af2a9040079e9bc8f1bbe6ea01 ddd202fca6a346e79361e85ed9be113d - - default default] 10.0.0.78 "GET /v2.0/ports?device_id=75a5b70f-0a2b-463d-846c-fd712a22148d HTTP/1.1" status: 200 len: 210 time: 0.0234632
2026-06-26 04:47:54.274 10 INFO neutron.api.wsgi [req-6aa27433-8a1d-4a93-9b23-9d1b759a8ab7 req-2760ddf2-9b03-4513-af5f-8932f33b8b8c 268532af2a9040079e9bc8f1bbe6ea01 ddd202fca6a346e79361e85ed9be113d - - default default] 199.204.45.115 "GET /v2.0/security-groups?fields=id&fields=name&tenant_id=ddd202fca6a346e79361e85ed9be113d HTTP/1.1" status: 200 len: 379 time: 0.0498102
2026-06-26 04:47:54.287 10 WARNING neutron_lib.context [req-6aa27433-8a1d-4a93-9b23-9d1b759a8ab7 req-1e834aae-45b1-407d-b1d7-4f99255d99a1 268532af2a9040079e9bc8f1bbe6ea01 ddd202fca6a346e79361e85ed9be113d - - default default] Method 'is_advsvc' is deprecated since 2023.2 release (neutron-lib 3.8.0) and will be removed once support for the old RBAC API policies will be removed from Neutron. Please use method 'is_service_role' instead.
2026-06-26 04:47:54.324 9 INFO neutron.db.ovn_revision_numbers_db [req-2eaf3433-589b-4d24-8776-75c8a4379339 req-0a3066f7-565b-43aa-b9dd-922d20513881 0e302c40e162484e87a40c51ead5d20b 8d913a222f4d467e808350c1468681ab - - default default] Successfully bumped revision number for resource dca3a286-9f4a-4a9a-a062-526cc39fcf1d (type: ports) to 7
2026-06-26 04:47:54.342 9 INFO neutron.api.wsgi [req-2eaf3433-589b-4d24-8776-75c8a4379339 req-0a3066f7-565b-43aa-b9dd-922d20513881 0e302c40e162484e87a40c51ead5d20b 8d913a222f4d467e808350c1468681ab - - default default] 199.204.45.115 "PUT /v2.0/ports/dca3a286-9f4a-4a9a-a062-526cc39fcf1d HTTP/1.1" status: 200 len: 1167 time: 0.4299006
2026-06-26 04:47:54.378 9 INFO neutron.notifiers.nova [-] Nova event matching ['req-ed080bd7-28bd-4c64-b26a-ab236ae4488a'] response: {'name': 'network-changed', 'server_uuid': 'e7ff360a-439e-4a98-b663-2045766179cf', 'tag': 'dca3a286-9f4a-4a9a-a062-526cc39fcf1d', 'status': 'completed', 'code': 200}
2026-06-26 04:47:54.610 10 INFO neutron.db.ovn_revision_numbers_db [None req-7190ed9a-7367-4ea6-a534-1434c13008f9 a30d09ef9ddc450da4b56bcf58e8572c fbc08716d5f04f12898728f9205cdf5b - - default default] Successfully bumped revision number for resource 8c4a0bd1-3c65-49b7-a688-0e3d1bd64d3e (type: ports) to 1
2026-06-26 04:47:54.623 10 WARNING neutron.scheduler.dhcp_agent_scheduler [req-6aa27433-8a1d-4a93-9b23-9d1b759a8ab7 req-1e834aae-45b1-407d-b1d7-4f99255d99a1 268532af2a9040079e9bc8f1bbe6ea01 ddd202fca6a346e79361e85ed9be113d - - default default] No more DHCP agents
2026-06-26 04:47:54.625 10 WARNING neutron.api.rpc.agentnotifiers.dhcp_rpc_agent_api [req-6aa27433-8a1d-4a93-9b23-9d1b759a8ab7 req-1e834aae-45b1-407d-b1d7-4f99255d99a1 268532af2a9040079e9bc8f1bbe6ea01 ddd202fca6a346e79361e85ed9be113d - - default default] Unable to schedule network 5979a2c9-a4fe-4da3-bd13-a5d5d7e05bca: no agents available; will retry on subsequent port and subnet creation events.
2026-06-26 04:47:54.662 10 WARNING neutron.scheduler.dhcp_agent_scheduler [None req-7190ed9a-7367-4ea6-a534-1434c13008f9 a30d09ef9ddc450da4b56bcf58e8572c fbc08716d5f04f12898728f9205cdf5b - - default default] No more DHCP agents
2026-06-26 04:47:54.663 10 WARNING neutron.api.rpc.agentnotifiers.dhcp_rpc_agent_api [None req-7190ed9a-7367-4ea6-a534-1434c13008f9 a30d09ef9ddc450da4b56bcf58e8572c fbc08716d5f04f12898728f9205cdf5b - - default default] Unable to schedule network 62d4d36f-49ca-4ea7-8935-506f81b1fddd: no agents available; will retry on subsequent port and subnet creation events.
2026-06-26 04:47:54.771 10 INFO neutron.db.ovn_revision_numbers_db [req-6aa27433-8a1d-4a93-9b23-9d1b759a8ab7 req-1e834aae-45b1-407d-b1d7-4f99255d99a1 268532af2a9040079e9bc8f1bbe6ea01 ddd202fca6a346e79361e85ed9be113d - - default default] Successfully bumped revision number for resource 5efcd070-b95b-4a31-af6a-e1e5a6befa47 (type: ports) to 1
2026-06-26 04:47:54.795 10 INFO neutron.api.wsgi [req-6aa27433-8a1d-4a93-9b23-9d1b759a8ab7 req-1e834aae-45b1-407d-b1d7-4f99255d99a1 268532af2a9040079e9bc8f1bbe6ea01 ddd202fca6a346e79361e85ed9be113d - - default default] 199.204.45.115 "POST /v2.0/ports HTTP/1.1" status: 201 len: 1158 time: 0.5130534 /var/lib/openstack/lib/python3.12/site-packages/pycadf/identifier.py:71: UserWarning: Invalid uuid: neutron. To ensure interoperability, identifiers should be a valid uuid. warnings.warn(('Invalid uuid: %s. To ensure interoperability, ' /var/lib/openstack/lib/python3.12/site-packages/pycadf/identifier.py:71: UserWarning: Invalid uuid: neutron. To ensure interoperability, identifiers should be a valid uuid. warnings.warn(('Invalid uuid: %s. To ensure interoperability, '
2026-06-26 04:47:54.861 10 INFO neutron.db.ovn_revision_numbers_db [None req-7190ed9a-7367-4ea6-a534-1434c13008f9 a30d09ef9ddc450da4b56bcf58e8572c fbc08716d5f04f12898728f9205cdf5b - - default default] Successfully bumped revision number for resource 8c4a0bd1-3c65-49b7-a688-0e3d1bd64d3e (type: router_ports) to 1
2026-06-26 04:47:54.865 10 INFO neutron.api.wsgi [None req-7190ed9a-7367-4ea6-a534-1434c13008f9 a30d09ef9ddc450da4b56bcf58e8572c fbc08716d5f04f12898728f9205cdf5b - - default default] 10.0.0.160 "PUT /v2.0/routers/74983bb5-6b55-4727-8297-72ede3697cbf/add_router_interface HTTP/1.1" status: 200 len: 503 time: 1.6170106
2026-06-26 04:47:54.867 10 WARNING neutron.plugins.ml2.drivers.ovn.mech_driver.ovsdb.ovn_client [None req-9b7a3421-13c0-48cb-9b81-606ce0e86ec8 - - - - - -] No port found with ID 8ed10591-9398-4c02-a430-2ed359179c3b: RuntimeError: No port found with ID 8ed10591-9398-4c02-a430-2ed359179c3b
2026-06-26 04:47:54.891 9 INFO neutron.api.wsgi [req-2eaf3433-589b-4d24-8776-75c8a4379339 req-eb4f85b1-4764-435a-9690-1741fd731c6d c20f319dc3984ebba267d56c940622e0 63cdc91da5f546ba891e6589aa3bc125 - - 8963cce63f5c42bc8c9d87b82fbe7c54 8963cce63f5c42bc8c9d87b82fbe7c54] 199.204.45.115 "GET /v2.0/ports?tenant_id=8d913a222f4d467e808350c1468681ab&device_id=e7ff360a-439e-4a98-b663-2045766179cf HTTP/1.1" status: 200 len: 1409 time: 0.0386074
2026-06-26 04:47:54.952 9 INFO neutron.api.wsgi [req-2eaf3433-589b-4d24-8776-75c8a4379339 req-ca458258-0d07-403b-b7c2-234471c4a9fe c20f319dc3984ebba267d56c940622e0 63cdc91da5f546ba891e6589aa3bc125 - - 8963cce63f5c42bc8c9d87b82fbe7c54 8963cce63f5c42bc8c9d87b82fbe7c54] 199.204.45.115 "GET /v2.0/networks?id=c59d8667-0db5-46c5-9806-9e63542707c2 HTTP/1.1" status: 200 len: 981 time: 0.0550275
2026-06-26 04:47:54.956 9 INFO neutron.api.wsgi [None req-a5ad5426-f557-445d-9404-e96b350d44a0 a30d09ef9ddc450da4b56bcf58e8572c fbc08716d5f04f12898728f9205cdf5b - - default default] 10.0.0.160 "GET /v2.0/ports/8c4a0bd1-3c65-49b7-a688-0e3d1bd64d3e HTTP/1.1" status: 200 len: 1135 time: 0.0858343
2026-06-26 04:47:55.003 9 INFO neutron.api.wsgi [req-2eaf3433-589b-4d24-8776-75c8a4379339 req-6ac1da50-db37-4b78-9918-9e37fab5e99d c20f319dc3984ebba267d56c940622e0 63cdc91da5f546ba891e6589aa3bc125 - - 8963cce63f5c42bc8c9d87b82fbe7c54 8963cce63f5c42bc8c9d87b82fbe7c54] 199.204.45.115 "GET /v2.0/floatingips?fixed_ip_address=10.100.0.6&port_id=dca3a286-9f4a-4a9a-a062-526cc39fcf1d HTTP/1.1" status: 200 len: 1059 time: 0.0455654
2026-06-26 04:47:55.008 10 INFO neutron.api.wsgi [None req-115a0fad-4f84-4703-994c-5e93de30f626 a30d09ef9ddc450da4b56bcf58e8572c fbc08716d5f04f12898728f9205cdf5b - - default default] 10.0.0.160 "GET /v2.0/ports/8c4a0bd1-3c65-49b7-a688-0e3d1bd64d3e HTTP/1.1" status: 200 len: 1135 time: 0.0453727
2026-06-26 04:47:55.035 9 INFO neutron.api.wsgi [req-2eaf3433-589b-4d24-8776-75c8a4379339 req-824b95b0-fc68-4d3c-bd13-e5e89357ec67 c20f319dc3984ebba267d56c940622e0 63cdc91da5f546ba891e6589aa3bc125 - - 8963cce63f5c42bc8c9d87b82fbe7c54 8963cce63f5c42bc8c9d87b82fbe7c54] 199.204.45.115 "GET /v2.0/subnets?id=fd700a8e-5603-40ce-bdf7-07bcf0ac04a5 HTTP/1.1" status: 200 len: 900 time: 0.0268860
2026-06-26 04:47:55.059 9 INFO neutron.api.wsgi [req-2eaf3433-589b-4d24-8776-75c8a4379339 req-6193e8eb-161c-4ea6-9ea4-f48509087830 c20f319dc3984ebba267d56c940622e0 63cdc91da5f546ba891e6589aa3bc125 - - 8963cce63f5c42bc8c9d87b82fbe7c54 8963cce63f5c42bc8c9d87b82fbe7c54] 199.204.45.115 "GET /v2.0/ports?network_id=c59d8667-0db5-46c5-9806-9e63542707c2&device_owner=network%3Adhcp HTTP/1.1" status: 200 len: 210 time: 0.0156395
2026-06-26 04:47:55.127 10 INFO neutron.api.wsgi [req-a05d43ef-791f-43a3-9985-4fc055ba0996 req-3d6a6cb3-eb7b-4fa6-a1bd-eb74dba7cd13 4f4f500443434a499cfc25dd4863f6c8 5d4013a0c6aa44f8bea5ffee262a9437 - - default default] 10.0.0.78 "GET /v2.0/ports?device_id=9091071d-f8aa-42b2-9bf4-74f30fee7b4a HTTP/1.1" status: 200 len: 1170 time: 0.0495317 /var/lib/openstack/lib/python3.12/site-packages/pycadf/identifier.py:71: UserWarning: Invalid uuid: neutron. To ensure interoperability, identifiers should be a valid uuid. warnings.warn(('Invalid uuid: %s. To ensure interoperability, '
2026-06-26 04:47:55.150 9 INFO neutron.api.wsgi [req-2eaf3433-589b-4d24-8776-75c8a4379339 req-1deb6d9d-4321-45bb-b315-86696665ff35 c20f319dc3984ebba267d56c940622e0 63cdc91da5f546ba891e6589aa3bc125 - - 8963cce63f5c42bc8c9d87b82fbe7c54 8963cce63f5c42bc8c9d87b82fbe7c54] 199.204.45.115 "GET /v2.0/networks/c59d8667-0db5-46c5-9806-9e63542707c2?fields=segments HTTP/1.1" status: 200 len: 212 time: 0.0834837
2026-06-26 04:47:55.181 10 INFO neutron.api.wsgi [req-a05d43ef-791f-43a3-9985-4fc055ba0996 req-d2ea4fe2-4e42-479b-9634-a61617ba7c39 4f4f500443434a499cfc25dd4863f6c8 5d4013a0c6aa44f8bea5ffee262a9437 - - default default] 10.0.0.78 "GET /v2.0/security-groups?id=43b48162-fb30-47f7-8569-cdc189ea2533&fields=id&fields=name HTTP/1.1" status: 200 len: 313 time: 0.0497296
2026-06-26 04:47:55.222 9 INFO neutron.api.wsgi [req-2eaf3433-589b-4d24-8776-75c8a4379339 req-94ef95b4-f40f-4948-8960-4122afdb8813 c20f319dc3984ebba267d56c940622e0 63cdc91da5f546ba891e6589aa3bc125 - - 8963cce63f5c42bc8c9d87b82fbe7c54 8963cce63f5c42bc8c9d87b82fbe7c54] 199.204.45.115 "GET /v2.0/networks/c59d8667-0db5-46c5-9806-9e63542707c2?fields=provider%3Aphysical_network&fields=provider%3Anetwork_type HTTP/1.1" status: 200 len: 277 time: 0.0600438
2026-06-26 04:47:55.284 10 INFO neutron.db.ovn_revision_numbers_db [req-6aa27433-8a1d-4a93-9b23-9d1b759a8ab7 req-b2bad79a-db55-40b0-86d1-e496e04c8627 c20f319dc3984ebba267d56c940622e0 63cdc91da5f546ba891e6589aa3bc125 - - 8963cce63f5c42bc8c9d87b82fbe7c54 8963cce63f5c42bc8c9d87b82fbe7c54] Successfully bumped revision number for resource 5efcd070-b95b-4a31-af6a-e1e5a6befa47 (type: ports) to 2
2026-06-26 04:47:55.416 10 INFO neutron.api.wsgi [req-d7e55d2f-b3a8-4784-bc77-264bb874d15e req-7e85473a-a9fa-45a1-b081-a60dafdaf871 268532af2a9040079e9bc8f1bbe6ea01 ddd202fca6a346e79361e85ed9be113d - - default default] 10.0.0.78 "GET /v2.0/ports?device_id=75a5b70f-0a2b-463d-846c-fd712a22148d HTTP/1.1" status: 200 len: 1168 time: 0.0806141 /var/lib/openstack/lib/python3.12/site-packages/pycadf/identifier.py:71: UserWarning: Invalid uuid: neutron. To ensure interoperability, identifiers should be a valid uuid. warnings.warn(('Invalid uuid: %s. To ensure interoperability, '
2026-06-26 04:47:55.468 10 INFO neutron.api.wsgi [req-d7e55d2f-b3a8-4784-bc77-264bb874d15e req-9f9a920d-668a-43b4-a61e-426777835200 268532af2a9040079e9bc8f1bbe6ea01 ddd202fca6a346e79361e85ed9be113d - - default default] 10.0.0.78 "GET /v2.0/security-groups?id=50386ef1-7d38-40ad-b11c-a86ad2ca97a7&fields=id&fields=name HTTP/1.1" status: 200 len: 312 time: 0.0443721
2026-06-26 04:47:55.515 10 INFO neutron.db.ovn_revision_numbers_db [req-6aa27433-8a1d-4a93-9b23-9d1b759a8ab7 req-b2bad79a-db55-40b0-86d1-e496e04c8627 c20f319dc3984ebba267d56c940622e0 63cdc91da5f546ba891e6589aa3bc125 - - 8963cce63f5c42bc8c9d87b82fbe7c54 8963cce63f5c42bc8c9d87b82fbe7c54] Successfully bumped revision number for resource 5efcd070-b95b-4a31-af6a-e1e5a6befa47 (type: ports) to 4
2026-06-26 04:47:55.531 10 INFO neutron.api.wsgi [req-6aa27433-8a1d-4a93-9b23-9d1b759a8ab7 req-b2bad79a-db55-40b0-86d1-e496e04c8627 c20f319dc3984ebba267d56c940622e0 63cdc91da5f546ba891e6589aa3bc125 - - 8963cce63f5c42bc8c9d87b82fbe7c54 8963cce63f5c42bc8c9d87b82fbe7c54] 199.204.45.115 "PUT /v2.0/ports/5efcd070-b95b-4a31-af6a-e1e5a6befa47 HTTP/1.1" status: 200 len: 1404 time: 0.7242362
2026-06-26 04:47:55.571 10 INFO neutron.notifiers.nova [-] Nova event matching ['req-097f5638-f2d2-4a41-bcb2-92052f0e9da0'] response: {'name': 'network-changed', 'server_uuid': '75a5b70f-0a2b-463d-846c-fd712a22148d', 'tag': '5efcd070-b95b-4a31-af6a-e1e5a6befa47', 'status': 'completed', 'code': 200}
2026-06-26 04:47:56.051 9 INFO neutron.api.wsgi [None req-2279ada1-862b-418a-890b-a3a491c69a21 a30d09ef9ddc450da4b56bcf58e8572c fbc08716d5f04f12898728f9205cdf5b - - default default] 10.0.0.160 "GET /v2.0/ports/8c4a0bd1-3c65-49b7-a688-0e3d1bd64d3e HTTP/1.1" status: 200 len: 1135 time: 0.0380085
2026-06-26 04:47:56.113 10 INFO neutron.api.wsgi [req-206adf59-20e6-4ff3-a307-57936084f818 req-cbbbd170-6830-4f33-84c1-692be0eea9fc c20f319dc3984ebba267d56c940622e0 63cdc91da5f546ba891e6589aa3bc125 - - 8963cce63f5c42bc8c9d87b82fbe7c54 8963cce63f5c42bc8c9d87b82fbe7c54] 199.204.45.115 "GET /v2.0/ports?tenant_id=ddd202fca6a346e79361e85ed9be113d&device_id=75a5b70f-0a2b-463d-846c-fd712a22148d HTTP/1.1" status: 200 len: 1407 time: 0.0337424
2026-06-26 04:47:56.173 10 INFO neutron.api.wsgi [req-206adf59-20e6-4ff3-a307-57936084f818 req-98135a8a-229f-4d5d-b964-d1a5f10776c8 c20f319dc3984ebba267d56c940622e0 63cdc91da5f546ba891e6589aa3bc125 - - 8963cce63f5c42bc8c9d87b82fbe7c54 8963cce63f5c42bc8c9d87b82fbe7c54] 199.204.45.115 "GET /v2.0/networks?tenant_id=ddd202fca6a346e79361e85ed9be113d&shared=False HTTP/1.1" status: 200 len: 968 time: 0.0553026
2026-06-26 04:47:56.240 10 INFO neutron.api.wsgi [req-206adf59-20e6-4ff3-a307-57936084f818 req-75012eff-65e2-4514-95ce-05ee05033af2 c20f319dc3984ebba267d56c940622e0 63cdc91da5f546ba891e6589aa3bc125 - - 8963cce63f5c42bc8c9d87b82fbe7c54 8963cce63f5c42bc8c9d87b82fbe7c54] 199.204.45.115 "GET /v2.0/networks?shared=True HTTP/1.1" status: 200 len: 952 time: 0.0538008
2026-06-26 04:47:56.273 9 INFO neutron.api.wsgi [req-56d8d771-9438-4502-9bba-1603aa7f8c8d req-048f9e97-3e1a-40fe-baf4-fbe0bd85f6c9 c20f319dc3984ebba267d56c940622e0 63cdc91da5f546ba891e6589aa3bc125 - - 8963cce63f5c42bc8c9d87b82fbe7c54 8963cce63f5c42bc8c9d87b82fbe7c54] 199.204.45.115 "GET /v2.0/ports?tenant_id=8d913a222f4d467e808350c1468681ab&device_id=e7ff360a-439e-4a98-b663-2045766179cf HTTP/1.1" status: 200 len: 1409 time: 0.0286179
2026-06-26 04:47:56.311 9 INFO neutron.api.wsgi [req-56d8d771-9438-4502-9bba-1603aa7f8c8d req-197a1522-2632-4eb6-b1af-39cd9288510f c20f319dc3984ebba267d56c940622e0 63cdc91da5f546ba891e6589aa3bc125 - - 8963cce63f5c42bc8c9d87b82fbe7c54 8963cce63f5c42bc8c9d87b82fbe7c54] 199.204.45.115 "GET /v2.0/networks?id=c59d8667-0db5-46c5-9806-9e63542707c2 HTTP/1.1" status: 200 len: 981 time: 0.0338249
2026-06-26 04:47:56.353 9 INFO neutron.api.wsgi [req-56d8d771-9438-4502-9bba-1603aa7f8c8d req-1c65959c-8f01-44cf-b9be-d8248b108a57 c20f319dc3984ebba267d56c940622e0 63cdc91da5f546ba891e6589aa3bc125 - - 8963cce63f5c42bc8c9d87b82fbe7c54 8963cce63f5c42bc8c9d87b82fbe7c54] 199.204.45.115 "GET /v2.0/floatingips?fixed_ip_address=10.100.0.6&port_id=dca3a286-9f4a-4a9a-a062-526cc39fcf1d HTTP/1.1" status: 200 len: 1059 time: 0.0334079
2026-06-26 04:47:56.395 9 WARNING neutron.plugins.ml2.drivers.ovn.mech_driver.ovsdb.ovn_client [None req-a4d4a77d-11b3-4a19-bc22-b13921155f08 - - - - - -] No hosting information found for port d22d2301-3670-42cd-b9f7-68034ee4cef4: RuntimeError: No hosting information found for port d22d2301-3670-42cd-b9f7-68034ee4cef4
2026-06-26 04:47:56.408 9 INFO neutron.api.wsgi [req-56d8d771-9438-4502-9bba-1603aa7f8c8d req-3dee1b14-3cc4-48db-86d6-d7b962385927 c20f319dc3984ebba267d56c940622e0 63cdc91da5f546ba891e6589aa3bc125 - - 8963cce63f5c42bc8c9d87b82fbe7c54 8963cce63f5c42bc8c9d87b82fbe7c54] 199.204.45.115 "GET /v2.0/subnets?id=fd700a8e-5603-40ce-bdf7-07bcf0ac04a5 HTTP/1.1" status: 200 len: 900 time: 0.0347409
2026-06-26 04:47:56.431 9 INFO neutron.api.wsgi [req-56d8d771-9438-4502-9bba-1603aa7f8c8d req-69aeea5e-6052-49c0-bc1b-6c0a0c0301d0 c20f319dc3984ebba267d56c940622e0 63cdc91da5f546ba891e6589aa3bc125 - - 8963cce63f5c42bc8c9d87b82fbe7c54 8963cce63f5c42bc8c9d87b82fbe7c54] 199.204.45.115 "GET /v2.0/ports?network_id=c59d8667-0db5-46c5-9806-9e63542707c2&device_owner=network%3Adhcp HTTP/1.1" status: 200 len: 210 time: 0.0172660
2026-06-26 04:47:56.486 9 INFO neutron.db.ovn_revision_numbers_db [None req-a4d4a77d-11b3-4a19-bc22-b13921155f08 - - - - - -] Successfully bumped revision number for resource d22d2301-3670-42cd-b9f7-68034ee4cef4 (type: router_ports) to 2
2026-06-26 04:47:56.490 9 INFO neutron.api.wsgi [req-56d8d771-9438-4502-9bba-1603aa7f8c8d req-02f3ede3-8cb7-4405-903d-2ac9352276b4 c20f319dc3984ebba267d56c940622e0 63cdc91da5f546ba891e6589aa3bc125 - - 8963cce63f5c42bc8c9d87b82fbe7c54 8963cce63f5c42bc8c9d87b82fbe7c54] 199.204.45.115 "GET /v2.0/networks/c59d8667-0db5-46c5-9806-9e63542707c2?fields=segments HTTP/1.1" status: 200 len: 212 time: 0.0476031
2026-06-26 04:47:56.500 10 INFO neutron.api.wsgi [req-7091446e-1f98-40f2-9067-9e197e513c40 req-f453bdec-be95-4bd7-af7d-9226f292d3df 0e302c40e162484e87a40c51ead5d20b 8d913a222f4d467e808350c1468681ab - - default default] 10.0.0.78 "GET /v2.0/ports?device_id=e7ff360a-439e-4a98-b663-2045766179cf HTTP/1.1" status: 200 len: 1170 time: 0.0973065
2026-06-26 04:47:56.504 10 INFO neutron.api.wsgi [req-75fefc27-1f18-42b4-94d7-a88c99fa7515 req-65fb6255-1364-4909-89b4-1d4b41d6ab0b 4f4f500443434a499cfc25dd4863f6c8 5d4013a0c6aa44f8bea5ffee262a9437 - - default default] 10.0.0.78 "GET /v2.0/ports?device_id=9091071d-f8aa-42b2-9bf4-74f30fee7b4a HTTP/1.1" status: 200 len: 1170 time: 0.0456858
2026-06-26 04:47:56.528 9 INFO neutron.plugins.ml2.drivers.ovn.mech_driver.mech_driver [None req-a4d4a77d-11b3-4a19-bc22-b13921155f08 - - - - - -] OVN reports status down for port: 9f5e5ecc-210a-436c-8eb4-195da9ad68b8
2026-06-26 04:47:56.539 9 INFO neutron.api.wsgi [req-56d8d771-9438-4502-9bba-1603aa7f8c8d req-342ab41c-78c6-4fb0-b7c7-5b4d1e5e4927 c20f319dc3984ebba267d56c940622e0 63cdc91da5f546ba891e6589aa3bc125 - - 8963cce63f5c42bc8c9d87b82fbe7c54 8963cce63f5c42bc8c9d87b82fbe7c54] 199.204.45.115 "GET /v2.0/networks/c59d8667-0db5-46c5-9806-9e63542707c2?fields=provider%3Aphysical_network&fields=provider%3Anetwork_type HTTP/1.1" status: 200 len: 277 time: 0.0438063
2026-06-26 04:47:56.747 9 INFO neutron.db.ovn_revision_numbers_db [None req-a4d4a77d-11b3-4a19-bc22-b13921155f08 - - - - - -] Successfully bumped revision number for resource 9f5e5ecc-210a-436c-8eb4-195da9ad68b8 (type: ports) to 6
2026-06-26 04:47:56.771 10 INFO neutron.api.wsgi [req-7091446e-1f98-40f2-9067-9e197e513c40 req-7ca2b4aa-2467-4d9d-9a29-df5033b8b6aa 0e302c40e162484e87a40c51ead5d20b 8d913a222f4d467e808350c1468681ab - - default default] 10.0.0.78 "GET /v2.0/security-groups?id=93c84dcb-7089-4fa5-8081-3d2b13e4c49d&fields=id&fields=name HTTP/1.1" status: 200 len: 312 time: 0.2637732
2026-06-26 04:47:56.776 10 INFO neutron.api.wsgi [req-75fefc27-1f18-42b4-94d7-a88c99fa7515 req-405c0dda-bf39-4ee6-90f3-bd6beef51d6e 4f4f500443434a499cfc25dd4863f6c8 5d4013a0c6aa44f8bea5ffee262a9437 - - default default] 10.0.0.78 "GET /v2.0/security-groups?id=43b48162-fb30-47f7-8569-cdc189ea2533&fields=id&fields=name HTTP/1.1" status: 200 len: 313 time: 0.2637129
2026-06-26 04:47:56.800 9 WARNING neutron.plugins.ml2.drivers.ovn.mech_driver.ovsdb.ovn_client [None req-e67c0c25-292e-4149-8dd3-b149ab51b575 - - - - - -] Logical_Switch_Port %s host information not removed, the port state is up
2026-06-26 04:47:56.800 9 INFO neutron.plugins.ml2.drivers.ovn.mech_driver.mech_driver [None req-e67c0c25-292e-4149-8dd3-b149ab51b575 - - - - - -] OVN reports status up for port: 8c4a0bd1-3c65-49b7-a688-0e3d1bd64d3e
2026-06-26 04:47:56.803 9 INFO neutron.notifiers.nova [-] Nova event matching ['req-db6fdc06-7788-436f-bb2e-710604841375'] response: {'server_uuid': '9091071d-f8aa-42b2-9bf4-74f30fee7b4a', 'name': 'network-vif-unplugged', 'status': 'completed', 'tag': '9f5e5ecc-210a-436c-8eb4-195da9ad68b8', 'code': 200}
2026-06-26 04:47:56.810 9 INFO neutron.api.wsgi [req-6aa27433-8a1d-4a93-9b23-9d1b759a8ab7 req-e895c034-6cc2-4039-ad99-d0ad4542ae1b c20f319dc3984ebba267d56c940622e0 63cdc91da5f546ba891e6589aa3bc125 - - 8963cce63f5c42bc8c9d87b82fbe7c54 8963cce63f5c42bc8c9d87b82fbe7c54] 199.204.45.115 "GET /v2.0/ports?tenant_id=ddd202fca6a346e79361e85ed9be113d&device_id=75a5b70f-0a2b-463d-846c-fd712a22148d HTTP/1.1" status: 200 len: 1407 time: 0.0367951
2026-06-26 04:47:56.810 9 INFO neutron.plugins.ml2.plugin [None req-e67c0c25-292e-4149-8dd3-b149ab51b575 - - - - - -] Attempt 1 to provision port 8c4a0bd1-3c65-49b7-a688-0e3d1bd64d3e /var/lib/openstack/lib/python3.12/site-packages/pycadf/identifier.py:71: UserWarning: Invalid uuid: neutron. To ensure interoperability, identifiers should be a valid uuid. warnings.warn(('Invalid uuid: %s. To ensure interoperability, '
2026-06-26 04:47:56.837 9 INFO neutron.api.wsgi [req-6aa27433-8a1d-4a93-9b23-9d1b759a8ab7 req-2e402893-1ac5-4bae-9d0e-846de36b4dd3 c20f319dc3984ebba267d56c940622e0 63cdc91da5f546ba891e6589aa3bc125 - - 8963cce63f5c42bc8c9d87b82fbe7c54 8963cce63f5c42bc8c9d87b82fbe7c54] 199.204.45.115 "GET /v2.0/floatingips?fixed_ip_address=10.100.0.5&port_id=5efcd070-b95b-4a31-af6a-e1e5a6befa47 HTTP/1.1" status: 200 len: 217 time: 0.0196867
2026-06-26 04:47:56.877 10 INFO neutron.api.wsgi [req-8b107d5c-541e-4098-a31f-d19742aa257a req-3490a523-b92c-4ca3-8e78-e40030fa9d5d 268532af2a9040079e9bc8f1bbe6ea01 ddd202fca6a346e79361e85ed9be113d - - default default] 10.0.0.78 "GET /v2.0/ports?device_id=75a5b70f-0a2b-463d-846c-fd712a22148d HTTP/1.1" status: 200 len: 1168 time: 0.0394940
2026-06-26 04:47:56.878 9 INFO neutron.api.wsgi [req-6aa27433-8a1d-4a93-9b23-9d1b759a8ab7 req-250b386a-5e91-47d5-bbeb-a11bf06504a4 c20f319dc3984ebba267d56c940622e0 63cdc91da5f546ba891e6589aa3bc125 - - 8963cce63f5c42bc8c9d87b82fbe7c54 8963cce63f5c42bc8c9d87b82fbe7c54] 199.204.45.115 "GET /v2.0/subnets?id=967bc9a7-fd89-4f53-a566-c0cef0e46851 HTTP/1.1" status: 200 len: 887 time: 0.0368445
2026-06-26 04:47:56.904 9 INFO neutron.api.wsgi [req-6aa27433-8a1d-4a93-9b23-9d1b759a8ab7 req-dd81bf9b-3fac-4671-b5dd-dd3831154e6e c20f319dc3984ebba267d56c940622e0 63cdc91da5f546ba891e6589aa3bc125 - - 8963cce63f5c42bc8c9d87b82fbe7c54 8963cce63f5c42bc8c9d87b82fbe7c54] 199.204.45.115 "GET /v2.0/ports?network_id=5979a2c9-a4fe-4da3-bd13-a5d5d7e05bca&device_owner=network%3Adhcp HTTP/1.1" status: 200 len: 210 time: 0.0194974
2026-06-26 04:47:56.926 10 INFO neutron.api.wsgi [req-8b107d5c-541e-4098-a31f-d19742aa257a req-65bc8830-a61e-4bc2-9f97-943b6c89a554 268532af2a9040079e9bc8f1bbe6ea01 ddd202fca6a346e79361e85ed9be113d - - default default] 10.0.0.78 "GET /v2.0/security-groups?id=50386ef1-7d38-40ad-b11c-a86ad2ca97a7&fields=id&fields=name HTTP/1.1" status: 200 len: 312 time: 0.0379038
2026-06-26 04:47:56.953 10 INFO neutron.plugins.ml2.drivers.ovn.mech_driver.mech_driver [None req-9b7a3421-13c0-48cb-9b81-606ce0e86ec8 - - - - - -] OVN reports status down for port: dca3a286-9f4a-4a9a-a062-526cc39fcf1d
2026-06-26 04:47:56.990 9 INFO neutron.api.wsgi [req-6aa27433-8a1d-4a93-9b23-9d1b759a8ab7 req-48a9b275-a503-4b62-9308-28d4b52a485a c20f319dc3984ebba267d56c940622e0 63cdc91da5f546ba891e6589aa3bc125 - - 8963cce63f5c42bc8c9d87b82fbe7c54 8963cce63f5c42bc8c9d87b82fbe7c54] 199.204.45.115 "GET /v2.0/networks/5979a2c9-a4fe-4da3-bd13-a5d5d7e05bca?fields=segments HTTP/1.1" status: 200 len: 212 time: 0.0738769
2026-06-26 04:47:57.046 9 INFO neutron.api.wsgi [req-6aa27433-8a1d-4a93-9b23-9d1b759a8ab7 req-6ac4126b-9cea-48d3-88b8-e4ff3a89f9c1 c20f319dc3984ebba267d56c940622e0 63cdc91da5f546ba891e6589aa3bc125 - - 8963cce63f5c42bc8c9d87b82fbe7c54 8963cce63f5c42bc8c9d87b82fbe7c54] 199.204.45.115 "GET /v2.0/networks/5979a2c9-a4fe-4da3-bd13-a5d5d7e05bca?fields=provider%3Aphysical_network&fields=provider%3Anetwork_type HTTP/1.1" status: 200 len: 277 time: 0.0512736
2026-06-26 04:47:57.097 9 INFO neutron.api.wsgi [None req-e642af7a-a2cc-4f61-ac8a-a252eb613063 a30d09ef9ddc450da4b56bcf58e8572c fbc08716d5f04f12898728f9205cdf5b - - default default] 10.0.0.160 "GET /v2.0/ports/8c4a0bd1-3c65-49b7-a688-0e3d1bd64d3e HTTP/1.1" status: 200 len: 1137 time: 0.0388014
2026-06-26 04:47:57.257 9 INFO neutron.db.ovn_revision_numbers_db [None req-e67c0c25-292e-4149-8dd3-b149ab51b575 - - - - - -] Successfully bumped revision number for resource 8c4a0bd1-3c65-49b7-a688-0e3d1bd64d3e (type: ports) to 2
2026-06-26 04:47:57.281 10 INFO neutron.db.ovn_revision_numbers_db [None req-9b7a3421-13c0-48cb-9b81-606ce0e86ec8 - - - - - -] Successfully bumped revision number for resource dca3a286-9f4a-4a9a-a062-526cc39fcf1d (type: ports) to 8
2026-06-26 04:47:57.601 10 INFO neutron.notifiers.nova [-] Nova event matching ['req-57e0533c-3c25-4137-a2f5-e4cbee2808a5'] response: {'server_uuid': 'e7ff360a-439e-4a98-b663-2045766179cf', 'name': 'network-vif-unplugged', 'status': 'completed', 'tag': 'dca3a286-9f4a-4a9a-a062-526cc39fcf1d', 'code': 200}
2026-06-26 04:47:57.602 10 INFO neutron.notifiers.nova [-] Nova event matching ['req-57e0533c-3c25-4137-a2f5-e4cbee2808a5'] response: {'server_uuid': 'e7ff360a-439e-4a98-b663-2045766179cf', 'name': 'network-vif-unplugged', 'status': 'completed', 'tag': 'dca3a286-9f4a-4a9a-a062-526cc39fcf1d', 'code': 200}
2026-06-26 04:47:57.712 10 INFO neutron.api.wsgi [None req-dd71da67-0a75-4a38-b3d9-f0f4b626756e a30d09ef9ddc450da4b56bcf58e8572c fbc08716d5f04f12898728f9205cdf5b - - default default] 10.0.0.160 "PUT /v2.0/routers/74983bb5-6b55-4727-8297-72ede3697cbf/remove_router_interface HTTP/1.1" status: 200 len: 503 time: 0.6087162 /var/lib/openstack/lib/python3.12/site-packages/pycadf/identifier.py:71: UserWarning: Invalid uuid: neutron. To ensure interoperability, identifiers should be a valid uuid. warnings.warn(('Invalid uuid: %s. To ensure interoperability, '
2026-06-26 04:47:57.733 10 INFO neutron.api.wsgi [None req-a5e2b13d-5c13-4345-a023-49370eb358c4 a30d09ef9ddc450da4b56bcf58e8572c fbc08716d5f04f12898728f9205cdf5b - - default default] 10.0.0.160 "GET /v2.0/ports?device_id=74983bb5-6b55-4727-8297-72ede3697cbf HTTP/1.1" status: 200 len: 205 time: 0.0161846
2026-06-26 04:47:57.902 10 INFO neutron.api.wsgi [req-2ba986d2-58c5-47f7-bb43-ffcc650c5faa req-26880282-6ab9-4f7d-8278-faeedeff01de 4f4f500443434a499cfc25dd4863f6c8 5d4013a0c6aa44f8bea5ffee262a9437 - - default default] 10.0.0.78 "GET /v2.0/ports?device_id=9091071d-f8aa-42b2-9bf4-74f30fee7b4a HTTP/1.1" status: 200 len: 1168 time: 0.0663245
2026-06-26 04:47:57.920 10 INFO neutron.api.wsgi [req-53df845f-3b9b-49b1-9fec-25b99af0d2a2 req-3030d539-5de7-4164-9b26-30bd4bd4522e 0e302c40e162484e87a40c51ead5d20b 8d913a222f4d467e808350c1468681ab - - default default] 10.0.0.78 "GET /v2.0/ports?device_id=e7ff360a-439e-4a98-b663-2045766179cf HTTP/1.1" status: 200 len: 1168 time: 0.0716147
2026-06-26 04:47:57.964 10 INFO neutron.api.wsgi [req-2ba986d2-58c5-47f7-bb43-ffcc650c5faa req-3842779a-5042-4252-8450-c8ec3494e63c 4f4f500443434a499cfc25dd4863f6c8 5d4013a0c6aa44f8bea5ffee262a9437 - - default default] 10.0.0.78 "GET /v2.0/security-groups?id=43b48162-fb30-47f7-8569-cdc189ea2533&fields=id&fields=name HTTP/1.1" status: 200 len: 313 time: 0.0554252
2026-06-26 04:47:57.970 10 INFO neutron.api.wsgi [None req-c5fdb7e5-f6ad-4e76-b0d7-715eeb76003b a30d09ef9ddc450da4b56bcf58e8572c fbc08716d5f04f12898728f9205cdf5b - - default default] 10.0.0.160 "DELETE /v2.0/routers/74983bb5-6b55-4727-8297-72ede3697cbf HTTP/1.1" status: 204 len: 168 time: 0.2325892
2026-06-26 04:47:57.977 10 INFO neutron.api.wsgi [req-53df845f-3b9b-49b1-9fec-25b99af0d2a2 req-d83940e7-4602-4484-b3e7-f1ece0077fe4 0e302c40e162484e87a40c51ead5d20b 8d913a222f4d467e808350c1468681ab - - default default] 10.0.0.78 "GET /v2.0/security-groups?id=93c84dcb-7089-4fa5-8081-3d2b13e4c49d&fields=id&fields=name HTTP/1.1" status: 200 len: 312 time: 0.0508473
2026-06-26 04:47:58.037 10 INFO neutron.api.wsgi [req-34b2b1a7-e00c-42e6-b88d-0dbb04c0e4dd req-f9c97c4c-0bbd-463d-9c2e-a6aecb3dd6d2 268532af2a9040079e9bc8f1bbe6ea01 ddd202fca6a346e79361e85ed9be113d - - default default] 10.0.0.78 "GET /v2.0/ports?device_id=75a5b70f-0a2b-463d-846c-fd712a22148d HTTP/1.1" status: 200 len: 1168 time: 0.0331044
2026-06-26 04:47:58.073 10 INFO neutron.api.wsgi [req-34b2b1a7-e00c-42e6-b88d-0dbb04c0e4dd req-c8ecc3ad-5869-4cb8-8ab9-4356c86f97de 268532af2a9040079e9bc8f1bbe6ea01 ddd202fca6a346e79361e85ed9be113d - - default default] 10.0.0.78 "GET /v2.0/security-groups?id=50386ef1-7d38-40ad-b11c-a86ad2ca97a7&fields=id&fields=name HTTP/1.1" status: 200 len: 312 time: 0.0329998
2026-06-26 04:47:58.140 9 INFO neutron.api.wsgi [None req-e1ff1138-5b82-4554-a159-77b9b76622c1 a30d09ef9ddc450da4b56bcf58e8572c fbc08716d5f04f12898728f9205cdf5b - - default default] 10.0.0.160 "DELETE /v2.0/subnets/a6502655-da43-495f-a8ff-ceff1c5c3b01 HTTP/1.1" status: 204 len: 168 time: 0.1647241
2026-06-26 04:47:58.218 9 INFO neutron.api.wsgi [req-7d833a5c-173a-4b06-97c0-be092c108dc9 req-3887d9a3-b5aa-4665-a8c4-eda40930c132 0e302c40e162484e87a40c51ead5d20b 8d913a222f4d467e808350c1468681ab - - default default] 199.204.45.115 "GET /v2.0/ports?device_id=e7ff360a-439e-4a98-b663-2045766179cf HTTP/1.1" status: 200 len: 1168 time: 0.0665615
2026-06-26 04:47:58.494 9 INFO neutron.services.segments.plugin [-] Segment 1be10467-61a0-448f-a16a-144bc5d00db6 resource provider aggregate not found
2026-06-26 04:47:58.498 9 INFO neutron.services.segments.plugin [-] Segment 1be10467-61a0-448f-a16a-144bc5d00db6 resource provider aggregate not found
2026-06-26 04:47:58.504 9 INFO neutron.services.segments.plugin [-] Segment 1be10467-61a0-448f-a16a-144bc5d00db6 resource provider not found; error: Placement Client Error (4xx): {"errors": [{"status": 404, "title": "Not Found", "detail": "The resource could not be found.\n\n No resource provider with uuid 1be10467-61a0-448f-a16a-144bc5d00db6 found for delete ", "request_id": "req-cdd77554-6037-451d-af2f-8f2e4c35c642"}]}
2026-06-26 04:47:58.513 9 INFO neutron.services.segments.plugin [-] Segment 1be10467-61a0-448f-a16a-144bc5d00db6 resource provider not found; error: Placement Client Error (4xx): {"errors": [{"status": 404, "title": "Not Found", "detail": "The resource could not be found.\n\n No resource provider with uuid 1be10467-61a0-448f-a16a-144bc5d00db6 found for delete ", "request_id": "req-5c5e3386-9b1e-4a05-9d28-dbaf5ae0ca64"}]}
2026-06-26 04:47:58.543 9 INFO neutron.api.wsgi [None req-28d2afdf-b5c5-463c-a830-1b587824ab69 a30d09ef9ddc450da4b56bcf58e8572c fbc08716d5f04f12898728f9205cdf5b - - default default] 10.0.0.160 "DELETE /v2.0/networks/62d4d36f-49ca-4ea7-8935-506f81b1fddd HTTP/1.1" status: 204 len: 168 time: 0.3971903 /var/lib/openstack/lib/python3.12/site-packages/pycadf/identifier.py:71: UserWarning: Invalid uuid: neutron. To ensure interoperability, identifiers should be a valid uuid. warnings.warn(('Invalid uuid: %s. To ensure interoperability, '
2026-06-26 04:47:58.552 9 INFO neutron.db.l3_db [req-7d833a5c-173a-4b06-97c0-be092c108dc9 req-657c7d1c-3bbb-4714-bc24-9be43deda22b 0e302c40e162484e87a40c51ead5d20b 8d913a222f4d467e808350c1468681ab - - default default] Floating IP 3f8e6f47-008e-48bb-8f40-c597aa540349 disassociated. External IP: 10.96.250.203, port: dca3a286-9f4a-4a9a-a062-526cc39fcf1d.
2026-06-26 04:47:58.553 10 WARNING neutron_lib.context [None req-6c968433-cf6b-486d-80bf-86f4fe9bc5b3 a30d09ef9ddc450da4b56bcf58e8572c fbc08716d5f04f12898728f9205cdf5b - - default default] Method 'is_advsvc' is deprecated since 2023.2 release (neutron-lib 3.8.0) and will be removed once support for the old RBAC API policies will be removed from Neutron. Please use method 'is_service_role' instead.
2026-06-26 04:47:58.662 9 INFO neutron.api.wsgi [req-7d833a5c-173a-4b06-97c0-be092c108dc9 req-657c7d1c-3bbb-4714-bc24-9be43deda22b 0e302c40e162484e87a40c51ead5d20b 8d913a222f4d467e808350c1468681ab - - default default] 199.204.45.115 "DELETE /v2.0/ports/dca3a286-9f4a-4a9a-a062-526cc39fcf1d HTTP/1.1" status: 204 len: 173 time: 0.4407022
2026-06-26 04:47:58.838 9 INFO neutron.notifiers.nova [-] Nova event matching ['req-cf7eb821-11c1-4e97-b051-3e82db90ae14'] response: {'server_uuid': '9091071d-f8aa-42b2-9bf4-74f30fee7b4a', 'name': 'network-vif-unplugged', 'status': 'completed', 'tag': '9f5e5ecc-210a-436c-8eb4-195da9ad68b8', 'code': 200}
2026-06-26 04:47:58.839 9 INFO neutron.notifiers.nova [-] Nova event matching ['req-cf7eb821-11c1-4e97-b051-3e82db90ae14'] response: {'server_uuid': 'e7ff360a-439e-4a98-b663-2045766179cf', 'name': 'network-vif-deleted', 'tag': 'dca3a286-9f4a-4a9a-a062-526cc39fcf1d', 'status': 'completed', 'code': 200}
2026-06-26 04:47:58.916 10 WARNING neutron.scheduler.dhcp_agent_scheduler [None req-6c968433-cf6b-486d-80bf-86f4fe9bc5b3 a30d09ef9ddc450da4b56bcf58e8572c fbc08716d5f04f12898728f9205cdf5b - - default default] No more DHCP agents
2026-06-26 04:47:58.918 10 WARNING neutron.api.rpc.agentnotifiers.dhcp_rpc_agent_api [None req-6c968433-cf6b-486d-80bf-86f4fe9bc5b3 a30d09ef9ddc450da4b56bcf58e8572c fbc08716d5f04f12898728f9205cdf5b - - default default] Unable to schedule network 11789b96-5912-42f6-902a-d4b9fa3b0e1f: no agents available; will retry on subsequent port and subnet creation events.
2026-06-26 04:47:59.061 10 INFO neutron.db.ovn_revision_numbers_db [None req-6c968433-cf6b-486d-80bf-86f4fe9bc5b3 a30d09ef9ddc450da4b56bcf58e8572c fbc08716d5f04f12898728f9205cdf5b - - default default] Successfully bumped revision number for resource 41849a97-1644-47f1-b9c0-bd269e0664cb (type: ports) to 1
2026-06-26 04:47:59.065 10 INFO neutron.api.wsgi [req-3cba1b23-aa06-4d0b-91f3-15dc7ef8d0e3 req-e67ee0f3-29f3-4177-a5b0-0f41bb8aa9bc 0e302c40e162484e87a40c51ead5d20b 8d913a222f4d467e808350c1468681ab - - default default] 10.0.0.78 "GET /v2.0/ports?device_id=e7ff360a-439e-4a98-b663-2045766179cf HTTP/1.1" status: 200 len: 210 time: 0.0211701
2026-06-26 04:47:59.205 10 INFO neutron.api.wsgi [req-aac37e3e-7b06-4285-8db1-d7c8e8473057 req-3b0f16d2-bfd2-49c2-9453-00ddcfe130b7 268532af2a9040079e9bc8f1bbe6ea01 ddd202fca6a346e79361e85ed9be113d - - default default] 10.0.0.78 "GET /v2.0/ports?device_id=75a5b70f-0a2b-463d-846c-fd712a22148d HTTP/1.1" status: 200 len: 1168 time: 0.0649316
2026-06-26 04:47:59.254 10 INFO neutron.api.wsgi [req-aac37e3e-7b06-4285-8db1-d7c8e8473057 req-681cadb3-b4c7-447d-8155-9fd512fc53d1 268532af2a9040079e9bc8f1bbe6ea01 ddd202fca6a346e79361e85ed9be113d - - default default] 10.0.0.78 "GET /v2.0/security-groups?id=50386ef1-7d38-40ad-b11c-a86ad2ca97a7&fields=id&fields=name HTTP/1.1" status: 200 len: 312 time: 0.0440347
2026-06-26 04:47:59.717 10 INFO neutron.plugins.ml2.drivers.ovn.mech_driver.ovsdb.commands [None req-1ba8fd88-e200-4d31-8584-df0588196f8d - - - - - -] Schedule LRP lrp-41849a97-1644-47f1-b9c0-bd269e0664cb on gateway 1c8134a9-393d-445c-b5c7-51a2b32003e3 with priority 1
2026-06-26 04:47:59.760 10 INFO neutron.db.ovn_revision_numbers_db [None req-6c968433-cf6b-486d-80bf-86f4fe9bc5b3 a30d09ef9ddc450da4b56bcf58e8572c fbc08716d5f04f12898728f9205cdf5b - - default default] Successfully bumped revision number for resource 41849a97-1644-47f1-b9c0-bd269e0664cb (type: router_ports) to 1
2026-06-26 04:47:59.831 10 INFO neutron.db.ovn_revision_numbers_db [None req-6c968433-cf6b-486d-80bf-86f4fe9bc5b3 a30d09ef9ddc450da4b56bcf58e8572c fbc08716d5f04f12898728f9205cdf5b - - default default] Successfully bumped revision number for resource 1eecc74e-b81a-4fa1-96c9-d46f906cf06d (type: routers) to 2
2026-06-26 04:47:59.847 10 INFO neutron.api.wsgi [None req-6c968433-cf6b-486d-80bf-86f4fe9bc5b3 a30d09ef9ddc450da4b56bcf58e8572c fbc08716d5f04f12898728f9205cdf5b - - default default] 10.0.0.160 "POST /v2.0/routers HTTP/1.1" status: 201 len: 1147 time: 1.2986326
2026-06-26 04:47:59.925 10 INFO neutron.api.wsgi [None req-f149327e-10dc-47a4-bf6e-60d7dd320b26 a30d09ef9ddc450da4b56bcf58e8572c fbc08716d5f04f12898728f9205cdf5b - - default default] 10.0.0.160 "GET /v2.0/routers/1eecc74e-b81a-4fa1-96c9-d46f906cf06d HTTP/1.1" status: 200 len: 1148 time: 0.0729799
2026-06-26 04:48:00.019 10 INFO neutron.api.wsgi [None req-d035a75c-af6c-47d7-b681-d918773331f2 a30d09ef9ddc450da4b56bcf58e8572c fbc08716d5f04f12898728f9205cdf5b - - default default] 10.0.0.160 "GET /v2.0/routers HTTP/1.1" status: 200 len: 1151 time: 0.0889690
2026-06-26 04:48:00.147 10 INFO neutron.api.wsgi [req-9a55ac93-393d-4e19-903e-e5b3c19f096b req-4a5fb3ac-143b-489a-9817-e9bffba5e09d 0e302c40e162484e87a40c51ead5d20b 8d913a222f4d467e808350c1468681ab - - default default] 10.0.0.78 "GET /v2.0/ports?device_id=e7ff360a-439e-4a98-b663-2045766179cf HTTP/1.1" status: 200 len: 210 time: 0.0203245
2026-06-26 04:48:00.366 10 INFO neutron.api.wsgi [req-f2457a66-31f4-452a-9594-846140e74a3c req-8bfb9c9d-ce2e-4b80-bdc9-d62abd9b6cde 268532af2a9040079e9bc8f1bbe6ea01 ddd202fca6a346e79361e85ed9be113d - - default default] 10.0.0.78 "GET /v2.0/ports?device_id=75a5b70f-0a2b-463d-846c-fd712a22148d HTTP/1.1" status: 200 len: 1168 time: 0.0399251
2026-06-26 04:48:00.409 10 INFO neutron.api.wsgi [req-f2457a66-31f4-452a-9594-846140e74a3c req-1088872e-2026-4a8d-a8e4-67614119dc68 268532af2a9040079e9bc8f1bbe6ea01 ddd202fca6a346e79361e85ed9be113d - - default default] 10.0.0.78 "GET /v2.0/security-groups?id=50386ef1-7d38-40ad-b11c-a86ad2ca97a7&fields=id&fields=name HTTP/1.1" status: 200 len: 312 time: 0.0368595
2026-06-26 04:48:00.469 10 INFO neutron.db.ovn_revision_numbers_db [None req-d7290449-a851-4429-ab33-f60475bdf8c9 a30d09ef9ddc450da4b56bcf58e8572c fbc08716d5f04f12898728f9205cdf5b - - default default] Successfully bumped revision number for resource 1eecc74e-b81a-4fa1-96c9-d46f906cf06d (type: routers) to 3
2026-06-26 04:48:00.476 10 INFO neutron.api.wsgi [None req-d7290449-a851-4429-ab33-f60475bdf8c9 a30d09ef9ddc450da4b56bcf58e8572c fbc08716d5f04f12898728f9205cdf5b - - default default] 10.0.0.160 "PUT /v2.0/routers/1eecc74e-b81a-4fa1-96c9-d46f906cf06d HTTP/1.1" status: 200 len: 1155 time: 0.4531887
2026-06-26 04:48:00.542 10 INFO neutron.api.wsgi [None req-27f39af5-db44-437f-bff1-1031d57505c7 a30d09ef9ddc450da4b56bcf58e8572c fbc08716d5f04f12898728f9205cdf5b - - default default] 10.0.0.160 "GET /v2.0/routers/1eecc74e-b81a-4fa1-96c9-d46f906cf06d HTTP/1.1" status: 200 len: 1155 time: 0.0595541
2026-06-26 04:48:00.564 10 INFO neutron.api.wsgi [None req-a3a56bf5-deed-49b3-92a9-005340201fc8 a30d09ef9ddc450da4b56bcf58e8572c fbc08716d5f04f12898728f9205cdf5b - - default default] 10.0.0.160 "GET /v2.0/ports?device_id=1eecc74e-b81a-4fa1-96c9-d46f906cf06d HTTP/1.1" status: 200 len: 205 time: 0.0174117
2026-06-26 04:48:01.202 10 INFO neutron.api.wsgi [None req-db7bc820-4136-4183-94cb-b29e20af9c9e a30d09ef9ddc450da4b56bcf58e8572c fbc08716d5f04f12898728f9205cdf5b - - default default] 10.0.0.160 "DELETE /v2.0/routers/1eecc74e-b81a-4fa1-96c9-d46f906cf06d HTTP/1.1" status: 204 len: 168 time: 0.6311686
2026-06-26 04:48:01.233 10 INFO neutron.api.wsgi [None req-27fb5774-726a-472e-8551-118b9d907928 a30d09ef9ddc450da4b56bcf58e8572c fbc08716d5f04f12898728f9205cdf5b - - default default] 10.0.0.160 "GET /v2.0/ports?device_id=1eecc74e-b81a-4fa1-96c9-d46f906cf06d HTTP/1.1" status: 200 len: 205 time: 0.0232430
2026-06-26 04:48:01.238 10 INFO neutron.api.wsgi [req-f280249a-86cc-4c92-959d-6b63499145c0 req-fbad6af5-759c-44ed-aeed-997de833a324 0e302c40e162484e87a40c51ead5d20b 8d913a222f4d467e808350c1468681ab - - default default] 10.0.0.78 "GET /v2.0/ports?device_id=e7ff360a-439e-4a98-b663-2045766179cf HTTP/1.1" status: 200 len: 210 time: 0.0225060
2026-06-26 04:48:01.249 10 INFO neutron.api.v2.resource [None req-8761fa77-899e-4a34-9011-e639a169a0ca a30d09ef9ddc450da4b56bcf58e8572c fbc08716d5f04f12898728f9205cdf5b - - default default] delete failed (client error): The resource could not be found.
2026-06-26 04:48:01.249 10 INFO neutron.api.wsgi [None req-8761fa77-899e-4a34-9011-e639a169a0ca a30d09ef9ddc450da4b56bcf58e8572c fbc08716d5f04f12898728f9205cdf5b - - default default] 10.0.0.160 "DELETE /v2.0/routers/1eecc74e-b81a-4fa1-96c9-d46f906cf06d HTTP/1.1" status: 404 len: 336 time: 0.0124111
2026-06-26 04:48:01.270 10 INFO neutron.api.wsgi [None req-3d1a2067-7727-47af-8535-7fcd8905881e a30d09ef9ddc450da4b56bcf58e8572c fbc08716d5f04f12898728f9205cdf5b - - default default] 10.0.0.160 "GET /v2.0/ports?device_id=74983bb5-6b55-4727-8297-72ede3697cbf HTTP/1.1" status: 200 len: 205 time: 0.0177712
2026-06-26 04:48:01.291 10 INFO neutron.api.v2.resource [None req-58fc6105-b971-4060-b9bf-245ec7116f84 a30d09ef9ddc450da4b56bcf58e8572c fbc08716d5f04f12898728f9205cdf5b - - default default] delete failed (client error): The resource could not be found.
2026-06-26 04:48:01.292 10 INFO neutron.api.wsgi [None req-58fc6105-b971-4060-b9bf-245ec7116f84 a30d09ef9ddc450da4b56bcf58e8572c fbc08716d5f04f12898728f9205cdf5b - - default default] 10.0.0.160 "DELETE /v2.0/routers/74983bb5-6b55-4727-8297-72ede3697cbf HTTP/1.1" status: 404 len: 336 time: 0.0181773
2026-06-26 04:48:01.306 10 INFO neutron.pecan_wsgi.hooks.translation [None req-ae5bbd1d-d988-49ad-ab4e-03bc786e1af6 a30d09ef9ddc450da4b56bcf58e8572c fbc08716d5f04f12898728f9205cdf5b - - default default] DELETE failed (client error): The resource could not be found.
2026-06-26 04:48:01.309 10 INFO neutron.api.wsgi [None req-ae5bbd1d-d988-49ad-ab4e-03bc786e1af6 a30d09ef9ddc450da4b56bcf58e8572c fbc08716d5f04f12898728f9205cdf5b - - default default] 10.0.0.160 "DELETE /v2.0/subnets/a6502655-da43-495f-a8ff-ceff1c5c3b01 HTTP/1.1" status: 404 len: 337 time: 0.0121012
2026-06-26 04:48:01.326 10 INFO neutron.api.wsgi [None req-ae6ea3c8-65fb-438e-aa78-0a1c78abffb2 a30d09ef9ddc450da4b56bcf58e8572c fbc08716d5f04f12898728f9205cdf5b - - default default] 10.0.0.160 "GET /v2.0/ports?device_id=ea5e900e-7513-4b4a-a776-59690ad1f734 HTTP/1.1" status: 200 len: 205 time: 0.0142486
2026-06-26 04:48:01.348 10 INFO neutron.api.v2.resource [None req-5554f0ea-7840-4d2d-a21b-de5449bdc803 a30d09ef9ddc450da4b56bcf58e8572c fbc08716d5f04f12898728f9205cdf5b - - default default] delete failed (client error): The resource could not be found.
2026-06-26 04:48:01.351 10 INFO neutron.api.wsgi [None req-5554f0ea-7840-4d2d-a21b-de5449bdc803 a30d09ef9ddc450da4b56bcf58e8572c fbc08716d5f04f12898728f9205cdf5b - - default default] 10.0.0.160 "DELETE /v2.0/routers/ea5e900e-7513-4b4a-a776-59690ad1f734 HTTP/1.1" status: 404 len: 336 time: 0.0198021
2026-06-26 04:48:01.367 10 INFO neutron.pecan_wsgi.hooks.translation [None req-240372f3-b14b-4794-b441-0c2b056a0415 a30d09ef9ddc450da4b56bcf58e8572c fbc08716d5f04f12898728f9205cdf5b - - default default] DELETE failed (client error): The resource could not be found.
2026-06-26 04:48:01.369 10 INFO neutron.api.wsgi [None req-240372f3-b14b-4794-b441-0c2b056a0415 a30d09ef9ddc450da4b56bcf58e8572c fbc08716d5f04f12898728f9205cdf5b - - default default] 10.0.0.160 "DELETE /v2.0/subnets/35f1f557-e355-4b49-abb8-72d7d270aa59 HTTP/1.1" status: 404 len: 337 time: 0.0139296
2026-06-26 04:48:01.389 10 INFO neutron.api.wsgi [None req-3a2277a7-dc00-4d9c-9cfd-2f82a0ba7f54 a30d09ef9ddc450da4b56bcf58e8572c fbc08716d5f04f12898728f9205cdf5b - - default default] 10.0.0.160 "GET /v2.0/ports?device_id=86d407b8-f352-4077-8798-896970f2d4b0 HTTP/1.1" status: 200 len: 205 time: 0.0163856
2026-06-26 04:48:01.409 10 INFO neutron.api.v2.resource [None req-620513e1-19d6-4e62-9aac-166042c52f74 a30d09ef9ddc450da4b56bcf58e8572c fbc08716d5f04f12898728f9205cdf5b - - default default] delete failed (client error): The resource could not be found.
2026-06-26 04:48:01.409 10 INFO neutron.api.wsgi [None req-620513e1-19d6-4e62-9aac-166042c52f74 a30d09ef9ddc450da4b56bcf58e8572c fbc08716d5f04f12898728f9205cdf5b - - default default] 10.0.0.160 "DELETE /v2.0/routers/86d407b8-f352-4077-8798-896970f2d4b0 HTTP/1.1" status: 404 len: 336 time: 0.0163372
2026-06-26 04:48:01.423 10 INFO neutron.pecan_wsgi.hooks.translation [None req-410203b0-4491-4a51-97c3-ca3e6d11199f a30d09ef9ddc450da4b56bcf58e8572c fbc08716d5f04f12898728f9205cdf5b - - default default] DELETE failed (client error): The resource could not be found.
2026-06-26 04:48:01.426 10 INFO neutron.api.wsgi [None req-410203b0-4491-4a51-97c3-ca3e6d11199f a30d09ef9ddc450da4b56bcf58e8572c fbc08716d5f04f12898728f9205cdf5b - - default default] 10.0.0.160 "DELETE /v2.0/subnets/b00422d6-2543-42b9-821e-1b7bf605e6c0 HTTP/1.1" status: 404 len: 337 time: 0.0122833
2026-06-26 04:48:01.438 10 INFO neutron.pecan_wsgi.hooks.translation [None req-076bcc8f-e82f-4fa9-a3bf-a2f7ca54fd08 a30d09ef9ddc450da4b56bcf58e8572c fbc08716d5f04f12898728f9205cdf5b - - default default] DELETE failed (client error): The resource could not be found.
2026-06-26 04:48:01.441 10 INFO neutron.api.wsgi [None req-076bcc8f-e82f-4fa9-a3bf-a2f7ca54fd08 a30d09ef9ddc450da4b56bcf58e8572c fbc08716d5f04f12898728f9205cdf5b - - default default] 10.0.0.160 "DELETE /v2.0/subnets/b6da6d05-3d44-432f-bd4c-05e41de37ab3 HTTP/1.1" status: 404 len: 337 time: 0.0120025
2026-06-26 04:48:01.535 10 INFO neutron.api.wsgi [req-0cbb39b7-0a8e-4e5b-9de4-b5826c26a102 req-07f12591-354b-4d95-a413-5173e3d8488e 268532af2a9040079e9bc8f1bbe6ea01 ddd202fca6a346e79361e85ed9be113d - - default default] 10.0.0.78 "GET /v2.0/ports?device_id=75a5b70f-0a2b-463d-846c-fd712a22148d HTTP/1.1" status: 200 len: 1168 time: 0.0697055
2026-06-26 04:48:01.573 10 INFO neutron.api.wsgi [req-0cbb39b7-0a8e-4e5b-9de4-b5826c26a102 req-b8e7f985-a765-4cdf-8d30-fd433f0668c4 268532af2a9040079e9bc8f1bbe6ea01 ddd202fca6a346e79361e85ed9be113d - - default default] 10.0.0.78 "GET /v2.0/security-groups?id=50386ef1-7d38-40ad-b11c-a86ad2ca97a7&fields=id&fields=name HTTP/1.1" status: 200 len: 312 time: 0.0315716
2026-06-26 04:48:02.056 10 INFO neutron.api.wsgi [None req-8bac43c7-748e-45c3-8d08-d67910eae861 158b7729050a495984523bc1f87691ef 4568e1db581344cf85756397d929f73d - - default default] 10.0.0.160 "GET /v2.0/security-groups?tenant_id=fbc08716d5f04f12898728f9205cdf5b&name=default HTTP/1.1" status: 200 len: 3120 time: 0.1724117
