2026-06-26 04:50:03.742 10 WARNING neutron.scheduler.dhcp_agent_scheduler [None req-ac732f32-9e30-453f-8967-f0cd8d1167e7 158b7729050a495984523bc1f87691ef 4568e1db581344cf85756397d929f73d - - default default] No more DHCP agents
2026-06-26 04:50:03.744 10 WARNING neutron.api.rpc.agentnotifiers.dhcp_rpc_agent_api [None req-ac732f32-9e30-453f-8967-f0cd8d1167e7 158b7729050a495984523bc1f87691ef 4568e1db581344cf85756397d929f73d - - default default] Unable to schedule network ebc2a33e-7865-4739-8bb6-666569a15789: no agents available; will retry on subsequent port and subnet creation events.
2026-06-26 04:50:03.876 10 INFO neutron.db.ovn_revision_numbers_db [None req-ac732f32-9e30-453f-8967-f0cd8d1167e7 158b7729050a495984523bc1f87691ef 4568e1db581344cf85756397d929f73d - - default default] Successfully bumped revision number for resource ebcc3b19-3c0b-41cd-9a2e-b5c8d7405898 (type: ports) to 1
2026-06-26 04:50:03.877 9 INFO neutron.db.ovn_revision_numbers_db [None req-b937564d-8979-4326-9c54-2a481ff057c8 - - - - - -] Successfully bumped revision number for resource 5cc371ee-ca0f-4052-a75b-5951c20fe386 (type: ports) to 4
2026-06-26 04:50:03.907 9 INFO neutron.api.wsgi [req-c6452fd9-a7d7-4e3f-a5fd-230541316e7c req-2bb3b095-5993-4d8e-b098-e48718607b92 c20f319dc3984ebba267d56c940622e0 63cdc91da5f546ba891e6589aa3bc125 - - 8963cce63f5c42bc8c9d87b82fbe7c54 8963cce63f5c42bc8c9d87b82fbe7c54] 199.204.45.115 "GET /v2.0/ports?tenant_id=eb89399d0eda4ae0be6a9c2b39ab88c7&device_id=9f57c4cc-c87f-4403-95de-7075026bb17a HTTP/1.1" status: 200 len: 1411 time: 0.0365262
2026-06-26 04:50:03.933 9 INFO neutron.api.wsgi [req-c6452fd9-a7d7-4e3f-a5fd-230541316e7c req-0dcffe18-31ad-4008-aa66-669cae09468b c20f319dc3984ebba267d56c940622e0 63cdc91da5f546ba891e6589aa3bc125 - - 8963cce63f5c42bc8c9d87b82fbe7c54 8963cce63f5c42bc8c9d87b82fbe7c54] 199.204.45.115 "GET /v2.0/floatingips?fixed_ip_address=10.100.0.13&port_id=aaeed07d-20dc-4472-bd16-9ec26c291133 HTTP/1.1" status: 200 len: 217 time: 0.0211811
2026-06-26 04:50:03.974 9 INFO neutron.api.wsgi [req-c6452fd9-a7d7-4e3f-a5fd-230541316e7c req-50b07dbd-3fd5-4088-af27-2df72e5af58c c20f319dc3984ebba267d56c940622e0 63cdc91da5f546ba891e6589aa3bc125 - - 8963cce63f5c42bc8c9d87b82fbe7c54 8963cce63f5c42bc8c9d87b82fbe7c54] 199.204.45.115 "GET /v2.0/subnets?id=b3c53288-c2e6-4d44-bc2e-eecc439faeee HTTP/1.1" status: 200 len: 876 time: 0.0347989
2026-06-26 04:50:04.013 9 INFO neutron.api.wsgi [req-c6452fd9-a7d7-4e3f-a5fd-230541316e7c req-0e8a1664-4f31-444a-89e9-77edd6d27393 c20f319dc3984ebba267d56c940622e0 63cdc91da5f546ba891e6589aa3bc125 - - 8963cce63f5c42bc8c9d87b82fbe7c54 8963cce63f5c42bc8c9d87b82fbe7c54] 199.204.45.115 "GET /v2.0/ports?network_id=3344ddee-c38c-4938-aea1-4fffb0e8c00c&device_owner=network%3Adhcp HTTP/1.1" status: 200 len: 210 time: 0.0328882
2026-06-26 04:50:04.076 9 INFO neutron.api.wsgi [req-c6452fd9-a7d7-4e3f-a5fd-230541316e7c req-b75b99be-66cf-4821-b5fe-bff269058220 c20f319dc3984ebba267d56c940622e0 63cdc91da5f546ba891e6589aa3bc125 - - 8963cce63f5c42bc8c9d87b82fbe7c54 8963cce63f5c42bc8c9d87b82fbe7c54] 199.204.45.115 "GET /v2.0/networks/3344ddee-c38c-4938-aea1-4fffb0e8c00c?fields=segments HTTP/1.1" status: 200 len: 212 time: 0.0505602
2026-06-26 04:50:04.120 9 INFO neutron.api.wsgi [req-c6452fd9-a7d7-4e3f-a5fd-230541316e7c req-3322c1d2-bd8c-482b-bae0-b8befd81b96e c20f319dc3984ebba267d56c940622e0 63cdc91da5f546ba891e6589aa3bc125 - - 8963cce63f5c42bc8c9d87b82fbe7c54 8963cce63f5c42bc8c9d87b82fbe7c54] 199.204.45.115 "GET /v2.0/networks/3344ddee-c38c-4938-aea1-4fffb0e8c00c?fields=provider%3Aphysical_network&fields=provider%3Anetwork_type HTTP/1.1" status: 200 len: 277 time: 0.0395679
2026-06-26 04:50:04.244 9 INFO neutron.db.ovn_revision_numbers_db [None req-b937564d-8979-4326-9c54-2a481ff057c8 - - - - - -] Successfully bumped revision number for resource 5cc371ee-ca0f-4052-a75b-5951c20fe386 (type: ports) to 5
2026-06-26 04:50:04.424 9 INFO neutron.plugins.ml2.drivers.ovn.mech_driver.mech_driver [None req-3333ac15-f43b-4163-bcfd-1e94b7907635 - - - - - -] OVN reports status up for port: ebcc3b19-3c0b-41cd-9a2e-b5c8d7405898
2026-06-26 04:50:04.432 9 INFO neutron.plugins.ml2.plugin [None req-3333ac15-f43b-4163-bcfd-1e94b7907635 - - - - - -] Attempt 1 to provision port ebcc3b19-3c0b-41cd-9a2e-b5c8d7405898
2026-06-26 04:50:04.439 10 INFO neutron.db.ovn_revision_numbers_db [None req-ac732f32-9e30-453f-8967-f0cd8d1167e7 158b7729050a495984523bc1f87691ef 4568e1db581344cf85756397d929f73d - - default default] Successfully bumped revision number for resource ebcc3b19-3c0b-41cd-9a2e-b5c8d7405898 (type: ports) to 1
2026-06-26 04:50:04.503 10 WARNING neutron.scheduler.dhcp_agent_scheduler [None req-ac732f32-9e30-453f-8967-f0cd8d1167e7 158b7729050a495984523bc1f87691ef 4568e1db581344cf85756397d929f73d - - default default] No more DHCP agents
2026-06-26 04:50:04.508 10 WARNING neutron.api.rpc.agentnotifiers.dhcp_rpc_agent_api [None req-ac732f32-9e30-453f-8967-f0cd8d1167e7 158b7729050a495984523bc1f87691ef 4568e1db581344cf85756397d929f73d - - default default] Unable to schedule network ebc2a33e-7865-4739-8bb6-666569a15789: no agents available; will retry on subsequent port and subnet creation events.
2026-06-26 04:50:04.543 10 INFO neutron.api.wsgi [req-895fd6c2-cc78-4fa2-a637-acf2a0648fcd req-1c75db82-7ac9-40e4-a8fa-50863e0e8a01 d33e70b2005545e780dbc4d60bf62add eb89399d0eda4ae0be6a9c2b39ab88c7 - - default default] 10.0.0.78 "GET /v2.0/ports?device_id=9f57c4cc-c87f-4403-95de-7075026bb17a HTTP/1.1" status: 200 len: 1172 time: 0.0363386
2026-06-26 04:50:04.588 10 INFO neutron.api.wsgi [req-895fd6c2-cc78-4fa2-a637-acf2a0648fcd req-715026aa-198c-4dd2-ac68-dcd61e6b9d4b d33e70b2005545e780dbc4d60bf62add eb89399d0eda4ae0be6a9c2b39ab88c7 - - default default] 10.0.0.78 "GET /v2.0/security-groups?id=3ebad95c-565f-4290-a48d-67b7c791785f&fields=id&fields=name HTTP/1.1" status: 200 len: 312 time: 0.0357661
2026-06-26 04:50:04.742 9 INFO neutron.db.ovn_revision_numbers_db [None req-3333ac15-f43b-4163-bcfd-1e94b7907635 - - - - - -] Successfully bumped revision number for resource ebcc3b19-3c0b-41cd-9a2e-b5c8d7405898 (type: ports) to 2
2026-06-26 04:50:05.001 10 INFO neutron.db.ovn_revision_numbers_db [None req-ac732f32-9e30-453f-8967-f0cd8d1167e7 158b7729050a495984523bc1f87691ef 4568e1db581344cf85756397d929f73d - - default default] Successfully bumped revision number for resource ebcc3b19-3c0b-41cd-9a2e-b5c8d7405898 (type: router_ports) to 1
2026-06-26 04:50:05.005 10 INFO neutron.api.wsgi [None req-ac732f32-9e30-453f-8967-f0cd8d1167e7 158b7729050a495984523bc1f87691ef 4568e1db581344cf85756397d929f73d - - default default] 10.0.0.160 "PUT /v2.0/routers/81a592a3-591e-4380-814a-eef9d5bc9868/add_router_interface HTTP/1.1" status: 200 len: 503 time: 1.7335229
2026-06-26 04:50:05.706 10 INFO neutron.api.wsgi [req-9c73a9db-9eef-4f2c-8fb7-18241ff9ad1c req-ce904ee8-dbda-42f7-a64d-72b329b8e210 d33e70b2005545e780dbc4d60bf62add eb89399d0eda4ae0be6a9c2b39ab88c7 - - default default] 10.0.0.78 "GET /v2.0/ports?device_id=9f57c4cc-c87f-4403-95de-7075026bb17a HTTP/1.1" status: 200 len: 1172 time: 0.0347118
2026-06-26 04:50:05.764 10 INFO neutron.api.wsgi [req-9c73a9db-9eef-4f2c-8fb7-18241ff9ad1c req-1046b95a-3287-43ce-8cb5-2d7ac1ece803 d33e70b2005545e780dbc4d60bf62add eb89399d0eda4ae0be6a9c2b39ab88c7 - - default default] 10.0.0.78 "GET /v2.0/security-groups?id=3ebad95c-565f-4290-a48d-67b7c791785f&fields=id&fields=name HTTP/1.1" status: 200 len: 312 time: 0.0513268
2026-06-26 04:50:06.295 9 INFO neutron.db.ovn_revision_numbers_db [None req-d96cb23e-a401-45b6-901b-897a966b5107 158b7729050a495984523bc1f87691ef 4568e1db581344cf85756397d929f73d - - default default] Successfully bumped revision number for resource b4fd9660-b2e9-4e4b-9adb-61e5615ac2f8 (type: security_groups) to 1
2026-06-26 04:50:06.309 9 INFO neutron.db.ovn_revision_numbers_db [None req-d96cb23e-a401-45b6-901b-897a966b5107 158b7729050a495984523bc1f87691ef 4568e1db581344cf85756397d929f73d - - default default] Successfully bumped revision number for resource 31e02bdd-3ade-4744-87d3-31b5e2d1556f (type: security_group_rules) to 0
2026-06-26 04:50:06.330 9 INFO neutron.db.ovn_revision_numbers_db [None req-d96cb23e-a401-45b6-901b-897a966b5107 158b7729050a495984523bc1f87691ef 4568e1db581344cf85756397d929f73d - - default default] Successfully bumped revision number for resource 51a994a0-f737-4ff6-a9ce-9ca3e4dc53ac (type: security_group_rules) to 0
2026-06-26 04:50:06.358 9 INFO neutron.db.ovn_revision_numbers_db [None req-d96cb23e-a401-45b6-901b-897a966b5107 158b7729050a495984523bc1f87691ef 4568e1db581344cf85756397d929f73d - - default default] Successfully bumped revision number for resource 79227059-63fb-4f51-a50b-640ef980fc3f (type: security_group_rules) to 0
2026-06-26 04:50:06.373 9 INFO neutron.db.ovn_revision_numbers_db [None req-d96cb23e-a401-45b6-901b-897a966b5107 158b7729050a495984523bc1f87691ef 4568e1db581344cf85756397d929f73d - - default default] Successfully bumped revision number for resource ffdac1c6-4d71-457d-b19b-d7bf05c4b337 (type: security_group_rules) to 0
2026-06-26 04:50:06.438 9 INFO neutron.db.segments_db [None req-d96cb23e-a401-45b6-901b-897a966b5107 158b7729050a495984523bc1f87691ef 4568e1db581344cf85756397d929f73d - - default default] Added segment 74be6abc-9627-4a01-8b4f-a9e3733fe85b of type geneve for network 4440f564-2378-4f86-be0b-91f727b9420f
2026-06-26 04:50:06.563 9 INFO neutron.db.ovn_revision_numbers_db [None req-d96cb23e-a401-45b6-901b-897a966b5107 158b7729050a495984523bc1f87691ef 4568e1db581344cf85756397d929f73d - - default default] Successfully bumped revision number for resource 4440f564-2378-4f86-be0b-91f727b9420f (type: networks) to 1
2026-06-26 04:50:06.712 9 WARNING neutron.scheduler.dhcp_agent_scheduler [None req-d96cb23e-a401-45b6-901b-897a966b5107 158b7729050a495984523bc1f87691ef 4568e1db581344cf85756397d929f73d - - default default] No more DHCP agents
2026-06-26 04:50:06.714 9 WARNING neutron.api.rpc.agentnotifiers.dhcp_rpc_agent_api [None req-d96cb23e-a401-45b6-901b-897a966b5107 158b7729050a495984523bc1f87691ef 4568e1db581344cf85756397d929f73d - - default default] Unable to schedule network 4440f564-2378-4f86-be0b-91f727b9420f: no agents available; will retry on subsequent port and subnet creation events.
2026-06-26 04:50:06.777 9 INFO neutron.db.ovn_revision_numbers_db [None req-d96cb23e-a401-45b6-901b-897a966b5107 158b7729050a495984523bc1f87691ef 4568e1db581344cf85756397d929f73d - - default default] Successfully bumped revision number for resource 3736373a-c885-4371-894f-a659aa490a37 (type: ports) to 1
2026-06-26 04:50:06.808 9 INFO neutron.api.wsgi [None req-d96cb23e-a401-45b6-901b-897a966b5107 158b7729050a495984523bc1f87691ef 4568e1db581344cf85756397d929f73d - - default default] 10.0.0.160 "POST /v2.0/networks HTTP/1.1" status: 201 len: 942 time: 0.6877956
2026-06-26 04:50:06.874 10 INFO neutron.api.wsgi [req-3c804c10-4d19-47cd-b30c-7864f7c9dd1e req-f16b33c5-473d-4b25-a5ad-ef67c40cba54 d33e70b2005545e780dbc4d60bf62add eb89399d0eda4ae0be6a9c2b39ab88c7 - - default default] 10.0.0.78 "GET /v2.0/ports?device_id=9f57c4cc-c87f-4403-95de-7075026bb17a HTTP/1.1" status: 200 len: 1172 time: 0.0356009
2026-06-26 04:50:06.918 10 INFO neutron.api.wsgi [req-3c804c10-4d19-47cd-b30c-7864f7c9dd1e req-643af2dd-1d85-4861-8e7a-60acbb250eaa d33e70b2005545e780dbc4d60bf62add eb89399d0eda4ae0be6a9c2b39ab88c7 - - default default] 10.0.0.78 "GET /v2.0/security-groups?id=3ebad95c-565f-4290-a48d-67b7c791785f&fields=id&fields=name HTTP/1.1" status: 200 len: 312 time: 0.0390284
2026-06-26 04:50:06.978 10 WARNING neutron.scheduler.dhcp_agent_scheduler [None req-53304af6-87a1-4920-a217-752a16c58a32 158b7729050a495984523bc1f87691ef 4568e1db581344cf85756397d929f73d - - default default] No more DHCP agents
2026-06-26 04:50:06.980 10 WARNING neutron.api.rpc.agentnotifiers.dhcp_rpc_agent_api [None req-53304af6-87a1-4920-a217-752a16c58a32 158b7729050a495984523bc1f87691ef 4568e1db581344cf85756397d929f73d - - default default] Unable to schedule network 4440f564-2378-4f86-be0b-91f727b9420f: no agents available; will retry on subsequent port and subnet creation events.
2026-06-26 04:50:07.347 10 INFO neutron.db.ovn_revision_numbers_db [None req-8d8a1b86-7d6e-4195-8081-403bc23f86a6 - - - - - -] Successfully bumped revision number for resource 3736373a-c885-4371-894f-a659aa490a37 (type: ports) to 2
2026-06-26 04:50:07.373 10 INFO neutron.db.ovn_revision_numbers_db [None req-8d8a1b86-7d6e-4195-8081-403bc23f86a6 - - - - - -] Successfully bumped revision number for resource 44c0eee5-866e-4ccd-902c-dd5dcd04946d (type: subnets) to 0
2026-06-26 04:50:07.387 10 INFO neutron.api.wsgi [None req-53304af6-87a1-4920-a217-752a16c58a32 158b7729050a495984523bc1f87691ef 4568e1db581344cf85756397d929f73d - - default default] 10.0.0.160 "POST /v2.0/subnets HTTP/1.1" status: 201 len: 886 time: 0.5709403
2026-06-26 04:50:07.639 9 WARNING neutron_lib.context [None req-fff46957-76ba-434b-ad52-11088eac1791 b2188fa6c9f24142b0f7121217d2fc8b a1c0446a460d4de4af8c5f19f972b670 - - default default] Method 'is_advsvc' is deprecated since 2023.2 release (neutron-lib 3.8.0) and will be removed once support for the old RBAC API policies will be removed from Neutron. Please use method 'is_service_role' instead.
2026-06-26 04:50:07.743 10 WARNING neutron.scheduler.dhcp_agent_scheduler [None req-2a028ea5-6ade-4408-8283-cadeb81f5dfe 158b7729050a495984523bc1f87691ef 4568e1db581344cf85756397d929f73d - - default default] No more DHCP agents
2026-06-26 04:50:07.744 10 WARNING neutron.api.rpc.agentnotifiers.dhcp_rpc_agent_api [None req-2a028ea5-6ade-4408-8283-cadeb81f5dfe 158b7729050a495984523bc1f87691ef 4568e1db581344cf85756397d929f73d - - default default] Unable to schedule network 11789b96-5912-42f6-902a-d4b9fa3b0e1f: no agents available; will retry on subsequent port and subnet creation events.
2026-06-26 04:50:07.760 9 INFO neutron.db.ovn_revision_numbers_db [None req-fff46957-76ba-434b-ad52-11088eac1791 b2188fa6c9f24142b0f7121217d2fc8b a1c0446a460d4de4af8c5f19f972b670 - - default default] Successfully bumped revision number for resource ea86fddd-52e7-4178-9cb3-b3ed05659732 (type: security_groups) to 1
2026-06-26 04:50:07.772 9 INFO neutron.db.ovn_revision_numbers_db [None req-fff46957-76ba-434b-ad52-11088eac1791 b2188fa6c9f24142b0f7121217d2fc8b a1c0446a460d4de4af8c5f19f972b670 - - default default] Successfully bumped revision number for resource 20c2c5c1-63cf-4903-9125-d0fa9447de59 (type: security_group_rules) to 0
2026-06-26 04:50:07.783 9 INFO neutron.db.ovn_revision_numbers_db [None req-fff46957-76ba-434b-ad52-11088eac1791 b2188fa6c9f24142b0f7121217d2fc8b a1c0446a460d4de4af8c5f19f972b670 - - default default] Successfully bumped revision number for resource 9ec3b51e-e112-4b79-ad4a-55ba15e1e1cb (type: security_group_rules) to 0
2026-06-26 04:50:07.797 9 INFO neutron.db.ovn_revision_numbers_db [None req-fff46957-76ba-434b-ad52-11088eac1791 b2188fa6c9f24142b0f7121217d2fc8b a1c0446a460d4de4af8c5f19f972b670 - - default default] Successfully bumped revision number for resource a874ca1a-31fc-42ae-9c55-425a0ab71ee8 (type: security_group_rules) to 0
2026-06-26 04:50:07.810 9 INFO neutron.db.ovn_revision_numbers_db [None req-fff46957-76ba-434b-ad52-11088eac1791 b2188fa6c9f24142b0f7121217d2fc8b a1c0446a460d4de4af8c5f19f972b670 - - default default] Successfully bumped revision number for resource d0684447-0808-4949-b37f-1a3c719e2b6a (type: security_group_rules) to 0
2026-06-26 04:50:07.866 10 INFO neutron.db.ovn_revision_numbers_db [None req-2a028ea5-6ade-4408-8283-cadeb81f5dfe 158b7729050a495984523bc1f87691ef 4568e1db581344cf85756397d929f73d - - default default] Successfully bumped revision number for resource 685fc96e-3f5c-4ebe-817d-88bfa3cd32bc (type: ports) to 1
2026-06-26 04:50:07.901 9 INFO neutron.db.ovn_revision_numbers_db [None req-fff46957-76ba-434b-ad52-11088eac1791 b2188fa6c9f24142b0f7121217d2fc8b a1c0446a460d4de4af8c5f19f972b670 - - default default] Successfully bumped revision number for resource 1e8d35fb-adc2-4c14-b71a-041df6b621e4 (type: security_groups) to 1
2026-06-26 04:50:07.920 9 INFO neutron.db.ovn_revision_numbers_db [None req-fff46957-76ba-434b-ad52-11088eac1791 b2188fa6c9f24142b0f7121217d2fc8b a1c0446a460d4de4af8c5f19f972b670 - - default default] Successfully bumped revision number for resource 1e04444b-5ad3-4e58-a774-a738d1869d96 (type: security_group_rules) to 0
2026-06-26 04:50:07.937 9 INFO neutron.db.ovn_revision_numbers_db [None req-fff46957-76ba-434b-ad52-11088eac1791 b2188fa6c9f24142b0f7121217d2fc8b a1c0446a460d4de4af8c5f19f972b670 - - default default] Successfully bumped revision number for resource abb99a61-f2b1-4d01-87b9-5644e9b0819d (type: security_group_rules) to 0
2026-06-26 04:50:07.989 9 INFO neutron.api.wsgi [None req-fff46957-76ba-434b-ad52-11088eac1791 b2188fa6c9f24142b0f7121217d2fc8b a1c0446a460d4de4af8c5f19f972b670 - - default default] 10.0.0.160 "POST /v2.0/security-groups HTTP/1.1" status: 201 len: 1801 time: 0.5160172
2026-06-26 04:50:08.001 9 WARNING neutron_lib.context [None req-f9012db9-32d3-4a6d-bdca-e5c6e98c7e1f b2188fa6c9f24142b0f7121217d2fc8b a1c0446a460d4de4af8c5f19f972b670 - - default default] Method 'is_advsvc' is deprecated since 2023.2 release (neutron-lib 3.8.0) and will be removed once support for the old RBAC API policies will be removed from Neutron. Please use method 'is_service_role' instead.
2026-06-26 04:50:08.093 10 INFO neutron.api.wsgi [req-b11cecb1-76a8-4e2e-a62e-c313311d3b93 req-70cbe0b5-848d-4562-ab33-9bbeb52d79ae d33e70b2005545e780dbc4d60bf62add eb89399d0eda4ae0be6a9c2b39ab88c7 - - default default] 10.0.0.78 "GET /v2.0/ports?device_id=9f57c4cc-c87f-4403-95de-7075026bb17a HTTP/1.1" status: 200 len: 1172 time: 0.0986137
2026-06-26 04:50:08.095 9 INFO neutron.db.ovn_revision_numbers_db [None req-f9012db9-32d3-4a6d-bdca-e5c6e98c7e1f b2188fa6c9f24142b0f7121217d2fc8b a1c0446a460d4de4af8c5f19f972b670 - - default default] Successfully bumped revision number for resource d55f2ab2-aba7-4716-9d25-ae365f5a50ad (type: security_groups) to 1
2026-06-26 04:50:08.107 9 INFO neutron.db.ovn_revision_numbers_db [None req-f9012db9-32d3-4a6d-bdca-e5c6e98c7e1f b2188fa6c9f24142b0f7121217d2fc8b a1c0446a460d4de4af8c5f19f972b670 - - default default] Successfully bumped revision number for resource 8329e679-f7da-4c08-ab5d-61b70f533bc9 (type: security_group_rules) to 0
2026-06-26 04:50:08.119 9 INFO neutron.db.ovn_revision_numbers_db [None req-f9012db9-32d3-4a6d-bdca-e5c6e98c7e1f b2188fa6c9f24142b0f7121217d2fc8b a1c0446a460d4de4af8c5f19f972b670 - - default default] Successfully bumped revision number for resource e04cbcc3-5c64-4ae7-9136-c7a033b02c1a (type: security_group_rules) to 0
2026-06-26 04:50:08.137 10 INFO neutron.api.wsgi [req-b11cecb1-76a8-4e2e-a62e-c313311d3b93 req-d1365232-4461-401c-a819-fd68f578ed10 d33e70b2005545e780dbc4d60bf62add eb89399d0eda4ae0be6a9c2b39ab88c7 - - default default] 10.0.0.78 "GET /v2.0/security-groups?id=3ebad95c-565f-4290-a48d-67b7c791785f&fields=id&fields=name HTTP/1.1" status: 200 len: 312 time: 0.0352778
2026-06-26 04:50:08.148 9 INFO neutron.api.wsgi [None req-f9012db9-32d3-4a6d-bdca-e5c6e98c7e1f b2188fa6c9f24142b0f7121217d2fc8b a1c0446a460d4de4af8c5f19f972b670 - - default default] 10.0.0.160 "POST /v2.0/security-groups HTTP/1.1" status: 201 len: 1801 time: 0.1506262
2026-06-26 04:50:08.156 9 WARNING neutron_lib.context [None req-4fd01393-9e63-459b-a645-7fcb93eec0e8 b2188fa6c9f24142b0f7121217d2fc8b a1c0446a460d4de4af8c5f19f972b670 - - default default] Method 'is_advsvc' is deprecated since 2023.2 release (neutron-lib 3.8.0) and will be removed once support for the old RBAC API policies will be removed from Neutron. Please use method 'is_service_role' instead.
2026-06-26 04:50:08.260 9 INFO neutron.db.ovn_revision_numbers_db [None req-4fd01393-9e63-459b-a645-7fcb93eec0e8 b2188fa6c9f24142b0f7121217d2fc8b a1c0446a460d4de4af8c5f19f972b670 - - default default] Successfully bumped revision number for resource cc9190e9-5841-4bf3-a698-4f95952b2648 (type: security_groups) to 1
2026-06-26 04:50:08.273 9 INFO neutron.db.ovn_revision_numbers_db [None req-4fd01393-9e63-459b-a645-7fcb93eec0e8 b2188fa6c9f24142b0f7121217d2fc8b a1c0446a460d4de4af8c5f19f972b670 - - default default] Successfully bumped revision number for resource 0bcdc5a2-03c0-4ebf-8574-954d24a4173b (type: security_group_rules) to 0
2026-06-26 04:50:08.286 9 INFO neutron.db.ovn_revision_numbers_db [None req-4fd01393-9e63-459b-a645-7fcb93eec0e8 b2188fa6c9f24142b0f7121217d2fc8b a1c0446a460d4de4af8c5f19f972b670 - - default default] Successfully bumped revision number for resource d7266fdc-d618-4871-84a5-8978a00ac181 (type: security_group_rules) to 0
2026-06-26 04:50:08.338 9 INFO neutron.api.wsgi [None req-4fd01393-9e63-459b-a645-7fcb93eec0e8 b2188fa6c9f24142b0f7121217d2fc8b a1c0446a460d4de4af8c5f19f972b670 - - default default] 10.0.0.160 "POST /v2.0/security-groups HTTP/1.1" status: 201 len: 1801 time: 0.1854792
2026-06-26 04:50:08.348 9 WARNING neutron_lib.context [None req-6a53c3cf-7acd-4896-99c5-96a978eedae9 b2188fa6c9f24142b0f7121217d2fc8b a1c0446a460d4de4af8c5f19f972b670 - - default default] Method 'is_advsvc' is deprecated since 2023.2 release (neutron-lib 3.8.0) and will be removed once support for the old RBAC API policies will be removed from Neutron. Please use method 'is_service_role' instead.
2026-06-26 04:50:08.518 9 INFO neutron.db.ovn_revision_numbers_db [None req-6a53c3cf-7acd-4896-99c5-96a978eedae9 b2188fa6c9f24142b0f7121217d2fc8b a1c0446a460d4de4af8c5f19f972b670 - - default default] Successfully bumped revision number for resource 2c733ab8-8fad-4d0f-be55-6980d4f932db (type: security_groups) to 1
2026-06-26 04:50:08.526 10 INFO neutron.api.wsgi [-] 10.0.0.210 "GET / HTTP/1.1" status: 200 len: 247 time: 0.0015690
2026-06-26 04:50:08.528 10 INFO neutron.api.wsgi [-] 10.0.0.210 "GET / HTTP/1.1" status: 200 len: 247 time: 0.0009456
2026-06-26 04:50:08.530 9 INFO neutron.db.ovn_revision_numbers_db [None req-6a53c3cf-7acd-4896-99c5-96a978eedae9 b2188fa6c9f24142b0f7121217d2fc8b a1c0446a460d4de4af8c5f19f972b670 - - default default] Successfully bumped revision number for resource 475112b9-3837-4fe1-8675-9e77084bb289 (type: security_group_rules) to 0
2026-06-26 04:50:08.541 9 INFO neutron.db.ovn_revision_numbers_db [None req-6a53c3cf-7acd-4896-99c5-96a978eedae9 b2188fa6c9f24142b0f7121217d2fc8b a1c0446a460d4de4af8c5f19f972b670 - - default default] Successfully bumped revision number for resource 6f2116ae-7ac8-444c-a4bd-2f2b42b0a860 (type: security_group_rules) to 0
2026-06-26 04:50:08.546 10 INFO neutron.plugins.ml2.drivers.ovn.mech_driver.ovsdb.commands [None req-1ba8fd88-e200-4d31-8584-df0588196f8d - - - - - -] Schedule LRP lrp-685fc96e-3f5c-4ebe-817d-88bfa3cd32bc on gateway 1c8134a9-393d-445c-b5c7-51a2b32003e3 with priority 1
2026-06-26 04:50:08.577 9 INFO neutron.plugins.ml2.drivers.ovn.mech_driver.ovsdb.ovsdb_monitor [None req-b937564d-8979-4326-9c54-2a481ff057c8 - - - - - -] Router 15844cc4-4bc6-47ca-bef2-0666cae6cd42 is bound to host instance
2026-06-26 04:50:08.582 10 INFO neutron.db.ovn_revision_numbers_db [None req-2a028ea5-6ade-4408-8283-cadeb81f5dfe 158b7729050a495984523bc1f87691ef 4568e1db581344cf85756397d929f73d - - default default] Successfully bumped revision number for resource 685fc96e-3f5c-4ebe-817d-88bfa3cd32bc (type: router_ports) to 1
2026-06-26 04:50:08.605 9 INFO neutron.api.wsgi [None req-6a53c3cf-7acd-4896-99c5-96a978eedae9 b2188fa6c9f24142b0f7121217d2fc8b a1c0446a460d4de4af8c5f19f972b670 - - default default] 10.0.0.160 "POST /v2.0/security-groups HTTP/1.1" status: 201 len: 1801 time: 0.2611039
2026-06-26 04:50:08.618 10 WARNING neutron_lib.context [None req-6107fe28-09f9-4277-b3cd-06f3b9cf465f b2188fa6c9f24142b0f7121217d2fc8b a1c0446a460d4de4af8c5f19f972b670 - - default default] Method 'is_advsvc' is deprecated since 2023.2 release (neutron-lib 3.8.0) and will be removed once support for the old RBAC API policies will be removed from Neutron. Please use method 'is_service_role' instead.
2026-06-26 04:50:08.653 10 INFO neutron.db.ovn_revision_numbers_db [None req-2a028ea5-6ade-4408-8283-cadeb81f5dfe 158b7729050a495984523bc1f87691ef 4568e1db581344cf85756397d929f73d - - default default] Successfully bumped revision number for resource 15844cc4-4bc6-47ca-bef2-0666cae6cd42 (type: routers) to 2
2026-06-26 04:50:08.666 10 INFO neutron.api.wsgi [None req-2a028ea5-6ade-4408-8283-cadeb81f5dfe 158b7729050a495984523bc1f87691ef 4568e1db581344cf85756397d929f73d - - default default] 10.0.0.160 "POST /v2.0/routers HTTP/1.1" status: 201 len: 1164 time: 1.2736504
2026-06-26 04:50:08.739 10 INFO neutron.db.ovn_revision_numbers_db [None req-6107fe28-09f9-4277-b3cd-06f3b9cf465f b2188fa6c9f24142b0f7121217d2fc8b a1c0446a460d4de4af8c5f19f972b670 - - default default] Successfully bumped revision number for resource 05c7f54a-26e5-4cc3-9bb9-d1016c46c3e3 (type: security_groups) to 1
2026-06-26 04:50:08.763 10 INFO neutron.db.ovn_revision_numbers_db [None req-6107fe28-09f9-4277-b3cd-06f3b9cf465f b2188fa6c9f24142b0f7121217d2fc8b a1c0446a460d4de4af8c5f19f972b670 - - default default] Successfully bumped revision number for resource 2e6f0a1c-d8d0-47e1-ace6-cbd2adbfe260 (type: security_group_rules) to 0
2026-06-26 04:50:08.777 10 INFO neutron.db.ovn_revision_numbers_db [None req-6107fe28-09f9-4277-b3cd-06f3b9cf465f b2188fa6c9f24142b0f7121217d2fc8b a1c0446a460d4de4af8c5f19f972b670 - - default default] Successfully bumped revision number for resource a1ee8da4-6191-4786-9ee6-4d9e4585bbad (type: security_group_rules) to 0
2026-06-26 04:50:08.808 10 INFO neutron.api.wsgi [None req-6107fe28-09f9-4277-b3cd-06f3b9cf465f b2188fa6c9f24142b0f7121217d2fc8b a1c0446a460d4de4af8c5f19f972b670 - - default default] 10.0.0.160 "POST /v2.0/security-groups HTTP/1.1" status: 201 len: 1801 time: 0.1953495
2026-06-26 04:50:08.846 10 INFO neutron.api.wsgi [None req-fbeed72e-afc7-454b-8870-278b88a896ae b2188fa6c9f24142b0f7121217d2fc8b a1c0446a460d4de4af8c5f19f972b670 - - default default] 10.0.0.160 "PUT /v2.0/security-groups/1e8d35fb-adc2-4c14-b71a-041df6b621e4/tags HTTP/1.1" status: 200 len: 210 time: 0.0321550
2026-06-26 04:50:08.897 9 INFO neutron.api.wsgi [None req-a2166b10-b55d-4700-91c1-467dcff1244a b2188fa6c9f24142b0f7121217d2fc8b a1c0446a460d4de4af8c5f19f972b670 - - default default] 10.0.0.160 "PUT /v2.0/security-groups/d55f2ab2-aba7-4716-9d25-ae365f5a50ad/tags HTTP/1.1" status: 200 len: 218 time: 0.0464344
2026-06-26 04:50:08.935 9 INFO neutron.api.wsgi [None req-a734b60a-5792-4426-b77b-b7f527107015 b2188fa6c9f24142b0f7121217d2fc8b a1c0446a460d4de4af8c5f19f972b670 - - default default] 10.0.0.160 "PUT /v2.0/security-groups/cc9190e9-5841-4bf3-a698-4f95952b2648/tags HTTP/1.1" status: 200 len: 227 time: 0.0338602
2026-06-26 04:50:08.998 10 INFO neutron.api.wsgi [None req-3409b246-2379-49d2-a01b-9d86ebf19eb9 b2188fa6c9f24142b0f7121217d2fc8b a1c0446a460d4de4af8c5f19f972b670 - - default default] 10.0.0.160 "PUT /v2.0/security-groups/2c733ab8-8fad-4d0f-be55-6980d4f932db/tags HTTP/1.1" status: 200 len: 212 time: 0.0584304
2026-06-26 04:50:09.046 9 INFO neutron.api.wsgi [None req-a41c9cad-95b9-4aa9-8758-23f4f820bdae b2188fa6c9f24142b0f7121217d2fc8b a1c0446a460d4de4af8c5f19f972b670 - - default default] 10.0.0.160 "GET /v2.0/security-groups?tags=red HTTP/1.1" status: 200 len: 4999 time: 0.0416107
2026-06-26 04:50:09.048 9 INFO neutron.db.ovn_revision_numbers_db [None req-e4ef973d-db19-4061-9b46-9701fafa9627 - - - - - -] Successfully bumped revision number for resource 685fc96e-3f5c-4ebe-817d-88bfa3cd32bc (type: ports) to 1
2026-06-26 04:50:09.084 9 INFO neutron.api.wsgi [None req-68fd9baf-bd25-4d26-8c0e-4094cd419a2d b2188fa6c9f24142b0f7121217d2fc8b a1c0446a460d4de4af8c5f19f972b670 - - default default] 10.0.0.160 "GET /v2.0/security-groups?tags=red%2Cblue HTTP/1.1" status: 200 len: 3413 time: 0.0338607
2026-06-26 04:50:09.129 10 INFO neutron.api.wsgi [None req-804da908-b28c-41d0-b25e-d09116a92338 b2188fa6c9f24142b0f7121217d2fc8b a1c0446a460d4de4af8c5f19f972b670 - - default default] 10.0.0.160 "GET /v2.0/security-groups?tags-any=blue HTTP/1.1" status: 200 len: 3413 time: 0.0374632
2026-06-26 04:50:09.131 10 WARNING neutron.scheduler.dhcp_agent_scheduler [None req-237e49fc-8bba-41b6-b250-f1379d8b3a09 158b7729050a495984523bc1f87691ef 4568e1db581344cf85756397d929f73d - - default default] No more DHCP agents
2026-06-26 04:50:09.133 10 WARNING neutron.api.rpc.agentnotifiers.dhcp_rpc_agent_api [None req-237e49fc-8bba-41b6-b250-f1379d8b3a09 158b7729050a495984523bc1f87691ef 4568e1db581344cf85756397d929f73d - - default default] Unable to schedule network 4440f564-2378-4f86-be0b-91f727b9420f: no agents available; will retry on subsequent port and subnet creation events.
2026-06-26 04:50:09.181 10 INFO neutron.api.wsgi [None req-e412f858-570b-4905-a244-fed1a871ff1a b2188fa6c9f24142b0f7121217d2fc8b a1c0446a460d4de4af8c5f19f972b670 - - default default] 10.0.0.160 "GET /v2.0/security-groups?tags-any=red%2Cblue HTTP/1.1" status: 200 len: 4999 time: 0.0486300
2026-06-26 04:50:09.233 10 INFO neutron.api.wsgi [None req-c40f9995-d5a3-4499-b7f8-ec845ab9e7d7 b2188fa6c9f24142b0f7121217d2fc8b a1c0446a460d4de4af8c5f19f972b670 - - default default] 10.0.0.160 "GET /v2.0/security-groups?not-tags=red HTTP/1.1" status: 200 len: 6289 time: 0.0483377
2026-06-26 04:50:09.250 10 INFO neutron.api.wsgi [req-6be86644-00a6-4b94-b786-028f71d3cf31 req-1cfbe0ba-0d1d-4ce6-9d05-7d484554547a d33e70b2005545e780dbc4d60bf62add eb89399d0eda4ae0be6a9c2b39ab88c7 - - default default] 10.0.0.78 "GET /v2.0/ports?device_id=9f57c4cc-c87f-4403-95de-7075026bb17a HTTP/1.1" status: 200 len: 1172 time: 0.0409770
2026-06-26 04:50:09.303 10 INFO neutron.api.wsgi [None req-a21fea17-e9d5-471d-94af-bb1efb4c14ff b2188fa6c9f24142b0f7121217d2fc8b a1c0446a460d4de4af8c5f19f972b670 - - default default] 10.0.0.160 "GET /v2.0/security-groups?not-tags=red%2Cblue HTTP/1.1" status: 200 len: 7875 time: 0.0640445
2026-06-26 04:50:09.317 10 INFO neutron.api.wsgi [req-6be86644-00a6-4b94-b786-028f71d3cf31 req-0babf458-1dc9-4571-8380-9b178a73e71d d33e70b2005545e780dbc4d60bf62add eb89399d0eda4ae0be6a9c2b39ab88c7 - - default default] 10.0.0.78 "GET /v2.0/security-groups?id=3ebad95c-565f-4290-a48d-67b7c791785f&fields=id&fields=name HTTP/1.1" status: 200 len: 312 time: 0.0546522
2026-06-26 04:50:09.343 10 INFO neutron.db.ovn_revision_numbers_db [None req-237e49fc-8bba-41b6-b250-f1379d8b3a09 158b7729050a495984523bc1f87691ef 4568e1db581344cf85756397d929f73d - - default default] Successfully bumped revision number for resource 32742986-3d39-42fc-9a85-fd9ff1963dd1 (type: ports) to 1
2026-06-26 04:50:09.371 9 INFO neutron.api.wsgi [None req-d4700fa9-9171-4703-a532-760144bd7272 b2188fa6c9f24142b0f7121217d2fc8b a1c0446a460d4de4af8c5f19f972b670 - - default default] 10.0.0.160 "GET /v2.0/security-groups?not-tags-any=blue HTTP/1.1" status: 200 len: 7875 time: 0.0612977
2026-06-26 04:50:09.415 9 INFO neutron.api.wsgi [None req-f8f206f3-8a73-4494-883c-b61c6b5516cd b2188fa6c9f24142b0f7121217d2fc8b a1c0446a460d4de4af8c5f19f972b670 - - default default] 10.0.0.160 "GET /v2.0/security-groups?not-tags-any=red%2Cblue HTTP/1.1" status: 200 len: 6289 time: 0.0392513
2026-06-26 04:50:09.470 9 INFO neutron.db.ovn_revision_numbers_db [None req-e4ef973d-db19-4061-9b46-9701fafa9627 - - - - - -] Successfully bumped revision number for resource 685fc96e-3f5c-4ebe-817d-88bfa3cd32bc (type: ports) to 4
2026-06-26 04:50:09.549 9 WARNING neutron.plugins.ml2.drivers.ovn.mech_driver.ovsdb.ovn_client [None req-cf51d124-ffac-4752-9436-5d36b3e999a0 - - - - - -] No hosting information found for port ebcc3b19-3c0b-41cd-9a2e-b5c8d7405898: RuntimeError: No hosting information found for port ebcc3b19-3c0b-41cd-9a2e-b5c8d7405898
2026-06-26 04:50:09.589 10 INFO neutron.api.wsgi [None req-4c1d0e6b-185a-4b08-bbdb-0b545c466189 b2188fa6c9f24142b0f7121217d2fc8b a1c0446a460d4de4af8c5f19f972b670 - - default default] 10.0.0.160 "DELETE /v2.0/security-groups/1e8d35fb-adc2-4c14-b71a-041df6b621e4 HTTP/1.1" status: 204 len: 168 time: 0.1656864
2026-06-26 04:50:09.639 9 INFO neutron.db.ovn_revision_numbers_db [None req-cf51d124-ffac-4752-9436-5d36b3e999a0 - - - - - -] Successfully bumped revision number for resource ebcc3b19-3c0b-41cd-9a2e-b5c8d7405898 (type: router_ports) to 2
2026-06-26 04:50:09.639 9 INFO neutron.plugins.ml2.drivers.ovn.mech_driver.mech_driver [None req-cf51d124-ffac-4752-9436-5d36b3e999a0 - - - - - -] OVN reports status up for port: aaeed07d-20dc-4472-bd16-9ec26c291133
2026-06-26 04:50:09.651 9 INFO neutron.plugins.ml2.plugin [None req-cf51d124-ffac-4752-9436-5d36b3e999a0 - - - - - -] Attempt 1 to provision port aaeed07d-20dc-4472-bd16-9ec26c291133
2026-06-26 04:50:09.738 10 INFO neutron.api.wsgi [None req-0273d435-e45c-4f30-9b52-a424ca78a1c8 b2188fa6c9f24142b0f7121217d2fc8b a1c0446a460d4de4af8c5f19f972b670 - - default default] 10.0.0.160 "DELETE /v2.0/security-groups/d55f2ab2-aba7-4716-9d25-ae365f5a50ad HTTP/1.1" status: 204 len: 168 time: 0.1362808
2026-06-26 04:50:09.766 9 INFO neutron.notifiers.nova [-] Nova event matching ['req-2cc4b0e4-79a0-4ea2-8609-06d7f5c25d68'] response: {'server_uuid': '9f57c4cc-c87f-4403-95de-7075026bb17a', 'name': 'network-vif-plugged', 'status': 'completed', 'tag': 'aaeed07d-20dc-4472-bd16-9ec26c291133', 'code': 200}
2026-06-26 04:50:09.826 9 INFO neutron.db.ovn_revision_numbers_db [None req-e4ef973d-db19-4061-9b46-9701fafa9627 - - - - - -] Successfully bumped revision number for resource 685fc96e-3f5c-4ebe-817d-88bfa3cd32bc (type: ports) to 5
2026-06-26 04:50:09.897 10 INFO neutron.api.wsgi [None req-81df71ae-8dac-48b4-955e-9a344bd7d04c b2188fa6c9f24142b0f7121217d2fc8b a1c0446a460d4de4af8c5f19f972b670 - - default default] 10.0.0.160 "DELETE /v2.0/security-groups/cc9190e9-5841-4bf3-a698-4f95952b2648 HTTP/1.1" status: 204 len: 168 time: 0.1526759
2026-06-26 04:50:09.940 9 INFO neutron.db.ovn_revision_numbers_db [None req-cf51d124-ffac-4752-9436-5d36b3e999a0 - - - - - -] Successfully bumped revision number for resource aaeed07d-20dc-4472-bd16-9ec26c291133 (type: ports) to 5
2026-06-26 04:50:09.997 10 INFO neutron.db.ovn_revision_numbers_db [None req-237e49fc-8bba-41b6-b250-f1379d8b3a09 158b7729050a495984523bc1f87691ef 4568e1db581344cf85756397d929f73d - - default default] Successfully bumped revision number for resource 32742986-3d39-42fc-9a85-fd9ff1963dd1 (type: ports) to 1
2026-06-26 04:50:10.025 9 INFO neutron.plugins.ml2.drivers.ovn.mech_driver.mech_driver [None req-2c2df770-4aaf-40ad-a314-bbe1329a9753 - - - - - -] OVN reports status up for port: 685fc96e-3f5c-4ebe-817d-88bfa3cd32bc
2026-06-26 04:50:10.033 9 INFO neutron.plugins.ml2.plugin [None req-2c2df770-4aaf-40ad-a314-bbe1329a9753 - - - - - -] Attempt 1 to provision port 685fc96e-3f5c-4ebe-817d-88bfa3cd32bc
2026-06-26 04:50:10.038 9 INFO neutron.api.wsgi [None req-b06252ea-d124-46a0-9abd-cea3693115b3 b2188fa6c9f24142b0f7121217d2fc8b a1c0446a460d4de4af8c5f19f972b670 - - default default] 10.0.0.160 "DELETE /v2.0/security-groups/2c733ab8-8fad-4d0f-be55-6980d4f932db HTTP/1.1" status: 204 len: 168 time: 0.1322367 /var/lib/openstack/lib/python3.12/site-packages/pycadf/identifier.py:71: UserWarning: Invalid uuid: neutron. To ensure interoperability, identifiers should be a valid uuid. warnings.warn(('Invalid uuid: %s. To ensure interoperability, '
2026-06-26 04:50:10.050 10 WARNING neutron.scheduler.dhcp_agent_scheduler [None req-237e49fc-8bba-41b6-b250-f1379d8b3a09 158b7729050a495984523bc1f87691ef 4568e1db581344cf85756397d929f73d - - default default] No more DHCP agents
2026-06-26 04:50:10.052 10 WARNING neutron.api.rpc.agentnotifiers.dhcp_rpc_agent_api [None req-237e49fc-8bba-41b6-b250-f1379d8b3a09 158b7729050a495984523bc1f87691ef 4568e1db581344cf85756397d929f73d - - default default] Unable to schedule network 4440f564-2378-4f86-be0b-91f727b9420f: no agents available; will retry on subsequent port and subnet creation events.
2026-06-26 04:50:10.129 9 INFO neutron.plugins.ml2.drivers.ovn.mech_driver.mech_driver [None req-2c2df770-4aaf-40ad-a314-bbe1329a9753 - - - - - -] OVN reports status up for port: 32742986-3d39-42fc-9a85-fd9ff1963dd1
2026-06-26 04:50:10.143 9 INFO neutron.plugins.ml2.plugin [None req-2c2df770-4aaf-40ad-a314-bbe1329a9753 - - - - - -] Attempt 1 to provision port 32742986-3d39-42fc-9a85-fd9ff1963dd1
2026-06-26 04:50:10.206 9 INFO neutron.api.wsgi [None req-cc857aad-6250-41f4-a598-b18c5a6fc77b b2188fa6c9f24142b0f7121217d2fc8b a1c0446a460d4de4af8c5f19f972b670 - - default default] 10.0.0.160 "DELETE /v2.0/security-groups/05c7f54a-26e5-4cc3-9bb9-d1016c46c3e3 HTTP/1.1" status: 204 len: 168 time: 0.1632218
2026-06-26 04:50:10.440 10 INFO neutron.api.wsgi [req-f516d8ac-d74f-4f64-9c0a-21556324d239 req-98e356d1-14e8-410f-b9d7-4d6c9e92ebf2 d33e70b2005545e780dbc4d60bf62add eb89399d0eda4ae0be6a9c2b39ab88c7 - - default default] 10.0.0.78 "GET /v2.0/ports?device_id=9f57c4cc-c87f-4403-95de-7075026bb17a HTTP/1.1" status: 200 len: 1174 time: 0.0398424
2026-06-26 04:50:10.507 9 INFO neutron.db.ovn_revision_numbers_db [None req-2c2df770-4aaf-40ad-a314-bbe1329a9753 - - - - - -] Successfully bumped revision number for resource 32742986-3d39-42fc-9a85-fd9ff1963dd1 (type: ports) to 2
2026-06-26 04:50:10.512 10 INFO neutron.api.wsgi [req-f516d8ac-d74f-4f64-9c0a-21556324d239 req-8751aa4a-1e7e-4f69-a90f-b401e9003d06 d33e70b2005545e780dbc4d60bf62add eb89399d0eda4ae0be6a9c2b39ab88c7 - - default default] 10.0.0.78 "GET /v2.0/security-groups?id=3ebad95c-565f-4290-a48d-67b7c791785f&fields=id&fields=name HTTP/1.1" status: 200 len: 312 time: 0.0593326
2026-06-26 04:50:10.798 10 INFO neutron.db.ovn_revision_numbers_db [None req-237e49fc-8bba-41b6-b250-f1379d8b3a09 158b7729050a495984523bc1f87691ef 4568e1db581344cf85756397d929f73d - - default default] Successfully bumped revision number for resource 32742986-3d39-42fc-9a85-fd9ff1963dd1 (type: router_ports) to 1
2026-06-26 04:50:10.803 10 INFO neutron.api.wsgi [None req-237e49fc-8bba-41b6-b250-f1379d8b3a09 158b7729050a495984523bc1f87691ef 4568e1db581344cf85756397d929f73d - - default default] 10.0.0.160 "PUT /v2.0/routers/15844cc4-4bc6-47ca-bef2-0666cae6cd42/add_router_interface HTTP/1.1" status: 200 len: 503 time: 2.1294591
2026-06-26 04:50:11.323 9 INFO neutron.db.ovn_revision_numbers_db [None req-93754ce1-a199-4557-bc0f-327f155fe0ef 158b7729050a495984523bc1f87691ef 4568e1db581344cf85756397d929f73d - - default default] Successfully bumped revision number for resource fbbbd8eb-ece3-479b-b013-1329d501cb98 (type: security_groups) to 1
2026-06-26 04:50:11.337 9 INFO neutron.db.ovn_revision_numbers_db [None req-93754ce1-a199-4557-bc0f-327f155fe0ef 158b7729050a495984523bc1f87691ef 4568e1db581344cf85756397d929f73d - - default default] Successfully bumped revision number for resource 097c724a-d997-4334-afe9-b2902b45236d (type: security_group_rules) to 0
2026-06-26 04:50:11.367 9 INFO neutron.db.ovn_revision_numbers_db [None req-93754ce1-a199-4557-bc0f-327f155fe0ef 158b7729050a495984523bc1f87691ef 4568e1db581344cf85756397d929f73d - - default default] Successfully bumped revision number for resource 3201c7bb-cc9a-42a0-bdb8-1df350676f99 (type: security_group_rules) to 0
2026-06-26 04:50:11.380 9 INFO neutron.db.ovn_revision_numbers_db [None req-93754ce1-a199-4557-bc0f-327f155fe0ef 158b7729050a495984523bc1f87691ef 4568e1db581344cf85756397d929f73d - - default default] Successfully bumped revision number for resource 6a17cfcf-e501-4e4f-a272-21b665da10c7 (type: security_group_rules) to 0
2026-06-26 04:50:11.392 9 INFO neutron.db.ovn_revision_numbers_db [None req-93754ce1-a199-4557-bc0f-327f155fe0ef 158b7729050a495984523bc1f87691ef 4568e1db581344cf85756397d929f73d - - default default] Successfully bumped revision number for resource e985890e-5526-49a7-9625-7d363cc06633 (type: security_group_rules) to 0
2026-06-26 04:50:11.432 9 INFO neutron.api.wsgi [None req-93754ce1-a199-4557-bc0f-327f155fe0ef 158b7729050a495984523bc1f87691ef 4568e1db581344cf85756397d929f73d - - default default] 10.0.0.160 "GET /v2.0/security-groups?tenant_id=6fcc68b9b2b040d6a4b40fd3bb298918&name=default HTTP/1.1" status: 200 len: 3120 time: 0.3574448
2026-06-26 04:50:11.567 10 WARNING neutron_lib.context [None req-0a7c637e-a50f-4897-a205-766b9623e29c 4b888630fba24348843a1a35d140d95a 9c9dde338ec44271bd81dcda37867b6e - - default default] Method 'is_advsvc' is deprecated since 2023.2 release (neutron-lib 3.8.0) and will be removed once support for the old RBAC API policies will be removed from Neutron. Please use method 'is_service_role' instead.
2026-06-26 04:50:11.614 10 INFO neutron.api.wsgi [req-6961a885-372e-49d1-b67c-2b6a7e9dfcab req-323a84aa-36a8-47e5-8918-ca391cc1f1c8 d33e70b2005545e780dbc4d60bf62add eb89399d0eda4ae0be6a9c2b39ab88c7 - - default default] 10.0.0.78 "GET /v2.0/ports?device_id=9f57c4cc-c87f-4403-95de-7075026bb17a HTTP/1.1" status: 200 len: 1174 time: 0.0351973
2026-06-26 04:50:11.645 9 INFO neutron.api.wsgi [None req-3a7a143d-7c88-4d35-b68a-e21e614c694b 158b7729050a495984523bc1f87691ef 4568e1db581344cf85756397d929f73d - - default default] 10.0.0.160 "DELETE /v2.0/security-groups/fbbbd8eb-ece3-479b-b013-1329d501cb98 HTTP/1.1" status: 204 len: 168 time: 0.2094882
2026-06-26 04:50:11.663 10 INFO neutron.api.wsgi [req-6961a885-372e-49d1-b67c-2b6a7e9dfcab req-b49d4640-c259-43d8-afa1-a7c08eb31325 d33e70b2005545e780dbc4d60bf62add eb89399d0eda4ae0be6a9c2b39ab88c7 - - default default] 10.0.0.78 "GET /v2.0/security-groups?id=3ebad95c-565f-4290-a48d-67b7c791785f&fields=id&fields=name HTTP/1.1" status: 200 len: 312 time: 0.0425286
2026-06-26 04:50:11.701 10 INFO neutron.db.ovn_revision_numbers_db [None req-0a7c637e-a50f-4897-a205-766b9623e29c 4b888630fba24348843a1a35d140d95a 9c9dde338ec44271bd81dcda37867b6e - - default default] Successfully bumped revision number for resource 02babd19-427b-493b-b22c-35f2bd4674ef (type: security_groups) to 1
2026-06-26 04:50:11.721 10 INFO neutron.db.ovn_revision_numbers_db [None req-0a7c637e-a50f-4897-a205-766b9623e29c 4b888630fba24348843a1a35d140d95a 9c9dde338ec44271bd81dcda37867b6e - - default default] Successfully bumped revision number for resource 61d7b41e-021a-4f50-8e55-722cfd0cfa6f (type: security_group_rules) to 0
2026-06-26 04:50:11.746 10 INFO neutron.db.ovn_revision_numbers_db [None req-0a7c637e-a50f-4897-a205-766b9623e29c 4b888630fba24348843a1a35d140d95a 9c9dde338ec44271bd81dcda37867b6e - - default default] Successfully bumped revision number for resource f0f31764-68ff-4e53-9941-3c46971e46cd (type: security_group_rules) to 0
2026-06-26 04:50:11.772 10 INFO neutron.api.wsgi [req-a78cec14-e8f8-4869-bb58-40ba800a094b req-879faa0a-4966-470d-bc6e-a764f9956962 d33e70b2005545e780dbc4d60bf62add eb89399d0eda4ae0be6a9c2b39ab88c7 - - default default] 10.0.0.78 "GET /v2.0/ports?device_id=9f57c4cc-c87f-4403-95de-7075026bb17a HTTP/1.1" status: 200 len: 1174 time: 0.0428967
2026-06-26 04:50:11.799 9 INFO neutron.notifiers.nova [-] Nova event matching ['req-61549a52-4b4e-4c1d-9ce4-421737ea892a'] response: {'server_uuid': '9f57c4cc-c87f-4403-95de-7075026bb17a', 'name': 'network-vif-plugged', 'status': 'completed', 'tag': 'aaeed07d-20dc-4472-bd16-9ec26c291133', 'code': 200}
2026-06-26 04:50:11.801 10 INFO neutron.api.wsgi [None req-0a7c637e-a50f-4897-a205-766b9623e29c 4b888630fba24348843a1a35d140d95a 9c9dde338ec44271bd81dcda37867b6e - - default default] 10.0.0.160 "POST /v2.0/security-groups HTTP/1.1" status: 201 len: 1873 time: 0.2387333
2026-06-26 04:50:11.816 9 WARNING neutron_lib.context [None req-1403c279-abd3-4f48-9678-98e0987347d6 4b888630fba24348843a1a35d140d95a 9c9dde338ec44271bd81dcda37867b6e - - default default] Method 'is_advsvc' is deprecated since 2023.2 release (neutron-lib 3.8.0) and will be removed once support for the old RBAC API policies will be removed from Neutron. Please use method 'is_service_role' instead.
2026-06-26 04:50:11.824 10 INFO neutron.api.wsgi [req-a78cec14-e8f8-4869-bb58-40ba800a094b req-ec8cf316-bff0-4d6a-a438-aeac28171c4d d33e70b2005545e780dbc4d60bf62add eb89399d0eda4ae0be6a9c2b39ab88c7 - - default default] 10.0.0.78 "GET /v2.0/security-groups?id=3ebad95c-565f-4290-a48d-67b7c791785f&fields=id&fields=name HTTP/1.1" status: 200 len: 312 time: 0.0433249
2026-06-26 04:50:11.893 10 INFO neutron.api.wsgi [None req-221f3b16-0e36-45b2-b911-1a1647f200a8 5a29e3532b0a4d89bd0be052d7c86907 190da68c09fc4f42ba99437a0300d1c4 - - default default] 10.0.0.160 "GET /v2.0/ports?device_id=9f57c4cc-c87f-4403-95de-7075026bb17a HTTP/1.1" status: 200 len: 1408 time: 0.0394630
2026-06-26 04:50:11.900 10 WARNING neutron_lib.context [None req-ec5a388d-cef4-4644-be69-c47b15537992 d33e70b2005545e780dbc4d60bf62add eb89399d0eda4ae0be6a9c2b39ab88c7 - - default default] Method 'is_advsvc' is deprecated since 2023.2 release (neutron-lib 3.8.0) and will be removed once support for the old RBAC API policies will be removed from Neutron. Please use method 'is_service_role' instead.
2026-06-26 04:50:11.912 9 INFO neutron.db.ovn_revision_numbers_db [None req-baac738e-7fd6-48f1-91d6-86fe13a48673 158b7729050a495984523bc1f87691ef 4568e1db581344cf85756397d929f73d - - default default] Successfully bumped revision number for resource d11e8ea4-8b94-4cd7-8871-23d2489b9dd2 (type: security_groups) to 1
2026-06-26 04:50:11.942 9 INFO neutron.db.ovn_revision_numbers_db [None req-baac738e-7fd6-48f1-91d6-86fe13a48673 158b7729050a495984523bc1f87691ef 4568e1db581344cf85756397d929f73d - - default default] Successfully bumped revision number for resource 0141a6ad-5a31-4e22-93bf-61bda8fb2e28 (type: security_group_rules) to 0
2026-06-26 04:50:11.961 9 INFO neutron.db.ovn_revision_numbers_db [None req-baac738e-7fd6-48f1-91d6-86fe13a48673 158b7729050a495984523bc1f87691ef 4568e1db581344cf85756397d929f73d - - default default] Successfully bumped revision number for resource 3553f5ce-d0c7-4003-8394-4cfa41dc8aff (type: security_group_rules) to 0
2026-06-26 04:50:11.975 9 INFO neutron.db.ovn_revision_numbers_db [None req-baac738e-7fd6-48f1-91d6-86fe13a48673 158b7729050a495984523bc1f87691ef 4568e1db581344cf85756397d929f73d - - default default] Successfully bumped revision number for resource 5850d370-e752-4039-a1d9-e99d36dc0735 (type: security_group_rules) to 0
2026-06-26 04:50:11.976 9 INFO neutron.db.ovn_revision_numbers_db [None req-1403c279-abd3-4f48-9678-98e0987347d6 4b888630fba24348843a1a35d140d95a 9c9dde338ec44271bd81dcda37867b6e - - default default] Successfully bumped revision number for resource bc3f560f-818c-4f0c-afc7-bd04e9cfa975 (type: security_group_rules) to 0
2026-06-26 04:50:12.011 9 INFO neutron.db.ovn_revision_numbers_db [None req-baac738e-7fd6-48f1-91d6-86fe13a48673 158b7729050a495984523bc1f87691ef 4568e1db581344cf85756397d929f73d - - default default] Successfully bumped revision number for resource ca3a201e-961c-4e5c-b7d1-6aeaa6ffd4af (type: security_group_rules) to 0
2026-06-26 04:50:12.037 9 INFO neutron.api.wsgi [None req-1403c279-abd3-4f48-9678-98e0987347d6 4b888630fba24348843a1a35d140d95a 9c9dde338ec44271bd81dcda37867b6e - - default default] 10.0.0.160 "POST /v2.0/security-group-rules HTTP/1.1" status: 201 len: 796 time: 0.2256029
2026-06-26 04:50:12.049 9 WARNING neutron_lib.context [None req-cf50b402-083f-48b4-8b40-0efbb788a320 4b888630fba24348843a1a35d140d95a 9c9dde338ec44271bd81dcda37867b6e - - default default] Method 'is_advsvc' is deprecated since 2023.2 release (neutron-lib 3.8.0) and will be removed once support for the old RBAC API policies will be removed from Neutron. Please use method 'is_service_role' instead.
2026-06-26 04:50:12.059 9 INFO neutron.api.wsgi [None req-baac738e-7fd6-48f1-91d6-86fe13a48673 158b7729050a495984523bc1f87691ef 4568e1db581344cf85756397d929f73d - - default default] 10.0.0.160 "GET /v2.0/security-groups?tenant_id=f66b66cce0564392ae77822322cac43f&name=default HTTP/1.1" status: 200 len: 3120 time: 0.2967026
2026-06-26 04:50:12.132 10 WARNING neutron.scheduler.dhcp_agent_scheduler [None req-ec5a388d-cef4-4644-be69-c47b15537992 d33e70b2005545e780dbc4d60bf62add eb89399d0eda4ae0be6a9c2b39ab88c7 - - default default] No more DHCP agents
2026-06-26 04:50:12.133 10 WARNING neutron.api.rpc.agentnotifiers.dhcp_rpc_agent_api [None req-ec5a388d-cef4-4644-be69-c47b15537992 d33e70b2005545e780dbc4d60bf62add eb89399d0eda4ae0be6a9c2b39ab88c7 - - default default] Unable to schedule network 11789b96-5912-42f6-902a-d4b9fa3b0e1f: no agents available; will retry on subsequent port and subnet creation events.
2026-06-26 04:50:12.169 9 INFO neutron.db.ovn_revision_numbers_db [None req-cf50b402-083f-48b4-8b40-0efbb788a320 4b888630fba24348843a1a35d140d95a 9c9dde338ec44271bd81dcda37867b6e - - default default] Successfully bumped revision number for resource aebc15fb-6c74-41aa-a5eb-9d7b74c247fa (type: security_group_rules) to 0
2026-06-26 04:50:12.210 9 INFO neutron.api.wsgi [None req-cf50b402-083f-48b4-8b40-0efbb788a320 4b888630fba24348843a1a35d140d95a 9c9dde338ec44271bd81dcda37867b6e - - default default] 10.0.0.160 "POST /v2.0/security-group-rules HTTP/1.1" status: 201 len: 795 time: 0.1662107
2026-06-26 04:50:12.223 10 WARNING neutron_lib.context [None req-7d271700-7de2-412f-987c-894f485a8bb5 4b888630fba24348843a1a35d140d95a 9c9dde338ec44271bd81dcda37867b6e - - default default] Method 'is_advsvc' is deprecated since 2023.2 release (neutron-lib 3.8.0) and will be removed once support for the old RBAC API policies will be removed from Neutron. Please use method 'is_service_role' instead.
2026-06-26 04:50:12.315 10 INFO neutron.api.wsgi [None req-3f56cdb4-353d-4692-af93-5aa34b8226de 158b7729050a495984523bc1f87691ef 4568e1db581344cf85756397d929f73d - - default default] 10.0.0.160 "DELETE /v2.0/security-groups/d11e8ea4-8b94-4cd7-8871-23d2489b9dd2 HTTP/1.1" status: 204 len: 168 time: 0.2506409
2026-06-26 04:50:12.477 9 INFO neutron.api.wsgi [None req-918816c8-52cd-4121-9faa-8845f10503ee 158b7729050a495984523bc1f87691ef 4568e1db581344cf85756397d929f73d - - default default] 10.0.0.160 "GET /v2.0/security-groups?tenant_id=a1c0446a460d4de4af8c5f19f972b670&name=default HTTP/1.1" status: 200 len: 3120 time: 0.0374401
