2026-06-26 04:51:45.223 9 INFO neutron.services.segments.plugin [-] Segment b5b471b4-4687-4ba3-b89d-70d2c15d4f74 resource provider not found; error: Placement Client Error (4xx): {"errors": [{"status": 404, "title": "Not Found", "detail": "The resource could not be found.\n\n No resource provider with uuid b5b471b4-4687-4ba3-b89d-70d2c15d4f74 found for delete ", "request_id": "req-d0263e08-a382-428d-9887-4dd28c6a0e48"}]}
2026-06-26 04:51:45.229 9 INFO neutron.services.segments.plugin [-] Segment b5b471b4-4687-4ba3-b89d-70d2c15d4f74 resource provider not found; error: Placement Client Error (4xx): {"errors": [{"status": 404, "title": "Not Found", "detail": "The resource could not be found.\n\n No resource provider with uuid b5b471b4-4687-4ba3-b89d-70d2c15d4f74 found for delete ", "request_id": "req-cf4c1a05-7551-4406-8d1e-f48c9c20fb0a"}]}
2026-06-26 04:51:45.260 9 INFO neutron.api.wsgi [None req-2363412c-9e34-4d31-8f9c-cd64c9006aa1 99cca19d3c374f91830a04df3ffceb1d 16df53d1fa43468e8c68b53f3356357f - - default default] 10.0.0.160 "DELETE /v2.0/vpn/vpnservices/dc7b48f0-d234-4f16-8e90-e25f818b7b30 HTTP/1.1" status: 204 len: 168 time: 2.6939819
2026-06-26 04:51:45.327 9 INFO neutron.api.wsgi [None req-bd0d40ea-4cc4-4cb3-a766-7de001ed94c0 99cca19d3c374f91830a04df3ffceb1d 16df53d1fa43468e8c68b53f3356357f - - default default] 10.0.0.160 "GET /v2.0/routers/8386ef46-4efe-4f14-a03d-f6f26e68b110 HTTP/1.1" status: 200 len: 1136 time: 0.0617144
2026-06-26 04:51:45.406 10 INFO neutron.api.wsgi [None req-03eed076-98e1-4310-b1f0-23f717785cc7 158b7729050a495984523bc1f87691ef 4568e1db581344cf85756397d929f73d - - default default] 10.0.0.160 "DELETE /v2.0/security-groups/e18345b3-61ce-440c-9892-dc99de3729b7 HTTP/1.1" status: 204 len: 168 time: 0.2218263
2026-06-26 04:51:45.624 10 INFO neutron.db.ovn_revision_numbers_db [None req-bc969f02-9ce8-4631-86f1-4e4570219a45 158b7729050a495984523bc1f87691ef 4568e1db581344cf85756397d929f73d - - default default] Successfully bumped revision number for resource 14ab11c0-5f99-4ea4-8beb-6fb8d8054694 (type: security_groups) to 1
2026-06-26 04:51:45.650 10 INFO neutron.db.ovn_revision_numbers_db [None req-bc969f02-9ce8-4631-86f1-4e4570219a45 158b7729050a495984523bc1f87691ef 4568e1db581344cf85756397d929f73d - - default default] Successfully bumped revision number for resource 0b1f95b1-b513-4282-ae9d-1a70c4e67beb (type: security_group_rules) to 0
2026-06-26 04:51:45.676 10 INFO neutron.db.ovn_revision_numbers_db [None req-bc969f02-9ce8-4631-86f1-4e4570219a45 158b7729050a495984523bc1f87691ef 4568e1db581344cf85756397d929f73d - - default default] Successfully bumped revision number for resource bbacc09a-85a4-4d75-b776-6f7b1ea92fc8 (type: security_group_rules) to 0
2026-06-26 04:51:45.693 10 INFO neutron.db.ovn_revision_numbers_db [None req-bc969f02-9ce8-4631-86f1-4e4570219a45 158b7729050a495984523bc1f87691ef 4568e1db581344cf85756397d929f73d - - default default] Successfully bumped revision number for resource e6ea6dc0-74ab-4a31-ab9b-3e8cc64560a9 (type: security_group_rules) to 0
2026-06-26 04:51:45.714 10 INFO neutron.db.ovn_revision_numbers_db [None req-bc969f02-9ce8-4631-86f1-4e4570219a45 158b7729050a495984523bc1f87691ef 4568e1db581344cf85756397d929f73d - - default default] Successfully bumped revision number for resource ffc4dc61-55f7-435c-beb2-83dc60e1f267 (type: security_group_rules) to 0
2026-06-26 04:51:45.789 10 INFO neutron.api.wsgi [None req-bc969f02-9ce8-4631-86f1-4e4570219a45 158b7729050a495984523bc1f87691ef 4568e1db581344cf85756397d929f73d - - default default] 10.0.0.160 "GET /v2.0/security-groups?tenant_id=f19d1b9be9dc4987b2a1683386a079d6&name=default HTTP/1.1" status: 200 len: 3124 time: 0.3036919
2026-06-26 04:51:46.049 10 INFO neutron.api.wsgi [None req-d9607477-826a-464f-93e7-7fafe4e3c0ac 158b7729050a495984523bc1f87691ef 4568e1db581344cf85756397d929f73d - - default default] 10.0.0.160 "DELETE /v2.0/security-groups/14ab11c0-5f99-4ea4-8beb-6fb8d8054694 HTTP/1.1" status: 204 len: 168 time: 0.2535362
2026-06-26 04:51:46.051 10 INFO neutron.db.ovn_revision_numbers_db [None req-784975e6-c8ea-42c1-8fd9-dc3d99b34c7f 99cca19d3c374f91830a04df3ffceb1d 16df53d1fa43468e8c68b53f3356357f - - default default] Successfully bumped revision number for resource 8386ef46-4efe-4f14-a03d-f6f26e68b110 (type: routers) to 11
2026-06-26 04:51:46.056 10 INFO neutron.api.wsgi [None req-784975e6-c8ea-42c1-8fd9-dc3d99b34c7f 99cca19d3c374f91830a04df3ffceb1d 16df53d1fa43468e8c68b53f3356357f - - default default] 10.0.0.160 "PUT /v2.0/routers/8386ef46-4efe-4f14-a03d-f6f26e68b110 HTTP/1.1" status: 200 len: 1136 time: 0.7244561
2026-06-26 04:51:46.127 9 INFO neutron.api.wsgi [None req-88a63321-11e8-4dfc-a50f-4a6cd07be4c6 99cca19d3c374f91830a04df3ffceb1d 16df53d1fa43468e8c68b53f3356357f - - default default] 10.0.0.160 "GET /v2.0/ports?device_id=8386ef46-4efe-4f14-a03d-f6f26e68b110 HTTP/1.1" status: 200 len: 1140 time: 0.0656309
2026-06-26 04:51:46.899 10 INFO neutron.api.wsgi [None req-13b5e785-a7b5-418f-95bc-f9ff621f2d0c 99cca19d3c374f91830a04df3ffceb1d 16df53d1fa43468e8c68b53f3356357f - - default default] 10.0.0.160 "PUT /v2.0/routers/8386ef46-4efe-4f14-a03d-f6f26e68b110/remove_router_interface HTTP/1.1" status: 200 len: 503 time: 0.7675593 /var/lib/openstack/lib/python3.12/site-packages/pycadf/identifier.py:71: UserWarning: Invalid uuid: neutron. To ensure interoperability, identifiers should be a valid uuid. warnings.warn(('Invalid uuid: %s. To ensure interoperability, '
2026-06-26 04:51:47.217 9 WARNING neutron.plugins.ml2.drivers.ovn.mech_driver.ovsdb.ovn_client [None req-afa8d502-59cf-4d4f-8592-7bf19d3cdbc5 - - - - - -] No hosting information found for port a68d0589-4068-4292-89a9-34754b7f0f1c: RuntimeError: No hosting information found for port a68d0589-4068-4292-89a9-34754b7f0f1c
2026-06-26 04:51:47.281 9 INFO neutron.db.ovn_revision_numbers_db [None req-afa8d502-59cf-4d4f-8592-7bf19d3cdbc5 - - - - - -] Successfully bumped revision number for resource a68d0589-4068-4292-89a9-34754b7f0f1c (type: router_ports) to 2
2026-06-26 04:51:47.317 9 INFO neutron.plugins.ml2.drivers.ovn.mech_driver.mech_driver [None req-afa8d502-59cf-4d4f-8592-7bf19d3cdbc5 - - - - - -] OVN reports status up for port: 999cadb0-0add-4e4e-ba34-012073c582c3
2026-06-26 04:51:47.326 9 INFO neutron.plugins.ml2.plugin [None req-afa8d502-59cf-4d4f-8592-7bf19d3cdbc5 - - - - - -] Attempt 1 to provision port 999cadb0-0add-4e4e-ba34-012073c582c3
2026-06-26 04:51:47.422 9 INFO neutron.notifiers.nova [-] Nova event matching ['req-c432d681-3f4d-4dc0-bf2e-5569d91cf9d9'] response: {'server_uuid': '47fce8f1-2ef0-4826-b5ba-c1bc029c1375', 'name': 'network-vif-plugged', 'status': 'completed', 'tag': '999cadb0-0add-4e4e-ba34-012073c582c3', 'code': 200}
2026-06-26 04:51:47.528 10 INFO neutron.api.wsgi [None req-bf32bfeb-4396-4942-b07a-2debcffc3478 99cca19d3c374f91830a04df3ffceb1d 16df53d1fa43468e8c68b53f3356357f - - default default] 10.0.0.160 "DELETE /v2.0/routers/8386ef46-4efe-4f14-a03d-f6f26e68b110 HTTP/1.1" status: 204 len: 168 time: 0.6227021
2026-06-26 04:51:47.541 9 INFO neutron.db.ovn_revision_numbers_db [None req-afa8d502-59cf-4d4f-8592-7bf19d3cdbc5 - - - - - -] Successfully bumped revision number for resource 999cadb0-0add-4e4e-ba34-012073c582c3 (type: ports) to 5
2026-06-26 04:51:47.586 10 INFO neutron.api.wsgi [None req-78d7d3e2-50f7-4a38-a1ca-0d4f29663e43 99cca19d3c374f91830a04df3ffceb1d 16df53d1fa43468e8c68b53f3356357f - - default default] 10.0.0.160 "GET /v2.0/routers/a38c48f6-e4ab-44b0-92d0-105c33c98c1e HTTP/1.1" status: 200 len: 1136 time: 0.0546710
2026-06-26 04:51:47.601 9 INFO neutron.plugins.ml2.drivers.ovn.mech_driver.mech_driver [None req-af2d3c06-cf5f-4ea6-9591-077e918f42ff - - - - - -] OVN reports status up for port: 694b43d1-890c-4128-8645-f94f258da707
2026-06-26 04:51:48.486 10 INFO neutron.db.ovn_revision_numbers_db [None req-c474d20b-14fe-4c25-b567-c47e235e8a9b 99cca19d3c374f91830a04df3ffceb1d 16df53d1fa43468e8c68b53f3356357f - - default default] Successfully bumped revision number for resource a38c48f6-e4ab-44b0-92d0-105c33c98c1e (type: routers) to 5
2026-06-26 04:51:48.491 10 INFO neutron.api.wsgi [None req-c474d20b-14fe-4c25-b567-c47e235e8a9b 99cca19d3c374f91830a04df3ffceb1d 16df53d1fa43468e8c68b53f3356357f - - default default] 10.0.0.160 "PUT /v2.0/routers/a38c48f6-e4ab-44b0-92d0-105c33c98c1e HTTP/1.1" status: 200 len: 1136 time: 0.8998682
2026-06-26 04:51:48.569 10 INFO neutron.api.wsgi [None req-fe918a3a-f792-4df5-8223-b19e9f04dabe 99cca19d3c374f91830a04df3ffceb1d 16df53d1fa43468e8c68b53f3356357f - - default default] 10.0.0.160 "GET /v2.0/ports?device_id=a38c48f6-e4ab-44b0-92d0-105c33c98c1e HTTP/1.1" status: 200 len: 1144 time: 0.0721028
2026-06-26 04:51:49.423 10 INFO neutron.api.wsgi [None req-9c0fcae6-8943-48cf-bf8d-10b31377087f 99cca19d3c374f91830a04df3ffceb1d 16df53d1fa43468e8c68b53f3356357f - - default default] 10.0.0.160 "PUT /v2.0/routers/a38c48f6-e4ab-44b0-92d0-105c33c98c1e/remove_router_interface HTTP/1.1" status: 200 len: 503 time: 0.8475854 /var/lib/openstack/lib/python3.12/site-packages/pycadf/identifier.py:71: UserWarning: Invalid uuid: neutron. To ensure interoperability, identifiers should be a valid uuid. warnings.warn(('Invalid uuid: %s. To ensure interoperability, '
2026-06-26 04:51:49.480 9 INFO neutron.notifiers.nova [-] Nova event matching ['req-3b75fd04-e6af-4f24-a79e-a247c79cf792'] response: {'server_uuid': '47fce8f1-2ef0-4826-b5ba-c1bc029c1375', 'name': 'network-vif-plugged', 'status': 'completed', 'tag': '999cadb0-0add-4e4e-ba34-012073c582c3', 'code': 200}
2026-06-26 04:51:49.583 10 INFO neutron.api.wsgi [req-88c0103e-4674-4819-8a1b-716d8f862997 req-98ebc50d-d854-43dc-b702-40d06b1842c4 174154b59f8849158b3363920af84693 70e87adce11e49c2aad1b2711abc08df - - default default] 10.0.0.78 "GET /v2.0/ports?device_id=47fce8f1-2ef0-4826-b5ba-c1bc029c1375 HTTP/1.1" status: 200 len: 1400 time: 0.1008325
2026-06-26 04:51:49.630 10 INFO neutron.api.wsgi [req-88c0103e-4674-4819-8a1b-716d8f862997 req-4cea2623-4c4c-4185-914e-0ad6b67b1886 174154b59f8849158b3363920af84693 70e87adce11e49c2aad1b2711abc08df - - default default] 10.0.0.78 "GET /v2.0/security-groups?id=3d7ef305-8d84-4eba-8751-b6313e13fd06&fields=id&fields=name HTTP/1.1" status: 200 len: 311 time: 0.0431721 /var/lib/openstack/lib/python3.12/site-packages/pycadf/identifier.py:71: UserWarning: Invalid uuid: neutron. To ensure interoperability, identifiers should be a valid uuid. warnings.warn(('Invalid uuid: %s. To ensure interoperability, '
2026-06-26 04:51:49.737 9 INFO neutron.api.wsgi [None req-cae297ca-25f4-4cd5-9cef-21cd3128e502 174154b59f8849158b3363920af84693 70e87adce11e49c2aad1b2711abc08df - - default default] 10.0.0.160 "GET /v2.0/ports?network_id=e9762c2b-90f5-489d-bfed-75493c50a432&mac_address=fa%3A16%3A3e%3Aa1%3A7b%3A22 HTTP/1.1" status: 200 len: 1395 time: 0.0850580
2026-06-26 04:51:49.745 9 WARNING neutron_lib.context [None req-9e5ecfc8-edc1-4d5f-a628-569c60518c79 174154b59f8849158b3363920af84693 70e87adce11e49c2aad1b2711abc08df - - default default] Method 'is_advsvc' is deprecated since 2023.2 release (neutron-lib 3.8.0) and will be removed once support for the old RBAC API policies will be removed from Neutron. Please use method 'is_service_role' instead.
2026-06-26 04:51:49.957 9 WARNING neutron.scheduler.dhcp_agent_scheduler [None req-9e5ecfc8-edc1-4d5f-a628-569c60518c79 174154b59f8849158b3363920af84693 70e87adce11e49c2aad1b2711abc08df - - default default] No more DHCP agents
2026-06-26 04:51:49.959 9 WARNING neutron.api.rpc.agentnotifiers.dhcp_rpc_agent_api [None req-9e5ecfc8-edc1-4d5f-a628-569c60518c79 174154b59f8849158b3363920af84693 70e87adce11e49c2aad1b2711abc08df - - default default] Unable to schedule network 11789b96-5912-42f6-902a-d4b9fa3b0e1f: no agents available; will retry on subsequent port and subnet creation events.
2026-06-26 04:51:50.204 10 INFO neutron.api.wsgi [None req-b8492657-fef8-4bbe-8f7d-4f8dbb170506 99cca19d3c374f91830a04df3ffceb1d 16df53d1fa43468e8c68b53f3356357f - - default default] 10.0.0.160 "DELETE /v2.0/routers/a38c48f6-e4ab-44b0-92d0-105c33c98c1e HTTP/1.1" status: 204 len: 168 time: 0.7773068
2026-06-26 04:51:50.278 10 INFO neutron.api.wsgi [None req-4f641954-2638-48a3-a8e3-00e7128e2283 99cca19d3c374f91830a04df3ffceb1d 16df53d1fa43468e8c68b53f3356357f - - default default] 10.0.0.160 "GET /v2.0/routers/cad8fda7-f665-4d96-b004-447b57a77244 HTTP/1.1" status: 200 len: 1137 time: 0.0667129
2026-06-26 04:51:50.776 9 INFO neutron.db.ovn_revision_numbers_db [None req-9e5ecfc8-edc1-4d5f-a628-569c60518c79 174154b59f8849158b3363920af84693 70e87adce11e49c2aad1b2711abc08df - - default default] Successfully bumped revision number for resource c623193a-ef83-4bd3-af56-01a9082d1772 (type: floatingips) to -1
2026-06-26 04:51:50.874 9 INFO neutron.db.ovn_revision_numbers_db [None req-9e5ecfc8-edc1-4d5f-a628-569c60518c79 174154b59f8849158b3363920af84693 70e87adce11e49c2aad1b2711abc08df - - default default] Successfully bumped revision number for resource c623193a-ef83-4bd3-af56-01a9082d1772 (type: floatingips) to 1
2026-06-26 04:51:50.876 9 INFO neutron.db.l3_db [None req-9e5ecfc8-edc1-4d5f-a628-569c60518c79 174154b59f8849158b3363920af84693 70e87adce11e49c2aad1b2711abc08df - - default default] Floating IP c623193a-ef83-4bd3-af56-01a9082d1772 associated. External IP: 10.96.250.204, port: 999cadb0-0add-4e4e-ba34-012073c582c3.
2026-06-26 04:51:50.931 9 INFO neutron.api.wsgi [None req-9e5ecfc8-edc1-4d5f-a628-569c60518c79 174154b59f8849158b3363920af84693 70e87adce11e49c2aad1b2711abc08df - - default default] 10.0.0.160 "POST /v2.0/floatingips HTTP/1.1" status: 201 len: 1054 time: 1.1889882
2026-06-26 04:51:50.955 10 INFO neutron.db.ovn_revision_numbers_db [None req-493881ba-f944-411c-86a4-db1a2b7291d8 99cca19d3c374f91830a04df3ffceb1d 16df53d1fa43468e8c68b53f3356357f - - default default] Successfully bumped revision number for resource cad8fda7-f665-4d96-b004-447b57a77244 (type: routers) to 5
2026-06-26 04:51:50.960 10 INFO neutron.api.wsgi [None req-493881ba-f944-411c-86a4-db1a2b7291d8 99cca19d3c374f91830a04df3ffceb1d 16df53d1fa43468e8c68b53f3356357f - - default default] 10.0.0.160 "PUT /v2.0/routers/cad8fda7-f665-4d96-b004-447b57a77244 HTTP/1.1" status: 200 len: 1137 time: 0.6713901
2026-06-26 04:51:51.045 10 INFO neutron.api.wsgi [req-1d14c559-9854-46bc-ad62-e860dc545dbf req-d84f3bfa-f5b1-4656-99e3-8498ccc463d5 174154b59f8849158b3363920af84693 70e87adce11e49c2aad1b2711abc08df - - default default] 10.0.0.78 "GET /v2.0/security-groups?name=tempest-lb_member_SG-1818715735&fields=id&tenant_id=70e87adce11e49c2aad1b2711abc08df HTTP/1.1" status: 200 len: 267 time: 0.0344565
2026-06-26 04:51:51.053 10 INFO neutron.api.wsgi [None req-1b81f841-961e-4022-8fb5-7342334c44cd 99cca19d3c374f91830a04df3ffceb1d 16df53d1fa43468e8c68b53f3356357f - - default default] 10.0.0.160 "GET /v2.0/ports?device_id=cad8fda7-f665-4d96-b004-447b57a77244 HTTP/1.1" status: 200 len: 1144 time: 0.0879655 /var/lib/openstack/lib/python3.12/site-packages/pycadf/identifier.py:71: UserWarning: Invalid uuid: neutron. To ensure interoperability, identifiers should be a valid uuid. warnings.warn(('Invalid uuid: %s. To ensure interoperability, '
2026-06-26 04:51:51.091 10 INFO neutron.api.wsgi [req-1d14c559-9854-46bc-ad62-e860dc545dbf req-98e288f1-6f48-48b9-80e4-974dfba7e0a6 174154b59f8849158b3363920af84693 70e87adce11e49c2aad1b2711abc08df - - default default] 10.0.0.78 "GET /v2.0/networks?id=a4fea58c-0d65-488c-a7b5-eba66330ed01 HTTP/1.1" status: 200 len: 903 time: 0.0369935
2026-06-26 04:51:51.108 10 INFO neutron.api.wsgi [req-1d14c559-9854-46bc-ad62-e860dc545dbf req-1674e9ea-7153-4a76-b848-3421cbb85f4a 174154b59f8849158b3363920af84693 70e87adce11e49c2aad1b2711abc08df - - default default] 10.0.0.78 "GET /v2.0/quotas/70e87adce11e49c2aad1b2711abc08df HTTP/1.1" status: 200 len: 491 time: 0.0118065
2026-06-26 04:51:51.233 10 INFO neutron.api.wsgi [req-1d14c559-9854-46bc-ad62-e860dc545dbf req-0f07e8aa-b371-44d6-ab31-a93322cd9ca7 174154b59f8849158b3363920af84693 70e87adce11e49c2aad1b2711abc08df - - default default] 10.0.0.78 "GET /v2.0/ports?tenant_id=70e87adce11e49c2aad1b2711abc08df&fields=id HTTP/1.1" status: 200 len: 532 time: 0.1209278
2026-06-26 04:51:51.287 10 INFO neutron.api.wsgi [req-1d14c559-9854-46bc-ad62-e860dc545dbf req-dd9e5623-38ed-4248-9af9-ffa5b48d8bcf c20f319dc3984ebba267d56c940622e0 63cdc91da5f546ba891e6589aa3bc125 - - 8963cce63f5c42bc8c9d87b82fbe7c54 8963cce63f5c42bc8c9d87b82fbe7c54] 10.0.0.78 "GET /v2.0/networks/a4fea58c-0d65-488c-a7b5-eba66330ed01?fields=segments HTTP/1.1" status: 200 len: 212 time: 0.0457733
2026-06-26 04:51:51.333 10 INFO neutron.api.wsgi [req-1d14c559-9854-46bc-ad62-e860dc545dbf req-537f4a76-5e1e-4cdf-a75b-ef31e7c3dbc3 c20f319dc3984ebba267d56c940622e0 63cdc91da5f546ba891e6589aa3bc125 - - 8963cce63f5c42bc8c9d87b82fbe7c54 8963cce63f5c42bc8c9d87b82fbe7c54] 10.0.0.78 "GET /v2.0/networks/a4fea58c-0d65-488c-a7b5-eba66330ed01?fields=provider%3Aphysical_network&fields=provider%3Anetwork_type HTTP/1.1" status: 200 len: 277 time: 0.0403838
2026-06-26 04:51:51.440 10 INFO neutron.api.wsgi [req-df913111-d55c-45c8-9a27-62d9b8cfdaf0 req-1e6d715e-539c-4432-96a0-a0046b28c208 174154b59f8849158b3363920af84693 70e87adce11e49c2aad1b2711abc08df - - default default] 10.0.0.78 "GET /v2.0/ports?device_id=95ee305d-2132-430b-93a5-aeafe9da7da0 HTTP/1.1" status: 200 len: 210 time: 0.0185826
2026-06-26 04:51:51.517 9 INFO neutron.notifiers.nova [-] Nova event matching ['req-1f79fd80-fbbc-41ed-8a99-6a83bbf31d10'] response: {'name': 'network-changed', 'server_uuid': '47fce8f1-2ef0-4826-b5ba-c1bc029c1375', 'tag': '999cadb0-0add-4e4e-ba34-012073c582c3', 'status': 'completed', 'code': 200}
2026-06-26 04:51:51.797 9 INFO neutron.api.wsgi [None req-995cc5d9-5370-48e3-b172-8251beb75d41 99cca19d3c374f91830a04df3ffceb1d 16df53d1fa43468e8c68b53f3356357f - - default default] 10.0.0.160 "PUT /v2.0/routers/cad8fda7-f665-4d96-b004-447b57a77244/remove_router_interface HTTP/1.1" status: 200 len: 503 time: 0.7384973 /var/lib/openstack/lib/python3.12/site-packages/pycadf/identifier.py:71: UserWarning: Invalid uuid: neutron. To ensure interoperability, identifiers should be a valid uuid. warnings.warn(('Invalid uuid: %s. To ensure interoperability, '
2026-06-26 04:51:52.061 9 INFO neutron.api.wsgi [req-aaa0d46c-c0c3-4827-aaab-64e2c9b34a3d req-7dd163f8-cd55-4360-85ff-66a570a0d9bb c20f319dc3984ebba267d56c940622e0 63cdc91da5f546ba891e6589aa3bc125 - - 8963cce63f5c42bc8c9d87b82fbe7c54 8963cce63f5c42bc8c9d87b82fbe7c54] 199.204.45.115 "GET /v2.0/ports?tenant_id=70e87adce11e49c2aad1b2711abc08df&device_id=47fce8f1-2ef0-4826-b5ba-c1bc029c1375 HTTP/1.1" status: 200 len: 1638 time: 0.0340533
2026-06-26 04:51:52.119 9 INFO neutron.api.wsgi [req-aaa0d46c-c0c3-4827-aaab-64e2c9b34a3d req-c2750809-94d0-46cd-bb74-46d988f593b8 c20f319dc3984ebba267d56c940622e0 63cdc91da5f546ba891e6589aa3bc125 - - 8963cce63f5c42bc8c9d87b82fbe7c54 8963cce63f5c42bc8c9d87b82fbe7c54] 199.204.45.115 "GET /v2.0/networks?id=e9762c2b-90f5-489d-bfed-75493c50a432 HTTP/1.1" status: 200 len: 1002 time: 0.0541079
2026-06-26 04:51:52.161 9 INFO neutron.api.wsgi [req-aaa0d46c-c0c3-4827-aaab-64e2c9b34a3d req-8559899a-c12c-44cf-a097-ea6536d0a5b7 c20f319dc3984ebba267d56c940622e0 63cdc91da5f546ba891e6589aa3bc125 - - 8963cce63f5c42bc8c9d87b82fbe7c54 8963cce63f5c42bc8c9d87b82fbe7c54] 199.204.45.115 "GET /v2.0/floatingips?fixed_ip_address=10.2.1.123&port_id=999cadb0-0add-4e4e-ba34-012073c582c3 HTTP/1.1" status: 200 len: 1059 time: 0.0364630
2026-06-26 04:51:52.180 9 INFO neutron.api.wsgi [req-aaa0d46c-c0c3-4827-aaab-64e2c9b34a3d req-cb455629-0562-4858-957c-acc14c3329ab c20f319dc3984ebba267d56c940622e0 63cdc91da5f546ba891e6589aa3bc125 - - 8963cce63f5c42bc8c9d87b82fbe7c54 8963cce63f5c42bc8c9d87b82fbe7c54] 199.204.45.115 "GET /v2.0/floatingips?fixed_ip_address=fd7b%3Af9f7%3Afff%3A4eca%3A%3A34f&port_id=999cadb0-0add-4e4e-ba34-012073c582c3 HTTP/1.1" status: 200 len: 217 time: 0.0152979
2026-06-26 04:51:52.219 9 INFO neutron.api.wsgi [req-aaa0d46c-c0c3-4827-aaab-64e2c9b34a3d req-3bcb860a-ec4d-47d4-b2ba-f8512df2c8a9 c20f319dc3984ebba267d56c940622e0 63cdc91da5f546ba891e6589aa3bc125 - - 8963cce63f5c42bc8c9d87b82fbe7c54 8963cce63f5c42bc8c9d87b82fbe7c54] 199.204.45.115 "GET /v2.0/subnets?id=be5c5ff7-c18d-41b7-af87-3a16bd368895&id=2dd0e803-b691-44b2-9ea5-c39513775777 HTTP/1.1" status: 200 len: 1610 time: 0.0334430
2026-06-26 04:51:52.240 9 INFO neutron.api.wsgi [req-aaa0d46c-c0c3-4827-aaab-64e2c9b34a3d req-763113fd-75c1-4043-8289-0ac41fd6e47c c20f319dc3984ebba267d56c940622e0 63cdc91da5f546ba891e6589aa3bc125 - - 8963cce63f5c42bc8c9d87b82fbe7c54 8963cce63f5c42bc8c9d87b82fbe7c54] 199.204.45.115 "GET /v2.0/ports?network_id=e9762c2b-90f5-489d-bfed-75493c50a432&device_owner=network%3Adhcp HTTP/1.1" status: 200 len: 210 time: 0.0157259
2026-06-26 04:51:52.265 9 INFO neutron.api.wsgi [req-aaa0d46c-c0c3-4827-aaab-64e2c9b34a3d req-0437cb8b-50f8-49a2-9e91-add86d600472 c20f319dc3984ebba267d56c940622e0 63cdc91da5f546ba891e6589aa3bc125 - - 8963cce63f5c42bc8c9d87b82fbe7c54 8963cce63f5c42bc8c9d87b82fbe7c54] 199.204.45.115 "GET /v2.0/ports?network_id=e9762c2b-90f5-489d-bfed-75493c50a432&device_owner=network%3Adhcp HTTP/1.1" status: 200 len: 210 time: 0.0185528
2026-06-26 04:51:52.326 9 INFO neutron.api.wsgi [req-aaa0d46c-c0c3-4827-aaab-64e2c9b34a3d req-62c6bf11-1d11-4e7c-8a6a-6463317ce823 c20f319dc3984ebba267d56c940622e0 63cdc91da5f546ba891e6589aa3bc125 - - 8963cce63f5c42bc8c9d87b82fbe7c54 8963cce63f5c42bc8c9d87b82fbe7c54] 199.204.45.115 "GET /v2.0/networks/e9762c2b-90f5-489d-bfed-75493c50a432?fields=segments HTTP/1.1" status: 200 len: 212 time: 0.0553579
2026-06-26 04:51:52.382 9 INFO neutron.api.wsgi [req-aaa0d46c-c0c3-4827-aaab-64e2c9b34a3d req-f129ea60-9d81-43e2-8def-9fd6459ec88d c20f319dc3984ebba267d56c940622e0 63cdc91da5f546ba891e6589aa3bc125 - - 8963cce63f5c42bc8c9d87b82fbe7c54 8963cce63f5c42bc8c9d87b82fbe7c54] 199.204.45.115 "GET /v2.0/networks/e9762c2b-90f5-489d-bfed-75493c50a432?fields=provider%3Aphysical_network&fields=provider%3Anetwork_type HTTP/1.1" status: 200 len: 277 time: 0.0496705
2026-06-26 04:51:52.566 9 INFO neutron.api.wsgi [None req-6c9201ba-5a55-4841-b27a-84b95603df1a 99cca19d3c374f91830a04df3ffceb1d 16df53d1fa43468e8c68b53f3356357f - - default default] 10.0.0.160 "DELETE /v2.0/routers/cad8fda7-f665-4d96-b004-447b57a77244 HTTP/1.1" status: 204 len: 168 time: 0.7626226
2026-06-26 04:51:52.584 10 INFO neutron.api.v2.resource [None req-1ed40a05-c29d-4b3a-95bd-554619debdf7 99cca19d3c374f91830a04df3ffceb1d 16df53d1fa43468e8c68b53f3356357f - - default default] show failed (client error): The resource could not be found.
2026-06-26 04:51:52.585 10 INFO neutron.api.wsgi [None req-1ed40a05-c29d-4b3a-95bd-554619debdf7 99cca19d3c374f91830a04df3ffceb1d 16df53d1fa43468e8c68b53f3356357f - - default default] 10.0.0.160 "GET /v2.0/routers/df0c6c42-4948-4c4a-b481-718e973aa300 HTTP/1.1" status: 404 len: 336 time: 0.0148423
2026-06-26 04:51:52.737 10 INFO neutron.api.wsgi [None req-65985ae9-a496-437a-9f52-7db199731eab 99cca19d3c374f91830a04df3ffceb1d 16df53d1fa43468e8c68b53f3356357f - - default default] 10.0.0.160 "DELETE /v2.0/subnets/164e6238-f0b9-471c-8ec4-27d7cc0266fd HTTP/1.1" status: 204 len: 168 time: 0.1469481
2026-06-26 04:51:52.907 10 INFO neutron.api.wsgi [None req-d6dcb09a-e914-42f5-9a73-f1f63fb0d029 99cca19d3c374f91830a04df3ffceb1d 16df53d1fa43468e8c68b53f3356357f - - default default] 10.0.0.160 "DELETE /v2.0/subnets/1b3107bb-8c9c-40d0-8a7b-98090b642714 HTTP/1.1" status: 204 len: 168 time: 0.1655471
2026-06-26 04:51:53.069 9 INFO neutron.api.wsgi [None req-4ada2780-1557-4b8f-ac83-26d1f30ee8ac 99cca19d3c374f91830a04df3ffceb1d 16df53d1fa43468e8c68b53f3356357f - - default default] 10.0.0.160 "DELETE /v2.0/subnets/83671850-eea8-4065-be30-f5f95f012483 HTTP/1.1" status: 204 len: 168 time: 0.1574337
2026-06-26 04:51:53.087 9 INFO neutron.pecan_wsgi.hooks.translation [None req-b5a3d182-1bf2-4793-866e-b59386831164 99cca19d3c374f91830a04df3ffceb1d 16df53d1fa43468e8c68b53f3356357f - - default default] DELETE failed (client error): The resource could not be found.
2026-06-26 04:51:53.089 9 INFO neutron.api.wsgi [None req-b5a3d182-1bf2-4793-866e-b59386831164 99cca19d3c374f91830a04df3ffceb1d 16df53d1fa43468e8c68b53f3356357f - - default default] 10.0.0.160 "DELETE /v2.0/subnets/d79163ee-1358-4409-b89e-4d9f8a8521c5 HTTP/1.1" status: 404 len: 337 time: 0.0148683
2026-06-26 04:51:53.417 10 INFO neutron.services.segments.plugin [-] Segment 3f85893e-4f89-436f-a4ba-120dc39075f1 resource provider aggregate not found
2026-06-26 04:51:53.426 10 INFO neutron.services.segments.plugin [-] Segment 3f85893e-4f89-436f-a4ba-120dc39075f1 resource provider aggregate not found
2026-06-26 04:51:53.434 10 INFO neutron.services.segments.plugin [-] Segment 3f85893e-4f89-436f-a4ba-120dc39075f1 resource provider not found; error: Placement Client Error (4xx): {"errors": [{"status": 404, "title": "Not Found", "detail": "The resource could not be found.\n\n No resource provider with uuid 3f85893e-4f89-436f-a4ba-120dc39075f1 found for delete ", "request_id": "req-b89416e5-e44f-4e00-8b6b-725368985894"}]}
2026-06-26 04:51:53.441 10 INFO neutron.services.segments.plugin [-] Segment 3f85893e-4f89-436f-a4ba-120dc39075f1 resource provider not found; error: Placement Client Error (4xx): {"errors": [{"status": 404, "title": "Not Found", "detail": "The resource could not be found.\n\n No resource provider with uuid 3f85893e-4f89-436f-a4ba-120dc39075f1 found for delete ", "request_id": "req-978b8a69-3d7d-457d-a005-56aa04452d51"}]}
2026-06-26 04:51:53.460 10 INFO neutron.api.wsgi [None req-4f7f1b2e-acc3-4ec0-8d40-c6410b39593b 99cca19d3c374f91830a04df3ffceb1d 16df53d1fa43468e8c68b53f3356357f - - default default] 10.0.0.160 "DELETE /v2.0/networks/4a7e1360-8618-47c7-ba87-2f0e1cf3f216 HTTP/1.1" status: 204 len: 168 time: 0.3620689
2026-06-26 04:51:53.527 10 INFO neutron.api.wsgi [-] 10.0.0.210 "GET / HTTP/1.1" status: 200 len: 247 time: 0.0023036
2026-06-26 04:51:53.529 9 INFO neutron.api.wsgi [-] 10.0.0.210 "GET / HTTP/1.1" status: 200 len: 247 time: 0.0028887
2026-06-26 04:51:53.603 10 INFO neutron.api.wsgi [None req-dace169a-a7ab-4bb9-b341-e1a9127cfc9f 158b7729050a495984523bc1f87691ef 4568e1db581344cf85756397d929f73d - - default default] 10.0.0.213 "GET /v2.0/networks HTTP/1.1" status: 200 len: 6133 time: 0.1805658
2026-06-26 04:51:53.654 10 INFO neutron.api.wsgi [None req-65af80e1-b2ed-4095-ae92-935a353f49cd 158b7729050a495984523bc1f87691ef 4568e1db581344cf85756397d929f73d - - default default] 10.0.0.213 "GET /v2.0/security-groups HTTP/1.1" status: 200 len: 31734 time: 0.0459886
2026-06-26 04:51:53.721 10 INFO neutron.api.wsgi [None req-0fb0d8bc-6730-4b9b-8805-b39ee3a0f5a7 158b7729050a495984523bc1f87691ef 4568e1db581344cf85756397d929f73d - - default default] 10.0.0.213 "GET /v2.0/ports HTTP/1.1" status: 200 len: 16034 time: 0.0589123
2026-06-26 04:51:53.753 10 INFO neutron.api.wsgi [None req-a72fac4c-9a69-4b74-8501-b3b17c8c7314 158b7729050a495984523bc1f87691ef 4568e1db581344cf85756397d929f73d - - default default] 10.0.0.213 "GET /v2.0/agents HTTP/1.1" status: 200 len: 1390 time: 0.0211437
2026-06-26 04:51:53.762 9 INFO neutron.services.segments.plugin [-] Segment 639b60a7-7e41-4236-9a6d-2a0bcee9ecd0 resource provider aggregate not found
2026-06-26 04:51:53.766 9 INFO neutron.services.segments.plugin [-] Segment 639b60a7-7e41-4236-9a6d-2a0bcee9ecd0 resource provider aggregate not found
2026-06-26 04:51:53.772 9 INFO neutron.services.segments.plugin [-] Segment 639b60a7-7e41-4236-9a6d-2a0bcee9ecd0 resource provider not found; error: Placement Client Error (4xx): {"errors": [{"status": 404, "title": "Not Found", "detail": "The resource could not be found.\n\n No resource provider with uuid 639b60a7-7e41-4236-9a6d-2a0bcee9ecd0 found for delete ", "request_id": "req-78dae7a1-1444-4c11-95b4-a489284b5e2d"}]}
2026-06-26 04:51:53.782 9 INFO neutron.services.segments.plugin [-] Segment 639b60a7-7e41-4236-9a6d-2a0bcee9ecd0 resource provider not found; error: Placement Client Error (4xx): {"errors": [{"status": 404, "title": "Not Found", "detail": "The resource could not be found.\n\n No resource provider with uuid 639b60a7-7e41-4236-9a6d-2a0bcee9ecd0 found for delete ", "request_id": "req-5a8e8277-6398-4319-b376-c4426102b583"}]}
2026-06-26 04:51:53.799 9 INFO neutron.api.wsgi [None req-2e15e1c2-9a36-49c9-9429-0e519972d2fc 99cca19d3c374f91830a04df3ffceb1d 16df53d1fa43468e8c68b53f3356357f - - default default] 10.0.0.160 "DELETE /v2.0/networks/96dce103-6582-442a-b084-82733b53d351 HTTP/1.1" status: 204 len: 168 time: 0.3329360
2026-06-26 04:51:53.822 10 INFO neutron.api.wsgi [None req-7ae50197-e2aa-4f30-b7d9-cfc1c32cc9cc 158b7729050a495984523bc1f87691ef 4568e1db581344cf85756397d929f73d - - default default] 10.0.0.213 "GET /v2.0/floatingips HTTP/1.1" status: 200 len: 1035 time: 0.0679817
2026-06-26 04:51:53.917 10 INFO neutron.api.wsgi [None req-5e491809-358b-4e56-b828-8cc22ba73297 158b7729050a495984523bc1f87691ef 4568e1db581344cf85756397d929f73d - - default default] 10.0.0.213 "GET /v2.0/routers HTTP/1.1" status: 200 len: 1140 time: 0.0933952
2026-06-26 04:51:53.929 10 INFO neutron.api.wsgi [None req-1b45e863-a6c0-4ec4-91e8-e3026f82a507 158b7729050a495984523bc1f87691ef 4568e1db581344cf85756397d929f73d - - default default] 10.0.0.213 "GET /v2.0/agents?binary=ovn-controller HTTP/1.1" status: 200 len: 591 time: 0.0104096
2026-06-26 04:51:53.949 10 INFO neutron.api.wsgi [None req-c2224cd5-e3f3-468d-bc91-a8caffb9e3d6 158b7729050a495984523bc1f87691ef 4568e1db581344cf85756397d929f73d - - default default] 10.0.0.213 "GET /v2.0/network-ip-availabilities HTTP/1.1" status: 200 len: 3629 time: 0.0187812
2026-06-26 04:51:53.994 10 INFO neutron.api.wsgi [None req-81fff50c-b20a-4ec9-98b5-ce073fd522fa 158b7729050a495984523bc1f87691ef 4568e1db581344cf85756397d929f73d - - default default] 10.0.0.213 "GET /v2.0/subnets HTTP/1.1" status: 200 len: 5687 time: 0.0428166
2026-06-26 04:51:54.009 10 INFO neutron.api.wsgi [None req-0c3b351e-f66d-4953-8f9b-e84b3663a125 158b7729050a495984523bc1f87691ef 4568e1db581344cf85756397d929f73d - - default default] 10.0.0.213 "GET /v2.0/subnetpools HTTP/1.1" status: 200 len: 193 time: 0.0126703
2026-06-26 04:51:54.048 10 INFO neutron.api.wsgi [None req-e86895b0-94ff-484e-90c9-7c105ca50e06 158b7729050a495984523bc1f87691ef 4568e1db581344cf85756397d929f73d - - default default] 10.0.0.213 "GET /v2.0/subnets HTTP/1.1" status: 200 len: 5687 time: 0.0377796
2026-06-26 04:51:54.226 10 INFO neutron.api.wsgi [None req-70d474d7-0029-43d5-8226-9bfd06a1c536 99cca19d3c374f91830a04df3ffceb1d 16df53d1fa43468e8c68b53f3356357f - - default default] 10.0.0.160 "DELETE /v2.0/networks/f4733480-9cd2-4a06-9a65-0f8461dd4a51 HTTP/1.1" status: 204 len: 168 time: 0.4233282
2026-06-26 04:51:54.241 10 INFO neutron.pecan_wsgi.hooks.translation [None req-906695ea-fbf1-45b3-906e-cec3eb97218d 99cca19d3c374f91830a04df3ffceb1d 16df53d1fa43468e8c68b53f3356357f - - default default] DELETE failed (client error): The resource could not be found.
2026-06-26 04:51:54.243 10 INFO neutron.api.wsgi [None req-906695ea-fbf1-45b3-906e-cec3eb97218d 99cca19d3c374f91830a04df3ffceb1d 16df53d1fa43468e8c68b53f3356357f - - default default] 10.0.0.160 "DELETE /v2.0/networks/d635cf1c-3982-45dc-b2c0-cb393b851f53 HTTP/1.1" status: 404 len: 339 time: 0.0128319
2026-06-26 04:51:54.964 10 INFO neutron.api.wsgi [None req-be076d53-79bd-49dc-9a50-abdeed2b1d03 158b7729050a495984523bc1f87691ef 4568e1db581344cf85756397d929f73d - - default default] 10.0.0.160 "GET /v2.0/security-groups?tenant_id=16df53d1fa43468e8c68b53f3356357f&name=default HTTP/1.1" status: 200 len: 3120 time: 0.1313622
2026-06-26 04:51:55.168 10 INFO neutron.api.wsgi [None req-fddcfbdb-c858-4954-a16c-66d5acf54006 158b7729050a495984523bc1f87691ef 4568e1db581344cf85756397d929f73d - - default default] 10.0.0.160 "DELETE /v2.0/security-groups/c0aa60de-ff91-4c09-8888-b5ade90c4fa2 HTTP/1.1" status: 204 len: 168 time: 0.1988778
2026-06-26 04:51:55.348 9 INFO neutron.db.ovn_revision_numbers_db [None req-57996bc5-3cf2-480a-93db-fdf99526094c 158b7729050a495984523bc1f87691ef 4568e1db581344cf85756397d929f73d - - default default] Successfully bumped revision number for resource dab9b5d0-51ad-4849-9961-b31bb831528a (type: security_groups) to 1
2026-06-26 04:51:55.360 9 INFO neutron.db.ovn_revision_numbers_db [None req-57996bc5-3cf2-480a-93db-fdf99526094c 158b7729050a495984523bc1f87691ef 4568e1db581344cf85756397d929f73d - - default default] Successfully bumped revision number for resource 267289d1-0339-432b-92c5-44ab8fd2e875 (type: security_group_rules) to 0
2026-06-26 04:51:55.371 9 INFO neutron.db.ovn_revision_numbers_db [None req-57996bc5-3cf2-480a-93db-fdf99526094c 158b7729050a495984523bc1f87691ef 4568e1db581344cf85756397d929f73d - - default default] Successfully bumped revision number for resource 8af971d5-9ef0-434a-8d61-43272c557017 (type: security_group_rules) to 0
2026-06-26 04:51:55.384 9 INFO neutron.db.ovn_revision_numbers_db [None req-57996bc5-3cf2-480a-93db-fdf99526094c 158b7729050a495984523bc1f87691ef 4568e1db581344cf85756397d929f73d - - default default] Successfully bumped revision number for resource 93357d87-cb60-4c72-983b-0462be376bf7 (type: security_group_rules) to 0
2026-06-26 04:51:55.397 9 INFO neutron.db.ovn_revision_numbers_db [None req-57996bc5-3cf2-480a-93db-fdf99526094c 158b7729050a495984523bc1f87691ef 4568e1db581344cf85756397d929f73d - - default default] Successfully bumped revision number for resource edad1c03-fdd8-45f6-8a6e-05052793eab8 (type: security_group_rules) to 0
2026-06-26 04:51:55.431 9 INFO neutron.api.wsgi [None req-57996bc5-3cf2-480a-93db-fdf99526094c 158b7729050a495984523bc1f87691ef 4568e1db581344cf85756397d929f73d - - default default] 10.0.0.160 "GET /v2.0/security-groups?tenant_id=4bd044c300bb4dac90ff327a18afef62&name=default HTTP/1.1" status: 200 len: 3124 time: 0.1839154
2026-06-26 04:51:55.453 10 INFO neutron.services.segments.plugin [-] Segment d4302cc1-ebb0-4dea-8927-ddf54a7c4e56 resource provider aggregate not found
2026-06-26 04:51:55.457 10 INFO neutron.services.segments.plugin [-] Segment d4302cc1-ebb0-4dea-8927-ddf54a7c4e56 resource provider aggregate not found
2026-06-26 04:51:55.466 10 INFO neutron.services.segments.plugin [-] Segment d4302cc1-ebb0-4dea-8927-ddf54a7c4e56 resource provider not found; error: Placement Client Error (4xx): {"errors": [{"status": 404, "title": "Not Found", "detail": "The resource could not be found.\n\n No resource provider with uuid d4302cc1-ebb0-4dea-8927-ddf54a7c4e56 found for delete ", "request_id": "req-37a43f9a-6e69-4acb-a172-cb847f1bb854"}]}
2026-06-26 04:51:55.470 10 INFO neutron.services.segments.plugin [-] Segment d4302cc1-ebb0-4dea-8927-ddf54a7c4e56 resource provider not found; error: Placement Client Error (4xx): {"errors": [{"status": 404, "title": "Not Found", "detail": "The resource could not be found.\n\n No resource provider with uuid d4302cc1-ebb0-4dea-8927-ddf54a7c4e56 found for delete ", "request_id": "req-82e918dd-d810-4571-9841-33e13967651f"}]}
2026-06-26 04:51:55.630 9 INFO neutron.api.wsgi [None req-a07e2bba-a09d-4013-8d97-4c3d6b845a14 158b7729050a495984523bc1f87691ef 4568e1db581344cf85756397d929f73d - - default default] 10.0.0.160 "DELETE /v2.0/security-groups/dab9b5d0-51ad-4849-9961-b31bb831528a HTTP/1.1" status: 204 len: 168 time: 0.1943378
2026-06-26 04:51:55.736 9 INFO neutron.api.wsgi [req-1d14c559-9854-46bc-ad62-e860dc545dbf req-1d7095f4-cb39-4ab5-bf93-5d1b258b756d 174154b59f8849158b3363920af84693 70e87adce11e49c2aad1b2711abc08df - - default default] 199.204.45.115 "GET /v2.0/networks?id=a4fea58c-0d65-488c-a7b5-eba66330ed01 HTTP/1.1" status: 200 len: 903 time: 0.0458550
2026-06-26 04:51:55.772 9 INFO neutron.api.wsgi [req-1d14c559-9854-46bc-ad62-e860dc545dbf req-8113cb11-e8c1-40f4-af5b-6b09a6f8a9e9 174154b59f8849158b3363920af84693 70e87adce11e49c2aad1b2711abc08df - - default default] 199.204.45.115 "GET /v2.0/security-groups?fields=id&fields=name&tenant_id=70e87adce11e49c2aad1b2711abc08df HTTP/1.1" status: 200 len: 378 time: 0.0309017
2026-06-26 04:51:55.781 9 WARNING neutron_lib.context [req-1d14c559-9854-46bc-ad62-e860dc545dbf req-879f9bf3-b82a-46f6-8c1d-b4925226567e 174154b59f8849158b3363920af84693 70e87adce11e49c2aad1b2711abc08df - - default default] Method 'is_advsvc' is deprecated since 2023.2 release (neutron-lib 3.8.0) and will be removed once support for the old RBAC API policies will be removed from Neutron. Please use method 'is_service_role' instead.
2026-06-26 04:51:56.108 9 WARNING neutron.scheduler.dhcp_agent_scheduler [req-1d14c559-9854-46bc-ad62-e860dc545dbf req-879f9bf3-b82a-46f6-8c1d-b4925226567e 174154b59f8849158b3363920af84693 70e87adce11e49c2aad1b2711abc08df - - default default] No more DHCP agents
2026-06-26 04:51:56.110 9 WARNING neutron.api.rpc.agentnotifiers.dhcp_rpc_agent_api [req-1d14c559-9854-46bc-ad62-e860dc545dbf req-879f9bf3-b82a-46f6-8c1d-b4925226567e 174154b59f8849158b3363920af84693 70e87adce11e49c2aad1b2711abc08df - - default default] Unable to schedule network a4fea58c-0d65-488c-a7b5-eba66330ed01: no agents available; will retry on subsequent port and subnet creation events.
2026-06-26 04:51:56.234 9 INFO neutron.db.ovn_revision_numbers_db [req-1d14c559-9854-46bc-ad62-e860dc545dbf req-879f9bf3-b82a-46f6-8c1d-b4925226567e 174154b59f8849158b3363920af84693 70e87adce11e49c2aad1b2711abc08df - - default default] Successfully bumped revision number for resource 1c4dc0b7-ff4f-483e-93c8-1c628be2ab1c (type: ports) to 1
2026-06-26 04:51:56.256 9 INFO neutron.api.wsgi [req-1d14c559-9854-46bc-ad62-e860dc545dbf req-879f9bf3-b82a-46f6-8c1d-b4925226567e 174154b59f8849158b3363920af84693 70e87adce11e49c2aad1b2711abc08df - - default default] 199.204.45.115 "POST /v2.0/ports HTTP/1.1" status: 201 len: 1392 time: 0.4789906 /var/lib/openstack/lib/python3.12/site-packages/pycadf/identifier.py:71: UserWarning: Invalid uuid: neutron. To ensure interoperability, identifiers should be a valid uuid. warnings.warn(('Invalid uuid: %s. To ensure interoperability, '
2026-06-26 04:51:56.572 10 INFO neutron.api.wsgi [req-bd2abe51-76a2-4574-af92-55dc45d14caf req-9f6bcc67-a989-4549-afa4-f43f078bb793 174154b59f8849158b3363920af84693 70e87adce11e49c2aad1b2711abc08df - - default default] 10.0.0.78 "GET /v2.0/ports?device_id=95ee305d-2132-430b-93a5-aeafe9da7da0 HTTP/1.1" status: 200 len: 1402 time: 0.0706203
2026-06-26 04:51:56.614 10 INFO neutron.api.wsgi [req-bd2abe51-76a2-4574-af92-55dc45d14caf req-6f9750ec-682c-4931-9a74-80e32e271ac9 174154b59f8849158b3363920af84693 70e87adce11e49c2aad1b2711abc08df - - default default] 10.0.0.78 "GET /v2.0/security-groups?id=3d7ef305-8d84-4eba-8751-b6313e13fd06&fields=id&fields=name HTTP/1.1" status: 200 len: 311 time: 0.0352752
2026-06-26 04:51:56.920 9 INFO neutron.db.ovn_revision_numbers_db [req-1d14c559-9854-46bc-ad62-e860dc545dbf req-dcfe9254-cd0d-4fbb-b49d-a0a00524df7b c20f319dc3984ebba267d56c940622e0 63cdc91da5f546ba891e6589aa3bc125 - - 8963cce63f5c42bc8c9d87b82fbe7c54 8963cce63f5c42bc8c9d87b82fbe7c54] Successfully bumped revision number for resource 1c4dc0b7-ff4f-483e-93c8-1c628be2ab1c (type: ports) to 2
2026-06-26 04:51:57.127 9 INFO neutron.db.ovn_revision_numbers_db [req-1d14c559-9854-46bc-ad62-e860dc545dbf req-dcfe9254-cd0d-4fbb-b49d-a0a00524df7b c20f319dc3984ebba267d56c940622e0 63cdc91da5f546ba891e6589aa3bc125 - - 8963cce63f5c42bc8c9d87b82fbe7c54 8963cce63f5c42bc8c9d87b82fbe7c54] Successfully bumped revision number for resource 1c4dc0b7-ff4f-483e-93c8-1c628be2ab1c (type: ports) to 4
2026-06-26 04:51:57.144 9 INFO neutron.api.wsgi [req-1d14c559-9854-46bc-ad62-e860dc545dbf req-dcfe9254-cd0d-4fbb-b49d-a0a00524df7b c20f319dc3984ebba267d56c940622e0 63cdc91da5f546ba891e6589aa3bc125 - - 8963cce63f5c42bc8c9d87b82fbe7c54 8963cce63f5c42bc8c9d87b82fbe7c54] 199.204.45.115 "PUT /v2.0/ports/1c4dc0b7-ff4f-483e-93c8-1c628be2ab1c HTTP/1.1" status: 200 len: 1637 time: 0.8818080
2026-06-26 04:51:57.172 9 INFO neutron.notifiers.nova [-] Nova event matching ['req-e66a0ee9-f330-4d4d-a0c7-fdff22ddb2af'] response: {'name': 'network-changed', 'server_uuid': '95ee305d-2132-430b-93a5-aeafe9da7da0', 'tag': '1c4dc0b7-ff4f-483e-93c8-1c628be2ab1c', 'status': 'completed', 'code': 200} /var/lib/openstack/lib/python3.12/site-packages/pycadf/identifier.py:71: UserWarning: Invalid uuid: neutron. To ensure interoperability, identifiers should be a valid uuid. warnings.warn(('Invalid uuid: %s. To ensure interoperability, '
2026-06-26 04:51:57.711 9 INFO neutron.api.wsgi [req-a4390742-686c-4be5-940f-e97f246b8532 req-93b403ce-1a84-4ebd-9cab-1cb335fb8283 c20f319dc3984ebba267d56c940622e0 63cdc91da5f546ba891e6589aa3bc125 - - 8963cce63f5c42bc8c9d87b82fbe7c54 8963cce63f5c42bc8c9d87b82fbe7c54] 199.204.45.115 "GET /v2.0/ports?tenant_id=70e87adce11e49c2aad1b2711abc08df&device_id=95ee305d-2132-430b-93a5-aeafe9da7da0 HTTP/1.1" status: 200 len: 1640 time: 0.0306170
2026-06-26 04:51:57.770 9 INFO neutron.api.wsgi [req-a4390742-686c-4be5-940f-e97f246b8532 req-da65d7fd-085d-440b-8478-833c4d0918b2 c20f319dc3984ebba267d56c940622e0 63cdc91da5f546ba891e6589aa3bc125 - - 8963cce63f5c42bc8c9d87b82fbe7c54 8963cce63f5c42bc8c9d87b82fbe7c54] 199.204.45.115 "GET /v2.0/networks?tenant_id=70e87adce11e49c2aad1b2711abc08df&shared=False HTTP/1.1" status: 200 len: 2583 time: 0.0497930
2026-06-26 04:51:57.819 9 INFO neutron.api.wsgi [req-a4390742-686c-4be5-940f-e97f246b8532 req-b6059012-ed09-48ea-8fe1-60f32d6d7edb c20f319dc3984ebba267d56c940622e0 63cdc91da5f546ba891e6589aa3bc125 - - 8963cce63f5c42bc8c9d87b82fbe7c54 8963cce63f5c42bc8c9d87b82fbe7c54] 199.204.45.115 "GET /v2.0/networks?shared=True HTTP/1.1" status: 200 len: 952 time: 0.0442047
2026-06-26 04:51:58.864 9 INFO neutron.api.wsgi [req-1d14c559-9854-46bc-ad62-e860dc545dbf req-84b98e3b-43e6-482c-b0bf-22d6a4d05616 c20f319dc3984ebba267d56c940622e0 63cdc91da5f546ba891e6589aa3bc125 - - 8963cce63f5c42bc8c9d87b82fbe7c54 8963cce63f5c42bc8c9d87b82fbe7c54] 199.204.45.115 "GET /v2.0/ports?tenant_id=70e87adce11e49c2aad1b2711abc08df&device_id=95ee305d-2132-430b-93a5-aeafe9da7da0 HTTP/1.1" status: 200 len: 1640 time: 0.0300043
2026-06-26 04:51:58.890 9 INFO neutron.api.wsgi [req-1d14c559-9854-46bc-ad62-e860dc545dbf req-ad2def33-dd78-407d-92be-f698e0b6f873 c20f319dc3984ebba267d56c940622e0 63cdc91da5f546ba891e6589aa3bc125 - - 8963cce63f5c42bc8c9d87b82fbe7c54 8963cce63f5c42bc8c9d87b82fbe7c54] 199.204.45.115 "GET /v2.0/floatingips?fixed_ip_address=10.2.2.203&port_id=1c4dc0b7-ff4f-483e-93c8-1c628be2ab1c HTTP/1.1" status: 200 len: 217 time: 0.0202434
2026-06-26 04:51:58.915 9 INFO neutron.api.wsgi [req-1d14c559-9854-46bc-ad62-e860dc545dbf req-efc9f180-4846-445a-96dd-b45b1265425d c20f319dc3984ebba267d56c940622e0 63cdc91da5f546ba891e6589aa3bc125 - - 8963cce63f5c42bc8c9d87b82fbe7c54 8963cce63f5c42bc8c9d87b82fbe7c54] 199.204.45.115 "GET /v2.0/floatingips?fixed_ip_address=fd77%3A1457%3A4cf0%3A26a8%3A%3A242&port_id=1c4dc0b7-ff4f-483e-93c8-1c628be2ab1c HTTP/1.1" status: 200 len: 217 time: 0.0186677
2026-06-26 04:51:58.961 9 INFO neutron.api.wsgi [req-1d14c559-9854-46bc-ad62-e860dc545dbf req-6e083369-33f4-4cf0-98b2-b8a8daaed286 c20f319dc3984ebba267d56c940622e0 63cdc91da5f546ba891e6589aa3bc125 - - 8963cce63f5c42bc8c9d87b82fbe7c54 8963cce63f5c42bc8c9d87b82fbe7c54] 199.204.45.115 "GET /v2.0/subnets?id=ba7e67b0-586d-40d7-b596-2fb8dce96ce3&id=a8c92b96-a7b5-4ae3-b660-f3d7366ab427 HTTP/1.1" status: 200 len: 1614 time: 0.0397677
2026-06-26 04:51:58.990 9 INFO neutron.api.wsgi [req-1d14c559-9854-46bc-ad62-e860dc545dbf req-aabe31da-6e29-4aeb-8ac4-01a03ec98559 c20f319dc3984ebba267d56c940622e0 63cdc91da5f546ba891e6589aa3bc125 - - 8963cce63f5c42bc8c9d87b82fbe7c54 8963cce63f5c42bc8c9d87b82fbe7c54] 199.204.45.115 "GET /v2.0/ports?network_id=a4fea58c-0d65-488c-a7b5-eba66330ed01&device_owner=network%3Adhcp HTTP/1.1" status: 200 len: 210 time: 0.0238829
2026-06-26 04:51:59.011 9 INFO neutron.api.wsgi [req-1d14c559-9854-46bc-ad62-e860dc545dbf req-e0e39b00-7880-47f7-adf0-11cf72dccb02 c20f319dc3984ebba267d56c940622e0 63cdc91da5f546ba891e6589aa3bc125 - - 8963cce63f5c42bc8c9d87b82fbe7c54 8963cce63f5c42bc8c9d87b82fbe7c54] 199.204.45.115 "GET /v2.0/ports?network_id=a4fea58c-0d65-488c-a7b5-eba66330ed01&device_owner=network%3Adhcp HTTP/1.1" status: 200 len: 210 time: 0.0137174
2026-06-26 04:51:59.057 9 INFO neutron.api.wsgi [req-1d14c559-9854-46bc-ad62-e860dc545dbf req-44464d52-b2b6-49f0-932f-26f73f97cda3 c20f319dc3984ebba267d56c940622e0 63cdc91da5f546ba891e6589aa3bc125 - - 8963cce63f5c42bc8c9d87b82fbe7c54 8963cce63f5c42bc8c9d87b82fbe7c54] 199.204.45.115 "GET /v2.0/networks/a4fea58c-0d65-488c-a7b5-eba66330ed01?fields=segments HTTP/1.1" status: 200 len: 212 time: 0.0377386
2026-06-26 04:51:59.104 9 INFO neutron.api.wsgi [req-1d14c559-9854-46bc-ad62-e860dc545dbf req-1db369cc-5d9e-49fb-a01f-d236a2013344 c20f319dc3984ebba267d56c940622e0 63cdc91da5f546ba891e6589aa3bc125 - - 8963cce63f5c42bc8c9d87b82fbe7c54 8963cce63f5c42bc8c9d87b82fbe7c54] 199.204.45.115 "GET /v2.0/networks/a4fea58c-0d65-488c-a7b5-eba66330ed01?fields=provider%3Aphysical_network&fields=provider%3Anetwork_type HTTP/1.1" status: 200 len: 277 time: 0.0409498
2026-06-26 04:51:59.718 10 INFO neutron.api.wsgi [req-5d90465b-aea1-41ee-a3b7-572d82b51041 req-140da637-62b5-49ac-ac31-748ebd7f50ee c20f319dc3984ebba267d56c940622e0 63cdc91da5f546ba891e6589aa3bc125 - - 8963cce63f5c42bc8c9d87b82fbe7c54 8963cce63f5c42bc8c9d87b82fbe7c54] 10.0.0.91 "GET /v2.0/ports?device_id=47fce8f1-2ef0-4826-b5ba-c1bc029c1375 HTTP/1.1" status: 200 len: 1638 time: 0.0493634
2026-06-26 04:51:59.763 10 INFO neutron.api.wsgi [req-5d90465b-aea1-41ee-a3b7-572d82b51041 req-f7f8c206-4354-4c8b-b281-42b034b73c79 c20f319dc3984ebba267d56c940622e0 63cdc91da5f546ba891e6589aa3bc125 - - 8963cce63f5c42bc8c9d87b82fbe7c54 8963cce63f5c42bc8c9d87b82fbe7c54] 10.0.0.91 "GET /v2.0/security-groups?id=3d7ef305-8d84-4eba-8751-b6313e13fd06&fields=id&fields=name HTTP/1.1" status: 200 len: 311 time: 0.0385361
2026-06-26 04:52:01.254 9 INFO neutron.plugins.ml2.drivers.ovn.mech_driver.mech_driver [None req-af2d3c06-cf5f-4ea6-9591-077e918f42ff - - - - - -] OVN reports status up for port: 1c4dc0b7-ff4f-483e-93c8-1c628be2ab1c
2026-06-26 04:52:01.267 9 INFO neutron.plugins.ml2.plugin [None req-af2d3c06-cf5f-4ea6-9591-077e918f42ff - - - - - -] Attempt 1 to provision port 1c4dc0b7-ff4f-483e-93c8-1c628be2ab1c
2026-06-26 04:52:01.384 9 INFO neutron.notifiers.nova [-] Nova event matching ['req-222d6c1e-bc10-4465-a5ba-f160d6f11958'] response: {'server_uuid': '95ee305d-2132-430b-93a5-aeafe9da7da0', 'name': 'network-vif-plugged', 'status': 'completed', 'tag': '1c4dc0b7-ff4f-483e-93c8-1c628be2ab1c', 'code': 200}
2026-06-26 04:52:01.511 9 INFO neutron.db.ovn_revision_numbers_db [None req-af2d3c06-cf5f-4ea6-9591-077e918f42ff - - - - - -] Successfully bumped revision number for resource 1c4dc0b7-ff4f-483e-93c8-1c628be2ab1c (type: ports) to 5
2026-06-26 04:52:01.744 10 INFO neutron.api.wsgi [req-462bcafe-d921-4fd4-895c-857f53a0247e req-196b0002-b732-4f13-86a3-3990c1ff2dca 174154b59f8849158b3363920af84693 70e87adce11e49c2aad1b2711abc08df - - default default] 10.0.0.78 "GET /v2.0/ports?device_id=95ee305d-2132-430b-93a5-aeafe9da7da0 HTTP/1.1" status: 200 len: 1404 time: 0.0681338
2026-06-26 04:52:01.793 10 INFO neutron.api.wsgi [req-462bcafe-d921-4fd4-895c-857f53a0247e req-0a91b936-a755-4282-b2e5-74d8f423c8d8 174154b59f8849158b3363920af84693 70e87adce11e49c2aad1b2711abc08df - - default default] 10.0.0.78 "GET /v2.0/security-groups?id=3d7ef305-8d84-4eba-8751-b6313e13fd06&fields=id&fields=name HTTP/1.1" status: 200 len: 311 time: 0.0434425
2026-06-26 04:52:03.423 9 INFO neutron.notifiers.nova [-] Nova event matching ['req-ebf1042c-9092-49d6-b3aa-57a26e0868e6'] response: {'server_uuid': '95ee305d-2132-430b-93a5-aeafe9da7da0', 'name': 'network-vif-plugged', 'status': 'completed', 'tag': '1c4dc0b7-ff4f-483e-93c8-1c628be2ab1c', 'code': 200}
2026-06-26 04:52:07.168 10 INFO neutron.api.wsgi [req-0c05b7ab-83f0-4aee-8ad1-7dc94cb34940 req-9ab56e8d-9b5b-4cb6-ac32-c0e22f220a20 174154b59f8849158b3363920af84693 70e87adce11e49c2aad1b2711abc08df - - default default] 10.0.0.78 "GET /v2.0/ports?device_id=95ee305d-2132-430b-93a5-aeafe9da7da0 HTTP/1.1" status: 200 len: 1404 time: 0.2870834
2026-06-26 04:52:07.209 10 INFO neutron.api.wsgi [req-0c05b7ab-83f0-4aee-8ad1-7dc94cb34940 req-911f5c9d-9109-4dfc-b1b1-f68e75d62629 174154b59f8849158b3363920af84693 70e87adce11e49c2aad1b2711abc08df - - default default] 10.0.0.78 "GET /v2.0/security-groups?id=3d7ef305-8d84-4eba-8751-b6313e13fd06&fields=id&fields=name HTTP/1.1" status: 200 len: 311 time: 0.0337420
2026-06-26 04:52:07.295 10 INFO neutron.api.wsgi [None req-6b51cccd-89b0-40ff-b2ce-139468332081 174154b59f8849158b3363920af84693 70e87adce11e49c2aad1b2711abc08df - - default default] 10.0.0.160 "GET /v2.0/ports?network_id=a4fea58c-0d65-488c-a7b5-eba66330ed01&mac_address=fa%3A16%3A3e%3Aa2%3A96%3A01 HTTP/1.1" status: 200 len: 1399 time: 0.0575736
2026-06-26 04:52:07.308 10 WARNING neutron_lib.context [None req-7e410451-3f99-4836-a02a-33cb7a2a7bf8 174154b59f8849158b3363920af84693 70e87adce11e49c2aad1b2711abc08df - - default default] Method 'is_advsvc' is deprecated since 2023.2 release (neutron-lib 3.8.0) and will be removed once support for the old RBAC API policies will be removed from Neutron. Please use method 'is_service_role' instead.
2026-06-26 04:52:07.506 10 WARNING neutron.scheduler.dhcp_agent_scheduler [None req-7e410451-3f99-4836-a02a-33cb7a2a7bf8 174154b59f8849158b3363920af84693 70e87adce11e49c2aad1b2711abc08df - - default default] No more DHCP agents
2026-06-26 04:52:07.507 10 WARNING neutron.api.rpc.agentnotifiers.dhcp_rpc_agent_api [None req-7e410451-3f99-4836-a02a-33cb7a2a7bf8 174154b59f8849158b3363920af84693 70e87adce11e49c2aad1b2711abc08df - - default default] Unable to schedule network 11789b96-5912-42f6-902a-d4b9fa3b0e1f: no agents available; will retry on subsequent port and subnet creation events.
