2026-06-26 04:49:22.277 9 INFO neutron.api.wsgi [None req-c8aa1545-cbd1-41bd-8245-e3f9dd4131cf 7687e3a7ef7846af8eb6222232772676 d76da789cac44a76a56934a959b2be5d - - default default] 10.0.0.160 "GET /v2.0/security-groups/ce0c7828-6bf2-4c81-b04c-7e1b675e00e5/tags HTTP/1.1" status: 200 len: 218 time: 0.0211387
2026-06-26 04:49:22.320 9 INFO neutron.api.wsgi [None req-e416b429-7a55-429e-85d8-61e826a9b26f 7687e3a7ef7846af8eb6222232772676 d76da789cac44a76a56934a959b2be5d - - default default] 10.0.0.160 "PUT /v2.0/security-groups/ce0c7828-6bf2-4c81-b04c-7e1b675e00e5/tags/green HTTP/1.1" status: 201 len: 201 time: 0.0365288
2026-06-26 04:49:22.352 10 INFO neutron.api.wsgi [None req-834f86f6-ba83-495a-ad78-b04984871111 7687e3a7ef7846af8eb6222232772676 d76da789cac44a76a56934a959b2be5d - - default default] 10.0.0.160 "GET /v2.0/security-groups/ce0c7828-6bf2-4c81-b04c-7e1b675e00e5/tags HTTP/1.1" status: 200 len: 227 time: 0.0272617
2026-06-26 04:49:22.371 10 INFO neutron.api.wsgi [None req-99d08a86-a7ca-459d-b699-4154a948c166 7687e3a7ef7846af8eb6222232772676 d76da789cac44a76a56934a959b2be5d - - default default] 10.0.0.160 "PUT /v2.0/security-groups/ce0c7828-6bf2-4c81-b04c-7e1b675e00e5/tags/red HTTP/1.1" status: 201 len: 201 time: 0.0144796
2026-06-26 04:49:22.388 10 INFO neutron.api.wsgi [None req-1eee9159-588a-4b69-82f5-507242a733d1 7687e3a7ef7846af8eb6222232772676 d76da789cac44a76a56934a959b2be5d - - default default] 10.0.0.160 "GET /v2.0/security-groups/ce0c7828-6bf2-4c81-b04c-7e1b675e00e5/tags HTTP/1.1" status: 200 len: 227 time: 0.0131745
2026-06-26 04:49:22.414 10 INFO neutron.api.wsgi [None req-86addd76-f383-40e8-acbc-1162a7ec3cb1 7687e3a7ef7846af8eb6222232772676 d76da789cac44a76a56934a959b2be5d - - default default] 10.0.0.160 "PUT /v2.0/security-groups/ce0c7828-6bf2-4c81-b04c-7e1b675e00e5/tags/black.or.white HTTP/1.1" status: 201 len: 201 time: 0.0222204
2026-06-26 04:49:22.437 10 INFO neutron.api.wsgi [None req-4ede10cd-9c68-4c7e-b25c-cd55880b424b 7687e3a7ef7846af8eb6222232772676 d76da789cac44a76a56934a959b2be5d - - default default] 10.0.0.160 "GET /v2.0/security-groups/ce0c7828-6bf2-4c81-b04c-7e1b675e00e5/tags HTTP/1.1" status: 200 len: 245 time: 0.0192025
2026-06-26 04:49:22.474 10 INFO neutron.api.wsgi [None req-c21cb742-c991-4bde-8234-4590989d44a8 7687e3a7ef7846af8eb6222232772676 d76da789cac44a76a56934a959b2be5d - - default default] 10.0.0.160 "PUT /v2.0/security-groups/ce0c7828-6bf2-4c81-b04c-7e1b675e00e5/tags HTTP/1.1" status: 200 len: 230 time: 0.0321221
2026-06-26 04:49:22.498 10 INFO neutron.api.wsgi [None req-f6cafdbd-8cdc-41fe-b420-10a90c21b1f5 7687e3a7ef7846af8eb6222232772676 d76da789cac44a76a56934a959b2be5d - - default default] 10.0.0.160 "GET /v2.0/security-groups/ce0c7828-6bf2-4c81-b04c-7e1b675e00e5/tags HTTP/1.1" status: 200 len: 230 time: 0.0188005
2026-06-26 04:49:22.524 10 INFO neutron.api.wsgi [None req-31279384-76fe-4ce5-aca2-6e7dd24d6b4b 7687e3a7ef7846af8eb6222232772676 d76da789cac44a76a56934a959b2be5d - - default default] 10.0.0.160 "GET /v2.0/security-groups/ce0c7828-6bf2-4c81-b04c-7e1b675e00e5/tags/red HTTP/1.1" status: 204 len: 168 time: 0.0206931
2026-06-26 04:49:22.545 10 INFO neutron.api.v2.resource [None req-0197514e-a606-43e9-9785-08752945b846 7687e3a7ef7846af8eb6222232772676 d76da789cac44a76a56934a959b2be5d - - default default] show failed (client error): The resource could not be found.
2026-06-26 04:49:22.546 10 INFO neutron.api.wsgi [None req-0197514e-a606-43e9-9785-08752945b846 7687e3a7ef7846af8eb6222232772676 d76da789cac44a76a56934a959b2be5d - - default default] 10.0.0.160 "GET /v2.0/security-groups/ce0c7828-6bf2-4c81-b04c-7e1b675e00e5/tags/green HTTP/1.1" status: 404 len: 299 time: 0.0173681
2026-06-26 04:49:22.583 10 INFO neutron.api.wsgi [None req-ed7a8661-c2dd-4fe6-8af2-610d20445444 7687e3a7ef7846af8eb6222232772676 d76da789cac44a76a56934a959b2be5d - - default default] 10.0.0.160 "DELETE /v2.0/security-groups/ce0c7828-6bf2-4c81-b04c-7e1b675e00e5/tags/red HTTP/1.1" status: 204 len: 168 time: 0.0313404
2026-06-26 04:49:22.607 10 INFO neutron.api.wsgi [None req-e9574fbb-9f2c-4c26-9fc8-6377314d1a24 7687e3a7ef7846af8eb6222232772676 d76da789cac44a76a56934a959b2be5d - - default default] 10.0.0.160 "GET /v2.0/security-groups/ce0c7828-6bf2-4c81-b04c-7e1b675e00e5/tags HTTP/1.1" status: 200 len: 223 time: 0.0197649
2026-06-26 04:49:22.613 9 WARNING neutron.scheduler.dhcp_agent_scheduler [None req-48ea2c05-1a64-46da-a4c9-4822be2edbb5 8ef5a86c34cc4533b02737a89df44cdb de7877729abd4b0aab3ea8b9204d7058 - - default default] No more DHCP agents
2026-06-26 04:49:22.615 9 WARNING neutron.api.rpc.agentnotifiers.dhcp_rpc_agent_api [None req-48ea2c05-1a64-46da-a4c9-4822be2edbb5 8ef5a86c34cc4533b02737a89df44cdb de7877729abd4b0aab3ea8b9204d7058 - - default default] Unable to schedule network 9cee85b3-8dd7-4735-b489-4fbfcb6cec96: no agents available; will retry on subsequent port and subnet creation events.
2026-06-26 04:49:22.636 10 INFO neutron.api.v2.resource [None req-ca04fd09-d6d3-4c99-b9f7-9e32a9ce5757 7687e3a7ef7846af8eb6222232772676 d76da789cac44a76a56934a959b2be5d - - default default] delete failed (client error): The resource could not be found.
2026-06-26 04:49:22.637 10 INFO neutron.api.wsgi [None req-ca04fd09-d6d3-4c99-b9f7-9e32a9ce5757 7687e3a7ef7846af8eb6222232772676 d76da789cac44a76a56934a959b2be5d - - default default] 10.0.0.160 "DELETE /v2.0/security-groups/ce0c7828-6bf2-4c81-b04c-7e1b675e00e5/tags/green HTTP/1.1" status: 404 len: 299 time: 0.0243027 /var/lib/openstack/lib/python3.12/site-packages/pycadf/identifier.py:71: UserWarning: Invalid uuid: neutron. To ensure interoperability, identifiers should be a valid uuid. warnings.warn(('Invalid uuid: %s. To ensure interoperability, '
2026-06-26 04:49:22.694 9 INFO neutron.api.wsgi [None req-45cdf0a4-d142-4129-a208-a3a70ae0abc0 7687e3a7ef7846af8eb6222232772676 d76da789cac44a76a56934a959b2be5d - - default default] 10.0.0.160 "DELETE /v2.0/security-groups/ce0c7828-6bf2-4c81-b04c-7e1b675e00e5/tags HTTP/1.1" status: 204 len: 168 time: 0.0532620
2026-06-26 04:49:22.695 9 INFO neutron.db.ovn_revision_numbers_db [None req-48ea2c05-1a64-46da-a4c9-4822be2edbb5 8ef5a86c34cc4533b02737a89df44cdb de7877729abd4b0aab3ea8b9204d7058 - - default default] Successfully bumped revision number for resource 36e95560-6d9c-45e7-a213-56a749384fed (type: ports) to 1
2026-06-26 04:49:22.724 9 INFO neutron.api.wsgi [None req-a0152c0b-c596-424e-b2c7-044408c65de4 7687e3a7ef7846af8eb6222232772676 d76da789cac44a76a56934a959b2be5d - - default default] 10.0.0.160 "GET /v2.0/security-groups/ce0c7828-6bf2-4c81-b04c-7e1b675e00e5/tags HTTP/1.1" status: 200 len: 205 time: 0.0248613
2026-06-26 04:49:22.739 9 WARNING neutron.scheduler.dhcp_agent_scheduler [None req-48ea2c05-1a64-46da-a4c9-4822be2edbb5 8ef5a86c34cc4533b02737a89df44cdb de7877729abd4b0aab3ea8b9204d7058 - - default default] No more DHCP agents
2026-06-26 04:49:22.740 9 WARNING neutron.api.rpc.agentnotifiers.dhcp_rpc_agent_api [None req-48ea2c05-1a64-46da-a4c9-4822be2edbb5 8ef5a86c34cc4533b02737a89df44cdb de7877729abd4b0aab3ea8b9204d7058 - - default default] Unable to schedule network cda227fb-3e80-44c3-b322-777f71a5f1f1: no agents available; will retry on subsequent port and subnet creation events.
2026-06-26 04:49:22.810 9 INFO neutron.db.ovn_revision_numbers_db [None req-48ea2c05-1a64-46da-a4c9-4822be2edbb5 8ef5a86c34cc4533b02737a89df44cdb de7877729abd4b0aab3ea8b9204d7058 - - default default] Successfully bumped revision number for resource e677f802-5236-4843-9883-83f84b3441c4 (type: ports) to 1
2026-06-26 04:49:22.833 9 INFO neutron.api.wsgi [None req-48ea2c05-1a64-46da-a4c9-4822be2edbb5 8ef5a86c34cc4533b02737a89df44cdb de7877729abd4b0aab3ea8b9204d7058 - - default default] 10.0.0.160 "POST /v2.0/ports HTTP/1.1" status: 201 len: 1705 time: 0.6594572
2026-06-26 04:49:22.834 10 INFO neutron.api.wsgi [None req-8b1e68d2-e192-44fb-97db-d77a5fd6eb6d 7687e3a7ef7846af8eb6222232772676 d76da789cac44a76a56934a959b2be5d - - default default] 10.0.0.160 "DELETE /v2.0/security-groups/ce0c7828-6bf2-4c81-b04c-7e1b675e00e5 HTTP/1.1" status: 204 len: 168 time: 0.1023431
2026-06-26 04:49:22.856 9 INFO neutron.services.segments.plugin [-] Segment 885c8898-066d-45fe-ac06-baab12fc73d5 resource provider aggregate not found
2026-06-26 04:49:22.861 9 INFO neutron.services.segments.plugin [-] Segment 885c8898-066d-45fe-ac06-baab12fc73d5 resource provider aggregate not found
2026-06-26 04:49:22.873 9 INFO neutron.services.segments.plugin [-] Segment 885c8898-066d-45fe-ac06-baab12fc73d5 resource provider not found; error: Placement Client Error (4xx): {"errors": [{"status": 404, "title": "Not Found", "detail": "The resource could not be found.\n\n No resource provider with uuid 885c8898-066d-45fe-ac06-baab12fc73d5 found for delete ", "request_id": "req-b4ac809f-cef3-48f7-8dbd-1cb2ae12bb3c"}]}
2026-06-26 04:49:22.876 9 INFO neutron.services.segments.plugin [-] Segment 885c8898-066d-45fe-ac06-baab12fc73d5 resource provider not found; error: Placement Client Error (4xx): {"errors": [{"status": 404, "title": "Not Found", "detail": "The resource could not be found.\n\n No resource provider with uuid 885c8898-066d-45fe-ac06-baab12fc73d5 found for delete ", "request_id": "req-c1235b27-e920-4018-9509-96f29fb557b9"}]}
2026-06-26 04:49:22.953 10 INFO neutron.api.wsgi [None req-cc5e6914-0f64-450e-8736-b488b3af5f64 8ef5a86c34cc4533b02737a89df44cdb de7877729abd4b0aab3ea8b9204d7058 - - default default] 10.0.0.160 "GET /v2.0/ports HTTP/1.1" status: 200 len: 3212 time: 0.1123660
2026-06-26 04:49:23.077 10 INFO neutron.api.wsgi [req-1e0703f6-0722-431f-a9e9-c8617ba51cef req-f9018ccf-3a3b-463e-9d16-f74fb9733f67 4b9b966d16654df4bfc4356ea8647c4c bb8b9f0229e24989b9b52b736e54ea4b - - default default] 10.0.0.78 "GET /v2.0/ports?device_id=6c2c3c3e-06f2-4b90-bd2a-c5089e961c6a HTTP/1.1" status: 200 len: 210 time: 0.0195122
2026-06-26 04:49:23.191 10 INFO neutron.api.wsgi [None req-8ed8a3b9-35ab-48ed-9c5b-4e5d40cfe3de 8ef5a86c34cc4533b02737a89df44cdb de7877729abd4b0aab3ea8b9204d7058 - - default default] 10.0.0.160 "DELETE /v2.0/ports/36e95560-6d9c-45e7-a213-56a749384fed HTTP/1.1" status: 204 len: 168 time: 0.2321508
2026-06-26 04:49:23.385 10 INFO neutron.api.wsgi [None req-dd753b0f-29a1-4524-b628-e1f670483ac2 8ef5a86c34cc4533b02737a89df44cdb de7877729abd4b0aab3ea8b9204d7058 - - default default] 10.0.0.160 "DELETE /v2.0/ports/e677f802-5236-4843-9883-83f84b3441c4 HTTP/1.1" status: 204 len: 168 time: 0.1889403
2026-06-26 04:49:23.432 10 INFO neutron.api.wsgi [None req-cd8cec16-8402-49c4-9af3-3fab5e9e70b1 8ef5a86c34cc4533b02737a89df44cdb de7877729abd4b0aab3ea8b9204d7058 - - default default] 10.0.0.160 "GET /v2.0/ports HTTP/1.1" status: 200 len: 1718 time: 0.0403786
2026-06-26 04:49:23.442 10 WARNING neutron_lib.context [None req-f3b322d1-7302-4fc7-a922-6de6fad1b96e 8ef5a86c34cc4533b02737a89df44cdb de7877729abd4b0aab3ea8b9204d7058 - - default default] Method 'is_advsvc' is deprecated since 2023.2 release (neutron-lib 3.8.0) and will be removed once support for the old RBAC API policies will be removed from Neutron. Please use method 'is_service_role' instead.
2026-06-26 04:49:23.528 9 INFO neutron.api.wsgi [-] 10.0.0.210 "GET / HTTP/1.1" status: 200 len: 247 time: 0.0030212
2026-06-26 04:49:23.530 9 INFO neutron.api.wsgi [-] 10.0.0.210 "GET / HTTP/1.1" status: 200 len: 247 time: 0.0013645
2026-06-26 04:49:23.533 10 INFO neutron.db.segments_db [None req-f3b322d1-7302-4fc7-a922-6de6fad1b96e 8ef5a86c34cc4533b02737a89df44cdb de7877729abd4b0aab3ea8b9204d7058 - - default default] Added segment 982945bd-4d9c-4f27-893c-cd07b15ce16b of type geneve for network 01569ad6-34ab-43f9-82cf-aa8ae6e18638
2026-06-26 04:49:23.662 10 INFO neutron.db.ovn_revision_numbers_db [None req-f3b322d1-7302-4fc7-a922-6de6fad1b96e 8ef5a86c34cc4533b02737a89df44cdb de7877729abd4b0aab3ea8b9204d7058 - - default default] Successfully bumped revision number for resource 01569ad6-34ab-43f9-82cf-aa8ae6e18638 (type: networks) to 1
2026-06-26 04:49:23.713 10 INFO neutron.db.ovn_revision_numbers_db [None req-5e3bc32b-839c-4ee0-88a5-911caac0edba 158b7729050a495984523bc1f87691ef 4568e1db581344cf85756397d929f73d - - default default] Successfully bumped revision number for resource a72c18e4-4a75-4456-8928-90993e6821f4 (type: security_groups) to 1
2026-06-26 04:49:23.734 10 INFO neutron.db.ovn_revision_numbers_db [None req-5e3bc32b-839c-4ee0-88a5-911caac0edba 158b7729050a495984523bc1f87691ef 4568e1db581344cf85756397d929f73d - - default default] Successfully bumped revision number for resource 4416bd3a-5bc8-41c9-bf97-1a8f99ae20bc (type: security_group_rules) to 0
2026-06-26 04:49:23.748 10 INFO neutron.db.ovn_revision_numbers_db [None req-5e3bc32b-839c-4ee0-88a5-911caac0edba 158b7729050a495984523bc1f87691ef 4568e1db581344cf85756397d929f73d - - default default] Successfully bumped revision number for resource 52fd2f35-c872-419e-8c0e-7bb53e984cc4 (type: security_group_rules) to 0
2026-06-26 04:49:23.762 10 INFO neutron.db.ovn_revision_numbers_db [None req-5e3bc32b-839c-4ee0-88a5-911caac0edba 158b7729050a495984523bc1f87691ef 4568e1db581344cf85756397d929f73d - - default default] Successfully bumped revision number for resource cb34e36a-4855-4662-a53a-64d990afa537 (type: security_group_rules) to 0
2026-06-26 04:49:23.783 10 INFO neutron.db.ovn_revision_numbers_db [None req-5e3bc32b-839c-4ee0-88a5-911caac0edba 158b7729050a495984523bc1f87691ef 4568e1db581344cf85756397d929f73d - - default default] Successfully bumped revision number for resource ee6cf2d8-34f3-4ab8-8409-c33b3dbe6cd8 (type: security_group_rules) to 0
2026-06-26 04:49:23.824 10 INFO neutron.api.wsgi [None req-5e3bc32b-839c-4ee0-88a5-911caac0edba 158b7729050a495984523bc1f87691ef 4568e1db581344cf85756397d929f73d - - default default] 10.0.0.160 "GET /v2.0/security-groups?tenant_id=bed59d8a2681495ab98b5a9b4e820b1c&name=default HTTP/1.1" status: 200 len: 3120 time: 0.3298314 /var/lib/openstack/lib/python3.12/site-packages/pycadf/identifier.py:71: UserWarning: Invalid uuid: neutron. To ensure interoperability, identifiers should be a valid uuid. warnings.warn(('Invalid uuid: %s. To ensure interoperability, '
2026-06-26 04:49:23.833 10 WARNING neutron.scheduler.dhcp_agent_scheduler [None req-f3b322d1-7302-4fc7-a922-6de6fad1b96e 8ef5a86c34cc4533b02737a89df44cdb de7877729abd4b0aab3ea8b9204d7058 - - default default] No more DHCP agents
2026-06-26 04:49:23.834 10 WARNING neutron.api.rpc.agentnotifiers.dhcp_rpc_agent_api [None req-f3b322d1-7302-4fc7-a922-6de6fad1b96e 8ef5a86c34cc4533b02737a89df44cdb de7877729abd4b0aab3ea8b9204d7058 - - default default] Unable to schedule network 01569ad6-34ab-43f9-82cf-aa8ae6e18638: no agents available; will retry on subsequent port and subnet creation events.
2026-06-26 04:49:23.903 10 INFO neutron.db.ovn_revision_numbers_db [None req-f3b322d1-7302-4fc7-a922-6de6fad1b96e 8ef5a86c34cc4533b02737a89df44cdb de7877729abd4b0aab3ea8b9204d7058 - - default default] Successfully bumped revision number for resource 527175a6-242d-4848-b0a7-7f2ab6c4b9c8 (type: ports) to 1
2026-06-26 04:49:23.928 10 INFO neutron.api.wsgi [None req-f3b322d1-7302-4fc7-a922-6de6fad1b96e 8ef5a86c34cc4533b02737a89df44cdb de7877729abd4b0aab3ea8b9204d7058 - - default default] 10.0.0.160 "POST /v2.0/networks HTTP/1.1" status: 201 len: 849 time: 0.4902754
2026-06-26 04:49:23.944 10 WARNING neutron_lib.context [None req-f7e21419-f492-41dd-8772-f4f4aa55163e 8ef5a86c34cc4533b02737a89df44cdb de7877729abd4b0aab3ea8b9204d7058 - - default default] Method 'is_advsvc' is deprecated since 2023.2 release (neutron-lib 3.8.0) and will be removed once support for the old RBAC API policies will be removed from Neutron. Please use method 'is_service_role' instead.
2026-06-26 04:49:24.040 10 INFO neutron.db.segments_db [None req-f7e21419-f492-41dd-8772-f4f4aa55163e 8ef5a86c34cc4533b02737a89df44cdb de7877729abd4b0aab3ea8b9204d7058 - - default default] Added segment fb6e7aae-b84c-484c-93cf-4407612f4bf6 of type geneve for network ef2b2e17-de73-4e5d-b93e-512c508c368b
2026-06-26 04:49:24.050 9 INFO neutron.api.wsgi [None req-6f8c21ae-99a6-445a-af7c-446c0dfeae08 158b7729050a495984523bc1f87691ef 4568e1db581344cf85756397d929f73d - - default default] 10.0.0.160 "DELETE /v2.0/security-groups/a72c18e4-4a75-4456-8928-90993e6821f4 HTTP/1.1" status: 204 len: 168 time: 0.2201254
2026-06-26 04:49:24.159 10 INFO neutron.api.wsgi [req-d916cc56-b274-4b74-9e25-e7c48035ee95 req-e8c9b736-275b-4f98-b0ae-eb12d0f9af39 4b9b966d16654df4bfc4356ea8647c4c bb8b9f0229e24989b9b52b736e54ea4b - - default default] 10.0.0.78 "GET /v2.0/ports?device_id=6c2c3c3e-06f2-4b90-bd2a-c5089e961c6a HTTP/1.1" status: 200 len: 210 time: 0.0236588
2026-06-26 04:49:24.169 10 INFO neutron.db.ovn_revision_numbers_db [None req-f7e21419-f492-41dd-8772-f4f4aa55163e 8ef5a86c34cc4533b02737a89df44cdb de7877729abd4b0aab3ea8b9204d7058 - - default default] Successfully bumped revision number for resource ef2b2e17-de73-4e5d-b93e-512c508c368b (type: networks) to 1
2026-06-26 04:49:24.264 9 INFO neutron.api.wsgi [None req-4f56f33b-d4c3-4671-9955-290c5db8ce15 158b7729050a495984523bc1f87691ef 4568e1db581344cf85756397d929f73d - - default default] 10.0.0.160 "GET /v2.0/security-groups?tenant_id=d76da789cac44a76a56934a959b2be5d&name=default HTTP/1.1" status: 200 len: 3120 time: 0.0324304
2026-06-26 04:49:24.325 10 WARNING neutron.scheduler.dhcp_agent_scheduler [None req-f7e21419-f492-41dd-8772-f4f4aa55163e 8ef5a86c34cc4533b02737a89df44cdb de7877729abd4b0aab3ea8b9204d7058 - - default default] No more DHCP agents
2026-06-26 04:49:24.327 10 WARNING neutron.api.rpc.agentnotifiers.dhcp_rpc_agent_api [None req-f7e21419-f492-41dd-8772-f4f4aa55163e 8ef5a86c34cc4533b02737a89df44cdb de7877729abd4b0aab3ea8b9204d7058 - - default default] Unable to schedule network ef2b2e17-de73-4e5d-b93e-512c508c368b: no agents available; will retry on subsequent port and subnet creation events.
2026-06-26 04:49:24.405 10 INFO neutron.db.ovn_revision_numbers_db [None req-f7e21419-f492-41dd-8772-f4f4aa55163e 8ef5a86c34cc4533b02737a89df44cdb de7877729abd4b0aab3ea8b9204d7058 - - default default] Successfully bumped revision number for resource 489777b9-92cc-47bb-b1b0-78b635ffa76b (type: ports) to 1
2026-06-26 04:49:24.435 10 INFO neutron.api.wsgi [None req-f7e21419-f492-41dd-8772-f4f4aa55163e 8ef5a86c34cc4533b02737a89df44cdb de7877729abd4b0aab3ea8b9204d7058 - - default default] 10.0.0.160 "POST /v2.0/networks HTTP/1.1" status: 201 len: 849 time: 0.4997034
2026-06-26 04:49:24.469 9 INFO neutron.db.ovn_revision_numbers_db [None req-5f2cc3b9-d583-4307-b262-b9e879b3778d 158b7729050a495984523bc1f87691ef 4568e1db581344cf85756397d929f73d - - default default] Successfully bumped revision number for resource 30920fd3-2f11-475e-a045-2d0875f8870c (type: security_groups) to 1
2026-06-26 04:49:24.479 9 WARNING neutron_lib.context [None req-096feca5-f3f2-49db-ae04-fee7e17502b3 8ef5a86c34cc4533b02737a89df44cdb de7877729abd4b0aab3ea8b9204d7058 - - default default] Method 'is_advsvc' is deprecated since 2023.2 release (neutron-lib 3.8.0) and will be removed once support for the old RBAC API policies will be removed from Neutron. Please use method 'is_service_role' instead.
2026-06-26 04:49:24.491 9 INFO neutron.db.ovn_revision_numbers_db [None req-5f2cc3b9-d583-4307-b262-b9e879b3778d 158b7729050a495984523bc1f87691ef 4568e1db581344cf85756397d929f73d - - default default] Successfully bumped revision number for resource 42a9a1a1-ebbf-45a7-9a93-a59a573aceaf (type: security_group_rules) to 0
2026-06-26 04:49:24.498 10 INFO neutron.api.wsgi [None req-d00f2f31-8ded-42c2-977d-74013cdbca65 158b7729050a495984523bc1f87691ef 4568e1db581344cf85756397d929f73d - - default default] 10.0.0.160 "DELETE /v2.0/security-groups/03cc5a02-45be-43b5-9f55-7a79e9013776 HTTP/1.1" status: 204 len: 168 time: 0.2282455
2026-06-26 04:49:24.503 9 WARNING neutron_lib.context [None req-096feca5-f3f2-49db-ae04-fee7e17502b3 8ef5a86c34cc4533b02737a89df44cdb de7877729abd4b0aab3ea8b9204d7058 - - default default] Method 'is_advsvc' is deprecated since 2023.2 release (neutron-lib 3.8.0) and will be removed once support for the old RBAC API policies will be removed from Neutron. Please use method 'is_service_role' instead.
2026-06-26 04:49:24.507 9 INFO neutron.db.ovn_revision_numbers_db [None req-5f2cc3b9-d583-4307-b262-b9e879b3778d 158b7729050a495984523bc1f87691ef 4568e1db581344cf85756397d929f73d - - default default] Successfully bumped revision number for resource 7c850e25-ae97-4fbc-8e8e-eaec62798bc8 (type: security_group_rules) to 0
2026-06-26 04:49:24.521 9 INFO neutron.db.ovn_revision_numbers_db [None req-5f2cc3b9-d583-4307-b262-b9e879b3778d 158b7729050a495984523bc1f87691ef 4568e1db581344cf85756397d929f73d - - default default] Successfully bumped revision number for resource e11105a1-f246-4729-9e8d-e1d327e1443d (type: security_group_rules) to 0
2026-06-26 04:49:24.535 9 INFO neutron.db.ovn_revision_numbers_db [None req-5f2cc3b9-d583-4307-b262-b9e879b3778d 158b7729050a495984523bc1f87691ef 4568e1db581344cf85756397d929f73d - - default default] Successfully bumped revision number for resource f2934989-8d78-438d-afe7-a920cb8a6830 (type: security_group_rules) to 0
2026-06-26 04:49:24.575 9 INFO neutron.api.wsgi [None req-5f2cc3b9-d583-4307-b262-b9e879b3778d 158b7729050a495984523bc1f87691ef 4568e1db581344cf85756397d929f73d - - default default] 10.0.0.160 "GET /v2.0/security-groups?tenant_id=94a5759da01240c3be8dfe3745a3e9a1&name=default HTTP/1.1" status: 200 len: 3120 time: 0.3072865
2026-06-26 04:49:24.782 9 WARNING neutron.scheduler.dhcp_agent_scheduler [None req-096feca5-f3f2-49db-ae04-fee7e17502b3 8ef5a86c34cc4533b02737a89df44cdb de7877729abd4b0aab3ea8b9204d7058 - - default default] No more DHCP agents
2026-06-26 04:49:24.783 9 WARNING neutron.api.rpc.agentnotifiers.dhcp_rpc_agent_api [None req-096feca5-f3f2-49db-ae04-fee7e17502b3 8ef5a86c34cc4533b02737a89df44cdb de7877729abd4b0aab3ea8b9204d7058 - - default default] Unable to schedule network 01569ad6-34ab-43f9-82cf-aa8ae6e18638: no agents available; will retry on subsequent port and subnet creation events.
2026-06-26 04:49:24.784 10 INFO neutron.api.wsgi [None req-afd70bad-c3f2-469e-9f35-7bab78759eb3 158b7729050a495984523bc1f87691ef 4568e1db581344cf85756397d929f73d - - default default] 10.0.0.160 "DELETE /v2.0/security-groups/30920fd3-2f11-475e-a045-2d0875f8870c HTTP/1.1" status: 204 len: 168 time: 0.2045484
2026-06-26 04:49:25.229 10 INFO neutron.api.wsgi [req-8d14f46b-7769-49a8-9877-69454126653a req-a5b6e729-b5f7-4284-aa12-8b3d757de2da 4b9b966d16654df4bfc4356ea8647c4c bb8b9f0229e24989b9b52b736e54ea4b - - default default] 10.0.0.78 "GET /v2.0/ports?device_id=6c2c3c3e-06f2-4b90-bd2a-c5089e961c6a HTTP/1.1" status: 200 len: 210 time: 0.0181494
2026-06-26 04:49:25.251 9 INFO neutron.db.ovn_revision_numbers_db [None req-f5c3e85b-97b5-4892-8e81-9a92341f8d3d - - - - - -] Successfully bumped revision number for resource 527175a6-242d-4848-b0a7-7f2ab6c4b9c8 (type: ports) to 2
2026-06-26 04:49:25.276 9 INFO neutron.db.ovn_revision_numbers_db [None req-f5c3e85b-97b5-4892-8e81-9a92341f8d3d - - - - - -] Successfully bumped revision number for resource 6a819e87-fe3b-47ef-8f29-ec6c930b4dfe (type: subnets) to 0
2026-06-26 04:49:25.302 9 WARNING neutron.scheduler.dhcp_agent_scheduler [None req-096feca5-f3f2-49db-ae04-fee7e17502b3 8ef5a86c34cc4533b02737a89df44cdb de7877729abd4b0aab3ea8b9204d7058 - - default default] No more DHCP agents
2026-06-26 04:49:25.303 9 WARNING neutron.api.rpc.agentnotifiers.dhcp_rpc_agent_api [None req-096feca5-f3f2-49db-ae04-fee7e17502b3 8ef5a86c34cc4533b02737a89df44cdb de7877729abd4b0aab3ea8b9204d7058 - - default default] Unable to schedule network ef2b2e17-de73-4e5d-b93e-512c508c368b: no agents available; will retry on subsequent port and subnet creation events.
2026-06-26 04:49:25.337 9 WARNING neutron.plugins.ml2.drivers.ovn.mech_driver.ovsdb.ovn_client [None req-3333ac15-f43b-4163-bcfd-1e94b7907635 - - - - - -] No hosting information found for port d76bb5c0-33e4-47a2-93db-e06c0dac7443: RuntimeError: No hosting information found for port d76bb5c0-33e4-47a2-93db-e06c0dac7443
2026-06-26 04:49:25.412 9 INFO neutron.db.ovn_revision_numbers_db [None req-3333ac15-f43b-4163-bcfd-1e94b7907635 - - - - - -] Successfully bumped revision number for resource d76bb5c0-33e4-47a2-93db-e06c0dac7443 (type: router_ports) to 2
2026-06-26 04:49:25.741 9 INFO neutron.db.ovn_revision_numbers_db [None req-6718ac15-b5ff-433a-865d-295f5157c791 - - - - - -] Successfully bumped revision number for resource 489777b9-92cc-47bb-b1b0-78b635ffa76b (type: ports) to 2
2026-06-26 04:49:25.776 9 INFO neutron.db.ovn_revision_numbers_db [None req-6718ac15-b5ff-433a-865d-295f5157c791 - - - - - -] Successfully bumped revision number for resource 6efe709c-cc39-41c3-ba60-af4f9c227c25 (type: subnets) to 0
2026-06-26 04:49:25.794 9 INFO neutron.api.wsgi [None req-096feca5-f3f2-49db-ae04-fee7e17502b3 8ef5a86c34cc4533b02737a89df44cdb de7877729abd4b0aab3ea8b9204d7058 - - default default] 10.0.0.160 "POST /v2.0/subnets HTTP/1.1" status: 201 len: 1474 time: 1.3208508
2026-06-26 04:49:25.829 9 INFO neutron.api.wsgi [None req-f3017c28-adde-4c60-a05f-1ccc0919f620 8ef5a86c34cc4533b02737a89df44cdb de7877729abd4b0aab3ea8b9204d7058 - - default default] 10.0.0.160 "GET /v2.0/subnets HTTP/1.1" status: 200 len: 2105 time: 0.0298395
2026-06-26 04:49:25.995 9 INFO neutron.api.wsgi [None req-69d28e7c-8c6e-481e-9c69-3d594fa81338 8ef5a86c34cc4533b02737a89df44cdb de7877729abd4b0aab3ea8b9204d7058 - - default default] 10.0.0.160 "DELETE /v2.0/subnets/6a819e87-fe3b-47ef-8f29-ec6c930b4dfe HTTP/1.1" status: 204 len: 168 time: 0.1604669
2026-06-26 04:49:26.145 9 INFO neutron.api.wsgi [None req-6c61bc5f-4d0c-4b09-8ff9-988266ae50e9 8ef5a86c34cc4533b02737a89df44cdb de7877729abd4b0aab3ea8b9204d7058 - - default default] 10.0.0.160 "DELETE /v2.0/subnets/6efe709c-cc39-41c3-ba60-af4f9c227c25 HTTP/1.1" status: 204 len: 168 time: 0.1466386
2026-06-26 04:49:26.181 9 INFO neutron.api.wsgi [None req-f5a9724f-1755-408a-aea2-e1bebc3b5437 8ef5a86c34cc4533b02737a89df44cdb de7877729abd4b0aab3ea8b9204d7058 - - default default] 10.0.0.160 "GET /v2.0/subnets HTTP/1.1" status: 200 len: 843 time: 0.0297437
2026-06-26 04:49:26.247 9 INFO neutron.api.wsgi [req-d8c7cd18-c084-447e-be04-31b144b0e048 req-7e83443a-3c72-4af6-9b3c-a28ec7e69692 4b9b966d16654df4bfc4356ea8647c4c bb8b9f0229e24989b9b52b736e54ea4b - - default default] 199.204.45.115 "GET /v2.0/networks?id=bb07c5a3-f137-4e6a-bf08-815461165e0f HTTP/1.1" status: 200 len: 871 time: 0.0505998
2026-06-26 04:49:26.260 9 WARNING neutron_lib.context [req-d8c7cd18-c084-447e-be04-31b144b0e048 req-ea08eb6b-d5cb-4db9-b9c3-0efbcdd74446 4b9b966d16654df4bfc4356ea8647c4c bb8b9f0229e24989b9b52b736e54ea4b - - default default] Method 'is_advsvc' is deprecated since 2023.2 release (neutron-lib 3.8.0) and will be removed once support for the old RBAC API policies will be removed from Neutron. Please use method 'is_service_role' instead.
2026-06-26 04:49:26.294 10 INFO neutron.api.wsgi [req-d5bca635-e41e-4b06-82b9-b6c8d56711be req-e55ddcc7-124b-472b-bebf-9c797d66bb1d 4b9b966d16654df4bfc4356ea8647c4c bb8b9f0229e24989b9b52b736e54ea4b - - default default] 10.0.0.78 "GET /v2.0/ports?device_id=6c2c3c3e-06f2-4b90-bd2a-c5089e961c6a HTTP/1.1" status: 200 len: 210 time: 0.0156972
2026-06-26 04:49:26.554 9 INFO neutron.services.segments.plugin [-] Segment fb6e7aae-b84c-484c-93cf-4407612f4bf6 resource provider aggregate not found
2026-06-26 04:49:26.560 9 INFO neutron.services.segments.plugin [-] Segment fb6e7aae-b84c-484c-93cf-4407612f4bf6 resource provider aggregate not found
2026-06-26 04:49:26.571 9 INFO neutron.services.segments.plugin [-] Segment fb6e7aae-b84c-484c-93cf-4407612f4bf6 resource provider not found; error: Placement Client Error (4xx): {"errors": [{"status": 404, "title": "Not Found", "detail": "The resource could not be found.\n\n No resource provider with uuid fb6e7aae-b84c-484c-93cf-4407612f4bf6 found for delete ", "request_id": "req-54399022-2630-4d7b-ae18-986fdf599a44"}]}
2026-06-26 04:49:26.576 9 INFO neutron.services.segments.plugin [-] Segment fb6e7aae-b84c-484c-93cf-4407612f4bf6 resource provider not found; error: Placement Client Error (4xx): {"errors": [{"status": 404, "title": "Not Found", "detail": "The resource could not be found.\n\n No resource provider with uuid fb6e7aae-b84c-484c-93cf-4407612f4bf6 found for delete ", "request_id": "req-85ec1f1e-ee4b-4671-adc0-0703a5002e1c"}]}
2026-06-26 04:49:26.599 9 INFO neutron.api.wsgi [None req-ff07a10d-5ba6-4427-b297-77ef82307674 8ef5a86c34cc4533b02737a89df44cdb de7877729abd4b0aab3ea8b9204d7058 - - default default] 10.0.0.160 "DELETE /v2.0/networks/ef2b2e17-de73-4e5d-b93e-512c508c368b HTTP/1.1" status: 204 len: 168 time: 0.4124165 /var/lib/openstack/lib/python3.12/site-packages/pycadf/identifier.py:71: UserWarning: Invalid uuid: neutron. To ensure interoperability, identifiers should be a valid uuid. warnings.warn(('Invalid uuid: %s. To ensure interoperability, '
2026-06-26 04:49:26.621 9 WARNING neutron.scheduler.dhcp_agent_scheduler [req-d8c7cd18-c084-447e-be04-31b144b0e048 req-ea08eb6b-d5cb-4db9-b9c3-0efbcdd74446 4b9b966d16654df4bfc4356ea8647c4c bb8b9f0229e24989b9b52b736e54ea4b - - default default] No more DHCP agents
2026-06-26 04:49:26.622 9 WARNING neutron.api.rpc.agentnotifiers.dhcp_rpc_agent_api [req-d8c7cd18-c084-447e-be04-31b144b0e048 req-ea08eb6b-d5cb-4db9-b9c3-0efbcdd74446 4b9b966d16654df4bfc4356ea8647c4c bb8b9f0229e24989b9b52b736e54ea4b - - default default] Unable to schedule network bb07c5a3-f137-4e6a-bf08-815461165e0f: no agents available; will retry on subsequent port and subnet creation events.
2026-06-26 04:49:26.771 9 INFO neutron.db.ovn_revision_numbers_db [req-d8c7cd18-c084-447e-be04-31b144b0e048 req-ea08eb6b-d5cb-4db9-b9c3-0efbcdd74446 4b9b966d16654df4bfc4356ea8647c4c bb8b9f0229e24989b9b52b736e54ea4b - - default default] Successfully bumped revision number for resource e9cb5f2f-fa6e-4fa1-b300-13ff03a3967b (type: ports) to 1
2026-06-26 04:49:26.791 9 INFO neutron.api.wsgi [req-d8c7cd18-c084-447e-be04-31b144b0e048 req-ea08eb6b-d5cb-4db9-b9c3-0efbcdd74446 4b9b966d16654df4bfc4356ea8647c4c bb8b9f0229e24989b9b52b736e54ea4b - - default default] 199.204.45.115 "POST /v2.0/ports HTTP/1.1" status: 201 len: 1158 time: 0.5363419
2026-06-26 04:49:26.986 9 INFO neutron.api.wsgi [None req-f2a8881c-ebeb-4b6f-b3c7-d78ffe68eb24 8ef5a86c34cc4533b02737a89df44cdb de7877729abd4b0aab3ea8b9204d7058 - - default default] 10.0.0.160 "DELETE /v2.0/networks/01569ad6-34ab-43f9-82cf-aa8ae6e18638 HTTP/1.1" status: 204 len: 168 time: 0.3792534
2026-06-26 04:49:27.181 9 INFO neutron.db.ovn_revision_numbers_db [req-d8c7cd18-c084-447e-be04-31b144b0e048 req-15913c09-8359-4bd2-b38f-60a3942aa4a0 c20f319dc3984ebba267d56c940622e0 63cdc91da5f546ba891e6589aa3bc125 - - 8963cce63f5c42bc8c9d87b82fbe7c54 8963cce63f5c42bc8c9d87b82fbe7c54] Successfully bumped revision number for resource e9cb5f2f-fa6e-4fa1-b300-13ff03a3967b (type: ports) to 2 /var/lib/openstack/lib/python3.12/site-packages/pycadf/identifier.py:71: UserWarning: Invalid uuid: neutron. To ensure interoperability, identifiers should be a valid uuid. warnings.warn(('Invalid uuid: %s. To ensure interoperability, '
2026-06-26 04:49:27.265 10 INFO neutron.services.segments.plugin [-] Segment b8214fde-e490-4659-bde8-12b618e404df resource provider aggregate not found
2026-06-26 04:49:27.270 10 INFO neutron.services.segments.plugin [-] Segment b8214fde-e490-4659-bde8-12b618e404df resource provider aggregate not found
2026-06-26 04:49:27.282 10 INFO neutron.services.segments.plugin [-] Segment b8214fde-e490-4659-bde8-12b618e404df resource provider not found; error: Placement Client Error (4xx): {"errors": [{"status": 404, "title": "Not Found", "detail": "The resource could not be found.\n\n No resource provider with uuid b8214fde-e490-4659-bde8-12b618e404df found for delete ", "request_id": "req-bb738e2d-e8af-4518-97ae-fd459f0d780e"}]}
2026-06-26 04:49:27.283 10 INFO neutron.services.segments.plugin [-] Segment b8214fde-e490-4659-bde8-12b618e404df resource provider not found; error: Placement Client Error (4xx): {"errors": [{"status": 404, "title": "Not Found", "detail": "The resource could not be found.\n\n No resource provider with uuid b8214fde-e490-4659-bde8-12b618e404df found for delete ", "request_id": "req-35cc04aa-b98e-426a-bf6e-9ccadca2f069"}]}
2026-06-26 04:49:27.297 10 INFO neutron.api.wsgi [None req-8b365d3b-8913-4131-8c5d-746fd54fc484 8ef5a86c34cc4533b02737a89df44cdb de7877729abd4b0aab3ea8b9204d7058 - - default default] 10.0.0.160 "DELETE /v2.0/networks/cda227fb-3e80-44c3-b322-777f71a5f1f1 HTTP/1.1" status: 204 len: 168 time: 0.3051248
2026-06-26 04:49:27.424 9 INFO neutron.db.ovn_revision_numbers_db [None req-bafb3d9b-f6ed-46c4-b972-7dc9bfa6f034 158b7729050a495984523bc1f87691ef 4568e1db581344cf85756397d929f73d - - default default] Successfully bumped revision number for resource 5213a3e1-cd12-4ed4-ab06-c7e44f25476a (type: security_groups) to 1
2026-06-26 04:49:27.430 9 INFO neutron.db.ovn_revision_numbers_db [req-d8c7cd18-c084-447e-be04-31b144b0e048 req-15913c09-8359-4bd2-b38f-60a3942aa4a0 c20f319dc3984ebba267d56c940622e0 63cdc91da5f546ba891e6589aa3bc125 - - 8963cce63f5c42bc8c9d87b82fbe7c54 8963cce63f5c42bc8c9d87b82fbe7c54] Successfully bumped revision number for resource e9cb5f2f-fa6e-4fa1-b300-13ff03a3967b (type: ports) to 4
2026-06-26 04:49:27.439 10 INFO neutron.api.wsgi [req-17966359-80b8-4500-bad8-f0773e51fa6d req-0fa80b79-3ec3-4f96-9f02-54d52edcc81f 4b9b966d16654df4bfc4356ea8647c4c bb8b9f0229e24989b9b52b736e54ea4b - - default default] 10.0.0.78 "GET /v2.0/ports?device_id=6c2c3c3e-06f2-4b90-bd2a-c5089e961c6a HTTP/1.1" status: 200 len: 1168 time: 0.0828700
2026-06-26 04:49:27.440 9 INFO neutron.db.ovn_revision_numbers_db [None req-bafb3d9b-f6ed-46c4-b972-7dc9bfa6f034 158b7729050a495984523bc1f87691ef 4568e1db581344cf85756397d929f73d - - default default] Successfully bumped revision number for resource 244790c6-6501-40ee-8e61-9410eb029ede (type: security_group_rules) to 0
2026-06-26 04:49:27.447 9 INFO neutron.api.wsgi [req-d8c7cd18-c084-447e-be04-31b144b0e048 req-15913c09-8359-4bd2-b38f-60a3942aa4a0 c20f319dc3984ebba267d56c940622e0 63cdc91da5f546ba891e6589aa3bc125 - - 8963cce63f5c42bc8c9d87b82fbe7c54 8963cce63f5c42bc8c9d87b82fbe7c54] 199.204.45.115 "PUT /v2.0/ports/e9cb5f2f-fa6e-4fa1-b300-13ff03a3967b HTTP/1.1" status: 200 len: 1404 time: 0.6501038
2026-06-26 04:49:27.462 9 INFO neutron.db.ovn_revision_numbers_db [None req-bafb3d9b-f6ed-46c4-b972-7dc9bfa6f034 158b7729050a495984523bc1f87691ef 4568e1db581344cf85756397d929f73d - - default default] Successfully bumped revision number for resource 62444d2f-25fe-4106-86db-a711123d2718 (type: security_group_rules) to 0
2026-06-26 04:49:27.474 9 INFO neutron.db.ovn_revision_numbers_db [None req-bafb3d9b-f6ed-46c4-b972-7dc9bfa6f034 158b7729050a495984523bc1f87691ef 4568e1db581344cf85756397d929f73d - - default default] Successfully bumped revision number for resource 79ec08d0-0fa7-42c3-8d1e-1dbb7c5304c9 (type: security_group_rules) to 0
2026-06-26 04:49:27.487 9 INFO neutron.notifiers.nova [-] Nova event matching ['req-af021704-4821-461f-8802-0d3982d5eaf4'] response: {'name': 'network-changed', 'server_uuid': '6c2c3c3e-06f2-4b90-bd2a-c5089e961c6a', 'tag': 'e9cb5f2f-fa6e-4fa1-b300-13ff03a3967b', 'status': 'completed', 'code': 200}
2026-06-26 04:49:27.488 9 INFO neutron.db.ovn_revision_numbers_db [None req-bafb3d9b-f6ed-46c4-b972-7dc9bfa6f034 158b7729050a495984523bc1f87691ef 4568e1db581344cf85756397d929f73d - - default default] Successfully bumped revision number for resource eddbc23e-9fba-4a18-a8a1-0c54dd1342e6 (type: security_group_rules) to 0
2026-06-26 04:49:27.489 10 INFO neutron.api.wsgi [req-17966359-80b8-4500-bad8-f0773e51fa6d req-6bc33b47-30dc-4320-9402-62aaa66503ee 4b9b966d16654df4bfc4356ea8647c4c bb8b9f0229e24989b9b52b736e54ea4b - - default default] 10.0.0.78 "GET /v2.0/security-groups?id=c8966c5a-5a6b-4831-8380-9192b55a4cda&fields=id&fields=name HTTP/1.1" status: 200 len: 286 time: 0.0447969
2026-06-26 04:49:27.517 9 INFO neutron.api.wsgi [None req-bafb3d9b-f6ed-46c4-b972-7dc9bfa6f034 158b7729050a495984523bc1f87691ef 4568e1db581344cf85756397d929f73d - - default default] 10.0.0.160 "GET /v2.0/security-groups?tenant_id=a0bc5f60ce394eefa29c272bc907ba02&name=default HTTP/1.1" status: 200 len: 3120 time: 0.4477730 /var/lib/openstack/lib/python3.12/site-packages/pycadf/identifier.py:71: UserWarning: Invalid uuid: neutron. To ensure interoperability, identifiers should be a valid uuid. warnings.warn(('Invalid uuid: %s. To ensure interoperability, '
2026-06-26 04:49:27.669 10 INFO neutron.api.wsgi [None req-360fc773-e8d5-4d37-9246-9b9f26c67a55 8ef5a86c34cc4533b02737a89df44cdb de7877729abd4b0aab3ea8b9204d7058 - - default default] 10.0.0.160 "DELETE /v2.0/networks/9cee85b3-8dd7-4735-b489-4fbfcb6cec96 HTTP/1.1" status: 204 len: 168 time: 0.3642592
2026-06-26 04:49:27.712 9 INFO neutron.api.wsgi [None req-b0589d6a-6321-4e05-80c7-452c76ca4c6e 158b7729050a495984523bc1f87691ef 4568e1db581344cf85756397d929f73d - - default default] 10.0.0.160 "DELETE /v2.0/security-groups/5213a3e1-cd12-4ed4-ab06-c7e44f25476a HTTP/1.1" status: 204 len: 168 time: 0.1874638
2026-06-26 04:49:27.844 9 WARNING neutron_lib.context [None req-534aa6b1-afcd-413c-b8c0-8c0f1f68da48 6ddc9897e8524a17ae341956eac9241d de01915918064ea5973e4a5226799cff - - default default] Method 'is_advsvc' is deprecated since 2023.2 release (neutron-lib 3.8.0) and will be removed once support for the old RBAC API policies will be removed from Neutron. Please use method 'is_service_role' instead.
2026-06-26 04:49:27.990 9 INFO neutron.db.ovn_revision_numbers_db [None req-534aa6b1-afcd-413c-b8c0-8c0f1f68da48 6ddc9897e8524a17ae341956eac9241d de01915918064ea5973e4a5226799cff - - default default] Successfully bumped revision number for resource 3adac7b4-9fab-489d-9b71-5e5e9611c642 (type: security_groups) to 1
2026-06-26 04:49:28.037 9 INFO neutron.db.ovn_revision_numbers_db [None req-534aa6b1-afcd-413c-b8c0-8c0f1f68da48 6ddc9897e8524a17ae341956eac9241d de01915918064ea5973e4a5226799cff - - default default] Successfully bumped revision number for resource 3035c689-e589-4432-887b-c513a33d1b38 (type: security_group_rules) to 0
2026-06-26 04:49:28.055 9 INFO neutron.api.wsgi [req-d6363d86-b968-4279-9944-0b9ad1ec61a9 req-4d322777-aad1-4971-ac23-0acb26e50f0a c20f319dc3984ebba267d56c940622e0 63cdc91da5f546ba891e6589aa3bc125 - - 8963cce63f5c42bc8c9d87b82fbe7c54 8963cce63f5c42bc8c9d87b82fbe7c54] 199.204.45.115 "GET /v2.0/ports?tenant_id=bb8b9f0229e24989b9b52b736e54ea4b&device_id=6c2c3c3e-06f2-4b90-bd2a-c5089e961c6a HTTP/1.1" status: 200 len: 1407 time: 0.0542159
2026-06-26 04:49:28.062 9 INFO neutron.db.ovn_revision_numbers_db [None req-534aa6b1-afcd-413c-b8c0-8c0f1f68da48 6ddc9897e8524a17ae341956eac9241d de01915918064ea5973e4a5226799cff - - default default] Successfully bumped revision number for resource 60cbe4db-ede6-47fa-adcc-a8fe406d091b (type: security_group_rules) to 0
2026-06-26 04:49:28.080 9 INFO neutron.db.ovn_revision_numbers_db [None req-534aa6b1-afcd-413c-b8c0-8c0f1f68da48 6ddc9897e8524a17ae341956eac9241d de01915918064ea5973e4a5226799cff - - default default] Successfully bumped revision number for resource 6443bed3-aa0f-4528-812e-809ed069965b (type: security_group_rules) to 0
2026-06-26 04:49:28.095 9 INFO neutron.db.ovn_revision_numbers_db [None req-534aa6b1-afcd-413c-b8c0-8c0f1f68da48 6ddc9897e8524a17ae341956eac9241d de01915918064ea5973e4a5226799cff - - default default] Successfully bumped revision number for resource f93bd4e8-c9a7-4ac4-a6eb-4dab3d65f705 (type: security_group_rules) to 0
2026-06-26 04:49:28.108 9 INFO neutron.api.wsgi [req-d6363d86-b968-4279-9944-0b9ad1ec61a9 req-1c30aae9-9896-4773-85ab-1c2c1443a5a1 c20f319dc3984ebba267d56c940622e0 63cdc91da5f546ba891e6589aa3bc125 - - 8963cce63f5c42bc8c9d87b82fbe7c54 8963cce63f5c42bc8c9d87b82fbe7c54] 199.204.45.115 "GET /v2.0/networks?tenant_id=bb8b9f0229e24989b9b52b736e54ea4b&shared=False HTTP/1.1" status: 200 len: 970 time: 0.0463202
2026-06-26 04:49:28.186 9 INFO neutron.api.wsgi [req-d6363d86-b968-4279-9944-0b9ad1ec61a9 req-e985026a-2697-4530-b1c9-123eb33ef190 c20f319dc3984ebba267d56c940622e0 63cdc91da5f546ba891e6589aa3bc125 - - 8963cce63f5c42bc8c9d87b82fbe7c54 8963cce63f5c42bc8c9d87b82fbe7c54] 199.204.45.115 "GET /v2.0/networks?shared=True HTTP/1.1" status: 200 len: 952 time: 0.0739019
2026-06-26 04:49:28.193 9 INFO neutron.db.segments_db [None req-534aa6b1-afcd-413c-b8c0-8c0f1f68da48 6ddc9897e8524a17ae341956eac9241d de01915918064ea5973e4a5226799cff - - default default] Added segment e5bafc65-3b59-447b-af67-f942f5925fe1 of type geneve for network 15945dae-9fcd-4152-8326-9163fa66146c
2026-06-26 04:49:28.257 10 INFO neutron.api.wsgi [None req-36554319-fea6-4b3e-880c-d1276cc36a2d 158b7729050a495984523bc1f87691ef 4568e1db581344cf85756397d929f73d - - default default] 10.0.0.160 "GET /v2.0/security-groups?tenant_id=de7877729abd4b0aab3ea8b9204d7058&name=default HTTP/1.1" status: 200 len: 3120 time: 0.1264687
2026-06-26 04:49:28.299 9 INFO neutron.db.ovn_revision_numbers_db [None req-534aa6b1-afcd-413c-b8c0-8c0f1f68da48 6ddc9897e8524a17ae341956eac9241d de01915918064ea5973e4a5226799cff - - default default] Successfully bumped revision number for resource 15945dae-9fcd-4152-8326-9163fa66146c (type: networks) to 1
2026-06-26 04:49:28.468 9 WARNING neutron.scheduler.dhcp_agent_scheduler [None req-534aa6b1-afcd-413c-b8c0-8c0f1f68da48 6ddc9897e8524a17ae341956eac9241d de01915918064ea5973e4a5226799cff - - default default] No more DHCP agents
2026-06-26 04:49:28.469 9 WARNING neutron.api.rpc.agentnotifiers.dhcp_rpc_agent_api [None req-534aa6b1-afcd-413c-b8c0-8c0f1f68da48 6ddc9897e8524a17ae341956eac9241d de01915918064ea5973e4a5226799cff - - default default] Unable to schedule network 15945dae-9fcd-4152-8326-9163fa66146c: no agents available; will retry on subsequent port and subnet creation events.
2026-06-26 04:49:28.473 10 INFO neutron.api.wsgi [None req-79795d45-0000-4e37-810f-9bba21e91d41 158b7729050a495984523bc1f87691ef 4568e1db581344cf85756397d929f73d - - default default] 10.0.0.160 "DELETE /v2.0/security-groups/484a3f38-da0d-4a5c-99c3-da2c05006311 HTTP/1.1" status: 204 len: 168 time: 0.2093232
2026-06-26 04:49:28.538 9 INFO neutron.db.ovn_revision_numbers_db [None req-534aa6b1-afcd-413c-b8c0-8c0f1f68da48 6ddc9897e8524a17ae341956eac9241d de01915918064ea5973e4a5226799cff - - default default] Successfully bumped revision number for resource 7d5367f7-18ec-4b51-9b41-ca66d112561c (type: ports) to 1
2026-06-26 04:49:28.560 9 INFO neutron.api.wsgi [None req-534aa6b1-afcd-413c-b8c0-8c0f1f68da48 6ddc9897e8524a17ae341956eac9241d de01915918064ea5973e4a5226799cff - - default default] 10.0.0.160 "POST /v2.0/networks HTTP/1.1" status: 201 len: 831 time: 0.8432937
2026-06-26 04:49:28.573 9 WARNING neutron_lib.context [None req-94a920c6-88d4-4e37-8d65-c3baea6a3393 6ddc9897e8524a17ae341956eac9241d de01915918064ea5973e4a5226799cff - - default default] Method 'is_advsvc' is deprecated since 2023.2 release (neutron-lib 3.8.0) and will be removed once support for the old RBAC API policies will be removed from Neutron. Please use method 'is_service_role' instead.
2026-06-26 04:49:28.592 9 INFO neutron.services.segments.plugin [-] Segment 982945bd-4d9c-4f27-893c-cd07b15ce16b resource provider aggregate not found
2026-06-26 04:49:28.595 9 INFO neutron.services.segments.plugin [-] Segment 982945bd-4d9c-4f27-893c-cd07b15ce16b resource provider aggregate not found
2026-06-26 04:49:28.595 10 INFO neutron.api.wsgi [req-f48009a2-1163-45dc-99a9-3a4fba0f5147 req-4d7d9e96-6c4d-4b6e-bc03-671b8c5556a4 4b9b966d16654df4bfc4356ea8647c4c bb8b9f0229e24989b9b52b736e54ea4b - - default default] 10.0.0.78 "GET /v2.0/ports?device_id=6c2c3c3e-06f2-4b90-bd2a-c5089e961c6a HTTP/1.1" status: 200 len: 1168 time: 0.0332370
2026-06-26 04:49:28.606 9 INFO neutron.services.segments.plugin [-] Segment 982945bd-4d9c-4f27-893c-cd07b15ce16b resource provider not found; error: Placement Client Error (4xx): {"errors": [{"status": 404, "title": "Not Found", "detail": "The resource could not be found.\n\n No resource provider with uuid 982945bd-4d9c-4f27-893c-cd07b15ce16b found for delete ", "request_id": "req-e7e8682d-aa99-4d7c-9e2b-bab28ff29cdd"}]}
2026-06-26 04:49:28.607 9 INFO neutron.services.segments.plugin [-] Segment 982945bd-4d9c-4f27-893c-cd07b15ce16b resource provider not found; error: Placement Client Error (4xx): {"errors": [{"status": 404, "title": "Not Found", "detail": "The resource could not be found.\n\n No resource provider with uuid 982945bd-4d9c-4f27-893c-cd07b15ce16b found for delete ", "request_id": "req-5aebcac0-e160-4950-8b7d-4f639bf5554d"}]}
2026-06-26 04:49:28.628 10 INFO neutron.api.wsgi [req-f48009a2-1163-45dc-99a9-3a4fba0f5147 req-9dc1c6f1-9597-4f28-afd4-5fd208b866d9 4b9b966d16654df4bfc4356ea8647c4c bb8b9f0229e24989b9b52b736e54ea4b - - default default] 10.0.0.78 "GET /v2.0/security-groups?id=c8966c5a-5a6b-4831-8380-9192b55a4cda&fields=id&fields=name HTTP/1.1" status: 200 len: 286 time: 0.0285354
2026-06-26 04:49:28.755 9 WARNING neutron.scheduler.dhcp_agent_scheduler [None req-94a920c6-88d4-4e37-8d65-c3baea6a3393 6ddc9897e8524a17ae341956eac9241d de01915918064ea5973e4a5226799cff - - default default] No more DHCP agents
2026-06-26 04:49:28.756 9 WARNING neutron.api.rpc.agentnotifiers.dhcp_rpc_agent_api [None req-94a920c6-88d4-4e37-8d65-c3baea6a3393 6ddc9897e8524a17ae341956eac9241d de01915918064ea5973e4a5226799cff - - default default] Unable to schedule network 15945dae-9fcd-4152-8326-9163fa66146c: no agents available; will retry on subsequent port and subnet creation events.
2026-06-26 04:49:29.200 9 INFO neutron.db.ovn_revision_numbers_db [None req-a687c554-89a9-4232-b9fe-3b9352577aa4 - - - - - -] Successfully bumped revision number for resource 7d5367f7-18ec-4b51-9b41-ca66d112561c (type: ports) to 2
2026-06-26 04:49:29.247 9 INFO neutron.api.wsgi [req-d8c7cd18-c084-447e-be04-31b144b0e048 req-8c92ae9d-0a44-4613-82d9-2fbf4db928be c20f319dc3984ebba267d56c940622e0 63cdc91da5f546ba891e6589aa3bc125 - - 8963cce63f5c42bc8c9d87b82fbe7c54 8963cce63f5c42bc8c9d87b82fbe7c54] 199.204.45.115 "GET /v2.0/ports?tenant_id=bb8b9f0229e24989b9b52b736e54ea4b&device_id=6c2c3c3e-06f2-4b90-bd2a-c5089e961c6a HTTP/1.1" status: 200 len: 1407 time: 0.0423172
2026-06-26 04:49:29.251 9 INFO neutron.db.ovn_revision_numbers_db [None req-a687c554-89a9-4232-b9fe-3b9352577aa4 - - - - - -] Successfully bumped revision number for resource 2eacbbf0-956c-4ea1-b292-01646895dc05 (type: subnets) to 0
2026-06-26 04:49:29.269 9 INFO neutron.api.wsgi [req-d8c7cd18-c084-447e-be04-31b144b0e048 req-df07072a-bab9-4bd8-9a31-7d6a3e0764f7 c20f319dc3984ebba267d56c940622e0 63cdc91da5f546ba891e6589aa3bc125 - - 8963cce63f5c42bc8c9d87b82fbe7c54 8963cce63f5c42bc8c9d87b82fbe7c54] 199.204.45.115 "GET /v2.0/floatingips?fixed_ip_address=10.100.0.9&port_id=e9cb5f2f-fa6e-4fa1-b300-13ff03a3967b HTTP/1.1" status: 200 len: 217 time: 0.0163000
2026-06-26 04:49:29.276 9 INFO neutron.api.wsgi [None req-94a920c6-88d4-4e37-8d65-c3baea6a3393 6ddc9897e8524a17ae341956eac9241d de01915918064ea5973e4a5226799cff - - default default] 10.0.0.160 "POST /v2.0/subnets HTTP/1.1" status: 201 len: 825 time: 0.7101016
2026-06-26 04:49:29.297 10 INFO neutron.services.segments.plugin [-] Segment 1bfa6183-65c1-414a-b9ab-32b512789105 resource provider aggregate not found
2026-06-26 04:49:29.303 10 INFO neutron.services.segments.plugin [-] Segment 1bfa6183-65c1-414a-b9ab-32b512789105 resource provider aggregate not found
2026-06-26 04:49:29.310 10 INFO neutron.services.segments.plugin [-] Segment 1bfa6183-65c1-414a-b9ab-32b512789105 resource provider not found; error: Placement Client Error (4xx): {"errors": [{"status": 404, "title": "Not Found", "detail": "The resource could not be found.\n\n No resource provider with uuid 1bfa6183-65c1-414a-b9ab-32b512789105 found for delete ", "request_id": "req-9f13c64a-ce5f-4f31-9c3c-48493f5400a7"}]}
2026-06-26 04:49:29.321 9 INFO neutron.api.wsgi [req-d8c7cd18-c084-447e-be04-31b144b0e048 req-cd13b3be-b6b1-44ed-a5b6-e62f088302af c20f319dc3984ebba267d56c940622e0 63cdc91da5f546ba891e6589aa3bc125 - - 8963cce63f5c42bc8c9d87b82fbe7c54 8963cce63f5c42bc8c9d87b82fbe7c54] 199.204.45.115 "GET /v2.0/subnets?id=7b700e32-f323-4671-ac79-332804cf2f8a HTTP/1.1" status: 200 len: 889 time: 0.0477161
2026-06-26 04:49:29.328 10 INFO neutron.services.segments.plugin [-] Segment 1bfa6183-65c1-414a-b9ab-32b512789105 resource provider not found; error: Placement Client Error (4xx): {"errors": [{"status": 404, "title": "Not Found", "detail": "The resource could not be found.\n\n No resource provider with uuid 1bfa6183-65c1-414a-b9ab-32b512789105 found for delete ", "request_id": "req-d299c419-a784-4cc6-8a4c-7f9bd4b89260"}]}
2026-06-26 04:49:29.343 9 INFO neutron.api.wsgi [req-d8c7cd18-c084-447e-be04-31b144b0e048 req-1bb89969-8aa2-4f43-8230-3d9bb7003faf c20f319dc3984ebba267d56c940622e0 63cdc91da5f546ba891e6589aa3bc125 - - 8963cce63f5c42bc8c9d87b82fbe7c54 8963cce63f5c42bc8c9d87b82fbe7c54] 199.204.45.115 "GET /v2.0/ports?network_id=bb07c5a3-f137-4e6a-bf08-815461165e0f&device_owner=network%3Adhcp HTTP/1.1" status: 200 len: 210 time: 0.0183687
2026-06-26 04:49:29.364 9 INFO neutron.api.wsgi [None req-f4fc9bbe-4dc5-42a3-a8cf-28ea0bcf1463 6ddc9897e8524a17ae341956eac9241d de01915918064ea5973e4a5226799cff - - default default] 10.0.0.160 "PUT /v2.0/subnets/2eacbbf0-956c-4ea1-b292-01646895dc05/tags HTTP/1.1" status: 200 len: 218 time: 0.0825801
2026-06-26 04:49:29.386 9 INFO neutron.api.wsgi [req-d8c7cd18-c084-447e-be04-31b144b0e048 req-3a9e9c64-50f1-4118-8a2f-925e0319e9a4 c20f319dc3984ebba267d56c940622e0 63cdc91da5f546ba891e6589aa3bc125 - - 8963cce63f5c42bc8c9d87b82fbe7c54 8963cce63f5c42bc8c9d87b82fbe7c54] 199.204.45.115 "GET /v2.0/networks/bb07c5a3-f137-4e6a-bf08-815461165e0f?fields=segments HTTP/1.1" status: 200 len: 212 time: 0.0376241
