2026-06-26 04:49:50.338 10 WARNING neutron.api.rpc.agentnotifiers.dhcp_rpc_agent_api [None req-da686bdf-51bb-4498-af94-f0e73d7303d9 d33e70b2005545e780dbc4d60bf62add eb89399d0eda4ae0be6a9c2b39ab88c7 - - default default] Unable to schedule network 3344ddee-c38c-4938-aea1-4fffb0e8c00c: no agents available; will retry on subsequent port and subnet creation events.
2026-06-26 04:49:50.394 10 INFO neutron.db.ovn_revision_numbers_db [None req-da686bdf-51bb-4498-af94-f0e73d7303d9 d33e70b2005545e780dbc4d60bf62add eb89399d0eda4ae0be6a9c2b39ab88c7 - - default default] Successfully bumped revision number for resource 682211e2-16ad-4d01-a7b8-97e7e43f0d21 (type: ports) to 1
2026-06-26 04:49:50.415 10 INFO neutron.api.wsgi [None req-da686bdf-51bb-4498-af94-f0e73d7303d9 d33e70b2005545e780dbc4d60bf62add eb89399d0eda4ae0be6a9c2b39ab88c7 - - default default] 10.0.0.160 "POST /v2.0/networks HTTP/1.1" status: 201 len: 832 time: 0.8118565
2026-06-26 04:49:50.424 10 WARNING neutron_lib.context [None req-b6f140b7-e0c0-4944-ae0e-3decfbfce09f d33e70b2005545e780dbc4d60bf62add eb89399d0eda4ae0be6a9c2b39ab88c7 - - default default] Method 'is_advsvc' is deprecated since 2023.2 release (neutron-lib 3.8.0) and will be removed once support for the old RBAC API policies will be removed from Neutron. Please use method 'is_service_role' instead.
2026-06-26 04:49:50.777 10 WARNING neutron.scheduler.dhcp_agent_scheduler [None req-b6f140b7-e0c0-4944-ae0e-3decfbfce09f d33e70b2005545e780dbc4d60bf62add eb89399d0eda4ae0be6a9c2b39ab88c7 - - default default] No more DHCP agents
2026-06-26 04:49:50.778 10 WARNING neutron.api.rpc.agentnotifiers.dhcp_rpc_agent_api [None req-b6f140b7-e0c0-4944-ae0e-3decfbfce09f d33e70b2005545e780dbc4d60bf62add eb89399d0eda4ae0be6a9c2b39ab88c7 - - default default] Unable to schedule network 11789b96-5912-42f6-902a-d4b9fa3b0e1f: no agents available; will retry on subsequent port and subnet creation events.
2026-06-26 04:49:50.898 10 INFO neutron.db.ovn_revision_numbers_db [None req-b6f140b7-e0c0-4944-ae0e-3decfbfce09f d33e70b2005545e780dbc4d60bf62add eb89399d0eda4ae0be6a9c2b39ab88c7 - - default default] Successfully bumped revision number for resource e9ac26d0-2621-4fe7-bc5f-86d24f53e836 (type: ports) to 1
2026-06-26 04:49:51.489 10 INFO neutron.plugins.ml2.drivers.ovn.mech_driver.ovsdb.commands [None req-1ba8fd88-e200-4d31-8584-df0588196f8d - - - - - -] Schedule LRP lrp-e9ac26d0-2621-4fe7-bc5f-86d24f53e836 on gateway 1c8134a9-393d-445c-b5c7-51a2b32003e3 with priority 1
2026-06-26 04:49:51.496 9 INFO neutron.plugins.ml2.drivers.ovn.mech_driver.mech_driver [None req-3333ac15-f43b-4163-bcfd-1e94b7907635 - - - - - -] OVN reports status up for port: e9ac26d0-2621-4fe7-bc5f-86d24f53e836
2026-06-26 04:49:51.510 9 INFO neutron.plugins.ml2.drivers.ovn.mech_driver.ovsdb.ovsdb_monitor [None req-000d7705-c7fd-4817-aa56-8c5d16c85af8 - - - - - -] Router 59b5fc08-c0af-4fd2-bf61-4dfd4b7fdd93 is bound to host instance
2026-06-26 04:49:51.531 9 INFO neutron.plugins.ml2.plugin [None req-3333ac15-f43b-4163-bcfd-1e94b7907635 - - - - - -] Attempt 1 to provision port e9ac26d0-2621-4fe7-bc5f-86d24f53e836
2026-06-26 04:49:51.558 10 INFO neutron.db.ovn_revision_numbers_db [None req-b6f140b7-e0c0-4944-ae0e-3decfbfce09f d33e70b2005545e780dbc4d60bf62add eb89399d0eda4ae0be6a9c2b39ab88c7 - - default default] Successfully bumped revision number for resource e9ac26d0-2621-4fe7-bc5f-86d24f53e836 (type: router_ports) to 1
2026-06-26 04:49:51.629 10 INFO neutron.db.ovn_revision_numbers_db [None req-b6f140b7-e0c0-4944-ae0e-3decfbfce09f d33e70b2005545e780dbc4d60bf62add eb89399d0eda4ae0be6a9c2b39ab88c7 - - default default] Successfully bumped revision number for resource 59b5fc08-c0af-4fd2-bf61-4dfd4b7fdd93 (type: routers) to 2
2026-06-26 04:49:51.647 10 INFO neutron.api.wsgi [None req-b6f140b7-e0c0-4944-ae0e-3decfbfce09f d33e70b2005545e780dbc4d60bf62add eb89399d0eda4ae0be6a9c2b39ab88c7 - - default default] 10.0.0.160 "POST /v2.0/routers HTTP/1.1" status: 201 len: 1153 time: 1.2266922
2026-06-26 04:49:51.703 10 INFO neutron.api.wsgi [None req-464e57a6-a99b-421a-8034-56f89283103b 5a29e3532b0a4d89bd0be052d7c86907 190da68c09fc4f42ba99437a0300d1c4 - - default default] 10.0.0.160 "GET /v2.0/subnets?project_id=eb89399d0eda4ae0be6a9c2b39ab88c7&cidr=10.100.0.0%2F28 HTTP/1.1" status: 200 len: 207 time: 0.0501771
2026-06-26 04:49:51.751 10 INFO neutron.api.wsgi [None req-128546fe-8488-48ea-b61f-007526010818 5a29e3532b0a4d89bd0be052d7c86907 190da68c09fc4f42ba99437a0300d1c4 - - default default] 10.0.0.160 "GET /v2.0/networks?router%3Aexternal=True HTTP/1.1" status: 200 len: 947 time: 0.0427189
2026-06-26 04:49:51.773 10 INFO neutron.api.wsgi [None req-be96fa4e-0182-43aa-9025-6e3ceff5ac14 5a29e3532b0a4d89bd0be052d7c86907 190da68c09fc4f42ba99437a0300d1c4 - - default default] 10.0.0.160 "GET /v2.0/subnets?network_id=11789b96-5912-42f6-902a-d4b9fa3b0e1f&cidr=10.100.0.0%2F28 HTTP/1.1" status: 200 len: 207 time: 0.0180502
2026-06-26 04:49:51.781 10 WARNING neutron_lib.context [None req-77ddd114-dfb1-4c97-adf4-95475b66c62f d33e70b2005545e780dbc4d60bf62add eb89399d0eda4ae0be6a9c2b39ab88c7 - - default default] Method 'is_advsvc' is deprecated since 2023.2 release (neutron-lib 3.8.0) and will be removed once support for the old RBAC API policies will be removed from Neutron. Please use method 'is_service_role' instead.
2026-06-26 04:49:51.911 9 INFO neutron.db.ovn_revision_numbers_db [None req-be6c2560-b537-4043-93ab-f4c2c009dac6 - - - - - -] Successfully bumped revision number for resource e9ac26d0-2621-4fe7-bc5f-86d24f53e836 (type: ports) to 1
2026-06-26 04:49:51.956 10 WARNING neutron.scheduler.dhcp_agent_scheduler [None req-77ddd114-dfb1-4c97-adf4-95475b66c62f d33e70b2005545e780dbc4d60bf62add eb89399d0eda4ae0be6a9c2b39ab88c7 - - default default] No more DHCP agents
2026-06-26 04:49:51.957 10 WARNING neutron.api.rpc.agentnotifiers.dhcp_rpc_agent_api [None req-77ddd114-dfb1-4c97-adf4-95475b66c62f d33e70b2005545e780dbc4d60bf62add eb89399d0eda4ae0be6a9c2b39ab88c7 - - default default] Unable to schedule network 3344ddee-c38c-4938-aea1-4fffb0e8c00c: no agents available; will retry on subsequent port and subnet creation events.
2026-06-26 04:49:52.232 9 INFO neutron.db.ovn_revision_numbers_db [None req-be6c2560-b537-4043-93ab-f4c2c009dac6 - - - - - -] Successfully bumped revision number for resource e9ac26d0-2621-4fe7-bc5f-86d24f53e836 (type: ports) to 4
2026-06-26 04:49:52.379 10 INFO neutron.db.ovn_revision_numbers_db [None req-c9d88b9a-ce98-4b26-9637-7a3a28c48de3 - - - - - -] Successfully bumped revision number for resource 682211e2-16ad-4d01-a7b8-97e7e43f0d21 (type: ports) to 2
2026-06-26 04:49:52.405 10 INFO neutron.db.ovn_revision_numbers_db [None req-c9d88b9a-ce98-4b26-9637-7a3a28c48de3 - - - - - -] Successfully bumped revision number for resource b3c53288-c2e6-4d44-bc2e-eecc439faeee (type: subnets) to 0
2026-06-26 04:49:52.419 10 INFO neutron.api.wsgi [None req-77ddd114-dfb1-4c97-adf4-95475b66c62f d33e70b2005545e780dbc4d60bf62add eb89399d0eda4ae0be6a9c2b39ab88c7 - - default default] 10.0.0.160 "POST /v2.0/subnets HTTP/1.1" status: 201 len: 855 time: 0.6405995
2026-06-26 04:49:52.486 9 INFO neutron.db.ovn_revision_numbers_db [None req-be6c2560-b537-4043-93ab-f4c2c009dac6 - - - - - -] Successfully bumped revision number for resource e9ac26d0-2621-4fe7-bc5f-86d24f53e836 (type: ports) to 5
2026-06-26 04:49:52.954 10 WARNING neutron.scheduler.dhcp_agent_scheduler [None req-77a829c6-8cac-4222-88d3-ff4b3a8b9d09 d33e70b2005545e780dbc4d60bf62add eb89399d0eda4ae0be6a9c2b39ab88c7 - - default default] No more DHCP agents
2026-06-26 04:49:52.956 10 WARNING neutron.api.rpc.agentnotifiers.dhcp_rpc_agent_api [None req-77a829c6-8cac-4222-88d3-ff4b3a8b9d09 d33e70b2005545e780dbc4d60bf62add eb89399d0eda4ae0be6a9c2b39ab88c7 - - default default] Unable to schedule network 3344ddee-c38c-4938-aea1-4fffb0e8c00c: no agents available; will retry on subsequent port and subnet creation events.
2026-06-26 04:49:53.086 10 INFO neutron.db.ovn_revision_numbers_db [None req-77a829c6-8cac-4222-88d3-ff4b3a8b9d09 d33e70b2005545e780dbc4d60bf62add eb89399d0eda4ae0be6a9c2b39ab88c7 - - default default] Successfully bumped revision number for resource 90cc3ab4-2dc4-4ea0-8bb9-2b9434296c65 (type: ports) to 1
2026-06-26 04:49:53.508 10 INFO neutron.api.wsgi [None req-a3b19c2d-cb06-43c6-a775-b1f9d3f15d79 158b7729050a495984523bc1f87691ef 4568e1db581344cf85756397d929f73d - - default default] 10.0.0.213 "GET /v2.0/subnets HTTP/1.1" status: 200 len: 2148 time: 0.0971260
2026-06-26 04:49:53.529 9 INFO neutron.api.wsgi [-] 10.0.0.210 "GET / HTTP/1.1" status: 200 len: 247 time: 0.0034630
2026-06-26 04:49:53.533 9 INFO neutron.api.wsgi [-] 10.0.0.210 "GET / HTTP/1.1" status: 200 len: 247 time: 0.0024197
2026-06-26 04:49:53.597 10 INFO neutron.api.wsgi [None req-fefd77d5-aba8-46df-87d7-4c72be2c5478 158b7729050a495984523bc1f87691ef 4568e1db581344cf85756397d929f73d - - default default] 10.0.0.213 "GET /v2.0/networks HTTP/1.1" status: 200 len: 3096 time: 0.0855904
2026-06-26 04:49:53.652 10 INFO neutron.api.wsgi [None req-a1fee1f1-263a-4645-a7c4-5f9dfaa4b14b 158b7729050a495984523bc1f87691ef 4568e1db581344cf85756397d929f73d - - default default] 10.0.0.213 "GET /v2.0/ports HTTP/1.1" status: 200 len: 8570 time: 0.0525389
2026-06-26 04:49:53.738 10 INFO neutron.api.wsgi [None req-a6411526-7322-4b09-9a78-1dab1a854bce 158b7729050a495984523bc1f87691ef 4568e1db581344cf85756397d929f73d - - default default] 10.0.0.213 "GET /v2.0/routers HTTP/1.1" status: 200 len: 1150 time: 0.0790033
2026-06-26 04:49:53.762 10 INFO neutron.api.wsgi [None req-1bfff051-21fc-4071-88ba-dc18e895b6fd 158b7729050a495984523bc1f87691ef 4568e1db581344cf85756397d929f73d - - default default] 10.0.0.213 "GET /v2.0/agents?binary=ovn-controller HTTP/1.1" status: 200 len: 591 time: 0.0227256
2026-06-26 04:49:53.783 10 INFO neutron.api.wsgi [None req-ee9b3e7f-822e-4d76-b835-01a51e58f8f0 158b7729050a495984523bc1f87691ef 4568e1db581344cf85756397d929f73d - - default default] 10.0.0.213 "GET /v2.0/floatingips HTTP/1.1" status: 200 len: 193 time: 0.0181503
2026-06-26 04:49:53.822 10 INFO neutron.api.wsgi [None req-12d2db9f-efc2-4a22-bf9a-8907f0eaefaa 158b7729050a495984523bc1f87691ef 4568e1db581344cf85756397d929f73d - - default default] 10.0.0.213 "GET /v2.0/subnets HTTP/1.1" status: 200 len: 2148 time: 0.0376573
2026-06-26 04:49:53.831 10 INFO neutron.api.wsgi [None req-f1735832-8390-419c-8cca-a823d8b6f413 158b7729050a495984523bc1f87691ef 4568e1db581344cf85756397d929f73d - - default default] 10.0.0.213 "GET /v2.0/subnetpools HTTP/1.1" status: 200 len: 193 time: 0.0085990
2026-06-26 04:49:53.845 10 INFO neutron.api.wsgi [None req-8ad1411e-6ae8-4f2f-b0c6-cdf609b8d34a 158b7729050a495984523bc1f87691ef 4568e1db581344cf85756397d929f73d - - default default] 10.0.0.213 "GET /v2.0/agents HTTP/1.1" status: 200 len: 1390 time: 0.0123844
2026-06-26 04:49:53.852 10 INFO neutron.plugins.ml2.drivers.ovn.mech_driver.mech_driver [None req-21310e42-8577-453e-bdc5-06cb3ba95ff4 - - - - - -] OVN reports status up for port: 90cc3ab4-2dc4-4ea0-8bb9-2b9434296c65
2026-06-26 04:49:53.863 10 INFO neutron.plugins.ml2.plugin [None req-21310e42-8577-453e-bdc5-06cb3ba95ff4 - - - - - -] Attempt 1 to provision port 90cc3ab4-2dc4-4ea0-8bb9-2b9434296c65
2026-06-26 04:49:53.867 10 INFO neutron.api.wsgi [None req-a285c961-07a1-4813-9ae7-c076dccbffa9 158b7729050a495984523bc1f87691ef 4568e1db581344cf85756397d929f73d - - default default] 10.0.0.213 "GET /v2.0/network-ip-availabilities HTTP/1.1" status: 200 len: 1726 time: 0.0157206
2026-06-26 04:49:53.883 10 INFO neutron.db.ovn_revision_numbers_db [None req-77a829c6-8cac-4222-88d3-ff4b3a8b9d09 d33e70b2005545e780dbc4d60bf62add eb89399d0eda4ae0be6a9c2b39ab88c7 - - default default] Successfully bumped revision number for resource 90cc3ab4-2dc4-4ea0-8bb9-2b9434296c65 (type: ports) to 1
2026-06-26 04:49:53.924 10 INFO neutron.api.wsgi [None req-f9d35023-16ed-40e9-b20e-e8b3a606c30e 158b7729050a495984523bc1f87691ef 4568e1db581344cf85756397d929f73d - - default default] 10.0.0.213 "GET /v2.0/security-groups HTTP/1.1" status: 200 len: 20478 time: 0.0526135
2026-06-26 04:49:53.965 10 WARNING neutron.scheduler.dhcp_agent_scheduler [None req-77a829c6-8cac-4222-88d3-ff4b3a8b9d09 d33e70b2005545e780dbc4d60bf62add eb89399d0eda4ae0be6a9c2b39ab88c7 - - default default] No more DHCP agents
2026-06-26 04:49:53.968 10 WARNING neutron.api.rpc.agentnotifiers.dhcp_rpc_agent_api [None req-77a829c6-8cac-4222-88d3-ff4b3a8b9d09 d33e70b2005545e780dbc4d60bf62add eb89399d0eda4ae0be6a9c2b39ab88c7 - - default default] Unable to schedule network 3344ddee-c38c-4938-aea1-4fffb0e8c00c: no agents available; will retry on subsequent port and subnet creation events.
2026-06-26 04:49:54.282 10 INFO neutron.db.ovn_revision_numbers_db [None req-21310e42-8577-453e-bdc5-06cb3ba95ff4 - - - - - -] Successfully bumped revision number for resource 90cc3ab4-2dc4-4ea0-8bb9-2b9434296c65 (type: ports) to 2
2026-06-26 04:49:54.397 10 INFO neutron.db.ovn_revision_numbers_db [None req-77a829c6-8cac-4222-88d3-ff4b3a8b9d09 d33e70b2005545e780dbc4d60bf62add eb89399d0eda4ae0be6a9c2b39ab88c7 - - default default] Successfully bumped revision number for resource 90cc3ab4-2dc4-4ea0-8bb9-2b9434296c65 (type: router_ports) to 1
2026-06-26 04:49:54.404 10 INFO neutron.api.wsgi [None req-77a829c6-8cac-4222-88d3-ff4b3a8b9d09 d33e70b2005545e780dbc4d60bf62add eb89399d0eda4ae0be6a9c2b39ab88c7 - - default default] 10.0.0.160 "PUT /v2.0/routers/59b5fc08-c0af-4fd2-bf61-4dfd4b7fdd93/add_router_interface HTTP/1.1" status: 200 len: 503 time: 1.9660938
2026-06-26 04:49:54.459 10 INFO neutron.api.wsgi [None req-e5d52ae2-ba9f-4283-ae09-f0bd49cc99ce 5a29e3532b0a4d89bd0be052d7c86907 190da68c09fc4f42ba99437a0300d1c4 - - default default] 10.0.0.160 "GET /v2.0/networks HTTP/1.1" status: 200 len: 3115 time: 0.0492048
2026-06-26 04:49:54.486 10 INFO neutron.api.wsgi [None req-cc7af960-72b7-4817-bb80-5ab5692420f3 5a29e3532b0a4d89bd0be052d7c86907 190da68c09fc4f42ba99437a0300d1c4 - - default default] 10.0.0.160 "GET /v2.0/subnets HTTP/1.1" status: 200 len: 2167 time: 0.0202808
2026-06-26 04:49:54.545 10 INFO neutron.api.wsgi [None req-b82b052d-fc7c-4c8d-8b07-d2d2ee290936 5a29e3532b0a4d89bd0be052d7c86907 190da68c09fc4f42ba99437a0300d1c4 - - default default] 10.0.0.160 "GET /v2.0/routers HTTP/1.1" status: 200 len: 1169 time: 0.0561714
2026-06-26 04:49:54.599 10 WARNING neutron_lib.context [None req-d5de3d2f-a39c-4c91-a43c-6349d8c1577e d33e70b2005545e780dbc4d60bf62add eb89399d0eda4ae0be6a9c2b39ab88c7 - - default default] Method 'is_advsvc' is deprecated since 2023.2 release (neutron-lib 3.8.0) and will be removed once support for the old RBAC API policies will be removed from Neutron. Please use method 'is_service_role' instead.
2026-06-26 04:49:54.709 10 INFO neutron.db.ovn_revision_numbers_db [None req-d5de3d2f-a39c-4c91-a43c-6349d8c1577e d33e70b2005545e780dbc4d60bf62add eb89399d0eda4ae0be6a9c2b39ab88c7 - - default default] Successfully bumped revision number for resource 3ebad95c-565f-4290-a48d-67b7c791785f (type: security_groups) to 1
2026-06-26 04:49:54.722 10 INFO neutron.db.ovn_revision_numbers_db [None req-d5de3d2f-a39c-4c91-a43c-6349d8c1577e d33e70b2005545e780dbc4d60bf62add eb89399d0eda4ae0be6a9c2b39ab88c7 - - default default] Successfully bumped revision number for resource 4200737f-9f8b-436a-8855-43fee55311f3 (type: security_group_rules) to 0
2026-06-26 04:49:54.735 10 INFO neutron.db.ovn_revision_numbers_db [None req-d5de3d2f-a39c-4c91-a43c-6349d8c1577e d33e70b2005545e780dbc4d60bf62add eb89399d0eda4ae0be6a9c2b39ab88c7 - - default default] Successfully bumped revision number for resource d955ae45-d3f1-4e8c-9bac-93b563333cdf (type: security_group_rules) to 0
2026-06-26 04:49:54.769 10 INFO neutron.api.wsgi [None req-d5de3d2f-a39c-4c91-a43c-6349d8c1577e d33e70b2005545e780dbc4d60bf62add eb89399d0eda4ae0be6a9c2b39ab88c7 - - default default] 10.0.0.160 "POST /v2.0/security-groups HTTP/1.1" status: 201 len: 1873 time: 0.1764388
2026-06-26 04:49:54.781 10 WARNING neutron_lib.context [None req-e117e88a-b110-4e09-bf3e-2111a36e05f1 d33e70b2005545e780dbc4d60bf62add eb89399d0eda4ae0be6a9c2b39ab88c7 - - default default] Method 'is_advsvc' is deprecated since 2023.2 release (neutron-lib 3.8.0) and will be removed once support for the old RBAC API policies will be removed from Neutron. Please use method 'is_service_role' instead.
2026-06-26 04:49:54.906 10 INFO neutron.db.ovn_revision_numbers_db [None req-e117e88a-b110-4e09-bf3e-2111a36e05f1 d33e70b2005545e780dbc4d60bf62add eb89399d0eda4ae0be6a9c2b39ab88c7 - - default default] Successfully bumped revision number for resource 9ccdbf6f-4353-4c9d-89bd-232d5c1e40e6 (type: security_group_rules) to 0
2026-06-26 04:49:54.939 10 INFO neutron.api.wsgi [None req-e117e88a-b110-4e09-bf3e-2111a36e05f1 d33e70b2005545e780dbc4d60bf62add eb89399d0eda4ae0be6a9c2b39ab88c7 - - default default] 10.0.0.160 "POST /v2.0/security-group-rules HTTP/1.1" status: 201 len: 796 time: 0.1620393
2026-06-26 04:49:54.958 9 WARNING neutron_lib.context [None req-f2e733a5-58b3-452a-90b4-cf6c3f9e6391 d33e70b2005545e780dbc4d60bf62add eb89399d0eda4ae0be6a9c2b39ab88c7 - - default default] Method 'is_advsvc' is deprecated since 2023.2 release (neutron-lib 3.8.0) and will be removed once support for the old RBAC API policies will be removed from Neutron. Please use method 'is_service_role' instead.
2026-06-26 04:49:55.081 9 INFO neutron.db.ovn_revision_numbers_db [None req-f2e733a5-58b3-452a-90b4-cf6c3f9e6391 d33e70b2005545e780dbc4d60bf62add eb89399d0eda4ae0be6a9c2b39ab88c7 - - default default] Successfully bumped revision number for resource 77bae7d0-7166-4a39-835e-9ca52c14358c (type: security_group_rules) to 0
2026-06-26 04:49:55.116 9 INFO neutron.api.wsgi [None req-f2e733a5-58b3-452a-90b4-cf6c3f9e6391 d33e70b2005545e780dbc4d60bf62add eb89399d0eda4ae0be6a9c2b39ab88c7 - - default default] 10.0.0.160 "POST /v2.0/security-group-rules HTTP/1.1" status: 201 len: 795 time: 0.1669633
2026-06-26 04:49:55.125 9 WARNING neutron_lib.context [None req-289bdb59-68a2-4076-9d7f-0720afdeedf5 d33e70b2005545e780dbc4d60bf62add eb89399d0eda4ae0be6a9c2b39ab88c7 - - default default] Method 'is_advsvc' is deprecated since 2023.2 release (neutron-lib 3.8.0) and will be removed once support for the old RBAC API policies will be removed from Neutron. Please use method 'is_service_role' instead.
2026-06-26 04:49:55.250 9 INFO neutron.db.ovn_revision_numbers_db [None req-289bdb59-68a2-4076-9d7f-0720afdeedf5 d33e70b2005545e780dbc4d60bf62add eb89399d0eda4ae0be6a9c2b39ab88c7 - - default default] Successfully bumped revision number for resource 8537a3ea-a84f-4120-ac94-ce996cdac9f1 (type: security_group_rules) to 0
2026-06-26 04:49:55.278 9 INFO neutron.api.wsgi [None req-289bdb59-68a2-4076-9d7f-0720afdeedf5 d33e70b2005545e780dbc4d60bf62add eb89399d0eda4ae0be6a9c2b39ab88c7 - - default default] 10.0.0.160 "POST /v2.0/security-group-rules HTTP/1.1" status: 201 len: 801 time: 0.1569722
2026-06-26 04:49:55.286 9 WARNING neutron_lib.context [None req-99e0a0c1-4505-459d-b6f5-f9f089c09d4c d33e70b2005545e780dbc4d60bf62add eb89399d0eda4ae0be6a9c2b39ab88c7 - - default default] Method 'is_advsvc' is deprecated since 2023.2 release (neutron-lib 3.8.0) and will be removed once support for the old RBAC API policies will be removed from Neutron. Please use method 'is_service_role' instead.
2026-06-26 04:49:55.315 10 INFO neutron.db.ovn_revision_numbers_db [None req-7ce8f96b-da33-4fd0-a6b6-9edb3a92ffc3 158b7729050a495984523bc1f87691ef 4568e1db581344cf85756397d929f73d - - default default] Successfully bumped revision number for resource b2d9f847-0927-443c-80ef-abfd798fe205 (type: security_groups) to 1
2026-06-26 04:49:55.326 10 INFO neutron.db.ovn_revision_numbers_db [None req-7ce8f96b-da33-4fd0-a6b6-9edb3a92ffc3 158b7729050a495984523bc1f87691ef 4568e1db581344cf85756397d929f73d - - default default] Successfully bumped revision number for resource 46d4ddbb-f6db-4e3c-bb77-56939d2caaa4 (type: security_group_rules) to 0
2026-06-26 04:49:55.337 10 INFO neutron.db.ovn_revision_numbers_db [None req-7ce8f96b-da33-4fd0-a6b6-9edb3a92ffc3 158b7729050a495984523bc1f87691ef 4568e1db581344cf85756397d929f73d - - default default] Successfully bumped revision number for resource 5f04527a-b7a6-4755-b058-2e43e4a32490 (type: security_group_rules) to 0
2026-06-26 04:49:55.352 10 INFO neutron.db.ovn_revision_numbers_db [None req-7ce8f96b-da33-4fd0-a6b6-9edb3a92ffc3 158b7729050a495984523bc1f87691ef 4568e1db581344cf85756397d929f73d - - default default] Successfully bumped revision number for resource a4c765bf-84c2-4941-be8e-f59a95c8c2a4 (type: security_group_rules) to 0
2026-06-26 04:49:55.363 10 INFO neutron.db.ovn_revision_numbers_db [None req-7ce8f96b-da33-4fd0-a6b6-9edb3a92ffc3 158b7729050a495984523bc1f87691ef 4568e1db581344cf85756397d929f73d - - default default] Successfully bumped revision number for resource c85692b9-5e19-4f71-a529-656d2edc5106 (type: security_group_rules) to 0
2026-06-26 04:49:55.394 10 INFO neutron.api.wsgi [None req-7ce8f96b-da33-4fd0-a6b6-9edb3a92ffc3 158b7729050a495984523bc1f87691ef 4568e1db581344cf85756397d929f73d - - default default] 10.0.0.160 "GET /v2.0/security-groups?tenant_id=34793c8fa9424f7a82ec71f6e166aece&name=default HTTP/1.1" status: 200 len: 3120 time: 0.2479432
2026-06-26 04:49:55.425 9 INFO neutron.db.ovn_revision_numbers_db [None req-99e0a0c1-4505-459d-b6f5-f9f089c09d4c d33e70b2005545e780dbc4d60bf62add eb89399d0eda4ae0be6a9c2b39ab88c7 - - default default] Successfully bumped revision number for resource 64a8e842-e954-49af-b93f-238cec9faf7e (type: security_group_rules) to 0
2026-06-26 04:49:55.459 9 INFO neutron.api.wsgi [None req-99e0a0c1-4505-459d-b6f5-f9f089c09d4c d33e70b2005545e780dbc4d60bf62add eb89399d0eda4ae0be6a9c2b39ab88c7 - - default default] 10.0.0.160 "POST /v2.0/security-group-rules HTTP/1.1" status: 201 len: 800 time: 0.1761763
2026-06-26 04:49:55.470 10 WARNING neutron_lib.context [None req-1af26b93-90aa-41a8-b935-f4446b06270a d33e70b2005545e780dbc4d60bf62add eb89399d0eda4ae0be6a9c2b39ab88c7 - - default default] Method 'is_advsvc' is deprecated since 2023.2 release (neutron-lib 3.8.0) and will be removed once support for the old RBAC API policies will be removed from Neutron. Please use method 'is_service_role' instead.
2026-06-26 04:49:55.495 10 INFO neutron.db.securitygroups_db [None req-1af26b93-90aa-41a8-b935-f4446b06270a d33e70b2005545e780dbc4d60bf62add eb89399d0eda4ae0be6a9c2b39ab88c7 - - default default] Project eb89399d0eda4ae0be6a9c2b39ab88c7 added a security group rule with legacy IPv6 ICMP protocol name icmp, ipv6-icmp should be used instead. It was automatically converted.
2026-06-26 04:49:55.587 10 INFO neutron.db.ovn_revision_numbers_db [None req-1af26b93-90aa-41a8-b935-f4446b06270a d33e70b2005545e780dbc4d60bf62add eb89399d0eda4ae0be6a9c2b39ab88c7 - - default default] Successfully bumped revision number for resource b9a00951-170c-4a0c-959c-f45bd6667704 (type: security_group_rules) to 0
2026-06-26 04:49:55.610 9 INFO neutron.api.wsgi [None req-029bd024-c465-40f9-ac1c-cb9374d08483 158b7729050a495984523bc1f87691ef 4568e1db581344cf85756397d929f73d - - default default] 10.0.0.160 "DELETE /v2.0/security-groups/b2d9f847-0927-443c-80ef-abfd798fe205 HTTP/1.1" status: 204 len: 168 time: 0.2108500
2026-06-26 04:49:55.614 10 INFO neutron.api.wsgi [None req-1af26b93-90aa-41a8-b935-f4446b06270a d33e70b2005545e780dbc4d60bf62add eb89399d0eda4ae0be6a9c2b39ab88c7 - - default default] 10.0.0.160 "POST /v2.0/security-group-rules HTTP/1.1" status: 201 len: 806 time: 0.1499484
2026-06-26 04:49:55.621 10 WARNING neutron_lib.context [None req-9d4ac180-5c99-42f0-86da-41f80a568347 d33e70b2005545e780dbc4d60bf62add eb89399d0eda4ae0be6a9c2b39ab88c7 - - default default] Method 'is_advsvc' is deprecated since 2023.2 release (neutron-lib 3.8.0) and will be removed once support for the old RBAC API policies will be removed from Neutron. Please use method 'is_service_role' instead.
2026-06-26 04:49:55.653 10 INFO neutron.db.securitygroups_db [None req-9d4ac180-5c99-42f0-86da-41f80a568347 d33e70b2005545e780dbc4d60bf62add eb89399d0eda4ae0be6a9c2b39ab88c7 - - default default] Project eb89399d0eda4ae0be6a9c2b39ab88c7 added a security group rule with legacy IPv6 ICMP protocol name icmp, ipv6-icmp should be used instead. It was automatically converted.
2026-06-26 04:49:55.757 10 INFO neutron.db.ovn_revision_numbers_db [None req-9d4ac180-5c99-42f0-86da-41f80a568347 d33e70b2005545e780dbc4d60bf62add eb89399d0eda4ae0be6a9c2b39ab88c7 - - default default] Successfully bumped revision number for resource 78933fcf-77e9-4c3f-a971-a15a3ef5e576 (type: security_group_rules) to 0
2026-06-26 04:49:55.802 10 INFO neutron.api.wsgi [None req-9d4ac180-5c99-42f0-86da-41f80a568347 d33e70b2005545e780dbc4d60bf62add eb89399d0eda4ae0be6a9c2b39ab88c7 - - default default] 10.0.0.160 "POST /v2.0/security-group-rules HTTP/1.1" status: 201 len: 805 time: 0.1839831
2026-06-26 04:49:56.282 9 INFO neutron.api.wsgi [None req-ecaea1c2-a157-44a0-a153-2802b7fb7002 d33e70b2005545e780dbc4d60bf62add eb89399d0eda4ae0be6a9c2b39ab88c7 - - default default] 10.0.0.160 "GET /v2.0/networks HTTP/1.1" status: 200 len: 1493 time: 0.1355538
2026-06-26 04:49:56.394 10 INFO neutron.api.wsgi [req-c6452fd9-a7d7-4e3f-a5fd-230541316e7c req-d1a146e8-702b-46e7-a4a2-d5a3cb3fbfb5 d33e70b2005545e780dbc4d60bf62add eb89399d0eda4ae0be6a9c2b39ab88c7 - - default default] 10.0.0.78 "GET /v2.0/security-groups?name=tempest-secgroup-smoke-948627353&fields=id&tenant_id=eb89399d0eda4ae0be6a9c2b39ab88c7 HTTP/1.1" status: 200 len: 267 time: 0.0373447
2026-06-26 04:49:56.450 10 INFO neutron.api.wsgi [req-c6452fd9-a7d7-4e3f-a5fd-230541316e7c req-165afe48-f0ed-4b53-bc67-da98aafb509e d33e70b2005545e780dbc4d60bf62add eb89399d0eda4ae0be6a9c2b39ab88c7 - - default default] 10.0.0.78 "GET /v2.0/networks?id=3344ddee-c38c-4938-aea1-4fffb0e8c00c HTTP/1.1" status: 200 len: 860 time: 0.0498664
2026-06-26 04:49:56.465 10 INFO neutron.api.wsgi [req-c6452fd9-a7d7-4e3f-a5fd-230541316e7c req-c2956227-2b98-429a-8657-e0572a47e3a0 d33e70b2005545e780dbc4d60bf62add eb89399d0eda4ae0be6a9c2b39ab88c7 - - default default] 10.0.0.78 "GET /v2.0/quotas/eb89399d0eda4ae0be6a9c2b39ab88c7 HTTP/1.1" status: 200 len: 491 time: 0.0076113
2026-06-26 04:49:56.510 10 INFO neutron.api.wsgi [req-c6452fd9-a7d7-4e3f-a5fd-230541316e7c req-9776cf49-a9fe-421b-ba50-ce77d859f7a8 d33e70b2005545e780dbc4d60bf62add eb89399d0eda4ae0be6a9c2b39ab88c7 - - default default] 10.0.0.78 "GET /v2.0/ports?tenant_id=eb89399d0eda4ae0be6a9c2b39ab88c7&fields=id HTTP/1.1" status: 200 len: 302 time: 0.0418708
2026-06-26 04:49:56.554 10 INFO neutron.api.wsgi [req-c6452fd9-a7d7-4e3f-a5fd-230541316e7c req-4e96125c-0a23-4d97-a6e1-d7436e537897 c20f319dc3984ebba267d56c940622e0 63cdc91da5f546ba891e6589aa3bc125 - - 8963cce63f5c42bc8c9d87b82fbe7c54 8963cce63f5c42bc8c9d87b82fbe7c54] 10.0.0.78 "GET /v2.0/networks/3344ddee-c38c-4938-aea1-4fffb0e8c00c?fields=segments HTTP/1.1" status: 200 len: 212 time: 0.0322604
2026-06-26 04:49:56.593 10 INFO neutron.api.wsgi [req-c6452fd9-a7d7-4e3f-a5fd-230541316e7c req-967a5d41-5c8b-4af4-97db-0845d8cb0a64 c20f319dc3984ebba267d56c940622e0 63cdc91da5f546ba891e6589aa3bc125 - - 8963cce63f5c42bc8c9d87b82fbe7c54 8963cce63f5c42bc8c9d87b82fbe7c54] 10.0.0.78 "GET /v2.0/networks/3344ddee-c38c-4938-aea1-4fffb0e8c00c?fields=provider%3Aphysical_network&fields=provider%3Anetwork_type HTTP/1.1" status: 200 len: 277 time: 0.0320029
2026-06-26 04:49:56.705 10 INFO neutron.api.wsgi [req-1ba57808-0f55-4b8f-9ea9-71a60eba0c33 req-2926eafc-09c3-46b3-8321-844e02b37d83 d33e70b2005545e780dbc4d60bf62add eb89399d0eda4ae0be6a9c2b39ab88c7 - - default default] 10.0.0.78 "GET /v2.0/ports?device_id=9f57c4cc-c87f-4403-95de-7075026bb17a HTTP/1.1" status: 200 len: 210 time: 0.0158482
2026-06-26 04:49:57.789 10 INFO neutron.api.wsgi [req-1f1b0519-6c6c-4b8c-83fc-c644fed6c7ab req-21954162-c08b-4b25-857e-0a7c6d9a3404 d33e70b2005545e780dbc4d60bf62add eb89399d0eda4ae0be6a9c2b39ab88c7 - - default default] 10.0.0.78 "GET /v2.0/ports?device_id=9f57c4cc-c87f-4403-95de-7075026bb17a HTTP/1.1" status: 200 len: 210 time: 0.0210268
2026-06-26 04:49:58.600 10 INFO neutron.db.ovn_revision_numbers_db [None req-1c0fa4a6-a1ce-483b-8b6c-1af3336db3fe 158b7729050a495984523bc1f87691ef 4568e1db581344cf85756397d929f73d - - default default] Successfully bumped revision number for resource ba5e3913-acc6-4785-93a2-a5003131363c (type: security_groups) to 1
2026-06-26 04:49:58.612 10 INFO neutron.db.ovn_revision_numbers_db [None req-1c0fa4a6-a1ce-483b-8b6c-1af3336db3fe 158b7729050a495984523bc1f87691ef 4568e1db581344cf85756397d929f73d - - default default] Successfully bumped revision number for resource 834aacf3-155c-4add-afcc-dbe3a767a93c (type: security_group_rules) to 0
2026-06-26 04:49:58.624 10 INFO neutron.db.ovn_revision_numbers_db [None req-1c0fa4a6-a1ce-483b-8b6c-1af3336db3fe 158b7729050a495984523bc1f87691ef 4568e1db581344cf85756397d929f73d - - default default] Successfully bumped revision number for resource 87560416-c282-4954-849b-12d246b20cff (type: security_group_rules) to 0
2026-06-26 04:49:58.637 10 INFO neutron.db.ovn_revision_numbers_db [None req-1c0fa4a6-a1ce-483b-8b6c-1af3336db3fe 158b7729050a495984523bc1f87691ef 4568e1db581344cf85756397d929f73d - - default default] Successfully bumped revision number for resource 89fcf70d-4b96-4a9d-9849-9a7d2b58bb87 (type: security_group_rules) to 0
2026-06-26 04:49:58.641 9 INFO neutron.api.wsgi [None req-ba688a0d-cf17-48b5-be25-4f6158d00c46 991ab5af7f4843cd9d015dc7e74e6cee 0894a5c8db784a839870783bfc9d2346 - - default default] 10.0.0.52 "GET /v2.0/extensions HTTP/1.1" status: 200 len: 19298 time: 0.0401042
2026-06-26 04:49:58.650 10 INFO neutron.db.ovn_revision_numbers_db [None req-1c0fa4a6-a1ce-483b-8b6c-1af3336db3fe 158b7729050a495984523bc1f87691ef 4568e1db581344cf85756397d929f73d - - default default] Successfully bumped revision number for resource d7fb8257-6235-4e6a-84c1-6dd179e2e56c (type: security_group_rules) to 0
2026-06-26 04:49:58.696 10 INFO neutron.api.wsgi [None req-1c0fa4a6-a1ce-483b-8b6c-1af3336db3fe 158b7729050a495984523bc1f87691ef 4568e1db581344cf85756397d929f73d - - default default] 10.0.0.160 "GET /v2.0/security-groups?tenant_id=df0a381a2357409faea393cdfda6cf40&name=default HTTP/1.1" status: 200 len: 3120 time: 0.5414503
2026-06-26 04:49:58.726 9 INFO neutron.api.wsgi [None req-cc160c4e-7e06-428b-85b9-b37486ab764e 991ab5af7f4843cd9d015dc7e74e6cee 0894a5c8db784a839870783bfc9d2346 - - default default] 10.0.0.52 "GET /v2.0/quotas/0894a5c8db784a839870783bfc9d2346/details HTTP/1.1" status: 200 len: 1046 time: 0.0715225
2026-06-26 04:49:58.868 10 INFO neutron.api.wsgi [req-2005bc82-5584-4b79-badf-caee9420bef7 req-067fa895-c079-494c-8cbe-0438d02f1378 d33e70b2005545e780dbc4d60bf62add eb89399d0eda4ae0be6a9c2b39ab88c7 - - default default] 10.0.0.78 "GET /v2.0/ports?device_id=9f57c4cc-c87f-4403-95de-7075026bb17a HTTP/1.1" status: 200 len: 210 time: 0.0196521
2026-06-26 04:49:58.916 10 INFO neutron.api.wsgi [None req-ae77b593-4d7b-427f-acb5-f500d4513689 158b7729050a495984523bc1f87691ef 4568e1db581344cf85756397d929f73d - - default default] 10.0.0.160 "DELETE /v2.0/security-groups/ba5e3913-acc6-4785-93a2-a5003131363c HTTP/1.1" status: 204 len: 168 time: 0.2159312
2026-06-26 04:49:59.631 10 WARNING neutron.plugins.ml2.drivers.ovn.mech_driver.ovsdb.ovn_client [None req-7d1534cc-3daa-4c99-88df-e5f78157fd09 - - - - - -] No hosting information found for port 90cc3ab4-2dc4-4ea0-8bb9-2b9434296c65: RuntimeError: No hosting information found for port 90cc3ab4-2dc4-4ea0-8bb9-2b9434296c65
2026-06-26 04:49:59.696 10 INFO neutron.db.ovn_revision_numbers_db [None req-7d1534cc-3daa-4c99-88df-e5f78157fd09 - - - - - -] Successfully bumped revision number for resource 90cc3ab4-2dc4-4ea0-8bb9-2b9434296c65 (type: router_ports) to 2
2026-06-26 04:49:59.953 10 INFO neutron.api.wsgi [req-a0319035-9656-4c01-b64f-8cb68d9e0acc req-e9d7bd2c-022b-442c-833e-d9f93ea1807e d33e70b2005545e780dbc4d60bf62add eb89399d0eda4ae0be6a9c2b39ab88c7 - - default default] 10.0.0.78 "GET /v2.0/ports?device_id=9f57c4cc-c87f-4403-95de-7075026bb17a HTTP/1.1" status: 200 len: 210 time: 0.0191200
2026-06-26 04:50:00.673 10 INFO neutron.api.wsgi [None req-7a51e34f-b55b-42b6-9c02-7465c912a1db 991ab5af7f4843cd9d015dc7e74e6cee 0894a5c8db784a839870783bfc9d2346 - - default default] 10.0.0.52 "GET /v2.0/extensions HTTP/1.1" status: 200 len: 19298 time: 0.0081284
2026-06-26 04:50:00.756 9 INFO neutron.api.wsgi [None req-3af1e6b6-8160-4236-9600-4c20ec871f28 991ab5af7f4843cd9d015dc7e74e6cee 0894a5c8db784a839870783bfc9d2346 - - default default] 10.0.0.52 "GET /v2.0/quotas/0894a5c8db784a839870783bfc9d2346/details HTTP/1.1" status: 200 len: 1046 time: 0.0707953
2026-06-26 04:50:00.865 10 INFO neutron.db.ovn_revision_numbers_db [None req-ad20c569-842a-4352-9bcf-a54df73021c7 158b7729050a495984523bc1f87691ef 4568e1db581344cf85756397d929f73d - - default default] Successfully bumped revision number for resource 22445705-7ae8-4d2e-bbfb-4eb6dd09de65 (type: security_groups) to 1
2026-06-26 04:50:00.878 10 INFO neutron.db.ovn_revision_numbers_db [None req-ad20c569-842a-4352-9bcf-a54df73021c7 158b7729050a495984523bc1f87691ef 4568e1db581344cf85756397d929f73d - - default default] Successfully bumped revision number for resource 0ea5c6fb-30bf-42ac-bc60-d7c37ee37403 (type: security_group_rules) to 0
2026-06-26 04:50:00.895 10 INFO neutron.db.ovn_revision_numbers_db [None req-ad20c569-842a-4352-9bcf-a54df73021c7 158b7729050a495984523bc1f87691ef 4568e1db581344cf85756397d929f73d - - default default] Successfully bumped revision number for resource 78a4f20e-9d65-4ac0-87e1-3fcda2f852a6 (type: security_group_rules) to 0
2026-06-26 04:50:00.911 10 INFO neutron.db.ovn_revision_numbers_db [None req-ad20c569-842a-4352-9bcf-a54df73021c7 158b7729050a495984523bc1f87691ef 4568e1db581344cf85756397d929f73d - - default default] Successfully bumped revision number for resource 807ca407-f790-4b8c-a8ea-262063f2f946 (type: security_group_rules) to 0
2026-06-26 04:50:00.924 10 INFO neutron.db.ovn_revision_numbers_db [None req-ad20c569-842a-4352-9bcf-a54df73021c7 158b7729050a495984523bc1f87691ef 4568e1db581344cf85756397d929f73d - - default default] Successfully bumped revision number for resource f25a2fa7-9e9f-4a7c-9440-013cf58ca920 (type: security_group_rules) to 0
2026-06-26 04:50:00.999 9 INFO neutron.api.wsgi [req-c6452fd9-a7d7-4e3f-a5fd-230541316e7c req-a4e89825-1939-4d5a-948c-555e63c1a16b d33e70b2005545e780dbc4d60bf62add eb89399d0eda4ae0be6a9c2b39ab88c7 - - default default] 199.204.45.115 "GET /v2.0/networks?id=3344ddee-c38c-4938-aea1-4fffb0e8c00c HTTP/1.1" status: 200 len: 860 time: 0.0647933
2026-06-26 04:50:01.012 10 INFO neutron.db.segments_db [None req-ad20c569-842a-4352-9bcf-a54df73021c7 158b7729050a495984523bc1f87691ef 4568e1db581344cf85756397d929f73d - - default default] Added segment eb7dc4c9-a7cb-44ba-9dae-8d83ea11deb6 of type geneve for network ebc2a33e-7865-4739-8bb6-666569a15789
2026-06-26 04:50:01.049 9 INFO neutron.api.wsgi [req-c6452fd9-a7d7-4e3f-a5fd-230541316e7c req-3bcbf404-5e4a-49eb-94ca-0c36aefe79c6 d33e70b2005545e780dbc4d60bf62add eb89399d0eda4ae0be6a9c2b39ab88c7 - - default default] 199.204.45.115 "GET /v2.0/security-groups?fields=id&fields=name&tenant_id=eb89399d0eda4ae0be6a9c2b39ab88c7 HTTP/1.1" status: 200 len: 379 time: 0.0455186
2026-06-26 04:50:01.052 10 INFO neutron.api.wsgi [req-1181dc2f-d007-4390-a0b4-e0ffd7ca45e5 req-c80d700c-4ca3-4077-ba89-4c3bb6591d28 d33e70b2005545e780dbc4d60bf62add eb89399d0eda4ae0be6a9c2b39ab88c7 - - default default] 10.0.0.78 "GET /v2.0/ports?device_id=9f57c4cc-c87f-4403-95de-7075026bb17a HTTP/1.1" status: 200 len: 210 time: 0.0194960
2026-06-26 04:50:01.059 9 WARNING neutron_lib.context [req-c6452fd9-a7d7-4e3f-a5fd-230541316e7c req-6ae5b707-5f03-4707-97f7-c644e10f3bd7 d33e70b2005545e780dbc4d60bf62add eb89399d0eda4ae0be6a9c2b39ab88c7 - - default default] Method 'is_advsvc' is deprecated since 2023.2 release (neutron-lib 3.8.0) and will be removed once support for the old RBAC API policies will be removed from Neutron. Please use method 'is_service_role' instead.
2026-06-26 04:50:01.128 10 INFO neutron.db.ovn_revision_numbers_db [None req-ad20c569-842a-4352-9bcf-a54df73021c7 158b7729050a495984523bc1f87691ef 4568e1db581344cf85756397d929f73d - - default default] Successfully bumped revision number for resource ebc2a33e-7865-4739-8bb6-666569a15789 (type: networks) to 1
2026-06-26 04:50:01.286 10 WARNING neutron.scheduler.dhcp_agent_scheduler [None req-ad20c569-842a-4352-9bcf-a54df73021c7 158b7729050a495984523bc1f87691ef 4568e1db581344cf85756397d929f73d - - default default] No more DHCP agents
2026-06-26 04:50:01.289 10 WARNING neutron.api.rpc.agentnotifiers.dhcp_rpc_agent_api [None req-ad20c569-842a-4352-9bcf-a54df73021c7 158b7729050a495984523bc1f87691ef 4568e1db581344cf85756397d929f73d - - default default] Unable to schedule network ebc2a33e-7865-4739-8bb6-666569a15789: no agents available; will retry on subsequent port and subnet creation events.
2026-06-26 04:50:01.345 9 WARNING neutron.scheduler.dhcp_agent_scheduler [req-c6452fd9-a7d7-4e3f-a5fd-230541316e7c req-6ae5b707-5f03-4707-97f7-c644e10f3bd7 d33e70b2005545e780dbc4d60bf62add eb89399d0eda4ae0be6a9c2b39ab88c7 - - default default] No more DHCP agents
2026-06-26 04:50:01.347 9 WARNING neutron.api.rpc.agentnotifiers.dhcp_rpc_agent_api [req-c6452fd9-a7d7-4e3f-a5fd-230541316e7c req-6ae5b707-5f03-4707-97f7-c644e10f3bd7 d33e70b2005545e780dbc4d60bf62add eb89399d0eda4ae0be6a9c2b39ab88c7 - - default default] Unable to schedule network 3344ddee-c38c-4938-aea1-4fffb0e8c00c: no agents available; will retry on subsequent port and subnet creation events.
2026-06-26 04:50:01.347 10 INFO neutron.db.ovn_revision_numbers_db [None req-ad20c569-842a-4352-9bcf-a54df73021c7 158b7729050a495984523bc1f87691ef 4568e1db581344cf85756397d929f73d - - default default] Successfully bumped revision number for resource 53d62708-8d3c-41c9-8e3e-de7815213d53 (type: ports) to 1
2026-06-26 04:50:01.366 10 INFO neutron.api.wsgi [None req-ad20c569-842a-4352-9bcf-a54df73021c7 158b7729050a495984523bc1f87691ef 4568e1db581344cf85756397d929f73d - - default default] 10.0.0.160 "POST /v2.0/networks HTTP/1.1" status: 201 len: 942 time: 0.7437027
2026-06-26 04:50:01.483 9 INFO neutron.db.ovn_revision_numbers_db [req-c6452fd9-a7d7-4e3f-a5fd-230541316e7c req-6ae5b707-5f03-4707-97f7-c644e10f3bd7 d33e70b2005545e780dbc4d60bf62add eb89399d0eda4ae0be6a9c2b39ab88c7 - - default default] Successfully bumped revision number for resource aaeed07d-20dc-4472-bd16-9ec26c291133 (type: ports) to 1
2026-06-26 04:50:01.505 9 INFO neutron.api.wsgi [req-c6452fd9-a7d7-4e3f-a5fd-230541316e7c req-6ae5b707-5f03-4707-97f7-c644e10f3bd7 d33e70b2005545e780dbc4d60bf62add eb89399d0eda4ae0be6a9c2b39ab88c7 - - default default] 199.204.45.115 "POST /v2.0/ports HTTP/1.1" status: 201 len: 1162 time: 0.4510939
2026-06-26 04:50:01.506 10 WARNING neutron.scheduler.dhcp_agent_scheduler [None req-9b817298-79cf-4e7a-a6c4-dc71100d346d 158b7729050a495984523bc1f87691ef 4568e1db581344cf85756397d929f73d - - default default] No more DHCP agents
2026-06-26 04:50:01.507 10 WARNING neutron.api.rpc.agentnotifiers.dhcp_rpc_agent_api [None req-9b817298-79cf-4e7a-a6c4-dc71100d346d 158b7729050a495984523bc1f87691ef 4568e1db581344cf85756397d929f73d - - default default] Unable to schedule network ebc2a33e-7865-4739-8bb6-666569a15789: no agents available; will retry on subsequent port and subnet creation events. /var/lib/openstack/lib/python3.12/site-packages/pycadf/identifier.py:71: UserWarning: Invalid uuid: neutron. To ensure interoperability, identifiers should be a valid uuid. warnings.warn(('Invalid uuid: %s. To ensure interoperability, '
2026-06-26 04:50:01.875 9 INFO neutron.db.ovn_revision_numbers_db [req-c6452fd9-a7d7-4e3f-a5fd-230541316e7c req-a38c54f3-cab9-4ba6-984b-9a6d6e211085 c20f319dc3984ebba267d56c940622e0 63cdc91da5f546ba891e6589aa3bc125 - - 8963cce63f5c42bc8c9d87b82fbe7c54 8963cce63f5c42bc8c9d87b82fbe7c54] Successfully bumped revision number for resource aaeed07d-20dc-4472-bd16-9ec26c291133 (type: ports) to 2
2026-06-26 04:50:01.929 10 INFO neutron.db.ovn_revision_numbers_db [None req-47537795-ebe3-49ea-9cd7-38043cded849 - - - - - -] Successfully bumped revision number for resource 53d62708-8d3c-41c9-8e3e-de7815213d53 (type: ports) to 2
2026-06-26 04:50:01.970 10 INFO neutron.db.ovn_revision_numbers_db [None req-47537795-ebe3-49ea-9cd7-38043cded849 - - - - - -] Successfully bumped revision number for resource 3eed11a4-d3ce-4a5a-b4eb-6f8bd853d1d8 (type: subnets) to 0
2026-06-26 04:50:01.990 10 INFO neutron.api.wsgi [None req-9b817298-79cf-4e7a-a6c4-dc71100d346d 158b7729050a495984523bc1f87691ef 4568e1db581344cf85756397d929f73d - - default default] 10.0.0.160 "POST /v2.0/subnets HTTP/1.1" status: 201 len: 886 time: 0.6189194
2026-06-26 04:50:02.101 9 INFO neutron.db.ovn_revision_numbers_db [req-c6452fd9-a7d7-4e3f-a5fd-230541316e7c req-a38c54f3-cab9-4ba6-984b-9a6d6e211085 c20f319dc3984ebba267d56c940622e0 63cdc91da5f546ba891e6589aa3bc125 - - 8963cce63f5c42bc8c9d87b82fbe7c54 8963cce63f5c42bc8c9d87b82fbe7c54] Successfully bumped revision number for resource aaeed07d-20dc-4472-bd16-9ec26c291133 (type: ports) to 4
2026-06-26 04:50:02.130 9 INFO neutron.api.wsgi [req-c6452fd9-a7d7-4e3f-a5fd-230541316e7c req-a38c54f3-cab9-4ba6-984b-9a6d6e211085 c20f319dc3984ebba267d56c940622e0 63cdc91da5f546ba891e6589aa3bc125 - - 8963cce63f5c42bc8c9d87b82fbe7c54 8963cce63f5c42bc8c9d87b82fbe7c54] 199.204.45.115 "PUT /v2.0/ports/aaeed07d-20dc-4472-bd16-9ec26c291133 HTTP/1.1" status: 200 len: 1408 time: 0.6189299
2026-06-26 04:50:02.180 9 INFO neutron.notifiers.nova [-] Nova event matching ['req-80ec8b57-b11d-4d9e-9c1b-58daed085b6c'] response: {'name': 'network-changed', 'server_uuid': '9f57c4cc-c87f-4403-95de-7075026bb17a', 'tag': 'aaeed07d-20dc-4472-bd16-9ec26c291133', 'status': 'completed', 'code': 200}
2026-06-26 04:50:02.210 10 INFO neutron.api.wsgi [req-39e7d3bd-1947-45c6-96d8-a427a69afe78 req-a56f528a-0066-4f17-9d91-b0e796baa605 d33e70b2005545e780dbc4d60bf62add eb89399d0eda4ae0be6a9c2b39ab88c7 - - default default] 10.0.0.78 "GET /v2.0/ports?device_id=9f57c4cc-c87f-4403-95de-7075026bb17a HTTP/1.1" status: 200 len: 1172 time: 0.0977166
2026-06-26 04:50:02.256 10 INFO neutron.api.wsgi [req-39e7d3bd-1947-45c6-96d8-a427a69afe78 req-4cc7cde3-455b-4e04-87c1-687d41f79511 d33e70b2005545e780dbc4d60bf62add eb89399d0eda4ae0be6a9c2b39ab88c7 - - default default] 10.0.0.78 "GET /v2.0/security-groups?id=3ebad95c-565f-4290-a48d-67b7c791785f&fields=id&fields=name HTTP/1.1" status: 200 len: 312 time: 0.0388019
2026-06-26 04:50:02.432 10 WARNING neutron.scheduler.dhcp_agent_scheduler [None req-5a6e0ee8-cc19-463e-96d6-6bcf3ba48b18 158b7729050a495984523bc1f87691ef 4568e1db581344cf85756397d929f73d - - default default] No more DHCP agents
2026-06-26 04:50:02.435 10 WARNING neutron.api.rpc.agentnotifiers.dhcp_rpc_agent_api [None req-5a6e0ee8-cc19-463e-96d6-6bcf3ba48b18 158b7729050a495984523bc1f87691ef 4568e1db581344cf85756397d929f73d - - default default] Unable to schedule network 11789b96-5912-42f6-902a-d4b9fa3b0e1f: no agents available; will retry on subsequent port and subnet creation events.
2026-06-26 04:50:02.560 10 INFO neutron.db.ovn_revision_numbers_db [None req-5a6e0ee8-cc19-463e-96d6-6bcf3ba48b18 158b7729050a495984523bc1f87691ef 4568e1db581344cf85756397d929f73d - - default default] Successfully bumped revision number for resource 5cc371ee-ca0f-4052-a75b-5951c20fe386 (type: ports) to 1 /var/lib/openstack/lib/python3.12/site-packages/pycadf/identifier.py:71: UserWarning: Invalid uuid: neutron. To ensure interoperability, identifiers should be a valid uuid. warnings.warn(('Invalid uuid: %s. To ensure interoperability, '
2026-06-26 04:50:02.727 9 INFO neutron.api.wsgi [req-ac5d118b-dda9-48e6-85ff-76c321868bea req-639297be-08dd-4a5d-b940-3c78f787b32e c20f319dc3984ebba267d56c940622e0 63cdc91da5f546ba891e6589aa3bc125 - - 8963cce63f5c42bc8c9d87b82fbe7c54 8963cce63f5c42bc8c9d87b82fbe7c54] 199.204.45.115 "GET /v2.0/ports?tenant_id=eb89399d0eda4ae0be6a9c2b39ab88c7&device_id=9f57c4cc-c87f-4403-95de-7075026bb17a HTTP/1.1" status: 200 len: 1411 time: 0.0365443
2026-06-26 04:50:02.789 9 INFO neutron.api.wsgi [req-ac5d118b-dda9-48e6-85ff-76c321868bea req-b645fdd8-5649-4ec2-926d-a6c24ea12422 c20f319dc3984ebba267d56c940622e0 63cdc91da5f546ba891e6589aa3bc125 - - 8963cce63f5c42bc8c9d87b82fbe7c54 8963cce63f5c42bc8c9d87b82fbe7c54] 199.204.45.115 "GET /v2.0/networks?tenant_id=eb89399d0eda4ae0be6a9c2b39ab88c7&shared=False HTTP/1.1" status: 200 len: 959 time: 0.0565751
2026-06-26 04:50:02.855 9 INFO neutron.api.wsgi [req-ac5d118b-dda9-48e6-85ff-76c321868bea req-353ec323-6b4c-4305-b299-064fe0b428c7 c20f319dc3984ebba267d56c940622e0 63cdc91da5f546ba891e6589aa3bc125 - - 8963cce63f5c42bc8c9d87b82fbe7c54 8963cce63f5c42bc8c9d87b82fbe7c54] 199.204.45.115 "GET /v2.0/networks?shared=True HTTP/1.1" status: 200 len: 952 time: 0.0614190
2026-06-26 04:50:03.069 9 INFO neutron.db.ovn_revision_numbers_db [None req-4d1d5842-e1d4-4948-9bfa-4fcf6252e004 158b7729050a495984523bc1f87691ef 4568e1db581344cf85756397d929f73d - - default default] Successfully bumped revision number for resource 5bf90573-0990-495b-a762-6eef52699f60 (type: security_groups) to 1
2026-06-26 04:50:03.081 9 INFO neutron.db.ovn_revision_numbers_db [None req-4d1d5842-e1d4-4948-9bfa-4fcf6252e004 158b7729050a495984523bc1f87691ef 4568e1db581344cf85756397d929f73d - - default default] Successfully bumped revision number for resource 4925273e-33a6-4bd4-8345-7e4b67a78006 (type: security_group_rules) to 0
2026-06-26 04:50:03.095 9 INFO neutron.db.ovn_revision_numbers_db [None req-4d1d5842-e1d4-4948-9bfa-4fcf6252e004 158b7729050a495984523bc1f87691ef 4568e1db581344cf85756397d929f73d - - default default] Successfully bumped revision number for resource a4c7b21a-17c1-4d6f-b6eb-d018fc52f35d (type: security_group_rules) to 0
2026-06-26 04:50:03.107 9 INFO neutron.db.ovn_revision_numbers_db [None req-4d1d5842-e1d4-4948-9bfa-4fcf6252e004 158b7729050a495984523bc1f87691ef 4568e1db581344cf85756397d929f73d - - default default] Successfully bumped revision number for resource b1361822-10fb-4323-8d99-c76907b1bdae (type: security_group_rules) to 0
2026-06-26 04:50:03.108 10 INFO neutron.plugins.ml2.drivers.ovn.mech_driver.ovsdb.commands [None req-1ba8fd88-e200-4d31-8584-df0588196f8d - - - - - -] Schedule LRP lrp-5cc371ee-ca0f-4052-a75b-5951c20fe386 on gateway 1c8134a9-393d-445c-b5c7-51a2b32003e3 with priority 1
2026-06-26 04:50:03.115 10 INFO neutron.plugins.ml2.drivers.ovn.mech_driver.mech_driver [None req-7d1534cc-3daa-4c99-88df-e5f78157fd09 - - - - - -] OVN reports status up for port: 5cc371ee-ca0f-4052-a75b-5951c20fe386
2026-06-26 04:50:03.132 10 INFO neutron.plugins.ml2.plugin [None req-7d1534cc-3daa-4c99-88df-e5f78157fd09 - - - - - -] Attempt 1 to provision port 5cc371ee-ca0f-4052-a75b-5951c20fe386
2026-06-26 04:50:03.132 9 INFO neutron.plugins.ml2.drivers.ovn.mech_driver.ovsdb.ovsdb_monitor [None req-be6c2560-b537-4043-93ab-f4c2c009dac6 - - - - - -] Router 81a592a3-591e-4380-814a-eef9d5bc9868 is bound to host instance
2026-06-26 04:50:03.134 9 INFO neutron.db.ovn_revision_numbers_db [None req-4d1d5842-e1d4-4948-9bfa-4fcf6252e004 158b7729050a495984523bc1f87691ef 4568e1db581344cf85756397d929f73d - - default default] Successfully bumped revision number for resource f6910f2f-83a3-4e9b-b69c-936745da9f12 (type: security_group_rules) to 0
2026-06-26 04:50:03.165 10 INFO neutron.db.ovn_revision_numbers_db [None req-5a6e0ee8-cc19-463e-96d6-6bcf3ba48b18 158b7729050a495984523bc1f87691ef 4568e1db581344cf85756397d929f73d - - default default] Successfully bumped revision number for resource 5cc371ee-ca0f-4052-a75b-5951c20fe386 (type: router_ports) to 1
2026-06-26 04:50:03.173 9 INFO neutron.api.wsgi [None req-4d1d5842-e1d4-4948-9bfa-4fcf6252e004 158b7729050a495984523bc1f87691ef 4568e1db581344cf85756397d929f73d - - default default] 10.0.0.160 "GET /v2.0/security-groups?tenant_id=0894a5c8db784a839870783bfc9d2346&name=default HTTP/1.1" status: 200 len: 3120 time: 0.3489876
2026-06-26 04:50:03.249 10 INFO neutron.db.ovn_revision_numbers_db [None req-5a6e0ee8-cc19-463e-96d6-6bcf3ba48b18 158b7729050a495984523bc1f87691ef 4568e1db581344cf85756397d929f73d - - default default] Successfully bumped revision number for resource 81a592a3-591e-4380-814a-eef9d5bc9868 (type: routers) to 2
2026-06-26 04:50:03.266 10 INFO neutron.api.wsgi [None req-5a6e0ee8-cc19-463e-96d6-6bcf3ba48b18 158b7729050a495984523bc1f87691ef 4568e1db581344cf85756397d929f73d - - default default] 10.0.0.160 "POST /v2.0/routers HTTP/1.1" status: 201 len: 1164 time: 1.2717872
2026-06-26 04:50:03.385 10 INFO neutron.api.wsgi [req-52baee2a-a90e-4a50-ab67-3706bce36e38 req-626918b7-52da-4f81-9213-8b46363dbecc d33e70b2005545e780dbc4d60bf62add eb89399d0eda4ae0be6a9c2b39ab88c7 - - default default] 10.0.0.78 "GET /v2.0/ports?device_id=9f57c4cc-c87f-4403-95de-7075026bb17a HTTP/1.1" status: 200 len: 1172 time: 0.0710735
2026-06-26 04:50:03.410 9 INFO neutron.api.wsgi [None req-45d1d7c3-fb0c-4a4a-b7d6-7edec364b17b 158b7729050a495984523bc1f87691ef 4568e1db581344cf85756397d929f73d - - default default] 10.0.0.160 "DELETE /v2.0/security-groups/5bf90573-0990-495b-a762-6eef52699f60 HTTP/1.1" status: 204 len: 168 time: 0.2320037
2026-06-26 04:50:03.443 10 INFO neutron.api.wsgi [req-52baee2a-a90e-4a50-ab67-3706bce36e38 req-fd0ee1e6-2e2a-4893-90e7-469a967e5cf1 d33e70b2005545e780dbc4d60bf62add eb89399d0eda4ae0be6a9c2b39ab88c7 - - default default] 10.0.0.78 "GET /v2.0/security-groups?id=3ebad95c-565f-4290-a48d-67b7c791785f&fields=id&fields=name HTTP/1.1" status: 200 len: 312 time: 0.0515020
2026-06-26 04:50:03.558 9 INFO neutron.db.ovn_revision_numbers_db [None req-b937564d-8979-4326-9c54-2a481ff057c8 - - - - - -] Successfully bumped revision number for resource 5cc371ee-ca0f-4052-a75b-5951c20fe386 (type: ports) to 1
