2026-06-26 04:48:39.260 9 INFO neutron.notifiers.nova [-] Nova event matching ['req-383c0506-e3bc-4d21-8bed-b5f56c9947a2'] response: {'name': 'network-changed', 'server_uuid': '26e3f1ad-3fc7-4358-9517-7a198cc80569', 'tag': 'e79530c3-94c6-4a92-ad47-6013605a9320', 'status': 'completed', 'code': 200} /var/lib/openstack/lib/python3.12/site-packages/pycadf/identifier.py:71: UserWarning: Invalid uuid: neutron. To ensure interoperability, identifiers should be a valid uuid. warnings.warn(('Invalid uuid: %s. To ensure interoperability, '
2026-06-26 04:48:39.344 9 WARNING neutron_lib.context [None req-eeaa487f-36e8-46da-b66e-d41ffbbb9cf2 547ab3bab5a642dcb5abb81fe3a93ac6 726fbfb5bb8a413aa8dbdb7d55e63ba5 - - default default] Method 'is_advsvc' is deprecated since 2023.2 release (neutron-lib 3.8.0) and will be removed once support for the old RBAC API policies will be removed from Neutron. Please use method 'is_service_role' instead.
2026-06-26 04:48:39.482 9 INFO neutron.db.ovn_revision_numbers_db [None req-eeaa487f-36e8-46da-b66e-d41ffbbb9cf2 547ab3bab5a642dcb5abb81fe3a93ac6 726fbfb5bb8a413aa8dbdb7d55e63ba5 - - default default] Successfully bumped revision number for resource 9c65d777-5263-4d55-8607-2f0cb6da1f7b (type: security_groups) to 1
2026-06-26 04:48:39.495 9 INFO neutron.db.ovn_revision_numbers_db [None req-eeaa487f-36e8-46da-b66e-d41ffbbb9cf2 547ab3bab5a642dcb5abb81fe3a93ac6 726fbfb5bb8a413aa8dbdb7d55e63ba5 - - default default] Successfully bumped revision number for resource 3248fcc3-2643-428f-90b5-6af3f1899e0f (type: security_group_rules) to 0
2026-06-26 04:48:39.511 9 INFO neutron.db.ovn_revision_numbers_db [None req-eeaa487f-36e8-46da-b66e-d41ffbbb9cf2 547ab3bab5a642dcb5abb81fe3a93ac6 726fbfb5bb8a413aa8dbdb7d55e63ba5 - - default default] Successfully bumped revision number for resource 95461016-6615-45ed-8a6b-054355eaaa12 (type: security_group_rules) to 0
2026-06-26 04:48:39.534 9 INFO neutron.db.ovn_revision_numbers_db [None req-eeaa487f-36e8-46da-b66e-d41ffbbb9cf2 547ab3bab5a642dcb5abb81fe3a93ac6 726fbfb5bb8a413aa8dbdb7d55e63ba5 - - default default] Successfully bumped revision number for resource bed88af6-85ec-44c5-ad9a-be111cdb8c6f (type: security_group_rules) to 0
2026-06-26 04:48:39.549 9 INFO neutron.db.ovn_revision_numbers_db [None req-eeaa487f-36e8-46da-b66e-d41ffbbb9cf2 547ab3bab5a642dcb5abb81fe3a93ac6 726fbfb5bb8a413aa8dbdb7d55e63ba5 - - default default] Successfully bumped revision number for resource c621fa94-b906-4587-94e8-9ab8f23741ee (type: security_group_rules) to 0
2026-06-26 04:48:39.624 9 INFO neutron.db.segments_db [None req-eeaa487f-36e8-46da-b66e-d41ffbbb9cf2 547ab3bab5a642dcb5abb81fe3a93ac6 726fbfb5bb8a413aa8dbdb7d55e63ba5 - - default default] Added segment b99e6acf-8040-4819-a60e-817567346e46 of type geneve for network caff0da6-4cab-4a44-9301-ba4933072d02
2026-06-26 04:48:39.750 9 INFO neutron.db.ovn_revision_numbers_db [None req-eeaa487f-36e8-46da-b66e-d41ffbbb9cf2 547ab3bab5a642dcb5abb81fe3a93ac6 726fbfb5bb8a413aa8dbdb7d55e63ba5 - - default default] Successfully bumped revision number for resource caff0da6-4cab-4a44-9301-ba4933072d02 (type: networks) to 1
2026-06-26 04:48:39.821 9 INFO neutron.api.wsgi [req-4ccd5a15-4796-4f8b-996a-2959ac94e6a3 req-e1748790-be0e-4834-88fc-91f795276e2a c20f319dc3984ebba267d56c940622e0 63cdc91da5f546ba891e6589aa3bc125 - - 8963cce63f5c42bc8c9d87b82fbe7c54 8963cce63f5c42bc8c9d87b82fbe7c54] 199.204.45.115 "GET /v2.0/ports?tenant_id=829dbd3af7f04b91bc0f39299a547493&device_id=26e3f1ad-3fc7-4358-9517-7a198cc80569 HTTP/1.1" status: 200 len: 1411 time: 0.0429060
2026-06-26 04:48:39.895 9 INFO neutron.api.wsgi [req-4ccd5a15-4796-4f8b-996a-2959ac94e6a3 req-f189da2f-140d-425a-af48-51351fc95ba7 c20f319dc3984ebba267d56c940622e0 63cdc91da5f546ba891e6589aa3bc125 - - 8963cce63f5c42bc8c9d87b82fbe7c54 8963cce63f5c42bc8c9d87b82fbe7c54] 199.204.45.115 "GET /v2.0/networks?tenant_id=829dbd3af7f04b91bc0f39299a547493&shared=False HTTP/1.1" status: 200 len: 975 time: 0.0676963
2026-06-26 04:48:39.959 9 INFO neutron.api.wsgi [req-4ccd5a15-4796-4f8b-996a-2959ac94e6a3 req-b825a824-1f6f-40c6-b8fa-93708fe50317 c20f319dc3984ebba267d56c940622e0 63cdc91da5f546ba891e6589aa3bc125 - - 8963cce63f5c42bc8c9d87b82fbe7c54 8963cce63f5c42bc8c9d87b82fbe7c54] 199.204.45.115 "GET /v2.0/networks?shared=True HTTP/1.1" status: 200 len: 952 time: 0.0582607
2026-06-26 04:48:39.983 9 WARNING neutron.scheduler.dhcp_agent_scheduler [None req-eeaa487f-36e8-46da-b66e-d41ffbbb9cf2 547ab3bab5a642dcb5abb81fe3a93ac6 726fbfb5bb8a413aa8dbdb7d55e63ba5 - - default default] No more DHCP agents
2026-06-26 04:48:39.985 9 WARNING neutron.api.rpc.agentnotifiers.dhcp_rpc_agent_api [None req-eeaa487f-36e8-46da-b66e-d41ffbbb9cf2 547ab3bab5a642dcb5abb81fe3a93ac6 726fbfb5bb8a413aa8dbdb7d55e63ba5 - - default default] Unable to schedule network caff0da6-4cab-4a44-9301-ba4933072d02: no agents available; will retry on subsequent port and subnet creation events.
2026-06-26 04:48:40.061 9 INFO neutron.db.ovn_revision_numbers_db [None req-eeaa487f-36e8-46da-b66e-d41ffbbb9cf2 547ab3bab5a642dcb5abb81fe3a93ac6 726fbfb5bb8a413aa8dbdb7d55e63ba5 - - default default] Successfully bumped revision number for resource d8bff9df-c154-4958-acf4-c8b311ce2255 (type: ports) to 1
2026-06-26 04:48:40.090 9 INFO neutron.api.wsgi [None req-eeaa487f-36e8-46da-b66e-d41ffbbb9cf2 547ab3bab5a642dcb5abb81fe3a93ac6 726fbfb5bb8a413aa8dbdb7d55e63ba5 - - default default] 10.0.0.160 "POST /v2.0/networks HTTP/1.1" status: 201 len: 832 time: 0.9690280
2026-06-26 04:48:40.099 9 WARNING neutron_lib.context [None req-4f52b0d7-8c26-430b-92a5-138714bb2fa9 547ab3bab5a642dcb5abb81fe3a93ac6 726fbfb5bb8a413aa8dbdb7d55e63ba5 - - default default] Method 'is_advsvc' is deprecated since 2023.2 release (neutron-lib 3.8.0) and will be removed once support for the old RBAC API policies will be removed from Neutron. Please use method 'is_service_role' instead.
2026-06-26 04:48:40.190 9 INFO neutron.db.segments_db [None req-4f52b0d7-8c26-430b-92a5-138714bb2fa9 547ab3bab5a642dcb5abb81fe3a93ac6 726fbfb5bb8a413aa8dbdb7d55e63ba5 - - default default] Added segment ee4ccb4b-875f-49e0-82e9-9ed82a0977c4 of type geneve for network 09ddb252-1594-47f6-a9cc-69021e5cf9d1
2026-06-26 04:48:40.296 9 INFO neutron.db.ovn_revision_numbers_db [None req-4f52b0d7-8c26-430b-92a5-138714bb2fa9 547ab3bab5a642dcb5abb81fe3a93ac6 726fbfb5bb8a413aa8dbdb7d55e63ba5 - - default default] Successfully bumped revision number for resource 09ddb252-1594-47f6-a9cc-69021e5cf9d1 (type: networks) to 1
2026-06-26 04:48:40.364 10 INFO neutron.api.wsgi [req-5d969949-0a84-45ce-9150-9bb7a920ef0c req-3370c7c9-9cc0-40b3-9684-1d49d7b5f010 274f168af0ca40ec9b0bc8e04394f821 829dbd3af7f04b91bc0f39299a547493 - - default default] 10.0.0.78 "GET /v2.0/ports?device_id=26e3f1ad-3fc7-4358-9517-7a198cc80569 HTTP/1.1" status: 200 len: 1172 time: 0.0432954
2026-06-26 04:48:40.409 10 INFO neutron.api.wsgi [req-5d969949-0a84-45ce-9150-9bb7a920ef0c req-98529b58-c09a-4d22-bb99-81e80be3105b 274f168af0ca40ec9b0bc8e04394f821 829dbd3af7f04b91bc0f39299a547493 - - default default] 10.0.0.78 "GET /v2.0/security-groups?id=27ce0ddd-04d9-4305-ad30-f43e50d2818a&fields=id&fields=name HTTP/1.1" status: 200 len: 286 time: 0.0373292
2026-06-26 04:48:40.466 9 WARNING neutron.scheduler.dhcp_agent_scheduler [None req-4f52b0d7-8c26-430b-92a5-138714bb2fa9 547ab3bab5a642dcb5abb81fe3a93ac6 726fbfb5bb8a413aa8dbdb7d55e63ba5 - - default default] No more DHCP agents
2026-06-26 04:48:40.467 9 WARNING neutron.api.rpc.agentnotifiers.dhcp_rpc_agent_api [None req-4f52b0d7-8c26-430b-92a5-138714bb2fa9 547ab3bab5a642dcb5abb81fe3a93ac6 726fbfb5bb8a413aa8dbdb7d55e63ba5 - - default default] Unable to schedule network 09ddb252-1594-47f6-a9cc-69021e5cf9d1: no agents available; will retry on subsequent port and subnet creation events.
2026-06-26 04:48:40.566 9 INFO neutron.db.ovn_revision_numbers_db [None req-4f52b0d7-8c26-430b-92a5-138714bb2fa9 547ab3bab5a642dcb5abb81fe3a93ac6 726fbfb5bb8a413aa8dbdb7d55e63ba5 - - default default] Successfully bumped revision number for resource 86874887-4687-4009-b070-718bbfbe990a (type: ports) to 1
2026-06-26 04:48:40.604 9 INFO neutron.api.wsgi [None req-4f52b0d7-8c26-430b-92a5-138714bb2fa9 547ab3bab5a642dcb5abb81fe3a93ac6 726fbfb5bb8a413aa8dbdb7d55e63ba5 - - default default] 10.0.0.160 "POST /v2.0/networks HTTP/1.1" status: 201 len: 832 time: 0.5084877
2026-06-26 04:48:40.615 9 WARNING neutron_lib.context [None req-4c419114-5b9a-489c-9760-c78289129c7f 547ab3bab5a642dcb5abb81fe3a93ac6 726fbfb5bb8a413aa8dbdb7d55e63ba5 - - default default] Method 'is_advsvc' is deprecated since 2023.2 release (neutron-lib 3.8.0) and will be removed once support for the old RBAC API policies will be removed from Neutron. Please use method 'is_service_role' instead.
2026-06-26 04:48:40.841 9 WARNING neutron.scheduler.dhcp_agent_scheduler [None req-4c419114-5b9a-489c-9760-c78289129c7f 547ab3bab5a642dcb5abb81fe3a93ac6 726fbfb5bb8a413aa8dbdb7d55e63ba5 - - default default] No more DHCP agents
2026-06-26 04:48:40.842 9 WARNING neutron.api.rpc.agentnotifiers.dhcp_rpc_agent_api [None req-4c419114-5b9a-489c-9760-c78289129c7f 547ab3bab5a642dcb5abb81fe3a93ac6 726fbfb5bb8a413aa8dbdb7d55e63ba5 - - default default] Unable to schedule network caff0da6-4cab-4a44-9301-ba4933072d02: no agents available; will retry on subsequent port and subnet creation events.
2026-06-26 04:48:40.873 9 INFO neutron.db.ovn_revision_numbers_db [None req-4c419114-5b9a-489c-9760-c78289129c7f 547ab3bab5a642dcb5abb81fe3a93ac6 726fbfb5bb8a413aa8dbdb7d55e63ba5 - - default default] Successfully bumped revision number for resource 504b9e96-896d-4cca-9d90-17d19403aab0 (type: subnets) to 0
2026-06-26 04:48:40.898 9 INFO neutron.api.wsgi [None req-4c419114-5b9a-489c-9760-c78289129c7f 547ab3bab5a642dcb5abb81fe3a93ac6 726fbfb5bb8a413aa8dbdb7d55e63ba5 - - default default] 10.0.0.160 "POST /v2.0/subnets HTTP/1.1" status: 201 len: 845 time: 0.2871289
2026-06-26 04:48:40.914 9 WARNING neutron_lib.context [None req-01007ecd-90c6-442e-9b94-ca0e70e1f520 547ab3bab5a642dcb5abb81fe3a93ac6 726fbfb5bb8a413aa8dbdb7d55e63ba5 - - default default] Method 'is_advsvc' is deprecated since 2023.2 release (neutron-lib 3.8.0) and will be removed once support for the old RBAC API policies will be removed from Neutron. Please use method 'is_service_role' instead.
2026-06-26 04:48:41.025 9 INFO neutron.api.wsgi [req-bb8cf0e4-b79e-4d5f-afd5-46b1e1acc42e req-6d021fc0-6852-4bc2-9e13-adc82a952e89 c20f319dc3984ebba267d56c940622e0 63cdc91da5f546ba891e6589aa3bc125 - - 8963cce63f5c42bc8c9d87b82fbe7c54 8963cce63f5c42bc8c9d87b82fbe7c54] 199.204.45.115 "GET /v2.0/ports?tenant_id=829dbd3af7f04b91bc0f39299a547493&device_id=26e3f1ad-3fc7-4358-9517-7a198cc80569 HTTP/1.1" status: 200 len: 1411 time: 0.0441043
2026-06-26 04:48:41.051 9 INFO neutron.api.wsgi [req-bb8cf0e4-b79e-4d5f-afd5-46b1e1acc42e req-06e063e0-b678-43b1-bd54-248ae38641c7 c20f319dc3984ebba267d56c940622e0 63cdc91da5f546ba891e6589aa3bc125 - - 8963cce63f5c42bc8c9d87b82fbe7c54 8963cce63f5c42bc8c9d87b82fbe7c54] 199.204.45.115 "GET /v2.0/floatingips?fixed_ip_address=10.100.0.12&port_id=e79530c3-94c6-4a92-ad47-6013605a9320 HTTP/1.1" status: 200 len: 217 time: 0.0217581
2026-06-26 04:48:41.086 9 INFO neutron.api.wsgi [req-bb8cf0e4-b79e-4d5f-afd5-46b1e1acc42e req-78cc351e-e62d-427f-b27e-091f71dd4e93 c20f319dc3984ebba267d56c940622e0 63cdc91da5f546ba891e6589aa3bc125 - - 8963cce63f5c42bc8c9d87b82fbe7c54 8963cce63f5c42bc8c9d87b82fbe7c54] 199.204.45.115 "GET /v2.0/subnets?id=2b5840c5-2739-4427-bdaf-9f6abcbc2b8a HTTP/1.1" status: 200 len: 895 time: 0.0290363
2026-06-26 04:48:41.108 9 INFO neutron.api.wsgi [req-bb8cf0e4-b79e-4d5f-afd5-46b1e1acc42e req-a82f59e5-ba8b-41e0-a6dc-4cf283b44552 c20f319dc3984ebba267d56c940622e0 63cdc91da5f546ba891e6589aa3bc125 - - 8963cce63f5c42bc8c9d87b82fbe7c54 8963cce63f5c42bc8c9d87b82fbe7c54] 199.204.45.115 "GET /v2.0/ports?network_id=aedc513f-7d59-480f-9891-6552c5a3b273&device_owner=network%3Adhcp HTTP/1.1" status: 200 len: 210 time: 0.0178022
2026-06-26 04:48:41.153 9 INFO neutron.api.wsgi [req-bb8cf0e4-b79e-4d5f-afd5-46b1e1acc42e req-1ea13857-cfb7-4357-9a73-c975483e69d1 c20f319dc3984ebba267d56c940622e0 63cdc91da5f546ba891e6589aa3bc125 - - 8963cce63f5c42bc8c9d87b82fbe7c54 8963cce63f5c42bc8c9d87b82fbe7c54] 199.204.45.115 "GET /v2.0/networks/aedc513f-7d59-480f-9891-6552c5a3b273?fields=segments HTTP/1.1" status: 200 len: 212 time: 0.0413518
2026-06-26 04:48:41.154 9 WARNING neutron.scheduler.dhcp_agent_scheduler [None req-01007ecd-90c6-442e-9b94-ca0e70e1f520 547ab3bab5a642dcb5abb81fe3a93ac6 726fbfb5bb8a413aa8dbdb7d55e63ba5 - - default default] No more DHCP agents
2026-06-26 04:48:41.155 9 WARNING neutron.api.rpc.agentnotifiers.dhcp_rpc_agent_api [None req-01007ecd-90c6-442e-9b94-ca0e70e1f520 547ab3bab5a642dcb5abb81fe3a93ac6 726fbfb5bb8a413aa8dbdb7d55e63ba5 - - default default] Unable to schedule network 09ddb252-1594-47f6-a9cc-69021e5cf9d1: no agents available; will retry on subsequent port and subnet creation events.
2026-06-26 04:48:41.187 9 INFO neutron.db.ovn_revision_numbers_db [None req-01007ecd-90c6-442e-9b94-ca0e70e1f520 547ab3bab5a642dcb5abb81fe3a93ac6 726fbfb5bb8a413aa8dbdb7d55e63ba5 - - default default] Successfully bumped revision number for resource 04a8606f-6292-49ff-959d-cf197dff7e38 (type: subnets) to 0
2026-06-26 04:48:41.194 10 WARNING neutron_lib.context [None req-99ad467b-ffa0-4ae3-939f-cbfdd6d8a420 8dc0d84d203e492296d49bff71f6bba8 ac6580cc4ce948498b11f241144d7323 - - default default] Method 'is_advsvc' is deprecated since 2023.2 release (neutron-lib 3.8.0) and will be removed once support for the old RBAC API policies will be removed from Neutron. Please use method 'is_service_role' instead.
2026-06-26 04:48:41.211 9 INFO neutron.api.wsgi [req-bb8cf0e4-b79e-4d5f-afd5-46b1e1acc42e req-6ca5b3f0-86ca-477b-ba46-bc0e6f3aa42c c20f319dc3984ebba267d56c940622e0 63cdc91da5f546ba891e6589aa3bc125 - - 8963cce63f5c42bc8c9d87b82fbe7c54 8963cce63f5c42bc8c9d87b82fbe7c54] 199.204.45.115 "GET /v2.0/networks/aedc513f-7d59-480f-9891-6552c5a3b273?fields=provider%3Aphysical_network&fields=provider%3Anetwork_type HTTP/1.1" status: 200 len: 277 time: 0.0535028
2026-06-26 04:48:41.215 9 INFO neutron.api.wsgi [None req-01007ecd-90c6-442e-9b94-ca0e70e1f520 547ab3bab5a642dcb5abb81fe3a93ac6 726fbfb5bb8a413aa8dbdb7d55e63ba5 - - default default] 10.0.0.160 "POST /v2.0/subnets HTTP/1.1" status: 201 len: 854 time: 0.3067501
2026-06-26 04:48:41.225 10 WARNING neutron_lib.context [None req-f123a4b1-ddb0-4328-91df-c9fc3b51b78c 547ab3bab5a642dcb5abb81fe3a93ac6 726fbfb5bb8a413aa8dbdb7d55e63ba5 - - default default] Method 'is_advsvc' is deprecated since 2023.2 release (neutron-lib 3.8.0) and will be removed once support for the old RBAC API policies will be removed from Neutron. Please use method 'is_service_role' instead.
2026-06-26 04:48:41.338 10 INFO neutron.db.ovn_revision_numbers_db [None req-99ad467b-ffa0-4ae3-939f-cbfdd6d8a420 8dc0d84d203e492296d49bff71f6bba8 ac6580cc4ce948498b11f241144d7323 - - default default] Successfully bumped revision number for resource 1b553af0-1444-41ad-a041-eb30b33f803e (type: routers) to 1
2026-06-26 04:48:41.362 10 INFO neutron.api.wsgi [None req-99ad467b-ffa0-4ae3-939f-cbfdd6d8a420 8dc0d84d203e492296d49bff71f6bba8 ac6580cc4ce948498b11f241144d7323 - - default default] 10.0.0.160 "POST /v2.0/routers HTTP/1.1" status: 201 len: 769 time: 0.3234508
2026-06-26 04:48:41.366 10 INFO neutron.db.ovn_revision_numbers_db [None req-f123a4b1-ddb0-4328-91df-c9fc3b51b78c 547ab3bab5a642dcb5abb81fe3a93ac6 726fbfb5bb8a413aa8dbdb7d55e63ba5 - - default default] Successfully bumped revision number for resource b65db4db-0f38-4b87-92d5-7cc95169b490 (type: routers) to 1
2026-06-26 04:48:41.374 10 WARNING neutron_lib.context [None req-a80c7c5a-fe54-4ef7-9260-bb0a6b10952c 8dc0d84d203e492296d49bff71f6bba8 ac6580cc4ce948498b11f241144d7323 - - default default] Method 'is_advsvc' is deprecated since 2023.2 release (neutron-lib 3.8.0) and will be removed once support for the old RBAC API policies will be removed from Neutron. Please use method 'is_service_role' instead.
2026-06-26 04:48:41.389 10 INFO neutron.api.wsgi [None req-f123a4b1-ddb0-4328-91df-c9fc3b51b78c 547ab3bab5a642dcb5abb81fe3a93ac6 726fbfb5bb8a413aa8dbdb7d55e63ba5 - - default default] 10.0.0.160 "POST /v2.0/routers HTTP/1.1" status: 201 len: 805 time: 0.1699605
2026-06-26 04:48:41.519 10 INFO neutron.api.wsgi [req-c12d20c0-11f5-4e0c-846c-bbba43b7ea52 req-2ef9babc-bc9d-4ed7-870d-1c0babdbadea 274f168af0ca40ec9b0bc8e04394f821 829dbd3af7f04b91bc0f39299a547493 - - default default] 10.0.0.78 "GET /v2.0/ports?device_id=26e3f1ad-3fc7-4358-9517-7a198cc80569 HTTP/1.1" status: 200 len: 1172 time: 0.0494144
2026-06-26 04:48:41.519 10 INFO neutron.db.ovn_revision_numbers_db [None req-a80c7c5a-fe54-4ef7-9260-bb0a6b10952c 8dc0d84d203e492296d49bff71f6bba8 ac6580cc4ce948498b11f241144d7323 - - default default] Successfully bumped revision number for resource c998e973-483e-4def-9d6e-944afaff04af (type: routers) to 1
2026-06-26 04:48:41.542 10 INFO neutron.api.wsgi [None req-a80c7c5a-fe54-4ef7-9260-bb0a6b10952c 8dc0d84d203e492296d49bff71f6bba8 ac6580cc4ce948498b11f241144d7323 - - default default] 10.0.0.160 "POST /v2.0/routers HTTP/1.1" status: 201 len: 769 time: 0.1728666
2026-06-26 04:48:41.555 9 WARNING neutron_lib.context [None req-fd2e3ae3-6f9f-4a15-9a63-e8ce6e9b2c21 8dc0d84d203e492296d49bff71f6bba8 ac6580cc4ce948498b11f241144d7323 - - default default] Method 'is_advsvc' is deprecated since 2023.2 release (neutron-lib 3.8.0) and will be removed once support for the old RBAC API policies will be removed from Neutron. Please use method 'is_service_role' instead.
2026-06-26 04:48:41.575 10 INFO neutron.api.wsgi [req-c12d20c0-11f5-4e0c-846c-bbba43b7ea52 req-c5347b32-ecbf-4da0-99fc-ba34a506d4b0 274f168af0ca40ec9b0bc8e04394f821 829dbd3af7f04b91bc0f39299a547493 - - default default] 10.0.0.78 "GET /v2.0/security-groups?id=27ce0ddd-04d9-4305-ad30-f43e50d2818a&fields=id&fields=name HTTP/1.1" status: 200 len: 286 time: 0.0499201
2026-06-26 04:48:41.657 9 INFO neutron.db.ovn_revision_numbers_db [None req-fd2e3ae3-6f9f-4a15-9a63-e8ce6e9b2c21 8dc0d84d203e492296d49bff71f6bba8 ac6580cc4ce948498b11f241144d7323 - - default default] Successfully bumped revision number for resource 1726a124-a260-451e-be45-879ea97f642e (type: routers) to 1
2026-06-26 04:48:41.671 9 INFO neutron.api.wsgi [None req-fd2e3ae3-6f9f-4a15-9a63-e8ce6e9b2c21 8dc0d84d203e492296d49bff71f6bba8 ac6580cc4ce948498b11f241144d7323 - - default default] 10.0.0.160 "POST /v2.0/routers HTTP/1.1" status: 201 len: 769 time: 0.1226122
2026-06-26 04:48:41.682 9 WARNING neutron_lib.context [None req-b423812c-9705-495b-a81c-cdfba1806da0 8dc0d84d203e492296d49bff71f6bba8 ac6580cc4ce948498b11f241144d7323 - - default default] Method 'is_advsvc' is deprecated since 2023.2 release (neutron-lib 3.8.0) and will be removed once support for the old RBAC API policies will be removed from Neutron. Please use method 'is_service_role' instead.
2026-06-26 04:48:41.779 10 WARNING neutron.scheduler.dhcp_agent_scheduler [None req-2648f6c0-3db1-4cd9-9b2b-dd0f49400b03 547ab3bab5a642dcb5abb81fe3a93ac6 726fbfb5bb8a413aa8dbdb7d55e63ba5 - - default default] No more DHCP agents
2026-06-26 04:48:41.780 9 INFO neutron.db.ovn_revision_numbers_db [None req-b423812c-9705-495b-a81c-cdfba1806da0 8dc0d84d203e492296d49bff71f6bba8 ac6580cc4ce948498b11f241144d7323 - - default default] Successfully bumped revision number for resource 5dab3ed2-711a-411f-84c1-e4fb71f2645e (type: routers) to 1
2026-06-26 04:48:41.780 10 WARNING neutron.api.rpc.agentnotifiers.dhcp_rpc_agent_api [None req-2648f6c0-3db1-4cd9-9b2b-dd0f49400b03 547ab3bab5a642dcb5abb81fe3a93ac6 726fbfb5bb8a413aa8dbdb7d55e63ba5 - - default default] Unable to schedule network caff0da6-4cab-4a44-9301-ba4933072d02: no agents available; will retry on subsequent port and subnet creation events.
2026-06-26 04:48:41.797 9 INFO neutron.api.wsgi [None req-b423812c-9705-495b-a81c-cdfba1806da0 8dc0d84d203e492296d49bff71f6bba8 ac6580cc4ce948498b11f241144d7323 - - default default] 10.0.0.160 "POST /v2.0/routers HTTP/1.1" status: 201 len: 769 time: 0.1192873
2026-06-26 04:48:41.808 10 WARNING neutron_lib.context [None req-6d32e466-0f29-4954-ac56-1e3c2686359c 8dc0d84d203e492296d49bff71f6bba8 ac6580cc4ce948498b11f241144d7323 - - default default] Method 'is_advsvc' is deprecated since 2023.2 release (neutron-lib 3.8.0) and will be removed once support for the old RBAC API policies will be removed from Neutron. Please use method 'is_service_role' instead.
2026-06-26 04:48:41.889 10 INFO neutron.db.ovn_revision_numbers_db [None req-2648f6c0-3db1-4cd9-9b2b-dd0f49400b03 547ab3bab5a642dcb5abb81fe3a93ac6 726fbfb5bb8a413aa8dbdb7d55e63ba5 - - default default] Successfully bumped revision number for resource e19c9def-bedc-4a3f-82ff-86c1a22f5245 (type: ports) to 1
2026-06-26 04:48:41.915 10 INFO neutron.db.ovn_revision_numbers_db [None req-6d32e466-0f29-4954-ac56-1e3c2686359c 8dc0d84d203e492296d49bff71f6bba8 ac6580cc4ce948498b11f241144d7323 - - default default] Successfully bumped revision number for resource 0cf43c69-f91c-4e7e-b24e-a0777e85a93a (type: routers) to 1
2026-06-26 04:48:41.934 10 INFO neutron.api.wsgi [None req-6d32e466-0f29-4954-ac56-1e3c2686359c 8dc0d84d203e492296d49bff71f6bba8 ac6580cc4ce948498b11f241144d7323 - - default default] 10.0.0.160 "POST /v2.0/routers HTTP/1.1" status: 201 len: 769 time: 0.1312203
2026-06-26 04:48:42.002 9 INFO neutron.api.wsgi [None req-b8ffdb7d-4495-4c50-a2c3-efda7da4ab0e 8dc0d84d203e492296d49bff71f6bba8 ac6580cc4ce948498b11f241144d7323 - - default default] 10.0.0.160 "PUT /v2.0/routers/1b553af0-1444-41ad-a041-eb30b33f803e/tags HTTP/1.1" status: 200 len: 210 time: 0.0617137
2026-06-26 04:48:42.068 9 INFO neutron.api.wsgi [None req-1431a62f-e04e-4ef0-8d36-84d1c8cd63fd 8dc0d84d203e492296d49bff71f6bba8 ac6580cc4ce948498b11f241144d7323 - - default default] 10.0.0.160 "PUT /v2.0/routers/c998e973-483e-4def-9d6e-944afaff04af/tags HTTP/1.1" status: 200 len: 218 time: 0.0519917
2026-06-26 04:48:42.117 9 INFO neutron.api.wsgi [None req-5763ce19-f180-4380-b3b8-3247990f4910 8dc0d84d203e492296d49bff71f6bba8 ac6580cc4ce948498b11f241144d7323 - - default default] 10.0.0.160 "PUT /v2.0/routers/1726a124-a260-451e-be45-879ea97f642e/tags HTTP/1.1" status: 200 len: 227 time: 0.0440347
2026-06-26 04:48:42.169 9 INFO neutron.api.wsgi [None req-10c29012-727f-44c1-b8a4-542935f25404 8dc0d84d203e492296d49bff71f6bba8 ac6580cc4ce948498b11f241144d7323 - - default default] 10.0.0.160 "PUT /v2.0/routers/5dab3ed2-711a-411f-84c1-e4fb71f2645e/tags HTTP/1.1" status: 200 len: 212 time: 0.0470617
2026-06-26 04:48:42.229 9 INFO neutron.api.wsgi [None req-b743ec0e-6c70-4a56-8c5f-e8378c8b6810 8dc0d84d203e492296d49bff71f6bba8 ac6580cc4ce948498b11f241144d7323 - - default default] 10.0.0.160 "GET /v2.0/routers?tags=red HTTP/1.1" status: 200 len: 1946 time: 0.0534129
2026-06-26 04:48:42.283 9 INFO neutron.api.wsgi [None req-56fa8914-f181-4cac-933d-d6ebc85cd9ae 8dc0d84d203e492296d49bff71f6bba8 ac6580cc4ce948498b11f241144d7323 - - default default] 10.0.0.160 "GET /v2.0/routers?tags=red%2Cblue HTTP/1.1" status: 200 len: 1375 time: 0.0505595
2026-06-26 04:48:42.331 9 INFO neutron.plugins.ml2.drivers.ovn.mech_driver.mech_driver [None req-6bc87657-7370-4665-99ab-dd4413b0738a - - - - - -] OVN reports status up for port: e19c9def-bedc-4a3f-82ff-86c1a22f5245
2026-06-26 04:48:42.340 9 INFO neutron.api.wsgi [None req-eb2fe167-f7c8-4da3-92eb-6cf44c70cf45 8dc0d84d203e492296d49bff71f6bba8 ac6580cc4ce948498b11f241144d7323 - - default default] 10.0.0.160 "GET /v2.0/routers?tags-any=blue HTTP/1.1" status: 200 len: 1375 time: 0.0525355
2026-06-26 04:48:42.342 9 INFO neutron.plugins.ml2.plugin [None req-6bc87657-7370-4665-99ab-dd4413b0738a - - - - - -] Attempt 1 to provision port e19c9def-bedc-4a3f-82ff-86c1a22f5245
2026-06-26 04:48:42.367 10 INFO neutron.db.ovn_revision_numbers_db [None req-2648f6c0-3db1-4cd9-9b2b-dd0f49400b03 547ab3bab5a642dcb5abb81fe3a93ac6 726fbfb5bb8a413aa8dbdb7d55e63ba5 - - default default] Successfully bumped revision number for resource e19c9def-bedc-4a3f-82ff-86c1a22f5245 (type: ports) to 1
2026-06-26 04:48:42.620 9 INFO neutron.db.ovn_revision_numbers_db [None req-6bc87657-7370-4665-99ab-dd4413b0738a - - - - - -] Successfully bumped revision number for resource e19c9def-bedc-4a3f-82ff-86c1a22f5245 (type: ports) to 2
2026-06-26 04:48:42.621 10 INFO neutron.api.wsgi [None req-8209ccec-cd50-4693-a2fe-5345c10ec663 8dc0d84d203e492296d49bff71f6bba8 ac6580cc4ce948498b11f241144d7323 - - default default] 10.0.0.160 "GET /v2.0/routers?tags-any=red%2Cblue HTTP/1.1" status: 200 len: 1946 time: 0.2752664
2026-06-26 04:48:42.662 10 INFO neutron.api.wsgi [req-651c1d3a-4aeb-431a-b4f7-8772a38e0a9b req-e40aca51-3c8c-478d-8959-e784fec0b7c8 274f168af0ca40ec9b0bc8e04394f821 829dbd3af7f04b91bc0f39299a547493 - - default default] 10.0.0.78 "GET /v2.0/ports?device_id=26e3f1ad-3fc7-4358-9517-7a198cc80569 HTTP/1.1" status: 200 len: 1172 time: 0.0312300
2026-06-26 04:48:42.666 10 WARNING neutron.scheduler.dhcp_agent_scheduler [None req-2648f6c0-3db1-4cd9-9b2b-dd0f49400b03 547ab3bab5a642dcb5abb81fe3a93ac6 726fbfb5bb8a413aa8dbdb7d55e63ba5 - - default default] No more DHCP agents
2026-06-26 04:48:42.669 10 WARNING neutron.api.rpc.agentnotifiers.dhcp_rpc_agent_api [None req-2648f6c0-3db1-4cd9-9b2b-dd0f49400b03 547ab3bab5a642dcb5abb81fe3a93ac6 726fbfb5bb8a413aa8dbdb7d55e63ba5 - - default default] Unable to schedule network caff0da6-4cab-4a44-9301-ba4933072d02: no agents available; will retry on subsequent port and subnet creation events.
2026-06-26 04:48:42.689 9 INFO neutron.api.wsgi [None req-d38b56d2-e133-485b-8665-187469fc2342 8dc0d84d203e492296d49bff71f6bba8 ac6580cc4ce948498b11f241144d7323 - - default default] 10.0.0.160 "GET /v2.0/routers?not-tags=red HTTP/1.1" status: 200 len: 1347 time: 0.0593057
2026-06-26 04:48:42.722 9 INFO neutron.db.ovn_revision_numbers_db [None req-6acf00ac-55cd-4634-a71f-eb5dd9771c1d 158b7729050a495984523bc1f87691ef 4568e1db581344cf85756397d929f73d - - default default] Successfully bumped revision number for resource 11374204-878d-4984-8336-78c77fd5ea55 (type: security_groups) to 1
2026-06-26 04:48:42.734 9 INFO neutron.db.ovn_revision_numbers_db [None req-6acf00ac-55cd-4634-a71f-eb5dd9771c1d 158b7729050a495984523bc1f87691ef 4568e1db581344cf85756397d929f73d - - default default] Successfully bumped revision number for resource 073ab444-9efb-4ffc-a5b7-2bdb6de15f49 (type: security_group_rules) to 0
2026-06-26 04:48:42.746 9 INFO neutron.db.ovn_revision_numbers_db [None req-6acf00ac-55cd-4634-a71f-eb5dd9771c1d 158b7729050a495984523bc1f87691ef 4568e1db581344cf85756397d929f73d - - default default] Successfully bumped revision number for resource 41ddd924-7207-4b02-bebb-3f92ab5463b5 (type: security_group_rules) to 0
2026-06-26 04:48:42.759 9 INFO neutron.db.ovn_revision_numbers_db [None req-6acf00ac-55cd-4634-a71f-eb5dd9771c1d 158b7729050a495984523bc1f87691ef 4568e1db581344cf85756397d929f73d - - default default] Successfully bumped revision number for resource 95d8ee15-ff9a-4a72-8f6a-8384933e73f2 (type: security_group_rules) to 0
2026-06-26 04:48:42.770 9 INFO neutron.db.ovn_revision_numbers_db [None req-6acf00ac-55cd-4634-a71f-eb5dd9771c1d 158b7729050a495984523bc1f87691ef 4568e1db581344cf85756397d929f73d - - default default] Successfully bumped revision number for resource b5439139-f4f1-4a13-945e-bdb47f58df40 (type: security_group_rules) to 0
2026-06-26 04:48:42.773 10 INFO neutron.api.wsgi [req-651c1d3a-4aeb-431a-b4f7-8772a38e0a9b req-bfc3a22e-4c53-4b48-b44f-de3b1e058937 274f168af0ca40ec9b0bc8e04394f821 829dbd3af7f04b91bc0f39299a547493 - - default default] 10.0.0.78 "GET /v2.0/security-groups?id=27ce0ddd-04d9-4305-ad30-f43e50d2818a&fields=id&fields=name HTTP/1.1" status: 200 len: 286 time: 0.1048560
2026-06-26 04:48:42.779 10 INFO neutron.api.wsgi [None req-5b721637-402b-4811-bd2f-75b2772d8d87 8dc0d84d203e492296d49bff71f6bba8 ac6580cc4ce948498b11f241144d7323 - - default default] 10.0.0.160 "GET /v2.0/routers?not-tags=red%2Cblue HTTP/1.1" status: 200 len: 1918 time: 0.0835726
2026-06-26 04:48:42.802 9 INFO neutron.api.wsgi [None req-6acf00ac-55cd-4634-a71f-eb5dd9771c1d 158b7729050a495984523bc1f87691ef 4568e1db581344cf85756397d929f73d - - default default] 10.0.0.160 "GET /v2.0/security-groups?tenant_id=2db7fff163984cc6bb73858e8b5e0e8a&name=default HTTP/1.1" status: 200 len: 3120 time: 0.4041543
2026-06-26 04:48:42.851 10 INFO neutron.api.wsgi [None req-97064cba-7b99-4f82-b191-bb2295107c77 8dc0d84d203e492296d49bff71f6bba8 ac6580cc4ce948498b11f241144d7323 - - default default] 10.0.0.160 "GET /v2.0/routers?not-tags-any=blue HTTP/1.1" status: 200 len: 1918 time: 0.0665295
2026-06-26 04:48:42.914 9 INFO neutron.api.wsgi [None req-8d05badb-ddf9-402a-a382-fbc080b29ef6 8dc0d84d203e492296d49bff71f6bba8 ac6580cc4ce948498b11f241144d7323 - - default default] 10.0.0.160 "GET /v2.0/routers?not-tags-any=red%2Cblue HTTP/1.1" status: 200 len: 1347 time: 0.0577068
2026-06-26 04:48:42.976 10 INFO neutron.db.ovn_revision_numbers_db [None req-2648f6c0-3db1-4cd9-9b2b-dd0f49400b03 547ab3bab5a642dcb5abb81fe3a93ac6 726fbfb5bb8a413aa8dbdb7d55e63ba5 - - default default] Successfully bumped revision number for resource e19c9def-bedc-4a3f-82ff-86c1a22f5245 (type: router_ports) to 2
2026-06-26 04:48:42.982 10 INFO neutron.api.wsgi [None req-2648f6c0-3db1-4cd9-9b2b-dd0f49400b03 547ab3bab5a642dcb5abb81fe3a93ac6 726fbfb5bb8a413aa8dbdb7d55e63ba5 - - default default] 10.0.0.160 "PUT /v2.0/routers/b65db4db-0f38-4b87-92d5-7cc95169b490/add_router_interface HTTP/1.1" status: 200 len: 503 time: 1.5882266
2026-06-26 04:48:43.014 9 INFO neutron.api.wsgi [None req-a2c0ca2e-c138-49cb-bd7d-c0f38703c492 8dc0d84d203e492296d49bff71f6bba8 ac6580cc4ce948498b11f241144d7323 - - default default] 10.0.0.160 "GET /v2.0/routers/1b553af0-1444-41ad-a041-eb30b33f803e HTTP/1.1" status: 200 len: 775 time: 0.0919070
2026-06-26 04:48:43.053 10 INFO neutron.api.wsgi [None req-0dd1a148-b9a3-4ae1-a79a-a55ff564e2bd 547ab3bab5a642dcb5abb81fe3a93ac6 726fbfb5bb8a413aa8dbdb7d55e63ba5 - - default default] 10.0.0.160 "GET /v2.0/ports/e19c9def-bedc-4a3f-82ff-86c1a22f5245 HTTP/1.1" status: 200 len: 1141 time: 0.0632825
2026-06-26 04:48:43.186 9 INFO neutron.api.wsgi [None req-d2117ae0-8d9b-4f1e-b247-2586347f7622 158b7729050a495984523bc1f87691ef 4568e1db581344cf85756397d929f73d - - default default] 10.0.0.160 "DELETE /v2.0/security-groups/11374204-878d-4984-8336-78c77fd5ea55 HTTP/1.1" status: 204 len: 168 time: 0.3775485
2026-06-26 04:48:43.296 9 INFO neutron.db.ovn_revision_numbers_db [None req-ed178c91-892c-42ad-98dc-f36ba8b7849b 8dc0d84d203e492296d49bff71f6bba8 ac6580cc4ce948498b11f241144d7323 - - default default] Successfully bumped revision number for resource 1b553af0-1444-41ad-a041-eb30b33f803e (type: routers) to 2
2026-06-26 04:48:43.302 9 INFO neutron.api.wsgi [None req-ed178c91-892c-42ad-98dc-f36ba8b7849b 8dc0d84d203e492296d49bff71f6bba8 ac6580cc4ce948498b11f241144d7323 - - default default] 10.0.0.160 "PUT /v2.0/routers/1b553af0-1444-41ad-a041-eb30b33f803e HTTP/1.1" status: 200 len: 775 time: 0.2797766
2026-06-26 04:48:43.321 9 INFO neutron.api.wsgi [None req-627cfcc3-20f1-49c7-97b0-e56e00d8d74a 8dc0d84d203e492296d49bff71f6bba8 ac6580cc4ce948498b11f241144d7323 - - default default] 10.0.0.160 "GET /v2.0/ports?device_id=1b553af0-1444-41ad-a041-eb30b33f803e HTTP/1.1" status: 200 len: 205 time: 0.0147681
2026-06-26 04:48:43.423 10 INFO neutron.db.ovn_revision_numbers_db [None req-362c0176-1cfd-475e-956f-646a060d7546 158b7729050a495984523bc1f87691ef 4568e1db581344cf85756397d929f73d - - default default] Successfully bumped revision number for resource 64e6a597-6c2b-41c8-b5df-c72fa115b95a (type: security_groups) to 1
2026-06-26 04:48:43.459 10 INFO neutron.db.ovn_revision_numbers_db [None req-362c0176-1cfd-475e-956f-646a060d7546 158b7729050a495984523bc1f87691ef 4568e1db581344cf85756397d929f73d - - default default] Successfully bumped revision number for resource 39214743-39bc-424a-8fd8-ed0e1d128a53 (type: security_group_rules) to 0
2026-06-26 04:48:43.487 10 INFO neutron.db.ovn_revision_numbers_db [None req-362c0176-1cfd-475e-956f-646a060d7546 158b7729050a495984523bc1f87691ef 4568e1db581344cf85756397d929f73d - - default default] Successfully bumped revision number for resource bd36fcdd-1b84-4205-ac02-8e7297e998c5 (type: security_group_rules) to 0
2026-06-26 04:48:43.515 10 INFO neutron.db.ovn_revision_numbers_db [None req-362c0176-1cfd-475e-956f-646a060d7546 158b7729050a495984523bc1f87691ef 4568e1db581344cf85756397d929f73d - - default default] Successfully bumped revision number for resource cc85380e-3ac6-4834-a93f-a8c81e4c2d84 (type: security_group_rules) to 0
2026-06-26 04:48:43.530 10 INFO neutron.db.ovn_revision_numbers_db [None req-362c0176-1cfd-475e-956f-646a060d7546 158b7729050a495984523bc1f87691ef 4568e1db581344cf85756397d929f73d - - default default] Successfully bumped revision number for resource f8c763ea-08eb-48f9-aec6-74e3d343ea8d (type: security_group_rules) to 0
2026-06-26 04:48:43.550 10 WARNING neutron.scheduler.dhcp_agent_scheduler [None req-ceaa2fae-774d-4245-9eca-f30683d3c8b4 547ab3bab5a642dcb5abb81fe3a93ac6 726fbfb5bb8a413aa8dbdb7d55e63ba5 - - default default] No more DHCP agents
2026-06-26 04:48:43.552 10 WARNING neutron.api.rpc.agentnotifiers.dhcp_rpc_agent_api [None req-ceaa2fae-774d-4245-9eca-f30683d3c8b4 547ab3bab5a642dcb5abb81fe3a93ac6 726fbfb5bb8a413aa8dbdb7d55e63ba5 - - default default] Unable to schedule network 09ddb252-1594-47f6-a9cc-69021e5cf9d1: no agents available; will retry on subsequent port and subnet creation events.
2026-06-26 04:48:43.584 10 INFO neutron.api.wsgi [None req-362c0176-1cfd-475e-956f-646a060d7546 158b7729050a495984523bc1f87691ef 4568e1db581344cf85756397d929f73d - - default default] 10.0.0.160 "GET /v2.0/security-groups?tenant_id=a0adc66fdfcf4454b0eee5cb32659815&name=default HTTP/1.1" status: 200 len: 3120 time: 0.3078504
2026-06-26 04:48:43.658 10 INFO neutron.db.ovn_revision_numbers_db [None req-ceaa2fae-774d-4245-9eca-f30683d3c8b4 547ab3bab5a642dcb5abb81fe3a93ac6 726fbfb5bb8a413aa8dbdb7d55e63ba5 - - default default] Successfully bumped revision number for resource d384491c-6b31-4f0f-9f05-6096a183ddc0 (type: ports) to 1
2026-06-26 04:48:43.877 10 INFO neutron.api.wsgi [req-df04a18c-45de-4ba7-a2df-83ef35de0cd2 req-d7a5f87a-84f5-41bd-b6d1-c57eefe13895 274f168af0ca40ec9b0bc8e04394f821 829dbd3af7f04b91bc0f39299a547493 - - default default] 10.0.0.78 "GET /v2.0/ports?device_id=26e3f1ad-3fc7-4358-9517-7a198cc80569 HTTP/1.1" status: 200 len: 1172 time: 0.0419095
2026-06-26 04:48:43.889 10 INFO neutron.api.wsgi [None req-35cf8213-8cdb-4e75-8c70-2bba13b5629c 158b7729050a495984523bc1f87691ef 4568e1db581344cf85756397d929f73d - - default default] 10.0.0.160 "DELETE /v2.0/security-groups/64e6a597-6c2b-41c8-b5df-c72fa115b95a HTTP/1.1" status: 204 len: 168 time: 0.2960098
2026-06-26 04:48:43.957 10 INFO neutron.api.wsgi [req-df04a18c-45de-4ba7-a2df-83ef35de0cd2 req-041290dd-bfc4-4492-8b64-c36ddf9c89a9 274f168af0ca40ec9b0bc8e04394f821 829dbd3af7f04b91bc0f39299a547493 - - default default] 10.0.0.78 "GET /v2.0/security-groups?id=27ce0ddd-04d9-4305-ad30-f43e50d2818a&fields=id&fields=name HTTP/1.1" status: 200 len: 286 time: 0.0721116
2026-06-26 04:48:44.040 9 INFO neutron.api.wsgi [None req-c1844460-b7f7-4b5d-8d39-0bda0e74b797 8dc0d84d203e492296d49bff71f6bba8 ac6580cc4ce948498b11f241144d7323 - - default default] 10.0.0.160 "DELETE /v2.0/routers/1b553af0-1444-41ad-a041-eb30b33f803e HTTP/1.1" status: 204 len: 168 time: 0.7120080
2026-06-26 04:48:44.088 10 INFO neutron.api.wsgi [None req-20f0571c-a872-4e36-9212-4262847e8b87 8dc0d84d203e492296d49bff71f6bba8 ac6580cc4ce948498b11f241144d7323 - - default default] 10.0.0.160 "GET /v2.0/routers/c998e973-483e-4def-9d6e-944afaff04af HTTP/1.1" status: 200 len: 783 time: 0.0421412
2026-06-26 04:48:44.321 10 INFO neutron.db.ovn_revision_numbers_db [None req-ceaa2fae-774d-4245-9eca-f30683d3c8b4 547ab3bab5a642dcb5abb81fe3a93ac6 726fbfb5bb8a413aa8dbdb7d55e63ba5 - - default default] Successfully bumped revision number for resource d384491c-6b31-4f0f-9f05-6096a183ddc0 (type: ports) to 1
2026-06-26 04:48:44.371 10 WARNING neutron.scheduler.dhcp_agent_scheduler [None req-ceaa2fae-774d-4245-9eca-f30683d3c8b4 547ab3bab5a642dcb5abb81fe3a93ac6 726fbfb5bb8a413aa8dbdb7d55e63ba5 - - default default] No more DHCP agents
2026-06-26 04:48:44.372 10 WARNING neutron.api.rpc.agentnotifiers.dhcp_rpc_agent_api [None req-ceaa2fae-774d-4245-9eca-f30683d3c8b4 547ab3bab5a642dcb5abb81fe3a93ac6 726fbfb5bb8a413aa8dbdb7d55e63ba5 - - default default] Unable to schedule network 09ddb252-1594-47f6-a9cc-69021e5cf9d1: no agents available; will retry on subsequent port and subnet creation events.
2026-06-26 04:48:44.401 9 INFO neutron.db.ovn_revision_numbers_db [None req-b8e13aa1-e80d-4359-9e6d-50282e6bbd54 8dc0d84d203e492296d49bff71f6bba8 ac6580cc4ce948498b11f241144d7323 - - default default] Successfully bumped revision number for resource c998e973-483e-4def-9d6e-944afaff04af (type: routers) to 2
2026-06-26 04:48:44.408 9 INFO neutron.api.wsgi [None req-b8e13aa1-e80d-4359-9e6d-50282e6bbd54 8dc0d84d203e492296d49bff71f6bba8 ac6580cc4ce948498b11f241144d7323 - - default default] 10.0.0.160 "PUT /v2.0/routers/c998e973-483e-4def-9d6e-944afaff04af HTTP/1.1" status: 200 len: 783 time: 0.3143740
2026-06-26 04:48:44.434 10 INFO neutron.api.wsgi [None req-4d056950-a079-4e67-ae35-852c8c2aa81f 8dc0d84d203e492296d49bff71f6bba8 ac6580cc4ce948498b11f241144d7323 - - default default] 10.0.0.160 "GET /v2.0/ports?device_id=c998e973-483e-4def-9d6e-944afaff04af HTTP/1.1" status: 200 len: 205 time: 0.0221140
2026-06-26 04:48:44.544 10 INFO neutron.db.ovn_revision_numbers_db [None req-ceaa2fae-774d-4245-9eca-f30683d3c8b4 547ab3bab5a642dcb5abb81fe3a93ac6 726fbfb5bb8a413aa8dbdb7d55e63ba5 - - default default] Successfully bumped revision number for resource d384491c-6b31-4f0f-9f05-6096a183ddc0 (type: router_ports) to 1
2026-06-26 04:48:44.551 10 INFO neutron.api.wsgi [None req-ceaa2fae-774d-4245-9eca-f30683d3c8b4 547ab3bab5a642dcb5abb81fe3a93ac6 726fbfb5bb8a413aa8dbdb7d55e63ba5 - - default default] 10.0.0.160 "PUT /v2.0/routers/b65db4db-0f38-4b87-92d5-7cc95169b490/add_router_interface HTTP/1.1" status: 200 len: 503 time: 1.4923990
2026-06-26 04:48:44.617 10 INFO neutron.api.wsgi [None req-82095bf6-a7ac-4554-8dbe-42a93b657a8c 547ab3bab5a642dcb5abb81fe3a93ac6 726fbfb5bb8a413aa8dbdb7d55e63ba5 - - default default] 10.0.0.160 "GET /v2.0/ports/d384491c-6b31-4f0f-9f05-6096a183ddc0 HTTP/1.1" status: 200 len: 1147 time: 0.0603356
2026-06-26 04:48:44.635 9 INFO neutron.api.wsgi [None req-540a9b5b-cf77-46f9-93c8-2285038bd7c6 8dc0d84d203e492296d49bff71f6bba8 ac6580cc4ce948498b11f241144d7323 - - default default] 10.0.0.160 "DELETE /v2.0/routers/c998e973-483e-4def-9d6e-944afaff04af HTTP/1.1" status: 204 len: 168 time: 0.1961734
2026-06-26 04:48:44.659 10 INFO neutron.api.wsgi [None req-951a8ee5-d3e2-4e9f-82bd-c03a8a504e14 547ab3bab5a642dcb5abb81fe3a93ac6 726fbfb5bb8a413aa8dbdb7d55e63ba5 - - default default] 10.0.0.160 "GET /v2.0/ports/d384491c-6b31-4f0f-9f05-6096a183ddc0 HTTP/1.1" status: 200 len: 1147 time: 0.0373373
2026-06-26 04:48:44.673 10 INFO neutron.api.wsgi [None req-8fdd1390-1012-4cab-8a41-af5b8aa497bf 8dc0d84d203e492296d49bff71f6bba8 ac6580cc4ce948498b11f241144d7323 - - default default] 10.0.0.160 "GET /v2.0/routers/1726a124-a260-451e-be45-879ea97f642e HTTP/1.1" status: 200 len: 792 time: 0.0334115
2026-06-26 04:48:44.991 10 INFO neutron.db.ovn_revision_numbers_db [None req-340b6431-2616-4707-ac3d-ef96dce79ac7 8dc0d84d203e492296d49bff71f6bba8 ac6580cc4ce948498b11f241144d7323 - - default default] Successfully bumped revision number for resource 1726a124-a260-451e-be45-879ea97f642e (type: routers) to 2
2026-06-26 04:48:44.999 10 INFO neutron.api.wsgi [None req-340b6431-2616-4707-ac3d-ef96dce79ac7 8dc0d84d203e492296d49bff71f6bba8 ac6580cc4ce948498b11f241144d7323 - - default default] 10.0.0.160 "PUT /v2.0/routers/1726a124-a260-451e-be45-879ea97f642e HTTP/1.1" status: 200 len: 792 time: 0.3212032
2026-06-26 04:48:45.027 10 INFO neutron.api.wsgi [None req-c21db185-102a-4bf2-a6b2-30f0d61086b6 8dc0d84d203e492296d49bff71f6bba8 ac6580cc4ce948498b11f241144d7323 - - default default] 10.0.0.160 "GET /v2.0/ports?device_id=1726a124-a260-451e-be45-879ea97f642e HTTP/1.1" status: 200 len: 205 time: 0.0228002
2026-06-26 04:48:45.101 10 INFO neutron.api.wsgi [req-59162e13-b3db-490a-9db0-698fce43cd47 req-7d6760db-55e8-4672-bb34-47eb1732bc14 274f168af0ca40ec9b0bc8e04394f821 829dbd3af7f04b91bc0f39299a547493 - - default default] 10.0.0.78 "GET /v2.0/ports?device_id=26e3f1ad-3fc7-4358-9517-7a198cc80569 HTTP/1.1" status: 200 len: 1172 time: 0.0752006
2026-06-26 04:48:45.144 10 INFO neutron.api.wsgi [req-59162e13-b3db-490a-9db0-698fce43cd47 req-c513742a-47dd-4f95-923f-62a0cf76859e 274f168af0ca40ec9b0bc8e04394f821 829dbd3af7f04b91bc0f39299a547493 - - default default] 10.0.0.78 "GET /v2.0/security-groups?id=27ce0ddd-04d9-4305-ad30-f43e50d2818a&fields=id&fields=name HTTP/1.1" status: 200 len: 286 time: 0.0390759
2026-06-26 04:48:45.212 9 INFO neutron.api.wsgi [None req-b231daba-92c3-4c7d-9b78-e3c5a23d10b2 8dc0d84d203e492296d49bff71f6bba8 ac6580cc4ce948498b11f241144d7323 - - default default] 10.0.0.160 "DELETE /v2.0/routers/1726a124-a260-451e-be45-879ea97f642e HTTP/1.1" status: 204 len: 168 time: 0.1803687
2026-06-26 04:48:45.254 9 INFO neutron.api.wsgi [None req-b3ebeb7e-fe99-46bf-90e3-312a09a4c5b4 8dc0d84d203e492296d49bff71f6bba8 ac6580cc4ce948498b11f241144d7323 - - default default] 10.0.0.160 "GET /v2.0/routers/5dab3ed2-711a-411f-84c1-e4fb71f2645e HTTP/1.1" status: 200 len: 777 time: 0.0353463
2026-06-26 04:48:45.539 9 INFO neutron.db.ovn_revision_numbers_db [None req-12ffeaac-b487-4b9d-94fa-b8d74df5a7c0 8dc0d84d203e492296d49bff71f6bba8 ac6580cc4ce948498b11f241144d7323 - - default default] Successfully bumped revision number for resource 5dab3ed2-711a-411f-84c1-e4fb71f2645e (type: routers) to 2
2026-06-26 04:48:45.545 9 INFO neutron.api.wsgi [None req-12ffeaac-b487-4b9d-94fa-b8d74df5a7c0 8dc0d84d203e492296d49bff71f6bba8 ac6580cc4ce948498b11f241144d7323 - - default default] 10.0.0.160 "PUT /v2.0/routers/5dab3ed2-711a-411f-84c1-e4fb71f2645e HTTP/1.1" status: 200 len: 777 time: 0.2855222
2026-06-26 04:48:45.565 9 INFO neutron.api.wsgi [None req-de126b58-7d7b-43ae-b0ab-c2612187daa2 8dc0d84d203e492296d49bff71f6bba8 ac6580cc4ce948498b11f241144d7323 - - default default] 10.0.0.160 "GET /v2.0/ports?device_id=5dab3ed2-711a-411f-84c1-e4fb71f2645e HTTP/1.1" status: 200 len: 205 time: 0.0153964
2026-06-26 04:48:45.733 9 INFO neutron.api.wsgi [None req-31499ff6-42b6-41c7-a6b4-e3d9587eadc4 547ab3bab5a642dcb5abb81fe3a93ac6 726fbfb5bb8a413aa8dbdb7d55e63ba5 - - default default] 10.0.0.160 "GET /v2.0/ports/d384491c-6b31-4f0f-9f05-6096a183ddc0 HTTP/1.1" status: 200 len: 1147 time: 0.0666869
2026-06-26 04:48:45.782 9 INFO neutron.api.wsgi [None req-9a1102e5-1043-43e8-8b44-0917952fee44 8dc0d84d203e492296d49bff71f6bba8 ac6580cc4ce948498b11f241144d7323 - - default default] 10.0.0.160 "DELETE /v2.0/routers/5dab3ed2-711a-411f-84c1-e4fb71f2645e HTTP/1.1" status: 204 len: 168 time: 0.2120609
2026-06-26 04:48:45.847 9 INFO neutron.api.wsgi [None req-2a169daa-e0b3-4591-877d-bc7f316f9732 8dc0d84d203e492296d49bff71f6bba8 ac6580cc4ce948498b11f241144d7323 - - default default] 10.0.0.160 "GET /v2.0/routers/0cf43c69-f91c-4e7e-b24e-a0777e85a93a HTTP/1.1" status: 200 len: 770 time: 0.0599859
2026-06-26 04:48:46.116 9 INFO neutron.api.wsgi [None req-225c187b-e665-4573-83c0-c95ce5e6192b 8dc0d84d203e492296d49bff71f6bba8 ac6580cc4ce948498b11f241144d7323 - - default default] 10.0.0.160 "PUT /v2.0/routers/0cf43c69-f91c-4e7e-b24e-a0777e85a93a HTTP/1.1" status: 200 len: 770 time: 0.2638118
2026-06-26 04:48:46.148 10 INFO neutron.api.wsgi [None req-6b4daaf4-9db0-49bb-9202-5153f3b0e9f9 8dc0d84d203e492296d49bff71f6bba8 ac6580cc4ce948498b11f241144d7323 - - default default] 10.0.0.160 "GET /v2.0/ports?device_id=0cf43c69-f91c-4e7e-b24e-a0777e85a93a HTTP/1.1" status: 200 len: 205 time: 0.0240967
2026-06-26 04:48:46.249 10 INFO neutron.api.wsgi [req-be8a6313-2354-433a-a5e7-1153d6f8b482 req-acff9b75-9083-4ee0-8f4a-8af0c327eb8f 274f168af0ca40ec9b0bc8e04394f821 829dbd3af7f04b91bc0f39299a547493 - - default default] 10.0.0.78 "GET /v2.0/ports?device_id=26e3f1ad-3fc7-4358-9517-7a198cc80569 HTTP/1.1" status: 200 len: 1172 time: 0.0494475
2026-06-26 04:48:46.326 10 INFO neutron.api.wsgi [req-be8a6313-2354-433a-a5e7-1153d6f8b482 req-0cd27d4d-4c70-4d1b-930b-66a6a4eafc58 274f168af0ca40ec9b0bc8e04394f821 829dbd3af7f04b91bc0f39299a547493 - - default default] 10.0.0.78 "GET /v2.0/security-groups?id=27ce0ddd-04d9-4305-ad30-f43e50d2818a&fields=id&fields=name HTTP/1.1" status: 200 len: 286 time: 0.0649004
2026-06-26 04:48:46.359 10 INFO neutron.api.wsgi [None req-c494a833-9815-4a0e-a57f-5a8bd1b955d3 8dc0d84d203e492296d49bff71f6bba8 ac6580cc4ce948498b11f241144d7323 - - default default] 10.0.0.160 "DELETE /v2.0/routers/0cf43c69-f91c-4e7e-b24e-a0777e85a93a HTTP/1.1" status: 204 len: 168 time: 0.2056096
2026-06-26 04:48:46.771 10 INFO neutron.api.wsgi [None req-2383014d-c1a5-4924-8206-ee824d2418a6 547ab3bab5a642dcb5abb81fe3a93ac6 726fbfb5bb8a413aa8dbdb7d55e63ba5 - - default default] 10.0.0.160 "GET /v2.0/ports/d384491c-6b31-4f0f-9f05-6096a183ddc0 HTTP/1.1" status: 200 len: 1147 time: 0.0290976
2026-06-26 04:48:47.415 10 INFO neutron.api.wsgi [req-78850840-0396-411f-bc02-b2ecf8fa40bc req-ae9d2227-6707-4373-ba06-932f186d01fe 274f168af0ca40ec9b0bc8e04394f821 829dbd3af7f04b91bc0f39299a547493 - - default default] 10.0.0.78 "GET /v2.0/ports?device_id=26e3f1ad-3fc7-4358-9517-7a198cc80569 HTTP/1.1" status: 200 len: 1172 time: 0.0308621
2026-06-26 04:48:47.471 10 INFO neutron.api.wsgi [req-78850840-0396-411f-bc02-b2ecf8fa40bc req-85bbe8dc-8fc1-435a-987d-2392ac019426 274f168af0ca40ec9b0bc8e04394f821 829dbd3af7f04b91bc0f39299a547493 - - default default] 10.0.0.78 "GET /v2.0/security-groups?id=27ce0ddd-04d9-4305-ad30-f43e50d2818a&fields=id&fields=name HTTP/1.1" status: 200 len: 286 time: 0.0486329
2026-06-26 04:48:47.530 10 INFO neutron.db.ovn_revision_numbers_db [None req-5c4af87c-e94a-4343-99e9-6ead8c872eb8 158b7729050a495984523bc1f87691ef 4568e1db581344cf85756397d929f73d - - default default] Successfully bumped revision number for resource 946250c8-f4a2-4c68-8cd7-3dfc5dd0bc39 (type: security_groups) to 1
2026-06-26 04:48:47.547 10 INFO neutron.db.ovn_revision_numbers_db [None req-5c4af87c-e94a-4343-99e9-6ead8c872eb8 158b7729050a495984523bc1f87691ef 4568e1db581344cf85756397d929f73d - - default default] Successfully bumped revision number for resource 12da41fb-49f9-4e0d-a08f-6cdb2ac2af65 (type: security_group_rules) to 0
2026-06-26 04:48:47.563 10 INFO neutron.db.ovn_revision_numbers_db [None req-5c4af87c-e94a-4343-99e9-6ead8c872eb8 158b7729050a495984523bc1f87691ef 4568e1db581344cf85756397d929f73d - - default default] Successfully bumped revision number for resource 7b26960c-4a18-4f70-81e7-6ebe1fcb24c8 (type: security_group_rules) to 0
2026-06-26 04:48:47.581 10 INFO neutron.db.ovn_revision_numbers_db [None req-5c4af87c-e94a-4343-99e9-6ead8c872eb8 158b7729050a495984523bc1f87691ef 4568e1db581344cf85756397d929f73d - - default default] Successfully bumped revision number for resource d1744a4b-db88-4033-a45c-55fc4c9e1ef6 (type: security_group_rules) to 0
2026-06-26 04:48:47.593 10 INFO neutron.db.ovn_revision_numbers_db [None req-5c4af87c-e94a-4343-99e9-6ead8c872eb8 158b7729050a495984523bc1f87691ef 4568e1db581344cf85756397d929f73d - - default default] Successfully bumped revision number for resource f11f3f03-f3e5-4cf0-a9b7-bbab1315d426 (type: security_group_rules) to 0
2026-06-26 04:48:47.629 10 INFO neutron.api.wsgi [None req-5c4af87c-e94a-4343-99e9-6ead8c872eb8 158b7729050a495984523bc1f87691ef 4568e1db581344cf85756397d929f73d - - default default] 10.0.0.160 "GET /v2.0/security-groups?tenant_id=827e1a71daba48e7b1b5121c1f95a3a9&name=default HTTP/1.1" status: 200 len: 3120 time: 0.3903749
2026-06-26 04:48:47.694 9 WARNING neutron.plugins.ml2.drivers.ovn.mech_driver.ovsdb.ovn_client [None req-29c100d1-089c-446b-b788-2671596ad4ed - - - - - -] No hosting information found for port e19c9def-bedc-4a3f-82ff-86c1a22f5245: RuntimeError: No hosting information found for port e19c9def-bedc-4a3f-82ff-86c1a22f5245
2026-06-26 04:48:47.730 9 INFO neutron.plugins.ml2.drivers.ovn.mech_driver.mech_driver [None req-29c100d1-089c-446b-b788-2671596ad4ed - - - - - -] OVN reports status up for port: e79530c3-94c6-4a92-ad47-6013605a9320
2026-06-26 04:48:47.738 9 INFO neutron.plugins.ml2.plugin [None req-29c100d1-089c-446b-b788-2671596ad4ed - - - - - -] Attempt 1 to provision port e79530c3-94c6-4a92-ad47-6013605a9320
2026-06-26 04:48:47.807 10 INFO neutron.api.wsgi [None req-6f3c2f36-bd80-4178-a1c4-4ff64bf905a4 547ab3bab5a642dcb5abb81fe3a93ac6 726fbfb5bb8a413aa8dbdb7d55e63ba5 - - default default] 10.0.0.160 "GET /v2.0/ports/d384491c-6b31-4f0f-9f05-6096a183ddc0 HTTP/1.1" status: 200 len: 1147 time: 0.0312698
2026-06-26 04:48:47.840 10 INFO neutron.api.wsgi [None req-520194eb-2b56-4265-90d3-4e5e563d3e58 158b7729050a495984523bc1f87691ef 4568e1db581344cf85756397d929f73d - - default default] 10.0.0.160 "DELETE /v2.0/security-groups/946250c8-f4a2-4c68-8cd7-3dfc5dd0bc39 HTTP/1.1" status: 204 len: 168 time: 0.2016809
2026-06-26 04:48:47.853 9 INFO neutron.notifiers.nova [-] Nova event matching ['req-b1a94028-978e-4d02-8cbb-3ff7019d40be'] response: {'server_uuid': '26e3f1ad-3fc7-4358-9517-7a198cc80569', 'name': 'network-vif-plugged', 'status': 'completed', 'tag': 'e79530c3-94c6-4a92-ad47-6013605a9320', 'code': 200}
2026-06-26 04:48:47.983 9 INFO neutron.db.ovn_revision_numbers_db [None req-29c100d1-089c-446b-b788-2671596ad4ed - - - - - -] Successfully bumped revision number for resource e79530c3-94c6-4a92-ad47-6013605a9320 (type: ports) to 5
