2026-06-26 04:48:31.476 10 INFO neutron.api.wsgi [req-5ceed5e8-fbaf-400e-b12d-919a0da6f416 req-dc9b794c-10bf-4674-80cc-458893b72166 a23084f7e92e424d99d1bb2927768774 f203900a5f1f42ffb4e7531a4a445643 - - default default] 10.0.0.78 "GET /v2.0/ports?device_id=bc62658c-c533-4d1f-89f0-70fbc4dd84e7 HTTP/1.1" status: 200 len: 210 time: 0.0160267
2026-06-26 04:48:31.504 9 INFO neutron.api.wsgi [None req-a333d644-e344-4ac8-b924-2c21aa8fa146 8f56659c9642488c867c169a51b5ae0e 9f8abb99511f473a9b20cf86c7bdd1c3 - - default default] 10.0.0.160 "DELETE /v2.0/ports/85ac72c9-30e7-4a07-a397-625c0abde9e8 HTTP/1.1" status: 204 len: 168 time: 0.2999213
2026-06-26 04:48:31.559 10 INFO neutron.api.wsgi [None req-3eabd4d5-b5b0-491a-a092-a8d1114aa9cf f71deda7285d4e0c9a0ccc06ef17dc13 41a859c383dc48fc98d33bfaa6b6e476 - - default default] 10.0.0.160 "DELETE /v2.0/ports/8c71c19c-b6ab-404e-b46b-be9f47491c52 HTTP/1.1" status: 204 len: 168 time: 0.2667303
2026-06-26 04:48:31.573 9 INFO neutron.db.ovn_revision_numbers_db [None req-ec2a1bff-3b7a-486b-85dd-84c976f69e34 - - - - - -] Successfully bumped revision number for resource 1b909b05-0075-4c16-a5f1-0dad9a3c614b (type: ports) to 5
2026-06-26 04:48:31.576 10 INFO neutron.pecan_wsgi.hooks.translation [None req-6145b876-e492-4f6b-9ae6-5a4bf0f50bd2 f71deda7285d4e0c9a0ccc06ef17dc13 41a859c383dc48fc98d33bfaa6b6e476 - - default default] DELETE failed (client error): The resource could not be found.
2026-06-26 04:48:31.579 10 INFO neutron.api.wsgi [None req-6145b876-e492-4f6b-9ae6-5a4bf0f50bd2 f71deda7285d4e0c9a0ccc06ef17dc13 41a859c383dc48fc98d33bfaa6b6e476 - - default default] 10.0.0.160 "DELETE /v2.0/ports/8c71c19c-b6ab-404e-b46b-be9f47491c52 HTTP/1.1" status: 404 len: 333 time: 0.0152845
2026-06-26 04:48:31.597 10 INFO neutron.pecan_wsgi.hooks.translation [None req-7d3a0fa5-542b-4600-898a-7072bf82771e f71deda7285d4e0c9a0ccc06ef17dc13 41a859c383dc48fc98d33bfaa6b6e476 - - default default] GET failed (client error): The resource could not be found.
2026-06-26 04:48:31.598 10 INFO neutron.api.wsgi [None req-7d3a0fa5-542b-4600-898a-7072bf82771e f71deda7285d4e0c9a0ccc06ef17dc13 41a859c383dc48fc98d33bfaa6b6e476 - - default default] 10.0.0.160 "GET /v2.0/ports/8c71c19c-b6ab-404e-b46b-be9f47491c52 HTTP/1.1" status: 404 len: 333 time: 0.0130794
2026-06-26 04:48:31.633 9 INFO neutron.notifiers.nova [-] Nova event matching ['req-6e726e43-7c21-4b00-8368-88b5713db891'] response: {'server_uuid': 'bc62658c-c533-4d1f-89f0-70fbc4dd84e7', 'name': 'network-vif-deleted', 'tag': '0b79c656-7cf6-4a35-bbf5-ed2f6a072174', 'status': 'completed', 'code': 200}
2026-06-26 04:48:31.652 10 INFO neutron.plugins.ml2.drivers.ovn.mech_driver.mech_driver [None req-da0d27aa-c82e-488d-82f5-6654cc41c4eb - - - - - -] OVN reports status up for port: ccfa6f0c-4eaa-4b14-a779-88e75e29d0d4
2026-06-26 04:48:31.662 10 INFO neutron.plugins.ml2.plugin [None req-da0d27aa-c82e-488d-82f5-6654cc41c4eb - - - - - -] Attempt 1 to provision port ccfa6f0c-4eaa-4b14-a779-88e75e29d0d4
2026-06-26 04:48:31.684 9 INFO neutron.db.ovn_revision_numbers_db [None req-235f21a8-bf98-4dac-b430-5ac19dc6e500 158b7729050a495984523bc1f87691ef 4568e1db581344cf85756397d929f73d - - default default] Successfully bumped revision number for resource ccfa6f0c-4eaa-4b14-a779-88e75e29d0d4 (type: ports) to 1
2026-06-26 04:48:31.760 10 INFO neutron.api.wsgi [None req-21462aca-86cd-48e6-bc3c-ba4992c434b4 f71deda7285d4e0c9a0ccc06ef17dc13 41a859c383dc48fc98d33bfaa6b6e476 - - default default] 10.0.0.160 "DELETE /v2.0/subnets/ad6a1980-79d3-4aae-a971-e10091e47491 HTTP/1.1" status: 204 len: 168 time: 0.1584527
2026-06-26 04:48:31.762 9 WARNING neutron.scheduler.dhcp_agent_scheduler [None req-235f21a8-bf98-4dac-b430-5ac19dc6e500 158b7729050a495984523bc1f87691ef 4568e1db581344cf85756397d929f73d - - default default] No more DHCP agents
2026-06-26 04:48:31.763 9 WARNING neutron.api.rpc.agentnotifiers.dhcp_rpc_agent_api [None req-235f21a8-bf98-4dac-b430-5ac19dc6e500 158b7729050a495984523bc1f87691ef 4568e1db581344cf85756397d929f73d - - default default] Unable to schedule network aedc513f-7d59-480f-9891-6552c5a3b273: no agents available; will retry on subsequent port and subnet creation events.
2026-06-26 04:48:31.839 9 INFO neutron.api.wsgi [None req-5409f167-77f4-4b7f-9365-c1f851b26c28 8f56659c9642488c867c169a51b5ae0e 9f8abb99511f473a9b20cf86c7bdd1c3 - - default default] 10.0.0.160 "DELETE /v2.0/ports/9ab47ec2-d184-41f9-a2d2-851e35511ce0 HTTP/1.1" status: 204 len: 168 time: 0.3300941
2026-06-26 04:48:32.022 10 INFO neutron.db.ovn_revision_numbers_db [None req-da0d27aa-c82e-488d-82f5-6654cc41c4eb - - - - - -] Successfully bumped revision number for resource ccfa6f0c-4eaa-4b14-a779-88e75e29d0d4 (type: ports) to 2
2026-06-26 04:48:32.103 10 INFO neutron.api.wsgi [None req-849894c7-3f74-44b1-bf00-8140eab06bd1 8f56659c9642488c867c169a51b5ae0e 9f8abb99511f473a9b20cf86c7bdd1c3 - - default default] 10.0.0.160 "DELETE /v2.0/ports/eddcc69d-e4ec-4567-a369-6f168ac05f4b HTTP/1.1" status: 204 len: 168 time: 0.2599454
2026-06-26 04:48:32.192 9 INFO neutron.services.segments.plugin [-] Segment 5e777481-6ff2-4ce9-9d7a-e2a5bd8abb9d resource provider aggregate not found
2026-06-26 04:48:32.198 9 INFO neutron.services.segments.plugin [-] Segment 5e777481-6ff2-4ce9-9d7a-e2a5bd8abb9d resource provider aggregate not found
2026-06-26 04:48:32.209 9 INFO neutron.services.segments.plugin [-] Segment 5e777481-6ff2-4ce9-9d7a-e2a5bd8abb9d resource provider not found; error: Placement Client Error (4xx): {"errors": [{"status": 404, "title": "Not Found", "detail": "The resource could not be found.\n\n No resource provider with uuid 5e777481-6ff2-4ce9-9d7a-e2a5bd8abb9d found for delete ", "request_id": "req-75590e72-2505-47dd-83d8-7550d4920923"}]}
2026-06-26 04:48:32.214 9 INFO neutron.services.segments.plugin [-] Segment 5e777481-6ff2-4ce9-9d7a-e2a5bd8abb9d resource provider not found; error: Placement Client Error (4xx): {"errors": [{"status": 404, "title": "Not Found", "detail": "The resource could not be found.\n\n No resource provider with uuid 5e777481-6ff2-4ce9-9d7a-e2a5bd8abb9d found for delete ", "request_id": "req-56af6fb9-07d4-4fbf-a32b-f710da544fd9"}]}
2026-06-26 04:48:32.234 9 INFO neutron.api.wsgi [None req-64d3efa7-9bc8-41ef-a713-4ae448226eb0 f71deda7285d4e0c9a0ccc06ef17dc13 41a859c383dc48fc98d33bfaa6b6e476 - - default default] 10.0.0.160 "DELETE /v2.0/networks/7c314f00-a264-45ed-a4b3-e4a7eafc3e27 HTTP/1.1" status: 204 len: 168 time: 0.4672246
2026-06-26 04:48:32.244 10 WARNING neutron_lib.context [None req-e50fa12b-4f77-4a38-99b0-4c48747aa1e0 f71deda7285d4e0c9a0ccc06ef17dc13 41a859c383dc48fc98d33bfaa6b6e476 - - default default] Method 'is_advsvc' is deprecated since 2023.2 release (neutron-lib 3.8.0) and will be removed once support for the old RBAC API policies will be removed from Neutron. Please use method 'is_service_role' instead.
2026-06-26 04:48:32.342 10 INFO neutron.db.segments_db [None req-e50fa12b-4f77-4a38-99b0-4c48747aa1e0 f71deda7285d4e0c9a0ccc06ef17dc13 41a859c383dc48fc98d33bfaa6b6e476 - - default default] Added segment e281e08b-4c76-4efd-b776-5691336497e2 of type geneve for network ad100f30-f3d0-4126-8e03-8653bca9d84b
2026-06-26 04:48:32.406 10 INFO neutron.services.segments.plugin [-] Segment 8af50ce2-d484-4f7d-b7d5-2b0167ae97a8 resource provider aggregate not found
2026-06-26 04:48:32.412 9 INFO neutron.db.ovn_revision_numbers_db [None req-235f21a8-bf98-4dac-b430-5ac19dc6e500 158b7729050a495984523bc1f87691ef 4568e1db581344cf85756397d929f73d - - default default] Successfully bumped revision number for resource ccfa6f0c-4eaa-4b14-a779-88e75e29d0d4 (type: router_ports) to 1
2026-06-26 04:48:32.414 10 INFO neutron.services.segments.plugin [-] Segment 8af50ce2-d484-4f7d-b7d5-2b0167ae97a8 resource provider aggregate not found
2026-06-26 04:48:32.420 9 INFO neutron.api.wsgi [None req-235f21a8-bf98-4dac-b430-5ac19dc6e500 158b7729050a495984523bc1f87691ef 4568e1db581344cf85756397d929f73d - - default default] 10.0.0.160 "PUT /v2.0/routers/5d9fa90c-1ff4-4401-a1f1-d95dccd35a81/add_router_interface HTTP/1.1" status: 200 len: 503 time: 2.4159026
2026-06-26 04:48:32.423 10 INFO neutron.services.segments.plugin [-] Segment 8af50ce2-d484-4f7d-b7d5-2b0167ae97a8 resource provider not found; error: Placement Client Error (4xx): {"errors": [{"status": 404, "title": "Not Found", "detail": "The resource could not be found.\n\n No resource provider with uuid 8af50ce2-d484-4f7d-b7d5-2b0167ae97a8 found for delete ", "request_id": "req-fcc23424-7d63-4307-baa4-31ea6921c566"}]}
2026-06-26 04:48:32.434 10 INFO neutron.services.segments.plugin [-] Segment 8af50ce2-d484-4f7d-b7d5-2b0167ae97a8 resource provider not found; error: Placement Client Error (4xx): {"errors": [{"status": 404, "title": "Not Found", "detail": "The resource could not be found.\n\n No resource provider with uuid 8af50ce2-d484-4f7d-b7d5-2b0167ae97a8 found for delete ", "request_id": "req-8d38b310-0dde-449f-9421-c65cda690eac"}]}
2026-06-26 04:48:32.486 10 INFO neutron.api.wsgi [None req-44a89b44-897b-4923-aad1-7475a6a9e44b 8f56659c9642488c867c169a51b5ae0e 9f8abb99511f473a9b20cf86c7bdd1c3 - - default default] 10.0.0.160 "DELETE /v2.0/networks/ef5ebd2e-3ffb-4e12-a33f-70f33e93466f HTTP/1.1" status: 204 len: 168 time: 0.3765869
2026-06-26 04:48:32.534 10 INFO neutron.db.ovn_revision_numbers_db [None req-e50fa12b-4f77-4a38-99b0-4c48747aa1e0 f71deda7285d4e0c9a0ccc06ef17dc13 41a859c383dc48fc98d33bfaa6b6e476 - - default default] Successfully bumped revision number for resource ad100f30-f3d0-4126-8e03-8653bca9d84b (type: networks) to 1
2026-06-26 04:48:32.576 10 INFO neutron.api.wsgi [req-6ca10bce-df61-43b5-a9ab-db9101259014 req-7f34d29f-a3b9-4025-914c-6d8f0cad14f0 a23084f7e92e424d99d1bb2927768774 f203900a5f1f42ffb4e7531a4a445643 - - default default] 10.0.0.78 "GET /v2.0/ports?device_id=bc62658c-c533-4d1f-89f0-70fbc4dd84e7 HTTP/1.1" status: 200 len: 210 time: 0.0231478
2026-06-26 04:48:32.714 10 WARNING neutron.scheduler.dhcp_agent_scheduler [None req-e50fa12b-4f77-4a38-99b0-4c48747aa1e0 f71deda7285d4e0c9a0ccc06ef17dc13 41a859c383dc48fc98d33bfaa6b6e476 - - default default] No more DHCP agents
2026-06-26 04:48:32.716 10 WARNING neutron.api.rpc.agentnotifiers.dhcp_rpc_agent_api [None req-e50fa12b-4f77-4a38-99b0-4c48747aa1e0 f71deda7285d4e0c9a0ccc06ef17dc13 41a859c383dc48fc98d33bfaa6b6e476 - - default default] Unable to schedule network ad100f30-f3d0-4126-8e03-8653bca9d84b: no agents available; will retry on subsequent port and subnet creation events.
2026-06-26 04:48:32.782 10 INFO neutron.db.ovn_revision_numbers_db [None req-e50fa12b-4f77-4a38-99b0-4c48747aa1e0 f71deda7285d4e0c9a0ccc06ef17dc13 41a859c383dc48fc98d33bfaa6b6e476 - - default default] Successfully bumped revision number for resource aa84b055-d159-409c-a081-4a6797d9f80e (type: ports) to 1
2026-06-26 04:48:32.804 10 INFO neutron.api.wsgi [None req-e50fa12b-4f77-4a38-99b0-4c48747aa1e0 f71deda7285d4e0c9a0ccc06ef17dc13 41a859c383dc48fc98d33bfaa6b6e476 - - default default] 10.0.0.160 "POST /v2.0/networks HTTP/1.1" status: 201 len: 835 time: 0.5641460 /var/lib/openstack/lib/python3.12/site-packages/pycadf/identifier.py:71: UserWarning: Invalid uuid: neutron. To ensure interoperability, identifiers should be a valid uuid. warnings.warn(('Invalid uuid: %s. To ensure interoperability, '
2026-06-26 04:48:32.819 9 WARNING neutron_lib.context [None req-a9f02dce-b449-450d-a1c6-83e7218c8dcc f71deda7285d4e0c9a0ccc06ef17dc13 41a859c383dc48fc98d33bfaa6b6e476 - - default default] Method 'is_advsvc' is deprecated since 2023.2 release (neutron-lib 3.8.0) and will be removed once support for the old RBAC API policies will be removed from Neutron. Please use method 'is_service_role' instead.
2026-06-26 04:48:32.846 10 INFO neutron.api.wsgi [None req-2e3a4c44-e491-46de-941f-ebe081dcd733 8f56659c9642488c867c169a51b5ae0e 9f8abb99511f473a9b20cf86c7bdd1c3 - - default default] 10.0.0.160 "DELETE /v2.0/networks/fb09b667-649a-479f-b418-e38ede5406dd HTTP/1.1" status: 204 len: 168 time: 0.3560798
2026-06-26 04:48:33.075 9 WARNING neutron.scheduler.dhcp_agent_scheduler [None req-a9f02dce-b449-450d-a1c6-83e7218c8dcc f71deda7285d4e0c9a0ccc06ef17dc13 41a859c383dc48fc98d33bfaa6b6e476 - - default default] No more DHCP agents
2026-06-26 04:48:33.077 9 WARNING neutron.api.rpc.agentnotifiers.dhcp_rpc_agent_api [None req-a9f02dce-b449-450d-a1c6-83e7218c8dcc f71deda7285d4e0c9a0ccc06ef17dc13 41a859c383dc48fc98d33bfaa6b6e476 - - default default] Unable to schedule network ad100f30-f3d0-4126-8e03-8653bca9d84b: no agents available; will retry on subsequent port and subnet creation events.
2026-06-26 04:48:33.107 9 INFO neutron.db.ovn_revision_numbers_db [None req-a9f02dce-b449-450d-a1c6-83e7218c8dcc f71deda7285d4e0c9a0ccc06ef17dc13 41a859c383dc48fc98d33bfaa6b6e476 - - default default] Successfully bumped revision number for resource ed63091a-68e4-49c8-9cca-197fa88923fe (type: subnets) to 0
2026-06-26 04:48:33.122 9 INFO neutron.api.wsgi [None req-a9f02dce-b449-450d-a1c6-83e7218c8dcc f71deda7285d4e0c9a0ccc06ef17dc13 41a859c383dc48fc98d33bfaa6b6e476 - - default default] 10.0.0.160 "POST /v2.0/subnets HTTP/1.1" status: 201 len: 845 time: 0.3132315
2026-06-26 04:48:33.133 9 WARNING neutron_lib.context [None req-222bdbea-954c-4553-b46b-ad87d0c79a18 f71deda7285d4e0c9a0ccc06ef17dc13 41a859c383dc48fc98d33bfaa6b6e476 - - default default] Method 'is_advsvc' is deprecated since 2023.2 release (neutron-lib 3.8.0) and will be removed once support for the old RBAC API policies will be removed from Neutron. Please use method 'is_service_role' instead.
2026-06-26 04:48:33.246 9 INFO neutron.api.wsgi [None req-6f1fbf2b-4594-4be9-ba7e-447a80e69c69 8f56659c9642488c867c169a51b5ae0e 9f8abb99511f473a9b20cf86c7bdd1c3 - - default default] 10.0.0.160 "DELETE /v2.0/networks/9ef67394-5e56-4af2-b863-f7de651ecfe6 HTTP/1.1" status: 204 len: 168 time: 0.3950255
2026-06-26 04:48:33.380 10 INFO neutron.api.wsgi [req-bb8cf0e4-b79e-4d5f-afd5-46b1e1acc42e req-55061498-707d-4820-93ee-70b96bae4ef0 274f168af0ca40ec9b0bc8e04394f821 829dbd3af7f04b91bc0f39299a547493 - - default default] 10.0.0.78 "GET /v2.0/networks?id=aedc513f-7d59-480f-9891-6552c5a3b273 HTTP/1.1" status: 200 len: 877 time: 0.0526998
2026-06-26 04:48:33.395 10 INFO neutron.api.wsgi [req-bb8cf0e4-b79e-4d5f-afd5-46b1e1acc42e req-9334ae3a-2616-4070-973d-9fe76f56f64b 274f168af0ca40ec9b0bc8e04394f821 829dbd3af7f04b91bc0f39299a547493 - - default default] 10.0.0.78 "GET /v2.0/quotas/829dbd3af7f04b91bc0f39299a547493 HTTP/1.1" status: 200 len: 491 time: 0.0080047
2026-06-26 04:48:33.397 9 WARNING neutron.scheduler.dhcp_agent_scheduler [None req-222bdbea-954c-4553-b46b-ad87d0c79a18 f71deda7285d4e0c9a0ccc06ef17dc13 41a859c383dc48fc98d33bfaa6b6e476 - - default default] No more DHCP agents
2026-06-26 04:48:33.398 9 WARNING neutron.api.rpc.agentnotifiers.dhcp_rpc_agent_api [None req-222bdbea-954c-4553-b46b-ad87d0c79a18 f71deda7285d4e0c9a0ccc06ef17dc13 41a859c383dc48fc98d33bfaa6b6e476 - - default default] Unable to schedule network ad100f30-f3d0-4126-8e03-8653bca9d84b: no agents available; will retry on subsequent port and subnet creation events.
2026-06-26 04:48:33.484 10 INFO neutron.api.wsgi [req-bb8cf0e4-b79e-4d5f-afd5-46b1e1acc42e req-d454beb5-08ca-4e79-bf93-4b1141caf318 274f168af0ca40ec9b0bc8e04394f821 829dbd3af7f04b91bc0f39299a547493 - - default default] 10.0.0.78 "GET /v2.0/ports?tenant_id=829dbd3af7f04b91bc0f39299a547493&fields=id HTTP/1.1" status: 200 len: 302 time: 0.0828733
2026-06-26 04:48:33.490 9 INFO neutron.db.ovn_revision_numbers_db [None req-222bdbea-954c-4553-b46b-ad87d0c79a18 f71deda7285d4e0c9a0ccc06ef17dc13 41a859c383dc48fc98d33bfaa6b6e476 - - default default] Successfully bumped revision number for resource 659bd9cd-d67d-4650-95d3-6a1c83a05f1c (type: ports) to 1
2026-06-26 04:48:33.511 9 INFO neutron.api.wsgi [None req-222bdbea-954c-4553-b46b-ad87d0c79a18 f71deda7285d4e0c9a0ccc06ef17dc13 41a859c383dc48fc98d33bfaa6b6e476 - - default default] 10.0.0.160 "POST /v2.0/ports HTTP/1.1" status: 201 len: 1127 time: 0.3842018
2026-06-26 04:48:33.540 10 INFO neutron.api.wsgi [req-bb8cf0e4-b79e-4d5f-afd5-46b1e1acc42e req-625c901e-ce4c-4af0-a20e-1591fe743a07 c20f319dc3984ebba267d56c940622e0 63cdc91da5f546ba891e6589aa3bc125 - - 8963cce63f5c42bc8c9d87b82fbe7c54 8963cce63f5c42bc8c9d87b82fbe7c54] 10.0.0.78 "GET /v2.0/networks/aedc513f-7d59-480f-9891-6552c5a3b273?fields=segments HTTP/1.1" status: 200 len: 212 time: 0.0467227
2026-06-26 04:48:33.584 10 INFO neutron.api.wsgi [req-bb8cf0e4-b79e-4d5f-afd5-46b1e1acc42e req-a07a854d-134a-4f1e-be24-fcc4145b10aa c20f319dc3984ebba267d56c940622e0 63cdc91da5f546ba891e6589aa3bc125 - - 8963cce63f5c42bc8c9d87b82fbe7c54 8963cce63f5c42bc8c9d87b82fbe7c54] 10.0.0.78 "GET /v2.0/networks/aedc513f-7d59-480f-9891-6552c5a3b273?fields=provider%3Aphysical_network&fields=provider%3Anetwork_type HTTP/1.1" status: 200 len: 277 time: 0.0386662
2026-06-26 04:48:33.611 10 INFO neutron.api.wsgi [None req-32a38cea-ace5-46f5-a77c-347bfd3c7c69 8f56659c9642488c867c169a51b5ae0e 9f8abb99511f473a9b20cf86c7bdd1c3 - - default default] 10.0.0.160 "DELETE /v2.0/networks/77f803ae-c21f-4d61-9460-8431fc23d229 HTTP/1.1" status: 204 len: 168 time: 0.3605208
2026-06-26 04:48:33.662 10 INFO neutron.api.wsgi [req-75925f99-e911-41fd-a90b-23000f1bdaab req-e50618eb-8594-415d-bef7-fe4bfc49aa4f a23084f7e92e424d99d1bb2927768774 f203900a5f1f42ffb4e7531a4a445643 - - default default] 10.0.0.78 "GET /v2.0/ports?device_id=bc62658c-c533-4d1f-89f0-70fbc4dd84e7 HTTP/1.1" status: 200 len: 210 time: 0.0144048
2026-06-26 04:48:33.722 10 INFO neutron.api.wsgi [req-947beeca-1436-45b0-bce4-418cfac07f81 req-104d4a13-a7ef-4258-a682-541b2bdeba3e 274f168af0ca40ec9b0bc8e04394f821 829dbd3af7f04b91bc0f39299a547493 - - default default] 10.0.0.78 "GET /v2.0/ports?device_id=26e3f1ad-3fc7-4358-9517-7a198cc80569 HTTP/1.1" status: 200 len: 210 time: 0.0172596
2026-06-26 04:48:33.775 9 INFO neutron.api.wsgi [None req-09a20dca-51aa-4955-a08e-3c4f0fde5e31 f71deda7285d4e0c9a0ccc06ef17dc13 41a859c383dc48fc98d33bfaa6b6e476 - - default default] 10.0.0.160 "DELETE /v2.0/ports/659bd9cd-d67d-4650-95d3-6a1c83a05f1c HTTP/1.1" status: 204 len: 168 time: 0.2548103
2026-06-26 04:48:33.801 10 INFO neutron.pecan_wsgi.hooks.translation [None req-09786bc0-e8d6-498f-8b16-0d58a170d01e f71deda7285d4e0c9a0ccc06ef17dc13 41a859c383dc48fc98d33bfaa6b6e476 - - default default] GET failed (client error): The resource could not be found.
2026-06-26 04:48:33.802 10 INFO neutron.api.wsgi [None req-09786bc0-e8d6-498f-8b16-0d58a170d01e f71deda7285d4e0c9a0ccc06ef17dc13 41a859c383dc48fc98d33bfaa6b6e476 - - default default] 10.0.0.160 "GET /v2.0/ports/659bd9cd-d67d-4650-95d3-6a1c83a05f1c HTTP/1.1" status: 404 len: 333 time: 0.0132263
2026-06-26 04:48:33.963 10 INFO neutron.api.wsgi [None req-0ae12ecc-3132-4ec8-a9ce-2aecb76a86ae 8f56659c9642488c867c169a51b5ae0e 9f8abb99511f473a9b20cf86c7bdd1c3 - - default default] 10.0.0.160 "DELETE /v2.0/networks/b9097336-c933-41e0-b912-1c490a3fdffa HTTP/1.1" status: 204 len: 168 time: 0.3460407
2026-06-26 04:48:33.964 9 INFO neutron.api.wsgi [None req-063527fe-90d7-4e91-b955-05468e57ca00 f71deda7285d4e0c9a0ccc06ef17dc13 41a859c383dc48fc98d33bfaa6b6e476 - - default default] 10.0.0.160 "DELETE /v2.0/subnets/ed63091a-68e4-49c8-9cca-197fa88923fe HTTP/1.1" status: 204 len: 168 time: 0.1546793
2026-06-26 04:48:34.230 9 INFO neutron.services.segments.plugin [-] Segment 7671e1a8-b026-49f7-8b9d-166e277d9155 resource provider aggregate not found
2026-06-26 04:48:34.238 9 INFO neutron.services.segments.plugin [-] Segment 7671e1a8-b026-49f7-8b9d-166e277d9155 resource provider aggregate not found
2026-06-26 04:48:34.245 9 INFO neutron.services.segments.plugin [-] Segment 7671e1a8-b026-49f7-8b9d-166e277d9155 resource provider not found; error: Placement Client Error (4xx): {"errors": [{"status": 404, "title": "Not Found", "detail": "The resource could not be found.\n\n No resource provider with uuid 7671e1a8-b026-49f7-8b9d-166e277d9155 found for delete ", "request_id": "req-592ecdac-8284-4248-8ca5-b19b3ece5c32"}]}
2026-06-26 04:48:34.254 9 INFO neutron.services.segments.plugin [-] Segment 7671e1a8-b026-49f7-8b9d-166e277d9155 resource provider not found; error: Placement Client Error (4xx): {"errors": [{"status": 404, "title": "Not Found", "detail": "The resource could not be found.\n\n No resource provider with uuid 7671e1a8-b026-49f7-8b9d-166e277d9155 found for delete ", "request_id": "req-2f1ffbb1-2588-4c29-8c6a-9fc0240151c4"}]}
2026-06-26 04:48:34.286 9 INFO neutron.api.wsgi [None req-4240a967-b7a8-4ad0-aa8c-2dd6d91da2ad f71deda7285d4e0c9a0ccc06ef17dc13 41a859c383dc48fc98d33bfaa6b6e476 - - default default] 10.0.0.160 "DELETE /v2.0/networks/ad100f30-f3d0-4126-8e03-8653bca9d84b HTTP/1.1" status: 204 len: 168 time: 0.3150761
2026-06-26 04:48:34.297 9 WARNING neutron_lib.context [None req-7af6b29f-4989-4642-a6c5-9cc54e6c5e57 f71deda7285d4e0c9a0ccc06ef17dc13 41a859c383dc48fc98d33bfaa6b6e476 - - default default] Method 'is_advsvc' is deprecated since 2023.2 release (neutron-lib 3.8.0) and will be removed once support for the old RBAC API policies will be removed from Neutron. Please use method 'is_service_role' instead.
2026-06-26 04:48:34.443 10 INFO neutron.services.segments.plugin [-] Segment f9efca05-60f5-43d9-86e6-f2e420a1b777 resource provider aggregate not found
2026-06-26 04:48:34.457 10 INFO neutron.services.segments.plugin [-] Segment f9efca05-60f5-43d9-86e6-f2e420a1b777 resource provider not found; error: Placement Client Error (4xx): {"errors": [{"status": 404, "title": "Not Found", "detail": "The resource could not be found.\n\n No resource provider with uuid f9efca05-60f5-43d9-86e6-f2e420a1b777 found for delete ", "request_id": "req-ab5a73bc-9c56-4065-99fd-2c6211dff73b"}]}
2026-06-26 04:48:34.461 10 INFO neutron.services.segments.plugin [-] Segment f9efca05-60f5-43d9-86e6-f2e420a1b777 resource provider aggregate not found
2026-06-26 04:48:34.468 10 INFO neutron.services.segments.plugin [-] Segment 9fcecdee-431f-402e-86e0-9d458c4cba37 resource provider aggregate not found
2026-06-26 04:48:34.472 10 INFO neutron.services.segments.plugin [-] Segment f9efca05-60f5-43d9-86e6-f2e420a1b777 resource provider not found; error: Placement Client Error (4xx): {"errors": [{"status": 404, "title": "Not Found", "detail": "The resource could not be found.\n\n No resource provider with uuid f9efca05-60f5-43d9-86e6-f2e420a1b777 found for delete ", "request_id": "req-c898b387-e17c-4b06-b0ee-76351775fe4e"}]}
2026-06-26 04:48:34.479 10 INFO neutron.services.segments.plugin [-] Segment 9fcecdee-431f-402e-86e0-9d458c4cba37 resource provider not found; error: Placement Client Error (4xx): {"errors": [{"status": 404, "title": "Not Found", "detail": "The resource could not be found.\n\n No resource provider with uuid 9fcecdee-431f-402e-86e0-9d458c4cba37 found for delete ", "request_id": "req-1b292ba3-58f0-4524-b3c3-6f0ac63b2281"}]}
2026-06-26 04:48:34.485 10 INFO neutron.services.segments.plugin [-] Segment 9fcecdee-431f-402e-86e0-9d458c4cba37 resource provider aggregate not found
2026-06-26 04:48:34.493 10 INFO neutron.services.segments.plugin [-] Segment af48806c-dc75-4e61-9d5d-53b5d7d3d54e resource provider aggregate not found
2026-06-26 04:48:34.496 10 INFO neutron.services.segments.plugin [-] Segment 9fcecdee-431f-402e-86e0-9d458c4cba37 resource provider not found; error: Placement Client Error (4xx): {"errors": [{"status": 404, "title": "Not Found", "detail": "The resource could not be found.\n\n No resource provider with uuid 9fcecdee-431f-402e-86e0-9d458c4cba37 found for delete ", "request_id": "req-341b7967-7611-4548-8519-e9937889c8d1"}]}
2026-06-26 04:48:34.502 10 INFO neutron.services.segments.plugin [-] Segment af48806c-dc75-4e61-9d5d-53b5d7d3d54e resource provider not found; error: Placement Client Error (4xx): {"errors": [{"status": 404, "title": "Not Found", "detail": "The resource could not be found.\n\n No resource provider with uuid af48806c-dc75-4e61-9d5d-53b5d7d3d54e found for delete ", "request_id": "req-eb4dc795-aba8-4e12-9592-c35af3ed2699"}]}
2026-06-26 04:48:34.505 10 INFO neutron.services.segments.plugin [-] Segment af48806c-dc75-4e61-9d5d-53b5d7d3d54e resource provider aggregate not found
2026-06-26 04:48:34.511 9 WARNING neutron.scheduler.dhcp_agent_scheduler [None req-7af6b29f-4989-4642-a6c5-9cc54e6c5e57 f71deda7285d4e0c9a0ccc06ef17dc13 41a859c383dc48fc98d33bfaa6b6e476 - - default default] No more DHCP agents
2026-06-26 04:48:34.512 9 WARNING neutron.api.rpc.agentnotifiers.dhcp_rpc_agent_api [None req-7af6b29f-4989-4642-a6c5-9cc54e6c5e57 f71deda7285d4e0c9a0ccc06ef17dc13 41a859c383dc48fc98d33bfaa6b6e476 - - default default] Unable to schedule network 9154065d-3ccd-411e-8c9c-c39e8b6acc5b: no agents available; will retry on subsequent port and subnet creation events.
2026-06-26 04:48:34.515 10 INFO neutron.services.segments.plugin [-] Segment af48806c-dc75-4e61-9d5d-53b5d7d3d54e resource provider not found; error: Placement Client Error (4xx): {"errors": [{"status": 404, "title": "Not Found", "detail": "The resource could not be found.\n\n No resource provider with uuid af48806c-dc75-4e61-9d5d-53b5d7d3d54e found for delete ", "request_id": "req-dd17a3f9-cd6b-4875-a4fd-f4bb0c6a2e14"}]}
2026-06-26 04:48:34.576 9 INFO neutron.db.ovn_revision_numbers_db [None req-7af6b29f-4989-4642-a6c5-9cc54e6c5e57 f71deda7285d4e0c9a0ccc06ef17dc13 41a859c383dc48fc98d33bfaa6b6e476 - - default default] Successfully bumped revision number for resource 05f96db2-1b45-46ab-86d0-352ecc8c4abb (type: ports) to 1
2026-06-26 04:48:34.598 9 INFO neutron.api.wsgi [None req-7af6b29f-4989-4642-a6c5-9cc54e6c5e57 f71deda7285d4e0c9a0ccc06ef17dc13 41a859c383dc48fc98d33bfaa6b6e476 - - default default] 10.0.0.160 "POST /v2.0/ports HTTP/1.1" status: 201 len: 977 time: 0.3036172 /var/lib/openstack/lib/python3.12/site-packages/pycadf/identifier.py:71: UserWarning: Invalid uuid: neutron. To ensure interoperability, identifiers should be a valid uuid. warnings.warn(('Invalid uuid: %s. To ensure interoperability, '
2026-06-26 04:48:34.791 10 INFO neutron.api.wsgi [req-2f1b2e57-ccda-487f-bc78-7ba93ad28584 req-22414f93-009a-4a54-986b-29c2c3158b9a 274f168af0ca40ec9b0bc8e04394f821 829dbd3af7f04b91bc0f39299a547493 - - default default] 10.0.0.78 "GET /v2.0/ports?device_id=26e3f1ad-3fc7-4358-9517-7a198cc80569 HTTP/1.1" status: 200 len: 210 time: 0.0134695
2026-06-26 04:48:34.818 9 INFO neutron.plugins.ml2.drivers.ovn.mech_driver.mech_driver [None req-6bc87657-7370-4665-99ab-dd4413b0738a - - - - - -] OVN reports status down for port: 05f96db2-1b45-46ab-86d0-352ecc8c4abb
2026-06-26 04:48:34.852 9 INFO neutron.db.ovn_revision_numbers_db [None req-7cf36e22-1c2d-4ab6-8469-4a109fedcfc0 f71deda7285d4e0c9a0ccc06ef17dc13 41a859c383dc48fc98d33bfaa6b6e476 - - default default] Successfully bumped revision number for resource 05f96db2-1b45-46ab-86d0-352ecc8c4abb (type: ports) to 2
2026-06-26 04:48:34.863 9 INFO neutron.api.wsgi [None req-7cf36e22-1c2d-4ab6-8469-4a109fedcfc0 f71deda7285d4e0c9a0ccc06ef17dc13 41a859c383dc48fc98d33bfaa6b6e476 - - default default] 10.0.0.160 "PUT /v2.0/ports/05f96db2-1b45-46ab-86d0-352ecc8c4abb HTTP/1.1" status: 200 len: 946 time: 0.2596076
2026-06-26 04:48:34.887 10 INFO neutron.api.wsgi [None req-7898c5ca-5f9a-4750-a052-ce1072ea2911 a23084f7e92e424d99d1bb2927768774 f203900a5f1f42ffb4e7531a4a445643 - - default default] 10.0.0.160 "DELETE /v2.0/security-groups/84623a32-7949-4545-a074-199e3ac8aaf4 HTTP/1.1" status: 204 len: 168 time: 0.1441493 /var/lib/openstack/lib/python3.12/site-packages/pycadf/identifier.py:71: UserWarning: Invalid uuid: neutron. To ensure interoperability, identifiers should be a valid uuid. warnings.warn(('Invalid uuid: %s. To ensure interoperability, '
2026-06-26 04:48:34.902 9 INFO neutron.api.v2.resource [None req-29cd520c-34fc-4c2d-b073-7dbb6f823e92 a23084f7e92e424d99d1bb2927768774 f203900a5f1f42ffb4e7531a4a445643 - - default default] show failed (client error): The resource could not be found.
2026-06-26 04:48:34.903 9 INFO neutron.api.wsgi [None req-29cd520c-34fc-4c2d-b073-7dbb6f823e92 a23084f7e92e424d99d1bb2927768774 f203900a5f1f42ffb4e7531a4a445643 - - default default] 10.0.0.160 "GET /v2.0/security-groups/84623a32-7949-4545-a074-199e3ac8aaf4 HTTP/1.1" status: 404 len: 347 time: 0.0105383
2026-06-26 04:48:35.153 10 INFO neutron.api.wsgi [None req-aaa2caa4-1bd2-4b18-8e1c-0790dcd8715a f71deda7285d4e0c9a0ccc06ef17dc13 41a859c383dc48fc98d33bfaa6b6e476 - - default default] 10.0.0.160 "DELETE /v2.0/ports/05f96db2-1b45-46ab-86d0-352ecc8c4abb HTTP/1.1" status: 204 len: 168 time: 0.2856550
2026-06-26 04:48:35.155 10 INFO neutron.db.ovn_revision_numbers_db [None req-cc2ff7ad-ba5b-4f5c-b3b7-4b93807d2657 158b7729050a495984523bc1f87691ef 4568e1db581344cf85756397d929f73d - - default default] Successfully bumped revision number for resource 094b1bd2-48af-4c0d-baa3-f279ce3800a3 (type: security_groups) to 1
2026-06-26 04:48:35.180 10 INFO neutron.db.ovn_revision_numbers_db [None req-cc2ff7ad-ba5b-4f5c-b3b7-4b93807d2657 158b7729050a495984523bc1f87691ef 4568e1db581344cf85756397d929f73d - - default default] Successfully bumped revision number for resource 366c9cba-6a31-42b4-8e47-ee738ca52cd0 (type: security_group_rules) to 0
2026-06-26 04:48:35.203 10 INFO neutron.db.ovn_revision_numbers_db [None req-cc2ff7ad-ba5b-4f5c-b3b7-4b93807d2657 158b7729050a495984523bc1f87691ef 4568e1db581344cf85756397d929f73d - - default default] Successfully bumped revision number for resource 50214438-db2b-4dde-8817-e61f08d530ae (type: security_group_rules) to 0
2026-06-26 04:48:35.216 10 INFO neutron.api.wsgi [None req-45d142f4-b20d-499b-a424-49e5f93980dc f71deda7285d4e0c9a0ccc06ef17dc13 41a859c383dc48fc98d33bfaa6b6e476 - - default default] 10.0.0.160 "GET /v2.0/ports HTTP/1.1" status: 200 len: 1732 time: 0.0532908
2026-06-26 04:48:35.232 9 INFO neutron.api.wsgi [None req-5ad12bf9-7749-460b-b2b3-0cc8d9dc194f a23084f7e92e424d99d1bb2927768774 f203900a5f1f42ffb4e7531a4a445643 - - default default] 10.0.0.160 "DELETE /v2.0/floatingips/4b13b330-d84c-44ec-9490-e3095a2dcdf2 HTTP/1.1" status: 204 len: 168 time: 0.3234429
2026-06-26 04:48:35.247 10 INFO neutron.pecan_wsgi.hooks.translation [None req-623403fe-4026-4620-9241-5fe77b56092b f71deda7285d4e0c9a0ccc06ef17dc13 41a859c383dc48fc98d33bfaa6b6e476 - - default default] GET failed (client error): The resource could not be found.
2026-06-26 04:48:35.248 10 INFO neutron.api.wsgi [None req-623403fe-4026-4620-9241-5fe77b56092b f71deda7285d4e0c9a0ccc06ef17dc13 41a859c383dc48fc98d33bfaa6b6e476 - - default default] 10.0.0.160 "GET /v2.0/ports/05f96db2-1b45-46ab-86d0-352ecc8c4abb HTTP/1.1" status: 404 len: 333 time: 0.0170524
2026-06-26 04:48:35.248 10 INFO neutron.db.ovn_revision_numbers_db [None req-cc2ff7ad-ba5b-4f5c-b3b7-4b93807d2657 158b7729050a495984523bc1f87691ef 4568e1db581344cf85756397d929f73d - - default default] Successfully bumped revision number for resource f65776bd-cca3-46ad-af1d-68952eab098a (type: security_group_rules) to 0
2026-06-26 04:48:35.271 10 INFO neutron.db.ovn_revision_numbers_db [None req-cc2ff7ad-ba5b-4f5c-b3b7-4b93807d2657 158b7729050a495984523bc1f87691ef 4568e1db581344cf85756397d929f73d - - default default] Successfully bumped revision number for resource fa81a487-067e-4491-a990-ae4e1b2003bb (type: security_group_rules) to 0
2026-06-26 04:48:35.291 10 INFO neutron.api.wsgi [None req-37d1f275-b03c-4718-8afa-0956369a4c5a f71deda7285d4e0c9a0ccc06ef17dc13 41a859c383dc48fc98d33bfaa6b6e476 - - default default] 10.0.0.160 "GET /v2.0/ports HTTP/1.1" status: 200 len: 1732 time: 0.0354602
2026-06-26 04:48:35.308 10 INFO neutron.api.wsgi [None req-cc2ff7ad-ba5b-4f5c-b3b7-4b93807d2657 158b7729050a495984523bc1f87691ef 4568e1db581344cf85756397d929f73d - - default default] 10.0.0.160 "GET /v2.0/security-groups?tenant_id=1dbe3745604b45b69da7fe735786c9ff&name=default HTTP/1.1" status: 200 len: 3120 time: 0.4744182
2026-06-26 04:48:35.538 10 INFO neutron.api.wsgi [None req-9475f0c0-178d-4e66-983a-8198cc996109 158b7729050a495984523bc1f87691ef 4568e1db581344cf85756397d929f73d - - default default] 10.0.0.160 "DELETE /v2.0/security-groups/094b1bd2-48af-4c0d-baa3-f279ce3800a3 HTTP/1.1" status: 204 len: 168 time: 0.2247038
2026-06-26 04:48:35.582 9 INFO neutron.api.wsgi [None req-965a23c3-a97c-46cf-9a52-30313fc7d030 f71deda7285d4e0c9a0ccc06ef17dc13 41a859c383dc48fc98d33bfaa6b6e476 - - default default] 10.0.0.160 "GET /v2.0/ports/914c3c57-56a2-430c-84e6-8363f6474027 HTTP/1.1" status: 200 len: 972 time: 0.2814221
2026-06-26 04:48:35.604 10 INFO neutron.pecan_wsgi.hooks.translation [None req-29baa639-ab2b-4cb7-9ecd-1ee6bb32e768 f71deda7285d4e0c9a0ccc06ef17dc13 41a859c383dc48fc98d33bfaa6b6e476 - - default default] DELETE failed (client error): The resource could not be found.
2026-06-26 04:48:35.606 10 INFO neutron.api.wsgi [None req-29baa639-ab2b-4cb7-9ecd-1ee6bb32e768 f71deda7285d4e0c9a0ccc06ef17dc13 41a859c383dc48fc98d33bfaa6b6e476 - - default default] 10.0.0.160 "DELETE /v2.0/ports/659bd9cd-d67d-4650-95d3-6a1c83a05f1c HTTP/1.1" status: 404 len: 333 time: 0.0165367
2026-06-26 04:48:35.622 10 INFO neutron.pecan_wsgi.hooks.translation [None req-6b72ccec-5d03-471f-b98a-274858d058a0 f71deda7285d4e0c9a0ccc06ef17dc13 41a859c383dc48fc98d33bfaa6b6e476 - - default default] DELETE failed (client error): The resource could not be found.
2026-06-26 04:48:35.624 10 INFO neutron.api.wsgi [None req-6b72ccec-5d03-471f-b98a-274858d058a0 f71deda7285d4e0c9a0ccc06ef17dc13 41a859c383dc48fc98d33bfaa6b6e476 - - default default] 10.0.0.160 "DELETE /v2.0/subnets/ed63091a-68e4-49c8-9cca-197fa88923fe HTTP/1.1" status: 404 len: 337 time: 0.0137539
2026-06-26 04:48:35.655 10 INFO neutron.pecan_wsgi.hooks.translation [None req-d5107b73-dd4a-4bcc-814e-f37af8740a5a f71deda7285d4e0c9a0ccc06ef17dc13 41a859c383dc48fc98d33bfaa6b6e476 - - default default] DELETE failed (client error): The resource could not be found.
2026-06-26 04:48:35.657 10 INFO neutron.api.wsgi [None req-d5107b73-dd4a-4bcc-814e-f37af8740a5a f71deda7285d4e0c9a0ccc06ef17dc13 41a859c383dc48fc98d33bfaa6b6e476 - - default default] 10.0.0.160 "DELETE /v2.0/subnets/ad6a1980-79d3-4aae-a971-e10091e47491 HTTP/1.1" status: 404 len: 337 time: 0.0264883
2026-06-26 04:48:35.699 10 INFO neutron.api.wsgi [None req-3504674b-06bc-47e1-902b-bc1a133d6be9 158b7729050a495984523bc1f87691ef 4568e1db581344cf85756397d929f73d - - default default] 10.0.0.160 "GET /v2.0/security-groups?tenant_id=9f8abb99511f473a9b20cf86c7bdd1c3&name=default HTTP/1.1" status: 200 len: 3120 time: 0.0494554
2026-06-26 04:48:35.888 10 INFO neutron.api.wsgi [req-aed9e75a-7fe9-4cac-8974-6102282973c9 req-06fbec76-b1bf-4295-9d43-bb593fb20bdf 274f168af0ca40ec9b0bc8e04394f821 829dbd3af7f04b91bc0f39299a547493 - - default default] 10.0.0.78 "GET /v2.0/ports?device_id=26e3f1ad-3fc7-4358-9517-7a198cc80569 HTTP/1.1" status: 200 len: 210 time: 0.0212288
2026-06-26 04:48:35.911 10 INFO neutron.api.wsgi [None req-bd204ca4-670c-4566-b1f8-87c7f540288c f71deda7285d4e0c9a0ccc06ef17dc13 41a859c383dc48fc98d33bfaa6b6e476 - - default default] 10.0.0.160 "DELETE /v2.0/ports/914c3c57-56a2-430c-84e6-8363f6474027 HTTP/1.1" status: 204 len: 168 time: 0.2480409
2026-06-26 04:48:35.985 9 INFO neutron.api.wsgi [None req-abaeaaa7-5e82-42fa-bccf-9c167afb50ef 158b7729050a495984523bc1f87691ef 4568e1db581344cf85756397d929f73d - - default default] 10.0.0.160 "DELETE /v2.0/security-groups/5e23482d-3c7c-4286-b83c-96cd1b439b3f HTTP/1.1" status: 204 len: 168 time: 0.2800555
2026-06-26 04:48:36.270 9 INFO neutron.services.segments.plugin [-] Segment e281e08b-4c76-4efd-b776-5691336497e2 resource provider aggregate not found
2026-06-26 04:48:36.281 9 INFO neutron.services.segments.plugin [-] Segment e281e08b-4c76-4efd-b776-5691336497e2 resource provider not found; error: Placement Client Error (4xx): {"errors": [{"status": 404, "title": "Not Found", "detail": "The resource could not be found.\n\n No resource provider with uuid e281e08b-4c76-4efd-b776-5691336497e2 found for delete ", "request_id": "req-f097a363-f59d-4e5e-ac6c-7bdaf92d1038"}]}
2026-06-26 04:48:36.288 9 INFO neutron.services.segments.plugin [-] Segment e281e08b-4c76-4efd-b776-5691336497e2 resource provider aggregate not found
2026-06-26 04:48:36.308 9 INFO neutron.services.segments.plugin [-] Segment e281e08b-4c76-4efd-b776-5691336497e2 resource provider not found; error: Placement Client Error (4xx): {"errors": [{"status": 404, "title": "Not Found", "detail": "The resource could not be found.\n\n No resource provider with uuid e281e08b-4c76-4efd-b776-5691336497e2 found for delete ", "request_id": "req-b53eaf63-21c2-4872-8463-3b8ede1dc5e9"}]}
2026-06-26 04:48:36.316 10 INFO neutron.api.wsgi [None req-024aa0ed-dd9f-41d6-b90f-c2aa1107b7d4 f71deda7285d4e0c9a0ccc06ef17dc13 41a859c383dc48fc98d33bfaa6b6e476 - - default default] 10.0.0.160 "DELETE /v2.0/networks/9154065d-3ccd-411e-8c9c-c39e8b6acc5b HTTP/1.1" status: 204 len: 168 time: 0.3969271
2026-06-26 04:48:36.330 10 INFO neutron.db.ovn_revision_numbers_db [None req-0a488a9e-909e-4d2d-a432-e12148103e68 158b7729050a495984523bc1f87691ef 4568e1db581344cf85756397d929f73d - - default default] Successfully bumped revision number for resource 0928bcb8-413b-4090-b6b2-8940de28898c (type: security_groups) to 1
2026-06-26 04:48:36.355 10 INFO neutron.db.ovn_revision_numbers_db [None req-0a488a9e-909e-4d2d-a432-e12148103e68 158b7729050a495984523bc1f87691ef 4568e1db581344cf85756397d929f73d - - default default] Successfully bumped revision number for resource 0722b82a-4aa5-4fe2-868c-3fd698c84ad5 (type: security_group_rules) to 0
2026-06-26 04:48:36.361 10 WARNING neutron.plugins.ml2.drivers.ovn.mech_driver.ovsdb.ovn_client [None req-a7aad400-ffc3-4dae-8105-c1b33fa3f55b - - - - - -] No hosting information found for port ccfa6f0c-4eaa-4b14-a779-88e75e29d0d4: RuntimeError: No hosting information found for port ccfa6f0c-4eaa-4b14-a779-88e75e29d0d4
2026-06-26 04:48:36.376 10 INFO neutron.db.ovn_revision_numbers_db [None req-0a488a9e-909e-4d2d-a432-e12148103e68 158b7729050a495984523bc1f87691ef 4568e1db581344cf85756397d929f73d - - default default] Successfully bumped revision number for resource 2b2febc4-c6df-4704-aaa3-d0768c42e1a5 (type: security_group_rules) to 0
2026-06-26 04:48:36.390 10 INFO neutron.db.ovn_revision_numbers_db [None req-0a488a9e-909e-4d2d-a432-e12148103e68 158b7729050a495984523bc1f87691ef 4568e1db581344cf85756397d929f73d - - default default] Successfully bumped revision number for resource 3ee4847a-12bf-4ee4-9086-85e3a580e10d (type: security_group_rules) to 0
2026-06-26 04:48:36.417 10 INFO neutron.db.ovn_revision_numbers_db [None req-0a488a9e-909e-4d2d-a432-e12148103e68 158b7729050a495984523bc1f87691ef 4568e1db581344cf85756397d929f73d - - default default] Successfully bumped revision number for resource a0875654-40b8-4f3f-ac91-2f5fa1988d92 (type: security_group_rules) to 0
2026-06-26 04:48:36.450 10 INFO neutron.api.wsgi [None req-0a488a9e-909e-4d2d-a432-e12148103e68 158b7729050a495984523bc1f87691ef 4568e1db581344cf85756397d929f73d - - default default] 10.0.0.160 "GET /v2.0/security-groups?tenant_id=9943799b884e494a98e2d2f0d27db396&name=default HTTP/1.1" status: 200 len: 3120 time: 0.2700601
2026-06-26 04:48:36.451 10 INFO neutron.db.ovn_revision_numbers_db [None req-a7aad400-ffc3-4dae-8105-c1b33fa3f55b - - - - - -] Successfully bumped revision number for resource ccfa6f0c-4eaa-4b14-a779-88e75e29d0d4 (type: router_ports) to 2
2026-06-26 04:48:36.519 10 INFO neutron.services.segments.plugin [-] Segment 47712992-1dc9-4bb0-969d-e1064bc2dd9e resource provider aggregate not found
2026-06-26 04:48:36.530 10 INFO neutron.services.segments.plugin [-] Segment 47712992-1dc9-4bb0-969d-e1064bc2dd9e resource provider not found; error: Placement Client Error (4xx): {"errors": [{"status": 404, "title": "Not Found", "detail": "The resource could not be found.\n\n No resource provider with uuid 47712992-1dc9-4bb0-969d-e1064bc2dd9e found for delete ", "request_id": "req-e7e41a02-26c4-42d9-bd02-62fb93648de4"}]}
2026-06-26 04:48:36.548 10 INFO neutron.services.segments.plugin [-] Segment 47712992-1dc9-4bb0-969d-e1064bc2dd9e resource provider aggregate not found
2026-06-26 04:48:36.573 10 INFO neutron.services.segments.plugin [-] Segment 47712992-1dc9-4bb0-969d-e1064bc2dd9e resource provider not found; error: Placement Client Error (4xx): {"errors": [{"status": 404, "title": "Not Found", "detail": "The resource could not be found.\n\n No resource provider with uuid 47712992-1dc9-4bb0-969d-e1064bc2dd9e found for delete ", "request_id": "req-937303f3-ca37-45f8-b82b-cae0b4451cba"}]}
2026-06-26 04:48:36.609 9 INFO neutron.api.wsgi [None req-e9736679-151a-4e48-956e-66dff0cb7806 158b7729050a495984523bc1f87691ef 4568e1db581344cf85756397d929f73d - - default default] 10.0.0.160 "PUT /v2.0/routers/cda974d5-0ba9-4ec0-8d6c-883a65bb2d5c/remove_router_interface HTTP/1.1" status: 200 len: 503 time: 1.3699133 /var/lib/openstack/lib/python3.12/site-packages/pycadf/identifier.py:71: UserWarning: Invalid uuid: neutron. To ensure interoperability, identifiers should be a valid uuid. warnings.warn(('Invalid uuid: %s. To ensure interoperability, '
2026-06-26 04:48:36.732 10 INFO neutron.api.wsgi [None req-332619c0-ead0-4af6-9f2e-92a7f3c214eb 158b7729050a495984523bc1f87691ef 4568e1db581344cf85756397d929f73d - - default default] 10.0.0.160 "DELETE /v2.0/security-groups/0928bcb8-413b-4090-b6b2-8940de28898c HTTP/1.1" status: 204 len: 168 time: 0.2759929
2026-06-26 04:48:36.994 10 INFO neutron.api.wsgi [req-8b1ad1bc-4205-46a7-b24e-e18f31a03e6b req-d18fea50-a472-4a58-b8aa-2e8e2f1748a7 274f168af0ca40ec9b0bc8e04394f821 829dbd3af7f04b91bc0f39299a547493 - - default default] 10.0.0.78 "GET /v2.0/ports?device_id=26e3f1ad-3fc7-4358-9517-7a198cc80569 HTTP/1.1" status: 200 len: 210 time: 0.0375900
2026-06-26 04:48:37.153 10 INFO neutron.api.wsgi [None req-9aca037e-be15-429d-9a0a-4b4226c236c3 158b7729050a495984523bc1f87691ef 4568e1db581344cf85756397d929f73d - - default default] 10.0.0.160 "GET /v2.0/security-groups?tenant_id=41a859c383dc48fc98d33bfaa6b6e476&name=default HTTP/1.1" status: 200 len: 3120 time: 0.3339090
2026-06-26 04:48:37.273 9 INFO neutron.api.wsgi [None req-f7af2d9a-ebae-4b58-86e4-2ff816bcaedb 158b7729050a495984523bc1f87691ef 4568e1db581344cf85756397d929f73d - - default default] 10.0.0.160 "DELETE /v2.0/routers/cda974d5-0ba9-4ec0-8d6c-883a65bb2d5c HTTP/1.1" status: 204 len: 168 time: 0.6595824
2026-06-26 04:48:37.378 10 INFO neutron.api.wsgi [None req-7dbd7540-7928-438f-8de8-a72f28e1667b 158b7729050a495984523bc1f87691ef 4568e1db581344cf85756397d929f73d - - default default] 10.0.0.160 "DELETE /v2.0/security-groups/906081a1-0fc8-466f-9dfd-b01d4aae1b89 HTTP/1.1" status: 204 len: 168 time: 0.2193375
2026-06-26 04:48:37.441 9 INFO neutron.api.wsgi [None req-d568a0fc-41bf-4d68-9537-e9d389e57a79 158b7729050a495984523bc1f87691ef 4568e1db581344cf85756397d929f73d - - default default] 10.0.0.160 "DELETE /v2.0/subnets/f270b3f2-3bae-47af-a3ef-2673eda7f4fa HTTP/1.1" status: 204 len: 168 time: 0.1631849
2026-06-26 04:48:37.771 9 INFO neutron.api.wsgi [None req-2b83f7a9-520c-4418-ba3c-3c44c667ace1 158b7729050a495984523bc1f87691ef 4568e1db581344cf85756397d929f73d - - default default] 10.0.0.160 "DELETE /v2.0/networks/b0fe73fd-a61f-4d62-a4ce-232f3b894842 HTTP/1.1" status: 204 len: 168 time: 0.3259420
2026-06-26 04:48:37.916 9 INFO neutron.api.wsgi [None req-866ce845-a46a-40bb-b387-185af6549e60 158b7729050a495984523bc1f87691ef 4568e1db581344cf85756397d929f73d - - default default] 10.0.0.160 "GET /v2.0/security-groups?tenant_id=f203900a5f1f42ffb4e7531a4a445643&name=default HTTP/1.1" status: 200 len: 3120 time: 0.0390799
2026-06-26 04:48:38.003 9 INFO neutron.api.wsgi [req-bb8cf0e4-b79e-4d5f-afd5-46b1e1acc42e req-ae6954b3-12a6-43b2-bb32-d1d0cddb1360 274f168af0ca40ec9b0bc8e04394f821 829dbd3af7f04b91bc0f39299a547493 - - default default] 199.204.45.115 "GET /v2.0/networks?id=aedc513f-7d59-480f-9891-6552c5a3b273 HTTP/1.1" status: 200 len: 877 time: 0.0530314
2026-06-26 04:48:38.014 9 WARNING neutron_lib.context [req-bb8cf0e4-b79e-4d5f-afd5-46b1e1acc42e req-55b28cdd-b0e8-4f3d-8bfb-361eebfdf1bb 274f168af0ca40ec9b0bc8e04394f821 829dbd3af7f04b91bc0f39299a547493 - - default default] Method 'is_advsvc' is deprecated since 2023.2 release (neutron-lib 3.8.0) and will be removed once support for the old RBAC API policies will be removed from Neutron. Please use method 'is_service_role' instead.
2026-06-26 04:48:38.072 10 INFO neutron.api.wsgi [req-93acbc7d-6bbd-460c-9c52-33503028e51a req-e66611c6-325d-4fe9-82a4-af3aa9b6ffac 274f168af0ca40ec9b0bc8e04394f821 829dbd3af7f04b91bc0f39299a547493 - - default default] 10.0.0.78 "GET /v2.0/ports?device_id=26e3f1ad-3fc7-4358-9517-7a198cc80569 HTTP/1.1" status: 200 len: 210 time: 0.0206711
2026-06-26 04:48:38.201 9 INFO neutron.api.wsgi [None req-8d3e1485-ed5f-41f8-ab20-66ec4f5bc25c 158b7729050a495984523bc1f87691ef 4568e1db581344cf85756397d929f73d - - default default] 10.0.0.160 "DELETE /v2.0/security-groups/1a3795a8-de31-4a2e-9d60-7b1ee592d193 HTTP/1.1" status: 204 len: 168 time: 0.2784879
2026-06-26 04:48:38.304 9 INFO neutron.services.segments.plugin [-] Segment 76167383-b113-4143-8ff8-5243efbfcdda resource provider aggregate not found
2026-06-26 04:48:38.320 9 INFO neutron.services.segments.plugin [-] Segment 76167383-b113-4143-8ff8-5243efbfcdda resource provider aggregate not found
2026-06-26 04:48:38.323 9 INFO neutron.services.segments.plugin [-] Segment 76167383-b113-4143-8ff8-5243efbfcdda resource provider not found; error: Placement Client Error (4xx): {"errors": [{"status": 404, "title": "Not Found", "detail": "The resource could not be found.\n\n No resource provider with uuid 76167383-b113-4143-8ff8-5243efbfcdda found for delete ", "request_id": "req-abfa1a9a-7092-440e-bbbe-9cd4e0ad4b41"}]}
2026-06-26 04:48:38.332 9 INFO neutron.services.segments.plugin [-] Segment 76167383-b113-4143-8ff8-5243efbfcdda resource provider not found; error: Placement Client Error (4xx): {"errors": [{"status": 404, "title": "Not Found", "detail": "The resource could not be found.\n\n No resource provider with uuid 76167383-b113-4143-8ff8-5243efbfcdda found for delete ", "request_id": "req-f2ae386a-610b-45c7-b591-e0a5140058ad"}]}
2026-06-26 04:48:38.378 9 WARNING neutron.scheduler.dhcp_agent_scheduler [req-bb8cf0e4-b79e-4d5f-afd5-46b1e1acc42e req-55b28cdd-b0e8-4f3d-8bfb-361eebfdf1bb 274f168af0ca40ec9b0bc8e04394f821 829dbd3af7f04b91bc0f39299a547493 - - default default] No more DHCP agents
2026-06-26 04:48:38.379 9 WARNING neutron.api.rpc.agentnotifiers.dhcp_rpc_agent_api [req-bb8cf0e4-b79e-4d5f-afd5-46b1e1acc42e req-55b28cdd-b0e8-4f3d-8bfb-361eebfdf1bb 274f168af0ca40ec9b0bc8e04394f821 829dbd3af7f04b91bc0f39299a547493 - - default default] Unable to schedule network aedc513f-7d59-480f-9891-6552c5a3b273: no agents available; will retry on subsequent port and subnet creation events.
2026-06-26 04:48:38.509 9 INFO neutron.db.ovn_revision_numbers_db [req-bb8cf0e4-b79e-4d5f-afd5-46b1e1acc42e req-55b28cdd-b0e8-4f3d-8bfb-361eebfdf1bb 274f168af0ca40ec9b0bc8e04394f821 829dbd3af7f04b91bc0f39299a547493 - - default default] Successfully bumped revision number for resource e79530c3-94c6-4a92-ad47-6013605a9320 (type: ports) to 1
2026-06-26 04:48:38.527 9 INFO neutron.api.wsgi [-] 10.0.0.210 "GET / HTTP/1.1" status: 200 len: 247 time: 0.0016012
2026-06-26 04:48:38.528 10 INFO neutron.api.wsgi [-] 10.0.0.210 "GET / HTTP/1.1" status: 200 len: 247 time: 0.0019825
2026-06-26 04:48:38.534 9 INFO neutron.api.wsgi [req-bb8cf0e4-b79e-4d5f-afd5-46b1e1acc42e req-55b28cdd-b0e8-4f3d-8bfb-361eebfdf1bb 274f168af0ca40ec9b0bc8e04394f821 829dbd3af7f04b91bc0f39299a547493 - - default default] 199.204.45.115 "POST /v2.0/ports HTTP/1.1" status: 201 len: 1162 time: 0.5243957 /var/lib/openstack/lib/python3.12/site-packages/pycadf/identifier.py:71: UserWarning: Invalid uuid: neutron. To ensure interoperability, identifiers should be a valid uuid. warnings.warn(('Invalid uuid: %s. To ensure interoperability, '
2026-06-26 04:48:38.959 9 INFO neutron.db.ovn_revision_numbers_db [req-bb8cf0e4-b79e-4d5f-afd5-46b1e1acc42e req-09d11c9d-0505-48a0-9a14-70363729f737 c20f319dc3984ebba267d56c940622e0 63cdc91da5f546ba891e6589aa3bc125 - - 8963cce63f5c42bc8c9d87b82fbe7c54 8963cce63f5c42bc8c9d87b82fbe7c54] Successfully bumped revision number for resource e79530c3-94c6-4a92-ad47-6013605a9320 (type: ports) to 2
2026-06-26 04:48:39.199 9 INFO neutron.db.ovn_revision_numbers_db [req-bb8cf0e4-b79e-4d5f-afd5-46b1e1acc42e req-09d11c9d-0505-48a0-9a14-70363729f737 c20f319dc3984ebba267d56c940622e0 63cdc91da5f546ba891e6589aa3bc125 - - 8963cce63f5c42bc8c9d87b82fbe7c54 8963cce63f5c42bc8c9d87b82fbe7c54] Successfully bumped revision number for resource e79530c3-94c6-4a92-ad47-6013605a9320 (type: ports) to 4
2026-06-26 04:48:39.208 10 INFO neutron.api.wsgi [req-00a11f13-603d-4c3c-8839-13b5699cd4be req-a5adf0a6-c6e7-43fb-bbde-e41e76cf8c21 274f168af0ca40ec9b0bc8e04394f821 829dbd3af7f04b91bc0f39299a547493 - - default default] 10.0.0.78 "GET /v2.0/ports?device_id=26e3f1ad-3fc7-4358-9517-7a198cc80569 HTTP/1.1" status: 200 len: 1172 time: 0.0717094
2026-06-26 04:48:39.230 9 INFO neutron.api.wsgi [req-bb8cf0e4-b79e-4d5f-afd5-46b1e1acc42e req-09d11c9d-0505-48a0-9a14-70363729f737 c20f319dc3984ebba267d56c940622e0 63cdc91da5f546ba891e6589aa3bc125 - - 8963cce63f5c42bc8c9d87b82fbe7c54 8963cce63f5c42bc8c9d87b82fbe7c54] 199.204.45.115 "PUT /v2.0/ports/e79530c3-94c6-4a92-ad47-6013605a9320 HTTP/1.1" status: 200 len: 1408 time: 0.6918778
2026-06-26 04:48:39.259 10 INFO neutron.api.wsgi [req-00a11f13-603d-4c3c-8839-13b5699cd4be req-f1e16c5e-1c43-4f50-8b1a-982d27f2d5ed 274f168af0ca40ec9b0bc8e04394f821 829dbd3af7f04b91bc0f39299a547493 - - default default] 10.0.0.78 "GET /v2.0/security-groups?id=27ce0ddd-04d9-4305-ad30-f43e50d2818a&fields=id&fields=name HTTP/1.1" status: 200 len: 286 time: 0.0462470
