2026-06-26 04:48:02.133 9 WARNING neutron.plugins.ml2.drivers.ovn.mech_driver.ovsdb.ovn_client [None req-ee77520e-4cd6-4f8b-b00e-c082be772d37 - - - - - -] No port found with ID 8c4a0bd1-3c65-49b7-a688-0e3d1bd64d3e: RuntimeError: No port found with ID 8c4a0bd1-3c65-49b7-a688-0e3d1bd64d3e
2026-06-26 04:48:02.143 9 INFO neutron.plugins.ml2.drivers.ovn.mech_driver.mech_driver [None req-ee77520e-4cd6-4f8b-b00e-c082be772d37 - - - - - -] OVN reports status up for port: 9f5e5ecc-210a-436c-8eb4-195da9ad68b8
2026-06-26 04:48:02.152 9 INFO neutron.plugins.ml2.plugin [None req-ee77520e-4cd6-4f8b-b00e-c082be772d37 - - - - - -] Attempt 1 to provision port 9f5e5ecc-210a-436c-8eb4-195da9ad68b8
2026-06-26 04:48:02.286 9 INFO neutron.notifiers.nova [-] Nova event matching ['req-69969d54-ac90-4fed-af50-6c838ebe4369'] response: {'server_uuid': '9091071d-f8aa-42b2-9bf4-74f30fee7b4a', 'name': 'network-vif-plugged', 'status': 'completed', 'tag': '9f5e5ecc-210a-436c-8eb4-195da9ad68b8', 'code': 200}
2026-06-26 04:48:02.307 10 INFO neutron.api.wsgi [None req-0194851d-8ebe-4b0d-9958-7e19230f88cd 158b7729050a495984523bc1f87691ef 4568e1db581344cf85756397d929f73d - - default default] 10.0.0.160 "DELETE /v2.0/security-groups/513911f7-0166-439b-bf76-8aeabb7a1123 HTTP/1.1" status: 204 len: 168 time: 0.2464387
2026-06-26 04:48:02.372 9 INFO neutron.db.ovn_revision_numbers_db [None req-ee77520e-4cd6-4f8b-b00e-c082be772d37 - - - - - -] Successfully bumped revision number for resource 9f5e5ecc-210a-436c-8eb4-195da9ad68b8 (type: ports) to 7
2026-06-26 04:48:02.438 9 INFO neutron.plugins.ml2.drivers.ovn.mech_driver.mech_driver [None req-d46e685e-8f93-43a3-afef-66bc8b2007de - - - - - -] OVN reports status up for port: 5efcd070-b95b-4a31-af6a-e1e5a6befa47
2026-06-26 04:48:02.448 9 INFO neutron.plugins.ml2.plugin [None req-d46e685e-8f93-43a3-afef-66bc8b2007de - - - - - -] Attempt 1 to provision port 5efcd070-b95b-4a31-af6a-e1e5a6befa47
2026-06-26 04:48:02.476 10 INFO neutron.api.wsgi [None req-71b8a973-f080-4ede-9d87-a19dfc43dd04 0e302c40e162484e87a40c51ead5d20b 8d913a222f4d467e808350c1468681ab - - default default] 10.0.0.160 "DELETE /v2.0/security-groups/93c84dcb-7089-4fa5-8081-3d2b13e4c49d HTTP/1.1" status: 204 len: 168 time: 0.1556284
2026-06-26 04:48:02.496 10 INFO neutron.api.v2.resource [None req-372e8911-320b-47d8-a3c5-3c9229cbcb3e 0e302c40e162484e87a40c51ead5d20b 8d913a222f4d467e808350c1468681ab - - default default] show failed (client error): The resource could not be found.
2026-06-26 04:48:02.497 10 INFO neutron.api.wsgi [None req-372e8911-320b-47d8-a3c5-3c9229cbcb3e 0e302c40e162484e87a40c51ead5d20b 8d913a222f4d467e808350c1468681ab - - default default] 10.0.0.160 "GET /v2.0/security-groups/93c84dcb-7089-4fa5-8081-3d2b13e4c49d HTTP/1.1" status: 404 len: 347 time: 0.0096104
2026-06-26 04:48:02.641 9 INFO neutron.db.ovn_revision_numbers_db [None req-d46e685e-8f93-43a3-afef-66bc8b2007de - - - - - -] Successfully bumped revision number for resource 5efcd070-b95b-4a31-af6a-e1e5a6befa47 (type: ports) to 5
2026-06-26 04:48:02.683 10 INFO neutron.api.wsgi [req-6ae41e2a-4b14-417d-81dd-303457b8a165 req-257142ab-d6e5-485a-9695-39c80cab92f7 268532af2a9040079e9bc8f1bbe6ea01 ddd202fca6a346e79361e85ed9be113d - - default default] 10.0.0.78 "GET /v2.0/ports?device_id=75a5b70f-0a2b-463d-846c-fd712a22148d HTTP/1.1" status: 200 len: 1170 time: 0.0420465
2026-06-26 04:48:02.698 9 INFO neutron.plugins.ml2.drivers.ovn.mech_driver.mech_driver [None req-5294aa1d-0bc2-497b-ae3a-e8555d689570 - - - - - -] OVN reports status up for port: 41849a97-1644-47f1-b9c0-bd269e0664cb
2026-06-26 04:48:02.736 10 INFO neutron.api.wsgi [req-6ae41e2a-4b14-417d-81dd-303457b8a165 req-643b580c-b557-4d04-8e6c-adc9bcdb2927 268532af2a9040079e9bc8f1bbe6ea01 ddd202fca6a346e79361e85ed9be113d - - default default] 10.0.0.78 "GET /v2.0/security-groups?id=50386ef1-7d38-40ad-b11c-a86ad2ca97a7&fields=id&fields=name HTTP/1.1" status: 200 len: 312 time: 0.0469606
2026-06-26 04:48:02.807 10 INFO neutron.api.wsgi [None req-8a89b717-a32d-4c86-a218-e63dbb981770 0e302c40e162484e87a40c51ead5d20b 8d913a222f4d467e808350c1468681ab - - default default] 10.0.0.160 "DELETE /v2.0/floatingips/3f8e6f47-008e-48bb-8f40-c597aa540349 HTTP/1.1" status: 204 len: 168 time: 0.3068206
2026-06-26 04:48:03.828 10 INFO neutron.api.wsgi [req-ae0881a4-42b9-4017-ae48-468327d2d5f6 req-5be87532-c27c-4538-81bb-1b351e02ef1e 268532af2a9040079e9bc8f1bbe6ea01 ddd202fca6a346e79361e85ed9be113d - - default default] 10.0.0.78 "GET /v2.0/ports?device_id=75a5b70f-0a2b-463d-846c-fd712a22148d HTTP/1.1" status: 200 len: 1170 time: 0.0364993
2026-06-26 04:48:03.866 10 INFO neutron.api.wsgi [req-ae0881a4-42b9-4017-ae48-468327d2d5f6 req-c191844e-83c2-46eb-96da-143ed9f9a2f9 268532af2a9040079e9bc8f1bbe6ea01 ddd202fca6a346e79361e85ed9be113d - - default default] 10.0.0.78 "GET /v2.0/security-groups?id=50386ef1-7d38-40ad-b11c-a86ad2ca97a7&fields=id&fields=name HTTP/1.1" status: 200 len: 312 time: 0.0318820
2026-06-26 04:48:04.008 10 INFO neutron.api.wsgi [None req-ea29caa8-d054-44f8-85db-1d690b9599f3 158b7729050a495984523bc1f87691ef 4568e1db581344cf85756397d929f73d - - default default] 10.0.0.160 "PUT /v2.0/routers/09630e86-2857-40a3-8ea0-e9347b7d317b/remove_router_interface HTTP/1.1" status: 200 len: 503 time: 1.1341166 /var/lib/openstack/lib/python3.12/site-packages/pycadf/identifier.py:71: UserWarning: Invalid uuid: neutron. To ensure interoperability, identifiers should be a valid uuid. warnings.warn(('Invalid uuid: %s. To ensure interoperability, '
2026-06-26 04:48:04.320 9 INFO neutron.notifiers.nova [-] Nova event matching ['req-a890374b-878e-44c7-bc1b-195c7f0dd670'] response: {'server_uuid': '9091071d-f8aa-42b2-9bf4-74f30fee7b4a', 'name': 'network-vif-plugged', 'status': 'completed', 'tag': '9f5e5ecc-210a-436c-8eb4-195da9ad68b8', 'code': 200}
2026-06-26 04:48:04.320 9 INFO neutron.notifiers.nova [-] Nova event matching ['req-a890374b-878e-44c7-bc1b-195c7f0dd670'] response: {'server_uuid': '75a5b70f-0a2b-463d-846c-fd712a22148d', 'name': 'network-vif-plugged', 'status': 'completed', 'tag': '5efcd070-b95b-4a31-af6a-e1e5a6befa47', 'code': 200}
2026-06-26 04:48:04.320 9 INFO neutron.notifiers.nova [-] Nova event matching ['req-a890374b-878e-44c7-bc1b-195c7f0dd670'] response: {'server_uuid': '75a5b70f-0a2b-463d-846c-fd712a22148d', 'name': 'network-vif-plugged', 'status': 'completed', 'tag': '5efcd070-b95b-4a31-af6a-e1e5a6befa47', 'code': 200}
2026-06-26 04:48:04.675 10 INFO neutron.api.wsgi [None req-b6a88c3b-c834-46ac-8846-312b8b13e6ff 158b7729050a495984523bc1f87691ef 4568e1db581344cf85756397d929f73d - - default default] 10.0.0.160 "DELETE /v2.0/routers/09630e86-2857-40a3-8ea0-e9347b7d317b HTTP/1.1" status: 204 len: 168 time: 0.6544676
2026-06-26 04:48:04.975 10 INFO neutron.api.wsgi [req-3b1d2956-e667-405f-99af-13ca15b7d6d6 req-f9f68563-ba4f-4fca-92f6-ca5ab0f6a1b1 268532af2a9040079e9bc8f1bbe6ea01 ddd202fca6a346e79361e85ed9be113d - - default default] 10.0.0.78 "GET /v2.0/ports?device_id=75a5b70f-0a2b-463d-846c-fd712a22148d HTTP/1.1" status: 200 len: 1170 time: 0.0441709
2026-06-26 04:48:05.024 10 INFO neutron.api.wsgi [req-3b1d2956-e667-405f-99af-13ca15b7d6d6 req-339e7933-15d7-4207-8823-a15eb86cf809 268532af2a9040079e9bc8f1bbe6ea01 ddd202fca6a346e79361e85ed9be113d - - default default] 10.0.0.78 "GET /v2.0/security-groups?id=50386ef1-7d38-40ad-b11c-a86ad2ca97a7&fields=id&fields=name HTTP/1.1" status: 200 len: 312 time: 0.0427251
2026-06-26 04:48:05.111 10 INFO neutron.api.wsgi [None req-e4d80a85-4626-4e76-96cb-bae616ee6e38 158b7729050a495984523bc1f87691ef 4568e1db581344cf85756397d929f73d - - default default] 10.0.0.160 "DELETE /v2.0/subnets/fd700a8e-5603-40ce-bdf7-07bcf0ac04a5 HTTP/1.1" status: 204 len: 168 time: 0.4316216
2026-06-26 04:48:05.422 10 INFO neutron.services.segments.plugin [-] Segment 37405815-355d-4078-a4b9-13df7d42d3e3 resource provider aggregate not found
2026-06-26 04:48:05.428 10 INFO neutron.services.segments.plugin [-] Segment 37405815-355d-4078-a4b9-13df7d42d3e3 resource provider aggregate not found
2026-06-26 04:48:05.437 10 INFO neutron.services.segments.plugin [-] Segment 37405815-355d-4078-a4b9-13df7d42d3e3 resource provider not found; error: Placement Client Error (4xx): {"errors": [{"status": 404, "title": "Not Found", "detail": "The resource could not be found.\n\n No resource provider with uuid 37405815-355d-4078-a4b9-13df7d42d3e3 found for delete ", "request_id": "req-21c547cc-1761-4eb7-8ecc-161884f826ab"}]}
2026-06-26 04:48:05.442 10 INFO neutron.services.segments.plugin [-] Segment 37405815-355d-4078-a4b9-13df7d42d3e3 resource provider not found; error: Placement Client Error (4xx): {"errors": [{"status": 404, "title": "Not Found", "detail": "The resource could not be found.\n\n No resource provider with uuid 37405815-355d-4078-a4b9-13df7d42d3e3 found for delete ", "request_id": "req-4d58625d-3b44-4c45-b39e-f6c834f73ceb"}]}
2026-06-26 04:48:05.471 10 INFO neutron.api.wsgi [None req-2ea6eaeb-b3b0-4b0b-8c31-6912dc3bd205 158b7729050a495984523bc1f87691ef 4568e1db581344cf85756397d929f73d - - default default] 10.0.0.160 "DELETE /v2.0/networks/c59d8667-0db5-46c5-9806-9e63542707c2 HTTP/1.1" status: 204 len: 168 time: 0.3525724
2026-06-26 04:48:05.708 10 INFO neutron.api.wsgi [None req-9e86d94e-eb5f-4d5c-8737-4d57dc495bc0 158b7729050a495984523bc1f87691ef 4568e1db581344cf85756397d929f73d - - default default] 10.0.0.160 "GET /v2.0/security-groups?tenant_id=8d913a222f4d467e808350c1468681ab&name=default HTTP/1.1" status: 200 len: 3120 time: 0.0313346
2026-06-26 04:48:05.910 10 INFO neutron.api.wsgi [None req-d69e5c33-c644-40ac-b016-7f374f7d233c 158b7729050a495984523bc1f87691ef 4568e1db581344cf85756397d929f73d - - default default] 10.0.0.160 "DELETE /v2.0/security-groups/e60cc7c6-9bf3-400f-b231-2794224a7748 HTTP/1.1" status: 204 len: 168 time: 0.1961479
2026-06-26 04:48:06.134 10 INFO neutron.api.wsgi [req-134518f8-b0d3-4461-ae3e-a72e2443f024 req-a9ce2c83-3bea-4e20-bcf9-995f3d1ca13f 268532af2a9040079e9bc8f1bbe6ea01 ddd202fca6a346e79361e85ed9be113d - - default default] 10.0.0.78 "GET /v2.0/ports?device_id=75a5b70f-0a2b-463d-846c-fd712a22148d HTTP/1.1" status: 200 len: 1170 time: 0.0369527
2026-06-26 04:48:06.177 10 INFO neutron.api.wsgi [req-134518f8-b0d3-4461-ae3e-a72e2443f024 req-4dd0e1ba-4ff9-45c4-80a2-abfb605c0a80 268532af2a9040079e9bc8f1bbe6ea01 ddd202fca6a346e79361e85ed9be113d - - default default] 10.0.0.78 "GET /v2.0/security-groups?id=50386ef1-7d38-40ad-b11c-a86ad2ca97a7&fields=id&fields=name HTTP/1.1" status: 200 len: 312 time: 0.0360019
2026-06-26 04:48:06.301 10 INFO neutron.api.wsgi [req-7f734001-778c-4352-970a-e6a0cc9c91f3 req-60efae9e-51fc-46c4-a91c-103d4b3800f8 268532af2a9040079e9bc8f1bbe6ea01 ddd202fca6a346e79361e85ed9be113d - - default default] 10.0.0.78 "GET /v2.0/ports?device_id=75a5b70f-0a2b-463d-846c-fd712a22148d HTTP/1.1" status: 200 len: 1170 time: 0.0552442
2026-06-26 04:48:06.776 10 INFO neutron.db.ovn_revision_numbers_db [None req-f468d256-bb1c-48ae-b343-91a0e50e5c71 268532af2a9040079e9bc8f1bbe6ea01 ddd202fca6a346e79361e85ed9be113d - - default default] Successfully bumped revision number for resource 6df8e5e1-630f-48f1-87e5-4b30e9c9844c (type: floatingips) to 1
2026-06-26 04:48:06.981 10 INFO neutron.db.ovn_revision_numbers_db [None req-f468d256-bb1c-48ae-b343-91a0e50e5c71 268532af2a9040079e9bc8f1bbe6ea01 ddd202fca6a346e79361e85ed9be113d - - default default] Successfully bumped revision number for resource 6df8e5e1-630f-48f1-87e5-4b30e9c9844c (type: floatingips) to 2
2026-06-26 04:48:06.981 10 INFO neutron.db.l3_db [None req-f468d256-bb1c-48ae-b343-91a0e50e5c71 268532af2a9040079e9bc8f1bbe6ea01 ddd202fca6a346e79361e85ed9be113d - - default default] Floating IP 6df8e5e1-630f-48f1-87e5-4b30e9c9844c associated. External IP: 10.96.250.205, port: 5efcd070-b95b-4a31-af6a-e1e5a6befa47.
2026-06-26 04:48:07.035 10 INFO neutron.api.wsgi [None req-f468d256-bb1c-48ae-b343-91a0e50e5c71 268532af2a9040079e9bc8f1bbe6ea01 ddd202fca6a346e79361e85ed9be113d - - default default] 10.0.0.160 "PUT /v2.0/floatingips/6df8e5e1-630f-48f1-87e5-4b30e9c9844c HTTP/1.1" status: 200 len: 1049 time: 0.7195978
2026-06-26 04:48:07.067 10 INFO neutron.notifiers.nova [-] Nova event matching ['req-b8e4bdbc-b811-47e4-be0e-c0c3144637d0'] response: {'name': 'network-changed', 'server_uuid': '75a5b70f-0a2b-463d-846c-fd712a22148d', 'tag': '5efcd070-b95b-4a31-af6a-e1e5a6befa47', 'status': 'completed', 'code': 200}
2026-06-26 04:48:07.167 10 INFO neutron.api.wsgi [req-483e641c-ee7b-4614-b9ae-8d47736976ac req-519e3b9a-b9a2-44c2-94dc-8fd75a66d327 268532af2a9040079e9bc8f1bbe6ea01 ddd202fca6a346e79361e85ed9be113d - - default default] 10.0.0.78 "GET /v2.0/ports?device_id=75a5b70f-0a2b-463d-846c-fd712a22148d HTTP/1.1" status: 200 len: 1170 time: 0.0689101
2026-06-26 04:48:07.212 10 INFO neutron.api.wsgi [req-483e641c-ee7b-4614-b9ae-8d47736976ac req-751807df-23ef-44d3-b44f-b288eff63f28 268532af2a9040079e9bc8f1bbe6ea01 ddd202fca6a346e79361e85ed9be113d - - default default] 10.0.0.78 "GET /v2.0/security-groups?id=50386ef1-7d38-40ad-b11c-a86ad2ca97a7&fields=id&fields=name HTTP/1.1" status: 200 len: 312 time: 0.0390685 /var/lib/openstack/lib/python3.12/site-packages/pycadf/identifier.py:71: UserWarning: Invalid uuid: neutron. To ensure interoperability, identifiers should be a valid uuid. warnings.warn(('Invalid uuid: %s. To ensure interoperability, '
2026-06-26 04:48:07.304 9 INFO neutron.api.wsgi [req-6fd85fc3-56a3-421b-806b-5ac1ea14659b req-52565ba3-6199-4f1c-8113-6635a2829c5a c20f319dc3984ebba267d56c940622e0 63cdc91da5f546ba891e6589aa3bc125 - - 8963cce63f5c42bc8c9d87b82fbe7c54 8963cce63f5c42bc8c9d87b82fbe7c54] 10.0.0.91 "GET /v2.0/ports?device_id=9091071d-f8aa-42b2-9bf4-74f30fee7b4a HTTP/1.1" status: 200 len: 1409 time: 0.1902435
2026-06-26 04:48:07.353 9 INFO neutron.api.wsgi [req-6fd85fc3-56a3-421b-806b-5ac1ea14659b req-2e5c7e1d-550a-4793-88bc-e11a38a94e27 c20f319dc3984ebba267d56c940622e0 63cdc91da5f546ba891e6589aa3bc125 - - 8963cce63f5c42bc8c9d87b82fbe7c54 8963cce63f5c42bc8c9d87b82fbe7c54] 10.0.0.91 "GET /v2.0/security-groups?id=43b48162-fb30-47f7-8569-cdc189ea2533&fields=id&fields=name HTTP/1.1" status: 200 len: 313 time: 0.0417302
2026-06-26 04:48:07.418 9 INFO neutron.db.ovn_revision_numbers_db [None req-474e369c-fdaf-4476-9c12-b829a16f6823 158b7729050a495984523bc1f87691ef 4568e1db581344cf85756397d929f73d - - default default] Successfully bumped revision number for resource 5397ae45-514f-4615-b8ca-290dfb312155 (type: security_groups) to 1
2026-06-26 04:48:07.436 9 INFO neutron.db.ovn_revision_numbers_db [None req-474e369c-fdaf-4476-9c12-b829a16f6823 158b7729050a495984523bc1f87691ef 4568e1db581344cf85756397d929f73d - - default default] Successfully bumped revision number for resource 4bd8dd60-6f19-42bc-a292-3a4943e10451 (type: security_group_rules) to 0
2026-06-26 04:48:07.452 9 INFO neutron.db.ovn_revision_numbers_db [None req-474e369c-fdaf-4476-9c12-b829a16f6823 158b7729050a495984523bc1f87691ef 4568e1db581344cf85756397d929f73d - - default default] Successfully bumped revision number for resource 6c76a413-ff5c-4c37-8803-c7ec78410b6b (type: security_group_rules) to 0
2026-06-26 04:48:07.465 9 INFO neutron.db.ovn_revision_numbers_db [None req-474e369c-fdaf-4476-9c12-b829a16f6823 158b7729050a495984523bc1f87691ef 4568e1db581344cf85756397d929f73d - - default default] Successfully bumped revision number for resource c83667e7-f0c2-4f8e-9cc1-aa05b356536c (type: security_group_rules) to 0
2026-06-26 04:48:07.481 9 INFO neutron.db.ovn_revision_numbers_db [None req-474e369c-fdaf-4476-9c12-b829a16f6823 158b7729050a495984523bc1f87691ef 4568e1db581344cf85756397d929f73d - - default default] Successfully bumped revision number for resource ffd38a44-7619-4d36-901e-a1d709bded1e (type: security_group_rules) to 0
2026-06-26 04:48:07.481 10 INFO neutron.api.wsgi [req-729b059d-d86b-4ebc-b32a-9c70719f971a req-21f2ac5a-5edf-4260-bad8-b92c7411fece 268532af2a9040079e9bc8f1bbe6ea01 ddd202fca6a346e79361e85ed9be113d - - default default] 10.0.0.78 "GET /v2.0/ports?device_id=75a5b70f-0a2b-463d-846c-fd712a22148d HTTP/1.1" status: 200 len: 1170 time: 0.0378630
2026-06-26 04:48:07.516 9 INFO neutron.api.wsgi [None req-474e369c-fdaf-4476-9c12-b829a16f6823 158b7729050a495984523bc1f87691ef 4568e1db581344cf85756397d929f73d - - default default] 10.0.0.160 "GET /v2.0/security-groups?tenant_id=c147b8d334bd4873b18a65fd0e275bd8&name=default HTTP/1.1" status: 200 len: 3120 time: 0.3760157
2026-06-26 04:48:07.529 10 INFO neutron.api.wsgi [req-729b059d-d86b-4ebc-b32a-9c70719f971a req-bd701cb0-a46b-44cf-827a-35c8463b4fe6 268532af2a9040079e9bc8f1bbe6ea01 ddd202fca6a346e79361e85ed9be113d - - default default] 10.0.0.78 "GET /v2.0/security-groups?id=50386ef1-7d38-40ad-b11c-a86ad2ca97a7&fields=id&fields=name HTTP/1.1" status: 200 len: 312 time: 0.0425665
2026-06-26 04:48:07.615 9 INFO neutron.api.wsgi [req-6a30a574-107a-4479-910e-cb68ceb70dbf req-38ff8fde-0bc0-4cb7-b58c-7dcaa45fb74c c20f319dc3984ebba267d56c940622e0 63cdc91da5f546ba891e6589aa3bc125 - - 8963cce63f5c42bc8c9d87b82fbe7c54 8963cce63f5c42bc8c9d87b82fbe7c54] 199.204.45.115 "GET /v2.0/ports?tenant_id=ddd202fca6a346e79361e85ed9be113d&device_id=75a5b70f-0a2b-463d-846c-fd712a22148d HTTP/1.1" status: 200 len: 1409 time: 0.0382791
2026-06-26 04:48:07.769 10 INFO neutron.api.wsgi [None req-db25334d-29b4-4c30-8877-7ddb3d234879 158b7729050a495984523bc1f87691ef 4568e1db581344cf85756397d929f73d - - default default] 10.0.0.160 "DELETE /v2.0/security-groups/5397ae45-514f-4615-b8ca-290dfb312155 HTTP/1.1" status: 204 len: 168 time: 0.2475233
2026-06-26 04:48:07.866 9 INFO neutron.api.wsgi [req-6a30a574-107a-4479-910e-cb68ceb70dbf req-314bba34-0e54-475a-a33f-6e7af5ec2c8f c20f319dc3984ebba267d56c940622e0 63cdc91da5f546ba891e6589aa3bc125 - - 8963cce63f5c42bc8c9d87b82fbe7c54 8963cce63f5c42bc8c9d87b82fbe7c54] 199.204.45.115 "GET /v2.0/networks?id=5979a2c9-a4fe-4da3-bd13-a5d5d7e05bca HTTP/1.1" status: 200 len: 968 time: 0.2430856
2026-06-26 04:48:07.907 9 INFO neutron.api.wsgi [req-6a30a574-107a-4479-910e-cb68ceb70dbf req-8fd351fc-85b7-4ee8-9b5a-8e3e7f0b2820 c20f319dc3984ebba267d56c940622e0 63cdc91da5f546ba891e6589aa3bc125 - - 8963cce63f5c42bc8c9d87b82fbe7c54 8963cce63f5c42bc8c9d87b82fbe7c54] 199.204.45.115 "GET /v2.0/floatingips?fixed_ip_address=10.100.0.5&port_id=5efcd070-b95b-4a31-af6a-e1e5a6befa47 HTTP/1.1" status: 200 len: 1059 time: 0.0358150
2026-06-26 04:48:07.946 9 INFO neutron.api.wsgi [req-6a30a574-107a-4479-910e-cb68ceb70dbf req-97bb4fbc-a93d-4855-ac5f-923c259af316 c20f319dc3984ebba267d56c940622e0 63cdc91da5f546ba891e6589aa3bc125 - - 8963cce63f5c42bc8c9d87b82fbe7c54 8963cce63f5c42bc8c9d87b82fbe7c54] 199.204.45.115 "GET /v2.0/subnets?id=967bc9a7-fd89-4f53-a566-c0cef0e46851 HTTP/1.1" status: 200 len: 887 time: 0.0331254
2026-06-26 04:48:07.964 9 INFO neutron.api.wsgi [req-6a30a574-107a-4479-910e-cb68ceb70dbf req-96d048f1-8859-4f9a-a407-4ca33c2b8691 c20f319dc3984ebba267d56c940622e0 63cdc91da5f546ba891e6589aa3bc125 - - 8963cce63f5c42bc8c9d87b82fbe7c54 8963cce63f5c42bc8c9d87b82fbe7c54] 199.204.45.115 "GET /v2.0/ports?network_id=5979a2c9-a4fe-4da3-bd13-a5d5d7e05bca&device_owner=network%3Adhcp HTTP/1.1" status: 200 len: 210 time: 0.0155394
2026-06-26 04:48:08.006 9 INFO neutron.plugins.ml2.drivers.ovn.mech_driver.mech_driver [None req-5294aa1d-0bc2-497b-ae3a-e8555d689570 - - - - - -] OVN reports status down for port: 5efcd070-b95b-4a31-af6a-e1e5a6befa47
2026-06-26 04:48:08.026 9 INFO neutron.api.wsgi [req-6a30a574-107a-4479-910e-cb68ceb70dbf req-6ccd76a0-da03-4156-8dd5-b0d771b04646 c20f319dc3984ebba267d56c940622e0 63cdc91da5f546ba891e6589aa3bc125 - - 8963cce63f5c42bc8c9d87b82fbe7c54 8963cce63f5c42bc8c9d87b82fbe7c54] 199.204.45.115 "GET /v2.0/networks/5979a2c9-a4fe-4da3-bd13-a5d5d7e05bca?fields=segments HTTP/1.1" status: 200 len: 212 time: 0.0580940
2026-06-26 04:48:08.094 9 INFO neutron.api.wsgi [req-6a30a574-107a-4479-910e-cb68ceb70dbf req-209e226f-b68b-4a8c-a4b9-6477702c5e6e c20f319dc3984ebba267d56c940622e0 63cdc91da5f546ba891e6589aa3bc125 - - 8963cce63f5c42bc8c9d87b82fbe7c54 8963cce63f5c42bc8c9d87b82fbe7c54] 199.204.45.115 "GET /v2.0/networks/5979a2c9-a4fe-4da3-bd13-a5d5d7e05bca?fields=provider%3Aphysical_network&fields=provider%3Anetwork_type HTTP/1.1" status: 200 len: 277 time: 0.0613139
2026-06-26 04:48:08.113 10 INFO neutron.db.ovn_revision_numbers_db [None req-ddff8bc4-4556-4baf-ad91-f5785de54be6 158b7729050a495984523bc1f87691ef 4568e1db581344cf85756397d929f73d - - default default] Successfully bumped revision number for resource 548ba22a-c09f-491a-805b-afef5a4f5f0a (type: security_groups) to 1
2026-06-26 04:48:08.141 10 INFO neutron.db.ovn_revision_numbers_db [None req-ddff8bc4-4556-4baf-ad91-f5785de54be6 158b7729050a495984523bc1f87691ef 4568e1db581344cf85756397d929f73d - - default default] Successfully bumped revision number for resource 02b4e901-7632-4ce6-85bc-dd8a78e5c8cd (type: security_group_rules) to 0
2026-06-26 04:48:08.145 10 INFO neutron.db.ovn_revision_numbers_db [None req-b9b30c25-761b-42b7-82ed-a9fa51dd9c07 158b7729050a495984523bc1f87691ef 4568e1db581344cf85756397d929f73d - - default default] Successfully bumped revision number for resource 1a3795a8-de31-4a2e-9d60-7b1ee592d193 (type: security_groups) to 1
2026-06-26 04:48:08.163 10 INFO neutron.db.ovn_revision_numbers_db [None req-ddff8bc4-4556-4baf-ad91-f5785de54be6 158b7729050a495984523bc1f87691ef 4568e1db581344cf85756397d929f73d - - default default] Successfully bumped revision number for resource 19f0f477-d017-40e4-9fa1-655c7bfc12a7 (type: security_group_rules) to 0
2026-06-26 04:48:08.167 10 INFO neutron.db.ovn_revision_numbers_db [None req-b9b30c25-761b-42b7-82ed-a9fa51dd9c07 158b7729050a495984523bc1f87691ef 4568e1db581344cf85756397d929f73d - - default default] Successfully bumped revision number for resource 2469b110-81ef-40e7-be7c-72855f583f31 (type: security_group_rules) to 0
2026-06-26 04:48:08.176 10 INFO neutron.db.ovn_revision_numbers_db [None req-ddff8bc4-4556-4baf-ad91-f5785de54be6 158b7729050a495984523bc1f87691ef 4568e1db581344cf85756397d929f73d - - default default] Successfully bumped revision number for resource 7027f8d2-b726-4671-b95e-c3a16af4294d (type: security_group_rules) to 0
2026-06-26 04:48:08.181 9 INFO neutron.notifiers.nova [-] Nova event matching ['req-a884e9e8-2db2-482a-800c-5df0bfb9e966'] response: {'server_uuid': '75a5b70f-0a2b-463d-846c-fd712a22148d', 'name': 'network-vif-unplugged', 'status': 'completed', 'tag': '5efcd070-b95b-4a31-af6a-e1e5a6befa47', 'code': 200}
2026-06-26 04:48:08.186 10 INFO neutron.db.ovn_revision_numbers_db [None req-b9b30c25-761b-42b7-82ed-a9fa51dd9c07 158b7729050a495984523bc1f87691ef 4568e1db581344cf85756397d929f73d - - default default] Successfully bumped revision number for resource 88a773c9-3d7a-4303-b7ad-267dab116615 (type: security_group_rules) to 0
2026-06-26 04:48:08.191 10 INFO neutron.db.ovn_revision_numbers_db [None req-ddff8bc4-4556-4baf-ad91-f5785de54be6 158b7729050a495984523bc1f87691ef 4568e1db581344cf85756397d929f73d - - default default] Successfully bumped revision number for resource c1e9e25f-e519-4624-914f-c582263f8a58 (type: security_group_rules) to 0
2026-06-26 04:48:08.206 10 INFO neutron.db.ovn_revision_numbers_db [None req-b9b30c25-761b-42b7-82ed-a9fa51dd9c07 158b7729050a495984523bc1f87691ef 4568e1db581344cf85756397d929f73d - - default default] Successfully bumped revision number for resource d7518e21-214d-4b6f-acc3-766a4f62e86e (type: security_group_rules) to 0
2026-06-26 04:48:08.220 10 INFO neutron.db.ovn_revision_numbers_db [None req-b9b30c25-761b-42b7-82ed-a9fa51dd9c07 158b7729050a495984523bc1f87691ef 4568e1db581344cf85756397d929f73d - - default default] Successfully bumped revision number for resource fe559634-e6a6-4445-804d-7baf77e4226c (type: security_group_rules) to 0
2026-06-26 04:48:08.225 10 INFO neutron.api.wsgi [None req-ddff8bc4-4556-4baf-ad91-f5785de54be6 158b7729050a495984523bc1f87691ef 4568e1db581344cf85756397d929f73d - - default default] 10.0.0.160 "GET /v2.0/security-groups?tenant_id=e3665cd43fa74c52b87d2e2e6b3e01c4&name=default HTTP/1.1" status: 200 len: 3120 time: 0.2722158
2026-06-26 04:48:08.292 9 INFO neutron.db.ovn_revision_numbers_db [None req-5294aa1d-0bc2-497b-ae3a-e8555d689570 - - - - - -] Successfully bumped revision number for resource 5efcd070-b95b-4a31-af6a-e1e5a6befa47 (type: ports) to 6
2026-06-26 04:48:08.320 10 INFO neutron.db.segments_db [None req-b9b30c25-761b-42b7-82ed-a9fa51dd9c07 158b7729050a495984523bc1f87691ef 4568e1db581344cf85756397d929f73d - - default default] Added segment 76167383-b113-4143-8ff8-5243efbfcdda of type geneve for network b0fe73fd-a61f-4d62-a4ce-232f3b894842
2026-06-26 04:48:08.456 10 INFO neutron.db.ovn_revision_numbers_db [None req-b9b30c25-761b-42b7-82ed-a9fa51dd9c07 158b7729050a495984523bc1f87691ef 4568e1db581344cf85756397d929f73d - - default default] Successfully bumped revision number for resource b0fe73fd-a61f-4d62-a4ce-232f3b894842 (type: networks) to 1
2026-06-26 04:48:08.460 10 INFO neutron.api.wsgi [None req-e6e8fb86-2779-47fb-83c6-f9cc4f649ed2 158b7729050a495984523bc1f87691ef 4568e1db581344cf85756397d929f73d - - default default] 10.0.0.160 "DELETE /v2.0/security-groups/548ba22a-c09f-491a-805b-afef5a4f5f0a HTTP/1.1" status: 204 len: 168 time: 0.2295110
2026-06-26 04:48:08.529 9 INFO neutron.api.wsgi [-] 10.0.0.210 "GET / HTTP/1.1" status: 200 len: 247 time: 0.0030982
2026-06-26 04:48:08.532 9 INFO neutron.api.wsgi [-] 10.0.0.210 "GET / HTTP/1.1" status: 200 len: 247 time: 0.0022230
2026-06-26 04:48:08.607 10 WARNING neutron.scheduler.dhcp_agent_scheduler [None req-b9b30c25-761b-42b7-82ed-a9fa51dd9c07 158b7729050a495984523bc1f87691ef 4568e1db581344cf85756397d929f73d - - default default] No more DHCP agents
2026-06-26 04:48:08.608 10 WARNING neutron.api.rpc.agentnotifiers.dhcp_rpc_agent_api [None req-b9b30c25-761b-42b7-82ed-a9fa51dd9c07 158b7729050a495984523bc1f87691ef 4568e1db581344cf85756397d929f73d - - default default] Unable to schedule network b0fe73fd-a61f-4d62-a4ce-232f3b894842: no agents available; will retry on subsequent port and subnet creation events.
2026-06-26 04:48:08.628 10 INFO neutron.api.wsgi [req-81370a88-1185-439f-979d-a4e643702e47 req-08b28537-40dd-42a0-9d3e-769c753eca9a 268532af2a9040079e9bc8f1bbe6ea01 ddd202fca6a346e79361e85ed9be113d - - default default] 10.0.0.78 "GET /v2.0/ports?device_id=75a5b70f-0a2b-463d-846c-fd712a22148d HTTP/1.1" status: 200 len: 1168 time: 0.0344651
2026-06-26 04:48:08.674 10 INFO neutron.db.ovn_revision_numbers_db [None req-b9b30c25-761b-42b7-82ed-a9fa51dd9c07 158b7729050a495984523bc1f87691ef 4568e1db581344cf85756397d929f73d - - default default] Successfully bumped revision number for resource 11223143-114f-4b11-bcb6-6bf63a70645b (type: ports) to 1
2026-06-26 04:48:08.696 10 INFO neutron.api.wsgi [req-81370a88-1185-439f-979d-a4e643702e47 req-2d098fc7-67d5-4e99-9a53-fcfb9535b2a7 268532af2a9040079e9bc8f1bbe6ea01 ddd202fca6a346e79361e85ed9be113d - - default default] 10.0.0.78 "GET /v2.0/security-groups?id=50386ef1-7d38-40ad-b11c-a86ad2ca97a7&fields=id&fields=name HTTP/1.1" status: 200 len: 312 time: 0.0619817
2026-06-26 04:48:08.714 10 INFO neutron.api.wsgi [None req-b9b30c25-761b-42b7-82ed-a9fa51dd9c07 158b7729050a495984523bc1f87691ef 4568e1db581344cf85756397d929f73d - - default default] 10.0.0.160 "POST /v2.0/networks HTTP/1.1" status: 201 len: 944 time: 0.8793352
2026-06-26 04:48:08.865 10 WARNING neutron.scheduler.dhcp_agent_scheduler [None req-09256609-5226-4023-8015-4cc13614e013 158b7729050a495984523bc1f87691ef 4568e1db581344cf85756397d929f73d - - default default] No more DHCP agents
2026-06-26 04:48:08.866 10 WARNING neutron.api.rpc.agentnotifiers.dhcp_rpc_agent_api [None req-09256609-5226-4023-8015-4cc13614e013 158b7729050a495984523bc1f87691ef 4568e1db581344cf85756397d929f73d - - default default] Unable to schedule network b0fe73fd-a61f-4d62-a4ce-232f3b894842: no agents available; will retry on subsequent port and subnet creation events. /var/lib/openstack/lib/python3.12/site-packages/pycadf/identifier.py:71: UserWarning: Invalid uuid: neutron. To ensure interoperability, identifiers should be a valid uuid. warnings.warn(('Invalid uuid: %s. To ensure interoperability, '
2026-06-26 04:48:09.279 9 INFO neutron.api.wsgi [req-52d8cc72-0fd5-4874-ae05-a4fa71ab3c48 req-8f1dfd72-8f2a-4863-9635-cae1ff30f40c 268532af2a9040079e9bc8f1bbe6ea01 ddd202fca6a346e79361e85ed9be113d - - default default] 199.204.45.115 "GET /v2.0/ports?device_id=75a5b70f-0a2b-463d-846c-fd712a22148d HTTP/1.1" status: 200 len: 1168 time: 0.0761135
2026-06-26 04:48:09.299 10 INFO neutron.db.ovn_revision_numbers_db [None req-cd266063-02ab-4bd3-b599-f2232d794194 - - - - - -] Successfully bumped revision number for resource 11223143-114f-4b11-bcb6-6bf63a70645b (type: ports) to 2
2026-06-26 04:48:09.328 10 INFO neutron.db.ovn_revision_numbers_db [None req-cd266063-02ab-4bd3-b599-f2232d794194 - - - - - -] Successfully bumped revision number for resource f270b3f2-3bae-47af-a3ef-2673eda7f4fa (type: subnets) to 0
2026-06-26 04:48:09.347 10 INFO neutron.api.wsgi [None req-09256609-5226-4023-8015-4cc13614e013 158b7729050a495984523bc1f87691ef 4568e1db581344cf85756397d929f73d - - default default] 10.0.0.160 "POST /v2.0/subnets HTTP/1.1" status: 201 len: 889 time: 0.6257427
2026-06-26 04:48:09.594 9 INFO neutron.db.l3_db [req-52d8cc72-0fd5-4874-ae05-a4fa71ab3c48 req-084856d2-5291-437b-a01a-d96c1e96e193 268532af2a9040079e9bc8f1bbe6ea01 ddd202fca6a346e79361e85ed9be113d - - default default] Floating IP 6df8e5e1-630f-48f1-87e5-4b30e9c9844c disassociated. External IP: 10.96.250.205, port: 5efcd070-b95b-4a31-af6a-e1e5a6befa47.
2026-06-26 04:48:09.698 9 INFO neutron.api.wsgi [req-52d8cc72-0fd5-4874-ae05-a4fa71ab3c48 req-084856d2-5291-437b-a01a-d96c1e96e193 268532af2a9040079e9bc8f1bbe6ea01 ddd202fca6a346e79361e85ed9be113d - - default default] 199.204.45.115 "DELETE /v2.0/ports/5efcd070-b95b-4a31-af6a-e1e5a6befa47 HTTP/1.1" status: 204 len: 173 time: 0.4142025
2026-06-26 04:48:09.751 10 WARNING neutron.scheduler.dhcp_agent_scheduler [None req-d90fc99a-7f72-4251-b81e-f8a3ee00beec 158b7729050a495984523bc1f87691ef 4568e1db581344cf85756397d929f73d - - default default] No more DHCP agents
2026-06-26 04:48:09.753 10 WARNING neutron.api.rpc.agentnotifiers.dhcp_rpc_agent_api [None req-d90fc99a-7f72-4251-b81e-f8a3ee00beec 158b7729050a495984523bc1f87691ef 4568e1db581344cf85756397d929f73d - - default default] Unable to schedule network 11789b96-5912-42f6-902a-d4b9fa3b0e1f: no agents available; will retry on subsequent port and subnet creation events.
2026-06-26 04:48:09.805 10 INFO neutron.api.wsgi [req-689b6c88-9dda-4bab-b2a2-33c4f5053520 req-46cde203-6c82-4b5a-8fde-c6c3dbc6d7c2 268532af2a9040079e9bc8f1bbe6ea01 ddd202fca6a346e79361e85ed9be113d - - default default] 10.0.0.78 "GET /v2.0/ports?device_id=75a5b70f-0a2b-463d-846c-fd712a22148d HTTP/1.1" status: 200 len: 210 time: 0.0215540
2026-06-26 04:48:09.882 10 INFO neutron.db.ovn_revision_numbers_db [None req-d90fc99a-7f72-4251-b81e-f8a3ee00beec 158b7729050a495984523bc1f87691ef 4568e1db581344cf85756397d929f73d - - default default] Successfully bumped revision number for resource 075a8c32-7b5b-49ce-b767-8b7cde742616 (type: ports) to 1
2026-06-26 04:48:10.216 9 INFO neutron.notifiers.nova [-] Nova event matching ['req-57da4aae-4830-423d-ac92-f9ec4b6f6944'] response: {'server_uuid': '75a5b70f-0a2b-463d-846c-fd712a22148d', 'name': 'network-vif-unplugged', 'status': 'completed', 'tag': '5efcd070-b95b-4a31-af6a-e1e5a6befa47', 'code': 200}
2026-06-26 04:48:10.217 9 INFO neutron.notifiers.nova [-] Nova event matching ['req-57da4aae-4830-423d-ac92-f9ec4b6f6944'] response: {'server_uuid': '75a5b70f-0a2b-463d-846c-fd712a22148d', 'name': 'network-vif-deleted', 'tag': '5efcd070-b95b-4a31-af6a-e1e5a6befa47', 'status': 'completed', 'code': 200}
2026-06-26 04:48:10.491 10 INFO neutron.plugins.ml2.drivers.ovn.mech_driver.ovsdb.commands [None req-1ba8fd88-e200-4d31-8584-df0588196f8d - - - - - -] Schedule LRP lrp-075a8c32-7b5b-49ce-b767-8b7cde742616 on gateway 1c8134a9-393d-445c-b5c7-51a2b32003e3 with priority 1
2026-06-26 04:48:10.499 9 INFO neutron.plugins.ml2.drivers.ovn.mech_driver.mech_driver [None req-7fe2df6a-62c2-4482-a829-8c1b09964c5b - - - - - -] OVN reports status up for port: 075a8c32-7b5b-49ce-b767-8b7cde742616
2026-06-26 04:48:10.510 9 INFO neutron.plugins.ml2.plugin [None req-7fe2df6a-62c2-4482-a829-8c1b09964c5b - - - - - -] Attempt 1 to provision port 075a8c32-7b5b-49ce-b767-8b7cde742616
2026-06-26 04:48:10.514 10 INFO neutron.plugins.ml2.drivers.ovn.mech_driver.ovsdb.ovsdb_monitor [None req-0b317041-cd59-4829-81eb-e1ba0aefc9bc - - - - - -] Router cda974d5-0ba9-4ec0-8d6c-883a65bb2d5c is bound to host instance
2026-06-26 04:48:10.558 10 INFO neutron.db.ovn_revision_numbers_db [None req-d90fc99a-7f72-4251-b81e-f8a3ee00beec 158b7729050a495984523bc1f87691ef 4568e1db581344cf85756397d929f73d - - default default] Successfully bumped revision number for resource 075a8c32-7b5b-49ce-b767-8b7cde742616 (type: router_ports) to 1
2026-06-26 04:48:10.628 10 INFO neutron.db.ovn_revision_numbers_db [None req-d90fc99a-7f72-4251-b81e-f8a3ee00beec 158b7729050a495984523bc1f87691ef 4568e1db581344cf85756397d929f73d - - default default] Successfully bumped revision number for resource cda974d5-0ba9-4ec0-8d6c-883a65bb2d5c (type: routers) to 2
2026-06-26 04:48:10.656 10 INFO neutron.api.wsgi [None req-d90fc99a-7f72-4251-b81e-f8a3ee00beec 158b7729050a495984523bc1f87691ef 4568e1db581344cf85756397d929f73d - - default default] 10.0.0.160 "POST /v2.0/routers HTTP/1.1" status: 201 len: 1167 time: 1.2999721
2026-06-26 04:48:10.944 10 INFO neutron.api.wsgi [req-a37417ee-8d96-44f6-a26c-6dc2cb8c2899 req-e066f671-9fe4-4084-8dc4-b99dcacb4611 268532af2a9040079e9bc8f1bbe6ea01 ddd202fca6a346e79361e85ed9be113d - - default default] 10.0.0.78 "GET /v2.0/ports?device_id=75a5b70f-0a2b-463d-846c-fd712a22148d HTTP/1.1" status: 200 len: 210 time: 0.0290411
2026-06-26 04:48:11.112 10 INFO neutron.db.ovn_revision_numbers_db [None req-86422ab9-198b-457c-b05e-0e9d6812ee66 - - - - - -] Successfully bumped revision number for resource 075a8c32-7b5b-49ce-b767-8b7cde742616 (type: ports) to 1
2026-06-26 04:48:11.171 10 WARNING neutron.scheduler.dhcp_agent_scheduler [None req-551c1cb7-2c65-43af-9d6b-2930efb74c9f 158b7729050a495984523bc1f87691ef 4568e1db581344cf85756397d929f73d - - default default] No more DHCP agents
2026-06-26 04:48:11.173 10 WARNING neutron.api.rpc.agentnotifiers.dhcp_rpc_agent_api [None req-551c1cb7-2c65-43af-9d6b-2930efb74c9f 158b7729050a495984523bc1f87691ef 4568e1db581344cf85756397d929f73d - - default default] Unable to schedule network b0fe73fd-a61f-4d62-a4ce-232f3b894842: no agents available; will retry on subsequent port and subnet creation events.
2026-06-26 04:48:11.317 10 INFO neutron.db.ovn_revision_numbers_db [None req-551c1cb7-2c65-43af-9d6b-2930efb74c9f 158b7729050a495984523bc1f87691ef 4568e1db581344cf85756397d929f73d - - default default] Successfully bumped revision number for resource 7b05c694-490a-446d-ad41-0ffbf1d4d103 (type: ports) to 1
2026-06-26 04:48:11.463 10 INFO neutron.db.ovn_revision_numbers_db [None req-86422ab9-198b-457c-b05e-0e9d6812ee66 - - - - - -] Successfully bumped revision number for resource 075a8c32-7b5b-49ce-b767-8b7cde742616 (type: ports) to 4
2026-06-26 04:48:11.772 10 INFO neutron.db.ovn_revision_numbers_db [None req-86422ab9-198b-457c-b05e-0e9d6812ee66 - - - - - -] Successfully bumped revision number for resource 075a8c32-7b5b-49ce-b767-8b7cde742616 (type: ports) to 5
2026-06-26 04:48:11.871 10 INFO neutron.plugins.ml2.drivers.ovn.mech_driver.mech_driver [None req-4d02630a-0542-4674-b77e-2f7851cdc363 - - - - - -] OVN reports status up for port: 7b05c694-490a-446d-ad41-0ffbf1d4d103
2026-06-26 04:48:11.880 10 INFO neutron.plugins.ml2.plugin [None req-4d02630a-0542-4674-b77e-2f7851cdc363 - - - - - -] Attempt 1 to provision port 7b05c694-490a-446d-ad41-0ffbf1d4d103
2026-06-26 04:48:11.890 10 INFO neutron.db.ovn_revision_numbers_db [None req-551c1cb7-2c65-43af-9d6b-2930efb74c9f 158b7729050a495984523bc1f87691ef 4568e1db581344cf85756397d929f73d - - default default] Successfully bumped revision number for resource 7b05c694-490a-446d-ad41-0ffbf1d4d103 (type: ports) to 1
2026-06-26 04:48:11.947 10 WARNING neutron.scheduler.dhcp_agent_scheduler [None req-551c1cb7-2c65-43af-9d6b-2930efb74c9f 158b7729050a495984523bc1f87691ef 4568e1db581344cf85756397d929f73d - - default default] No more DHCP agents
2026-06-26 04:48:11.948 10 WARNING neutron.api.rpc.agentnotifiers.dhcp_rpc_agent_api [None req-551c1cb7-2c65-43af-9d6b-2930efb74c9f 158b7729050a495984523bc1f87691ef 4568e1db581344cf85756397d929f73d - - default default] Unable to schedule network b0fe73fd-a61f-4d62-a4ce-232f3b894842: no agents available; will retry on subsequent port and subnet creation events.
2026-06-26 04:48:12.043 10 INFO neutron.api.wsgi [req-b73409cd-c141-4e2a-8f42-e524f57ebba4 req-11439296-d1c4-479d-8fa6-f9dd64b8d3d7 268532af2a9040079e9bc8f1bbe6ea01 ddd202fca6a346e79361e85ed9be113d - - default default] 10.0.0.78 "GET /v2.0/ports?device_id=75a5b70f-0a2b-463d-846c-fd712a22148d HTTP/1.1" status: 200 len: 210 time: 0.0194302 /var/lib/openstack/lib/python3.12/site-packages/pycadf/identifier.py:71: UserWarning: Invalid uuid: neutron. To ensure interoperability, identifiers should be a valid uuid. warnings.warn(('Invalid uuid: %s. To ensure interoperability, '
2026-06-26 04:48:12.298 10 INFO neutron.db.ovn_revision_numbers_db [None req-4d02630a-0542-4674-b77e-2f7851cdc363 - - - - - -] Successfully bumped revision number for resource 7b05c694-490a-446d-ad41-0ffbf1d4d103 (type: ports) to 2
2026-06-26 04:48:12.308 9 INFO neutron.db.ovn_revision_numbers_db [None req-45df8fdb-b6fb-4813-a152-a280e581cb0b 158b7729050a495984523bc1f87691ef 4568e1db581344cf85756397d929f73d - - default default] Successfully bumped revision number for resource 2dd71833-00f5-40f9-adad-e7b97f2617b1 (type: security_groups) to 1
2026-06-26 04:48:12.320 9 INFO neutron.db.ovn_revision_numbers_db [None req-45df8fdb-b6fb-4813-a152-a280e581cb0b 158b7729050a495984523bc1f87691ef 4568e1db581344cf85756397d929f73d - - default default] Successfully bumped revision number for resource 25ff529e-3074-4536-8c55-22e31f992c75 (type: security_group_rules) to 0
2026-06-26 04:48:12.334 9 INFO neutron.db.ovn_revision_numbers_db [None req-45df8fdb-b6fb-4813-a152-a280e581cb0b 158b7729050a495984523bc1f87691ef 4568e1db581344cf85756397d929f73d - - default default] Successfully bumped revision number for resource 5d5f9bb5-d503-4c17-bc6c-4d2812ff6c86 (type: security_group_rules) to 0
2026-06-26 04:48:12.345 9 INFO neutron.db.ovn_revision_numbers_db [None req-45df8fdb-b6fb-4813-a152-a280e581cb0b 158b7729050a495984523bc1f87691ef 4568e1db581344cf85756397d929f73d - - default default] Successfully bumped revision number for resource df19c050-0cfa-439b-8bbe-62200cd2153f (type: security_group_rules) to 0
2026-06-26 04:48:12.360 9 INFO neutron.db.ovn_revision_numbers_db [None req-45df8fdb-b6fb-4813-a152-a280e581cb0b 158b7729050a495984523bc1f87691ef 4568e1db581344cf85756397d929f73d - - default default] Successfully bumped revision number for resource fdfcd040-49f0-4b76-836f-3f447f0427d8 (type: security_group_rules) to 0
2026-06-26 04:48:12.392 9 INFO neutron.api.wsgi [None req-45df8fdb-b6fb-4813-a152-a280e581cb0b 158b7729050a495984523bc1f87691ef 4568e1db581344cf85756397d929f73d - - default default] 10.0.0.160 "GET /v2.0/security-groups?tenant_id=0b16513418b14851af0fb98253e71eb6&name=default HTTP/1.1" status: 200 len: 3120 time: 0.3565814
2026-06-26 04:48:12.607 9 INFO neutron.api.wsgi [None req-321f2018-c86e-42c5-8442-4585ce30cff6 158b7729050a495984523bc1f87691ef 4568e1db581344cf85756397d929f73d - - default default] 10.0.0.160 "DELETE /v2.0/security-groups/2dd71833-00f5-40f9-adad-e7b97f2617b1 HTTP/1.1" status: 204 len: 168 time: 0.2083049
2026-06-26 04:48:12.655 10 INFO neutron.db.ovn_revision_numbers_db [None req-551c1cb7-2c65-43af-9d6b-2930efb74c9f 158b7729050a495984523bc1f87691ef 4568e1db581344cf85756397d929f73d - - default default] Successfully bumped revision number for resource 7b05c694-490a-446d-ad41-0ffbf1d4d103 (type: router_ports) to 1
2026-06-26 04:48:12.661 10 INFO neutron.api.wsgi [None req-551c1cb7-2c65-43af-9d6b-2930efb74c9f 158b7729050a495984523bc1f87691ef 4568e1db581344cf85756397d929f73d - - default default] 10.0.0.160 "PUT /v2.0/routers/cda974d5-0ba9-4ec0-8d6c-883a65bb2d5c/add_router_interface HTTP/1.1" status: 200 len: 503 time: 2.0006611
2026-06-26 04:48:13.125 10 INFO neutron.api.wsgi [req-62c0ddd5-de67-44c0-8105-e6b70a54733c req-0a3c9926-6166-4d98-a9f4-804fd63b81d7 268532af2a9040079e9bc8f1bbe6ea01 ddd202fca6a346e79361e85ed9be113d - - default default] 10.0.0.78 "GET /v2.0/ports?device_id=75a5b70f-0a2b-463d-846c-fd712a22148d HTTP/1.1" status: 200 len: 210 time: 0.0200338
2026-06-26 04:48:13.218 9 WARNING neutron_lib.context [None req-2988b1f1-4f8b-4e12-a9b1-ecc0c7d14ad2 a23084f7e92e424d99d1bb2927768774 f203900a5f1f42ffb4e7531a4a445643 - - default default] Method 'is_advsvc' is deprecated since 2023.2 release (neutron-lib 3.8.0) and will be removed once support for the old RBAC API policies will be removed from Neutron. Please use method 'is_service_role' instead.
2026-06-26 04:48:13.323 9 INFO neutron.db.ovn_revision_numbers_db [None req-2988b1f1-4f8b-4e12-a9b1-ecc0c7d14ad2 a23084f7e92e424d99d1bb2927768774 f203900a5f1f42ffb4e7531a4a445643 - - default default] Successfully bumped revision number for resource 84623a32-7949-4545-a074-199e3ac8aaf4 (type: security_groups) to 1
2026-06-26 04:48:13.336 9 INFO neutron.db.ovn_revision_numbers_db [None req-2988b1f1-4f8b-4e12-a9b1-ecc0c7d14ad2 a23084f7e92e424d99d1bb2927768774 f203900a5f1f42ffb4e7531a4a445643 - - default default] Successfully bumped revision number for resource 356ca6c4-15dd-4632-85d2-b56bfea22399 (type: security_group_rules) to 0
2026-06-26 04:48:13.347 9 INFO neutron.db.ovn_revision_numbers_db [None req-2988b1f1-4f8b-4e12-a9b1-ecc0c7d14ad2 a23084f7e92e424d99d1bb2927768774 f203900a5f1f42ffb4e7531a4a445643 - - default default] Successfully bumped revision number for resource ce6e0b59-d106-424d-888e-5ed334b95686 (type: security_group_rules) to 0
2026-06-26 04:48:13.386 9 INFO neutron.api.wsgi [None req-2988b1f1-4f8b-4e12-a9b1-ecc0c7d14ad2 a23084f7e92e424d99d1bb2927768774 f203900a5f1f42ffb4e7531a4a445643 - - default default] 10.0.0.160 "POST /v2.0/security-groups HTTP/1.1" status: 201 len: 1861 time: 0.1744733
2026-06-26 04:48:13.401 10 WARNING neutron_lib.context [None req-14310ea1-aff0-49af-b1cb-224d7866df24 a23084f7e92e424d99d1bb2927768774 f203900a5f1f42ffb4e7531a4a445643 - - default default] Method 'is_advsvc' is deprecated since 2023.2 release (neutron-lib 3.8.0) and will be removed once support for the old RBAC API policies will be removed from Neutron. Please use method 'is_service_role' instead.
2026-06-26 04:48:13.423 9 INFO neutron.api.wsgi [req-83ad389b-d82d-4987-81da-c81cabd634a0 req-5d7e8893-a052-4ced-95c1-ef9d401eb212 c20f319dc3984ebba267d56c940622e0 63cdc91da5f546ba891e6589aa3bc125 - - 8963cce63f5c42bc8c9d87b82fbe7c54 8963cce63f5c42bc8c9d87b82fbe7c54] 199.204.45.115 "GET /v2.0/ports?device_id=9091071d-f8aa-42b2-9bf4-74f30fee7b4a&fields=binding%3Ahost_id&fields=binding%3Avif_type HTTP/1.1" status: 200 len: 265 time: 0.0336108
2026-06-26 04:48:13.557 10 INFO neutron.api.wsgi [req-c90be29d-8213-4177-a535-d4ad8fed62ff req-11c81bce-1e60-40a2-aaa8-a3909f337931 4f4f500443434a499cfc25dd4863f6c8 5d4013a0c6aa44f8bea5ffee262a9437 - - default default] 10.0.0.78 "GET /v2.0/ports?device_id=9091071d-f8aa-42b2-9bf4-74f30fee7b4a HTTP/1.1" status: 200 len: 1170 time: 0.1054254
2026-06-26 04:48:13.576 10 INFO neutron.db.ovn_revision_numbers_db [None req-14310ea1-aff0-49af-b1cb-224d7866df24 a23084f7e92e424d99d1bb2927768774 f203900a5f1f42ffb4e7531a4a445643 - - default default] Successfully bumped revision number for resource f608db52-f43f-4083-bd6d-f661f22c4be1 (type: security_group_rules) to 0
2026-06-26 04:48:13.594 10 INFO neutron.api.wsgi [req-c90be29d-8213-4177-a535-d4ad8fed62ff req-7628e6de-b763-42b0-8d1d-f062e0b3749a 4f4f500443434a499cfc25dd4863f6c8 5d4013a0c6aa44f8bea5ffee262a9437 - - default default] 10.0.0.78 "GET /v2.0/security-groups?id=43b48162-fb30-47f7-8569-cdc189ea2533&fields=id&fields=name HTTP/1.1" status: 200 len: 313 time: 0.0324087
2026-06-26 04:48:13.607 10 INFO neutron.api.wsgi [None req-14310ea1-aff0-49af-b1cb-224d7866df24 a23084f7e92e424d99d1bb2927768774 f203900a5f1f42ffb4e7531a4a445643 - - default default] 10.0.0.160 "POST /v2.0/security-group-rules HTTP/1.1" status: 201 len: 796 time: 0.2116537
2026-06-26 04:48:13.619 10 WARNING neutron_lib.context [None req-92bd36f6-558b-4b1e-bfab-c4a9c654dc14 a23084f7e92e424d99d1bb2927768774 f203900a5f1f42ffb4e7531a4a445643 - - default default] Method 'is_advsvc' is deprecated since 2023.2 release (neutron-lib 3.8.0) and will be removed once support for the old RBAC API policies will be removed from Neutron. Please use method 'is_service_role' instead.
2026-06-26 04:48:13.725 10 INFO neutron.db.ovn_revision_numbers_db [None req-92bd36f6-558b-4b1e-bfab-c4a9c654dc14 a23084f7e92e424d99d1bb2927768774 f203900a5f1f42ffb4e7531a4a445643 - - default default] Successfully bumped revision number for resource 58cbaa35-2ebb-4ed4-b0b1-ba04ae13a76e (type: security_group_rules) to 0
2026-06-26 04:48:13.757 10 INFO neutron.api.wsgi [None req-92bd36f6-558b-4b1e-bfab-c4a9c654dc14 a23084f7e92e424d99d1bb2927768774 f203900a5f1f42ffb4e7531a4a445643 - - default default] 10.0.0.160 "POST /v2.0/security-group-rules HTTP/1.1" status: 201 len: 801 time: 0.1433053
2026-06-26 04:48:13.769 9 WARNING neutron_lib.context [None req-eaa193e0-2eea-4bab-8d8d-d3a9da44a7e6 a23084f7e92e424d99d1bb2927768774 f203900a5f1f42ffb4e7531a4a445643 - - default default] Method 'is_advsvc' is deprecated since 2023.2 release (neutron-lib 3.8.0) and will be removed once support for the old RBAC API policies will be removed from Neutron. Please use method 'is_service_role' instead.
2026-06-26 04:48:13.773 10 INFO neutron.api.wsgi [req-d0a66cb0-56ef-4c45-b2f9-50305c957956 req-1d575ecd-7155-4c4b-8c32-998f4b3f8e40 4f4f500443434a499cfc25dd4863f6c8 5d4013a0c6aa44f8bea5ffee262a9437 - - default default] 10.0.0.78 "GET /v2.0/ports?device_id=9091071d-f8aa-42b2-9bf4-74f30fee7b4a HTTP/1.1" status: 200 len: 1170 time: 0.0265706
2026-06-26 04:48:13.810 10 INFO neutron.api.wsgi [req-d0a66cb0-56ef-4c45-b2f9-50305c957956 req-cd8441ac-b4f7-4698-899a-9fd99d0fc11b 4f4f500443434a499cfc25dd4863f6c8 5d4013a0c6aa44f8bea5ffee262a9437 - - default default] 10.0.0.78 "GET /v2.0/security-groups?id=43b48162-fb30-47f7-8569-cdc189ea2533&fields=id&fields=name HTTP/1.1" status: 200 len: 313 time: 0.0308571
2026-06-26 04:48:13.995 9 WARNING neutron.scheduler.dhcp_agent_scheduler [None req-eaa193e0-2eea-4bab-8d8d-d3a9da44a7e6 a23084f7e92e424d99d1bb2927768774 f203900a5f1f42ffb4e7531a4a445643 - - default default] No more DHCP agents
2026-06-26 04:48:13.997 9 WARNING neutron.api.rpc.agentnotifiers.dhcp_rpc_agent_api [None req-eaa193e0-2eea-4bab-8d8d-d3a9da44a7e6 a23084f7e92e424d99d1bb2927768774 f203900a5f1f42ffb4e7531a4a445643 - - default default] Unable to schedule network 11789b96-5912-42f6-902a-d4b9fa3b0e1f: no agents available; will retry on subsequent port and subnet creation events.
2026-06-26 04:48:14.272 9 INFO neutron.api.wsgi [None req-eaa193e0-2eea-4bab-8d8d-d3a9da44a7e6 a23084f7e92e424d99d1bb2927768774 f203900a5f1f42ffb4e7531a4a445643 - - default default] 10.0.0.160 "POST /v2.0/floatingips HTTP/1.1" status: 201 len: 751 time: 0.5093660
2026-06-26 04:48:14.320 9 INFO neutron.plugins.ml2.drivers.ovn.mech_driver.mech_driver [None req-7fe2df6a-62c2-4482-a829-8c1b09964c5b - - - - - -] OVN reports status down for port: 9f5e5ecc-210a-436c-8eb4-195da9ad68b8
2026-06-26 04:48:14.352 10 INFO neutron.api.wsgi [None req-ba10a63f-e86c-4c93-974f-b9872a6e2839 268532af2a9040079e9bc8f1bbe6ea01 ddd202fca6a346e79361e85ed9be113d - - default default] 10.0.0.160 "DELETE /v2.0/security-groups/50386ef1-7d38-40ad-b11c-a86ad2ca97a7 HTTP/1.1" status: 204 len: 168 time: 0.1455009
2026-06-26 04:48:14.368 10 INFO neutron.api.v2.resource [None req-927607b4-7977-4189-935f-a6e60a44156a 268532af2a9040079e9bc8f1bbe6ea01 ddd202fca6a346e79361e85ed9be113d - - default default] show failed (client error): The resource could not be found.
2026-06-26 04:48:14.369 10 INFO neutron.api.wsgi [None req-927607b4-7977-4189-935f-a6e60a44156a 268532af2a9040079e9bc8f1bbe6ea01 ddd202fca6a346e79361e85ed9be113d - - default default] 10.0.0.160 "GET /v2.0/security-groups/50386ef1-7d38-40ad-b11c-a86ad2ca97a7 HTTP/1.1" status: 404 len: 347 time: 0.0109768
2026-06-26 04:48:14.496 9 INFO neutron.api.wsgi [req-83ad389b-d82d-4987-81da-c81cabd634a0 req-cbafe27f-3455-4bad-9198-c632bc3d39d8 c20f319dc3984ebba267d56c940622e0 63cdc91da5f546ba891e6589aa3bc125 - - 8963cce63f5c42bc8c9d87b82fbe7c54 8963cce63f5c42bc8c9d87b82fbe7c54] 199.204.45.115 "GET /v2.0/ports?tenant_id=5d4013a0c6aa44f8bea5ffee262a9437&device_id=9091071d-f8aa-42b2-9bf4-74f30fee7b4a HTTP/1.1" status: 200 len: 1409 time: 0.0463657
2026-06-26 04:48:14.513 9 INFO neutron.notifiers.nova [-] Nova event matching ['req-8f504500-2d59-4284-bbde-3d64ef42fe32'] response: {'server_uuid': '9091071d-f8aa-42b2-9bf4-74f30fee7b4a', 'name': 'network-vif-unplugged', 'status': 'completed', 'tag': '9f5e5ecc-210a-436c-8eb4-195da9ad68b8', 'code': 200}
2026-06-26 04:48:14.599 9 INFO neutron.db.ovn_revision_numbers_db [None req-7fe2df6a-62c2-4482-a829-8c1b09964c5b - - - - - -] Successfully bumped revision number for resource 9f5e5ecc-210a-436c-8eb4-195da9ad68b8 (type: ports) to 8
2026-06-26 04:48:14.735 10 INFO neutron.api.wsgi [None req-0cd6fcae-c511-4eeb-83e9-682903992f47 268532af2a9040079e9bc8f1bbe6ea01 ddd202fca6a346e79361e85ed9be113d - - default default] 10.0.0.160 "DELETE /v2.0/floatingips/6df8e5e1-630f-48f1-87e5-4b30e9c9844c HTTP/1.1" status: 204 len: 168 time: 0.3618045
