2026-06-26 04:51:37.138 9 INFO neutron.services.segments.plugin [-] Segment 0138a0ef-7521-4981-89f4-16120348fa7d resource provider aggregate not found /var/lib/openstack/lib/python3.12/site-packages/pycadf/identifier.py:71: UserWarning: Invalid uuid: neutron. To ensure interoperability, identifiers should be a valid uuid. warnings.warn(('Invalid uuid: %s. To ensure interoperability, '
2026-06-26 04:51:37.149 10 INFO neutron.api.wsgi [None req-3d337f41-b659-4389-8c05-d608fbba3887 99cca19d3c374f91830a04df3ffceb1d 16df53d1fa43468e8c68b53f3356357f - - default default] 10.0.0.160 "GET /v2.0/vpn/vpnservices HTTP/1.1" status: 200 len: 1056 time: 0.0084958
2026-06-26 04:51:37.154 9 INFO neutron.services.segments.plugin [-] Segment 0138a0ef-7521-4981-89f4-16120348fa7d resource provider aggregate not found
2026-06-26 04:51:37.158 10 WARNING neutron_lib.context [None req-e1ec38cc-a547-410a-900f-3a71ceabdc6c 99cca19d3c374f91830a04df3ffceb1d 16df53d1fa43468e8c68b53f3356357f - - default default] Method 'is_advsvc' is deprecated since 2023.2 release (neutron-lib 3.8.0) and will be removed once support for the old RBAC API policies will be removed from Neutron. Please use method 'is_service_role' instead.
2026-06-26 04:51:37.169 9 INFO neutron.services.segments.plugin [-] Segment 0138a0ef-7521-4981-89f4-16120348fa7d resource provider not found; error: Placement Client Error (4xx): {"errors": [{"status": 404, "title": "Not Found", "detail": "The resource could not be found.\n\n No resource provider with uuid 0138a0ef-7521-4981-89f4-16120348fa7d found for delete ", "request_id": "req-7c0195d1-9d0b-4643-8c7b-4ea8140e6263"}]}
2026-06-26 04:51:37.169 9 INFO neutron.services.segments.plugin [-] Segment 0138a0ef-7521-4981-89f4-16120348fa7d resource provider not found; error: Placement Client Error (4xx): {"errors": [{"status": 404, "title": "Not Found", "detail": "The resource could not be found.\n\n No resource provider with uuid 0138a0ef-7521-4981-89f4-16120348fa7d found for delete ", "request_id": "req-01d47ff4-8b19-4b48-a3b1-f456e3774bea"}]}
2026-06-26 04:51:37.215 10 INFO neutron.api.v2.resource [None req-e1ec38cc-a547-410a-900f-3a71ceabdc6c 99cca19d3c374f91830a04df3ffceb1d 16df53d1fa43468e8c68b53f3356357f - - default default] create failed (client error): The server could not comply with the request since it is either malformed or otherwise incorrect.
2026-06-26 04:51:37.216 10 INFO neutron.api.wsgi [None req-e1ec38cc-a547-410a-900f-3a71ceabdc6c 99cca19d3c374f91830a04df3ffceb1d 16df53d1fa43468e8c68b53f3356357f - - default default] 10.0.0.160 "POST /v2.0/vpn/ipsec-site-connections HTTP/1.1" status: 400 len: 330 time: 0.0620103
2026-06-26 04:51:37.230 10 WARNING neutron_lib.context [None req-e1bee5fe-c311-421f-bee9-2ef0fcdf6949 99cca19d3c374f91830a04df3ffceb1d 16df53d1fa43468e8c68b53f3356357f - - default default] Method 'is_advsvc' is deprecated since 2023.2 release (neutron-lib 3.8.0) and will be removed once support for the old RBAC API policies will be removed from Neutron. Please use method 'is_service_role' instead.
2026-06-26 04:51:37.309 10 INFO neutron.api.v2.resource [None req-e1bee5fe-c311-421f-bee9-2ef0fcdf6949 99cca19d3c374f91830a04df3ffceb1d 16df53d1fa43468e8c68b53f3356357f - - default default] create failed (client error): The server could not comply with the request since it is either malformed or otherwise incorrect.
2026-06-26 04:51:37.311 10 INFO neutron.api.wsgi [None req-e1bee5fe-c311-421f-bee9-2ef0fcdf6949 99cca19d3c374f91830a04df3ffceb1d 16df53d1fa43468e8c68b53f3356357f - - default default] 10.0.0.160 "POST /v2.0/vpn/ipsec-site-connections HTTP/1.1" status: 400 len: 339 time: 0.0878134
2026-06-26 04:51:37.325 10 WARNING neutron.api.v2.base [None req-55031d7e-7a22-4243-9166-259b88fdd288 99cca19d3c374f91830a04df3ffceb1d 16df53d1fa43468e8c68b53f3356357f - - default default] An exception happened while processing the request body. The exception message is [Invalid input for dpd. Reason: '59' is not a dictionary.].: webob.exc.HTTPBadRequest: Invalid input for dpd. Reason: '59' is not a dictionary.
2026-06-26 04:51:37.325 10 INFO neutron.api.v2.resource [None req-55031d7e-7a22-4243-9166-259b88fdd288 99cca19d3c374f91830a04df3ffceb1d 16df53d1fa43468e8c68b53f3356357f - - default default] create failed (client error): Invalid input for dpd. Reason: '59' is not a dictionary.
2026-06-26 04:51:37.326 10 INFO neutron.api.wsgi [None req-55031d7e-7a22-4243-9166-259b88fdd288 99cca19d3c374f91830a04df3ffceb1d 16df53d1fa43468e8c68b53f3356357f - - default default] 10.0.0.160 "POST /v2.0/vpn/ipsec-site-connections HTTP/1.1" status: 400 len: 332 time: 0.0061769
2026-06-26 04:51:37.336 9 WARNING neutron_lib.context [None req-6afd5e7d-16b0-44c9-9299-3ba1c537ae9d 99cca19d3c374f91830a04df3ffceb1d 16df53d1fa43468e8c68b53f3356357f - - default default] Method 'is_advsvc' is deprecated since 2023.2 release (neutron-lib 3.8.0) and will be removed once support for the old RBAC API policies will be removed from Neutron. Please use method 'is_service_role' instead.
2026-06-26 04:51:37.373 9 INFO neutron.api.wsgi [None req-6afd5e7d-16b0-44c9-9299-3ba1c537ae9d 99cca19d3c374f91830a04df3ffceb1d 16df53d1fa43468e8c68b53f3356357f - - default default] 10.0.0.160 "POST /v2.0/vpn/endpoint-groups HTTP/1.1" status: 201 len: 492 time: 0.0423069
2026-06-26 04:51:37.385 9 WARNING neutron_lib.context [None req-ad675db0-ef66-4416-91cd-2c24d457de28 99cca19d3c374f91830a04df3ffceb1d 16df53d1fa43468e8c68b53f3356357f - - default default] Method 'is_advsvc' is deprecated since 2023.2 release (neutron-lib 3.8.0) and will be removed once support for the old RBAC API policies will be removed from Neutron. Please use method 'is_service_role' instead.
2026-06-26 04:51:37.415 9 INFO neutron.api.v2.resource [None req-ad675db0-ef66-4416-91cd-2c24d457de28 99cca19d3c374f91830a04df3ffceb1d 16df53d1fa43468e8c68b53f3356357f - - default default] create failed (client error): The server could not comply with the request since it is either malformed or otherwise incorrect.
2026-06-26 04:51:37.416 9 INFO neutron.api.wsgi [None req-ad675db0-ef66-4416-91cd-2c24d457de28 99cca19d3c374f91830a04df3ffceb1d 16df53d1fa43468e8c68b53f3356357f - - default default] 10.0.0.160 "POST /v2.0/vpn/ipsec-site-connections HTTP/1.1" status: 400 len: 352 time: 0.0373197
2026-06-26 04:51:37.431 9 INFO neutron.api.wsgi [None req-5230f497-21ff-4847-aec7-b418f1ef298b 99cca19d3c374f91830a04df3ffceb1d 16df53d1fa43468e8c68b53f3356357f - - default default] 10.0.0.160 "GET /v2.0/vpn/endpoint-groups HTTP/1.1" status: 200 len: 1102 time: 0.0087011
2026-06-26 04:51:37.454 9 INFO neutron.api.wsgi [None req-df479787-fd29-457c-b16f-7db01f4d5ea8 99cca19d3c374f91830a04df3ffceb1d 16df53d1fa43468e8c68b53f3356357f - - default default] 10.0.0.160 "DELETE /v2.0/vpn/endpoint-groups/714246a0-02bc-40f7-84bd-988b3f509a4e HTTP/1.1" status: 204 len: 168 time: 0.0187376
2026-06-26 04:51:37.467 10 INFO neutron.services.segments.plugin [-] Segment ff8c8cce-13c6-45c5-a20c-b4cf3da9b8d8 resource provider aggregate not found
2026-06-26 04:51:37.472 10 INFO neutron.services.segments.plugin [-] Segment ff8c8cce-13c6-45c5-a20c-b4cf3da9b8d8 resource provider aggregate not found
2026-06-26 04:51:37.484 10 INFO neutron.api.wsgi [None req-06646b91-dc69-4ae3-b6c4-25d9e27d86c7 99cca19d3c374f91830a04df3ffceb1d 16df53d1fa43468e8c68b53f3356357f - - default default] 10.0.0.160 "GET /v2.0/vpn/endpoint-groups HTTP/1.1" status: 200 len: 827 time: 0.0236852
2026-06-26 04:51:37.485 10 INFO neutron.services.segments.plugin [-] Segment ff8c8cce-13c6-45c5-a20c-b4cf3da9b8d8 resource provider not found; error: Placement Client Error (4xx): {"errors": [{"status": 404, "title": "Not Found", "detail": "The resource could not be found.\n\n No resource provider with uuid ff8c8cce-13c6-45c5-a20c-b4cf3da9b8d8 found for delete ", "request_id": "req-db30c34b-d840-477b-9c62-a7f00f9ecdc4"}]}
2026-06-26 04:51:37.490 10 INFO neutron.services.segments.plugin [-] Segment ff8c8cce-13c6-45c5-a20c-b4cf3da9b8d8 resource provider not found; error: Placement Client Error (4xx): {"errors": [{"status": 404, "title": "Not Found", "detail": "The resource could not be found.\n\n No resource provider with uuid ff8c8cce-13c6-45c5-a20c-b4cf3da9b8d8 found for delete ", "request_id": "req-e6631638-3e6c-4248-bcb0-3a5f5d3749a2"}]}
2026-06-26 04:51:37.496 9 WARNING neutron_lib.context [None req-f9ba53d4-854c-4a36-b8e3-38ab10a9929b 99cca19d3c374f91830a04df3ffceb1d 16df53d1fa43468e8c68b53f3356357f - - default default] Method 'is_advsvc' is deprecated since 2023.2 release (neutron-lib 3.8.0) and will be removed once support for the old RBAC API policies will be removed from Neutron. Please use method 'is_service_role' instead.
2026-06-26 04:51:37.542 10 INFO neutron.api.wsgi [None req-77051ddf-c494-46ce-8072-a22e86149056 158b7729050a495984523bc1f87691ef 4568e1db581344cf85756397d929f73d - - default default] 10.0.0.160 "GET /v2.0/security-groups?tenant_id=1516fba9a87547368a0e06bd3e2cb295&name=default HTTP/1.1" status: 200 len: 3124 time: 0.1982868
2026-06-26 04:51:37.543 9 INFO neutron.api.wsgi [None req-f9ba53d4-854c-4a36-b8e3-38ab10a9929b 99cca19d3c374f91830a04df3ffceb1d 16df53d1fa43468e8c68b53f3356357f - - default default] 10.0.0.160 "POST /v2.0/vpn/endpoint-groups HTTP/1.1" status: 201 len: 499 time: 0.0526521
2026-06-26 04:51:37.552 10 WARNING neutron_lib.context [None req-b501155b-7df2-4346-92ea-cadb8c1ceda5 99cca19d3c374f91830a04df3ffceb1d 16df53d1fa43468e8c68b53f3356357f - - default default] Method 'is_advsvc' is deprecated since 2023.2 release (neutron-lib 3.8.0) and will be removed once support for the old RBAC API policies will be removed from Neutron. Please use method 'is_service_role' instead.
2026-06-26 04:51:37.582 10 INFO neutron.api.v2.resource [None req-b501155b-7df2-4346-92ea-cadb8c1ceda5 99cca19d3c374f91830a04df3ffceb1d 16df53d1fa43468e8c68b53f3356357f - - default default] create failed (client error): The server could not comply with the request since it is either malformed or otherwise incorrect.
2026-06-26 04:51:37.583 10 INFO neutron.api.wsgi [None req-b501155b-7df2-4346-92ea-cadb8c1ceda5 99cca19d3c374f91830a04df3ffceb1d 16df53d1fa43468e8c68b53f3356357f - - default default] 10.0.0.160 "POST /v2.0/vpn/ipsec-site-connections HTTP/1.1" status: 400 len: 351 time: 0.0351279
2026-06-26 04:51:37.598 10 INFO neutron.api.wsgi [None req-002a5ab7-ef27-4ac6-8e78-3fc6386160c8 99cca19d3c374f91830a04df3ffceb1d 16df53d1fa43468e8c68b53f3356357f - - default default] 10.0.0.160 "GET /v2.0/vpn/endpoint-groups HTTP/1.1" status: 200 len: 1109 time: 0.0091980
2026-06-26 04:51:37.619 10 INFO neutron.api.wsgi [None req-d3e4bc52-4685-44db-94dd-838538579094 99cca19d3c374f91830a04df3ffceb1d 16df53d1fa43468e8c68b53f3356357f - - default default] 10.0.0.160 "DELETE /v2.0/vpn/endpoint-groups/905cbc6a-2863-450d-a8eb-640964440af9 HTTP/1.1" status: 204 len: 168 time: 0.0175362
2026-06-26 04:51:37.633 10 INFO neutron.api.wsgi [None req-e05ce5cb-d6b6-4552-8b3d-6d140712f00b 99cca19d3c374f91830a04df3ffceb1d 16df53d1fa43468e8c68b53f3356357f - - default default] 10.0.0.160 "GET /v2.0/vpn/endpoint-groups HTTP/1.1" status: 200 len: 827 time: 0.0091655
2026-06-26 04:51:37.642 10 WARNING neutron.api.v2.base [None req-1ea05f6d-f88f-4050-b2d0-8d6394dff638 99cca19d3c374f91830a04df3ffceb1d 16df53d1fa43468e8c68b53f3356357f - - default default] An exception happened while processing the request body. The exception message is [Invalid input for peer_cidrs. Reason: '1.0.0.0/33' is not a valid IP subnet.].: webob.exc.HTTPBadRequest: Invalid input for peer_cidrs. Reason: '1.0.0.0/33' is not a valid IP subnet.
2026-06-26 04:51:37.643 10 INFO neutron.api.v2.resource [None req-1ea05f6d-f88f-4050-b2d0-8d6394dff638 99cca19d3c374f91830a04df3ffceb1d 16df53d1fa43468e8c68b53f3356357f - - default default] create failed (client error): Invalid input for peer_cidrs. Reason: '1.0.0.0/33' is not a valid IP subnet.
2026-06-26 04:51:37.645 10 INFO neutron.api.wsgi [None req-1ea05f6d-f88f-4050-b2d0-8d6394dff638 99cca19d3c374f91830a04df3ffceb1d 16df53d1fa43468e8c68b53f3356357f - - default default] 10.0.0.160 "POST /v2.0/vpn/ipsec-site-connections HTTP/1.1" status: 400 len: 352 time: 0.0065954
2026-06-26 04:51:37.654 9 WARNING neutron_lib.context [None req-ab275826-2542-4e1e-be29-0ef9d856826d 99cca19d3c374f91830a04df3ffceb1d 16df53d1fa43468e8c68b53f3356357f - - default default] Method 'is_advsvc' is deprecated since 2023.2 release (neutron-lib 3.8.0) and will be removed once support for the old RBAC API policies will be removed from Neutron. Please use method 'is_service_role' instead.
2026-06-26 04:51:37.740 9 INFO neutron.db.segments_db [None req-ab275826-2542-4e1e-be29-0ef9d856826d 99cca19d3c374f91830a04df3ffceb1d 16df53d1fa43468e8c68b53f3356357f - - default default] Added segment 4416b6e5-73d6-4f16-91e3-5fc908ad7175 of type geneve for network d635cf1c-3982-45dc-b2c0-cb393b851f53
2026-06-26 04:51:37.749 9 INFO neutron.api.wsgi [None req-f6e3a4f8-47f5-4681-9f92-2cd479b97120 158b7729050a495984523bc1f87691ef 4568e1db581344cf85756397d929f73d - - default default] 10.0.0.160 "DELETE /v2.0/security-groups/6574c12a-8e3d-4a1a-a24d-5e75c8ee4dc8 HTTP/1.1" status: 204 len: 168 time: 0.2031424
2026-06-26 04:51:37.868 9 INFO neutron.db.ovn_revision_numbers_db [None req-ab275826-2542-4e1e-be29-0ef9d856826d 99cca19d3c374f91830a04df3ffceb1d 16df53d1fa43468e8c68b53f3356357f - - default default] Successfully bumped revision number for resource d635cf1c-3982-45dc-b2c0-cb393b851f53 (type: networks) to 1
2026-06-26 04:51:37.957 10 INFO neutron.db.ovn_revision_numbers_db [None req-df493966-e029-42bb-86e9-cba41c0ba2fe 158b7729050a495984523bc1f87691ef 4568e1db581344cf85756397d929f73d - - default default] Successfully bumped revision number for resource 01fdd253-9381-48f4-a353-1e792d0e6537 (type: security_groups) to 1
2026-06-26 04:51:37.974 10 INFO neutron.db.ovn_revision_numbers_db [None req-df493966-e029-42bb-86e9-cba41c0ba2fe 158b7729050a495984523bc1f87691ef 4568e1db581344cf85756397d929f73d - - default default] Successfully bumped revision number for resource 29834e92-993f-4689-baae-c321788ceb6e (type: security_group_rules) to 0
2026-06-26 04:51:37.990 10 INFO neutron.db.ovn_revision_numbers_db [None req-df493966-e029-42bb-86e9-cba41c0ba2fe 158b7729050a495984523bc1f87691ef 4568e1db581344cf85756397d929f73d - - default default] Successfully bumped revision number for resource 913405e4-e290-4c5a-b6d7-811d7d136725 (type: security_group_rules) to 0
2026-06-26 04:51:38.012 10 INFO neutron.db.ovn_revision_numbers_db [None req-df493966-e029-42bb-86e9-cba41c0ba2fe 158b7729050a495984523bc1f87691ef 4568e1db581344cf85756397d929f73d - - default default] Successfully bumped revision number for resource c26b00c1-b294-41ad-9c79-5c5236f343ed (type: security_group_rules) to 0
2026-06-26 04:51:38.026 10 INFO neutron.db.ovn_revision_numbers_db [None req-df493966-e029-42bb-86e9-cba41c0ba2fe 158b7729050a495984523bc1f87691ef 4568e1db581344cf85756397d929f73d - - default default] Successfully bumped revision number for resource fd1beb37-2f7a-45e3-802a-d605a89e8360 (type: security_group_rules) to 0
2026-06-26 04:51:38.029 9 WARNING neutron.scheduler.dhcp_agent_scheduler [None req-ab275826-2542-4e1e-be29-0ef9d856826d 99cca19d3c374f91830a04df3ffceb1d 16df53d1fa43468e8c68b53f3356357f - - default default] No more DHCP agents
2026-06-26 04:51:38.031 9 WARNING neutron.api.rpc.agentnotifiers.dhcp_rpc_agent_api [None req-ab275826-2542-4e1e-be29-0ef9d856826d 99cca19d3c374f91830a04df3ffceb1d 16df53d1fa43468e8c68b53f3356357f - - default default] Unable to schedule network d635cf1c-3982-45dc-b2c0-cb393b851f53: no agents available; will retry on subsequent port and subnet creation events.
2026-06-26 04:51:38.066 10 INFO neutron.api.wsgi [None req-df493966-e029-42bb-86e9-cba41c0ba2fe 158b7729050a495984523bc1f87691ef 4568e1db581344cf85756397d929f73d - - default default] 10.0.0.160 "GET /v2.0/security-groups?tenant_id=41e863edd4a946c9a8572ec9b0f9ff43&name=default HTTP/1.1" status: 200 len: 3124 time: 0.2224133
2026-06-26 04:51:38.103 9 INFO neutron.db.ovn_revision_numbers_db [None req-ab275826-2542-4e1e-be29-0ef9d856826d 99cca19d3c374f91830a04df3ffceb1d 16df53d1fa43468e8c68b53f3356357f - - default default] Successfully bumped revision number for resource 0597f250-be42-4cf5-9761-9d093baf7e09 (type: ports) to 1
2026-06-26 04:51:38.124 9 INFO neutron.api.wsgi [None req-ab275826-2542-4e1e-be29-0ef9d856826d 99cca19d3c374f91830a04df3ffceb1d 16df53d1fa43468e8c68b53f3356357f - - default default] 10.0.0.160 "POST /v2.0/networks HTTP/1.1" status: 201 len: 831 time: 0.4742577
2026-06-26 04:51:38.136 9 WARNING neutron_lib.context [None req-7fd197d7-e4b6-41fc-a4d1-fb322a391c07 99cca19d3c374f91830a04df3ffceb1d 16df53d1fa43468e8c68b53f3356357f - - default default] Method 'is_advsvc' is deprecated since 2023.2 release (neutron-lib 3.8.0) and will be removed once support for the old RBAC API policies will be removed from Neutron. Please use method 'is_service_role' instead.
2026-06-26 04:51:38.268 10 INFO neutron.api.wsgi [None req-860d77af-503d-4a47-97aa-05c5335c0fa1 158b7729050a495984523bc1f87691ef 4568e1db581344cf85756397d929f73d - - default default] 10.0.0.160 "DELETE /v2.0/security-groups/01fdd253-9381-48f4-a353-1e792d0e6537 HTTP/1.1" status: 204 len: 168 time: 0.1965106
2026-06-26 04:51:38.305 9 WARNING neutron.scheduler.dhcp_agent_scheduler [None req-7fd197d7-e4b6-41fc-a4d1-fb322a391c07 99cca19d3c374f91830a04df3ffceb1d 16df53d1fa43468e8c68b53f3356357f - - default default] No more DHCP agents
2026-06-26 04:51:38.307 9 WARNING neutron.api.rpc.agentnotifiers.dhcp_rpc_agent_api [None req-7fd197d7-e4b6-41fc-a4d1-fb322a391c07 99cca19d3c374f91830a04df3ffceb1d 16df53d1fa43468e8c68b53f3356357f - - default default] Unable to schedule network d635cf1c-3982-45dc-b2c0-cb393b851f53: no agents available; will retry on subsequent port and subnet creation events.
2026-06-26 04:51:38.527 10 INFO neutron.api.wsgi [-] 10.0.0.210 "GET / HTTP/1.1" status: 200 len: 247 time: 0.0019882
2026-06-26 04:51:38.529 10 INFO neutron.api.wsgi [-] 10.0.0.210 "GET / HTTP/1.1" status: 200 len: 247 time: 0.0013125
2026-06-26 04:51:38.575 9 INFO neutron.db.ovn_revision_numbers_db [None req-bc5dc4bf-7b63-47c7-817c-25a97be3261a 158b7729050a495984523bc1f87691ef 4568e1db581344cf85756397d929f73d - - default default] Successfully bumped revision number for resource 8d2814b8-6afb-4b5a-9030-a95a8748c2b5 (type: security_groups) to 1
2026-06-26 04:51:38.612 9 INFO neutron.db.ovn_revision_numbers_db [None req-bc5dc4bf-7b63-47c7-817c-25a97be3261a 158b7729050a495984523bc1f87691ef 4568e1db581344cf85756397d929f73d - - default default] Successfully bumped revision number for resource 02171cfe-0473-432b-b91a-819bc588cf41 (type: security_group_rules) to 0
2026-06-26 04:51:38.634 9 INFO neutron.db.ovn_revision_numbers_db [None req-bc5dc4bf-7b63-47c7-817c-25a97be3261a 158b7729050a495984523bc1f87691ef 4568e1db581344cf85756397d929f73d - - default default] Successfully bumped revision number for resource 0263d7c9-75eb-4759-8395-267f8bd47229 (type: security_group_rules) to 0
2026-06-26 04:51:38.655 9 INFO neutron.db.ovn_revision_numbers_db [None req-bc5dc4bf-7b63-47c7-817c-25a97be3261a 158b7729050a495984523bc1f87691ef 4568e1db581344cf85756397d929f73d - - default default] Successfully bumped revision number for resource 19079c2c-376c-4321-b6a1-9f48b7f12782 (type: security_group_rules) to 0
2026-06-26 04:51:38.667 9 INFO neutron.db.ovn_revision_numbers_db [None req-bc5dc4bf-7b63-47c7-817c-25a97be3261a 158b7729050a495984523bc1f87691ef 4568e1db581344cf85756397d929f73d - - default default] Successfully bumped revision number for resource e450c864-2c99-487e-af81-0c102c9513c7 (type: security_group_rules) to 0
2026-06-26 04:51:38.714 9 INFO neutron.api.wsgi [None req-bc5dc4bf-7b63-47c7-817c-25a97be3261a 158b7729050a495984523bc1f87691ef 4568e1db581344cf85756397d929f73d - - default default] 10.0.0.160 "GET /v2.0/security-groups?tenant_id=184b4549d8d0481bab407858fc226e00&name=default HTTP/1.1" status: 200 len: 3124 time: 0.2976027
2026-06-26 04:51:38.846 9 INFO neutron.db.ovn_revision_numbers_db [None req-f668c8fb-5fe4-4d88-bdbc-6484edb9b45b - - - - - -] Successfully bumped revision number for resource 0597f250-be42-4cf5-9761-9d093baf7e09 (type: ports) to 2
2026-06-26 04:51:38.890 9 INFO neutron.db.ovn_revision_numbers_db [None req-f668c8fb-5fe4-4d88-bdbc-6484edb9b45b - - - - - -] Successfully bumped revision number for resource d79163ee-1358-4409-b89e-4d9f8a8521c5 (type: subnets) to 0
2026-06-26 04:51:38.915 9 INFO neutron.api.wsgi [None req-7fd197d7-e4b6-41fc-a4d1-fb322a391c07 99cca19d3c374f91830a04df3ffceb1d 16df53d1fa43468e8c68b53f3356357f - - default default] 10.0.0.160 "POST /v2.0/subnets HTTP/1.1" status: 201 len: 828 time: 0.7835970
2026-06-26 04:51:38.922 9 WARNING neutron_lib.context [None req-6ca9810b-80e4-4a8b-a3bf-9aab1e9aecf5 99cca19d3c374f91830a04df3ffceb1d 16df53d1fa43468e8c68b53f3356357f - - default default] Method 'is_advsvc' is deprecated since 2023.2 release (neutron-lib 3.8.0) and will be removed once support for the old RBAC API policies will be removed from Neutron. Please use method 'is_service_role' instead.
2026-06-26 04:51:38.998 9 INFO neutron.api.wsgi [None req-c285b366-bd4e-42e2-bdbd-4be1730a638f 158b7729050a495984523bc1f87691ef 4568e1db581344cf85756397d929f73d - - default default] 10.0.0.160 "DELETE /v2.0/security-groups/8d2814b8-6afb-4b5a-9030-a95a8748c2b5 HTTP/1.1" status: 204 len: 168 time: 0.2805464
2026-06-26 04:51:39.190 10 INFO neutron.api.wsgi [req-aa76c5c9-0aa2-4a11-988d-f5cd1b89bca6 req-89c85be5-59fb-40ed-8531-5d23f906e74a 174154b59f8849158b3363920af84693 70e87adce11e49c2aad1b2711abc08df - - default default] 10.0.0.78 "GET /v2.0/ports?device_id=47fce8f1-2ef0-4826-b5ba-c1bc029c1375 HTTP/1.1" status: 200 len: 1398 time: 0.0954962
2026-06-26 04:51:39.229 10 INFO neutron.api.wsgi [req-aa76c5c9-0aa2-4a11-988d-f5cd1b89bca6 req-0f074dd4-2ae3-4e47-ab79-f6dff1d952a3 174154b59f8849158b3363920af84693 70e87adce11e49c2aad1b2711abc08df - - default default] 10.0.0.78 "GET /v2.0/security-groups?id=3d7ef305-8d84-4eba-8751-b6313e13fd06&fields=id&fields=name HTTP/1.1" status: 200 len: 311 time: 0.0346627
2026-06-26 04:51:39.375 9 WARNING neutron.scheduler.dhcp_agent_scheduler [None req-6ca9810b-80e4-4a8b-a3bf-9aab1e9aecf5 99cca19d3c374f91830a04df3ffceb1d 16df53d1fa43468e8c68b53f3356357f - - default default] No more DHCP agents
2026-06-26 04:51:39.376 9 WARNING neutron.api.rpc.agentnotifiers.dhcp_rpc_agent_api [None req-6ca9810b-80e4-4a8b-a3bf-9aab1e9aecf5 99cca19d3c374f91830a04df3ffceb1d 16df53d1fa43468e8c68b53f3356357f - - default default] Unable to schedule network 11789b96-5912-42f6-902a-d4b9fa3b0e1f: no agents available; will retry on subsequent port and subnet creation events.
2026-06-26 04:51:39.510 9 INFO neutron.db.ovn_revision_numbers_db [None req-6ca9810b-80e4-4a8b-a3bf-9aab1e9aecf5 99cca19d3c374f91830a04df3ffceb1d 16df53d1fa43468e8c68b53f3356357f - - default default] Successfully bumped revision number for resource 694b43d1-890c-4128-8645-f94f258da707 (type: ports) to 1
2026-06-26 04:51:39.864 10 WARNING neutron.plugins.ml2.drivers.ovn.mech_driver.ovsdb.ovn_client [None req-8d8d23e2-1312-47db-a2f5-72b2aac02882 - - - - - -] No port found with ID 0579df70-05bb-479d-8d0b-3d19b65d24ac: RuntimeError: No port found with ID 0579df70-05bb-479d-8d0b-3d19b65d24ac
2026-06-26 04:51:40.156 9 INFO neutron.plugins.ml2.drivers.ovn.mech_driver.ovsdb.commands [None req-15cfe4f7-b95a-479b-af0d-2a12cce005cb - - - - - -] Schedule LRP lrp-694b43d1-890c-4128-8645-f94f258da707 on gateway 1c8134a9-393d-445c-b5c7-51a2b32003e3 with priority 1
2026-06-26 04:51:40.207 9 INFO neutron.db.ovn_revision_numbers_db [None req-6ca9810b-80e4-4a8b-a3bf-9aab1e9aecf5 99cca19d3c374f91830a04df3ffceb1d 16df53d1fa43468e8c68b53f3356357f - - default default] Successfully bumped revision number for resource 694b43d1-890c-4128-8645-f94f258da707 (type: router_ports) to 1
2026-06-26 04:51:40.273 9 INFO neutron.db.ovn_revision_numbers_db [None req-6ca9810b-80e4-4a8b-a3bf-9aab1e9aecf5 99cca19d3c374f91830a04df3ffceb1d 16df53d1fa43468e8c68b53f3356357f - - default default] Successfully bumped revision number for resource df0c6c42-4948-4c4a-b481-718e973aa300 (type: routers) to 2
2026-06-26 04:51:40.288 9 INFO neutron.api.wsgi [None req-6ca9810b-80e4-4a8b-a3bf-9aab1e9aecf5 99cca19d3c374f91830a04df3ffceb1d 16df53d1fa43468e8c68b53f3356357f - - default default] 10.0.0.160 "POST /v2.0/routers HTTP/1.1" status: 201 len: 1136 time: 1.3693552
2026-06-26 04:51:40.396 9 INFO neutron.api.v2.resource [None req-b6c89dcc-e311-48d7-9236-a7571f2baa04 4be9ffab6235471eb65252c443e8b32f 4bd044c300bb4dac90ff327a18afef62 - - default default] create failed (client error): The server could not comply with the request since it is either malformed or otherwise incorrect.
2026-06-26 04:51:40.397 9 INFO neutron.api.wsgi [None req-b6c89dcc-e311-48d7-9236-a7571f2baa04 4be9ffab6235471eb65252c443e8b32f 4bd044c300bb4dac90ff327a18afef62 - - default default] 10.0.0.160 "POST /v2.0/vpn/vpnservices HTTP/1.1" status: 400 len: 397 time: 0.1043067
2026-06-26 04:51:40.598 9 WARNING neutron.plugins.ml2.drivers.ovn.mech_driver.ovsdb.ovn_client [None req-dfe10f36-4e49-4ca2-ae09-2466c419047f - - - - - -] No hosting information found for port 669ddde6-572f-42cc-a423-be8de15952fd: RuntimeError: No hosting information found for port 669ddde6-572f-42cc-a423-be8de15952fd
2026-06-26 04:51:40.689 9 INFO neutron.db.ovn_revision_numbers_db [None req-dfe10f36-4e49-4ca2-ae09-2466c419047f - - - - - -] Successfully bumped revision number for resource 669ddde6-572f-42cc-a423-be8de15952fd (type: router_ports) to 2
2026-06-26 04:51:40.734 9 INFO neutron.plugins.ml2.drivers.ovn.mech_driver.mech_driver [None req-dfe10f36-4e49-4ca2-ae09-2466c419047f - - - - - -] OVN reports status up for port: a68d0589-4068-4292-89a9-34754b7f0f1c
2026-06-26 04:51:40.740 9 INFO neutron.plugins.ml2.plugin [None req-dfe10f36-4e49-4ca2-ae09-2466c419047f - - - - - -] Attempt 1 to provision port a68d0589-4068-4292-89a9-34754b7f0f1c
2026-06-26 04:51:40.915 9 INFO neutron.services.segments.plugin [-] Segment 4416b6e5-73d6-4f16-91e3-5fc908ad7175 resource provider aggregate not found
2026-06-26 04:51:40.921 9 INFO neutron.services.segments.plugin [-] Segment 4416b6e5-73d6-4f16-91e3-5fc908ad7175 resource provider aggregate not found
2026-06-26 04:51:40.932 9 INFO neutron.services.segments.plugin [-] Segment 4416b6e5-73d6-4f16-91e3-5fc908ad7175 resource provider not found; error: Placement Client Error (4xx): {"errors": [{"status": 404, "title": "Not Found", "detail": "The resource could not be found.\n\n No resource provider with uuid 4416b6e5-73d6-4f16-91e3-5fc908ad7175 found for delete ", "request_id": "req-b52c0cae-fe03-47bd-bf3a-ca0c6427b1fa"}]}
2026-06-26 04:51:40.939 9 INFO neutron.services.segments.plugin [-] Segment 4416b6e5-73d6-4f16-91e3-5fc908ad7175 resource provider not found; error: Placement Client Error (4xx): {"errors": [{"status": 404, "title": "Not Found", "detail": "The resource could not be found.\n\n No resource provider with uuid 4416b6e5-73d6-4f16-91e3-5fc908ad7175 found for delete ", "request_id": "req-b8030e40-681b-41b3-8107-f9248052ac91"}]}
2026-06-26 04:51:40.950 9 INFO neutron.api.wsgi [None req-926ae322-5f91-49ad-9c8e-884a2e9d75cd 4be9ffab6235471eb65252c443e8b32f 4bd044c300bb4dac90ff327a18afef62 - - default default] 10.0.0.160 "DELETE /v2.0/networks/d635cf1c-3982-45dc-b2c0-cb393b851f53 HTTP/1.1" status: 204 len: 168 time: 0.5469131
2026-06-26 04:51:41.203 9 INFO neutron.db.ovn_revision_numbers_db [None req-dfe10f36-4e49-4ca2-ae09-2466c419047f - - - - - -] Successfully bumped revision number for resource a68d0589-4068-4292-89a9-34754b7f0f1c (type: ports) to 2
2026-06-26 04:51:41.617 9 INFO neutron.api.wsgi [None req-bf0ad2e5-9aaf-4621-94ca-1486227d4230 4be9ffab6235471eb65252c443e8b32f 4bd044c300bb4dac90ff327a18afef62 - - default default] 10.0.0.160 "DELETE /v2.0/routers/df0c6c42-4948-4c4a-b481-718e973aa300 HTTP/1.1" status: 204 len: 168 time: 0.6595306
2026-06-26 04:51:41.626 9 WARNING neutron.api.v2.base [None req-8a7f1437-c94f-440f-b1e2-a65aea833302 99cca19d3c374f91830a04df3ffceb1d 16df53d1fa43468e8c68b53f3356357f - - default default] An exception happened while processing the request body. The exception message is [Invalid input for description. Reason: 'yyyyyyyyyyyyyyyyyyyyyyyyyyyyyyyyyyyyyyyyyyyyyyyyyyyyyyyyyyyyyyyyyyyyyyyyyyyyyyyyyyyyyyyyyyyyyyyyyyyyyyyyyyyyyyyyyyyyyyyyyyyyyyyyyyyyyyyyyyyyyyyyyyyyyyyyyyyyyyyyyyyyyyyyyyyyyyyyyyyyyyyyyyyyyyyyyyyyyyyyyyyyyyyyyyyyyyyyyyyyyyyyyyyyyyyyyyyyyyyyyyyyyyyyyyyyyyyy' exceeds maximum length of 255.].: webob.exc.HTTPBadRequest: Invalid input for description. Reason: 'yyyyyyyyyyyyyyyyyyyyyyyyyyyyyyyyyyyyyyyyyyyyyyyyyyyyyyyyyyyyyyyyyyyyyyyyyyyyyyyyyyyyyyyyyyyyyyyyyyyyyyyyyyyyyyyyyyyyyyyyyyyyyyyyyyyyyyyyyyyyyyyyyyyyyyyyyyyyyyyyyyyyyyyyyyyyyyyyyyyyyyyyyyyyyyyyyyyyyyyyyyyyyyyyyyyyyyyyyyyyyyyyyyyyyyyyyyyyyyyyyyyyyyyyyyyyyyyy' exceeds maximum length of 255.
2026-06-26 04:51:41.627 9 INFO neutron.api.v2.resource [None req-8a7f1437-c94f-440f-b1e2-a65aea833302 99cca19d3c374f91830a04df3ffceb1d 16df53d1fa43468e8c68b53f3356357f - - default default] create failed (client error): Invalid input for description. Reason: 'yyyyyyyyyyyyyyyyyyyyyyyyyyyyyyyyyyyyyyyyyyyyyyyyyyyyyyyyyyyyyyyyyyyyyyyyyyyyyyyyyyyyyyyyyyyyyyyyyyyyyyyyyyyyyyyyyyyyyyyyyyyyyyyyyyyyyyyyyyyyyyyyyyyyyyyyyyyyyyyyyyyyyyyyyyyyyyyyyyyyyyyyyyyyyyyyyyyyyyyyyyyyyyyyyyyyyyyyyyyyyyyyyyyyyyyyyyyyyyyyyyyyyyyyyyyyyyyy' exceeds maximum length of 255.
2026-06-26 04:51:41.628 9 INFO neutron.api.wsgi [None req-8a7f1437-c94f-440f-b1e2-a65aea833302 99cca19d3c374f91830a04df3ffceb1d 16df53d1fa43468e8c68b53f3356357f - - default default] 10.0.0.160 "POST /v2.0/vpn/vpnservices HTTP/1.1" status: 400 len: 604 time: 0.0051808
2026-06-26 04:51:41.638 9 WARNING neutron.api.v2.base [None req-e4f4752b-30f5-4965-b704-e0787ce13c04 99cca19d3c374f91830a04df3ffceb1d 16df53d1fa43468e8c68b53f3356357f - - default default] An exception happened while processing the request body. The exception message is [Invalid input for name. Reason: 'xxxxxxxxxxxxxxxxxxxxxxxxxxxxxxxxxxxxxxxxxxxxxxxxxxxxxxxxxxxxxxxxxxxxxxxxxxxxxxxxxxxxxxxxxxxxxxxxxxxxxxxxxxxxxxxxxxxxxxxxxxxxxxxxxxxxxxxxxxxxxxxxxxxxxxxxxxxxxxxxxxxxxxxxxxxxxxxxxxxxxxxxxxxxxxxxxxxxxxxxxxxxxxxxxxxxxxxxxxxxxxxxxxxxxxxxxxxxxxxxxxxxxxxxxxxxxxxx' exceeds maximum length of 255.].: webob.exc.HTTPBadRequest: Invalid input for name. Reason: 'xxxxxxxxxxxxxxxxxxxxxxxxxxxxxxxxxxxxxxxxxxxxxxxxxxxxxxxxxxxxxxxxxxxxxxxxxxxxxxxxxxxxxxxxxxxxxxxxxxxxxxxxxxxxxxxxxxxxxxxxxxxxxxxxxxxxxxxxxxxxxxxxxxxxxxxxxxxxxxxxxxxxxxxxxxxxxxxxxxxxxxxxxxxxxxxxxxxxxxxxxxxxxxxxxxxxxxxxxxxxxxxxxxxxxxxxxxxxxxxxxxxxxxxxxxxxxxxx' exceeds maximum length of 255.
2026-06-26 04:51:41.639 9 INFO neutron.api.v2.resource [None req-e4f4752b-30f5-4965-b704-e0787ce13c04 99cca19d3c374f91830a04df3ffceb1d 16df53d1fa43468e8c68b53f3356357f - - default default] create failed (client error): Invalid input for name. Reason: 'xxxxxxxxxxxxxxxxxxxxxxxxxxxxxxxxxxxxxxxxxxxxxxxxxxxxxxxxxxxxxxxxxxxxxxxxxxxxxxxxxxxxxxxxxxxxxxxxxxxxxxxxxxxxxxxxxxxxxxxxxxxxxxxxxxxxxxxxxxxxxxxxxxxxxxxxxxxxxxxxxxxxxxxxxxxxxxxxxxxxxxxxxxxxxxxxxxxxxxxxxxxxxxxxxxxxxxxxxxxxxxxxxxxxxxxxxxxxxxxxxxxxxxxxxxxxxxxx' exceeds maximum length of 255.
2026-06-26 04:51:41.641 9 INFO neutron.api.wsgi [None req-e4f4752b-30f5-4965-b704-e0787ce13c04 99cca19d3c374f91830a04df3ffceb1d 16df53d1fa43468e8c68b53f3356357f - - default default] 10.0.0.160 "POST /v2.0/vpn/vpnservices HTTP/1.1" status: 400 len: 597 time: 0.0066841
2026-06-26 04:51:41.647 9 WARNING neutron_lib.context [None req-37620440-6c7d-4305-9d95-4a5499562cb5 99cca19d3c374f91830a04df3ffceb1d 16df53d1fa43468e8c68b53f3356357f - - default default] Method 'is_advsvc' is deprecated since 2023.2 release (neutron-lib 3.8.0) and will be removed once support for the old RBAC API policies will be removed from Neutron. Please use method 'is_service_role' instead.
2026-06-26 04:51:41.675 9 INFO neutron.api.v2.resource [None req-37620440-6c7d-4305-9d95-4a5499562cb5 99cca19d3c374f91830a04df3ffceb1d 16df53d1fa43468e8c68b53f3356357f - - default default] create failed (client error): The server could not comply with the request since it is either malformed or otherwise incorrect.
2026-06-26 04:51:41.676 9 INFO neutron.api.wsgi [None req-37620440-6c7d-4305-9d95-4a5499562cb5 99cca19d3c374f91830a04df3ffceb1d 16df53d1fa43468e8c68b53f3356357f - - default default] 10.0.0.160 "POST /v2.0/vpn/endpoint-groups HTTP/1.1" status: 400 len: 386 time: 0.0322137
2026-06-26 04:51:41.689 9 WARNING neutron_lib.context [None req-479e4165-694a-4f20-bafd-f8842239b014 99cca19d3c374f91830a04df3ffceb1d 16df53d1fa43468e8c68b53f3356357f - - default default] Method 'is_advsvc' is deprecated since 2023.2 release (neutron-lib 3.8.0) and will be removed once support for the old RBAC API policies will be removed from Neutron. Please use method 'is_service_role' instead.
2026-06-26 04:51:41.712 9 INFO neutron.api.v2.resource [None req-479e4165-694a-4f20-bafd-f8842239b014 99cca19d3c374f91830a04df3ffceb1d 16df53d1fa43468e8c68b53f3356357f - - default default] create failed (client error): The server could not comply with the request since it is either malformed or otherwise incorrect.
2026-06-26 04:51:41.713 9 INFO neutron.api.wsgi [None req-479e4165-694a-4f20-bafd-f8842239b014 99cca19d3c374f91830a04df3ffceb1d 16df53d1fa43468e8c68b53f3356357f - - default default] 10.0.0.160 "POST /v2.0/vpn/endpoint-groups HTTP/1.1" status: 400 len: 363 time: 0.0289242
2026-06-26 04:51:41.726 9 WARNING neutron_lib.context [None req-9c5a9819-6b0b-4d4c-a5d9-a77162940d65 99cca19d3c374f91830a04df3ffceb1d 16df53d1fa43468e8c68b53f3356357f - - default default] Method 'is_advsvc' is deprecated since 2023.2 release (neutron-lib 3.8.0) and will be removed once support for the old RBAC API policies will be removed from Neutron. Please use method 'is_service_role' instead.
2026-06-26 04:51:41.749 9 INFO neutron.api.v2.resource [None req-9c5a9819-6b0b-4d4c-a5d9-a77162940d65 99cca19d3c374f91830a04df3ffceb1d 16df53d1fa43468e8c68b53f3356357f - - default default] create failed (client error): The server could not comply with the request since it is either malformed or otherwise incorrect.
2026-06-26 04:51:41.750 9 INFO neutron.api.wsgi [None req-9c5a9819-6b0b-4d4c-a5d9-a77162940d65 99cca19d3c374f91830a04df3ffceb1d 16df53d1fa43468e8c68b53f3356357f - - default default] 10.0.0.160 "POST /v2.0/vpn/endpoint-groups HTTP/1.1" status: 400 len: 357 time: 0.0291045
2026-06-26 04:51:41.767 9 INFO neutron.api.wsgi [None req-734db6a8-b4c1-48e3-9e92-3fce1d7031ef 99cca19d3c374f91830a04df3ffceb1d 16df53d1fa43468e8c68b53f3356357f - - default default] 10.0.0.160 "GET /v2.0/vpn/ikepolicies HTTP/1.1" status: 200 len: 601 time: 0.0091021
2026-06-26 04:51:41.780 9 INFO neutron.api.wsgi [None req-f1331b8e-d95d-4f86-9ee0-c0a7c4f01fce 99cca19d3c374f91830a04df3ffceb1d 16df53d1fa43468e8c68b53f3356357f - - default default] 10.0.0.160 "GET /v2.0/vpn/ipsecpolicies HTTP/1.1" status: 200 len: 611 time: 0.0075035
2026-06-26 04:51:41.792 9 INFO neutron.api.wsgi [None req-fde2d281-8e57-4d48-acba-745380890e98 99cca19d3c374f91830a04df3ffceb1d 16df53d1fa43468e8c68b53f3356357f - - default default] 10.0.0.160 "GET /v2.0/vpn/ipsec-site-connections HTTP/1.1" status: 200 len: 989 time: 0.0076852
2026-06-26 04:51:41.805 9 INFO neutron.api.wsgi [None req-a17d7476-334f-404a-bb5d-92e9d447452b 99cca19d3c374f91830a04df3ffceb1d 16df53d1fa43468e8c68b53f3356357f - - default default] 10.0.0.160 "GET /v2.0/vpn/vpnservices HTTP/1.1" status: 200 len: 1056 time: 0.0074427
2026-06-26 04:51:41.816 9 INFO neutron.api.wsgi [None req-b80921ee-fd09-47ac-baa2-4f8dbf72d698 99cca19d3c374f91830a04df3ffceb1d 16df53d1fa43468e8c68b53f3356357f - - default default] 10.0.0.160 "GET /v2.0/vpn/endpoint-groups/f7f1c037-a19f-4c33-90c5-9baf64d69574 HTTP/1.1" status: 200 len: 522 time: 0.0072787
2026-06-26 04:51:41.827 9 INFO neutron.api.wsgi [None req-dd072821-0d83-4e82-b8fd-c7a0946456d2 99cca19d3c374f91830a04df3ffceb1d 16df53d1fa43468e8c68b53f3356357f - - default default] 10.0.0.160 "GET /v2.0/vpn/endpoint-groups/3417ff78-177a-498d-b48c-87f599d869f1 HTTP/1.1" status: 200 len: 514 time: 0.0069180
2026-06-26 04:51:41.839 9 INFO neutron.api.wsgi [None req-99c0958a-6dab-4740-b638-6dd2402c23b9 99cca19d3c374f91830a04df3ffceb1d 16df53d1fa43468e8c68b53f3356357f - - default default] 10.0.0.160 "GET /v2.0/vpn/ikepolicies/2a69ec63-be38-41f9-a711-ac551bd29774 HTTP/1.1" status: 200 len: 597 time: 0.0066233
2026-06-26 04:51:41.850 9 INFO neutron.api.wsgi [None req-c01b1761-84d7-4aa3-a21b-608d3b34e6e9 99cca19d3c374f91830a04df3ffceb1d 16df53d1fa43468e8c68b53f3356357f - - default default] 10.0.0.160 "GET /v2.0/vpn/ipsecpolicies/167671d5-9dc6-49f7-8272-3a2f9f660314 HTTP/1.1" status: 200 len: 607 time: 0.0075233
2026-06-26 04:51:41.863 9 INFO neutron.api.wsgi [None req-5c9d3f20-dfc0-4dae-bdf5-2aedadefbcab 99cca19d3c374f91830a04df3ffceb1d 16df53d1fa43468e8c68b53f3356357f - - default default] 10.0.0.160 "GET /v2.0/vpn/vpnservices/2be4ba90-d907-40d3-9148-85a3de3c5f66 HTTP/1.1" status: 200 len: 644 time: 0.0073197
2026-06-26 04:51:42.312 9 WARNING neutron_lib.context [None req-ba8eea7a-a757-4324-a8ca-75e81362d42e 935275993d3d4e9b9b80c875b5040485 f19d1b9be9dc4987b2a1683386a079d6 - - default default] Method 'is_advsvc' is deprecated since 2023.2 release (neutron-lib 3.8.0) and will be removed once support for the old RBAC API policies will be removed from Neutron. Please use method 'is_service_role' instead.
2026-06-26 04:51:42.349 9 INFO neutron.db.ovn_revision_numbers_db [None req-32d8593e-3e1b-47ba-b710-e9aac7d003f3 99cca19d3c374f91830a04df3ffceb1d 16df53d1fa43468e8c68b53f3356357f - - default default] Successfully bumped revision number for resource 8386ef46-4efe-4f14-a03d-f6f26e68b110 (type: routers) to 10
2026-06-26 04:51:42.370 9 INFO neutron.api.wsgi [None req-32d8593e-3e1b-47ba-b710-e9aac7d003f3 99cca19d3c374f91830a04df3ffceb1d 16df53d1fa43468e8c68b53f3356357f - - default default] 10.0.0.160 "DELETE /v2.0/vpn/ipsec-site-connections/5f9d3413-0279-4a54-8b97-05982cbf5dc8 HTTP/1.1" status: 204 len: 168 time: 0.4995034
2026-06-26 04:51:42.403 9 INFO neutron.api.wsgi [None req-31b8f71d-b5b9-48da-92a3-5de4008aa18b 99cca19d3c374f91830a04df3ffceb1d 16df53d1fa43468e8c68b53f3356357f - - default default] 10.0.0.160 "DELETE /v2.0/vpn/endpoint-groups/f7f1c037-a19f-4c33-90c5-9baf64d69574 HTTP/1.1" status: 204 len: 168 time: 0.0247481
2026-06-26 04:51:42.442 9 INFO neutron.api.wsgi [None req-310ca009-a483-470e-bbcb-13760cfb3003 99cca19d3c374f91830a04df3ffceb1d 16df53d1fa43468e8c68b53f3356357f - - default default] 10.0.0.160 "DELETE /v2.0/vpn/endpoint-groups/3417ff78-177a-498d-b48c-87f599d869f1 HTTP/1.1" status: 204 len: 168 time: 0.0358446
2026-06-26 04:51:42.471 10 INFO neutron.api.wsgi [None req-e7af1b90-35c7-4bae-b6ce-e8eb0ef0194d 99cca19d3c374f91830a04df3ffceb1d 16df53d1fa43468e8c68b53f3356357f - - default default] 10.0.0.160 "DELETE /v2.0/vpn/ipsecpolicies/167671d5-9dc6-49f7-8272-3a2f9f660314 HTTP/1.1" status: 204 len: 168 time: 0.0244267
2026-06-26 04:51:42.511 10 INFO neutron.api.wsgi [None req-03d5ff87-bc84-4bad-b3c1-800fe8b9cbd3 99cca19d3c374f91830a04df3ffceb1d 16df53d1fa43468e8c68b53f3356357f - - default default] 10.0.0.160 "DELETE /v2.0/vpn/ikepolicies/2a69ec63-be38-41f9-a711-ac551bd29774 HTTP/1.1" status: 204 len: 168 time: 0.0336277
2026-06-26 04:51:42.534 9 WARNING neutron.scheduler.dhcp_agent_scheduler [None req-ba8eea7a-a757-4324-a8ca-75e81362d42e 935275993d3d4e9b9b80c875b5040485 f19d1b9be9dc4987b2a1683386a079d6 - - default default] No more DHCP agents
2026-06-26 04:51:42.535 9 WARNING neutron.api.rpc.agentnotifiers.dhcp_rpc_agent_api [None req-ba8eea7a-a757-4324-a8ca-75e81362d42e 935275993d3d4e9b9b80c875b5040485 f19d1b9be9dc4987b2a1683386a079d6 - - default default] Unable to schedule network 11789b96-5912-42f6-902a-d4b9fa3b0e1f: no agents available; will retry on subsequent port and subnet creation events.
2026-06-26 04:51:42.561 10 INFO neutron.api.wsgi [None req-17ecfb47-590f-474a-806e-c27a572e7a3f 99cca19d3c374f91830a04df3ffceb1d 16df53d1fa43468e8c68b53f3356357f - - default default] 10.0.0.160 "DELETE /v2.0/vpn/vpnservices/2be4ba90-d907-40d3-9148-85a3de3c5f66 HTTP/1.1" status: 204 len: 168 time: 0.0445130
2026-06-26 04:51:43.157 9 INFO neutron.api.wsgi [None req-ba8eea7a-a757-4324-a8ca-75e81362d42e 935275993d3d4e9b9b80c875b5040485 f19d1b9be9dc4987b2a1683386a079d6 - - default default] 10.0.0.160 "POST /v2.0/floatingips HTTP/1.1" status: 201 len: 751 time: 1.0226879
2026-06-26 04:51:43.209 9 INFO neutron.api.wsgi [None req-e280ea19-e926-44c4-a4ce-ec0f661d5e52 935275993d3d4e9b9b80c875b5040485 f19d1b9be9dc4987b2a1683386a079d6 - - default default] 10.0.0.160 "PUT /v2.0/floatingips/267cc669-d426-46f8-958b-24d294fb015d/tags HTTP/1.1" status: 200 len: 218 time: 0.0466502
2026-06-26 04:51:43.266 9 INFO neutron.api.wsgi [None req-2bc0e91b-ffd0-4739-821c-41044354d8ea 935275993d3d4e9b9b80c875b5040485 f19d1b9be9dc4987b2a1683386a079d6 - - default default] 10.0.0.160 "GET /v2.0/floatingips/267cc669-d426-46f8-958b-24d294fb015d/tags HTTP/1.1" status: 200 len: 218 time: 0.0517118
2026-06-26 04:51:43.317 9 INFO neutron.api.wsgi [None req-b9933fb5-17a4-4053-bd1c-c633d894d0fd 935275993d3d4e9b9b80c875b5040485 f19d1b9be9dc4987b2a1683386a079d6 - - default default] 10.0.0.160 "PUT /v2.0/floatingips/267cc669-d426-46f8-958b-24d294fb015d/tags/green HTTP/1.1" status: 201 len: 201 time: 0.0461664
2026-06-26 04:51:43.342 9 INFO neutron.api.wsgi [None req-31403600-92a4-4f10-b7b9-8e1beae12274 935275993d3d4e9b9b80c875b5040485 f19d1b9be9dc4987b2a1683386a079d6 - - default default] 10.0.0.160 "GET /v2.0/floatingips/267cc669-d426-46f8-958b-24d294fb015d/tags HTTP/1.1" status: 200 len: 227 time: 0.0202281
2026-06-26 04:51:43.376 9 INFO neutron.api.wsgi [None req-a6d8e4f3-1f83-4bc9-b439-06c8e702c363 935275993d3d4e9b9b80c875b5040485 f19d1b9be9dc4987b2a1683386a079d6 - - default default] 10.0.0.160 "PUT /v2.0/floatingips/267cc669-d426-46f8-958b-24d294fb015d/tags/red HTTP/1.1" status: 201 len: 201 time: 0.0291557
2026-06-26 04:51:43.436 10 INFO neutron.api.wsgi [None req-0ce582ac-7685-4bb6-8338-c86b35cf2f0d 935275993d3d4e9b9b80c875b5040485 f19d1b9be9dc4987b2a1683386a079d6 - - default default] 10.0.0.160 "GET /v2.0/floatingips/267cc669-d426-46f8-958b-24d294fb015d/tags HTTP/1.1" status: 200 len: 227 time: 0.0549061
2026-06-26 04:51:43.478 10 INFO neutron.api.wsgi [None req-42c10564-9d8d-4ee7-aaba-d8d5feba293d 935275993d3d4e9b9b80c875b5040485 f19d1b9be9dc4987b2a1683386a079d6 - - default default] 10.0.0.160 "PUT /v2.0/floatingips/267cc669-d426-46f8-958b-24d294fb015d/tags/black.or.white HTTP/1.1" status: 201 len: 201 time: 0.0288963
2026-06-26 04:51:43.502 10 INFO neutron.api.wsgi [None req-550a54be-6919-4dd7-992e-4b6aa23838c0 935275993d3d4e9b9b80c875b5040485 f19d1b9be9dc4987b2a1683386a079d6 - - default default] 10.0.0.160 "GET /v2.0/floatingips/267cc669-d426-46f8-958b-24d294fb015d/tags HTTP/1.1" status: 200 len: 245 time: 0.0205429
2026-06-26 04:51:43.535 10 INFO neutron.api.wsgi [None req-9747afe4-41c2-41bb-bebf-a478845d6133 935275993d3d4e9b9b80c875b5040485 f19d1b9be9dc4987b2a1683386a079d6 - - default default] 10.0.0.160 "PUT /v2.0/floatingips/267cc669-d426-46f8-958b-24d294fb015d/tags HTTP/1.1" status: 200 len: 230 time: 0.0308068
2026-06-26 04:51:43.561 10 INFO neutron.api.wsgi [None req-456bfef5-3e4f-4ef5-b689-eac7316b5bf2 935275993d3d4e9b9b80c875b5040485 f19d1b9be9dc4987b2a1683386a079d6 - - default default] 10.0.0.160 "GET /v2.0/floatingips/267cc669-d426-46f8-958b-24d294fb015d/tags HTTP/1.1" status: 200 len: 230 time: 0.0208168
2026-06-26 04:51:43.580 10 INFO neutron.api.wsgi [None req-de5b6252-6330-4d58-ba09-257347cf791f 935275993d3d4e9b9b80c875b5040485 f19d1b9be9dc4987b2a1683386a079d6 - - default default] 10.0.0.160 "GET /v2.0/floatingips/267cc669-d426-46f8-958b-24d294fb015d/tags/red HTTP/1.1" status: 204 len: 168 time: 0.0158231
2026-06-26 04:51:43.601 10 INFO neutron.api.v2.resource [None req-b3f6240d-bb01-4c8b-bb70-1a66ffd84a8d 935275993d3d4e9b9b80c875b5040485 f19d1b9be9dc4987b2a1683386a079d6 - - default default] show failed (client error): The resource could not be found.
2026-06-26 04:51:43.601 10 INFO neutron.api.wsgi [None req-b3f6240d-bb01-4c8b-bb70-1a66ffd84a8d 935275993d3d4e9b9b80c875b5040485 f19d1b9be9dc4987b2a1683386a079d6 - - default default] 10.0.0.160 "GET /v2.0/floatingips/267cc669-d426-46f8-958b-24d294fb015d/tags/green HTTP/1.1" status: 404 len: 299 time: 0.0174747
2026-06-26 04:51:43.635 10 INFO neutron.api.wsgi [None req-eea33250-8fa1-4632-aefd-6191a47c433a 935275993d3d4e9b9b80c875b5040485 f19d1b9be9dc4987b2a1683386a079d6 - - default default] 10.0.0.160 "DELETE /v2.0/floatingips/267cc669-d426-46f8-958b-24d294fb015d/tags/red HTTP/1.1" status: 204 len: 168 time: 0.0287709
2026-06-26 04:51:43.663 10 INFO neutron.api.wsgi [None req-c15c0ba3-fa14-45a2-ab50-3c49f07e35b7 935275993d3d4e9b9b80c875b5040485 f19d1b9be9dc4987b2a1683386a079d6 - - default default] 10.0.0.160 "GET /v2.0/floatingips/267cc669-d426-46f8-958b-24d294fb015d/tags HTTP/1.1" status: 200 len: 223 time: 0.0237229
2026-06-26 04:51:43.692 10 INFO neutron.api.v2.resource [None req-3ddb9397-de76-4f80-92ec-2812021a5818 935275993d3d4e9b9b80c875b5040485 f19d1b9be9dc4987b2a1683386a079d6 - - default default] delete failed (client error): The resource could not be found.
2026-06-26 04:51:43.694 10 INFO neutron.api.wsgi [None req-3ddb9397-de76-4f80-92ec-2812021a5818 935275993d3d4e9b9b80c875b5040485 f19d1b9be9dc4987b2a1683386a079d6 - - default default] 10.0.0.160 "DELETE /v2.0/floatingips/267cc669-d426-46f8-958b-24d294fb015d/tags/green HTTP/1.1" status: 404 len: 299 time: 0.0259051
2026-06-26 04:51:43.733 10 INFO neutron.api.wsgi [None req-9cc7d7cc-2017-4c62-b31e-e0b400bd8228 935275993d3d4e9b9b80c875b5040485 f19d1b9be9dc4987b2a1683386a079d6 - - default default] 10.0.0.160 "DELETE /v2.0/floatingips/267cc669-d426-46f8-958b-24d294fb015d/tags HTTP/1.1" status: 204 len: 168 time: 0.0342426
2026-06-26 04:51:43.760 10 INFO neutron.api.wsgi [None req-81d9f5d6-266e-4b36-8b1d-b680f6d40ffa 935275993d3d4e9b9b80c875b5040485 f19d1b9be9dc4987b2a1683386a079d6 - - default default] 10.0.0.160 "GET /v2.0/floatingips/267cc669-d426-46f8-958b-24d294fb015d/tags HTTP/1.1" status: 200 len: 205 time: 0.0212617
2026-06-26 04:51:44.110 10 INFO neutron.api.wsgi [None req-1e2d6dc2-9649-4526-9648-54848d3346cc 935275993d3d4e9b9b80c875b5040485 f19d1b9be9dc4987b2a1683386a079d6 - - default default] 10.0.0.160 "DELETE /v2.0/floatingips/267cc669-d426-46f8-958b-24d294fb015d HTTP/1.1" status: 204 len: 168 time: 0.3375392
2026-06-26 04:51:44.367 10 INFO neutron.api.wsgi [req-5ba39818-e286-4794-9d90-18ee2810421f req-83e73e5e-c73a-49d7-a7cf-9eede5c82d65 174154b59f8849158b3363920af84693 70e87adce11e49c2aad1b2711abc08df - - default default] 10.0.0.78 "GET /v2.0/ports?device_id=47fce8f1-2ef0-4826-b5ba-c1bc029c1375 HTTP/1.1" status: 200 len: 1398 time: 0.0728889
2026-06-26 04:51:44.406 10 INFO neutron.api.wsgi [req-5ba39818-e286-4794-9d90-18ee2810421f req-a3ddd225-0c95-439f-87ab-f84a0239ad67 174154b59f8849158b3363920af84693 70e87adce11e49c2aad1b2711abc08df - - default default] 10.0.0.78 "GET /v2.0/security-groups?id=3d7ef305-8d84-4eba-8751-b6313e13fd06&fields=id&fields=name HTTP/1.1" status: 200 len: 311 time: 0.0331326 /var/lib/openstack/lib/python3.12/site-packages/pycadf/identifier.py:71: UserWarning: Invalid uuid: neutron. To ensure interoperability, identifiers should be a valid uuid. warnings.warn(('Invalid uuid: %s. To ensure interoperability, '
2026-06-26 04:51:45.055 9 INFO neutron.db.ovn_revision_numbers_db [None req-10ef2fce-cb80-4f7d-8d0e-6f385bebe3e3 158b7729050a495984523bc1f87691ef 4568e1db581344cf85756397d929f73d - - default default] Successfully bumped revision number for resource e18345b3-61ce-440c-9892-dc99de3729b7 (type: security_groups) to 1
2026-06-26 04:51:45.066 9 INFO neutron.db.ovn_revision_numbers_db [None req-10ef2fce-cb80-4f7d-8d0e-6f385bebe3e3 158b7729050a495984523bc1f87691ef 4568e1db581344cf85756397d929f73d - - default default] Successfully bumped revision number for resource 062ab9dd-e001-4966-92f7-2febb26e1849 (type: security_group_rules) to 0
2026-06-26 04:51:45.089 9 INFO neutron.db.ovn_revision_numbers_db [None req-10ef2fce-cb80-4f7d-8d0e-6f385bebe3e3 158b7729050a495984523bc1f87691ef 4568e1db581344cf85756397d929f73d - - default default] Successfully bumped revision number for resource 4b819c04-c304-4c46-95d2-ec64c86eba57 (type: security_group_rules) to 0
2026-06-26 04:51:45.106 9 INFO neutron.db.ovn_revision_numbers_db [None req-10ef2fce-cb80-4f7d-8d0e-6f385bebe3e3 158b7729050a495984523bc1f87691ef 4568e1db581344cf85756397d929f73d - - default default] Successfully bumped revision number for resource 672edb82-a77a-4cee-be89-7489c48170d9 (type: security_group_rules) to 0
2026-06-26 04:51:45.129 9 INFO neutron.db.ovn_revision_numbers_db [None req-10ef2fce-cb80-4f7d-8d0e-6f385bebe3e3 158b7729050a495984523bc1f87691ef 4568e1db581344cf85756397d929f73d - - default default] Successfully bumped revision number for resource ec6500c6-7107-41e4-b63b-ea185335bbc8 (type: security_group_rules) to 0
2026-06-26 04:51:45.178 9 INFO neutron.api.wsgi [None req-10ef2fce-cb80-4f7d-8d0e-6f385bebe3e3 158b7729050a495984523bc1f87691ef 4568e1db581344cf85756397d929f73d - - default default] 10.0.0.160 "GET /v2.0/security-groups?tenant_id=dcb533495f444c6fa078d90e01a32d64&name=default HTTP/1.1" status: 200 len: 3124 time: 0.3641946
2026-06-26 04:51:45.206 9 INFO neutron.services.segments.plugin [-] Segment b5b471b4-4687-4ba3-b89d-70d2c15d4f74 resource provider aggregate not found
2026-06-26 04:51:45.210 9 INFO neutron.services.segments.plugin [-] Segment b5b471b4-4687-4ba3-b89d-70d2c15d4f74 resource provider aggregate not found
