2026-06-26 04:45:08.384 10 INFO neutron.api.wsgi [None req-ef7dc013-b247-4689-af39-a87dc6b4bff6 158b7729050a495984523bc1f87691ef 4568e1db581344cf85756397d929f73d - - default default] 199.204.45.115,10.0.0.210 "GET /v2.0/security-group-rules/eb481264-3e8c-4695-b61e-cb0a85045986 HTTP/1.1" status: 200 len: 777 time: 0.0143971
2026-06-26 04:45:08.526 10 INFO neutron.api.wsgi [-] 10.0.0.210 "GET / HTTP/1.1" status: 200 len: 247 time: 0.0015960
2026-06-26 04:45:08.528 9 INFO neutron.api.wsgi [-] 10.0.0.210 "GET / HTTP/1.1" status: 200 len: 247 time: 0.0024071
2026-06-26 04:45:15.717 10 INFO neutron.api.wsgi [None req-169af6fb-f943-46ac-9776-091b2a0dce06 158b7729050a495984523bc1f87691ef 4568e1db581344cf85756397d929f73d - - default default] 199.204.45.115,10.0.0.210 "GET /v2.0/quotas/63cdc91da5f546ba891e6589aa3bc125 HTTP/1.1" status: 200 len: 466 time: 0.0149868
2026-06-26 04:45:23.527 10 INFO neutron.api.wsgi [-] 10.0.0.210 "GET / HTTP/1.1" status: 200 len: 247 time: 0.0025563
2026-06-26 04:45:23.531 10 INFO neutron.api.wsgi [-] 10.0.0.210 "GET / HTTP/1.1" status: 200 len: 247 time: 0.0021279
2026-06-26 04:45:38.530 9 INFO neutron.api.wsgi [-] 10.0.0.210 "GET / HTTP/1.1" status: 200 len: 247 time: 0.0044084
2026-06-26 04:45:38.532 9 INFO neutron.api.wsgi [-] 10.0.0.210 "GET / HTTP/1.1" status: 200 len: 247 time: 0.0012231
2026-06-26 04:45:53.459 10 INFO neutron.api.wsgi [None req-8bdff898-6bb4-4bcb-80e0-6a1cde71dc39 158b7729050a495984523bc1f87691ef 4568e1db581344cf85756397d929f73d - - default default] 10.0.0.213 "GET /v2.0/network-ip-availabilities HTTP/1.1" status: 200 len: 1280 time: 0.0690367
2026-06-26 04:45:53.485 10 INFO neutron.api.wsgi [None req-bb911de0-5927-4855-9fc7-7fcb51af0d42 158b7729050a495984523bc1f87691ef 4568e1db581344cf85756397d929f73d - - default default] 10.0.0.213 "GET /v2.0/subnets HTTP/1.1" status: 200 len: 1484 time: 0.0253513
2026-06-26 04:45:53.495 10 INFO neutron.api.wsgi [None req-7fa0fc2b-3994-499a-a71f-024192234b4b 158b7729050a495984523bc1f87691ef 4568e1db581344cf85756397d929f73d - - default default] 10.0.0.213 "GET /v2.0/subnetpools HTTP/1.1" status: 200 len: 193 time: 0.0082185
2026-06-26 04:45:53.518 10 INFO neutron.api.wsgi [None req-8786a0e2-a915-4c30-b49d-fcca1ec165b4 158b7729050a495984523bc1f87691ef 4568e1db581344cf85756397d929f73d - - default default] 10.0.0.213 "GET /v2.0/subnets HTTP/1.1" status: 200 len: 1484 time: 0.0226233
2026-06-26 04:45:53.529 9 INFO neutron.api.wsgi [-] 10.0.0.210 "GET / HTTP/1.1" status: 200 len: 247 time: 0.0040877
2026-06-26 04:45:53.531 9 INFO neutron.api.wsgi [-] 10.0.0.210 "GET / HTTP/1.1" status: 200 len: 247 time: 0.0018227
2026-06-26 04:45:53.534 10 INFO neutron.api.wsgi [None req-ff524c9e-7a5e-4cee-a8ed-3007878acc13 158b7729050a495984523bc1f87691ef 4568e1db581344cf85756397d929f73d - - default default] 10.0.0.213 "GET /v2.0/floatingips HTTP/1.1" status: 200 len: 193 time: 0.0144746
2026-06-26 04:45:53.603 10 INFO neutron.api.wsgi [None req-d44de601-19ff-4886-9e17-5d82fae444a9 158b7729050a495984523bc1f87691ef 4568e1db581344cf85756397d929f73d - - default default] 10.0.0.213 "GET /v2.0/networks HTTP/1.1" status: 200 len: 2350 time: 0.0686584
2026-06-26 04:45:53.645 10 INFO neutron.api.wsgi [None req-62d2b409-6200-4b48-9b75-87d7e0b5a4a1 158b7729050a495984523bc1f87691ef 4568e1db581344cf85756397d929f73d - - default default] 10.0.0.213 "GET /v2.0/security-groups HTTP/1.1" status: 200 len: 17574 time: 0.0396135
2026-06-26 04:45:53.692 10 INFO neutron.api.wsgi [None req-b59b558b-30af-441a-ad79-0cc290bb0269 158b7729050a495984523bc1f87691ef 4568e1db581344cf85756397d929f73d - - default default] 10.0.0.213 "GET /v2.0/ports HTTP/1.1" status: 200 len: 5347 time: 0.0405488
2026-06-26 04:45:53.711 10 INFO neutron.api.wsgi [None req-a559d64b-59f7-4135-ac15-d241013f6d12 158b7729050a495984523bc1f87691ef 4568e1db581344cf85756397d929f73d - - default default] 10.0.0.213 "GET /v2.0/routers HTTP/1.1" status: 200 len: 189 time: 0.0155444
2026-06-26 04:45:53.743 10 INFO neutron.api.wsgi [None req-7797700a-3de1-4646-8770-764a90f742b8 158b7729050a495984523bc1f87691ef 4568e1db581344cf85756397d929f73d - - default default] 10.0.0.213 "GET /v2.0/agents?binary=ovn-controller HTTP/1.1" status: 200 len: 591 time: 0.0309513
2026-06-26 04:45:53.754 10 INFO neutron.api.wsgi [None req-2092a93f-7204-40df-8393-d7f11f49796b 158b7729050a495984523bc1f87691ef 4568e1db581344cf85756397d929f73d - - default default] 10.0.0.213 "GET /v2.0/agents HTTP/1.1" status: 200 len: 1390 time: 0.0099123
2026-06-26 04:46:06.152 10 INFO neutron.api.wsgi [None req-47952c50-165f-4b01-b31e-aed54d6f5c1c 158b7729050a495984523bc1f87691ef 4568e1db581344cf85756397d929f73d - - default default] 199.204.45.115,10.0.0.210 "GET /v2.0/networks?name=public HTTP/1.1" status: 200 len: 928 time: 0.0650620
2026-06-26 04:46:08.526 10 INFO neutron.api.wsgi [-] 10.0.0.210 "GET / HTTP/1.1" status: 200 len: 247 time: 0.0012205
2026-06-26 04:46:08.527 9 INFO neutron.api.wsgi [-] 10.0.0.210 "GET / HTTP/1.1" status: 200 len: 247 time: 0.0021622
2026-06-26 04:46:23.527 10 INFO neutron.api.wsgi [-] 10.0.0.210 "GET / HTTP/1.1" status: 200 len: 247 time: 0.0024090
2026-06-26 04:46:23.531 10 INFO neutron.api.wsgi [-] 10.0.0.210 "GET / HTTP/1.1" status: 200 len: 247 time: 0.0020649
2026-06-26 04:46:38.528 10 INFO neutron.api.wsgi [-] 10.0.0.210 "GET / HTTP/1.1" status: 200 len: 247 time: 0.0031106
2026-06-26 04:46:38.531 10 INFO neutron.api.wsgi [-] 10.0.0.210 "GET / HTTP/1.1" status: 200 len: 247 time: 0.0019770
2026-06-26 04:46:45.038 9 INFO neutron.api.wsgi [None req-90ef4ee5-cfcc-4098-8039-9792c501627a 158b7729050a495984523bc1f87691ef 4568e1db581344cf85756397d929f73d - - default default] 10.0.0.160 "GET /v2.0/networks HTTP/1.1" status: 200 len: 2369 time: 0.2322264
2026-06-26 04:46:46.194 9 INFO neutron.api.wsgi [None req-b1475908-2c30-45f9-859d-f3a3b49ecb64 158b7729050a495984523bc1f87691ef 4568e1db581344cf85756397d929f73d - - default default] 10.0.0.160 "GET /v2.0/floatingips HTTP/1.1" status: 200 len: 212 time: 0.0331137
2026-06-26 04:46:46.224 9 INFO neutron.api.wsgi [None req-81ff6232-0454-4702-9388-64ec34003164 158b7729050a495984523bc1f87691ef 4568e1db581344cf85756397d929f73d - - default default] 10.0.0.160 "GET /v2.0/routers HTTP/1.1" status: 200 len: 208 time: 0.0259631
2026-06-26 04:46:46.266 9 INFO neutron.api.wsgi [None req-843c9bed-3bc5-44a8-bcaa-c7b48baf866e 158b7729050a495984523bc1f87691ef 4568e1db581344cf85756397d929f73d - - default default] 10.0.0.160 "GET /v2.0/ports HTTP/1.1" status: 200 len: 5366 time: 0.0376227
2026-06-26 04:46:46.301 9 INFO neutron.api.wsgi [None req-619c3b44-1c8f-4ed4-94d8-34cd1fda5c13 158b7729050a495984523bc1f87691ef 4568e1db581344cf85756397d929f73d - - default default] 10.0.0.160 "GET /v2.0/subnets HTTP/1.1" status: 200 len: 1503 time: 0.0289445
2026-06-26 04:46:46.342 9 INFO neutron.api.wsgi [None req-2a301945-f238-4ecc-8288-ffe411ffc2fa 158b7729050a495984523bc1f87691ef 4568e1db581344cf85756397d929f73d - - default default] 10.0.0.160 "GET /v2.0/networks HTTP/1.1" status: 200 len: 2369 time: 0.0371690
2026-06-26 04:46:46.378 9 INFO neutron.api.wsgi [None req-c1c29c73-d6bf-47f7-8877-1fa60d947e33 158b7729050a495984523bc1f87691ef 4568e1db581344cf85756397d929f73d - - default default] 10.0.0.160 "GET /v2.0/security-groups HTTP/1.1" status: 200 len: 17593 time: 0.0320106
2026-06-26 04:46:46.392 9 INFO neutron.api.wsgi [None req-a49d7a63-beba-4642-8f00-e21c834881b5 158b7729050a495984523bc1f87691ef 4568e1db581344cf85756397d929f73d - - default default] 10.0.0.160 "GET /v2.0/subnetpools HTTP/1.1" status: 200 len: 212 time: 0.0094197
2026-06-26 04:46:53.528 9 INFO neutron.api.wsgi [-] 10.0.0.210 "GET / HTTP/1.1" status: 200 len: 247 time: 0.0026917
2026-06-26 04:46:53.531 9 INFO neutron.api.wsgi [-] 10.0.0.210 "GET / HTTP/1.1" status: 200 len: 247 time: 0.0020022
2026-06-26 04:46:53.546 10 INFO neutron.api.wsgi [None req-714441ed-c2bc-41d3-9f03-d484052a69ab 158b7729050a495984523bc1f87691ef 4568e1db581344cf85756397d929f73d - - default default] 10.0.0.213 "GET /v2.0/security-groups HTTP/1.1" status: 200 len: 17574 time: 0.0977967
2026-06-26 04:46:53.562 10 INFO neutron.api.wsgi [None req-16fb204b-621f-4492-a75d-8624abe87692 158b7729050a495984523bc1f87691ef 4568e1db581344cf85756397d929f73d - - default default] 10.0.0.213 "GET /v2.0/routers HTTP/1.1" status: 200 len: 189 time: 0.0112143
2026-06-26 04:46:53.608 10 INFO neutron.api.wsgi [None req-1240dca3-32b1-41d4-9218-85d590b9802a 158b7729050a495984523bc1f87691ef 4568e1db581344cf85756397d929f73d - - default default] 10.0.0.213 "GET /v2.0/agents?binary=ovn-controller HTTP/1.1" status: 200 len: 591 time: 0.0453172
2026-06-26 04:46:53.651 10 INFO neutron.api.wsgi [None req-05d8e92f-93dc-4975-889a-dcbdf058ad68 158b7729050a495984523bc1f87691ef 4568e1db581344cf85756397d929f73d - - default default] 10.0.0.213 "GET /v2.0/networks HTTP/1.1" status: 200 len: 2350 time: 0.0427847
2026-06-26 04:46:53.690 10 INFO neutron.api.wsgi [None req-e501a0c4-d0a5-45ab-b354-102c9e3a68ed 158b7729050a495984523bc1f87691ef 4568e1db581344cf85756397d929f73d - - default default] 10.0.0.213 "GET /v2.0/subnets HTTP/1.1" status: 200 len: 1484 time: 0.0350707
2026-06-26 04:46:53.746 10 INFO neutron.api.wsgi [None req-d1463b63-6f6e-45bf-a56f-649177c4ffa0 158b7729050a495984523bc1f87691ef 4568e1db581344cf85756397d929f73d - - default default] 10.0.0.213 "GET /v2.0/ports HTTP/1.1" status: 200 len: 5347 time: 0.0545757
2026-06-26 04:46:53.763 10 INFO neutron.api.wsgi [None req-57298718-a573-446a-b54d-a805e396db35 158b7729050a495984523bc1f87691ef 4568e1db581344cf85756397d929f73d - - default default] 10.0.0.213 "GET /v2.0/agents HTTP/1.1" status: 200 len: 1390 time: 0.0112052
2026-06-26 04:46:53.788 10 INFO neutron.api.wsgi [None req-86d52579-fd28-4f57-b718-6d4a5a63514e 158b7729050a495984523bc1f87691ef 4568e1db581344cf85756397d929f73d - - default default] 10.0.0.213 "GET /v2.0/subnets HTTP/1.1" status: 200 len: 1484 time: 0.0247874
2026-06-26 04:46:53.804 10 INFO neutron.api.wsgi [None req-97cbe410-b89f-4d92-ad19-28f73cd3fab0 158b7729050a495984523bc1f87691ef 4568e1db581344cf85756397d929f73d - - default default] 10.0.0.213 "GET /v2.0/subnetpools HTTP/1.1" status: 200 len: 193 time: 0.0138195
2026-06-26 04:46:53.826 10 INFO neutron.api.wsgi [None req-2f5415bb-ffaf-463f-9ce7-2cdff17027f7 158b7729050a495984523bc1f87691ef 4568e1db581344cf85756397d929f73d - - default default] 10.0.0.213 "GET /v2.0/floatingips HTTP/1.1" status: 200 len: 193 time: 0.0211506
2026-06-26 04:46:53.843 10 INFO neutron.api.wsgi [None req-ec52ed51-7395-4989-9439-9c94a57a7c39 158b7729050a495984523bc1f87691ef 4568e1db581344cf85756397d929f73d - - default default] 10.0.0.213 "GET /v2.0/network-ip-availabilities HTTP/1.1" status: 200 len: 1280 time: 0.0143573
2026-06-26 04:46:57.071 10 INFO neutron.db.ovn_revision_numbers_db [None req-dd32de4c-fba5-46a2-afb0-3db732252420 158b7729050a495984523bc1f87691ef 4568e1db581344cf85756397d929f73d - - default default] Successfully bumped revision number for resource 10fd4156-3bba-4a2b-91de-373492e574bb (type: security_groups) to 1
2026-06-26 04:46:57.089 10 INFO neutron.db.ovn_revision_numbers_db [None req-dd32de4c-fba5-46a2-afb0-3db732252420 158b7729050a495984523bc1f87691ef 4568e1db581344cf85756397d929f73d - - default default] Successfully bumped revision number for resource 1c794522-8d0c-4b63-b8d6-7dda14594f9e (type: security_group_rules) to 0
2026-06-26 04:46:57.093 10 INFO neutron.db.ovn_revision_numbers_db [None req-763a0327-a0ce-4d6f-b932-fe1f760dbdbb 158b7729050a495984523bc1f87691ef 4568e1db581344cf85756397d929f73d - - default default] Successfully bumped revision number for resource 7f5b2e6c-d67a-4dc0-8fde-65d3d500669a (type: security_groups) to 1
2026-06-26 04:46:57.101 10 INFO neutron.db.ovn_revision_numbers_db [None req-dd32de4c-fba5-46a2-afb0-3db732252420 158b7729050a495984523bc1f87691ef 4568e1db581344cf85756397d929f73d - - default default] Successfully bumped revision number for resource 26dd19a8-8c0b-488a-93ad-aa10f4b5d695 (type: security_group_rules) to 0
2026-06-26 04:46:57.108 10 INFO neutron.db.ovn_revision_numbers_db [None req-763a0327-a0ce-4d6f-b932-fe1f760dbdbb 158b7729050a495984523bc1f87691ef 4568e1db581344cf85756397d929f73d - - default default] Successfully bumped revision number for resource 433bc56a-5505-4bdd-b4dc-d568d224d694 (type: security_group_rules) to 0
2026-06-26 04:46:57.115 10 INFO neutron.db.ovn_revision_numbers_db [None req-dd32de4c-fba5-46a2-afb0-3db732252420 158b7729050a495984523bc1f87691ef 4568e1db581344cf85756397d929f73d - - default default] Successfully bumped revision number for resource 72bf1854-46fb-47e0-a436-61e6e45bcadf (type: security_group_rules) to 0
2026-06-26 04:46:57.119 10 INFO neutron.db.ovn_revision_numbers_db [None req-763a0327-a0ce-4d6f-b932-fe1f760dbdbb 158b7729050a495984523bc1f87691ef 4568e1db581344cf85756397d929f73d - - default default] Successfully bumped revision number for resource 9edfa2a5-3157-46b2-8c58-1fac8b2aebd5 (type: security_group_rules) to 0
2026-06-26 04:46:57.126 10 INFO neutron.db.ovn_revision_numbers_db [None req-dd32de4c-fba5-46a2-afb0-3db732252420 158b7729050a495984523bc1f87691ef 4568e1db581344cf85756397d929f73d - - default default] Successfully bumped revision number for resource bda05947-531b-40f6-8403-dd442b967948 (type: security_group_rules) to 0
2026-06-26 04:46:57.131 10 INFO neutron.db.ovn_revision_numbers_db [None req-763a0327-a0ce-4d6f-b932-fe1f760dbdbb 158b7729050a495984523bc1f87691ef 4568e1db581344cf85756397d929f73d - - default default] Successfully bumped revision number for resource a540f9f4-c8f6-4633-b7f3-36a453174d8d (type: security_group_rules) to 0
2026-06-26 04:46:57.145 10 INFO neutron.db.ovn_revision_numbers_db [None req-763a0327-a0ce-4d6f-b932-fe1f760dbdbb 158b7729050a495984523bc1f87691ef 4568e1db581344cf85756397d929f73d - - default default] Successfully bumped revision number for resource f7f55802-7249-40b1-8910-6d0be8e67eaa (type: security_group_rules) to 0
2026-06-26 04:46:57.224 10 INFO neutron.db.segments_db [None req-dd32de4c-fba5-46a2-afb0-3db732252420 158b7729050a495984523bc1f87691ef 4568e1db581344cf85756397d929f73d - - default default] Added segment 6e554400-47b9-4e53-aadb-f179dda71018 of type geneve for network e3082ebf-3c35-4665-879d-63d618a58333
2026-06-26 04:46:57.224 10 INFO neutron.db.segments_db [None req-763a0327-a0ce-4d6f-b932-fe1f760dbdbb 158b7729050a495984523bc1f87691ef 4568e1db581344cf85756397d929f73d - - default default] Added segment e21c1ba3-b537-45f9-99dd-acdba88e88f6 of type geneve for network d1fc3de3-36d0-4102-ba58-b895fd51e789
2026-06-26 04:46:57.343 10 INFO neutron.db.ovn_revision_numbers_db [None req-763a0327-a0ce-4d6f-b932-fe1f760dbdbb 158b7729050a495984523bc1f87691ef 4568e1db581344cf85756397d929f73d - - default default] Successfully bumped revision number for resource d1fc3de3-36d0-4102-ba58-b895fd51e789 (type: networks) to 1
2026-06-26 04:46:57.345 10 INFO neutron.db.ovn_revision_numbers_db [None req-dd32de4c-fba5-46a2-afb0-3db732252420 158b7729050a495984523bc1f87691ef 4568e1db581344cf85756397d929f73d - - default default] Successfully bumped revision number for resource e3082ebf-3c35-4665-879d-63d618a58333 (type: networks) to 1
2026-06-26 04:46:57.562 10 WARNING neutron.scheduler.dhcp_agent_scheduler [None req-dd32de4c-fba5-46a2-afb0-3db732252420 158b7729050a495984523bc1f87691ef 4568e1db581344cf85756397d929f73d - - default default] No more DHCP agents
2026-06-26 04:46:57.563 10 WARNING neutron.api.rpc.agentnotifiers.dhcp_rpc_agent_api [None req-dd32de4c-fba5-46a2-afb0-3db732252420 158b7729050a495984523bc1f87691ef 4568e1db581344cf85756397d929f73d - - default default] Unable to schedule network e3082ebf-3c35-4665-879d-63d618a58333: no agents available; will retry on subsequent port and subnet creation events.
2026-06-26 04:46:57.585 10 WARNING neutron.scheduler.dhcp_agent_scheduler [None req-763a0327-a0ce-4d6f-b932-fe1f760dbdbb 158b7729050a495984523bc1f87691ef 4568e1db581344cf85756397d929f73d - - default default] No more DHCP agents
2026-06-26 04:46:57.586 10 WARNING neutron.api.rpc.agentnotifiers.dhcp_rpc_agent_api [None req-763a0327-a0ce-4d6f-b932-fe1f760dbdbb 158b7729050a495984523bc1f87691ef 4568e1db581344cf85756397d929f73d - - default default] Unable to schedule network d1fc3de3-36d0-4102-ba58-b895fd51e789: no agents available; will retry on subsequent port and subnet creation events.
2026-06-26 04:46:57.622 10 INFO neutron.db.ovn_revision_numbers_db [None req-dd32de4c-fba5-46a2-afb0-3db732252420 158b7729050a495984523bc1f87691ef 4568e1db581344cf85756397d929f73d - - default default] Successfully bumped revision number for resource 97cc8d76-5057-4abe-85d9-769a89741371 (type: ports) to 1
2026-06-26 04:46:57.647 10 INFO neutron.api.wsgi [None req-dd32de4c-fba5-46a2-afb0-3db732252420 158b7729050a495984523bc1f87691ef 4568e1db581344cf85756397d929f73d - - default default] 10.0.0.160 "POST /v2.0/networks HTTP/1.1" status: 201 len: 950 time: 0.8471363
2026-06-26 04:46:57.658 10 INFO neutron.db.ovn_revision_numbers_db [None req-763a0327-a0ce-4d6f-b932-fe1f760dbdbb 158b7729050a495984523bc1f87691ef 4568e1db581344cf85756397d929f73d - - default default] Successfully bumped revision number for resource 8b72132c-ce95-43bc-9524-1d97b57ea2b6 (type: ports) to 1
2026-06-26 04:46:57.662 9 INFO neutron.db.ovn_revision_numbers_db [None req-eeb03f80-11ec-4155-8ab9-13be6e9ccd17 158b7729050a495984523bc1f87691ef 4568e1db581344cf85756397d929f73d - - default default] Successfully bumped revision number for resource d50d7216-d386-45a7-9cb2-5d7228011560 (type: security_groups) to 1
2026-06-26 04:46:57.674 9 INFO neutron.db.ovn_revision_numbers_db [None req-eeb03f80-11ec-4155-8ab9-13be6e9ccd17 158b7729050a495984523bc1f87691ef 4568e1db581344cf85756397d929f73d - - default default] Successfully bumped revision number for resource 68219caf-4fd7-491a-bbf8-2b1411f4e078 (type: security_group_rules) to 0
2026-06-26 04:46:57.681 10 INFO neutron.api.wsgi [None req-763a0327-a0ce-4d6f-b932-fe1f760dbdbb 158b7729050a495984523bc1f87691ef 4568e1db581344cf85756397d929f73d - - default default] 10.0.0.160 "POST /v2.0/networks HTTP/1.1" status: 201 len: 949 time: 0.8815362
2026-06-26 04:46:57.693 9 INFO neutron.db.ovn_revision_numbers_db [None req-eeb03f80-11ec-4155-8ab9-13be6e9ccd17 158b7729050a495984523bc1f87691ef 4568e1db581344cf85756397d929f73d - - default default] Successfully bumped revision number for resource 6ce07b1f-38bf-4a90-a632-7e288b8684ba (type: security_group_rules) to 0
2026-06-26 04:46:57.708 9 INFO neutron.db.ovn_revision_numbers_db [None req-eeb03f80-11ec-4155-8ab9-13be6e9ccd17 158b7729050a495984523bc1f87691ef 4568e1db581344cf85756397d929f73d - - default default] Successfully bumped revision number for resource af920555-2fe2-4fcf-83e7-fbe487a77033 (type: security_group_rules) to 0
2026-06-26 04:46:57.725 9 INFO neutron.db.ovn_revision_numbers_db [None req-eeb03f80-11ec-4155-8ab9-13be6e9ccd17 158b7729050a495984523bc1f87691ef 4568e1db581344cf85756397d929f73d - - default default] Successfully bumped revision number for resource d9a5ec20-1ad5-4ed2-a41f-c0761dfb2d25 (type: security_group_rules) to 0
2026-06-26 04:46:57.777 10 WARNING neutron.scheduler.dhcp_agent_scheduler [None req-9b100437-b2bc-4027-82f7-a386d58cc666 158b7729050a495984523bc1f87691ef 4568e1db581344cf85756397d929f73d - - default default] No more DHCP agents
2026-06-26 04:46:57.778 10 WARNING neutron.api.rpc.agentnotifiers.dhcp_rpc_agent_api [None req-9b100437-b2bc-4027-82f7-a386d58cc666 158b7729050a495984523bc1f87691ef 4568e1db581344cf85756397d929f73d - - default default] Unable to schedule network e3082ebf-3c35-4665-879d-63d618a58333: no agents available; will retry on subsequent port and subnet creation events.
2026-06-26 04:46:57.781 9 INFO neutron.api.wsgi [None req-eeb03f80-11ec-4155-8ab9-13be6e9ccd17 158b7729050a495984523bc1f87691ef 4568e1db581344cf85756397d929f73d - - default default] 10.0.0.160 "GET /v2.0/security-groups?tenant_id=ca6f8c6a1fa24c55abc0a802a7c439ae&name=default HTTP/1.1" status: 200 len: 3116 time: 0.3183150
2026-06-26 04:46:57.853 9 WARNING neutron.scheduler.dhcp_agent_scheduler [None req-eea2e2e8-d093-41ac-98ca-1655d5ba60b3 158b7729050a495984523bc1f87691ef 4568e1db581344cf85756397d929f73d - - default default] No more DHCP agents
2026-06-26 04:46:57.855 9 WARNING neutron.api.rpc.agentnotifiers.dhcp_rpc_agent_api [None req-eea2e2e8-d093-41ac-98ca-1655d5ba60b3 158b7729050a495984523bc1f87691ef 4568e1db581344cf85756397d929f73d - - default default] Unable to schedule network d1fc3de3-36d0-4102-ba58-b895fd51e789: no agents available; will retry on subsequent port and subnet creation events.
2026-06-26 04:46:58.082 9 INFO neutron.api.wsgi [None req-8e14349d-1881-46bd-a47f-51a35a246f4d 158b7729050a495984523bc1f87691ef 4568e1db581344cf85756397d929f73d - - default default] 10.0.0.160 "DELETE /v2.0/security-groups/d50d7216-d386-45a7-9cb2-5d7228011560 HTTP/1.1" status: 204 len: 168 time: 0.2803388
2026-06-26 04:46:58.148 10 INFO neutron.db.ovn_revision_numbers_db [None req-a38f8377-691e-4124-a7a9-3f3dfeda7987 - - - - - -] Successfully bumped revision number for resource 97cc8d76-5057-4abe-85d9-769a89741371 (type: ports) to 2
2026-06-26 04:46:58.173 10 INFO neutron.db.ovn_revision_numbers_db [None req-a38f8377-691e-4124-a7a9-3f3dfeda7987 - - - - - -] Successfully bumped revision number for resource ac567ef5-ac13-4b42-897d-13784ce9d2cd (type: subnets) to 0
2026-06-26 04:46:58.187 10 INFO neutron.api.wsgi [None req-9b100437-b2bc-4027-82f7-a386d58cc666 158b7729050a495984523bc1f87691ef 4568e1db581344cf85756397d929f73d - - default default] 10.0.0.160 "POST /v2.0/subnets HTTP/1.1" status: 201 len: 894 time: 0.5345156
2026-06-26 04:46:58.291 9 INFO neutron.db.ovn_revision_numbers_db [None req-17b45df1-28e5-4b8d-b384-7dc5728ff001 158b7729050a495984523bc1f87691ef 4568e1db581344cf85756397d929f73d - - default default] Successfully bumped revision number for resource a8eaa993-4e1a-4bf3-8819-7f1a5d1a878b (type: security_groups) to 1
2026-06-26 04:46:58.306 9 INFO neutron.db.ovn_revision_numbers_db [None req-17b45df1-28e5-4b8d-b384-7dc5728ff001 158b7729050a495984523bc1f87691ef 4568e1db581344cf85756397d929f73d - - default default] Successfully bumped revision number for resource 49971d87-ed4c-43eb-a4e8-3ab68ac56c59 (type: security_group_rules) to 0
2026-06-26 04:46:58.319 9 INFO neutron.db.ovn_revision_numbers_db [None req-17b45df1-28e5-4b8d-b384-7dc5728ff001 158b7729050a495984523bc1f87691ef 4568e1db581344cf85756397d929f73d - - default default] Successfully bumped revision number for resource 9de5a2bd-5576-4cd1-8088-7c3514d02b6a (type: security_group_rules) to 0
2026-06-26 04:46:58.332 9 INFO neutron.db.ovn_revision_numbers_db [None req-17b45df1-28e5-4b8d-b384-7dc5728ff001 158b7729050a495984523bc1f87691ef 4568e1db581344cf85756397d929f73d - - default default] Successfully bumped revision number for resource b211814b-9fd1-4417-8e6d-7cabb0201d4d (type: security_group_rules) to 0
2026-06-26 04:46:58.345 9 INFO neutron.db.ovn_revision_numbers_db [None req-17b45df1-28e5-4b8d-b384-7dc5728ff001 158b7729050a495984523bc1f87691ef 4568e1db581344cf85756397d929f73d - - default default] Successfully bumped revision number for resource d7979eca-6fc8-45cd-9ed5-91c35c6c7604 (type: security_group_rules) to 0
2026-06-26 04:46:58.385 9 INFO neutron.api.wsgi [None req-17b45df1-28e5-4b8d-b384-7dc5728ff001 158b7729050a495984523bc1f87691ef 4568e1db581344cf85756397d929f73d - - default default] 10.0.0.160 "GET /v2.0/security-groups?tenant_id=18053ec662b94137b2165f351de38b6f&name=default HTTP/1.1" status: 200 len: 3116 time: 0.3370073
2026-06-26 04:46:58.402 9 INFO neutron.db.ovn_revision_numbers_db [None req-2e1a282f-7b41-4952-aa1c-39585bb9b679 - - - - - -] Successfully bumped revision number for resource 8b72132c-ce95-43bc-9524-1d97b57ea2b6 (type: ports) to 2
2026-06-26 04:46:58.441 9 INFO neutron.db.ovn_revision_numbers_db [None req-2e1a282f-7b41-4952-aa1c-39585bb9b679 - - - - - -] Successfully bumped revision number for resource 81700e2a-624d-440c-a393-977d0c310d6d (type: subnets) to 0
2026-06-26 04:46:58.457 9 INFO neutron.api.wsgi [None req-eea2e2e8-d093-41ac-98ca-1655d5ba60b3 158b7729050a495984523bc1f87691ef 4568e1db581344cf85756397d929f73d - - default default] 10.0.0.160 "POST /v2.0/subnets HTTP/1.1" status: 201 len: 894 time: 0.7711184
2026-06-26 04:46:58.633 10 WARNING neutron.scheduler.dhcp_agent_scheduler [None req-93c744f8-e842-41b3-99aa-bb8d22ac6f42 158b7729050a495984523bc1f87691ef 4568e1db581344cf85756397d929f73d - - default default] No more DHCP agents
2026-06-26 04:46:58.634 10 WARNING neutron.api.rpc.agentnotifiers.dhcp_rpc_agent_api [None req-93c744f8-e842-41b3-99aa-bb8d22ac6f42 158b7729050a495984523bc1f87691ef 4568e1db581344cf85756397d929f73d - - default default] Unable to schedule network 11789b96-5912-42f6-902a-d4b9fa3b0e1f: no agents available; will retry on subsequent port and subnet creation events.
2026-06-26 04:46:58.675 9 INFO neutron.api.wsgi [None req-11935e9c-112a-432d-9f30-f4b3634aa24c 158b7729050a495984523bc1f87691ef 4568e1db581344cf85756397d929f73d - - default default] 10.0.0.160 "DELETE /v2.0/security-groups/a8eaa993-4e1a-4bf3-8819-7f1a5d1a878b HTTP/1.1" status: 204 len: 168 time: 0.2806919
2026-06-26 04:46:58.732 10 INFO neutron.db.ovn_revision_numbers_db [None req-93c744f8-e842-41b3-99aa-bb8d22ac6f42 158b7729050a495984523bc1f87691ef 4568e1db581344cf85756397d929f73d - - default default] Successfully bumped revision number for resource 4691e6fb-f5f2-4808-b6fb-0ea8f5d54501 (type: ports) to 1
2026-06-26 04:46:58.841 9 WARNING neutron.scheduler.dhcp_agent_scheduler [None req-9a734714-a340-46bf-88b5-300cfdddaf10 158b7729050a495984523bc1f87691ef 4568e1db581344cf85756397d929f73d - - default default] No more DHCP agents
2026-06-26 04:46:58.842 9 WARNING neutron.api.rpc.agentnotifiers.dhcp_rpc_agent_api [None req-9a734714-a340-46bf-88b5-300cfdddaf10 158b7729050a495984523bc1f87691ef 4568e1db581344cf85756397d929f73d - - default default] Unable to schedule network 11789b96-5912-42f6-902a-d4b9fa3b0e1f: no agents available; will retry on subsequent port and subnet creation events.
2026-06-26 04:46:58.929 9 INFO neutron.db.ovn_revision_numbers_db [None req-9a734714-a340-46bf-88b5-300cfdddaf10 158b7729050a495984523bc1f87691ef 4568e1db581344cf85756397d929f73d - - default default] Successfully bumped revision number for resource cbff4a38-d154-4604-9f49-b2196eca11cb (type: ports) to 1
2026-06-26 04:46:59.115 10 INFO neutron.plugins.ml2.drivers.ovn.mech_driver.ovsdb.extensions.qos [None req-93c744f8-e842-41b3-99aa-bb8d22ac6f42 158b7729050a495984523bc1f87691ef 4568e1db581344cf85756397d929f73d - - default default] Starting OVNClientQosExtension
2026-06-26 04:46:59.210 9 INFO neutron.plugins.ml2.drivers.ovn.mech_driver.ovsdb.extensions.qos [None req-9a734714-a340-46bf-88b5-300cfdddaf10 158b7729050a495984523bc1f87691ef 4568e1db581344cf85756397d929f73d - - default default] Starting OVNClientQosExtension
2026-06-26 04:46:59.413 10 INFO neutron.plugins.ml2.drivers.ovn.mech_driver.ovsdb.commands [None req-1ba8fd88-e200-4d31-8584-df0588196f8d - - - - - -] Schedule LRP lrp-4691e6fb-f5f2-4808-b6fb-0ea8f5d54501 on gateway 1c8134a9-393d-445c-b5c7-51a2b32003e3 with priority 1
2026-06-26 04:46:59.455 10 INFO neutron.db.ovn_revision_numbers_db [None req-93c744f8-e842-41b3-99aa-bb8d22ac6f42 158b7729050a495984523bc1f87691ef 4568e1db581344cf85756397d929f73d - - default default] Successfully bumped revision number for resource 4691e6fb-f5f2-4808-b6fb-0ea8f5d54501 (type: router_ports) to 1
2026-06-26 04:46:59.475 9 INFO neutron.plugins.ml2.drivers.ovn.mech_driver.ovsdb.ovsdb_monitor [-] Router 7bd77966-8de8-4618-9e4d-35ac88ca9d4d is bound to host instance
2026-06-26 04:46:59.489 9 INFO neutron.plugins.ml2.drivers.ovn.mech_driver.mech_driver [None req-13f847fe-0dc7-4343-8a53-b30badb95eb5 - - - - - -] OVN reports status up for port: 4691e6fb-f5f2-4808-b6fb-0ea8f5d54501
2026-06-26 04:46:59.505 9 INFO neutron.plugins.ml2.plugin [None req-13f847fe-0dc7-4343-8a53-b30badb95eb5 - - - - - -] Attempt 1 to provision port 4691e6fb-f5f2-4808-b6fb-0ea8f5d54501
2026-06-26 04:46:59.531 10 INFO neutron.db.ovn_revision_numbers_db [None req-93c744f8-e842-41b3-99aa-bb8d22ac6f42 158b7729050a495984523bc1f87691ef 4568e1db581344cf85756397d929f73d - - default default] Successfully bumped revision number for resource 7bd77966-8de8-4618-9e4d-35ac88ca9d4d (type: routers) to 2
2026-06-26 04:46:59.547 10 INFO neutron.api.wsgi [None req-93c744f8-e842-41b3-99aa-bb8d22ac6f42 158b7729050a495984523bc1f87691ef 4568e1db581344cf85756397d929f73d - - default default] 10.0.0.160 "POST /v2.0/routers HTTP/1.1" status: 201 len: 1172 time: 1.3556628
2026-06-26 04:46:59.722 9 INFO neutron.plugins.ml2.drivers.ovn.mech_driver.ovsdb.commands [None req-15cfe4f7-b95a-479b-af0d-2a12cce005cb - - - - - -] Schedule LRP lrp-cbff4a38-d154-4604-9f49-b2196eca11cb on gateway 1c8134a9-393d-445c-b5c7-51a2b32003e3 with priority 1
2026-06-26 04:46:59.733 10 INFO neutron.plugins.ml2.drivers.ovn.mech_driver.mech_driver [-] OVN reports status up for port: cbff4a38-d154-4604-9f49-b2196eca11cb
2026-06-26 04:46:59.745 10 INFO neutron.plugins.ml2.plugin [None req-7f9bba47-4405-4d28-a2ee-f2637a4e999d - - - - - -] Attempt 1 to provision port cbff4a38-d154-4604-9f49-b2196eca11cb
2026-06-26 04:46:59.793 9 INFO neutron.db.ovn_revision_numbers_db [None req-9a734714-a340-46bf-88b5-300cfdddaf10 158b7729050a495984523bc1f87691ef 4568e1db581344cf85756397d929f73d - - default default] Successfully bumped revision number for resource cbff4a38-d154-4604-9f49-b2196eca11cb (type: router_ports) to 1
2026-06-26 04:46:59.859 9 INFO neutron.db.ovn_revision_numbers_db [None req-9a734714-a340-46bf-88b5-300cfdddaf10 158b7729050a495984523bc1f87691ef 4568e1db581344cf85756397d929f73d - - default default] Successfully bumped revision number for resource c263a5a2-a9e3-42b3-aa1e-f7e6b3487557 (type: routers) to 2
2026-06-26 04:46:59.879 9 INFO neutron.api.wsgi [None req-9a734714-a340-46bf-88b5-300cfdddaf10 158b7729050a495984523bc1f87691ef 4568e1db581344cf85756397d929f73d - - default default] 10.0.0.160 "POST /v2.0/routers HTTP/1.1" status: 201 len: 1172 time: 1.4168131
2026-06-26 04:47:00.015 10 INFO neutron.db.ovn_revision_numbers_db [None req-a0952841-0c3f-4a7c-846b-781e30272c55 158b7729050a495984523bc1f87691ef 4568e1db581344cf85756397d929f73d - - default default] Successfully bumped revision number for resource b7899650-afd6-4ec3-a2f4-a58dd85d301f (type: security_groups) to 1
2026-06-26 04:47:00.019 10 WARNING neutron.scheduler.dhcp_agent_scheduler [None req-c1fff6b1-6f2e-4fb8-90e3-0f4a6561d136 158b7729050a495984523bc1f87691ef 4568e1db581344cf85756397d929f73d - - default default] No more DHCP agents
2026-06-26 04:47:00.021 10 WARNING neutron.api.rpc.agentnotifiers.dhcp_rpc_agent_api [None req-c1fff6b1-6f2e-4fb8-90e3-0f4a6561d136 158b7729050a495984523bc1f87691ef 4568e1db581344cf85756397d929f73d - - default default] Unable to schedule network e3082ebf-3c35-4665-879d-63d618a58333: no agents available; will retry on subsequent port and subnet creation events.
2026-06-26 04:47:00.027 10 INFO neutron.db.ovn_revision_numbers_db [None req-a0952841-0c3f-4a7c-846b-781e30272c55 158b7729050a495984523bc1f87691ef 4568e1db581344cf85756397d929f73d - - default default] Successfully bumped revision number for resource 0c897330-272c-4eae-aa8d-e1b7e0aadde7 (type: security_group_rules) to 0
2026-06-26 04:47:00.039 10 INFO neutron.db.ovn_revision_numbers_db [None req-a0952841-0c3f-4a7c-846b-781e30272c55 158b7729050a495984523bc1f87691ef 4568e1db581344cf85756397d929f73d - - default default] Successfully bumped revision number for resource 0d86fc94-32da-4300-bc9e-efa7faf22124 (type: security_group_rules) to 0
2026-06-26 04:47:00.051 10 INFO neutron.db.ovn_revision_numbers_db [None req-a0952841-0c3f-4a7c-846b-781e30272c55 158b7729050a495984523bc1f87691ef 4568e1db581344cf85756397d929f73d - - default default] Successfully bumped revision number for resource 7401acdf-f685-42a5-a140-a37270c509fb (type: security_group_rules) to 0
2026-06-26 04:47:00.065 10 INFO neutron.db.ovn_revision_numbers_db [None req-a0952841-0c3f-4a7c-846b-781e30272c55 158b7729050a495984523bc1f87691ef 4568e1db581344cf85756397d929f73d - - default default] Successfully bumped revision number for resource 7c675325-2e3c-4ae4-8731-f1c465f00f77 (type: security_group_rules) to 0
2026-06-26 04:47:00.122 10 INFO neutron.db.ovn_revision_numbers_db [None req-c1fff6b1-6f2e-4fb8-90e3-0f4a6561d136 158b7729050a495984523bc1f87691ef 4568e1db581344cf85756397d929f73d - - default default] Successfully bumped revision number for resource ef2c98fe-50e3-4026-8f89-4b89c482d361 (type: ports) to 1
2026-06-26 04:47:00.131 9 INFO neutron.db.ovn_revision_numbers_db [None req-1cdf24e2-ecea-439a-bdbb-e7a24b875961 - - - - - -] Successfully bumped revision number for resource 4691e6fb-f5f2-4808-b6fb-0ea8f5d54501 (type: ports) to 1
2026-06-26 04:47:00.168 10 INFO neutron.db.segments_db [None req-a0952841-0c3f-4a7c-846b-781e30272c55 158b7729050a495984523bc1f87691ef 4568e1db581344cf85756397d929f73d - - default default] Added segment d3875a08-b723-469b-87bd-f69de927604b of type geneve for network 83955b43-d4a0-4e13-876c-81893b543103
2026-06-26 04:47:00.359 10 INFO neutron.db.ovn_revision_numbers_db [None req-a0952841-0c3f-4a7c-846b-781e30272c55 158b7729050a495984523bc1f87691ef 4568e1db581344cf85756397d929f73d - - default default] Successfully bumped revision number for resource 83955b43-d4a0-4e13-876c-81893b543103 (type: networks) to 1
2026-06-26 04:47:00.396 9 WARNING neutron.scheduler.dhcp_agent_scheduler [None req-909c198c-dab1-4356-b5f0-27359b60e09b 158b7729050a495984523bc1f87691ef 4568e1db581344cf85756397d929f73d - - default default] No more DHCP agents
2026-06-26 04:47:00.398 9 WARNING neutron.api.rpc.agentnotifiers.dhcp_rpc_agent_api [None req-909c198c-dab1-4356-b5f0-27359b60e09b 158b7729050a495984523bc1f87691ef 4568e1db581344cf85756397d929f73d - - default default] Unable to schedule network d1fc3de3-36d0-4102-ba58-b895fd51e789: no agents available; will retry on subsequent port and subnet creation events.
2026-06-26 04:47:00.515 9 INFO neutron.db.ovn_revision_numbers_db [None req-909c198c-dab1-4356-b5f0-27359b60e09b 158b7729050a495984523bc1f87691ef 4568e1db581344cf85756397d929f73d - - default default] Successfully bumped revision number for resource 8275ccf0-792d-466c-aba2-869b4d4d6e45 (type: ports) to 1
2026-06-26 04:47:00.521 9 INFO neutron.db.ovn_revision_numbers_db [None req-1cdf24e2-ecea-439a-bdbb-e7a24b875961 - - - - - -] Successfully bumped revision number for resource 4691e6fb-f5f2-4808-b6fb-0ea8f5d54501 (type: ports) to 4
2026-06-26 04:47:00.550 10 WARNING neutron.scheduler.dhcp_agent_scheduler [None req-a0952841-0c3f-4a7c-846b-781e30272c55 158b7729050a495984523bc1f87691ef 4568e1db581344cf85756397d929f73d - - default default] No more DHCP agents
2026-06-26 04:47:00.551 10 WARNING neutron.api.rpc.agentnotifiers.dhcp_rpc_agent_api [None req-a0952841-0c3f-4a7c-846b-781e30272c55 158b7729050a495984523bc1f87691ef 4568e1db581344cf85756397d929f73d - - default default] Unable to schedule network 83955b43-d4a0-4e13-876c-81893b543103: no agents available; will retry on subsequent port and subnet creation events.
2026-06-26 04:47:00.708 10 INFO neutron.db.ovn_revision_numbers_db [None req-a0952841-0c3f-4a7c-846b-781e30272c55 158b7729050a495984523bc1f87691ef 4568e1db581344cf85756397d929f73d - - default default] Successfully bumped revision number for resource 34abd208-91d2-40a0-b605-bae5cc479f06 (type: ports) to 1
2026-06-26 04:47:00.733 10 INFO neutron.api.wsgi [None req-a0952841-0c3f-4a7c-846b-781e30272c55 158b7729050a495984523bc1f87691ef 4568e1db581344cf85756397d929f73d - - default default] 10.0.0.160 "POST /v2.0/networks HTTP/1.1" status: 201 len: 945 time: 1.0721331
2026-06-26 04:47:00.884 10 INFO neutron.db.ovn_revision_numbers_db [None req-c1fff6b1-6f2e-4fb8-90e3-0f4a6561d136 158b7729050a495984523bc1f87691ef 4568e1db581344cf85756397d929f73d - - default default] Successfully bumped revision number for resource ef2c98fe-50e3-4026-8f89-4b89c482d361 (type: ports) to 1
2026-06-26 04:47:00.924 10 WARNING neutron.scheduler.dhcp_agent_scheduler [None req-50675e98-ba5f-4f38-9bbd-62a21e0723c6 158b7729050a495984523bc1f87691ef 4568e1db581344cf85756397d929f73d - - default default] No more DHCP agents
2026-06-26 04:47:00.927 10 WARNING neutron.api.rpc.agentnotifiers.dhcp_rpc_agent_api [None req-50675e98-ba5f-4f38-9bbd-62a21e0723c6 158b7729050a495984523bc1f87691ef 4568e1db581344cf85756397d929f73d - - default default] Unable to schedule network 83955b43-d4a0-4e13-876c-81893b543103: no agents available; will retry on subsequent port and subnet creation events.
2026-06-26 04:47:00.951 10 WARNING neutron.scheduler.dhcp_agent_scheduler [None req-c1fff6b1-6f2e-4fb8-90e3-0f4a6561d136 158b7729050a495984523bc1f87691ef 4568e1db581344cf85756397d929f73d - - default default] No more DHCP agents
2026-06-26 04:47:00.952 10 WARNING neutron.api.rpc.agentnotifiers.dhcp_rpc_agent_api [None req-c1fff6b1-6f2e-4fb8-90e3-0f4a6561d136 158b7729050a495984523bc1f87691ef 4568e1db581344cf85756397d929f73d - - default default] Unable to schedule network e3082ebf-3c35-4665-879d-63d618a58333: no agents available; will retry on subsequent port and subnet creation events.
2026-06-26 04:47:01.047 9 INFO neutron.db.ovn_revision_numbers_db [None req-1cdf24e2-ecea-439a-bdbb-e7a24b875961 - - - - - -] Successfully bumped revision number for resource 4691e6fb-f5f2-4808-b6fb-0ea8f5d54501 (type: ports) to 5
2026-06-26 04:47:01.124 9 INFO neutron.plugins.ml2.drivers.ovn.mech_driver.ovsdb.ovsdb_monitor [None req-1cdf24e2-ecea-439a-bdbb-e7a24b875961 - - - - - -] Router c263a5a2-a9e3-42b3-aa1e-f7e6b3487557 is bound to host instance
2026-06-26 04:47:01.246 9 INFO neutron.db.ovn_revision_numbers_db [None req-909c198c-dab1-4356-b5f0-27359b60e09b 158b7729050a495984523bc1f87691ef 4568e1db581344cf85756397d929f73d - - default default] Successfully bumped revision number for resource 8275ccf0-792d-466c-aba2-869b4d4d6e45 (type: ports) to 1
2026-06-26 04:47:01.306 9 WARNING neutron.scheduler.dhcp_agent_scheduler [None req-909c198c-dab1-4356-b5f0-27359b60e09b 158b7729050a495984523bc1f87691ef 4568e1db581344cf85756397d929f73d - - default default] No more DHCP agents
2026-06-26 04:47:01.311 9 WARNING neutron.api.rpc.agentnotifiers.dhcp_rpc_agent_api [None req-909c198c-dab1-4356-b5f0-27359b60e09b 158b7729050a495984523bc1f87691ef 4568e1db581344cf85756397d929f73d - - default default] Unable to schedule network d1fc3de3-36d0-4102-ba58-b895fd51e789: no agents available; will retry on subsequent port and subnet creation events.
2026-06-26 04:47:01.406 10 INFO neutron.db.ovn_revision_numbers_db [None req-4abc08f9-341b-4ac9-901c-cd9332a28ec6 - - - - - -] Successfully bumped revision number for resource 34abd208-91d2-40a0-b605-bae5cc479f06 (type: ports) to 2
2026-06-26 04:47:01.442 10 INFO neutron.db.ovn_revision_numbers_db [None req-4abc08f9-341b-4ac9-901c-cd9332a28ec6 - - - - - -] Successfully bumped revision number for resource 9b9cc5df-d258-48a7-be75-6c4db459e42e (type: subnets) to 0
2026-06-26 04:47:01.455 10 INFO neutron.api.wsgi [None req-50675e98-ba5f-4f38-9bbd-62a21e0723c6 158b7729050a495984523bc1f87691ef 4568e1db581344cf85756397d929f73d - - default default] 10.0.0.160 "POST /v2.0/subnets HTTP/1.1" status: 201 len: 890 time: 0.7166717
2026-06-26 04:47:01.495 10 INFO neutron.db.ovn_revision_numbers_db [None req-c1fff6b1-6f2e-4fb8-90e3-0f4a6561d136 158b7729050a495984523bc1f87691ef 4568e1db581344cf85756397d929f73d - - default default] Successfully bumped revision number for resource ef2c98fe-50e3-4026-8f89-4b89c482d361 (type: router_ports) to 1
2026-06-26 04:47:01.500 10 INFO neutron.api.wsgi [None req-c1fff6b1-6f2e-4fb8-90e3-0f4a6561d136 158b7729050a495984523bc1f87691ef 4568e1db581344cf85756397d929f73d - - default default] 10.0.0.160 "PUT /v2.0/routers/7bd77966-8de8-4618-9e4d-35ac88ca9d4d/add_router_interface HTTP/1.1" status: 200 len: 503 time: 1.9469724
2026-06-26 04:47:01.643 9 INFO neutron.db.ovn_revision_numbers_db [None req-7c599f6c-1865-48c3-b28e-4127a5b92f6e - - - - - -] Successfully bumped revision number for resource cbff4a38-d154-4604-9f49-b2196eca11cb (type: ports) to 1
2026-06-26 04:47:01.974 9 INFO neutron.plugins.ml2.drivers.ovn.mech_driver.mech_driver [None req-13f847fe-0dc7-4343-8a53-b30badb95eb5 - - - - - -] OVN reports status up for port: ef2c98fe-50e3-4026-8f89-4b89c482d361
2026-06-26 04:47:01.991 9 INFO neutron.plugins.ml2.plugin [None req-13f847fe-0dc7-4343-8a53-b30badb95eb5 - - - - - -] Attempt 1 to provision port ef2c98fe-50e3-4026-8f89-4b89c482d361
2026-06-26 04:47:02.138 9 WARNING neutron.scheduler.dhcp_agent_scheduler [None req-8673dd95-9bc8-47b8-b146-2f5e34531687 158b7729050a495984523bc1f87691ef 4568e1db581344cf85756397d929f73d - - default default] No more DHCP agents
2026-06-26 04:47:02.147 9 WARNING neutron.api.rpc.agentnotifiers.dhcp_rpc_agent_api [None req-8673dd95-9bc8-47b8-b146-2f5e34531687 158b7729050a495984523bc1f87691ef 4568e1db581344cf85756397d929f73d - - default default] Unable to schedule network 11789b96-5912-42f6-902a-d4b9fa3b0e1f: no agents available; will retry on subsequent port and subnet creation events.
2026-06-26 04:47:02.228 9 INFO neutron.db.ovn_revision_numbers_db [None req-909c198c-dab1-4356-b5f0-27359b60e09b 158b7729050a495984523bc1f87691ef 4568e1db581344cf85756397d929f73d - - default default] Successfully bumped revision number for resource 8275ccf0-792d-466c-aba2-869b4d4d6e45 (type: router_ports) to 1
2026-06-26 04:47:02.238 9 INFO neutron.api.wsgi [None req-909c198c-dab1-4356-b5f0-27359b60e09b 158b7729050a495984523bc1f87691ef 4568e1db581344cf85756397d929f73d - - default default] 10.0.0.160 "PUT /v2.0/routers/c263a5a2-a9e3-42b3-aa1e-f7e6b3487557/add_router_interface HTTP/1.1" status: 200 len: 503 time: 2.3541992
2026-06-26 04:47:02.275 9 INFO neutron.db.ovn_revision_numbers_db [None req-7c599f6c-1865-48c3-b28e-4127a5b92f6e - - - - - -] Successfully bumped revision number for resource cbff4a38-d154-4604-9f49-b2196eca11cb (type: ports) to 4
2026-06-26 04:47:02.305 9 INFO neutron.db.ovn_revision_numbers_db [None req-8673dd95-9bc8-47b8-b146-2f5e34531687 158b7729050a495984523bc1f87691ef 4568e1db581344cf85756397d929f73d - - default default] Successfully bumped revision number for resource 362e4d4a-1a54-4b1c-b38e-d27357cb6d2e (type: ports) to 1
2026-06-26 04:47:02.582 10 WARNING neutron_lib.context [req-e2f1abfd-426b-450a-b67e-e031d4939eff req-d06f352f-33f7-4eb7-ab5b-767a33cf2d7a 2874e2f455c04aedb20fad4c5e3f978b 3bd95bd5ccff4676b7d87c54439ef1fd - - default default] Method 'is_advsvc' is deprecated since 2023.2 release (neutron-lib 3.8.0) and will be removed once support for the old RBAC API policies will be removed from Neutron. Please use method 'is_service_role' instead.
2026-06-26 04:47:02.604 9 INFO neutron.db.ovn_revision_numbers_db [None req-13f847fe-0dc7-4343-8a53-b30badb95eb5 - - - - - -] Successfully bumped revision number for resource ef2c98fe-50e3-4026-8f89-4b89c482d361 (type: ports) to 2
2026-06-26 04:47:02.715 10 INFO neutron.db.ovn_revision_numbers_db [req-e2f1abfd-426b-450a-b67e-e031d4939eff req-d06f352f-33f7-4eb7-ab5b-767a33cf2d7a 2874e2f455c04aedb20fad4c5e3f978b 3bd95bd5ccff4676b7d87c54439ef1fd - - default default] Successfully bumped revision number for resource deafb7ed-348e-400f-bd99-880196ad9229 (type: security_groups) to 1
2026-06-26 04:47:02.731 10 INFO neutron.db.ovn_revision_numbers_db [req-e2f1abfd-426b-450a-b67e-e031d4939eff req-d06f352f-33f7-4eb7-ab5b-767a33cf2d7a 2874e2f455c04aedb20fad4c5e3f978b 3bd95bd5ccff4676b7d87c54439ef1fd - - default default] Successfully bumped revision number for resource 40476882-af23-4951-8da5-fcdb9e483599 (type: security_group_rules) to 0
2026-06-26 04:47:02.743 10 INFO neutron.db.ovn_revision_numbers_db [req-e2f1abfd-426b-450a-b67e-e031d4939eff req-d06f352f-33f7-4eb7-ab5b-767a33cf2d7a 2874e2f455c04aedb20fad4c5e3f978b 3bd95bd5ccff4676b7d87c54439ef1fd - - default default] Successfully bumped revision number for resource 86ffbcb4-6dbf-4944-9876-9a1011705210 (type: security_group_rules) to 0
2026-06-26 04:47:02.751 9 WARNING neutron_lib.context [None req-02c6ebe5-2194-4c84-bd4d-2d5e8ffb14d8 29277bb024a04acca0bbd4f4c568e739 02e9dd36c72349c8b8f402949676fc83 - - default default] Method 'is_advsvc' is deprecated since 2023.2 release (neutron-lib 3.8.0) and will be removed once support for the old RBAC API policies will be removed from Neutron. Please use method 'is_service_role' instead.
2026-06-26 04:47:02.779 10 INFO neutron.api.wsgi [req-e2f1abfd-426b-450a-b67e-e031d4939eff req-d06f352f-33f7-4eb7-ab5b-767a33cf2d7a 2874e2f455c04aedb20fad4c5e3f978b 3bd95bd5ccff4676b7d87c54439ef1fd - - default default] 10.0.0.78 "POST /v2.0/security-groups HTTP/1.1" status: 201 len: 1888 time: 0.3983340
2026-06-26 04:47:02.810 9 INFO neutron.db.ovn_revision_numbers_db [None req-7c599f6c-1865-48c3-b28e-4127a5b92f6e - - - - - -] Successfully bumped revision number for resource cbff4a38-d154-4604-9f49-b2196eca11cb (type: ports) to 5
2026-06-26 04:47:02.819 10 INFO neutron.plugins.ml2.drivers.ovn.mech_driver.mech_driver [None req-7f9bba47-4405-4d28-a2ee-f2637a4e999d - - - - - -] OVN reports status up for port: 8275ccf0-792d-466c-aba2-869b4d4d6e45
2026-06-26 04:47:02.823 10 INFO neutron.plugins.ml2.plugin [None req-7f9bba47-4405-4d28-a2ee-f2637a4e999d - - - - - -] Attempt 1 to provision port 8275ccf0-792d-466c-aba2-869b4d4d6e45
2026-06-26 04:47:02.937 9 INFO neutron.db.ovn_revision_numbers_db [None req-02c6ebe5-2194-4c84-bd4d-2d5e8ffb14d8 29277bb024a04acca0bbd4f4c568e739 02e9dd36c72349c8b8f402949676fc83 - - default default] Successfully bumped revision number for resource cd4d8b7c-a641-4d4a-9072-364c96eebd6a (type: security_groups) to 1
2026-06-26 04:47:02.952 9 INFO neutron.db.ovn_revision_numbers_db [None req-02c6ebe5-2194-4c84-bd4d-2d5e8ffb14d8 29277bb024a04acca0bbd4f4c568e739 02e9dd36c72349c8b8f402949676fc83 - - default default] Successfully bumped revision number for resource 983cf29e-2924-42fc-b5ad-0f028eb256a9 (type: security_group_rules) to 0
2026-06-26 04:47:02.981 9 INFO neutron.db.ovn_revision_numbers_db [None req-02c6ebe5-2194-4c84-bd4d-2d5e8ffb14d8 29277bb024a04acca0bbd4f4c568e739 02e9dd36c72349c8b8f402949676fc83 - - default default] Successfully bumped revision number for resource a283149e-7278-49a8-87ee-c2e1366d8a4f (type: security_group_rules) to 0
2026-06-26 04:47:03.041 9 INFO neutron.api.wsgi [None req-02c6ebe5-2194-4c84-bd4d-2d5e8ffb14d8 29277bb024a04acca0bbd4f4c568e739 02e9dd36c72349c8b8f402949676fc83 - - default default] 10.0.0.160 "POST /v2.0/security-groups HTTP/1.1" status: 201 len: 1858 time: 0.2947559
2026-06-26 04:47:03.063 9 WARNING neutron_lib.context [None req-7375ee29-b4ff-4d23-926d-99be99aa239d 29277bb024a04acca0bbd4f4c568e739 02e9dd36c72349c8b8f402949676fc83 - - default default] Method 'is_advsvc' is deprecated since 2023.2 release (neutron-lib 3.8.0) and will be removed once support for the old RBAC API policies will be removed from Neutron. Please use method 'is_service_role' instead.
2026-06-26 04:47:03.084 9 INFO neutron.plugins.ml2.drivers.ovn.mech_driver.ovsdb.commands [None req-15cfe4f7-b95a-479b-af0d-2a12cce005cb - - - - - -] Schedule LRP lrp-362e4d4a-1a54-4b1c-b38e-d27357cb6d2e on gateway 1c8134a9-393d-445c-b5c7-51a2b32003e3 with priority 1
2026-06-26 04:47:03.220 9 INFO neutron.plugins.ml2.drivers.ovn.mech_driver.ovsdb.ovsdb_monitor [None req-7c599f6c-1865-48c3-b28e-4127a5b92f6e - - - - - -] Router 0ca4dfc0-8e3e-4371-bff7-e70f2f292fec is bound to host instance
2026-06-26 04:47:03.226 10 INFO neutron.db.ovn_revision_numbers_db [None req-7f9bba47-4405-4d28-a2ee-f2637a4e999d - - - - - -] Successfully bumped revision number for resource 8275ccf0-792d-466c-aba2-869b4d4d6e45 (type: ports) to 2
2026-06-26 04:47:03.262 9 INFO neutron.db.ovn_revision_numbers_db [None req-8673dd95-9bc8-47b8-b146-2f5e34531687 158b7729050a495984523bc1f87691ef 4568e1db581344cf85756397d929f73d - - default default] Successfully bumped revision number for resource 362e4d4a-1a54-4b1c-b38e-d27357cb6d2e (type: router_ports) to 1
2026-06-26 04:47:03.378 9 INFO neutron.db.ovn_revision_numbers_db [None req-8673dd95-9bc8-47b8-b146-2f5e34531687 158b7729050a495984523bc1f87691ef 4568e1db581344cf85756397d929f73d - - default default] Successfully bumped revision number for resource 0ca4dfc0-8e3e-4371-bff7-e70f2f292fec (type: routers) to 2
2026-06-26 04:47:03.404 9 INFO neutron.api.wsgi [None req-8673dd95-9bc8-47b8-b146-2f5e34531687 158b7729050a495984523bc1f87691ef 4568e1db581344cf85756397d929f73d - - default default] 10.0.0.160 "POST /v2.0/routers HTTP/1.1" status: 201 len: 1168 time: 1.9447255
2026-06-26 04:47:03.419 9 INFO neutron.db.ovn_revision_numbers_db [None req-7375ee29-b4ff-4d23-926d-99be99aa239d 29277bb024a04acca0bbd4f4c568e739 02e9dd36c72349c8b8f402949676fc83 - - default default] Successfully bumped revision number for resource 6595a72d-9686-405c-b2d4-ac6bc51f5dc1 (type: security_group_rules) to 0
2026-06-26 04:47:03.465 9 INFO neutron.api.wsgi [None req-7375ee29-b4ff-4d23-926d-99be99aa239d 29277bb024a04acca0bbd4f4c568e739 02e9dd36c72349c8b8f402949676fc83 - - default default] 10.0.0.160 "POST /v2.0/security-group-rules HTTP/1.1" status: 201 len: 796 time: 0.4067872
2026-06-26 04:47:03.474 9 WARNING neutron_lib.context [None req-da29482a-a1b6-4460-99f6-70c869c75c9d 29277bb024a04acca0bbd4f4c568e739 02e9dd36c72349c8b8f402949676fc83 - - default default] Method 'is_advsvc' is deprecated since 2023.2 release (neutron-lib 3.8.0) and will be removed once support for the old RBAC API policies will be removed from Neutron. Please use method 'is_service_role' instead.
2026-06-26 04:47:03.502 10 INFO neutron.api.wsgi [req-9673b34a-9a52-4caa-a17c-8a54bf9de58f req-f00077c1-aa6a-4cf9-8816-ab9ca5f70b9e 2874e2f455c04aedb20fad4c5e3f978b 3bd95bd5ccff4676b7d87c54439ef1fd - - default default] 10.0.0.78 "GET /v2.0/security-groups/deafb7ed-348e-400f-bd99-880196ad9229 HTTP/1.1" status: 200 len: 1883 time: 0.3093290
