2026-06-26 04:51:30.114 10 INFO neutron.db.ovn_revision_numbers_db [None req-8bf447e4-df0f-47cf-9902-9350b9b6e18f c614061ebf0a4a30ab1ad4d95496f23e 1516fba9a87547368a0e06bd3e2cb295 - - default default] Successfully bumped revision number for resource 89c918ef-22de-4adb-8341-bfab75a89ae2 (type: networks) to 1
2026-06-26 04:51:30.282 10 WARNING neutron.scheduler.dhcp_agent_scheduler [None req-8bf447e4-df0f-47cf-9902-9350b9b6e18f c614061ebf0a4a30ab1ad4d95496f23e 1516fba9a87547368a0e06bd3e2cb295 - - default default] No more DHCP agents
2026-06-26 04:51:30.283 10 WARNING neutron.api.rpc.agentnotifiers.dhcp_rpc_agent_api [None req-8bf447e4-df0f-47cf-9902-9350b9b6e18f c614061ebf0a4a30ab1ad4d95496f23e 1516fba9a87547368a0e06bd3e2cb295 - - default default] Unable to schedule network 89c918ef-22de-4adb-8341-bfab75a89ae2: no agents available; will retry on subsequent port and subnet creation events.
2026-06-26 04:51:30.359 10 INFO neutron.db.ovn_revision_numbers_db [None req-8bf447e4-df0f-47cf-9902-9350b9b6e18f c614061ebf0a4a30ab1ad4d95496f23e 1516fba9a87547368a0e06bd3e2cb295 - - default default] Successfully bumped revision number for resource 7a26de96-1816-4ec9-ab1e-2551e3fa3d45 (type: ports) to 1
2026-06-26 04:51:30.382 10 INFO neutron.api.wsgi [None req-8bf447e4-df0f-47cf-9902-9350b9b6e18f c614061ebf0a4a30ab1ad4d95496f23e 1516fba9a87547368a0e06bd3e2cb295 - - default default] 10.0.0.160 "POST /v2.0/networks HTTP/1.1" status: 201 len: 830 time: 0.5240128
2026-06-26 04:51:30.391 10 WARNING neutron_lib.context [None req-9d3ec037-2802-43ca-91c6-4c27f82a1bc1 c614061ebf0a4a30ab1ad4d95496f23e 1516fba9a87547368a0e06bd3e2cb295 - - default default] Method 'is_advsvc' is deprecated since 2023.2 release (neutron-lib 3.8.0) and will be removed once support for the old RBAC API policies will be removed from Neutron. Please use method 'is_service_role' instead.
2026-06-26 04:51:30.496 9 INFO neutron.db.ovn_revision_numbers_db [None req-a8eebda7-9f79-441e-8288-d7905f209be1 99cca19d3c374f91830a04df3ffceb1d 16df53d1fa43468e8c68b53f3356357f - - default default] Successfully bumped revision number for resource a68d0589-4068-4292-89a9-34754b7f0f1c (type: router_ports) to 1
2026-06-26 04:51:30.502 9 INFO neutron.api.wsgi [None req-a8eebda7-9f79-441e-8288-d7905f209be1 99cca19d3c374f91830a04df3ffceb1d 16df53d1fa43468e8c68b53f3356357f - - default default] 10.0.0.160 "PUT /v2.0/routers/cad8fda7-f665-4d96-b004-447b57a77244/add_router_interface HTTP/1.1" status: 200 len: 503 time: 1.8845060
2026-06-26 04:51:30.510 9 WARNING neutron_lib.context [None req-6b8de2b4-6a51-4e2f-a8f6-789785f0e9fc 99cca19d3c374f91830a04df3ffceb1d 16df53d1fa43468e8c68b53f3356357f - - default default] Method 'is_advsvc' is deprecated since 2023.2 release (neutron-lib 3.8.0) and will be removed once support for the old RBAC API policies will be removed from Neutron. Please use method 'is_service_role' instead.
2026-06-26 04:51:30.629 10 WARNING neutron.scheduler.dhcp_agent_scheduler [None req-9d3ec037-2802-43ca-91c6-4c27f82a1bc1 c614061ebf0a4a30ab1ad4d95496f23e 1516fba9a87547368a0e06bd3e2cb295 - - default default] No more DHCP agents
2026-06-26 04:51:30.631 10 WARNING neutron.api.rpc.agentnotifiers.dhcp_rpc_agent_api [None req-9d3ec037-2802-43ca-91c6-4c27f82a1bc1 c614061ebf0a4a30ab1ad4d95496f23e 1516fba9a87547368a0e06bd3e2cb295 - - default default] Unable to schedule network 89c918ef-22de-4adb-8341-bfab75a89ae2: no agents available; will retry on subsequent port and subnet creation events.
2026-06-26 04:51:30.705 10 INFO neutron.db.ovn_revision_numbers_db [None req-9d3ec037-2802-43ca-91c6-4c27f82a1bc1 c614061ebf0a4a30ab1ad4d95496f23e 1516fba9a87547368a0e06bd3e2cb295 - - default default] Successfully bumped revision number for resource 4d1f073b-5a91-4726-b925-b9b6b76ac9dd (type: ports) to 1
2026-06-26 04:51:30.728 10 INFO neutron.api.wsgi [None req-9d3ec037-2802-43ca-91c6-4c27f82a1bc1 c614061ebf0a4a30ab1ad4d95496f23e 1516fba9a87547368a0e06bd3e2cb295 - - default default] 10.0.0.160 "POST /v2.0/ports HTTP/1.1" status: 201 len: 942 time: 0.3412321 /var/lib/openstack/lib/python3.12/site-packages/pycadf/identifier.py:71: UserWarning: Invalid uuid: neutron. To ensure interoperability, identifiers should be a valid uuid. warnings.warn(('Invalid uuid: %s. To ensure interoperability, '
2026-06-26 04:51:30.745 10 WARNING neutron_lib.context [None req-1510129f-1c54-4d53-996f-d39b082ae501 c614061ebf0a4a30ab1ad4d95496f23e 1516fba9a87547368a0e06bd3e2cb295 - - default default] Method 'is_advsvc' is deprecated since 2023.2 release (neutron-lib 3.8.0) and will be removed once support for the old RBAC API policies will be removed from Neutron. Please use method 'is_service_role' instead.
2026-06-26 04:51:30.932 10 INFO neutron.api.wsgi [None req-1510129f-1c54-4d53-996f-d39b082ae501 c614061ebf0a4a30ab1ad4d95496f23e 1516fba9a87547368a0e06bd3e2cb295 - - default default] 10.0.0.160 "POST /v2.0/trunks HTTP/1.1" status: 201 len: 608 time: 0.1945355
2026-06-26 04:51:30.948 10 WARNING neutron_lib.context [None req-9fc73b61-d78f-4ab0-b332-694bea1ffcdb c614061ebf0a4a30ab1ad4d95496f23e 1516fba9a87547368a0e06bd3e2cb295 - - default default] Method 'is_advsvc' is deprecated since 2023.2 release (neutron-lib 3.8.0) and will be removed once support for the old RBAC API policies will be removed from Neutron. Please use method 'is_service_role' instead.
2026-06-26 04:51:30.973 9 WARNING neutron.scheduler.dhcp_agent_scheduler [None req-a91cae41-e933-45ee-9a83-5ccaa683a7be - - - - - -] No more DHCP agents
2026-06-26 04:51:30.975 9 WARNING neutron.api.rpc.agentnotifiers.dhcp_rpc_agent_api [None req-a91cae41-e933-45ee-9a83-5ccaa683a7be - - - - - -] Unable to schedule network 11789b96-5912-42f6-902a-d4b9fa3b0e1f: no agents available; will retry on subsequent port and subnet creation events.
2026-06-26 04:51:31.039 10 INFO neutron.db.segments_db [None req-9fc73b61-d78f-4ab0-b332-694bea1ffcdb c614061ebf0a4a30ab1ad4d95496f23e 1516fba9a87547368a0e06bd3e2cb295 - - default default] Added segment 0138a0ef-7521-4981-89f4-16120348fa7d of type geneve for network e1af4046-f294-4658-9556-ef02df828529
2026-06-26 04:51:31.097 9 INFO neutron.db.ovn_revision_numbers_db [None req-a91cae41-e933-45ee-9a83-5ccaa683a7be - - - - - -] Successfully bumped revision number for resource 334ca426-123e-4fb6-aaae-1b6936167aa5 (type: ports) to 1
2026-06-26 04:51:31.152 10 INFO neutron.db.ovn_revision_numbers_db [None req-9fc73b61-d78f-4ab0-b332-694bea1ffcdb c614061ebf0a4a30ab1ad4d95496f23e 1516fba9a87547368a0e06bd3e2cb295 - - default default] Successfully bumped revision number for resource e1af4046-f294-4658-9556-ef02df828529 (type: networks) to 1
2026-06-26 04:51:31.290 9 INFO neutron.db.ovn_revision_numbers_db [None req-a91cae41-e933-45ee-9a83-5ccaa683a7be - - - - - -] Successfully bumped revision number for resource 334ca426-123e-4fb6-aaae-1b6936167aa5 (type: ports) to 3
2026-06-26 04:51:31.307 10 WARNING neutron.scheduler.dhcp_agent_scheduler [None req-9fc73b61-d78f-4ab0-b332-694bea1ffcdb c614061ebf0a4a30ab1ad4d95496f23e 1516fba9a87547368a0e06bd3e2cb295 - - default default] No more DHCP agents
2026-06-26 04:51:31.308 10 WARNING neutron.api.rpc.agentnotifiers.dhcp_rpc_agent_api [None req-9fc73b61-d78f-4ab0-b332-694bea1ffcdb c614061ebf0a4a30ab1ad4d95496f23e 1516fba9a87547368a0e06bd3e2cb295 - - default default] Unable to schedule network e1af4046-f294-4658-9556-ef02df828529: no agents available; will retry on subsequent port and subnet creation events.
2026-06-26 04:51:31.350 9 INFO neutron.db.segments_db [None req-a91cae41-e933-45ee-9a83-5ccaa683a7be - - - - - -] Added segment ff8c8cce-13c6-45c5-a20c-b4cf3da9b8d8 of type geneve for network 7cb98d93-20c8-486c-8897-e982332b6d17
2026-06-26 04:51:31.366 10 INFO neutron.db.ovn_revision_numbers_db [None req-9fc73b61-d78f-4ab0-b332-694bea1ffcdb c614061ebf0a4a30ab1ad4d95496f23e 1516fba9a87547368a0e06bd3e2cb295 - - default default] Successfully bumped revision number for resource 65725797-bd0e-43ed-a087-d3509cde4016 (type: ports) to 1
2026-06-26 04:51:31.388 10 INFO neutron.api.wsgi [None req-9fc73b61-d78f-4ab0-b332-694bea1ffcdb c614061ebf0a4a30ab1ad4d95496f23e 1516fba9a87547368a0e06bd3e2cb295 - - default default] 10.0.0.160 "POST /v2.0/networks HTTP/1.1" status: 201 len: 830 time: 0.4478397
2026-06-26 04:51:31.398 10 WARNING neutron_lib.context [None req-e887e7fb-159b-494f-8f92-e129e2615757 c614061ebf0a4a30ab1ad4d95496f23e 1516fba9a87547368a0e06bd3e2cb295 - - default default] Method 'is_advsvc' is deprecated since 2023.2 release (neutron-lib 3.8.0) and will be removed once support for the old RBAC API policies will be removed from Neutron. Please use method 'is_service_role' instead.
2026-06-26 04:51:31.448 9 INFO neutron.db.ovn_revision_numbers_db [None req-641e1e16-86dd-45d5-9f31-7777b9dade7f - - - - - -] Successfully bumped revision number for resource 7cb98d93-20c8-486c-8897-e982332b6d17 (type: networks) to 1
2026-06-26 04:51:31.566 9 WARNING neutron.scheduler.dhcp_agent_scheduler [None req-641e1e16-86dd-45d5-9f31-7777b9dade7f - - - - - -] No more DHCP agents
2026-06-26 04:51:31.567 9 WARNING neutron.api.rpc.agentnotifiers.dhcp_rpc_agent_api [None req-641e1e16-86dd-45d5-9f31-7777b9dade7f - - - - - -] Unable to schedule network 7cb98d93-20c8-486c-8897-e982332b6d17: no agents available; will retry on subsequent port and subnet creation events.
2026-06-26 04:51:31.621 9 INFO neutron.db.ovn_revision_numbers_db [None req-641e1e16-86dd-45d5-9f31-7777b9dade7f - - - - - -] Successfully bumped revision number for resource 9978fe40-9c9a-4a6f-8334-4d4b300ba446 (type: ports) to 1
2026-06-26 04:51:31.629 10 WARNING neutron.scheduler.dhcp_agent_scheduler [None req-e887e7fb-159b-494f-8f92-e129e2615757 c614061ebf0a4a30ab1ad4d95496f23e 1516fba9a87547368a0e06bd3e2cb295 - - default default] No more DHCP agents
2026-06-26 04:51:31.631 10 WARNING neutron.api.rpc.agentnotifiers.dhcp_rpc_agent_api [None req-e887e7fb-159b-494f-8f92-e129e2615757 c614061ebf0a4a30ab1ad4d95496f23e 1516fba9a87547368a0e06bd3e2cb295 - - default default] Unable to schedule network e1af4046-f294-4658-9556-ef02df828529: no agents available; will retry on subsequent port and subnet creation events.
2026-06-26 04:51:31.688 10 INFO neutron.db.ovn_revision_numbers_db [None req-e887e7fb-159b-494f-8f92-e129e2615757 c614061ebf0a4a30ab1ad4d95496f23e 1516fba9a87547368a0e06bd3e2cb295 - - default default] Successfully bumped revision number for resource a43236df-36f7-40d4-bfd4-b6d9afce80b6 (type: ports) to 1
2026-06-26 04:51:31.712 10 INFO neutron.api.wsgi [None req-e887e7fb-159b-494f-8f92-e129e2615757 c614061ebf0a4a30ab1ad4d95496f23e 1516fba9a87547368a0e06bd3e2cb295 - - default default] 10.0.0.160 "POST /v2.0/ports HTTP/1.1" status: 201 len: 942 time: 0.3181257 /var/lib/openstack/lib/python3.12/site-packages/pycadf/identifier.py:71: UserWarning: Invalid uuid: neutron. To ensure interoperability, identifiers should be a valid uuid. warnings.warn(('Invalid uuid: %s. To ensure interoperability, '
2026-06-26 04:51:31.722 10 WARNING neutron_lib.context [None req-b9010b72-0e02-4e2e-926f-4b723ba6d3ff c614061ebf0a4a30ab1ad4d95496f23e 1516fba9a87547368a0e06bd3e2cb295 - - default default] Method 'is_advsvc' is deprecated since 2023.2 release (neutron-lib 3.8.0) and will be removed once support for the old RBAC API policies will be removed from Neutron. Please use method 'is_service_role' instead.
2026-06-26 04:51:31.730 9 WARNING neutron.scheduler.dhcp_agent_scheduler [None req-641e1e16-86dd-45d5-9f31-7777b9dade7f - - - - - -] No more DHCP agents
2026-06-26 04:51:31.731 9 WARNING neutron.api.rpc.agentnotifiers.dhcp_rpc_agent_api [None req-641e1e16-86dd-45d5-9f31-7777b9dade7f - - - - - -] Unable to schedule network 7cb98d93-20c8-486c-8897-e982332b6d17: no agents available; will retry on subsequent port and subnet creation events.
2026-06-26 04:51:31.751 9 INFO neutron.db.ovn_revision_numbers_db [None req-641e1e16-86dd-45d5-9f31-7777b9dade7f - - - - - -] Successfully bumped revision number for resource 3da90479-9f1d-4400-be9f-50ed0d1515b2 (type: subnets) to 0
2026-06-26 04:51:31.884 10 INFO neutron.api.wsgi [None req-b9010b72-0e02-4e2e-926f-4b723ba6d3ff c614061ebf0a4a30ab1ad4d95496f23e 1516fba9a87547368a0e06bd3e2cb295 - - default default] 10.0.0.160 "POST /v2.0/trunks HTTP/1.1" status: 201 len: 608 time: 0.1670554
2026-06-26 04:51:31.922 10 INFO neutron.api.wsgi [None req-2f52fb32-dfde-4aae-985d-6750fac9e702 c614061ebf0a4a30ab1ad4d95496f23e 1516fba9a87547368a0e06bd3e2cb295 - - default default] 10.0.0.160 "PUT /v2.0/trunks/e1c10483-07ab-4128-846c-f71bc5eec07a/tags HTTP/1.1" status: 200 len: 210 time: 0.0332117
2026-06-26 04:51:31.964 10 INFO neutron.api.wsgi [None req-300c7420-b4f5-4afe-990e-190b30a0adff c614061ebf0a4a30ab1ad4d95496f23e 1516fba9a87547368a0e06bd3e2cb295 - - default default] 10.0.0.160 "PUT /v2.0/trunks/ed67b5b3-a97b-4f06-b39a-8587699e3406/tags HTTP/1.1" status: 200 len: 218 time: 0.0361149
2026-06-26 04:51:32.011 10 INFO neutron.api.wsgi [None req-27c0c065-3ad5-4dd4-b178-e7bef9a1c42e c614061ebf0a4a30ab1ad4d95496f23e 1516fba9a87547368a0e06bd3e2cb295 - - default default] 10.0.0.160 "PUT /v2.0/trunks/7b744d9a-9b16-4d1a-aff3-b09a2ea34fc9/tags HTTP/1.1" status: 200 len: 227 time: 0.0404630
2026-06-26 04:51:32.039 10 INFO neutron.api.wsgi [None req-41017aac-c824-4579-94ae-71cef184a841 c614061ebf0a4a30ab1ad4d95496f23e 1516fba9a87547368a0e06bd3e2cb295 - - default default] 10.0.0.160 "PUT /v2.0/trunks/b09fa91d-5589-4ac1-ae03-2ac4e89c9459/tags HTTP/1.1" status: 200 len: 212 time: 0.0232351
2026-06-26 04:51:32.060 10 INFO neutron.api.wsgi [None req-3e07cf32-cd8a-477f-8548-5397cca5a485 c614061ebf0a4a30ab1ad4d95496f23e 1516fba9a87547368a0e06bd3e2cb295 - - default default] 10.0.0.160 "GET /v2.0/trunks?tags=red HTTP/1.1" status: 200 len: 1447 time: 0.0152965
2026-06-26 04:51:32.078 10 INFO neutron.api.wsgi [None req-e3efb95c-ae25-40ff-9919-f1727438d2fc c614061ebf0a4a30ab1ad4d95496f23e 1516fba9a87547368a0e06bd3e2cb295 - - default default] 10.0.0.160 "GET /v2.0/trunks?tags=red%2Cblue HTTP/1.1" status: 200 len: 1041 time: 0.0137179
2026-06-26 04:51:32.079 9 WARNING neutron.scheduler.dhcp_agent_scheduler [None req-641e1e16-86dd-45d5-9f31-7777b9dade7f - - - - - -] No more DHCP agents
2026-06-26 04:51:32.081 9 WARNING neutron.api.rpc.agentnotifiers.dhcp_rpc_agent_api [None req-641e1e16-86dd-45d5-9f31-7777b9dade7f - - - - - -] Unable to schedule network 7cb98d93-20c8-486c-8897-e982332b6d17: no agents available; will retry on subsequent port and subnet creation events.
2026-06-26 04:51:32.096 10 INFO neutron.api.wsgi [None req-9093eda9-5a28-4a9c-9077-c6dec7cf43f5 c614061ebf0a4a30ab1ad4d95496f23e 1516fba9a87547368a0e06bd3e2cb295 - - default default] 10.0.0.160 "GET /v2.0/trunks?tags-any=blue HTTP/1.1" status: 200 len: 1041 time: 0.0139759
2026-06-26 04:51:32.113 10 INFO neutron.api.wsgi [None req-988143c7-4452-4370-8ccd-e2307b2f0607 c614061ebf0a4a30ab1ad4d95496f23e 1516fba9a87547368a0e06bd3e2cb295 - - default default] 10.0.0.160 "GET /v2.0/trunks?tags-any=red%2Cblue HTTP/1.1" status: 200 len: 1447 time: 0.0127299
2026-06-26 04:51:32.130 10 INFO neutron.api.wsgi [None req-470cc0e7-026f-4d3d-997d-da4c1f3a6286 c614061ebf0a4a30ab1ad4d95496f23e 1516fba9a87547368a0e06bd3e2cb295 - - default default] 10.0.0.160 "GET /v2.0/trunks?not-tags=red HTTP/1.1" status: 200 len: 1013 time: 0.0122638
2026-06-26 04:51:32.149 10 INFO neutron.api.wsgi [None req-1f25c482-6efc-4553-8402-9e94c992099a c614061ebf0a4a30ab1ad4d95496f23e 1516fba9a87547368a0e06bd3e2cb295 - - default default] 10.0.0.160 "GET /v2.0/trunks?not-tags=red%2Cblue HTTP/1.1" status: 200 len: 1419 time: 0.0156224
2026-06-26 04:51:32.173 9 INFO neutron.api.wsgi [None req-335d135d-d487-4187-af8b-1457354140af c614061ebf0a4a30ab1ad4d95496f23e 1516fba9a87547368a0e06bd3e2cb295 - - default default] 10.0.0.160 "GET /v2.0/trunks?not-tags-any=blue HTTP/1.1" status: 200 len: 1419 time: 0.0190897
2026-06-26 04:51:32.184 9 INFO neutron.db.ovn_revision_numbers_db [None req-641e1e16-86dd-45d5-9f31-7777b9dade7f - - - - - -] Successfully bumped revision number for resource 0579df70-05bb-479d-8d0b-3d19b65d24ac (type: ports) to 1
2026-06-26 04:51:32.195 10 INFO neutron.api.wsgi [None req-6ff1dd7b-4966-4be6-b5ed-eb531ee5f369 c614061ebf0a4a30ab1ad4d95496f23e 1516fba9a87547368a0e06bd3e2cb295 - - default default] 10.0.0.160 "GET /v2.0/trunks?not-tags-any=red%2Cblue HTTP/1.1" status: 200 len: 1013 time: 0.0165868
2026-06-26 04:51:32.208 10 INFO neutron.api.wsgi [None req-0e8624ad-6da9-4b49-85fb-d3a2a28616e9 c614061ebf0a4a30ab1ad4d95496f23e 1516fba9a87547368a0e06bd3e2cb295 - - default default] 10.0.0.160 "GET /v2.0/trunks/e1c10483-07ab-4128-846c-f71bc5eec07a HTTP/1.1" status: 200 len: 608 time: 0.0097449
2026-06-26 04:51:32.284 10 INFO neutron.api.wsgi [None req-0fabac00-d93b-493c-976c-e6d3cd7958b8 c614061ebf0a4a30ab1ad4d95496f23e 1516fba9a87547368a0e06bd3e2cb295 - - default default] 10.0.0.160 "GET /v2.0/ports/38d444b5-2350-4e19-ad5d-11407d3692ac HTTP/1.1" status: 200 len: 1020 time: 0.0726788
2026-06-26 04:51:32.349 10 INFO neutron.api.wsgi [None req-5d11feca-7900-4156-a030-ba45681dc6af c614061ebf0a4a30ab1ad4d95496f23e 1516fba9a87547368a0e06bd3e2cb295 - - default default] 10.0.0.160 "DELETE /v2.0/trunks/e1c10483-07ab-4128-846c-f71bc5eec07a HTTP/1.1" status: 204 len: 168 time: 0.0599532
2026-06-26 04:51:32.366 10 INFO neutron.api.wsgi [None req-acf4b0c0-b30d-4008-9871-30115f51e9a2 c614061ebf0a4a30ab1ad4d95496f23e 1516fba9a87547368a0e06bd3e2cb295 - - default default] 10.0.0.160 "GET /v2.0/trunks/ed67b5b3-a97b-4f06-b39a-8587699e3406 HTTP/1.1" status: 200 len: 616 time: 0.0125635
2026-06-26 04:51:32.423 10 INFO neutron.api.wsgi [None req-7452668f-0a9f-48f7-93e4-0ec59f59bdea c614061ebf0a4a30ab1ad4d95496f23e 1516fba9a87547368a0e06bd3e2cb295 - - default default] 10.0.0.160 "GET /v2.0/ports/bb4b0f68-2a86-4bf5-aa5f-381ccad608e0 HTTP/1.1" status: 200 len: 1020 time: 0.0530906
2026-06-26 04:51:32.488 10 INFO neutron.api.wsgi [None req-53f05a04-069f-464d-889e-1d412481be2f c614061ebf0a4a30ab1ad4d95496f23e 1516fba9a87547368a0e06bd3e2cb295 - - default default] 10.0.0.160 "DELETE /v2.0/trunks/ed67b5b3-a97b-4f06-b39a-8587699e3406 HTTP/1.1" status: 204 len: 168 time: 0.0603433
2026-06-26 04:51:32.504 10 INFO neutron.api.wsgi [None req-71ddbf66-cbfe-4e38-9f20-a99924f4b5f7 c614061ebf0a4a30ab1ad4d95496f23e 1516fba9a87547368a0e06bd3e2cb295 - - default default] 10.0.0.160 "GET /v2.0/trunks/7b744d9a-9b16-4d1a-aff3-b09a2ea34fc9 HTTP/1.1" status: 200 len: 625 time: 0.0110195
2026-06-26 04:51:32.568 10 INFO neutron.api.wsgi [None req-bbf61d46-07db-4c95-aec6-5fd08569b7f6 c614061ebf0a4a30ab1ad4d95496f23e 1516fba9a87547368a0e06bd3e2cb295 - - default default] 10.0.0.160 "GET /v2.0/ports/79d6a9d0-d407-41ec-ae0f-c0e974d189c9 HTTP/1.1" status: 200 len: 1020 time: 0.0598526
2026-06-26 04:51:32.627 10 INFO neutron.api.wsgi [None req-ed313b2a-c11c-4703-ac95-1eaa82d5552b c614061ebf0a4a30ab1ad4d95496f23e 1516fba9a87547368a0e06bd3e2cb295 - - default default] 10.0.0.160 "DELETE /v2.0/trunks/7b744d9a-9b16-4d1a-aff3-b09a2ea34fc9 HTTP/1.1" status: 204 len: 168 time: 0.0543246
2026-06-26 04:51:32.646 9 INFO neutron.db.ovn_revision_numbers_db [None req-641e1e16-86dd-45d5-9f31-7777b9dade7f - - - - - -] Successfully bumped revision number for resource 0579df70-05bb-479d-8d0b-3d19b65d24ac (type: ports) to 1
2026-06-26 04:51:32.646 10 INFO neutron.api.wsgi [None req-4648d003-d817-4905-85d6-72cbea2731a5 c614061ebf0a4a30ab1ad4d95496f23e 1516fba9a87547368a0e06bd3e2cb295 - - default default] 10.0.0.160 "GET /v2.0/trunks/b09fa91d-5589-4ac1-ae03-2ac4e89c9459 HTTP/1.1" status: 200 len: 610 time: 0.0133009
2026-06-26 04:51:32.691 9 WARNING neutron.scheduler.dhcp_agent_scheduler [None req-641e1e16-86dd-45d5-9f31-7777b9dade7f - - - - - -] No more DHCP agents
2026-06-26 04:51:32.692 9 WARNING neutron.api.rpc.agentnotifiers.dhcp_rpc_agent_api [None req-641e1e16-86dd-45d5-9f31-7777b9dade7f - - - - - -] Unable to schedule network 7cb98d93-20c8-486c-8897-e982332b6d17: no agents available; will retry on subsequent port and subnet creation events.
2026-06-26 04:51:32.709 10 INFO neutron.api.wsgi [None req-8425a7d9-20cf-45b1-b15c-5b2de316f4a0 c614061ebf0a4a30ab1ad4d95496f23e 1516fba9a87547368a0e06bd3e2cb295 - - default default] 10.0.0.160 "GET /v2.0/ports/4d1f073b-5a91-4726-b925-b9b6b76ac9dd HTTP/1.1" status: 200 len: 1020 time: 0.0584691
2026-06-26 04:51:32.768 10 INFO neutron.api.wsgi [None req-914ff8f1-92b9-4463-b150-0b2493237c4b c614061ebf0a4a30ab1ad4d95496f23e 1516fba9a87547368a0e06bd3e2cb295 - - default default] 10.0.0.160 "DELETE /v2.0/trunks/b09fa91d-5589-4ac1-ae03-2ac4e89c9459 HTTP/1.1" status: 204 len: 168 time: 0.0550795
2026-06-26 04:51:32.787 10 INFO neutron.api.wsgi [None req-7dc3b154-f52c-41b5-9beb-6e73010d5724 c614061ebf0a4a30ab1ad4d95496f23e 1516fba9a87547368a0e06bd3e2cb295 - - default default] 10.0.0.160 "GET /v2.0/trunks/7e25cc1d-834d-4c80-904e-40621abc7f10 HTTP/1.1" status: 200 len: 603 time: 0.0134101
2026-06-26 04:51:32.854 10 INFO neutron.api.wsgi [None req-0e900a16-2e72-44aa-8ce5-e2b95a3ae7cb c614061ebf0a4a30ab1ad4d95496f23e 1516fba9a87547368a0e06bd3e2cb295 - - default default] 10.0.0.160 "GET /v2.0/ports/a43236df-36f7-40d4-bfd4-b6d9afce80b6 HTTP/1.1" status: 200 len: 1020 time: 0.0626488
2026-06-26 04:51:32.937 10 INFO neutron.api.wsgi [None req-fe1c5daa-6ec8-41d6-8121-35e702468f0c c614061ebf0a4a30ab1ad4d95496f23e 1516fba9a87547368a0e06bd3e2cb295 - - default default] 10.0.0.160 "DELETE /v2.0/trunks/7e25cc1d-834d-4c80-904e-40621abc7f10 HTTP/1.1" status: 204 len: 168 time: 0.0773358
2026-06-26 04:51:33.143 9 INFO neutron.api.wsgi [req-157e7290-12b9-4fc4-8cc6-20f307991459 req-64bb896f-2bb9-496f-ab8e-7663142136d9 174154b59f8849158b3363920af84693 70e87adce11e49c2aad1b2711abc08df - - default default] 199.204.45.115 "GET /v2.0/networks?id=e9762c2b-90f5-489d-bfed-75493c50a432 HTTP/1.1" status: 200 len: 903 time: 0.0906589
2026-06-26 04:51:33.189 9 INFO neutron.api.wsgi [req-157e7290-12b9-4fc4-8cc6-20f307991459 req-f0c1e30a-3f0f-4d63-882c-414db0aba1dd 174154b59f8849158b3363920af84693 70e87adce11e49c2aad1b2711abc08df - - default default] 199.204.45.115 "GET /v2.0/security-groups?fields=id&fields=name&tenant_id=70e87adce11e49c2aad1b2711abc08df HTTP/1.1" status: 200 len: 378 time: 0.0424995
2026-06-26 04:51:33.202 10 INFO neutron.api.wsgi [None req-e7a47ae5-c542-4061-ae54-d8ff7d119701 c614061ebf0a4a30ab1ad4d95496f23e 1516fba9a87547368a0e06bd3e2cb295 - - default default] 10.0.0.160 "DELETE /v2.0/ports/38d444b5-2350-4e19-ad5d-11407d3692ac HTTP/1.1" status: 204 len: 168 time: 0.2610672
2026-06-26 04:51:33.205 9 WARNING neutron_lib.context [req-157e7290-12b9-4fc4-8cc6-20f307991459 req-864e0aa2-7aba-45e7-92d2-2eb9398ae811 174154b59f8849158b3363920af84693 70e87adce11e49c2aad1b2711abc08df - - default default] Method 'is_advsvc' is deprecated since 2023.2 release (neutron-lib 3.8.0) and will be removed once support for the old RBAC API policies will be removed from Neutron. Please use method 'is_service_role' instead.
2026-06-26 04:51:33.393 10 INFO neutron.api.wsgi [None req-715f34a3-65f3-45ca-9b08-4200bf2e39e2 c614061ebf0a4a30ab1ad4d95496f23e 1516fba9a87547368a0e06bd3e2cb295 - - default default] 10.0.0.160 "DELETE /v2.0/ports/bb4b0f68-2a86-4bf5-aa5f-381ccad608e0 HTTP/1.1" status: 204 len: 168 time: 0.1816471
2026-06-26 04:51:33.528 9 INFO neutron.db.ovn_revision_numbers_db [None req-641e1e16-86dd-45d5-9f31-7777b9dade7f - - - - - -] Successfully bumped revision number for resource 0579df70-05bb-479d-8d0b-3d19b65d24ac (type: router_ports) to 1
2026-06-26 04:51:33.581 9 WARNING neutron.scheduler.dhcp_agent_scheduler [req-157e7290-12b9-4fc4-8cc6-20f307991459 req-864e0aa2-7aba-45e7-92d2-2eb9398ae811 174154b59f8849158b3363920af84693 70e87adce11e49c2aad1b2711abc08df - - default default] No more DHCP agents
2026-06-26 04:51:33.583 9 WARNING neutron.api.rpc.agentnotifiers.dhcp_rpc_agent_api [req-157e7290-12b9-4fc4-8cc6-20f307991459 req-864e0aa2-7aba-45e7-92d2-2eb9398ae811 174154b59f8849158b3363920af84693 70e87adce11e49c2aad1b2711abc08df - - default default] Unable to schedule network e9762c2b-90f5-489d-bfed-75493c50a432: no agents available; will retry on subsequent port and subnet creation events.
2026-06-26 04:51:33.653 10 INFO neutron.api.wsgi [None req-85aa621a-605a-4e4a-b2c5-c15c7f706516 c614061ebf0a4a30ab1ad4d95496f23e 1516fba9a87547368a0e06bd3e2cb295 - - default default] 10.0.0.160 "DELETE /v2.0/ports/79d6a9d0-d407-41ec-ae0f-c0e974d189c9 HTTP/1.1" status: 204 len: 168 time: 0.2564020
2026-06-26 04:51:33.731 9 INFO neutron.db.ovn_revision_numbers_db [req-157e7290-12b9-4fc4-8cc6-20f307991459 req-864e0aa2-7aba-45e7-92d2-2eb9398ae811 174154b59f8849158b3363920af84693 70e87adce11e49c2aad1b2711abc08df - - default default] Successfully bumped revision number for resource 999cadb0-0add-4e4e-ba34-012073c582c3 (type: ports) to 1
2026-06-26 04:51:33.731 10 WARNING neutron.plugins.ml2.drivers.ovn.mech_driver.ovsdb.ovn_client [None req-5a58a59f-b9a2-46fb-aad6-09537b8df28d - - - - - -] No hosting information found for port 85dcbe84-b0d9-4f31-b6dd-2a3784cc2831: RuntimeError: No hosting information found for port 85dcbe84-b0d9-4f31-b6dd-2a3784cc2831
2026-06-26 04:51:33.732 10 INFO neutron.plugins.ml2.drivers.ovn.mech_driver.mech_driver [None req-5a58a59f-b9a2-46fb-aad6-09537b8df28d - - - - - -] OVN reports status up for port: 0579df70-05bb-479d-8d0b-3d19b65d24ac
2026-06-26 04:51:33.739 10 INFO neutron.plugins.ml2.plugin [None req-5a58a59f-b9a2-46fb-aad6-09537b8df28d - - - - - -] Attempt 1 to provision port 0579df70-05bb-479d-8d0b-3d19b65d24ac
2026-06-26 04:51:33.751 9 INFO neutron.api.wsgi [req-157e7290-12b9-4fc4-8cc6-20f307991459 req-864e0aa2-7aba-45e7-92d2-2eb9398ae811 174154b59f8849158b3363920af84693 70e87adce11e49c2aad1b2711abc08df - - default default] 199.204.45.115 "POST /v2.0/ports HTTP/1.1" status: 201 len: 1388 time: 0.5514567
2026-06-26 04:51:33.755 9 WARNING neutron.scheduler.dhcp_agent_scheduler [None req-641e1e16-86dd-45d5-9f31-7777b9dade7f - - - - - -] No more DHCP agents
2026-06-26 04:51:33.756 9 WARNING neutron.api.rpc.agentnotifiers.dhcp_rpc_agent_api [None req-641e1e16-86dd-45d5-9f31-7777b9dade7f - - - - - -] Unable to schedule network 7cb98d93-20c8-486c-8897-e982332b6d17: no agents available; will retry on subsequent port and subnet creation events. /var/lib/openstack/lib/python3.12/site-packages/pycadf/identifier.py:71: UserWarning: Invalid uuid: neutron. To ensure interoperability, identifiers should be a valid uuid. warnings.warn(('Invalid uuid: %s. To ensure interoperability, '
2026-06-26 04:51:33.954 10 INFO neutron.api.wsgi [req-72353435-5a2a-426d-8c4a-2bd732c5c515 req-7e5f8e86-bdb1-4403-bc9c-a90632dde4d9 174154b59f8849158b3363920af84693 70e87adce11e49c2aad1b2711abc08df - - default default] 10.0.0.78 "GET /v2.0/ports?device_id=47fce8f1-2ef0-4826-b5ba-c1bc029c1375 HTTP/1.1" status: 200 len: 1386 time: 0.1119337
2026-06-26 04:51:33.960 10 INFO neutron.api.wsgi [None req-99e6e308-5ef5-4453-96d8-0fad0ac5eb4a c614061ebf0a4a30ab1ad4d95496f23e 1516fba9a87547368a0e06bd3e2cb295 - - default default] 10.0.0.160 "DELETE /v2.0/ports/4d1f073b-5a91-4726-b925-b9b6b76ac9dd HTTP/1.1" status: 204 len: 168 time: 0.2883327
2026-06-26 04:51:34.027 10 INFO neutron.api.wsgi [req-72353435-5a2a-426d-8c4a-2bd732c5c515 req-5404a514-7ca4-4231-a324-10def5211d9d 174154b59f8849158b3363920af84693 70e87adce11e49c2aad1b2711abc08df - - default default] 10.0.0.78 "GET /v2.0/security-groups?id=3d7ef305-8d84-4eba-8751-b6313e13fd06&fields=id&fields=name HTTP/1.1" status: 200 len: 311 time: 0.0665624
2026-06-26 04:51:34.148 9 INFO neutron.db.ovn_revision_numbers_db [None req-641e1e16-86dd-45d5-9f31-7777b9dade7f - - - - - -] Successfully bumped revision number for resource 6fe09bdb-0f43-4262-8b96-ac7fc68298c0 (type: ports) to 1
2026-06-26 04:51:34.370 9 INFO neutron.db.ovn_revision_numbers_db [req-157e7290-12b9-4fc4-8cc6-20f307991459 req-45c85e80-a10b-47a5-9e2e-6cd2dc005200 c20f319dc3984ebba267d56c940622e0 63cdc91da5f546ba891e6589aa3bc125 - - 8963cce63f5c42bc8c9d87b82fbe7c54 8963cce63f5c42bc8c9d87b82fbe7c54] Successfully bumped revision number for resource 999cadb0-0add-4e4e-ba34-012073c582c3 (type: ports) to 2
2026-06-26 04:51:34.375 9 INFO neutron.db.ovn_revision_numbers_db [None req-641e1e16-86dd-45d5-9f31-7777b9dade7f - - - - - -] Successfully bumped revision number for resource 6fe09bdb-0f43-4262-8b96-ac7fc68298c0 (type: ports) to 3
2026-06-26 04:51:34.440 13 ERROR oslo_messaging.rpc.server [None req-0e750e82-5e5e-46db-8bd1-d4725e8479ed 99cca19d3c374f91830a04df3ffceb1d 16df53d1fa43468e8c68b53f3356357f - - default default] Exception during message handling: sqlalchemy.exc.PendingRollbackError: This Session's transaction has been rolled back due to a previous exception during flush. To begin a new transaction with this Session, first issue Session.rollback(). Original exception was: (pymysql.err.IntegrityError) (1062, "Duplicate entry 'cad8fda7-f665-4d96-b004-447b57a77244-3d32b1fe-dfda-5ee4-b709-a53' for key 'routervpnagentbindings.PRIMARY'") [SQL: INSERT INTO routervpnagentbindings (router_id, vpn_agent_id) VALUES (%(router_id)s, %(vpn_agent_id)s)] [parameters: {'router_id': 'cad8fda7-f665-4d96-b004-447b57a77244', 'vpn_agent_id': '3d32b1fe-dfda-5ee4-b709-a5330b4637a2'}] (Background on this error at: https://sqlalche.me/e/20/gkpj) (Background on this error at: https://sqlalche.me/e/20/7s2a)
2026-06-26 04:51:34.440 13 ERROR oslo_messaging.rpc.server
Traceback (most recent call last):
2026-06-26 04:51:34.440 13 ERROR oslo_messaging.rpc.server
File "/var/lib/openstack/lib/python3.12/site-packages/oslo_messaging/rpc/server.py", line 172, in _process_incoming
2026-06-26 04:51:34.440 13 ERROR oslo_messaging.rpc.server res = self.dispatcher.dispatch(message)
2026-06-26 04:51:34.440 13 ERROR oslo_messaging.rpc.server ^^^^^^^^^^^^^^^^^^^^^^^^^^^^^^^^^
2026-06-26 04:51:34.440 13 ERROR oslo_messaging.rpc.server
File "/var/lib/openstack/lib/python3.12/site-packages/oslo_messaging/rpc/dispatcher.py", line 309, in dispatch
2026-06-26 04:51:34.440 13 ERROR oslo_messaging.rpc.server return self._do_dispatch(endpoint, method, ctxt, args)
2026-06-26 04:51:34.440 13 ERROR oslo_messaging.rpc.server ^^^^^^^^^^^^^^^^^^^^^^^^^^^^^^^^^^^^^^^^^^^^^^^
2026-06-26 04:51:34.440 13 ERROR oslo_messaging.rpc.server
File "/var/lib/openstack/lib/python3.12/site-packages/oslo_messaging/rpc/dispatcher.py", line 229, in _do_dispatch
2026-06-26 04:51:34.440 13 ERROR oslo_messaging.rpc.server result = func(ctxt, **new_args)
2026-06-26 04:51:34.440 13 ERROR oslo_messaging.rpc.server ^^^^^^^^^^^^^^^^^^^^^^
2026-06-26 04:51:34.440 13 ERROR oslo_messaging.rpc.server
File "/var/lib/openstack/lib/python3.12/site-packages/oslo_db/sqlalchemy/enginefacade.py", line 998, in wrapper
2026-06-26 04:51:34.440 13 ERROR oslo_messaging.rpc.server return fn(*args, **kwargs)
2026-06-26 04:51:34.440 13 ERROR oslo_messaging.rpc.server ^^^^^^^^^^^^^^^^^^^
2026-06-26 04:51:34.440 13 ERROR oslo_messaging.rpc.server
File "/var/lib/openstack/lib/python3.12/site-packages/neutron_vpnaas/services/vpn/service_drivers/base_ipsec.py", line 80, in get_vpn_services_on_host
2026-06-26 04:51:34.440 13 ERROR oslo_messaging.rpc.server local_cidr_map = plugin._build_local_subnet_cidr_map(context)
2026-06-26 04:51:34.440 13 ERROR oslo_messaging.rpc.server ^^^^^^^^^^^^^^^^^^^^^^^^^^^^^^^^^^^^^^^^^^^^
2026-06-26 04:51:34.440 13 ERROR oslo_messaging.rpc.server
File "/var/lib/openstack/lib/python3.12/site-packages/neutron_vpnaas/db/vpn/vpn_db.py", line 731, in _build_local_subnet_cidr_map
2026-06-26 04:51:34.440 13 ERROR oslo_messaging.rpc.server return {sn.id: sn.cidr for sn in query.all()}
2026-06-26 04:51:34.440 13 ERROR oslo_messaging.rpc.server ^^^^^^^^^^^
2026-06-26 04:51:34.440 13 ERROR oslo_messaging.rpc.server
File "/var/lib/openstack/lib/python3.12/site-packages/sqlalchemy/orm/query.py", line 2673, in all
2026-06-26 04:51:34.440 13 ERROR oslo_messaging.rpc.server return self._iter().all() # type: ignore
2026-06-26 04:51:34.440 13 ERROR oslo_messaging.rpc.server ^^^^^^^^^^^^
2026-06-26 04:51:34.440 13 ERROR oslo_messaging.rpc.server
File "/var/lib/openstack/lib/python3.12/site-packages/sqlalchemy/orm/query.py", line 2827, in _iter
2026-06-26 04:51:34.440 13 ERROR oslo_messaging.rpc.server result: Union[ScalarResult[_T], Result[_T]] = self.session.execute(
2026-06-26 04:51:34.440 13 ERROR oslo_messaging.rpc.server ^^^^^^^^^^^^^^^^^^^^^
2026-06-26 04:51:34.440 13 ERROR oslo_messaging.rpc.server
File "/var/lib/openstack/lib/python3.12/site-packages/sqlalchemy/orm/session.py", line 2362, in execute
2026-06-26 04:51:34.440 13 ERROR oslo_messaging.rpc.server return self._execute_internal(
2026-06-26 04:51:34.440 13 ERROR oslo_messaging.rpc.server ^^^^^^^^^^^^^^^^^^^^^^^
2026-06-26 04:51:34.440 13 ERROR oslo_messaging.rpc.server
File "/var/lib/openstack/lib/python3.12/site-packages/sqlalchemy/orm/session.py", line 2237, in _execute_internal
2026-06-26 04:51:34.440 13 ERROR oslo_messaging.rpc.server conn = self._connection_for_bind(bind)
2026-06-26 04:51:34.440 13 ERROR oslo_messaging.rpc.server ^^^^^^^^^^^^^^^^^^^^^^^^^^^^^^^
2026-06-26 04:51:34.440 13 ERROR oslo_messaging.rpc.server
File "/var/lib/openstack/lib/python3.12/site-packages/sqlalchemy/orm/session.py", line 2106, in _connection_for_bind
2026-06-26 04:51:34.440 13 ERROR oslo_messaging.rpc.server return trans._connection_for_bind(engine, execution_options)
2026-06-26 04:51:34.440 13 ERROR oslo_messaging.rpc.server ^^^^^^^^^^^^^^^^^^^^^^^^^^^^^^^^^^^^^^^^^^^^^^^^^^^^^
2026-06-26 04:51:34.440 13 ERROR oslo_messaging.rpc.server File "", line 2, in _connection_for_bind
2026-06-26 04:51:34.440 13 ERROR oslo_messaging.rpc.server
File "/var/lib/openstack/lib/python3.12/site-packages/sqlalchemy/orm/state_changes.py", line 103, in _go
2026-06-26 04:51:34.440 13 ERROR oslo_messaging.rpc.server self._raise_for_prerequisite_state(fn.__name__, current_state)
2026-06-26 04:51:34.440 13 ERROR oslo_messaging.rpc.server
File "/var/lib/openstack/lib/python3.12/site-packages/sqlalchemy/orm/session.py", line 973, in _raise_for_prerequisite_state
2026-06-26 04:51:34.440 13 ERROR oslo_messaging.rpc.server raise sa_exc.PendingRollbackError(
2026-06-26 04:51:34.440 13 ERROR oslo_messaging.rpc.server sqlalchemy.exc.PendingRollbackError: This Session's transaction has been rolled back due to a previous exception during flush. To begin a new transaction with this Session, first issue Session.rollback(). Original exception was: (pymysql.err.IntegrityError) (1062, "Duplicate entry 'cad8fda7-f665-4d96-b004-447b57a77244-3d32b1fe-dfda-5ee4-b709-a53' for key 'routervpnagentbindings.PRIMARY'")
2026-06-26 04:51:34.440 13 ERROR oslo_messaging.rpc.server [SQL: INSERT INTO routervpnagentbindings (router_id, vpn_agent_id) VALUES (%(router_id)s, %(vpn_agent_id)s)]
2026-06-26 04:51:34.440 13 ERROR oslo_messaging.rpc.server [parameters: {'router_id': 'cad8fda7-f665-4d96-b004-447b57a77244', 'vpn_agent_id': '3d32b1fe-dfda-5ee4-b709-a5330b4637a2'}]
2026-06-26 04:51:34.440 13 ERROR oslo_messaging.rpc.server (Background on this error at: https://sqlalche.me/e/20/gkpj) (Background on this error at: https://sqlalche.me/e/20/7s2a)
2026-06-26 04:51:34.440 13 ERROR oslo_messaging.rpc.server
2026-06-26 04:51:34.574 9 INFO neutron.api.wsgi [None req-6b8de2b4-6a51-4e2f-a8f6-789785f0e9fc 99cca19d3c374f91830a04df3ffceb1d 16df53d1fa43468e8c68b53f3356357f - - default default] 10.0.0.160 "POST /v2.0/vpn/vpnservices HTTP/1.1" status: 201 len: 658 time: 4.0676184
2026-06-26 04:51:34.580 10 INFO neutron.db.ovn_revision_numbers_db [None req-5a58a59f-b9a2-46fb-aad6-09537b8df28d - - - - - -] Successfully bumped revision number for resource 0579df70-05bb-479d-8d0b-3d19b65d24ac (type: ports) to 2
2026-06-26 04:51:34.592 10 INFO neutron.api.wsgi [None req-20734097-5fed-408f-8adc-f0f84816dec0 99cca19d3c374f91830a04df3ffceb1d 16df53d1fa43468e8c68b53f3356357f - - default default] 10.0.0.160 "GET /v2.0/vpn/vpnservices HTTP/1.1" status: 200 len: 1502 time: 0.0131006
2026-06-26 04:51:34.641 9 INFO neutron.db.ovn_revision_numbers_db [req-157e7290-12b9-4fc4-8cc6-20f307991459 req-45c85e80-a10b-47a5-9e2e-6cd2dc005200 c20f319dc3984ebba267d56c940622e0 63cdc91da5f546ba891e6589aa3bc125 - - 8963cce63f5c42bc8c9d87b82fbe7c54 8963cce63f5c42bc8c9d87b82fbe7c54] Successfully bumped revision number for resource 999cadb0-0add-4e4e-ba34-012073c582c3 (type: ports) to 4
2026-06-26 04:51:34.655 9 INFO neutron.api.wsgi [req-157e7290-12b9-4fc4-8cc6-20f307991459 req-45c85e80-a10b-47a5-9e2e-6cd2dc005200 c20f319dc3984ebba267d56c940622e0 63cdc91da5f546ba891e6589aa3bc125 - - 8963cce63f5c42bc8c9d87b82fbe7c54 8963cce63f5c42bc8c9d87b82fbe7c54] 199.204.45.115 "PUT /v2.0/ports/999cadb0-0add-4e4e-ba34-012073c582c3 HTTP/1.1" status: 200 len: 1633 time: 0.8935554
2026-06-26 04:51:34.702 9 INFO neutron.notifiers.nova [-] Nova event matching ['req-7fed164c-22a9-4881-a1dc-454baa0c50ca'] response: {'name': 'network-changed', 'server_uuid': '47fce8f1-2ef0-4826-b5ba-c1bc029c1375', 'tag': '999cadb0-0add-4e4e-ba34-012073c582c3', 'status': 'completed', 'code': 200}
2026-06-26 04:51:34.704 10 INFO neutron.api.wsgi [None req-8297b37d-738a-40bf-a512-f1bff8045be7 c614061ebf0a4a30ab1ad4d95496f23e 1516fba9a87547368a0e06bd3e2cb295 - - default default] 10.0.0.160 "DELETE /v2.0/ports/a43236df-36f7-40d4-bfd4-b6d9afce80b6 HTTP/1.1" status: 204 len: 168 time: 0.7358286 /var/lib/openstack/lib/python3.12/site-packages/pycadf/identifier.py:71: UserWarning: Invalid uuid: neutron. To ensure interoperability, identifiers should be a valid uuid. warnings.warn(('Invalid uuid: %s. To ensure interoperability, '
2026-06-26 04:51:34.819 9 WARNING neutron.plugins.ml2.drivers.ovn.mech_driver.ovsdb.ovn_client [None req-e714f0b6-934d-4373-9ae6-c4bc82b78f38 - - - - - -] No hosting information found for port fd015ffd-1169-408b-ad65-61980082b6a7: RuntimeError: No hosting information found for port fd015ffd-1169-408b-ad65-61980082b6a7
2026-06-26 04:51:34.896 9 INFO neutron.db.ovn_revision_numbers_db [None req-e714f0b6-934d-4373-9ae6-c4bc82b78f38 - - - - - -] Successfully bumped revision number for resource fd015ffd-1169-408b-ad65-61980082b6a7 (type: router_ports) to 2
2026-06-26 04:51:34.949 9 INFO neutron.plugins.ml2.drivers.ovn.mech_driver.mech_driver [None req-e714f0b6-934d-4373-9ae6-c4bc82b78f38 - - - - - -] OVN reports status up for port: 669ddde6-572f-42cc-a423-be8de15952fd
2026-06-26 04:51:34.956 9 INFO neutron.plugins.ml2.plugin [None req-e714f0b6-934d-4373-9ae6-c4bc82b78f38 - - - - - -] Attempt 1 to provision port 669ddde6-572f-42cc-a423-be8de15952fd
2026-06-26 04:51:35.022 9 INFO neutron.services.segments.plugin [-] Segment acef1116-9825-4005-95d6-127d6258dd21 resource provider aggregate not found
2026-06-26 04:51:35.025 9 INFO neutron.services.segments.plugin [-] Segment acef1116-9825-4005-95d6-127d6258dd21 resource provider aggregate not found
2026-06-26 04:51:35.035 9 INFO neutron.services.segments.plugin [-] Segment acef1116-9825-4005-95d6-127d6258dd21 resource provider not found; error: Placement Client Error (4xx): {"errors": [{"status": 404, "title": "Not Found", "detail": "The resource could not be found.\n\n No resource provider with uuid acef1116-9825-4005-95d6-127d6258dd21 found for delete ", "request_id": "req-7f6f6730-95bd-4a31-b176-391d89940d29"}]}
2026-06-26 04:51:35.035 9 INFO neutron.services.segments.plugin [-] Segment acef1116-9825-4005-95d6-127d6258dd21 resource provider not found; error: Placement Client Error (4xx): {"errors": [{"status": 404, "title": "Not Found", "detail": "The resource could not be found.\n\n No resource provider with uuid acef1116-9825-4005-95d6-127d6258dd21 found for delete ", "request_id": "req-82026ee2-080b-469e-a039-f70e88b7ead1"}]}
2026-06-26 04:51:35.055 9 INFO neutron.api.wsgi [None req-5f38356c-cec1-421f-9a6b-20fc8b2a3fdd c614061ebf0a4a30ab1ad4d95496f23e 1516fba9a87547368a0e06bd3e2cb295 - - default default] 10.0.0.160 "DELETE /v2.0/networks/ef9944b9-bd5d-4073-9851-fee2b583ab56 HTTP/1.1" status: 204 len: 168 time: 0.3433678
2026-06-26 04:51:35.252 9 INFO neutron.api.wsgi [req-1e922c67-885b-4866-9316-824a1b8f8d62 req-2b761b94-001d-4cb0-9aa5-35a7d6f66148 c20f319dc3984ebba267d56c940622e0 63cdc91da5f546ba891e6589aa3bc125 - - 8963cce63f5c42bc8c9d87b82fbe7c54 8963cce63f5c42bc8c9d87b82fbe7c54] 199.204.45.115 "GET /v2.0/ports?tenant_id=70e87adce11e49c2aad1b2711abc08df&device_id=47fce8f1-2ef0-4826-b5ba-c1bc029c1375 HTTP/1.1" status: 200 len: 1636 time: 0.0364623
2026-06-26 04:51:35.327 9 INFO neutron.api.wsgi [req-1e922c67-885b-4866-9316-824a1b8f8d62 req-61bacd64-c1ad-4096-a123-0bb1d56ced22 c20f319dc3984ebba267d56c940622e0 63cdc91da5f546ba891e6589aa3bc125 - - 8963cce63f5c42bc8c9d87b82fbe7c54 8963cce63f5c42bc8c9d87b82fbe7c54] 199.204.45.115 "GET /v2.0/networks?tenant_id=70e87adce11e49c2aad1b2711abc08df&shared=False HTTP/1.1" status: 200 len: 2583 time: 0.0666990
2026-06-26 04:51:35.412 9 INFO neutron.api.wsgi [req-1e922c67-885b-4866-9316-824a1b8f8d62 req-42981cac-be9c-4119-a06f-7049b4d1773b c20f319dc3984ebba267d56c940622e0 63cdc91da5f546ba891e6589aa3bc125 - - 8963cce63f5c42bc8c9d87b82fbe7c54 8963cce63f5c42bc8c9d87b82fbe7c54] 199.204.45.115 "GET /v2.0/networks?shared=True HTTP/1.1" status: 200 len: 952 time: 0.0780208
2026-06-26 04:51:35.422 10 INFO neutron.services.segments.plugin [-] Segment fb29baa5-2dbb-49cf-9eb8-aab258b8f1cc resource provider aggregate not found
2026-06-26 04:51:35.424 9 INFO neutron.db.ovn_revision_numbers_db [None req-e714f0b6-934d-4373-9ae6-c4bc82b78f38 - - - - - -] Successfully bumped revision number for resource 669ddde6-572f-42cc-a423-be8de15952fd (type: ports) to 2
2026-06-26 04:51:35.425 10 INFO neutron.services.segments.plugin [-] Segment fb29baa5-2dbb-49cf-9eb8-aab258b8f1cc resource provider aggregate not found
2026-06-26 04:51:35.445 10 INFO neutron.services.segments.plugin [-] Segment fb29baa5-2dbb-49cf-9eb8-aab258b8f1cc resource provider not found; error: Placement Client Error (4xx): {"errors": [{"status": 404, "title": "Not Found", "detail": "The resource could not be found.\n\n No resource provider with uuid fb29baa5-2dbb-49cf-9eb8-aab258b8f1cc found for delete ", "request_id": "req-30fdf719-0864-474b-9b09-425df87837c0"}]}
2026-06-26 04:51:35.453 10 INFO neutron.services.segments.plugin [-] Segment fb29baa5-2dbb-49cf-9eb8-aab258b8f1cc resource provider not found; error: Placement Client Error (4xx): {"errors": [{"status": 404, "title": "Not Found", "detail": "The resource could not be found.\n\n No resource provider with uuid fb29baa5-2dbb-49cf-9eb8-aab258b8f1cc found for delete ", "request_id": "req-795ea0f9-1d68-49fa-a802-be9edc8dda7d"}]}
2026-06-26 04:51:35.472 10 INFO neutron.api.wsgi [None req-022abe56-8163-4919-87f2-415012aa0701 c614061ebf0a4a30ab1ad4d95496f23e 1516fba9a87547368a0e06bd3e2cb295 - - default default] 10.0.0.160 "DELETE /v2.0/networks/9f08269b-625b-4b91-8459-0961cfa2c391 HTTP/1.1" status: 204 len: 168 time: 0.4113572
2026-06-26 04:51:35.835 9 INFO neutron.api.wsgi [None req-3b02335a-951c-4412-95ab-731abc28339a c614061ebf0a4a30ab1ad4d95496f23e 1516fba9a87547368a0e06bd3e2cb295 - - default default] 10.0.0.160 "DELETE /v2.0/networks/5f0153a4-2fa3-4c22-a3b4-41269c35958b HTTP/1.1" status: 204 len: 168 time: 0.3435526
2026-06-26 04:51:36.168 9 INFO neutron.api.wsgi [None req-8376487f-3185-43c1-a738-3bc2448c0ba3 c614061ebf0a4a30ab1ad4d95496f23e 1516fba9a87547368a0e06bd3e2cb295 - - default default] 10.0.0.160 "DELETE /v2.0/networks/89c918ef-22de-4adb-8341-bfab75a89ae2 HTTP/1.1" status: 204 len: 168 time: 0.3278120
2026-06-26 04:51:36.469 9 INFO neutron.api.wsgi [req-157e7290-12b9-4fc4-8cc6-20f307991459 req-477a1944-5854-487b-8bcd-4e8a8de476e4 c20f319dc3984ebba267d56c940622e0 63cdc91da5f546ba891e6589aa3bc125 - - 8963cce63f5c42bc8c9d87b82fbe7c54 8963cce63f5c42bc8c9d87b82fbe7c54] 199.204.45.115 "GET /v2.0/ports?tenant_id=70e87adce11e49c2aad1b2711abc08df&device_id=47fce8f1-2ef0-4826-b5ba-c1bc029c1375 HTTP/1.1" status: 200 len: 1636 time: 0.0411639
2026-06-26 04:51:36.474 9 INFO neutron.api.wsgi [None req-5ca5d4be-0ef6-480d-8dda-6c5015765950 c614061ebf0a4a30ab1ad4d95496f23e 1516fba9a87547368a0e06bd3e2cb295 - - default default] 10.0.0.160 "DELETE /v2.0/networks/e1af4046-f294-4658-9556-ef02df828529 HTTP/1.1" status: 204 len: 168 time: 0.3008852
2026-06-26 04:51:36.491 9 INFO neutron.api.wsgi [req-157e7290-12b9-4fc4-8cc6-20f307991459 req-81e5f27d-a49a-4867-9e0b-6e7200f2537e c20f319dc3984ebba267d56c940622e0 63cdc91da5f546ba891e6589aa3bc125 - - 8963cce63f5c42bc8c9d87b82fbe7c54 8963cce63f5c42bc8c9d87b82fbe7c54] 199.204.45.115 "GET /v2.0/floatingips?fixed_ip_address=10.2.1.123&port_id=999cadb0-0add-4e4e-ba34-012073c582c3 HTTP/1.1" status: 200 len: 217 time: 0.0162907
2026-06-26 04:51:36.513 9 INFO neutron.api.wsgi [req-157e7290-12b9-4fc4-8cc6-20f307991459 req-ddd98f5c-fc30-467c-9d13-5cad23c15068 c20f319dc3984ebba267d56c940622e0 63cdc91da5f546ba891e6589aa3bc125 - - 8963cce63f5c42bc8c9d87b82fbe7c54 8963cce63f5c42bc8c9d87b82fbe7c54] 199.204.45.115 "GET /v2.0/floatingips?fixed_ip_address=fd7b%3Af9f7%3Afff%3A4eca%3A%3A34f&port_id=999cadb0-0add-4e4e-ba34-012073c582c3 HTTP/1.1" status: 200 len: 217 time: 0.0148997
2026-06-26 04:51:36.543 9 INFO neutron.api.wsgi [req-157e7290-12b9-4fc4-8cc6-20f307991459 req-761f0e7a-a802-4fd6-a2db-87bde7f6b70b c20f319dc3984ebba267d56c940622e0 63cdc91da5f546ba891e6589aa3bc125 - - 8963cce63f5c42bc8c9d87b82fbe7c54 8963cce63f5c42bc8c9d87b82fbe7c54] 199.204.45.115 "GET /v2.0/subnets?id=be5c5ff7-c18d-41b7-af87-3a16bd368895&id=2dd0e803-b691-44b2-9ea5-c39513775777 HTTP/1.1" status: 200 len: 1610 time: 0.0239055
2026-06-26 04:51:36.567 9 INFO neutron.api.wsgi [req-157e7290-12b9-4fc4-8cc6-20f307991459 req-a9276c8b-d253-4500-a09c-92fa107e9d9f c20f319dc3984ebba267d56c940622e0 63cdc91da5f546ba891e6589aa3bc125 - - 8963cce63f5c42bc8c9d87b82fbe7c54 8963cce63f5c42bc8c9d87b82fbe7c54] 199.204.45.115 "GET /v2.0/ports?network_id=e9762c2b-90f5-489d-bfed-75493c50a432&device_owner=network%3Adhcp HTTP/1.1" status: 200 len: 210 time: 0.0176811
2026-06-26 04:51:36.593 9 INFO neutron.api.wsgi [req-157e7290-12b9-4fc4-8cc6-20f307991459 req-9fa9e2b7-9ec2-4ba0-b678-34d208b38078 c20f319dc3984ebba267d56c940622e0 63cdc91da5f546ba891e6589aa3bc125 - - 8963cce63f5c42bc8c9d87b82fbe7c54 8963cce63f5c42bc8c9d87b82fbe7c54] 199.204.45.115 "GET /v2.0/ports?network_id=e9762c2b-90f5-489d-bfed-75493c50a432&device_owner=network%3Adhcp HTTP/1.1" status: 200 len: 210 time: 0.0165818
2026-06-26 04:51:36.671 9 INFO neutron.api.wsgi [req-157e7290-12b9-4fc4-8cc6-20f307991459 req-5da79918-911c-49fe-be5a-efcdbd4285bc c20f319dc3984ebba267d56c940622e0 63cdc91da5f546ba891e6589aa3bc125 - - 8963cce63f5c42bc8c9d87b82fbe7c54 8963cce63f5c42bc8c9d87b82fbe7c54] 199.204.45.115 "GET /v2.0/networks/e9762c2b-90f5-489d-bfed-75493c50a432?fields=segments HTTP/1.1" status: 200 len: 212 time: 0.0659189
2026-06-26 04:51:36.753 9 INFO neutron.api.wsgi [req-157e7290-12b9-4fc4-8cc6-20f307991459 req-1c5f151d-d63b-4360-8494-2a97c89f710b c20f319dc3984ebba267d56c940622e0 63cdc91da5f546ba891e6589aa3bc125 - - 8963cce63f5c42bc8c9d87b82fbe7c54 8963cce63f5c42bc8c9d87b82fbe7c54] 199.204.45.115 "GET /v2.0/networks/e9762c2b-90f5-489d-bfed-75493c50a432?fields=provider%3Aphysical_network&fields=provider%3Anetwork_type HTTP/1.1" status: 200 len: 277 time: 0.0751948
2026-06-26 04:51:37.058 9 INFO neutron.services.segments.plugin [-] Segment c780e4bb-7511-4537-8e92-838e6c9ed322 resource provider aggregate not found
2026-06-26 04:51:37.063 9 INFO neutron.services.segments.plugin [-] Segment c780e4bb-7511-4537-8e92-838e6c9ed322 resource provider aggregate not found
2026-06-26 04:51:37.078 9 INFO neutron.services.segments.plugin [-] Segment c780e4bb-7511-4537-8e92-838e6c9ed322 resource provider not found; error: Placement Client Error (4xx): {"errors": [{"status": 404, "title": "Not Found", "detail": "The resource could not be found.\n\n No resource provider with uuid c780e4bb-7511-4537-8e92-838e6c9ed322 found for delete ", "request_id": "req-48f6a20e-7756-44ca-8706-c638687d806c"}]}
2026-06-26 04:51:37.084 9 INFO neutron.services.segments.plugin [-] Segment c780e4bb-7511-4537-8e92-838e6c9ed322 resource provider not found; error: Placement Client Error (4xx): {"errors": [{"status": 404, "title": "Not Found", "detail": "The resource could not be found.\n\n No resource provider with uuid c780e4bb-7511-4537-8e92-838e6c9ed322 found for delete ", "request_id": "req-20bc37e0-a534-421c-89d6-acd6ac63748d"}]}
2026-06-26 04:51:37.101 9 INFO neutron.services.segments.plugin [-] Segment ebdfe254-d8fb-4a98-82bc-a36c2275692d resource provider aggregate not found
2026-06-26 04:51:37.104 9 INFO neutron.services.segments.plugin [-] Segment ebdfe254-d8fb-4a98-82bc-a36c2275692d resource provider aggregate not found
2026-06-26 04:51:37.119 9 INFO neutron.services.segments.plugin [-] Segment ebdfe254-d8fb-4a98-82bc-a36c2275692d resource provider not found; error: Placement Client Error (4xx): {"errors": [{"status": 404, "title": "Not Found", "detail": "The resource could not be found.\n\n No resource provider with uuid ebdfe254-d8fb-4a98-82bc-a36c2275692d found for delete ", "request_id": "req-f1b222e7-084d-42c9-9de7-d8c1b050dbd2"}]}
2026-06-26 04:51:37.123 9 INFO neutron.services.segments.plugin [-] Segment ebdfe254-d8fb-4a98-82bc-a36c2275692d resource provider not found; error: Placement Client Error (4xx): {"errors": [{"status": 404, "title": "Not Found", "detail": "The resource could not be found.\n\n No resource provider with uuid ebdfe254-d8fb-4a98-82bc-a36c2275692d found for delete ", "request_id": "req-e1d2b44b-7693-4abd-b13e-5a7e64b23d44"}]}
2026-06-26 04:51:37.136 10 INFO neutron.api.wsgi [None req-54b9b20f-83e9-429b-bcce-892ab1234b99 99cca19d3c374f91830a04df3ffceb1d 16df53d1fa43468e8c68b53f3356357f - - default default] 10.0.0.160 "DELETE /v2.0/vpn/vpnservices/68c51cf9-664c-48fa-a06a-3421ea1dd5d6 HTTP/1.1" status: 204 len: 168 time: 2.5398574
