2026-06-26 04:48:48.048 9 INFO neutron.plugins.ml2.drivers.ovn.mech_driver.mech_driver [None req-498afddb-7430-4491-bef7-d6ef7a24cc34 - - - - - -] OVN reports status up for port: d384491c-6b31-4f0f-9f05-6096a183ddc0
2026-06-26 04:48:48.056 9 INFO neutron.plugins.ml2.plugin [None req-498afddb-7430-4491-bef7-d6ef7a24cc34 - - - - - -] Attempt 1 to provision port d384491c-6b31-4f0f-9f05-6096a183ddc0 /var/lib/openstack/lib/python3.12/site-packages/pycadf/identifier.py:71: UserWarning: Invalid uuid: neutron. To ensure interoperability, identifiers should be a valid uuid. warnings.warn(('Invalid uuid: %s. To ensure interoperability, '
2026-06-26 04:48:48.177 9 INFO neutron.db.ovn_revision_numbers_db [None req-c566266c-37dd-4382-9595-16a9c3384eb4 158b7729050a495984523bc1f87691ef 4568e1db581344cf85756397d929f73d - - default default] Successfully bumped revision number for resource 0e01be39-9fca-4efe-a7c8-431421a0480b (type: security_groups) to 1
2026-06-26 04:48:48.196 9 INFO neutron.db.ovn_revision_numbers_db [None req-c566266c-37dd-4382-9595-16a9c3384eb4 158b7729050a495984523bc1f87691ef 4568e1db581344cf85756397d929f73d - - default default] Successfully bumped revision number for resource 1a417d60-f1a9-436b-b960-b5a4947712c7 (type: security_group_rules) to 0
2026-06-26 04:48:48.211 9 INFO neutron.db.ovn_revision_numbers_db [None req-c566266c-37dd-4382-9595-16a9c3384eb4 158b7729050a495984523bc1f87691ef 4568e1db581344cf85756397d929f73d - - default default] Successfully bumped revision number for resource 2a93999b-37d5-4291-a564-79c000433da4 (type: security_group_rules) to 0
2026-06-26 04:48:48.229 9 INFO neutron.db.ovn_revision_numbers_db [None req-c566266c-37dd-4382-9595-16a9c3384eb4 158b7729050a495984523bc1f87691ef 4568e1db581344cf85756397d929f73d - - default default] Successfully bumped revision number for resource 7f68450d-b2bb-413e-92fc-d35b339c9802 (type: security_group_rules) to 0
2026-06-26 04:48:48.245 9 INFO neutron.db.ovn_revision_numbers_db [None req-c566266c-37dd-4382-9595-16a9c3384eb4 158b7729050a495984523bc1f87691ef 4568e1db581344cf85756397d929f73d - - default default] Successfully bumped revision number for resource bf872f7c-58e8-4201-bc5d-dc11947c74bd (type: security_group_rules) to 0
2026-06-26 04:48:48.281 9 INFO neutron.api.wsgi [None req-c566266c-37dd-4382-9595-16a9c3384eb4 158b7729050a495984523bc1f87691ef 4568e1db581344cf85756397d929f73d - - default default] 10.0.0.160 "GET /v2.0/security-groups?tenant_id=ac6580cc4ce948498b11f241144d7323&name=default HTTP/1.1" status: 200 len: 3120 time: 0.2245665
2026-06-26 04:48:48.427 9 INFO neutron.db.ovn_revision_numbers_db [None req-498afddb-7430-4491-bef7-d6ef7a24cc34 - - - - - -] Successfully bumped revision number for resource d384491c-6b31-4f0f-9f05-6096a183ddc0 (type: ports) to 2
2026-06-26 04:48:48.517 10 INFO neutron.api.wsgi [None req-4c8d08f1-cf33-4da9-a00a-5c9372e69996 158b7729050a495984523bc1f87691ef 4568e1db581344cf85756397d929f73d - - default default] 10.0.0.160 "DELETE /v2.0/security-groups/0e01be39-9fca-4efe-a7c8-431421a0480b HTTP/1.1" status: 204 len: 168 time: 0.2295427
2026-06-26 04:48:48.576 10 INFO neutron.api.wsgi [req-cc21622e-9ab0-4585-82dc-2ab5a97316ec req-c1bcf925-c278-4785-bcf4-13ee0ae2ca12 274f168af0ca40ec9b0bc8e04394f821 829dbd3af7f04b91bc0f39299a547493 - - default default] 10.0.0.78 "GET /v2.0/ports?device_id=26e3f1ad-3fc7-4358-9517-7a198cc80569 HTTP/1.1" status: 200 len: 1174 time: 0.0388451
2026-06-26 04:48:48.621 10 INFO neutron.api.wsgi [req-cc21622e-9ab0-4585-82dc-2ab5a97316ec req-d625cb91-f4e8-466e-9d11-783642793f64 274f168af0ca40ec9b0bc8e04394f821 829dbd3af7f04b91bc0f39299a547493 - - default default] 10.0.0.78 "GET /v2.0/security-groups?id=27ce0ddd-04d9-4305-ad30-f43e50d2818a&fields=id&fields=name HTTP/1.1" status: 200 len: 286 time: 0.0384605
2026-06-26 04:48:48.836 10 INFO neutron.db.ovn_revision_numbers_db [None req-123873ca-23fd-44cd-8db7-7ab45aae1070 158b7729050a495984523bc1f87691ef 4568e1db581344cf85756397d929f73d - - default default] Successfully bumped revision number for resource 735b04ee-4bd0-4b23-bcfd-4118704064cf (type: security_groups) to 1
2026-06-26 04:48:48.849 10 INFO neutron.db.ovn_revision_numbers_db [None req-123873ca-23fd-44cd-8db7-7ab45aae1070 158b7729050a495984523bc1f87691ef 4568e1db581344cf85756397d929f73d - - default default] Successfully bumped revision number for resource 4fbf8ddb-31c8-4a39-a543-1cc44287456b (type: security_group_rules) to 0
2026-06-26 04:48:48.863 10 INFO neutron.db.ovn_revision_numbers_db [None req-123873ca-23fd-44cd-8db7-7ab45aae1070 158b7729050a495984523bc1f87691ef 4568e1db581344cf85756397d929f73d - - default default] Successfully bumped revision number for resource 95bed195-5c65-4d80-b39d-48d410ad5efc (type: security_group_rules) to 0
2026-06-26 04:48:48.881 10 INFO neutron.db.ovn_revision_numbers_db [None req-123873ca-23fd-44cd-8db7-7ab45aae1070 158b7729050a495984523bc1f87691ef 4568e1db581344cf85756397d929f73d - - default default] Successfully bumped revision number for resource a1261f24-936f-4ba2-89e1-5881a5dce0c2 (type: security_group_rules) to 0
2026-06-26 04:48:48.889 9 INFO neutron.api.wsgi [None req-c0ac6528-3339-46a9-b3d8-43f1d72de34d 547ab3bab5a642dcb5abb81fe3a93ac6 726fbfb5bb8a413aa8dbdb7d55e63ba5 - - default default] 10.0.0.160 "GET /v2.0/ports/d384491c-6b31-4f0f-9f05-6096a183ddc0 HTTP/1.1" status: 200 len: 1149 time: 0.0772586
2026-06-26 04:48:48.900 10 INFO neutron.db.ovn_revision_numbers_db [None req-123873ca-23fd-44cd-8db7-7ab45aae1070 158b7729050a495984523bc1f87691ef 4568e1db581344cf85756397d929f73d - - default default] Successfully bumped revision number for resource fa1ca031-1de3-4c0d-9f78-36fc877ff1e4 (type: security_group_rules) to 0
2026-06-26 04:48:48.963 10 INFO neutron.api.wsgi [None req-123873ca-23fd-44cd-8db7-7ab45aae1070 158b7729050a495984523bc1f87691ef 4568e1db581344cf85756397d929f73d - - default default] 10.0.0.160 "GET /v2.0/security-groups?tenant_id=c30cfd4ef2a74281a04fdec16d714920&name=default HTTP/1.1" status: 200 len: 3120 time: 0.2435110
2026-06-26 04:48:49.274 9 INFO neutron.api.wsgi [None req-7b54b125-2a07-4538-852a-26f2f6abb262 158b7729050a495984523bc1f87691ef 4568e1db581344cf85756397d929f73d - - default default] 10.0.0.160 "DELETE /v2.0/security-groups/735b04ee-4bd0-4b23-bcfd-4118704064cf HTTP/1.1" status: 204 len: 168 time: 0.3058045
2026-06-26 04:48:49.482 10 INFO neutron.db.ovn_revision_numbers_db [None req-f87ee88b-af10-40cc-804a-d8756c55812a 158b7729050a495984523bc1f87691ef 4568e1db581344cf85756397d929f73d - - default default] Successfully bumped revision number for resource b5bcd2e5-49e5-4340-9d7d-0f229db196d1 (type: security_groups) to 1
2026-06-26 04:48:49.504 10 INFO neutron.db.ovn_revision_numbers_db [None req-f87ee88b-af10-40cc-804a-d8756c55812a 158b7729050a495984523bc1f87691ef 4568e1db581344cf85756397d929f73d - - default default] Successfully bumped revision number for resource 6a11b142-9e9d-4438-b625-098024e6c187 (type: security_group_rules) to 0
2026-06-26 04:48:49.568 10 INFO neutron.db.ovn_revision_numbers_db [None req-f87ee88b-af10-40cc-804a-d8756c55812a 158b7729050a495984523bc1f87691ef 4568e1db581344cf85756397d929f73d - - default default] Successfully bumped revision number for resource 816275f0-ca58-4c9a-a341-d9759cdf9418 (type: security_group_rules) to 0
2026-06-26 04:48:49.587 10 INFO neutron.api.wsgi [None req-afd7dca1-6499-41e7-bff0-990f3fd3d37b 547ab3bab5a642dcb5abb81fe3a93ac6 726fbfb5bb8a413aa8dbdb7d55e63ba5 - - default default] 10.0.0.160 "PUT /v2.0/routers/b65db4db-0f38-4b87-92d5-7cc95169b490/remove_router_interface HTTP/1.1" status: 200 len: 503 time: 0.6918397 /var/lib/openstack/lib/python3.12/site-packages/pycadf/identifier.py:71: UserWarning: Invalid uuid: neutron. To ensure interoperability, identifiers should be a valid uuid. warnings.warn(('Invalid uuid: %s. To ensure interoperability, '
2026-06-26 04:48:49.599 10 INFO neutron.db.ovn_revision_numbers_db [None req-f87ee88b-af10-40cc-804a-d8756c55812a 158b7729050a495984523bc1f87691ef 4568e1db581344cf85756397d929f73d - - default default] Successfully bumped revision number for resource 86de16f7-c1b3-4a05-b373-42353d5b2b9d (type: security_group_rules) to 0
2026-06-26 04:48:49.618 10 INFO neutron.db.ovn_revision_numbers_db [None req-f87ee88b-af10-40cc-804a-d8756c55812a 158b7729050a495984523bc1f87691ef 4568e1db581344cf85756397d929f73d - - default default] Successfully bumped revision number for resource 998a4df1-c1c2-4545-83e5-78fa0b15a442 (type: security_group_rules) to 0
2026-06-26 04:48:49.661 10 INFO neutron.api.wsgi [None req-f87ee88b-af10-40cc-804a-d8756c55812a 158b7729050a495984523bc1f87691ef 4568e1db581344cf85756397d929f73d - - default default] 10.0.0.160 "GET /v2.0/security-groups?tenant_id=1b2ce04a4e0949b294c5d4b9bc685ce9&name=default HTTP/1.1" status: 200 len: 3120 time: 0.4943464
2026-06-26 04:48:49.669 10 INFO neutron.api.wsgi [None req-636c3c99-a15e-4b8b-9b77-1650e4a774b7 547ab3bab5a642dcb5abb81fe3a93ac6 726fbfb5bb8a413aa8dbdb7d55e63ba5 - - default default] 10.0.0.160 "GET /v2.0/ports/e19c9def-bedc-4a3f-82ff-86c1a22f5245 HTTP/1.1" status: 200 len: 1141 time: 0.0767372
2026-06-26 04:48:49.727 10 INFO neutron.api.wsgi [req-9b9f34bb-cf31-4b4a-a5c5-14e590546b2e req-0aeb8cf4-53d7-4510-9cd6-a45a7cb57071 274f168af0ca40ec9b0bc8e04394f821 829dbd3af7f04b91bc0f39299a547493 - - default default] 10.0.0.78 "GET /v2.0/ports?device_id=26e3f1ad-3fc7-4358-9517-7a198cc80569 HTTP/1.1" status: 200 len: 1174 time: 0.0383780
2026-06-26 04:48:49.775 10 INFO neutron.api.wsgi [req-9b9f34bb-cf31-4b4a-a5c5-14e590546b2e req-259b9ce0-c1f7-43eb-8691-071c185f9920 274f168af0ca40ec9b0bc8e04394f821 829dbd3af7f04b91bc0f39299a547493 - - default default] 10.0.0.78 "GET /v2.0/security-groups?id=27ce0ddd-04d9-4305-ad30-f43e50d2818a&fields=id&fields=name HTTP/1.1" status: 200 len: 286 time: 0.0432963
2026-06-26 04:48:49.892 9 INFO neutron.notifiers.nova [-] Nova event matching ['req-35a853e4-cd39-47ac-b27f-186889df0a37'] response: {'server_uuid': '26e3f1ad-3fc7-4358-9517-7a198cc80569', 'name': 'network-vif-plugged', 'status': 'completed', 'tag': 'e79530c3-94c6-4a92-ad47-6013605a9320', 'code': 200}
2026-06-26 04:48:49.990 9 INFO neutron.api.wsgi [None req-9c54f40d-bedc-4ae6-b7a3-dbb97e1fb361 158b7729050a495984523bc1f87691ef 4568e1db581344cf85756397d929f73d - - default default] 10.0.0.160 "DELETE /v2.0/security-groups/b5bcd2e5-49e5-4340-9d7d-0f229db196d1 HTTP/1.1" status: 204 len: 168 time: 0.3234630
2026-06-26 04:48:50.184 10 INFO neutron.api.wsgi [req-cedadab7-6777-46aa-87b6-b8162bfedf4a req-dbb3c21b-fa61-4a88-aaad-8048bf0417a2 274f168af0ca40ec9b0bc8e04394f821 829dbd3af7f04b91bc0f39299a547493 - - default default] 10.0.0.78 "GET /v2.0/ports?device_id=26e3f1ad-3fc7-4358-9517-7a198cc80569 HTTP/1.1" status: 200 len: 1174 time: 0.0944238
2026-06-26 04:48:50.227 10 INFO neutron.api.wsgi [req-cedadab7-6777-46aa-87b6-b8162bfedf4a req-c653b6cd-528d-46b8-a19b-73500c21b42a 274f168af0ca40ec9b0bc8e04394f821 829dbd3af7f04b91bc0f39299a547493 - - default default] 10.0.0.78 "GET /v2.0/security-groups?id=27ce0ddd-04d9-4305-ad30-f43e50d2818a&fields=id&fields=name HTTP/1.1" status: 200 len: 286 time: 0.0365543
2026-06-26 04:48:50.286 9 INFO neutron.db.ovn_revision_numbers_db [None req-4f2a380f-2fed-4f29-a316-28a4641ab2db 158b7729050a495984523bc1f87691ef 4568e1db581344cf85756397d929f73d - - default default] Successfully bumped revision number for resource bd8e8f88-5c0f-4dbd-89ac-44224134d0cc (type: security_groups) to 1
2026-06-26 04:48:50.332 9 INFO neutron.api.wsgi [None req-36f8e732-752f-4cf9-a79a-794561b5795e 547ab3bab5a642dcb5abb81fe3a93ac6 726fbfb5bb8a413aa8dbdb7d55e63ba5 - - default default] 10.0.0.160 "PUT /v2.0/routers/b65db4db-0f38-4b87-92d5-7cc95169b490/remove_router_interface HTTP/1.1" status: 200 len: 503 time: 0.6591704
2026-06-26 04:48:50.333 9 INFO neutron.db.ovn_revision_numbers_db [None req-4f2a380f-2fed-4f29-a316-28a4641ab2db 158b7729050a495984523bc1f87691ef 4568e1db581344cf85756397d929f73d - - default default] Successfully bumped revision number for resource 3ebcbf8a-a1bd-4aaa-b057-4609fa65a0a4 (type: security_group_rules) to 0
2026-06-26 04:48:50.345 9 INFO neutron.db.ovn_revision_numbers_db [None req-4f2a380f-2fed-4f29-a316-28a4641ab2db 158b7729050a495984523bc1f87691ef 4568e1db581344cf85756397d929f73d - - default default] Successfully bumped revision number for resource 49ac498b-faae-414f-8d43-c1ee3ce1a7bf (type: security_group_rules) to 0
2026-06-26 04:48:50.358 9 INFO neutron.db.ovn_revision_numbers_db [None req-4f2a380f-2fed-4f29-a316-28a4641ab2db 158b7729050a495984523bc1f87691ef 4568e1db581344cf85756397d929f73d - - default default] Successfully bumped revision number for resource bdc54499-98fb-4e0a-a837-b3258f704341 (type: security_group_rules) to 0
2026-06-26 04:48:50.359 10 INFO neutron.api.wsgi [None req-43babaff-d6e0-4b2b-8db4-26e0b57c1a63 547ab3bab5a642dcb5abb81fe3a93ac6 726fbfb5bb8a413aa8dbdb7d55e63ba5 - - default default] 10.0.0.160 "GET /v2.0/ports?device_id=b65db4db-0f38-4b87-92d5-7cc95169b490 HTTP/1.1" status: 200 len: 205 time: 0.0206227
2026-06-26 04:48:50.370 9 INFO neutron.db.ovn_revision_numbers_db [None req-4f2a380f-2fed-4f29-a316-28a4641ab2db 158b7729050a495984523bc1f87691ef 4568e1db581344cf85756397d929f73d - - default default] Successfully bumped revision number for resource cb67cf1d-ef47-4360-9f77-649a116d0d60 (type: security_group_rules) to 0
2026-06-26 04:48:50.407 9 INFO neutron.api.wsgi [None req-4f2a380f-2fed-4f29-a316-28a4641ab2db 158b7729050a495984523bc1f87691ef 4568e1db581344cf85756397d929f73d - - default default] 10.0.0.160 "GET /v2.0/security-groups?tenant_id=3b84a3d1bbe54e5f83f2fd928f0f410d&name=default HTTP/1.1" status: 200 len: 3120 time: 0.3072293 /var/lib/openstack/lib/python3.12/site-packages/pycadf/identifier.py:71: UserWarning: Invalid uuid: neutron. To ensure interoperability, identifiers should be a valid uuid. warnings.warn(('Invalid uuid: %s. To ensure interoperability, '
2026-06-26 04:48:50.522 10 INFO neutron.api.wsgi [None req-ce594053-e214-401c-8352-ddfb1499b776 547ab3bab5a642dcb5abb81fe3a93ac6 726fbfb5bb8a413aa8dbdb7d55e63ba5 - - default default] 10.0.0.160 "DELETE /v2.0/routers/b65db4db-0f38-4b87-92d5-7cc95169b490 HTTP/1.1" status: 204 len: 168 time: 0.1586342
2026-06-26 04:48:50.627 9 INFO neutron.api.wsgi [None req-7fdb6caa-5d53-4158-a02a-dbdaffd3ec19 158b7729050a495984523bc1f87691ef 4568e1db581344cf85756397d929f73d - - default default] 10.0.0.160 "DELETE /v2.0/security-groups/bd8e8f88-5c0f-4dbd-89ac-44224134d0cc HTTP/1.1" status: 204 len: 168 time: 0.2144194
2026-06-26 04:48:50.667 10 INFO neutron.api.wsgi [None req-99f7b416-2a9a-4ac2-be8f-a8249ad859ad 547ab3bab5a642dcb5abb81fe3a93ac6 726fbfb5bb8a413aa8dbdb7d55e63ba5 - - default default] 10.0.0.160 "DELETE /v2.0/subnets/04a8606f-6292-49ff-959d-cf197dff7e38 HTTP/1.1" status: 204 len: 168 time: 0.1385393
2026-06-26 04:48:50.813 10 INFO neutron.api.wsgi [None req-9158663e-4589-4ed2-aa12-bc9c2f4323a1 547ab3bab5a642dcb5abb81fe3a93ac6 726fbfb5bb8a413aa8dbdb7d55e63ba5 - - default default] 10.0.0.160 "DELETE /v2.0/subnets/504b9e96-896d-4cca-9d90-17d19403aab0 HTTP/1.1" status: 204 len: 168 time: 0.1420598
2026-06-26 04:48:51.143 9 INFO neutron.services.segments.plugin [-] Segment ee4ccb4b-875f-49e0-82e9-9ed82a0977c4 resource provider aggregate not found
2026-06-26 04:48:51.147 9 INFO neutron.services.segments.plugin [-] Segment ee4ccb4b-875f-49e0-82e9-9ed82a0977c4 resource provider aggregate not found
2026-06-26 04:48:51.157 9 INFO neutron.services.segments.plugin [-] Segment ee4ccb4b-875f-49e0-82e9-9ed82a0977c4 resource provider not found; error: Placement Client Error (4xx): {"errors": [{"status": 404, "title": "Not Found", "detail": "The resource could not be found.\n\n No resource provider with uuid ee4ccb4b-875f-49e0-82e9-9ed82a0977c4 found for delete ", "request_id": "req-125078fc-8eef-4beb-b32c-eead86daebd9"}]}
2026-06-26 04:48:51.161 9 INFO neutron.services.segments.plugin [-] Segment ee4ccb4b-875f-49e0-82e9-9ed82a0977c4 resource provider not found; error: Placement Client Error (4xx): {"errors": [{"status": 404, "title": "Not Found", "detail": "The resource could not be found.\n\n No resource provider with uuid ee4ccb4b-875f-49e0-82e9-9ed82a0977c4 found for delete ", "request_id": "req-f47e5059-4e30-4a8d-96bc-29c598d785eb"}]}
2026-06-26 04:48:51.169 9 INFO neutron.api.wsgi [None req-27a95277-7f4f-43bb-958f-7854869a4c8e 547ab3bab5a642dcb5abb81fe3a93ac6 726fbfb5bb8a413aa8dbdb7d55e63ba5 - - default default] 10.0.0.160 "DELETE /v2.0/networks/09ddb252-1594-47f6-a9cc-69021e5cf9d1 HTTP/1.1" status: 204 len: 168 time: 0.3310561
2026-06-26 04:48:51.312 10 INFO neutron.api.wsgi [req-bccd9c17-c023-4565-9c65-223021741f10 req-4cee7c2c-be4b-4a01-b3db-c34c031cf598 274f168af0ca40ec9b0bc8e04394f821 829dbd3af7f04b91bc0f39299a547493 - - default default] 10.0.0.78 "GET /v2.0/ports?device_id=26e3f1ad-3fc7-4358-9517-7a198cc80569 HTTP/1.1" status: 200 len: 1174 time: 0.0331573
2026-06-26 04:48:51.349 10 INFO neutron.api.wsgi [req-bccd9c17-c023-4565-9c65-223021741f10 req-42b7b4a8-83f6-483a-926a-5b3657a85994 274f168af0ca40ec9b0bc8e04394f821 829dbd3af7f04b91bc0f39299a547493 - - default default] 10.0.0.78 "GET /v2.0/security-groups?id=27ce0ddd-04d9-4305-ad30-f43e50d2818a&fields=id&fields=name HTTP/1.1" status: 200 len: 286 time: 0.0339386
2026-06-26 04:48:51.516 9 INFO neutron.api.wsgi [None req-adcb82f2-c0fd-4ff8-ab3d-3a14df382bf9 547ab3bab5a642dcb5abb81fe3a93ac6 726fbfb5bb8a413aa8dbdb7d55e63ba5 - - default default] 10.0.0.160 "DELETE /v2.0/networks/caff0da6-4cab-4a44-9301-ba4933072d02 HTTP/1.1" status: 204 len: 168 time: 0.3426356
2026-06-26 04:48:51.528 10 WARNING neutron_lib.context [None req-1a8947d7-e58d-4aca-b944-c314c7c8cdb9 547ab3bab5a642dcb5abb81fe3a93ac6 726fbfb5bb8a413aa8dbdb7d55e63ba5 - - default default] Method 'is_advsvc' is deprecated since 2023.2 release (neutron-lib 3.8.0) and will be removed once support for the old RBAC API policies will be removed from Neutron. Please use method 'is_service_role' instead.
2026-06-26 04:48:51.605 10 INFO neutron.db.segments_db [None req-1a8947d7-e58d-4aca-b944-c314c7c8cdb9 547ab3bab5a642dcb5abb81fe3a93ac6 726fbfb5bb8a413aa8dbdb7d55e63ba5 - - default default] Added segment b620939e-2b6d-4851-a1fa-efc21f521343 of type geneve for network 99d8c587-906a-4cd5-93c0-ca4b5c508764
2026-06-26 04:48:51.706 10 INFO neutron.db.ovn_revision_numbers_db [None req-1a8947d7-e58d-4aca-b944-c314c7c8cdb9 547ab3bab5a642dcb5abb81fe3a93ac6 726fbfb5bb8a413aa8dbdb7d55e63ba5 - - default default] Successfully bumped revision number for resource 99d8c587-906a-4cd5-93c0-ca4b5c508764 (type: networks) to 1
2026-06-26 04:48:51.852 10 WARNING neutron.scheduler.dhcp_agent_scheduler [None req-1a8947d7-e58d-4aca-b944-c314c7c8cdb9 547ab3bab5a642dcb5abb81fe3a93ac6 726fbfb5bb8a413aa8dbdb7d55e63ba5 - - default default] No more DHCP agents
2026-06-26 04:48:51.854 10 WARNING neutron.api.rpc.agentnotifiers.dhcp_rpc_agent_api [None req-1a8947d7-e58d-4aca-b944-c314c7c8cdb9 547ab3bab5a642dcb5abb81fe3a93ac6 726fbfb5bb8a413aa8dbdb7d55e63ba5 - - default default] Unable to schedule network 99d8c587-906a-4cd5-93c0-ca4b5c508764: no agents available; will retry on subsequent port and subnet creation events.
2026-06-26 04:48:51.903 9 INFO neutron.api.wsgi [req-62dbff95-e51a-4ed2-b1f9-b9e10e1d8890 req-0440805a-a675-46f3-9261-48cae40d0919 274f168af0ca40ec9b0bc8e04394f821 829dbd3af7f04b91bc0f39299a547493 - - default default] 199.204.45.115 "GET /v2.0/ports?device_id=26e3f1ad-3fc7-4358-9517-7a198cc80569 HTTP/1.1" status: 200 len: 1174 time: 0.0757020
2026-06-26 04:48:51.920 10 INFO neutron.db.ovn_revision_numbers_db [None req-1a8947d7-e58d-4aca-b944-c314c7c8cdb9 547ab3bab5a642dcb5abb81fe3a93ac6 726fbfb5bb8a413aa8dbdb7d55e63ba5 - - default default] Successfully bumped revision number for resource 1020017d-89b9-407a-ac1f-e1fc9618ee29 (type: ports) to 1
2026-06-26 04:48:51.942 10 INFO neutron.api.wsgi [None req-1a8947d7-e58d-4aca-b944-c314c7c8cdb9 547ab3bab5a642dcb5abb81fe3a93ac6 726fbfb5bb8a413aa8dbdb7d55e63ba5 - - default default] 10.0.0.160 "POST /v2.0/networks HTTP/1.1" status: 201 len: 833 time: 0.4196284
2026-06-26 04:48:51.952 10 WARNING neutron_lib.context [None req-e44b66df-7404-4cb3-9481-45e57f75e5dd 547ab3bab5a642dcb5abb81fe3a93ac6 726fbfb5bb8a413aa8dbdb7d55e63ba5 - - default default] Method 'is_advsvc' is deprecated since 2023.2 release (neutron-lib 3.8.0) and will be removed once support for the old RBAC API policies will be removed from Neutron. Please use method 'is_service_role' instead.
2026-06-26 04:48:52.143 10 WARNING neutron.scheduler.dhcp_agent_scheduler [None req-e44b66df-7404-4cb3-9481-45e57f75e5dd 547ab3bab5a642dcb5abb81fe3a93ac6 726fbfb5bb8a413aa8dbdb7d55e63ba5 - - default default] No more DHCP agents
2026-06-26 04:48:52.144 10 WARNING neutron.api.rpc.agentnotifiers.dhcp_rpc_agent_api [None req-e44b66df-7404-4cb3-9481-45e57f75e5dd 547ab3bab5a642dcb5abb81fe3a93ac6 726fbfb5bb8a413aa8dbdb7d55e63ba5 - - default default] Unable to schedule network 99d8c587-906a-4cd5-93c0-ca4b5c508764: no agents available; will retry on subsequent port and subnet creation events.
2026-06-26 04:48:52.171 10 INFO neutron.db.ovn_revision_numbers_db [None req-e44b66df-7404-4cb3-9481-45e57f75e5dd 547ab3bab5a642dcb5abb81fe3a93ac6 726fbfb5bb8a413aa8dbdb7d55e63ba5 - - default default] Successfully bumped revision number for resource 87b1708f-c5fe-4358-892e-ea8ca9328eb5 (type: subnets) to 0
2026-06-26 04:48:52.194 10 INFO neutron.api.wsgi [None req-e44b66df-7404-4cb3-9481-45e57f75e5dd 547ab3bab5a642dcb5abb81fe3a93ac6 726fbfb5bb8a413aa8dbdb7d55e63ba5 - - default default] 10.0.0.160 "POST /v2.0/subnets HTTP/1.1" status: 201 len: 845 time: 0.2457955
2026-06-26 04:48:52.195 9 INFO neutron.api.wsgi [req-62dbff95-e51a-4ed2-b1f9-b9e10e1d8890 req-e7dba95c-40ab-445c-98a6-ea6f34fcd3a2 274f168af0ca40ec9b0bc8e04394f821 829dbd3af7f04b91bc0f39299a547493 - - default default] 199.204.45.115 "DELETE /v2.0/ports/e79530c3-94c6-4a92-ad47-6013605a9320 HTTP/1.1" status: 204 len: 173 time: 0.2830431
2026-06-26 04:48:52.204 9 WARNING neutron_lib.context [None req-e831fe91-17f6-4d82-89db-e27b9ff5b006 547ab3bab5a642dcb5abb81fe3a93ac6 726fbfb5bb8a413aa8dbdb7d55e63ba5 - - default default] Method 'is_advsvc' is deprecated since 2023.2 release (neutron-lib 3.8.0) and will be removed once support for the old RBAC API policies will be removed from Neutron. Please use method 'is_service_role' instead.
2026-06-26 04:48:52.246 9 INFO neutron.notifiers.nova [-] Nova event matching ['req-de3c984a-1451-4510-875f-f7bc20750ff7'] response: {'server_uuid': '26e3f1ad-3fc7-4358-9517-7a198cc80569', 'name': 'network-vif-deleted', 'tag': 'e79530c3-94c6-4a92-ad47-6013605a9320', 'status': 'completed', 'code': 200}
2026-06-26 04:48:52.323 9 INFO neutron.db.ovn_revision_numbers_db [None req-e831fe91-17f6-4d82-89db-e27b9ff5b006 547ab3bab5a642dcb5abb81fe3a93ac6 726fbfb5bb8a413aa8dbdb7d55e63ba5 - - default default] Successfully bumped revision number for resource fbe77c39-09e0-4d14-bf51-0b66b8dad663 (type: routers) to 1
2026-06-26 04:48:52.337 9 INFO neutron.api.wsgi [None req-e831fe91-17f6-4d82-89db-e27b9ff5b006 547ab3bab5a642dcb5abb81fe3a93ac6 726fbfb5bb8a413aa8dbdb7d55e63ba5 - - default default] 10.0.0.160 "POST /v2.0/routers HTTP/1.1" status: 201 len: 806 time: 0.1378906
2026-06-26 04:48:52.350 9 WARNING neutron_lib.context [None req-160dbb23-5881-480b-9bd9-2c04ad1cc797 547ab3bab5a642dcb5abb81fe3a93ac6 726fbfb5bb8a413aa8dbdb7d55e63ba5 - - default default] Method 'is_advsvc' is deprecated since 2023.2 release (neutron-lib 3.8.0) and will be removed once support for the old RBAC API policies will be removed from Neutron. Please use method 'is_service_role' instead.
2026-06-26 04:48:52.421 10 INFO neutron.api.wsgi [req-c184bedf-be7f-4743-a7a9-655b2657cd80 req-b80e2f97-f7a4-4ef6-8eb6-b05d77c90702 274f168af0ca40ec9b0bc8e04394f821 829dbd3af7f04b91bc0f39299a547493 - - default default] 10.0.0.78 "GET /v2.0/ports?device_id=26e3f1ad-3fc7-4358-9517-7a198cc80569 HTTP/1.1" status: 200 len: 210 time: 0.0179796
2026-06-26 04:48:52.646 9 WARNING neutron.scheduler.dhcp_agent_scheduler [None req-160dbb23-5881-480b-9bd9-2c04ad1cc797 547ab3bab5a642dcb5abb81fe3a93ac6 726fbfb5bb8a413aa8dbdb7d55e63ba5 - - default default] No more DHCP agents
2026-06-26 04:48:52.647 9 WARNING neutron.api.rpc.agentnotifiers.dhcp_rpc_agent_api [None req-160dbb23-5881-480b-9bd9-2c04ad1cc797 547ab3bab5a642dcb5abb81fe3a93ac6 726fbfb5bb8a413aa8dbdb7d55e63ba5 - - default default] Unable to schedule network 99d8c587-906a-4cd5-93c0-ca4b5c508764: no agents available; will retry on subsequent port and subnet creation events.
2026-06-26 04:48:52.765 9 INFO neutron.db.ovn_revision_numbers_db [None req-160dbb23-5881-480b-9bd9-2c04ad1cc797 547ab3bab5a642dcb5abb81fe3a93ac6 726fbfb5bb8a413aa8dbdb7d55e63ba5 - - default default] Successfully bumped revision number for resource bcafa788-97f7-4d5c-acf3-e78cdc377c3a (type: ports) to 1
2026-06-26 04:48:52.786 9 INFO neutron.api.wsgi [None req-160dbb23-5881-480b-9bd9-2c04ad1cc797 547ab3bab5a642dcb5abb81fe3a93ac6 726fbfb5bb8a413aa8dbdb7d55e63ba5 - - default default] 10.0.0.160 "POST /v2.0/ports HTTP/1.1" status: 201 len: 1162 time: 0.4409943 /var/lib/openstack/lib/python3.12/site-packages/pycadf/identifier.py:71: UserWarning: Invalid uuid: neutron. To ensure interoperability, identifiers should be a valid uuid. warnings.warn(('Invalid uuid: %s. To ensure interoperability, '
2026-06-26 04:48:53.187 9 INFO neutron.services.segments.plugin [-] Segment b99e6acf-8040-4819-a60e-817567346e46 resource provider aggregate not found
2026-06-26 04:48:53.194 9 INFO neutron.services.segments.plugin [-] Segment b99e6acf-8040-4819-a60e-817567346e46 resource provider aggregate not found
2026-06-26 04:48:53.198 9 INFO neutron.services.segments.plugin [-] Segment b99e6acf-8040-4819-a60e-817567346e46 resource provider not found; error: Placement Client Error (4xx): {"errors": [{"status": 404, "title": "Not Found", "detail": "The resource could not be found.\n\n No resource provider with uuid b99e6acf-8040-4819-a60e-817567346e46 found for delete ", "request_id": "req-a6bc4613-713f-4178-a2b3-3719eae4d5f2"}]}
2026-06-26 04:48:53.208 9 INFO neutron.services.segments.plugin [-] Segment b99e6acf-8040-4819-a60e-817567346e46 resource provider not found; error: Placement Client Error (4xx): {"errors": [{"status": 404, "title": "Not Found", "detail": "The resource could not be found.\n\n No resource provider with uuid b99e6acf-8040-4819-a60e-817567346e46 found for delete ", "request_id": "req-920d4188-e646-430d-be11-29cfe9c22e4f"}]}
2026-06-26 04:48:53.290 10 INFO neutron.plugins.ml2.drivers.ovn.mech_driver.mech_driver [None req-a7aad400-ffc3-4dae-8105-c1b33fa3f55b - - - - - -] OVN reports status up for port: bcafa788-97f7-4d5c-acf3-e78cdc377c3a
2026-06-26 04:48:53.301 10 INFO neutron.plugins.ml2.plugin [None req-a7aad400-ffc3-4dae-8105-c1b33fa3f55b - - - - - -] Attempt 1 to provision port bcafa788-97f7-4d5c-acf3-e78cdc377c3a
2026-06-26 04:48:53.338 9 INFO neutron.db.ovn_revision_numbers_db [None req-ca03b366-56b1-47f9-b9f9-d19defa9dd52 547ab3bab5a642dcb5abb81fe3a93ac6 726fbfb5bb8a413aa8dbdb7d55e63ba5 - - default default] Successfully bumped revision number for resource bcafa788-97f7-4d5c-acf3-e78cdc377c3a (type: ports) to 2
2026-06-26 04:48:53.508 10 INFO neutron.api.wsgi [req-c371ce45-bf16-430a-9766-bba76e32804a req-719b94ef-c93b-49c5-9668-17321a14f1b5 274f168af0ca40ec9b0bc8e04394f821 829dbd3af7f04b91bc0f39299a547493 - - default default] 10.0.0.78 "GET /v2.0/ports?device_id=26e3f1ad-3fc7-4358-9517-7a198cc80569 HTTP/1.1" status: 200 len: 210 time: 0.0177851
2026-06-26 04:48:53.528 9 INFO neutron.api.wsgi [-] 10.0.0.210 "GET / HTTP/1.1" status: 200 len: 247 time: 0.0033417
2026-06-26 04:48:53.530 9 INFO neutron.api.wsgi [-] 10.0.0.210 "GET / HTTP/1.1" status: 200 len: 247 time: 0.0014458 /var/lib/openstack/lib/python3.12/site-packages/pycadf/identifier.py:71: UserWarning: Invalid uuid: neutron. To ensure interoperability, identifiers should be a valid uuid. warnings.warn(('Invalid uuid: %s. To ensure interoperability, '
2026-06-26 04:48:53.593 9 WARNING neutron_lib.context [None req-7f3b96bb-4fb9-4038-9926-ecd17fe2eca8 0f33e3c66caa47f392122d6aca39f0a7 2f4f9dc6137b493f9a9bae602248b56f - - default default] Method 'is_advsvc' is deprecated since 2023.2 release (neutron-lib 3.8.0) and will be removed once support for the old RBAC API policies will be removed from Neutron. Please use method 'is_service_role' instead.
2026-06-26 04:48:53.630 10 INFO neutron.db.ovn_revision_numbers_db [None req-a7aad400-ffc3-4dae-8105-c1b33fa3f55b - - - - - -] Successfully bumped revision number for resource bcafa788-97f7-4d5c-acf3-e78cdc377c3a (type: ports) to 3
2026-06-26 04:48:53.679 10 INFO neutron.api.wsgi [None req-62618236-b18a-4bd3-8504-4f856dfaaaba 158b7729050a495984523bc1f87691ef 4568e1db581344cf85756397d929f73d - - default default] 10.0.0.213 "GET /v2.0/routers HTTP/1.1" status: 200 len: 1771 time: 0.2151835
2026-06-26 04:48:53.683 9 INFO neutron.api.wsgi [None req-7f3b96bb-4fb9-4038-9926-ecd17fe2eca8 0f33e3c66caa47f392122d6aca39f0a7 2f4f9dc6137b493f9a9bae602248b56f - - default default] 10.0.0.160 "POST /v2.0/subnetpools HTTP/1.1" status: 201 len: 715 time: 0.1869683 /var/lib/openstack/lib/python3.12/site-packages/pycadf/identifier.py:71: UserWarning: Invalid uuid: neutron. To ensure interoperability, identifiers should be a valid uuid. warnings.warn(('Invalid uuid: %s. To ensure interoperability, '
2026-06-26 04:48:53.693 10 WARNING neutron_lib.context [None req-9d6c6e6d-bb55-45c9-83e6-f1ff01366ced 0f33e3c66caa47f392122d6aca39f0a7 2f4f9dc6137b493f9a9bae602248b56f - - default default] Method 'is_advsvc' is deprecated since 2023.2 release (neutron-lib 3.8.0) and will be removed once support for the old RBAC API policies will be removed from Neutron. Please use method 'is_service_role' instead.
2026-06-26 04:48:53.708 10 INFO neutron.api.wsgi [None req-c012c990-4e1e-49e7-8e5c-82bef5cc9af2 158b7729050a495984523bc1f87691ef 4568e1db581344cf85756397d929f73d - - default default] 10.0.0.213 "GET /v2.0/agents?binary=ovn-controller HTTP/1.1" status: 200 len: 591 time: 0.0281708
2026-06-26 04:48:53.731 10 INFO neutron.api.wsgi [None req-1ef7a8bd-7903-4cf8-8c6e-03c4f179e0e5 158b7729050a495984523bc1f87691ef 4568e1db581344cf85756397d929f73d - - default default] 10.0.0.213 "GET /v2.0/network-ip-availabilities HTTP/1.1" status: 200 len: 2215 time: 0.0211821
2026-06-26 04:48:53.751 10 INFO neutron.api.wsgi [None req-06d84f64-e761-4432-9a19-98d4c3741afb 158b7729050a495984523bc1f87691ef 4568e1db581344cf85756397d929f73d - - default default] 10.0.0.213 "GET /v2.0/floatingips HTTP/1.1" status: 200 len: 193 time: 0.0175316
2026-06-26 04:48:53.781 10 INFO neutron.api.wsgi [None req-9d6c6e6d-bb55-45c9-83e6-f1ff01366ced 0f33e3c66caa47f392122d6aca39f0a7 2f4f9dc6137b493f9a9bae602248b56f - - default default] 10.0.0.160 "POST /v2.0/subnetpools HTTP/1.1" status: 201 len: 715 time: 0.0919309
2026-06-26 04:48:53.790 10 WARNING neutron_lib.context [None req-f088dee7-4a3e-45a8-bee7-1365b3f84cf1 0f33e3c66caa47f392122d6aca39f0a7 2f4f9dc6137b493f9a9bae602248b56f - - default default] Method 'is_advsvc' is deprecated since 2023.2 release (neutron-lib 3.8.0) and will be removed once support for the old RBAC API policies will be removed from Neutron. Please use method 'is_service_role' instead.
2026-06-26 04:48:53.813 10 INFO neutron.api.wsgi [None req-753f62e2-f8da-4162-b710-13ebbab7c5c1 158b7729050a495984523bc1f87691ef 4568e1db581344cf85756397d929f73d - - default default] 10.0.0.213 "GET /v2.0/ports HTTP/1.1" status: 200 len: 10586 time: 0.0607340
2026-06-26 04:48:53.862 10 INFO neutron.api.wsgi [None req-59cc8ed6-03ea-4603-a664-8e236f2076a2 158b7729050a495984523bc1f87691ef 4568e1db581344cf85756397d929f73d - - default default] 10.0.0.213 "GET /v2.0/security-groups HTTP/1.1" status: 200 len: 23382 time: 0.0434370
2026-06-26 04:48:53.870 10 INFO neutron.api.wsgi [None req-f088dee7-4a3e-45a8-bee7-1365b3f84cf1 0f33e3c66caa47f392122d6aca39f0a7 2f4f9dc6137b493f9a9bae602248b56f - - default default] 10.0.0.160 "POST /v2.0/subnetpools HTTP/1.1" status: 201 len: 715 time: 0.0834486 /var/lib/openstack/lib/python3.12/site-packages/pycadf/identifier.py:71: UserWarning: Invalid uuid: neutron. To ensure interoperability, identifiers should be a valid uuid. warnings.warn(('Invalid uuid: %s. To ensure interoperability, '
2026-06-26 04:48:53.887 9 WARNING neutron_lib.context [None req-63235027-8f80-4613-ba3b-e36e4982d52f 0f33e3c66caa47f392122d6aca39f0a7 2f4f9dc6137b493f9a9bae602248b56f - - default default] Method 'is_advsvc' is deprecated since 2023.2 release (neutron-lib 3.8.0) and will be removed once support for the old RBAC API policies will be removed from Neutron. Please use method 'is_service_role' instead.
2026-06-26 04:48:53.905 9 INFO neutron.db.ovn_revision_numbers_db [None req-ca03b366-56b1-47f9-b9f9-d19defa9dd52 547ab3bab5a642dcb5abb81fe3a93ac6 726fbfb5bb8a413aa8dbdb7d55e63ba5 - - default default] Successfully bumped revision number for resource bcafa788-97f7-4d5c-acf3-e78cdc377c3a (type: ports) to 3
2026-06-26 04:48:53.934 10 INFO neutron.api.wsgi [None req-4076f467-5415-4e53-a5c5-1a0e79ad0a87 158b7729050a495984523bc1f87691ef 4568e1db581344cf85756397d929f73d - - default default] 10.0.0.213 "GET /v2.0/networks HTTP/1.1" status: 200 len: 3859 time: 0.0617638
2026-06-26 04:48:53.942 9 WARNING neutron.plugins.ml2.drivers.ovn.mech_driver.ovsdb.ovn_client [None req-b0586369-8a81-4851-8689-c2d619078e60 - - - - - -] No port found with ID d384491c-6b31-4f0f-9f05-6096a183ddc0: RuntimeError: No port found with ID d384491c-6b31-4f0f-9f05-6096a183ddc0
2026-06-26 04:48:53.945 10 INFO neutron.api.wsgi [None req-438be2f5-4d26-4321-b529-f8bb184c1ff4 158b7729050a495984523bc1f87691ef 4568e1db581344cf85756397d929f73d - - default default] 10.0.0.213 "GET /v2.0/agents HTTP/1.1" status: 200 len: 1390 time: 0.0092490
2026-06-26 04:48:53.968 9 INFO neutron.api.wsgi [None req-63235027-8f80-4613-ba3b-e36e4982d52f 0f33e3c66caa47f392122d6aca39f0a7 2f4f9dc6137b493f9a9bae602248b56f - - default default] 10.0.0.160 "POST /v2.0/subnetpools HTTP/1.1" status: 201 len: 715 time: 0.0912254
2026-06-26 04:48:53.970 9 INFO neutron.plugins.ml2.drivers.ovn.mech_driver.mech_driver [None req-b0586369-8a81-4851-8689-c2d619078e60 - - - - - -] OVN reports status down for port: e79530c3-94c6-4a92-ad47-6013605a9320
2026-06-26 04:48:53.973 10 INFO neutron.api.wsgi [None req-7de23e9e-74e7-430b-a6ed-0fb0771721a4 158b7729050a495984523bc1f87691ef 4568e1db581344cf85756397d929f73d - - default default] 10.0.0.213 "GET /v2.0/subnets HTTP/1.1" status: 200 len: 2821 time: 0.0260501
2026-06-26 04:48:53.979 10 WARNING neutron_lib.context [None req-974f0dce-e929-409b-b7bd-627945f7c6b8 0f33e3c66caa47f392122d6aca39f0a7 2f4f9dc6137b493f9a9bae602248b56f - - default default] Method 'is_advsvc' is deprecated since 2023.2 release (neutron-lib 3.8.0) and will be removed once support for the old RBAC API policies will be removed from Neutron. Please use method 'is_service_role' instead.
2026-06-26 04:48:53.981 9 WARNING neutron.scheduler.dhcp_agent_scheduler [None req-ca03b366-56b1-47f9-b9f9-d19defa9dd52 547ab3bab5a642dcb5abb81fe3a93ac6 726fbfb5bb8a413aa8dbdb7d55e63ba5 - - default default] No more DHCP agents
2026-06-26 04:48:53.982 9 WARNING neutron.api.rpc.agentnotifiers.dhcp_rpc_agent_api [None req-ca03b366-56b1-47f9-b9f9-d19defa9dd52 547ab3bab5a642dcb5abb81fe3a93ac6 726fbfb5bb8a413aa8dbdb7d55e63ba5 - - default default] Unable to schedule network 99d8c587-906a-4cd5-93c0-ca4b5c508764: no agents available; will retry on subsequent port and subnet creation events.
2026-06-26 04:48:54.019 10 INFO neutron.api.wsgi [None req-908ec90d-45b0-4657-93b2-8a0057313e73 158b7729050a495984523bc1f87691ef 4568e1db581344cf85756397d929f73d - - default default] 10.0.0.213 "GET /v2.0/subnetpools HTTP/1.1" status: 200 len: 2201 time: 0.0339370
2026-06-26 04:48:54.055 10 INFO neutron.api.wsgi [None req-7d554e16-879e-4960-8d94-84d255599ccc 158b7729050a495984523bc1f87691ef 4568e1db581344cf85756397d929f73d - - default default] 10.0.0.213 "GET /v2.0/subnets HTTP/1.1" status: 200 len: 2821 time: 0.0333865
2026-06-26 04:48:54.066 10 INFO neutron.api.wsgi [None req-974f0dce-e929-409b-b7bd-627945f7c6b8 0f33e3c66caa47f392122d6aca39f0a7 2f4f9dc6137b493f9a9bae602248b56f - - default default] 10.0.0.160 "POST /v2.0/subnetpools HTTP/1.1" status: 201 len: 715 time: 0.0914116
2026-06-26 04:48:54.098 10 INFO neutron.api.wsgi [None req-2cea08bd-b5a2-4421-8fca-347474079366 0f33e3c66caa47f392122d6aca39f0a7 2f4f9dc6137b493f9a9bae602248b56f - - default default] 10.0.0.160 "PUT /v2.0/subnetpools/da84ad4e-ef4e-487a-b344-c5172143de4e/tags HTTP/1.1" status: 200 len: 210 time: 0.0273876
2026-06-26 04:48:54.154 9 INFO neutron.api.wsgi [None req-b408caff-7a2d-4d86-9532-8c9eba627dbf 0f33e3c66caa47f392122d6aca39f0a7 2f4f9dc6137b493f9a9bae602248b56f - - default default] 10.0.0.160 "PUT /v2.0/subnetpools/422dbf5a-cfed-48d3-ba82-9b9b6ddab7f4/tags HTTP/1.1" status: 200 len: 218 time: 0.0519490
2026-06-26 04:48:54.165 9 INFO neutron.db.ovn_revision_numbers_db [None req-ca03b366-56b1-47f9-b9f9-d19defa9dd52 547ab3bab5a642dcb5abb81fe3a93ac6 726fbfb5bb8a413aa8dbdb7d55e63ba5 - - default default] Successfully bumped revision number for resource bcafa788-97f7-4d5c-acf3-e78cdc377c3a (type: router_ports) to 3
2026-06-26 04:48:54.169 9 INFO neutron.api.wsgi [None req-ca03b366-56b1-47f9-b9f9-d19defa9dd52 547ab3bab5a642dcb5abb81fe3a93ac6 726fbfb5bb8a413aa8dbdb7d55e63ba5 - - default default] 10.0.0.160 "PUT /v2.0/routers/fbe77c39-09e0-4d14-bf51-0b66b8dad663/add_router_interface HTTP/1.1" status: 200 len: 503 time: 1.3776379
2026-06-26 04:48:54.192 9 INFO neutron.api.wsgi [None req-25f37862-3815-4ba4-b87a-af8f7b4a8788 0f33e3c66caa47f392122d6aca39f0a7 2f4f9dc6137b493f9a9bae602248b56f - - default default] 10.0.0.160 "PUT /v2.0/subnetpools/d0e601ff-c698-4cfa-aa5e-8ac9a9c16a0d/tags HTTP/1.1" status: 200 len: 227 time: 0.0317385
2026-06-26 04:48:54.208 10 INFO neutron.api.wsgi [None req-3f509a68-2655-4f1a-8ed7-737b0bcaf9da 547ab3bab5a642dcb5abb81fe3a93ac6 726fbfb5bb8a413aa8dbdb7d55e63ba5 - - default default] 10.0.0.160 "GET /v2.0/ports/bcafa788-97f7-4d5c-acf3-e78cdc377c3a HTTP/1.1" status: 200 len: 1220 time: 0.0339086
2026-06-26 04:48:54.248 9 INFO neutron.api.wsgi [None req-7a64b3b8-46a8-4fe4-bed6-e34c52445005 0f33e3c66caa47f392122d6aca39f0a7 2f4f9dc6137b493f9a9bae602248b56f - - default default] 10.0.0.160 "PUT /v2.0/subnetpools/cfab4abb-c638-43b4-98ba-25488e229be4/tags HTTP/1.1" status: 200 len: 212 time: 0.0504463
2026-06-26 04:48:54.557 10 INFO neutron.api.wsgi [None req-3f89c2fe-7e94-4025-9338-3a8365b7b255 0f33e3c66caa47f392122d6aca39f0a7 2f4f9dc6137b493f9a9bae602248b56f - - default default] 10.0.0.160 "GET /v2.0/subnetpools?tags=red HTTP/1.1" status: 200 len: 1758 time: 0.3020346
2026-06-26 04:48:54.599 10 INFO neutron.api.wsgi [None req-84a9c9db-7ee9-4b88-a8e1-11cbac562f12 0f33e3c66caa47f392122d6aca39f0a7 2f4f9dc6137b493f9a9bae602248b56f - - default default] 10.0.0.160 "GET /v2.0/subnetpools?tags=red%2Cblue HTTP/1.1" status: 200 len: 1251 time: 0.0336773
2026-06-26 04:48:54.607 10 INFO neutron.api.wsgi [req-53560dfa-d658-48a2-8ce4-6540911f6c50 req-c303e8ea-c52c-4cc1-9655-9d022f666ee7 274f168af0ca40ec9b0bc8e04394f821 829dbd3af7f04b91bc0f39299a547493 - - default default] 10.0.0.78 "GET /v2.0/ports?device_id=26e3f1ad-3fc7-4358-9517-7a198cc80569 HTTP/1.1" status: 200 len: 210 time: 0.0273387
2026-06-26 04:48:54.622 10 INFO neutron.api.wsgi [None req-7bf49f7e-be58-45ff-b5cb-b596564e2fd5 0f33e3c66caa47f392122d6aca39f0a7 2f4f9dc6137b493f9a9bae602248b56f - - default default] 10.0.0.160 "GET /v2.0/subnetpools?tags-any=blue HTTP/1.1" status: 200 len: 1251 time: 0.0175087
2026-06-26 04:48:54.645 10 INFO neutron.api.wsgi [None req-42bd98e1-4170-49ba-b62d-19a3e64adc2d 0f33e3c66caa47f392122d6aca39f0a7 2f4f9dc6137b493f9a9bae602248b56f - - default default] 10.0.0.160 "GET /v2.0/subnetpools?tags-any=red%2Cblue HTTP/1.1" status: 200 len: 1758 time: 0.0181391
2026-06-26 04:48:54.670 10 INFO neutron.api.wsgi [None req-0eb0b996-078a-4980-8e06-b7c2626d9bfe 0f33e3c66caa47f392122d6aca39f0a7 2f4f9dc6137b493f9a9bae602248b56f - - default default] 10.0.0.160 "GET /v2.0/subnetpools?not-tags=red HTTP/1.1" status: 200 len: 1223 time: 0.0205126
2026-06-26 04:48:54.695 10 INFO neutron.api.wsgi [None req-4ab1c64d-ae20-4d17-9920-9ee9f1b35fe0 0f33e3c66caa47f392122d6aca39f0a7 2f4f9dc6137b493f9a9bae602248b56f - - default default] 10.0.0.160 "GET /v2.0/subnetpools?not-tags=red%2Cblue HTTP/1.1" status: 200 len: 1730 time: 0.0195434
2026-06-26 04:48:54.717 9 INFO neutron.api.wsgi [None req-96c8c239-36e7-45f4-b8be-783cf186dfae 547ab3bab5a642dcb5abb81fe3a93ac6 726fbfb5bb8a413aa8dbdb7d55e63ba5 - - default default] 10.0.0.160 "PUT /v2.0/routers/fbe77c39-09e0-4d14-bf51-0b66b8dad663/remove_router_interface HTTP/1.1" status: 200 len: 503 time: 0.5040379
2026-06-26 04:48:54.722 10 INFO neutron.api.wsgi [None req-2bf92b35-ee87-4feb-8eab-8d11d4bafa62 0f33e3c66caa47f392122d6aca39f0a7 2f4f9dc6137b493f9a9bae602248b56f - - default default] 10.0.0.160 "GET /v2.0/subnetpools?not-tags-any=blue HTTP/1.1" status: 200 len: 1730 time: 0.0213544 /var/lib/openstack/lib/python3.12/site-packages/pycadf/identifier.py:71: UserWarning: Invalid uuid: neutron. To ensure interoperability, identifiers should be a valid uuid. warnings.warn(('Invalid uuid: %s. To ensure interoperability, '
2026-06-26 04:48:54.747 10 INFO neutron.api.wsgi [None req-5b9979f1-a0bc-4c5b-85b1-f629649a402d 0f33e3c66caa47f392122d6aca39f0a7 2f4f9dc6137b493f9a9bae602248b56f - - default default] 10.0.0.160 "GET /v2.0/subnetpools?not-tags-any=red%2Cblue HTTP/1.1" status: 200 len: 1223 time: 0.0194798
2026-06-26 04:48:54.766 9 INFO neutron.api.v2.resource [None req-11642166-9a9c-4c90-98ed-2ca1bff7636c 547ab3bab5a642dcb5abb81fe3a93ac6 726fbfb5bb8a413aa8dbdb7d55e63ba5 - - default default] remove_router_interface failed (client error): The resource could not be found.
2026-06-26 04:48:54.767 9 INFO neutron.api.wsgi [None req-11642166-9a9c-4c90-98ed-2ca1bff7636c 547ab3bab5a642dcb5abb81fe3a93ac6 726fbfb5bb8a413aa8dbdb7d55e63ba5 - - default default] 10.0.0.160 "PUT /v2.0/routers/fbe77c39-09e0-4d14-bf51-0b66b8dad663/remove_router_interface HTTP/1.1" status: 404 len: 398 time: 0.0455799
2026-06-26 04:48:54.789 9 INFO neutron.api.wsgi [None req-b326737a-4637-4ab4-8435-bda39a14332a 547ab3bab5a642dcb5abb81fe3a93ac6 726fbfb5bb8a413aa8dbdb7d55e63ba5 - - default default] 10.0.0.160 "GET /v2.0/ports?device_id=fbe77c39-09e0-4d14-bf51-0b66b8dad663 HTTP/1.1" status: 200 len: 205 time: 0.0150230
2026-06-26 04:48:54.808 9 INFO neutron.api.wsgi [None req-3675d4fd-a3e6-4e15-8ed0-1d0fc378cc1c 0f33e3c66caa47f392122d6aca39f0a7 2f4f9dc6137b493f9a9bae602248b56f - - default default] 10.0.0.160 "DELETE /v2.0/subnetpools/da84ad4e-ef4e-487a-b344-c5172143de4e HTTP/1.1" status: 204 len: 168 time: 0.0536327
2026-06-26 04:48:54.903 10 INFO neutron.api.wsgi [None req-f0418b1e-079c-4f27-b92a-9cc3ba939dae 0f33e3c66caa47f392122d6aca39f0a7 2f4f9dc6137b493f9a9bae602248b56f - - default default] 10.0.0.160 "DELETE /v2.0/subnetpools/422dbf5a-cfed-48d3-ba82-9b9b6ddab7f4 HTTP/1.1" status: 204 len: 168 time: 0.0898888
2026-06-26 04:48:54.954 9 INFO neutron.api.wsgi [None req-2dfdc6ba-9e70-4c66-8592-5a9f93d7f211 0f33e3c66caa47f392122d6aca39f0a7 2f4f9dc6137b493f9a9bae602248b56f - - default default] 10.0.0.160 "DELETE /v2.0/subnetpools/d0e601ff-c698-4cfa-aa5e-8ac9a9c16a0d HTTP/1.1" status: 204 len: 168 time: 0.0451486
2026-06-26 04:48:55.005 10 INFO neutron.api.wsgi [None req-51a43f66-2f78-4c81-ab44-c802e54d5724 547ab3bab5a642dcb5abb81fe3a93ac6 726fbfb5bb8a413aa8dbdb7d55e63ba5 - - default default] 10.0.0.160 "DELETE /v2.0/routers/fbe77c39-09e0-4d14-bf51-0b66b8dad663 HTTP/1.1" status: 204 len: 168 time: 0.2113218
2026-06-26 04:48:55.006 9 INFO neutron.api.wsgi [None req-a12be48a-b21e-45cd-b6dd-0ce00985f632 0f33e3c66caa47f392122d6aca39f0a7 2f4f9dc6137b493f9a9bae602248b56f - - default default] 10.0.0.160 "DELETE /v2.0/subnetpools/cfab4abb-c638-43b4-98ba-25488e229be4 HTTP/1.1" status: 204 len: 168 time: 0.0482123
2026-06-26 04:48:55.057 10 INFO neutron.api.wsgi [None req-a159051f-722a-4b5e-84df-08f436f9f282 0f33e3c66caa47f392122d6aca39f0a7 2f4f9dc6137b493f9a9bae602248b56f - - default default] 10.0.0.160 "DELETE /v2.0/subnetpools/1cf9bc6b-9b01-48be-bf14-74a4217fccc9 HTTP/1.1" status: 204 len: 168 time: 0.0453804
2026-06-26 04:48:55.158 9 INFO neutron.api.wsgi [None req-e096f34a-f441-43ce-b0ff-725b86671fac 547ab3bab5a642dcb5abb81fe3a93ac6 726fbfb5bb8a413aa8dbdb7d55e63ba5 - - default default] 10.0.0.160 "DELETE /v2.0/subnets/87b1708f-c5fe-4358-892e-ea8ca9328eb5 HTTP/1.1" status: 204 len: 168 time: 0.1477654
2026-06-26 04:48:55.464 9 INFO neutron.services.segments.plugin [-] Segment b620939e-2b6d-4851-a1fa-efc21f521343 resource provider aggregate not found
2026-06-26 04:48:55.467 9 INFO neutron.services.segments.plugin [-] Segment b620939e-2b6d-4851-a1fa-efc21f521343 resource provider aggregate not found
2026-06-26 04:48:55.477 9 INFO neutron.services.segments.plugin [-] Segment b620939e-2b6d-4851-a1fa-efc21f521343 resource provider not found; error: Placement Client Error (4xx): {"errors": [{"status": 404, "title": "Not Found", "detail": "The resource could not be found.\n\n No resource provider with uuid b620939e-2b6d-4851-a1fa-efc21f521343 found for delete ", "request_id": "req-9cc8669f-1c8e-42e0-988c-eaf550522087"}]}
2026-06-26 04:48:55.478 9 INFO neutron.services.segments.plugin [-] Segment b620939e-2b6d-4851-a1fa-efc21f521343 resource provider not found; error: Placement Client Error (4xx): {"errors": [{"status": 404, "title": "Not Found", "detail": "The resource could not be found.\n\n No resource provider with uuid b620939e-2b6d-4851-a1fa-efc21f521343 found for delete ", "request_id": "req-43ab263b-afc5-4170-9d73-b7b33f0df229"}]}
2026-06-26 04:48:55.500 9 INFO neutron.api.wsgi [None req-301b369c-3dc5-4ea9-bda4-79475b22c438 547ab3bab5a642dcb5abb81fe3a93ac6 726fbfb5bb8a413aa8dbdb7d55e63ba5 - - default default] 10.0.0.160 "DELETE /v2.0/networks/99d8c587-906a-4cd5-93c0-ca4b5c508764 HTTP/1.1" status: 204 len: 168 time: 0.3370264
2026-06-26 04:48:55.511 10 WARNING neutron_lib.context [None req-be381ecc-bc5a-48ad-a3c0-e99fe77a01a6 547ab3bab5a642dcb5abb81fe3a93ac6 726fbfb5bb8a413aa8dbdb7d55e63ba5 - - default default] Method 'is_advsvc' is deprecated since 2023.2 release (neutron-lib 3.8.0) and will be removed once support for the old RBAC API policies will be removed from Neutron. Please use method 'is_service_role' instead.
2026-06-26 04:48:55.595 10 INFO neutron.db.segments_db [None req-be381ecc-bc5a-48ad-a3c0-e99fe77a01a6 547ab3bab5a642dcb5abb81fe3a93ac6 726fbfb5bb8a413aa8dbdb7d55e63ba5 - - default default] Added segment 126b57b4-e915-4b6f-b681-d88dd86cbd08 of type geneve for network 739fe71c-09cf-4e58-a4be-cd6e510c56f5
2026-06-26 04:48:55.714 10 INFO neutron.db.ovn_revision_numbers_db [None req-be381ecc-bc5a-48ad-a3c0-e99fe77a01a6 547ab3bab5a642dcb5abb81fe3a93ac6 726fbfb5bb8a413aa8dbdb7d55e63ba5 - - default default] Successfully bumped revision number for resource 739fe71c-09cf-4e58-a4be-cd6e510c56f5 (type: networks) to 1
2026-06-26 04:48:55.874 10 WARNING neutron.scheduler.dhcp_agent_scheduler [None req-be381ecc-bc5a-48ad-a3c0-e99fe77a01a6 547ab3bab5a642dcb5abb81fe3a93ac6 726fbfb5bb8a413aa8dbdb7d55e63ba5 - - default default] No more DHCP agents
2026-06-26 04:48:55.877 10 WARNING neutron.api.rpc.agentnotifiers.dhcp_rpc_agent_api [None req-be381ecc-bc5a-48ad-a3c0-e99fe77a01a6 547ab3bab5a642dcb5abb81fe3a93ac6 726fbfb5bb8a413aa8dbdb7d55e63ba5 - - default default] Unable to schedule network 739fe71c-09cf-4e58-a4be-cd6e510c56f5: no agents available; will retry on subsequent port and subnet creation events.
2026-06-26 04:48:55.962 10 INFO neutron.db.ovn_revision_numbers_db [None req-be381ecc-bc5a-48ad-a3c0-e99fe77a01a6 547ab3bab5a642dcb5abb81fe3a93ac6 726fbfb5bb8a413aa8dbdb7d55e63ba5 - - default default] Successfully bumped revision number for resource 776f8330-df8b-4138-ba4c-ca6d23d02a42 (type: ports) to 1
2026-06-26 04:48:55.988 10 INFO neutron.api.wsgi [None req-be381ecc-bc5a-48ad-a3c0-e99fe77a01a6 547ab3bab5a642dcb5abb81fe3a93ac6 726fbfb5bb8a413aa8dbdb7d55e63ba5 - - default default] 10.0.0.160 "POST /v2.0/networks HTTP/1.1" status: 201 len: 832 time: 0.4828663
2026-06-26 04:48:55.999 10 WARNING neutron_lib.context [None req-8819311b-8ffc-4226-82a5-01eb329afdea 547ab3bab5a642dcb5abb81fe3a93ac6 726fbfb5bb8a413aa8dbdb7d55e63ba5 - - default default] Method 'is_advsvc' is deprecated since 2023.2 release (neutron-lib 3.8.0) and will be removed once support for the old RBAC API policies will be removed from Neutron. Please use method 'is_service_role' instead.
2026-06-26 04:48:56.226 10 WARNING neutron.scheduler.dhcp_agent_scheduler [None req-8819311b-8ffc-4226-82a5-01eb329afdea 547ab3bab5a642dcb5abb81fe3a93ac6 726fbfb5bb8a413aa8dbdb7d55e63ba5 - - default default] No more DHCP agents
2026-06-26 04:48:56.228 10 WARNING neutron.api.rpc.agentnotifiers.dhcp_rpc_agent_api [None req-8819311b-8ffc-4226-82a5-01eb329afdea 547ab3bab5a642dcb5abb81fe3a93ac6 726fbfb5bb8a413aa8dbdb7d55e63ba5 - - default default] Unable to schedule network 739fe71c-09cf-4e58-a4be-cd6e510c56f5: no agents available; will retry on subsequent port and subnet creation events.
2026-06-26 04:48:56.254 10 INFO neutron.db.ovn_revision_numbers_db [None req-8819311b-8ffc-4226-82a5-01eb329afdea 547ab3bab5a642dcb5abb81fe3a93ac6 726fbfb5bb8a413aa8dbdb7d55e63ba5 - - default default] Successfully bumped revision number for resource 53117af2-66af-44ae-b2c7-bd4605f2ade4 (type: subnets) to 0
2026-06-26 04:48:56.267 10 INFO neutron.api.wsgi [None req-8819311b-8ffc-4226-82a5-01eb329afdea 547ab3bab5a642dcb5abb81fe3a93ac6 726fbfb5bb8a413aa8dbdb7d55e63ba5 - - default default] 10.0.0.160 "POST /v2.0/subnets HTTP/1.1" status: 201 len: 845 time: 0.2747805
