2026-07-09 02:33:05.071 10 INFO neutron.wsgi [None req-6208ea00-f55e-41b4-8608-81123378b714 4dcd969ec89f4affb9803efc5fa05c2a 60215a54b14b44d280a19070bdbc0c47 - - default default] 10.0.0.34 "GET /v2.0/network-ip-availabilities HTTP/1.1" status: 200 len: 1280 time: 0.0101984
2026-07-09 02:33:11.889 9 INFO neutron.wsgi [-] 10.0.0.36 "GET / HTTP/1.1" status: 200 len: 247 time: 0.0022748
2026-07-09 02:33:11.893 9 INFO neutron.wsgi [-] 10.0.0.36 "GET / HTTP/1.1" status: 200 len: 247 time: 0.0021095
2026-07-09 02:33:26.890 9 INFO neutron.wsgi [-] 10.0.0.36 "GET / HTTP/1.1" status: 200 len: 247 time: 0.0024891
2026-07-09 02:33:26.890 10 INFO neutron.wsgi [-] 10.0.0.36 "GET / HTTP/1.1" status: 200 len: 247 time: 0.0024796
2026-07-09 02:33:41.889 10 INFO neutron.wsgi [-] 10.0.0.36 "GET / HTTP/1.1" status: 200 len: 247 time: 0.0023715
2026-07-09 02:33:41.894 10 INFO neutron.wsgi [-] 10.0.0.36 "GET / HTTP/1.1" status: 200 len: 247 time: 0.0035639
2026-07-09 02:33:56.889 10 INFO neutron.wsgi [-] 10.0.0.36 "GET / HTTP/1.1" status: 200 len: 247 time: 0.0012391
2026-07-09 02:33:56.890 10 INFO neutron.wsgi [-] 10.0.0.36 "GET / HTTP/1.1" status: 200 len: 247 time: 0.0008833
2026-07-09 02:34:04.724 10 INFO neutron.wsgi [None req-32303e8f-1eec-4680-9911-7cf1017a07d0 4dcd969ec89f4affb9803efc5fa05c2a 60215a54b14b44d280a19070bdbc0c47 - - default default] 10.0.0.34 "GET /v2.0/agents HTTP/1.1" status: 200 len: 997 time: 0.1433368
2026-07-09 02:34:04.759 10 INFO neutron.wsgi [None req-13fd2a3e-6547-4235-b01f-e32084b8841a 4dcd969ec89f4affb9803efc5fa05c2a 60215a54b14b44d280a19070bdbc0c47 - - default default] 10.0.0.34 "GET /v2.0/subnets HTTP/1.1" status: 200 len: 1437 time: 0.0336926
2026-07-09 02:34:04.768 10 INFO neutron.wsgi [None req-1d49a6f3-dc0a-4ee8-944c-4edfd619df8e 4dcd969ec89f4affb9803efc5fa05c2a 60215a54b14b44d280a19070bdbc0c47 - - default default] 10.0.0.34 "GET /v2.0/subnetpools HTTP/1.1" status: 200 len: 193 time: 0.0081878
2026-07-09 02:34:04.797 10 INFO neutron.wsgi [None req-a335f365-3c6e-4df5-b14c-4ae766570fde 4dcd969ec89f4affb9803efc5fa05c2a 60215a54b14b44d280a19070bdbc0c47 - - default default] 10.0.0.34 "GET /v2.0/routers HTTP/1.1" status: 200 len: 189 time: 0.0284207
2026-07-09 02:34:04.807 10 INFO neutron.wsgi [None req-5235ea2e-0d10-436e-8398-30bce256c067 4dcd969ec89f4affb9803efc5fa05c2a 60215a54b14b44d280a19070bdbc0c47 - - default default] 10.0.0.34 "GET /v2.0/agents?binary=ovn-controller HTTP/1.1" status: 200 len: 591 time: 0.0088332
2026-07-09 02:34:04.820 10 INFO neutron.wsgi [None req-3a012605-4f2d-4dce-b1aa-57fb171bf7a9 4dcd969ec89f4affb9803efc5fa05c2a 60215a54b14b44d280a19070bdbc0c47 - - default default] 10.0.0.34 "GET /v2.0/network-ip-availabilities HTTP/1.1" status: 200 len: 1280 time: 0.0124714
2026-07-09 02:34:04.866 10 INFO neutron.wsgi [None req-46e16ed1-5506-4b80-9b19-3849c3a51948 4dcd969ec89f4affb9803efc5fa05c2a 60215a54b14b44d280a19070bdbc0c47 - - default default] 10.0.0.34 "GET /v2.0/security-groups HTTP/1.1" status: 200 len: 16803 time: 0.0443423
2026-07-09 02:34:04.919 10 INFO neutron.wsgi [None req-71f43964-731c-48a2-b20c-55187653ca97 4dcd969ec89f4affb9803efc5fa05c2a 60215a54b14b44d280a19070bdbc0c47 - - default default] 10.0.0.34 "GET /v2.0/ports HTTP/1.1" status: 200 len: 5351 time: 0.0452638
2026-07-09 02:34:04.951 10 INFO neutron.wsgi [None req-f850c5e4-11e7-4b88-a41c-76d950dbd79c 4dcd969ec89f4affb9803efc5fa05c2a 60215a54b14b44d280a19070bdbc0c47 - - default default] 10.0.0.34 "GET /v2.0/floatingips HTTP/1.1" status: 200 len: 193 time: 0.0255535
2026-07-09 02:34:04.991 10 INFO neutron.wsgi [None req-24d59b4c-35fb-436b-bb4d-51a0432a2cd2 4dcd969ec89f4affb9803efc5fa05c2a 60215a54b14b44d280a19070bdbc0c47 - - default default] 10.0.0.34 "GET /v2.0/subnets HTTP/1.1" status: 200 len: 1437 time: 0.0384161
2026-07-09 02:34:05.060 10 INFO neutron.wsgi [None req-82c11fb7-a009-4bea-affc-4cd8de5de096 4dcd969ec89f4affb9803efc5fa05c2a 60215a54b14b44d280a19070bdbc0c47 - - default default] 10.0.0.34 "GET /v2.0/networks HTTP/1.1" status: 200 len: 2350 time: 0.0678217
2026-07-09 02:34:11.888 9 INFO neutron.wsgi [-] 10.0.0.36 "GET / HTTP/1.1" status: 200 len: 247 time: 0.0015368
2026-07-09 02:34:11.889 10 INFO neutron.wsgi [-] 10.0.0.36 "GET / HTTP/1.1" status: 200 len: 247 time: 0.0023932
2026-07-09 02:34:26.891 9 INFO neutron.wsgi [-] 10.0.0.36 "GET / HTTP/1.1" status: 200 len: 247 time: 0.0031738
2026-07-09 02:34:26.892 10 INFO neutron.wsgi [-] 10.0.0.36 "GET / HTTP/1.1" status: 200 len: 247 time: 0.0040169
2026-07-09 02:34:41.891 9 INFO neutron.wsgi [-] 10.0.0.36 "GET / HTTP/1.1" status: 200 len: 247 time: 0.0036249
2026-07-09 02:34:41.892 10 INFO neutron.wsgi [-] 10.0.0.36 "GET / HTTP/1.1" status: 200 len: 247 time: 0.0047235
2026-07-09 02:34:56.890 9 INFO neutron.wsgi [-] 10.0.0.36 "GET / HTTP/1.1" status: 200 len: 247 time: 0.0025792
2026-07-09 02:34:56.893 9 INFO neutron.wsgi [-] 10.0.0.36 "GET / HTTP/1.1" status: 200 len: 247 time: 0.0019264
2026-07-09 02:35:04.835 10 INFO neutron.wsgi [None req-9b5584ac-451d-4ca6-a5f7-1cb0d49da134 4dcd969ec89f4affb9803efc5fa05c2a 60215a54b14b44d280a19070bdbc0c47 - - default default] 10.0.0.34 "GET /v2.0/networks HTTP/1.1" status: 200 len: 2350 time: 0.2229273
2026-07-09 02:35:04.889 10 INFO neutron.wsgi [None req-1b259438-99c7-446d-bcdc-f6e885f182cf 4dcd969ec89f4affb9803efc5fa05c2a 60215a54b14b44d280a19070bdbc0c47 - - default default] 10.0.0.34 "GET /v2.0/security-groups HTTP/1.1" status: 200 len: 16803 time: 0.0515642
2026-07-09 02:35:04.925 10 INFO neutron.wsgi [None req-f48e2684-3375-410f-b3a5-1ad8a44ed148 4dcd969ec89f4affb9803efc5fa05c2a 60215a54b14b44d280a19070bdbc0c47 - - default default] 10.0.0.34 "GET /v2.0/subnets HTTP/1.1" status: 200 len: 1437 time: 0.0308604
2026-07-09 02:35:04.948 10 INFO neutron.wsgi [None req-979cd0ef-5ab1-475f-94b7-97744a6aabed 4dcd969ec89f4affb9803efc5fa05c2a 60215a54b14b44d280a19070bdbc0c47 - - default default] 10.0.0.34 "GET /v2.0/routers HTTP/1.1" status: 200 len: 189 time: 0.0217369
2026-07-09 02:35:04.981 10 INFO neutron.wsgi [None req-e74fb8cb-4be0-4a36-b993-e8821e05adb2 4dcd969ec89f4affb9803efc5fa05c2a 60215a54b14b44d280a19070bdbc0c47 - - default default] 10.0.0.34 "GET /v2.0/agents?binary=ovn-controller HTTP/1.1" status: 200 len: 591 time: 0.0328283
2026-07-09 02:35:04.997 10 INFO neutron.wsgi [None req-535a68ab-d9d8-4dde-bc9b-48699e3c1a50 4dcd969ec89f4affb9803efc5fa05c2a 60215a54b14b44d280a19070bdbc0c47 - - default default] 10.0.0.34 "GET /v2.0/agents HTTP/1.1" status: 200 len: 997 time: 0.0127623
2026-07-09 02:35:05.013 10 INFO neutron.wsgi [None req-73eca685-a410-48db-b7de-fee1682eba19 4dcd969ec89f4affb9803efc5fa05c2a 60215a54b14b44d280a19070bdbc0c47 - - default default] 10.0.0.34 "GET /v2.0/floatingips HTTP/1.1" status: 200 len: 193 time: 0.0152457
2026-07-09 02:35:05.043 10 INFO neutron.wsgi [None req-256fa2f0-5cdd-4af6-ae7d-c53e5cc5ac96 4dcd969ec89f4affb9803efc5fa05c2a 60215a54b14b44d280a19070bdbc0c47 - - default default] 10.0.0.34 "GET /v2.0/subnets HTTP/1.1" status: 200 len: 1437 time: 0.0292792
2026-07-09 02:35:05.056 10 INFO neutron.wsgi [None req-3ce22d17-e11c-4857-b833-a03c9f8e5e00 4dcd969ec89f4affb9803efc5fa05c2a 60215a54b14b44d280a19070bdbc0c47 - - default default] 10.0.0.34 "GET /v2.0/subnetpools HTTP/1.1" status: 200 len: 193 time: 0.0112591
2026-07-09 02:35:05.105 10 INFO neutron.wsgi [None req-a2f55e3f-6b42-4e7f-bd89-3d486a09d4ce 4dcd969ec89f4affb9803efc5fa05c2a 60215a54b14b44d280a19070bdbc0c47 - - default default] 10.0.0.34 "GET /v2.0/ports HTTP/1.1" status: 200 len: 5351 time: 0.0483048
2026-07-09 02:35:05.120 10 INFO neutron.wsgi [None req-274be902-1aba-4664-89f8-3cb9832d77a0 4dcd969ec89f4affb9803efc5fa05c2a 60215a54b14b44d280a19070bdbc0c47 - - default default] 10.0.0.34 "GET /v2.0/network-ip-availabilities HTTP/1.1" status: 200 len: 1280 time: 0.0125875
2026-07-09 02:35:11.890 10 INFO neutron.wsgi [-] 10.0.0.36 "GET / HTTP/1.1" status: 200 len: 247 time: 0.0023451
2026-07-09 02:35:11.890 9 INFO neutron.wsgi [-] 10.0.0.36 "GET / HTTP/1.1" status: 200 len: 247 time: 0.0024433
2026-07-09 02:35:26.891 9 INFO neutron.wsgi [-] 10.0.0.36 "GET / HTTP/1.1" status: 200 len: 247 time: 0.0017500
2026-07-09 02:35:26.892 10 INFO neutron.wsgi [-] 10.0.0.36 "GET / HTTP/1.1" status: 200 len: 247 time: 0.0015883
2026-07-09 02:35:41.889 10 INFO neutron.wsgi [-] 10.0.0.36 "GET / HTTP/1.1" status: 200 len: 247 time: 0.0018058
2026-07-09 02:35:41.891 9 INFO neutron.wsgi [-] 10.0.0.36 "GET / HTTP/1.1" status: 200 len: 247 time: 0.0028934
2026-07-09 02:35:53.956 10 INFO neutron.pecan_wsgi.hooks.translation [None req-eff46cc7-6fc2-40af-a921-3d6096a2b2db 4dcd969ec89f4affb9803efc5fa05c2a 60215a54b14b44d280a19070bdbc0c47 - - default default] GET failed (client error): The resource could not be found.
2026-07-09 02:35:53.958 10 INFO neutron.wsgi [None req-eff46cc7-6fc2-40af-a921-3d6096a2b2db 4dcd969ec89f4affb9803efc5fa05c2a 60215a54b14b44d280a19070bdbc0c47 - - default default] 199.204.45.216,10.0.0.36 "GET /v2.0/networks/public HTTP/1.1" status: 404 len: 290 time: 0.0573688
2026-07-09 02:35:54.041 10 INFO neutron.wsgi [None req-99f916ab-4034-4398-8a4c-903e20c3e0da 4dcd969ec89f4affb9803efc5fa05c2a 60215a54b14b44d280a19070bdbc0c47 - - default default] 199.204.45.216,10.0.0.36 "GET /v2.0/networks?name=public HTTP/1.1" status: 200 len: 928 time: 0.0790734
2026-07-09 02:35:55.126 10 INFO neutron.pecan_wsgi.hooks.translation [None req-5a3a1b0f-475b-409c-917c-1f0d377cc2c5 4dcd969ec89f4affb9803efc5fa05c2a 60215a54b14b44d280a19070bdbc0c47 - - default default] GET failed (client error): The resource could not be found.
2026-07-09 02:35:55.129 10 INFO neutron.wsgi [None req-5a3a1b0f-475b-409c-917c-1f0d377cc2c5 4dcd969ec89f4affb9803efc5fa05c2a 60215a54b14b44d280a19070bdbc0c47 - - default default] 199.204.45.216,10.0.0.36 "GET /v2.0/networks/public HTTP/1.1" status: 404 len: 290 time: 0.0533228
2026-07-09 02:35:55.185 10 INFO neutron.wsgi [None req-9706f733-939e-43c9-b8bc-5b07b9ee0d38 4dcd969ec89f4affb9803efc5fa05c2a 60215a54b14b44d280a19070bdbc0c47 - - default default] 199.204.45.216,10.0.0.36 "GET /v2.0/networks?name=public HTTP/1.1" status: 200 len: 928 time: 0.0524077
2026-07-09 02:35:55.208 10 INFO neutron.pecan_wsgi.hooks.translation [None req-ec9910e1-5b81-47a2-a6d4-abd4df6c1cbb 4dcd969ec89f4affb9803efc5fa05c2a 60215a54b14b44d280a19070bdbc0c47 - - default default] GET failed (client error): The resource could not be found.
2026-07-09 02:35:55.210 10 INFO neutron.wsgi [None req-ec9910e1-5b81-47a2-a6d4-abd4df6c1cbb 4dcd969ec89f4affb9803efc5fa05c2a 60215a54b14b44d280a19070bdbc0c47 - - default default] 199.204.45.216,10.0.0.36 "GET /v2.0/subnets/public-subnet?network_id=d4f0c915-d572-4872-94cd-a547cb2e7357 HTTP/1.1" status: 404 len: 295 time: 0.0150645
2026-07-09 02:35:55.250 10 INFO neutron.wsgi [None req-e1416ee4-f926-4a0c-afe7-c3034c22c4f2 4dcd969ec89f4affb9803efc5fa05c2a 60215a54b14b44d280a19070bdbc0c47 - - default default] 199.204.45.216,10.0.0.36 "GET /v2.0/subnets?name=public-subnet&network_id=d4f0c915-d572-4872-94cd-a547cb2e7357 HTTP/1.1" status: 200 len: 819 time: 0.0381327
2026-07-09 02:35:56.889 9 INFO neutron.wsgi [-] 10.0.0.36 "GET / HTTP/1.1" status: 200 len: 247 time: 0.0023930
2026-07-09 02:35:56.890 10 INFO neutron.wsgi [-] 10.0.0.36 "GET / HTTP/1.1" status: 200 len: 247 time: 0.0030203
2026-07-09 02:36:04.715 10 INFO neutron.wsgi [None req-4e79dd1a-fc81-46a4-87ac-3eca139527fb 4dcd969ec89f4affb9803efc5fa05c2a 60215a54b14b44d280a19070bdbc0c47 - - default default] 10.0.0.34 "GET /v2.0/floatingips HTTP/1.1" status: 200 len: 193 time: 0.0598664
2026-07-09 02:36:04.765 10 INFO neutron.wsgi [None req-8df38d61-cc14-40c7-8d42-c50c982cedae 4dcd969ec89f4affb9803efc5fa05c2a 60215a54b14b44d280a19070bdbc0c47 - - default default] 10.0.0.34 "GET /v2.0/agents HTTP/1.1" status: 200 len: 997 time: 0.0484476
2026-07-09 02:36:04.785 10 INFO neutron.wsgi [None req-6718dcca-6957-41bd-aefc-7e74d06bbeca 4dcd969ec89f4affb9803efc5fa05c2a 60215a54b14b44d280a19070bdbc0c47 - - default default] 10.0.0.34 "GET /v2.0/routers HTTP/1.1" status: 200 len: 189 time: 0.0196440
2026-07-09 02:36:04.796 10 INFO neutron.wsgi [None req-d5783fe5-700e-4d00-b8bf-738a921be3a2 4dcd969ec89f4affb9803efc5fa05c2a 60215a54b14b44d280a19070bdbc0c47 - - default default] 10.0.0.34 "GET /v2.0/agents?binary=ovn-controller HTTP/1.1" status: 200 len: 591 time: 0.0095229
2026-07-09 02:36:04.864 10 INFO neutron.wsgi [None req-7309fa2d-d79f-4397-8546-34ec1bfe7bf8 4dcd969ec89f4affb9803efc5fa05c2a 60215a54b14b44d280a19070bdbc0c47 - - default default] 10.0.0.34 "GET /v2.0/networks HTTP/1.1" status: 200 len: 2350 time: 0.0662446
2026-07-09 02:36:04.914 10 INFO neutron.wsgi [None req-41c7425e-679f-4c5f-a1dc-c472548a0025 4dcd969ec89f4affb9803efc5fa05c2a 60215a54b14b44d280a19070bdbc0c47 - - default default] 10.0.0.34 "GET /v2.0/security-groups HTTP/1.1" status: 200 len: 16803 time: 0.0475035
2026-07-09 02:36:04.972 10 INFO neutron.wsgi [None req-4b7042be-b60b-44ce-9b7a-a2f11b731a5d 4dcd969ec89f4affb9803efc5fa05c2a 60215a54b14b44d280a19070bdbc0c47 - - default default] 10.0.0.34 "GET /v2.0/ports HTTP/1.1" status: 200 len: 5351 time: 0.0470181
2026-07-09 02:36:05.014 10 INFO neutron.wsgi [None req-deeaeb93-d01c-4dea-a8f8-c8e4d1ee0603 4dcd969ec89f4affb9803efc5fa05c2a 60215a54b14b44d280a19070bdbc0c47 - - default default] 10.0.0.34 "GET /v2.0/subnets HTTP/1.1" status: 200 len: 1437 time: 0.0396819
2026-07-09 02:36:05.029 10 INFO neutron.wsgi [None req-7e471867-29b7-4b15-bfd0-894ec544380c 4dcd969ec89f4affb9803efc5fa05c2a 60215a54b14b44d280a19070bdbc0c47 - - default default] 10.0.0.34 "GET /v2.0/network-ip-availabilities HTTP/1.1" status: 200 len: 1280 time: 0.0130272
2026-07-09 02:36:05.065 10 INFO neutron.wsgi [None req-466ecd16-ec42-4eca-adb5-607e1f08fe65 4dcd969ec89f4affb9803efc5fa05c2a 60215a54b14b44d280a19070bdbc0c47 - - default default] 10.0.0.34 "GET /v2.0/subnets HTTP/1.1" status: 200 len: 1437 time: 0.0353806
2026-07-09 02:36:05.077 10 INFO neutron.wsgi [None req-565f12ff-9e82-49fd-8c4e-7171dacfaf2f 4dcd969ec89f4affb9803efc5fa05c2a 60215a54b14b44d280a19070bdbc0c47 - - default default] 10.0.0.34 "GET /v2.0/subnetpools HTTP/1.1" status: 200 len: 193 time: 0.0102091
2026-07-09 02:36:11.889 9 INFO neutron.wsgi [-] 10.0.0.36 "GET / HTTP/1.1" status: 200 len: 247 time: 0.0015514
2026-07-09 02:36:11.891 9 INFO neutron.wsgi [-] 10.0.0.36 "GET / HTTP/1.1" status: 200 len: 247 time: 0.0012608
2026-07-09 02:36:26.890 10 INFO neutron.wsgi [-] 10.0.0.36 "GET / HTTP/1.1" status: 200 len: 247 time: 0.0024815
2026-07-09 02:36:26.890 9 INFO neutron.wsgi [-] 10.0.0.36 "GET / HTTP/1.1" status: 200 len: 247 time: 0.0022583
2026-07-09 02:36:27.711 10 INFO neutron.pecan_wsgi.hooks.translation [None req-58c16c37-5a73-44a1-9a64-a1412e9e420a 4dcd969ec89f4affb9803efc5fa05c2a 60215a54b14b44d280a19070bdbc0c47 - - default default] GET failed (client error): The resource could not be found.
2026-07-09 02:36:27.712 10 INFO neutron.wsgi [None req-58c16c37-5a73-44a1-9a64-a1412e9e420a 4dcd969ec89f4affb9803efc5fa05c2a 60215a54b14b44d280a19070bdbc0c47 - - default default] 199.204.45.216,10.0.0.36 "GET /v2.0/networks/lb-mgmt-net HTTP/1.1" status: 404 len: 295 time: 0.0684433
2026-07-09 02:36:27.772 10 INFO neutron.wsgi [None req-6335869d-5a6e-40f0-96d2-a00a8368a553 4dcd969ec89f4affb9803efc5fa05c2a 60215a54b14b44d280a19070bdbc0c47 - - default default] 199.204.45.216,10.0.0.36 "GET /v2.0/networks?name=lb-mgmt-net HTTP/1.1" status: 200 len: 913 time: 0.0558197
2026-07-09 02:36:28.744 10 INFO neutron.pecan_wsgi.hooks.translation [None req-9de1b1a8-3381-472f-ab70-509ed360c207 4dcd969ec89f4affb9803efc5fa05c2a 60215a54b14b44d280a19070bdbc0c47 - - default default] GET failed (client error): The resource could not be found.
2026-07-09 02:36:28.745 10 INFO neutron.wsgi [None req-9de1b1a8-3381-472f-ab70-509ed360c207 4dcd969ec89f4affb9803efc5fa05c2a 60215a54b14b44d280a19070bdbc0c47 - - default default] 199.204.45.216,10.0.0.36 "GET /v2.0/networks/lb-mgmt-net HTTP/1.1" status: 404 len: 295 time: 0.0619757
2026-07-09 02:36:28.819 10 INFO neutron.wsgi [None req-cf59336d-5450-4823-8b6a-ece09c6df329 4dcd969ec89f4affb9803efc5fa05c2a 60215a54b14b44d280a19070bdbc0c47 - - default default] 199.204.45.216,10.0.0.36 "GET /v2.0/networks?name=lb-mgmt-net HTTP/1.1" status: 200 len: 913 time: 0.0711782
2026-07-09 02:36:28.852 10 INFO neutron.pecan_wsgi.hooks.translation [None req-d1ad001c-f854-49b8-b8d5-0cbe6f3a8155 4dcd969ec89f4affb9803efc5fa05c2a 60215a54b14b44d280a19070bdbc0c47 - - default default] GET failed (client error): The resource could not be found.
2026-07-09 02:36:28.855 10 INFO neutron.wsgi [None req-d1ad001c-f854-49b8-b8d5-0cbe6f3a8155 4dcd969ec89f4affb9803efc5fa05c2a 60215a54b14b44d280a19070bdbc0c47 - - default default] 199.204.45.216,10.0.0.36 "GET /v2.0/subnets/lb-mgmt-subnet?network_id=31bb531d-2a14-4261-b02f-883a75037439 HTTP/1.1" status: 404 len: 296 time: 0.0265992
2026-07-09 02:36:28.893 10 INFO neutron.wsgi [None req-2ce205ef-67ee-44b4-85a6-0bf39d603e2c 4dcd969ec89f4affb9803efc5fa05c2a 60215a54b14b44d280a19070bdbc0c47 - - default default] 199.204.45.216,10.0.0.36 "GET /v2.0/subnets?name=lb-mgmt-subnet&network_id=31bb531d-2a14-4261-b02f-883a75037439 HTTP/1.1" status: 200 len: 805 time: 0.0354328
2026-07-09 02:36:29.901 10 INFO neutron.api.v2.resource [None req-a4a382f3-82cf-4afa-ae37-6e6e94109799 4dcd969ec89f4affb9803efc5fa05c2a 60215a54b14b44d280a19070bdbc0c47 - - default default] show failed (client error): The resource could not be found.
2026-07-09 02:36:29.902 10 INFO neutron.wsgi [None req-a4a382f3-82cf-4afa-ae37-6e6e94109799 4dcd969ec89f4affb9803efc5fa05c2a 60215a54b14b44d280a19070bdbc0c47 - - default default] 199.204.45.216,10.0.0.36 "GET /v2.0/security-groups/lb-health-mgr-sec-grp HTTP/1.1" status: 404 len: 313 time: 0.0482121
2026-07-09 02:36:29.950 10 INFO neutron.wsgi [None req-e186f33b-d010-49e4-bf31-24d09c177151 4dcd969ec89f4affb9803efc5fa05c2a 60215a54b14b44d280a19070bdbc0c47 - - default default] 199.204.45.216,10.0.0.36 "GET /v2.0/security-groups?name=lb-health-mgr-sec-grp HTTP/1.1" status: 200 len: 4649 time: 0.0434911
2026-07-09 02:36:31.108 9 INFO neutron.wsgi [None req-151d9f1d-8f20-4594-a107-ed1a6b8809e2 4dcd969ec89f4affb9803efc5fa05c2a 60215a54b14b44d280a19070bdbc0c47 - - default default] 199.204.45.216,10.0.0.36 "GET /v2.0/security-groups/f450c252-0801-45f7-baf6-2911fa82e9b0 HTTP/1.1" status: 200 len: 4646 time: 0.0777919
2026-07-09 02:36:31.194 9 INFO neutron.wsgi [None req-4722a09f-5cba-4bb1-89fc-ed11926f9afa 4dcd969ec89f4affb9803efc5fa05c2a 60215a54b14b44d280a19070bdbc0c47 - - default default] 199.204.45.216,10.0.0.36 "GET /v2.0/security-groups/f450c252-0801-45f7-baf6-2911fa82e9b0 HTTP/1.1" status: 200 len: 4646 time: 0.0789838
2026-07-09 02:36:31.221 9 INFO neutron.wsgi [None req-69fc87b2-cdbc-42da-b5fa-88857a3c5aa3 4dcd969ec89f4affb9803efc5fa05c2a 60215a54b14b44d280a19070bdbc0c47 - - default default] 199.204.45.216,10.0.0.36 "GET /v2.0/security-group-rules/242b8972-dc0e-4832-80fd-482d2ffec0ec HTTP/1.1" status: 200 len: 744 time: 0.0180893
2026-07-09 02:36:32.208 10 INFO neutron.wsgi [None req-75b74658-c468-4156-aa53-841cd7a49f02 4dcd969ec89f4affb9803efc5fa05c2a 60215a54b14b44d280a19070bdbc0c47 - - default default] 199.204.45.216,10.0.0.36 "GET /v2.0/security-groups/f450c252-0801-45f7-baf6-2911fa82e9b0 HTTP/1.1" status: 200 len: 4646 time: 0.1410961
2026-07-09 02:36:32.264 10 INFO neutron.wsgi [None req-f45daeea-1595-4804-a908-32f29d38d3ce 4dcd969ec89f4affb9803efc5fa05c2a 60215a54b14b44d280a19070bdbc0c47 - - default default] 199.204.45.216,10.0.0.36 "GET /v2.0/security-groups/f450c252-0801-45f7-baf6-2911fa82e9b0 HTTP/1.1" status: 200 len: 4646 time: 0.0504642
2026-07-09 02:36:32.292 10 INFO neutron.wsgi [None req-8ff8b952-8167-4aaa-b0be-fa64c21c8c8e 4dcd969ec89f4affb9803efc5fa05c2a 60215a54b14b44d280a19070bdbc0c47 - - default default] 199.204.45.216,10.0.0.36 "GET /v2.0/security-group-rules/e7ec9e63-f187-4bc3-8faa-90c5766bb5d4 HTTP/1.1" status: 200 len: 746 time: 0.0190773
2026-07-09 02:36:33.211 9 INFO neutron.wsgi [None req-92a4641f-9705-41b0-8435-86be5d946a59 4dcd969ec89f4affb9803efc5fa05c2a 60215a54b14b44d280a19070bdbc0c47 - - default default] 199.204.45.216,10.0.0.36 "GET /v2.0/security-groups/f450c252-0801-45f7-baf6-2911fa82e9b0 HTTP/1.1" status: 200 len: 4646 time: 0.0696287
2026-07-09 02:36:33.244 9 INFO neutron.wsgi [None req-ed37274a-dd6e-41a6-9ea8-8679ac6f4fe6 4dcd969ec89f4affb9803efc5fa05c2a 60215a54b14b44d280a19070bdbc0c47 - - default default] 199.204.45.216,10.0.0.36 "GET /v2.0/security-groups/f450c252-0801-45f7-baf6-2911fa82e9b0 HTTP/1.1" status: 200 len: 4646 time: 0.0257919
2026-07-09 02:36:33.265 9 INFO neutron.wsgi [None req-16202c66-5235-4845-8e34-fab8e8d1040b 4dcd969ec89f4affb9803efc5fa05c2a 60215a54b14b44d280a19070bdbc0c47 - - default default] 199.204.45.216,10.0.0.36 "GET /v2.0/security-group-rules/7eeb42d9-b79f-4bd5-930b-152e4ac1a5f1 HTTP/1.1" status: 200 len: 746 time: 0.0127604
2026-07-09 02:36:34.176 10 INFO neutron.wsgi [None req-13460463-4813-4aef-bc39-8532aa0dcbb7 4dcd969ec89f4affb9803efc5fa05c2a 60215a54b14b44d280a19070bdbc0c47 - - default default] 199.204.45.216,10.0.0.36 "GET /v2.0/security-groups/f450c252-0801-45f7-baf6-2911fa82e9b0 HTTP/1.1" status: 200 len: 4646 time: 0.0652328
2026-07-09 02:36:34.215 10 INFO neutron.wsgi [None req-3c23e398-a955-40a4-862d-b1f8a9c8737e 4dcd969ec89f4affb9803efc5fa05c2a 60215a54b14b44d280a19070bdbc0c47 - - default default] 199.204.45.216,10.0.0.36 "GET /v2.0/security-groups/f450c252-0801-45f7-baf6-2911fa82e9b0 HTTP/1.1" status: 200 len: 4646 time: 0.0306437
2026-07-09 02:36:34.239 10 INFO neutron.wsgi [None req-240516e3-3a0a-479a-967f-4cf75bd8850c 4dcd969ec89f4affb9803efc5fa05c2a 60215a54b14b44d280a19070bdbc0c47 - - default default] 199.204.45.216,10.0.0.36 "GET /v2.0/security-group-rules/4b04e362-0e2d-4bcf-8ed0-9d01caac84c3 HTTP/1.1" status: 200 len: 746 time: 0.0160239
2026-07-09 02:36:35.134 10 INFO neutron.wsgi [None req-8089c54e-19c8-48b8-9d25-5102109f5cbd 4dcd969ec89f4affb9803efc5fa05c2a 60215a54b14b44d280a19070bdbc0c47 - - default default] 199.204.45.216,10.0.0.36 "GET /v2.0/security-groups/f450c252-0801-45f7-baf6-2911fa82e9b0 HTTP/1.1" status: 200 len: 4646 time: 0.0675766
2026-07-09 02:36:35.170 10 INFO neutron.wsgi [None req-cfd3f199-df98-4f43-944e-5922a0550562 4dcd969ec89f4affb9803efc5fa05c2a 60215a54b14b44d280a19070bdbc0c47 - - default default] 199.204.45.216,10.0.0.36 "GET /v2.0/security-groups/f450c252-0801-45f7-baf6-2911fa82e9b0 HTTP/1.1" status: 200 len: 4646 time: 0.0281925
2026-07-09 02:36:35.190 10 INFO neutron.wsgi [None req-a5fc02cc-69b7-4b8b-8061-2383f96d46f4 4dcd969ec89f4affb9803efc5fa05c2a 60215a54b14b44d280a19070bdbc0c47 - - default default] 199.204.45.216,10.0.0.36 "GET /v2.0/security-group-rules/3f132bae-ec63-46d3-9f07-0c47b8ec2e4b HTTP/1.1" status: 200 len: 746 time: 0.0130723
2026-07-09 02:36:36.513 9 INFO neutron.wsgi [None req-6fa8a1d5-444b-42a0-9fa9-11b59a527684 4dcd969ec89f4affb9803efc5fa05c2a 60215a54b14b44d280a19070bdbc0c47 - - default default] 199.204.45.216,10.0.0.36 "GET /v2.0/networks/31bb531d-2a14-4261-b02f-883a75037439 HTTP/1.1" status: 200 len: 910 time: 0.1170940
2026-07-09 02:36:36.542 9 INFO neutron.pecan_wsgi.hooks.translation [None req-f371f60d-34e9-4e4d-87d7-6d521816372a 4dcd969ec89f4affb9803efc5fa05c2a 60215a54b14b44d280a19070bdbc0c47 - - default default] GET failed (client error): The resource could not be found.
2026-07-09 02:36:36.543 9 INFO neutron.wsgi [None req-f371f60d-34e9-4e4d-87d7-6d521816372a 4dcd969ec89f4affb9803efc5fa05c2a 60215a54b14b44d280a19070bdbc0c47 - - default default] 199.204.45.216,10.0.0.36 "GET /v2.0/ports/octavia-health-manager-port-instance?network_id=31bb531d-2a14-4261-b02f-883a75037439 HTTP/1.1" status: 404 len: 314 time: 0.0230367
2026-07-09 02:36:36.588 9 INFO neutron.wsgi [None req-644c1517-c6ed-4981-a04e-4fbea35ed505 4dcd969ec89f4affb9803efc5fa05c2a 60215a54b14b44d280a19070bdbc0c47 - - default default] 199.204.45.216,10.0.0.36 "GET /v2.0/ports?name=octavia-health-manager-port-instance&network_id=31bb531d-2a14-4261-b02f-883a75037439 HTTP/1.1" status: 200 len: 1399 time: 0.0406721
2026-07-09 02:36:36.628 9 INFO neutron.wsgi [None req-315bd6f0-c7d0-4ae8-8c92-0ffaa63b6de0 4dcd969ec89f4affb9803efc5fa05c2a 60215a54b14b44d280a19070bdbc0c47 - - default default] 199.204.45.216,10.0.0.36 "GET /v2.0/security-groups/f450c252-0801-45f7-baf6-2911fa82e9b0 HTTP/1.1" status: 200 len: 4646 time: 0.0323889
2026-07-09 02:36:41.894 9 INFO neutron.wsgi [-] 10.0.0.36 "GET / HTTP/1.1" status: 200 len: 247 time: 0.0070419
2026-07-09 02:36:41.899 9 INFO neutron.wsgi [-] 10.0.0.36 "GET / HTTP/1.1" status: 200 len: 247 time: 0.0040841
2026-07-09 02:36:42.682 10 INFO neutron.pecan_wsgi.hooks.translation [None req-c432b37c-6a7a-493f-b037-c6d5c0240f89 4dcd969ec89f4affb9803efc5fa05c2a 60215a54b14b44d280a19070bdbc0c47 - - default default] GET failed (client error): The resource could not be found.
2026-07-09 02:36:42.683 10 INFO neutron.wsgi [None req-c432b37c-6a7a-493f-b037-c6d5c0240f89 4dcd969ec89f4affb9803efc5fa05c2a 60215a54b14b44d280a19070bdbc0c47 - - default default] 199.204.45.216,10.0.0.36 "GET /v2.0/ports/octavia-health-manager-port-instance HTTP/1.1" status: 404 len: 314 time: 0.0604844
2026-07-09 02:36:42.719 10 INFO neutron.wsgi [None req-e4e17452-3268-4f57-85b6-1685bac1b9b2 4dcd969ec89f4affb9803efc5fa05c2a 60215a54b14b44d280a19070bdbc0c47 - - default default] 199.204.45.216,10.0.0.36 "GET /v2.0/ports?name=octavia-health-manager-port-instance HTTP/1.1" status: 200 len: 1399 time: 0.0315754
2026-07-09 02:36:44.232 10 INFO neutron.wsgi [None req-3defc061-7bb8-4e95-982c-7284e3629795 4dcd969ec89f4affb9803efc5fa05c2a 60215a54b14b44d280a19070bdbc0c47 - - default default] 199.204.45.216,10.0.0.36 "GET /v2.0/ports HTTP/1.1" status: 200 len: 5351 time: 0.0907173
2026-07-09 02:36:45.318 9 INFO neutron.api.v2.resource [None req-b39aa6ab-3ea8-4f63-b955-975c94df7679 4dcd969ec89f4affb9803efc5fa05c2a 60215a54b14b44d280a19070bdbc0c47 - - default default] show failed (client error): The resource could not be found.
2026-07-09 02:36:45.319 9 INFO neutron.wsgi [None req-b39aa6ab-3ea8-4f63-b955-975c94df7679 4dcd969ec89f4affb9803efc5fa05c2a 60215a54b14b44d280a19070bdbc0c47 - - default default] 199.204.45.216,10.0.0.36 "GET /v2.0/security-groups/lb-mgmt-sec-grp HTTP/1.1" status: 404 len: 307 time: 0.0500939
2026-07-09 02:36:45.356 9 INFO neutron.wsgi [None req-26149c4b-1160-4f3b-ba6f-310196618134 4dcd969ec89f4affb9803efc5fa05c2a 60215a54b14b44d280a19070bdbc0c47 - - default default] 199.204.45.216,10.0.0.36 "GET /v2.0/security-groups?name=lb-mgmt-sec-grp HTTP/1.1" status: 200 len: 2937 time: 0.0324702
2026-07-09 02:36:46.461 9 INFO neutron.wsgi [None req-aa5ae5ba-60c8-4112-a9a7-2349788fc3bf 4dcd969ec89f4affb9803efc5fa05c2a 60215a54b14b44d280a19070bdbc0c47 - - default default] 199.204.45.216,10.0.0.36 "GET /v2.0/security-groups/1b722d68-0e21-498c-becf-d58037e5c897 HTTP/1.1" status: 200 len: 2934 time: 0.0660887
2026-07-09 02:36:46.498 9 INFO neutron.wsgi [None req-beeab5b6-4a27-42aa-8f01-0bbf2195e27b 4dcd969ec89f4affb9803efc5fa05c2a 60215a54b14b44d280a19070bdbc0c47 - - default default] 199.204.45.216,10.0.0.36 "GET /v2.0/security-groups/1b722d68-0e21-498c-becf-d58037e5c897 HTTP/1.1" status: 200 len: 2934 time: 0.0321710
2026-07-09 02:36:46.524 9 INFO neutron.wsgi [None req-e998ed59-9913-47ba-b66f-d9ae4f250fc7 4dcd969ec89f4affb9803efc5fa05c2a 60215a54b14b44d280a19070bdbc0c47 - - default default] 199.204.45.216,10.0.0.36 "GET /v2.0/security-group-rules/a4fd89d3-2e8d-42b5-923e-beb9928819cd HTTP/1.1" status: 200 len: 766 time: 0.0181403
2026-07-09 02:36:47.407 9 INFO neutron.wsgi [None req-bb76ab12-824a-435f-a79b-8fd83d240729 4dcd969ec89f4affb9803efc5fa05c2a 60215a54b14b44d280a19070bdbc0c47 - - default default] 199.204.45.216,10.0.0.36 "GET /v2.0/security-groups/1b722d68-0e21-498c-becf-d58037e5c897 HTTP/1.1" status: 200 len: 2934 time: 0.0683639
2026-07-09 02:36:47.442 9 INFO neutron.wsgi [None req-147442a5-df9e-42dd-865c-ed3be8901062 4dcd969ec89f4affb9803efc5fa05c2a 60215a54b14b44d280a19070bdbc0c47 - - default default] 199.204.45.216,10.0.0.36 "GET /v2.0/security-groups/1b722d68-0e21-498c-becf-d58037e5c897 HTTP/1.1" status: 200 len: 2934 time: 0.0284967
2026-07-09 02:36:47.473 9 INFO neutron.wsgi [None req-a0c6d65d-6889-4008-9804-162d2ab7cbdd 4dcd969ec89f4affb9803efc5fa05c2a 60215a54b14b44d280a19070bdbc0c47 - - default default] 199.204.45.216,10.0.0.36 "GET /v2.0/security-group-rules/3c398219-644c-4459-927e-87bac172b220 HTTP/1.1" status: 200 len: 770 time: 0.0221052
2026-07-09 02:36:56.889 9 INFO neutron.wsgi [-] 10.0.0.36 "GET / HTTP/1.1" status: 200 len: 247 time: 0.0024540
2026-07-09 02:36:56.890 10 INFO neutron.wsgi [-] 10.0.0.36 "GET / HTTP/1.1" status: 200 len: 247 time: 0.0024869
2026-07-09 02:36:59.804 10 INFO neutron.wsgi [None req-258b0694-29ce-46af-951b-7c3c87722fa6 4dcd969ec89f4affb9803efc5fa05c2a 60215a54b14b44d280a19070bdbc0c47 - - default default] 199.204.45.216,10.0.0.36 "GET /v2.0/quotas/60215a54b14b44d280a19070bdbc0c47 HTTP/1.1" status: 200 len: 361 time: 0.0123727
2026-07-09 02:37:04.650 10 INFO neutron.wsgi [None req-f654cf51-0496-46f3-bbd9-fcee714a5d76 4dcd969ec89f4affb9803efc5fa05c2a 60215a54b14b44d280a19070bdbc0c47 - - default default] 10.0.0.34 "GET /v2.0/security-groups HTTP/1.1" status: 200 len: 16803 time: 0.0847697
2026-07-09 02:37:04.697 10 INFO neutron.wsgi [None req-ca6aa971-800e-488f-9e77-51797a2f5cb0 4dcd969ec89f4affb9803efc5fa05c2a 60215a54b14b44d280a19070bdbc0c47 - - default default] 10.0.0.34 "GET /v2.0/ports HTTP/1.1" status: 200 len: 5351 time: 0.0409667
2026-07-09 02:37:04.718 10 INFO neutron.wsgi [None req-79b2ff9f-b005-40fe-9ac3-3fc2efb2626e 4dcd969ec89f4affb9803efc5fa05c2a 60215a54b14b44d280a19070bdbc0c47 - - default default] 10.0.0.34 "GET /v2.0/routers HTTP/1.1" status: 200 len: 189 time: 0.0172625
2026-07-09 02:37:04.753 10 INFO neutron.wsgi [None req-34ada48e-fa76-48c3-9336-33a0c115a22c 4dcd969ec89f4affb9803efc5fa05c2a 60215a54b14b44d280a19070bdbc0c47 - - default default] 10.0.0.34 "GET /v2.0/agents?binary=ovn-controller HTTP/1.1" status: 200 len: 591 time: 0.0341229
2026-07-09 02:37:04.770 10 INFO neutron.wsgi [None req-28b6f10b-7c60-4fcb-9dd3-124621fe0a4c 4dcd969ec89f4affb9803efc5fa05c2a 60215a54b14b44d280a19070bdbc0c47 - - default default] 10.0.0.34 "GET /v2.0/floatingips HTTP/1.1" status: 200 len: 193 time: 0.0162098
2026-07-09 02:37:04.827 10 INFO neutron.wsgi [None req-b31ab41b-589f-4b58-b607-85988368903f 4dcd969ec89f4affb9803efc5fa05c2a 60215a54b14b44d280a19070bdbc0c47 - - default default] 10.0.0.34 "GET /v2.0/networks HTTP/1.1" status: 200 len: 2350 time: 0.0559301
2026-07-09 02:37:04.841 10 INFO neutron.wsgi [None req-d713b0a5-f167-41f4-9464-12de26e34719 4dcd969ec89f4affb9803efc5fa05c2a 60215a54b14b44d280a19070bdbc0c47 - - default default] 10.0.0.34 "GET /v2.0/agents HTTP/1.1" status: 200 len: 997 time: 0.0128181
2026-07-09 02:37:04.928 10 INFO neutron.wsgi [None req-5b0957c6-0d4b-4e03-b5c5-78dcfba0bd42 4dcd969ec89f4affb9803efc5fa05c2a 60215a54b14b44d280a19070bdbc0c47 - - default default] 10.0.0.34 "GET /v2.0/subnets HTTP/1.1" status: 200 len: 1437 time: 0.0861523
2026-07-09 02:37:04.937 10 INFO neutron.wsgi [None req-ccfdd602-d4ea-4994-ad86-dac77cd6e4ff 4dcd969ec89f4affb9803efc5fa05c2a 60215a54b14b44d280a19070bdbc0c47 - - default default] 10.0.0.34 "GET /v2.0/subnetpools HTTP/1.1" status: 200 len: 193 time: 0.0074136
2026-07-09 02:37:04.947 10 INFO neutron.wsgi [None req-edf4ac0b-fa1d-4d09-9fa1-4c1cb5b4ffaa 4dcd969ec89f4affb9803efc5fa05c2a 60215a54b14b44d280a19070bdbc0c47 - - default default] 10.0.0.34 "GET /v2.0/network-ip-availabilities HTTP/1.1" status: 200 len: 1280 time: 0.0093701
2026-07-09 02:37:04.977 10 INFO neutron.wsgi [None req-dc9b588c-237b-4875-a143-85038101b6a8 4dcd969ec89f4affb9803efc5fa05c2a 60215a54b14b44d280a19070bdbc0c47 - - default default] 10.0.0.34 "GET /v2.0/subnets HTTP/1.1" status: 200 len: 1437 time: 0.0287271
2026-07-09 02:37:11.890 9 INFO neutron.wsgi [-] 10.0.0.36 "GET / HTTP/1.1" status: 200 len: 247 time: 0.0022724
2026-07-09 02:37:11.891 10 INFO neutron.wsgi [-] 10.0.0.36 "GET / HTTP/1.1" status: 200 len: 247 time: 0.0029278
2026-07-09 02:37:26.889 9 INFO neutron.wsgi [-] 10.0.0.36 "GET / HTTP/1.1" status: 200 len: 247 time: 0.0023096
2026-07-09 02:37:26.890 10 INFO neutron.wsgi [-] 10.0.0.36 "GET / HTTP/1.1" status: 200 len: 247 time: 0.0023940
2026-07-09 02:37:41.890 9 INFO neutron.wsgi [-] 10.0.0.36 "GET / HTTP/1.1" status: 200 len: 247 time: 0.0022600
2026-07-09 02:37:41.890 10 INFO neutron.wsgi [-] 10.0.0.36 "GET / HTTP/1.1" status: 200 len: 247 time: 0.0021505
2026-07-09 02:37:50.973 10 INFO neutron.api.v2.resource [None req-0e346db6-864f-48d3-bc76-34fa0156354f 4dcd969ec89f4affb9803efc5fa05c2a 60215a54b14b44d280a19070bdbc0c47 - - default default] show failed (client error): The resource could not be found.
2026-07-09 02:37:50.974 10 INFO neutron.wsgi [None req-0e346db6-864f-48d3-bc76-34fa0156354f 4dcd969ec89f4affb9803efc5fa05c2a 60215a54b14b44d280a19070bdbc0c47 - - default default] 199.204.45.216,10.0.0.36 "GET /v2.0/security-groups/manila-service-security-group?project_id=58a85cb0b2104e4cae5e58bc426277c4 HTTP/1.1" status: 404 len: 321 time: 0.0537076
2026-07-09 02:37:51.014 10 INFO neutron.wsgi [None req-cafd4e1c-6e07-4bae-874b-188601cdb898 4dcd969ec89f4affb9803efc5fa05c2a 60215a54b14b44d280a19070bdbc0c47 - - default default] 199.204.45.216,10.0.0.36 "GET /v2.0/security-groups?name=manila-service-security-group&project_id=58a85cb0b2104e4cae5e58bc426277c4 HTTP/1.1" status: 200 len: 4062 time: 0.0361600
2026-07-09 02:37:52.080 10 INFO neutron.wsgi [None req-f4adc933-ab8b-49a4-976e-ec566bfde0e2 4dcd969ec89f4affb9803efc5fa05c2a 60215a54b14b44d280a19070bdbc0c47 - - default default] 199.204.45.216,10.0.0.36 "GET /v2.0/security-groups/c94d92ba-45a0-4df5-aa43-65657e52cabf?project_id=58a85cb0b2104e4cae5e58bc426277c4 HTTP/1.1" status: 200 len: 4059 time: 0.0725753
2026-07-09 02:37:52.126 10 INFO neutron.wsgi [None req-35b77980-9208-42d5-8e39-80cd9cac923f 4dcd969ec89f4affb9803efc5fa05c2a 60215a54b14b44d280a19070bdbc0c47 - - default default] 199.204.45.216,10.0.0.36 "GET /v2.0/security-groups/c94d92ba-45a0-4df5-aa43-65657e52cabf HTTP/1.1" status: 200 len: 4059 time: 0.0385554
2026-07-09 02:37:52.148 10 INFO neutron.wsgi [None req-7edbec6b-577c-4490-be56-cc5fbbc83984 4dcd969ec89f4affb9803efc5fa05c2a 60215a54b14b44d280a19070bdbc0c47 - - default default] 199.204.45.216,10.0.0.36 "GET /v2.0/security-group-rules/36f1de5e-c23b-4a88-8f1b-c0a551cbf50d HTTP/1.1" status: 200 len: 740 time: 0.0165162
2026-07-09 02:37:53.126 10 INFO neutron.wsgi [None req-28125003-a43e-4cb3-a40e-4f2bad6de225 4dcd969ec89f4affb9803efc5fa05c2a 60215a54b14b44d280a19070bdbc0c47 - - default default] 199.204.45.216,10.0.0.36 "GET /v2.0/security-groups/c94d92ba-45a0-4df5-aa43-65657e52cabf?project_id=58a85cb0b2104e4cae5e58bc426277c4 HTTP/1.1" status: 200 len: 4059 time: 0.0872173
2026-07-09 02:37:53.161 10 INFO neutron.wsgi [None req-637ada9b-4186-43b1-b7cc-37ffcf99f93b 4dcd969ec89f4affb9803efc5fa05c2a 60215a54b14b44d280a19070bdbc0c47 - - default default] 199.204.45.216,10.0.0.36 "GET /v2.0/security-groups/c94d92ba-45a0-4df5-aa43-65657e52cabf HTTP/1.1" status: 200 len: 4059 time: 0.0289302
2026-07-09 02:37:53.181 10 INFO neutron.wsgi [None req-e420ee14-0fb7-4226-aa0c-825119680e4a 4dcd969ec89f4affb9803efc5fa05c2a 60215a54b14b44d280a19070bdbc0c47 - - default default] 199.204.45.216,10.0.0.36 "GET /v2.0/security-group-rules/e634d878-97d3-492c-8b42-319b42f27a17 HTTP/1.1" status: 200 len: 742 time: 0.0156474
2026-07-09 02:37:54.146 10 INFO neutron.wsgi [None req-e564c146-1a15-4083-b923-f68a4a856f28 4dcd969ec89f4affb9803efc5fa05c2a 60215a54b14b44d280a19070bdbc0c47 - - default default] 199.204.45.216,10.0.0.36 "GET /v2.0/security-groups/c94d92ba-45a0-4df5-aa43-65657e52cabf?project_id=58a85cb0b2104e4cae5e58bc426277c4 HTTP/1.1" status: 200 len: 4059 time: 0.0736337
2026-07-09 02:37:54.189 10 INFO neutron.wsgi [None req-16d9e21d-6878-4022-a256-7965ada05cc7 4dcd969ec89f4affb9803efc5fa05c2a 60215a54b14b44d280a19070bdbc0c47 - - default default] 199.204.45.216,10.0.0.36 "GET /v2.0/security-groups/c94d92ba-45a0-4df5-aa43-65657e52cabf HTTP/1.1" status: 200 len: 4059 time: 0.0344574
2026-07-09 02:37:54.212 10 INFO neutron.wsgi [None req-a428fe02-d1f6-4d00-a8dd-17ae8deca16b 4dcd969ec89f4affb9803efc5fa05c2a 60215a54b14b44d280a19070bdbc0c47 - - default default] 199.204.45.216,10.0.0.36 "GET /v2.0/security-group-rules/24715665-5dd0-4524-b14e-c82df87ab1a3 HTTP/1.1" status: 200 len: 744 time: 0.0143883
2026-07-09 02:37:55.259 10 INFO neutron.wsgi [None req-cae4dd84-b007-417a-9c52-c8267d950f5c 4dcd969ec89f4affb9803efc5fa05c2a 60215a54b14b44d280a19070bdbc0c47 - - default default] 199.204.45.216,10.0.0.36 "GET /v2.0/security-groups/c94d92ba-45a0-4df5-aa43-65657e52cabf?project_id=58a85cb0b2104e4cae5e58bc426277c4 HTTP/1.1" status: 200 len: 4059 time: 0.0687447
2026-07-09 02:37:55.299 10 INFO neutron.wsgi [None req-fa29e451-bca0-432e-bf88-e5cc8873670e 4dcd969ec89f4affb9803efc5fa05c2a 60215a54b14b44d280a19070bdbc0c47 - - default default] 199.204.45.216,10.0.0.36 "GET /v2.0/security-groups/c94d92ba-45a0-4df5-aa43-65657e52cabf HTTP/1.1" status: 200 len: 4059 time: 0.0313003
2026-07-09 02:37:55.315 10 INFO neutron.wsgi [None req-de96f62a-f77a-4280-abc1-6fed481f4c9a 4dcd969ec89f4affb9803efc5fa05c2a 60215a54b14b44d280a19070bdbc0c47 - - default default] 199.204.45.216,10.0.0.36 "GET /v2.0/security-group-rules/e2f9cbba-59f0-4a56-9dfe-0caf26e7f64b HTTP/1.1" status: 200 len: 745 time: 0.0128543
2026-07-09 02:37:56.888 9 INFO neutron.wsgi [-] 10.0.0.36 "GET / HTTP/1.1" status: 200 len: 247 time: 0.0014102
2026-07-09 02:37:56.889 9 INFO neutron.wsgi [-] 10.0.0.36 "GET / HTTP/1.1" status: 200 len: 247 time: 0.0009415
2026-07-09 02:38:02.728 10 INFO neutron.wsgi [None req-0f312b6e-09a0-416b-b3e7-886c67fcca0f 4dcd969ec89f4affb9803efc5fa05c2a 60215a54b14b44d280a19070bdbc0c47 - - default default] 199.204.45.216,10.0.0.36 "GET /v2.0/quotas/58a85cb0b2104e4cae5e58bc426277c4 HTTP/1.1" status: 200 len: 361 time: 0.0106652
2026-07-09 02:38:04.655 10 INFO neutron.wsgi [None req-73ab0431-2e67-40de-be3f-522dc0e5c30d 4dcd969ec89f4affb9803efc5fa05c2a 60215a54b14b44d280a19070bdbc0c47 - - default default] 10.0.0.34 "GET /v2.0/floatingips HTTP/1.1" status: 200 len: 193 time: 0.0812473
2026-07-09 02:38:04.695 10 INFO neutron.wsgi [None req-a2fa4445-2ce4-40de-9f11-091d0d97918f 4dcd969ec89f4affb9803efc5fa05c2a 60215a54b14b44d280a19070bdbc0c47 - - default default] 10.0.0.34 "GET /v2.0/subnets HTTP/1.1" status: 200 len: 1437 time: 0.0387933
2026-07-09 02:38:04.774 10 INFO neutron.wsgi [None req-fc5b5c04-c216-48cc-a892-ecc917fb9b36 4dcd969ec89f4affb9803efc5fa05c2a 60215a54b14b44d280a19070bdbc0c47 - - default default] 10.0.0.34 "GET /v2.0/ports HTTP/1.1" status: 200 len: 5351 time: 0.0773287
2026-07-09 02:38:04.794 10 INFO neutron.wsgi [None req-d2fa02b7-d74d-433a-b434-e3b7e05f5310 4dcd969ec89f4affb9803efc5fa05c2a 60215a54b14b44d280a19070bdbc0c47 - - default default] 10.0.0.34 "GET /v2.0/network-ip-availabilities HTTP/1.1" status: 200 len: 1280 time: 0.0140836
2026-07-09 02:38:04.846 10 INFO neutron.wsgi [None req-e14c962f-26ee-4687-a02a-1fdc69591e4d 4dcd969ec89f4affb9803efc5fa05c2a 60215a54b14b44d280a19070bdbc0c47 - - default default] 10.0.0.34 "GET /v2.0/security-groups HTTP/1.1" status: 200 len: 16803 time: 0.0506926
2026-07-09 02:38:04.889 10 INFO neutron.wsgi [None req-9dee63c4-b924-4045-83bc-1798c5db61a4 4dcd969ec89f4affb9803efc5fa05c2a 60215a54b14b44d280a19070bdbc0c47 - - default default] 10.0.0.34 "GET /v2.0/agents HTTP/1.1" status: 200 len: 997 time: 0.0362852
2026-07-09 02:38:04.957 10 INFO neutron.wsgi [None req-0d5724a7-d844-40a9-be43-12a3a7009e38 4dcd969ec89f4affb9803efc5fa05c2a 60215a54b14b44d280a19070bdbc0c47 - - default default] 10.0.0.34 "GET /v2.0/networks HTTP/1.1" status: 200 len: 2350 time: 0.0675583
2026-07-09 02:38:04.982 10 INFO neutron.wsgi [None req-ffcc7ebd-e1c0-4afc-bfde-653581e1c207 4dcd969ec89f4affb9803efc5fa05c2a 60215a54b14b44d280a19070bdbc0c47 - - default default] 10.0.0.34 "GET /v2.0/routers HTTP/1.1" status: 200 len: 189 time: 0.0200598
2026-07-09 02:38:04.995 10 INFO neutron.wsgi [None req-4bf68950-b9e4-4e1f-a309-f8cb19deddcc 4dcd969ec89f4affb9803efc5fa05c2a 60215a54b14b44d280a19070bdbc0c47 - - default default] 10.0.0.34 "GET /v2.0/agents?binary=ovn-controller HTTP/1.1" status: 200 len: 591 time: 0.0123785
2026-07-09 02:38:05.032 10 INFO neutron.wsgi [None req-3c7dee7e-bb9d-45d5-b715-5ca4521fa958 4dcd969ec89f4affb9803efc5fa05c2a 60215a54b14b44d280a19070bdbc0c47 - - default default] 10.0.0.34 "GET /v2.0/subnets HTTP/1.1" status: 200 len: 1437 time: 0.0354645
2026-07-09 02:38:05.051 10 INFO neutron.wsgi [None req-bc256065-d6ee-4856-ad4b-5613d003f2a5 4dcd969ec89f4affb9803efc5fa05c2a 60215a54b14b44d280a19070bdbc0c47 - - default default] 10.0.0.34 "GET /v2.0/subnetpools HTTP/1.1" status: 200 len: 193 time: 0.0163758
2026-07-09 02:38:11.891 9 INFO neutron.wsgi [-] 10.0.0.36 "GET / HTTP/1.1" status: 200 len: 247 time: 0.0024660
2026-07-09 02:38:11.894 10 INFO neutron.wsgi [-] 10.0.0.36 "GET / HTTP/1.1" status: 200 len: 247 time: 0.0058053
2026-07-09 02:38:26.890 9 INFO neutron.wsgi [-] 10.0.0.36 "GET / HTTP/1.1" status: 200 len: 247 time: 0.0024600
2026-07-09 02:38:26.890 10 INFO neutron.wsgi [-] 10.0.0.36 "GET / HTTP/1.1" status: 200 len: 247 time: 0.0023465
2026-07-09 02:38:41.891 9 INFO neutron.wsgi [-] 10.0.0.36 "GET / HTTP/1.1" status: 200 len: 247 time: 0.0035698
2026-07-09 02:38:41.894 10 INFO neutron.wsgi [-] 10.0.0.36 "GET / HTTP/1.1" status: 200 len: 247 time: 0.0068250
2026-07-09 02:38:54.363 10 INFO neutron.wsgi [None req-6231f992-b386-4b0d-a562-365f345de8e7 4dcd969ec89f4affb9803efc5fa05c2a 60215a54b14b44d280a19070bdbc0c47 - - default default] 199.204.45.216,10.0.0.36 "GET /v2.0/networks?name=public HTTP/1.1" status: 200 len: 928 time: 0.1051526
2026-07-09 02:38:56.891 9 INFO neutron.wsgi [-] 10.0.0.36 "GET / HTTP/1.1" status: 200 len: 247 time: 0.0038002
2026-07-09 02:38:56.893 9 INFO neutron.wsgi [-] 10.0.0.36 "GET / HTTP/1.1" status: 200 len: 247 time: 0.0009136
2026-07-09 02:39:04.668 10 INFO neutron.wsgi [None req-34d03a93-4483-4b57-9cd6-244cbd49c804 4dcd969ec89f4affb9803efc5fa05c2a 60215a54b14b44d280a19070bdbc0c47 - - default default] 10.0.0.34 "GET /v2.0/routers HTTP/1.1" status: 200 len: 189 time: 0.0697229
2026-07-09 02:39:04.707 10 INFO neutron.wsgi [None req-a9dda0f3-d6d6-40ac-9e5a-bdd7183f877e 4dcd969ec89f4affb9803efc5fa05c2a 60215a54b14b44d280a19070bdbc0c47 - - default default] 10.0.0.34 "GET /v2.0/agents?binary=ovn-controller HTTP/1.1" status: 200 len: 591 time: 0.0377798
2026-07-09 02:39:04.758 10 INFO neutron.wsgi [None req-5e7ef7e4-aede-47ce-8143-ea64dd0b8e51 4dcd969ec89f4affb9803efc5fa05c2a 60215a54b14b44d280a19070bdbc0c47 - - default default] 10.0.0.34 "GET /v2.0/security-groups HTTP/1.1" status: 200 len: 16803 time: 0.0495646
2026-07-09 02:39:04.773 10 INFO neutron.wsgi [None req-f3897efc-6bf5-4646-8827-da17474a3abf 4dcd969ec89f4affb9803efc5fa05c2a 60215a54b14b44d280a19070bdbc0c47 - - default default] 10.0.0.34 "GET /v2.0/agents HTTP/1.1" status: 200 len: 997 time: 0.0105808
2026-07-09 02:39:04.786 10 INFO neutron.wsgi [None req-0378875e-c0a0-4554-9e3b-7ebb370abd55 4dcd969ec89f4affb9803efc5fa05c2a 60215a54b14b44d280a19070bdbc0c47 - - default default] 10.0.0.34 "GET /v2.0/network-ip-availabilities HTTP/1.1" status: 200 len: 1280 time: 0.0119646
2026-07-09 02:39:04.850 10 INFO neutron.wsgi [None req-aa706af3-583b-44b1-bb7e-8b4f6f774127 4dcd969ec89f4affb9803efc5fa05c2a 60215a54b14b44d280a19070bdbc0c47 - - default default] 10.0.0.34 "GET /v2.0/networks HTTP/1.1" status: 200 len: 2350 time: 0.0636086
2026-07-09 02:39:04.888 10 INFO neutron.wsgi [None req-c8cb6161-c962-4390-9dcc-9eea567ed261 4dcd969ec89f4affb9803efc5fa05c2a 60215a54b14b44d280a19070bdbc0c47 - - default default] 10.0.0.34 "GET /v2.0/subnets HTTP/1.1" status: 200 len: 1437 time: 0.0352974
2026-07-09 02:39:04.904 10 INFO neutron.wsgi [None req-f37a64d8-6d48-4409-a978-3e1a5f13bf36 4dcd969ec89f4affb9803efc5fa05c2a 60215a54b14b44d280a19070bdbc0c47 - - default default] 10.0.0.34 "GET /v2.0/subnetpools HTTP/1.1" status: 200 len: 193 time: 0.0108922
2026-07-09 02:39:04.955 10 INFO neutron.wsgi [None req-24819e1a-576f-43a7-896a-2bd2dfefd80b 4dcd969ec89f4affb9803efc5fa05c2a 60215a54b14b44d280a19070bdbc0c47 - - default default] 10.0.0.34 "GET /v2.0/ports HTTP/1.1" status: 200 len: 5351 time: 0.0492089
2026-07-09 02:39:04.977 10 INFO neutron.wsgi [None req-40033a7a-8364-4d1c-947c-2ac9f9f87648 4dcd969ec89f4affb9803efc5fa05c2a 60215a54b14b44d280a19070bdbc0c47 - - default default] 10.0.0.34 "GET /v2.0/floatingips HTTP/1.1" status: 200 len: 193 time: 0.0180521
2026-07-09 02:39:05.006 10 INFO neutron.wsgi [None req-77d0e8c0-a7bd-424a-9a4f-5b67f8443037 4dcd969ec89f4affb9803efc5fa05c2a 60215a54b14b44d280a19070bdbc0c47 - - default default] 10.0.0.34 "GET /v2.0/subnets HTTP/1.1" status: 200 len: 1437 time: 0.0280552
2026-07-09 02:39:11.890 10 INFO neutron.wsgi [-] 10.0.0.36 "GET / HTTP/1.1" status: 200 len: 247 time: 0.0026989
2026-07-09 02:39:11.894 10 INFO neutron.wsgi [-] 10.0.0.36 "GET / HTTP/1.1" status: 200 len: 247 time: 0.0021830
2026-07-09 02:39:26.889 9 INFO neutron.wsgi [-] 10.0.0.36 "GET / HTTP/1.1" status: 200 len: 247 time: 0.0017810
2026-07-09 02:39:26.889 10 INFO neutron.wsgi [-] 10.0.0.36 "GET / HTTP/1.1" status: 200 len: 247 time: 0.0022991
2026-07-09 02:39:33.458 9 INFO neutron.wsgi [None req-83e96f74-341a-4e8f-a96a-b8dc355a722d 4dcd969ec89f4affb9803efc5fa05c2a 60215a54b14b44d280a19070bdbc0c47 - - default default] 10.0.0.159 "GET /v2.0/networks HTTP/1.1" status: 200 len: 2369 time: 0.2531443
2026-07-09 02:39:34.805 9 INFO neutron.wsgi [None req-b5bcd3fe-fc79-4a45-b42b-c9639a5d5d46 4dcd969ec89f4affb9803efc5fa05c2a 60215a54b14b44d280a19070bdbc0c47 - - default default] 10.0.0.159 "GET /v2.0/floatingips HTTP/1.1" status: 200 len: 212 time: 0.0369651
2026-07-09 02:39:34.844 9 INFO neutron.wsgi [None req-d4f27253-7505-4c1b-8ce6-b6e7409194c7 4dcd969ec89f4affb9803efc5fa05c2a 60215a54b14b44d280a19070bdbc0c47 - - default default] 10.0.0.159 "GET /v2.0/routers HTTP/1.1" status: 200 len: 208 time: 0.0335205
2026-07-09 02:39:34.905 9 INFO neutron.wsgi [None req-b3eadd5b-576d-4246-a736-6d7a15df878a 4dcd969ec89f4affb9803efc5fa05c2a 60215a54b14b44d280a19070bdbc0c47 - - default default] 10.0.0.159 "GET /v2.0/ports HTTP/1.1" status: 200 len: 5370 time: 0.0557597
2026-07-09 02:39:34.949 9 INFO neutron.wsgi [None req-cf20287d-6611-49ae-a810-f0c7bdacc152 4dcd969ec89f4affb9803efc5fa05c2a 60215a54b14b44d280a19070bdbc0c47 - - default default] 10.0.0.159 "GET /v2.0/subnets HTTP/1.1" status: 200 len: 1456 time: 0.0386832
2026-07-09 02:39:35.014 9 INFO neutron.wsgi [None req-7006bb79-6f13-4d84-9856-ee5e8d48f0b0 4dcd969ec89f4affb9803efc5fa05c2a 60215a54b14b44d280a19070bdbc0c47 - - default default] 10.0.0.159 "GET /v2.0/networks HTTP/1.1" status: 200 len: 2369 time: 0.0598588
2026-07-09 02:39:35.071 9 INFO neutron.wsgi [None req-59798971-b3b4-421d-add9-3c946b6903f3 4dcd969ec89f4affb9803efc5fa05c2a 60215a54b14b44d280a19070bdbc0c47 - - default default] 10.0.0.159 "GET /v2.0/security-groups HTTP/1.1" status: 200 len: 16822 time: 0.0515633
2026-07-09 02:39:35.089 9 INFO neutron.wsgi [None req-03d05802-21da-4e74-9031-9b26c8c81020 4dcd969ec89f4affb9803efc5fa05c2a 60215a54b14b44d280a19070bdbc0c47 - - default default] 10.0.0.159 "GET /v2.0/subnetpools HTTP/1.1" status: 200 len: 212 time: 0.0114436
2026-07-09 02:39:41.891 10 INFO neutron.wsgi [-] 10.0.0.36 "GET / HTTP/1.1" status: 200 len: 247 time: 0.0035827
2026-07-09 02:39:41.894 10 INFO neutron.wsgi [-] 10.0.0.36 "GET / HTTP/1.1" status: 200 len: 247 time: 0.0022867
2026-07-09 02:39:46.004 9 INFO neutron.db.ovn_revision_numbers_db [None req-47dabaac-8dc9-442f-8f74-35f9c4956c89 4dcd969ec89f4affb9803efc5fa05c2a 60215a54b14b44d280a19070bdbc0c47 - - default default] Successfully bumped revision number for resource 35569531-c1d0-422a-b8e6-7f7459aff21c (type: security_groups) to 1
2026-07-09 02:39:46.018 9 INFO neutron.db.ovn_revision_numbers_db [None req-47dabaac-8dc9-442f-8f74-35f9c4956c89 4dcd969ec89f4affb9803efc5fa05c2a 60215a54b14b44d280a19070bdbc0c47 - - default default] Successfully bumped revision number for resource 205a5af8-3b15-463b-8774-ac1999d9372e (type: security_group_rules) to 0
2026-07-09 02:39:46.023 10 INFO neutron.db.ovn_revision_numbers_db [None req-573e069b-63ed-435a-9a77-b20f49b54abf 4dcd969ec89f4affb9803efc5fa05c2a 60215a54b14b44d280a19070bdbc0c47 - - default default] Successfully bumped revision number for resource 38ef275b-b620-4465-9f30-c7bf81b2d41f (type: security_groups) to 1
2026-07-09 02:39:46.031 9 INFO neutron.db.ovn_revision_numbers_db [None req-47dabaac-8dc9-442f-8f74-35f9c4956c89 4dcd969ec89f4affb9803efc5fa05c2a 60215a54b14b44d280a19070bdbc0c47 - - default default] Successfully bumped revision number for resource 91f38234-0d6c-45db-8fd0-ad98ca939971 (type: security_group_rules) to 0
2026-07-09 02:39:46.040 10 INFO neutron.db.ovn_revision_numbers_db [None req-573e069b-63ed-435a-9a77-b20f49b54abf 4dcd969ec89f4affb9803efc5fa05c2a 60215a54b14b44d280a19070bdbc0c47 - - default default] Successfully bumped revision number for resource 2650054a-66a5-4f91-9f60-f7f935b794da (type: security_group_rules) to 0
2026-07-09 02:39:46.044 9 INFO neutron.db.ovn_revision_numbers_db [None req-47dabaac-8dc9-442f-8f74-35f9c4956c89 4dcd969ec89f4affb9803efc5fa05c2a 60215a54b14b44d280a19070bdbc0c47 - - default default] Successfully bumped revision number for resource bfa3fbc2-4bbd-40c5-b94f-467f9d9c1499 (type: security_group_rules) to 0
2026-07-09 02:39:46.054 10 INFO neutron.db.ovn_revision_numbers_db [None req-573e069b-63ed-435a-9a77-b20f49b54abf 4dcd969ec89f4affb9803efc5fa05c2a 60215a54b14b44d280a19070bdbc0c47 - - default default] Successfully bumped revision number for resource 82c4f37d-d350-4122-87c1-1ea4220b1e3a (type: security_group_rules) to 0
