2026-07-09 02:40:36.798 10 INFO neutron.db.ovn_revision_numbers_db [None req-fc6f2a8a-9717-4934-b062-9b063207ac1a 4dcd969ec89f4affb9803efc5fa05c2a 60215a54b14b44d280a19070bdbc0c47 - - default default] Successfully bumped revision number for resource 402a4b97-7faa-48b9-8115-8986e7f41dfa (type: security_group_rules) to 0
2026-07-09 02:40:36.806 9 WARNING neutron.plugins.ml2.drivers.ovn.mech_driver.ovsdb.ovn_client [None req-9e63b695-29a8-4532-a6b9-2b5b05abe8c8 - - - - - -] No hosting information found for port 86c07be0-1550-4657-afa5-85fc61f79945: RuntimeError: No hosting information found for port 86c07be0-1550-4657-afa5-85fc61f79945
2026-07-09 02:40:36.807 9 INFO neutron.plugins.ml2.drivers.ovn.mech_driver.mech_driver [None req-9e63b695-29a8-4532-a6b9-2b5b05abe8c8 - - - - - -] OVN reports status up for port: e26f7c0a-a88c-4850-8265-46b7595bb1cf
2026-07-09 02:40:36.811 10 INFO neutron.db.ovn_revision_numbers_db [None req-fc6f2a8a-9717-4934-b062-9b063207ac1a 4dcd969ec89f4affb9803efc5fa05c2a 60215a54b14b44d280a19070bdbc0c47 - - default default] Successfully bumped revision number for resource 67651ebd-4fd7-4e98-b062-295883a19b91 (type: security_group_rules) to 0
2026-07-09 02:40:36.817 9 INFO neutron.plugins.ml2.plugin [None req-9e63b695-29a8-4532-a6b9-2b5b05abe8c8 - - - - - -] Attempt 1 to provision port e26f7c0a-a88c-4850-8265-46b7595bb1cf
2026-07-09 02:40:36.825 10 INFO neutron.db.ovn_revision_numbers_db [None req-fc6f2a8a-9717-4934-b062-9b063207ac1a 4dcd969ec89f4affb9803efc5fa05c2a 60215a54b14b44d280a19070bdbc0c47 - - default default] Successfully bumped revision number for resource b9f81a03-1251-4ed9-be09-497dfea69b0e (type: security_group_rules) to 0
2026-07-09 02:40:36.836 10 INFO neutron.db.ovn_revision_numbers_db [None req-fc6f2a8a-9717-4934-b062-9b063207ac1a 4dcd969ec89f4affb9803efc5fa05c2a 60215a54b14b44d280a19070bdbc0c47 - - default default] Successfully bumped revision number for resource c26224db-4233-4900-b1e4-402b2d369eaa (type: security_group_rules) to 0
2026-07-09 02:40:36.860 10 INFO neutron.wsgi [None req-fc6f2a8a-9717-4934-b062-9b063207ac1a 4dcd969ec89f4affb9803efc5fa05c2a 60215a54b14b44d280a19070bdbc0c47 - - default default] 10.0.0.159 "GET /v2.0/security-groups?tenant_id=eb7a2a0128ff45009ac0477d04216eb0&name=default HTTP/1.1" status: 200 len: 2996 time: 0.1865664
2026-07-09 02:40:36.898 9 WARNING neutron.scheduler.dhcp_agent_scheduler [None req-5d54e781-1e7e-49d5-923d-efe815cf3356 955985e4099d4fc6bd34c4dc041108f4 5aa5a518ea0d4697a5cba5c37561937b - - default default] No more DHCP agents
2026-07-09 02:40:36.903 9 WARNING neutron.api.rpc.agentnotifiers.dhcp_rpc_agent_api [None req-5d54e781-1e7e-49d5-923d-efe815cf3356 955985e4099d4fc6bd34c4dc041108f4 5aa5a518ea0d4697a5cba5c37561937b - - default default] Unable to schedule network 394eed4d-edf1-43bd-96e5-b6a7952841b5: no agents available; will retry on subsequent port and subnet creation events.
2026-07-09 02:40:36.945 9 INFO neutron.db.ovn_revision_numbers_db [None req-5d54e781-1e7e-49d5-923d-efe815cf3356 955985e4099d4fc6bd34c4dc041108f4 5aa5a518ea0d4697a5cba5c37561937b - - default default] Successfully bumped revision number for resource df07c8ee-20a5-4734-ac65-9462d6d828a3 (type: subnets) to 0
2026-07-09 02:40:36.953 9 INFO neutron.notifiers.nova [-] Nova event matching ['req-3a99caf3-13c8-4b4a-b17f-bb49f632d209'] response: {'server_uuid': '40d83be6-a076-4c64-8c23-bff2676a4b7f', 'name': 'network-vif-plugged', 'status': 'completed', 'tag': 'e26f7c0a-a88c-4850-8265-46b7595bb1cf', 'code': 200}
2026-07-09 02:40:36.966 9 INFO neutron.wsgi [None req-5d54e781-1e7e-49d5-923d-efe815cf3356 955985e4099d4fc6bd34c4dc041108f4 5aa5a518ea0d4697a5cba5c37561937b - - default default] 10.0.0.159 "POST /v2.0/subnets HTTP/1.1" status: 201 len: 802 time: 0.2979424
2026-07-09 02:40:37.002 10 WARNING neutron_lib.context [None req-0efba8c5-1c02-4889-81ff-a08951ba6922 955985e4099d4fc6bd34c4dc041108f4 5aa5a518ea0d4697a5cba5c37561937b - - default default] Method 'is_advsvc' is deprecated since 2023.2 release (neutron-lib 3.8.0) and will be removed once support for the old RBAC API policies will be removed from Neutron. Please use method 'is_service_role' instead.
2026-07-09 02:40:37.194 9 INFO neutron.db.ovn_revision_numbers_db [None req-9e63b695-29a8-4532-a6b9-2b5b05abe8c8 - - - - - -] Successfully bumped revision number for resource e26f7c0a-a88c-4850-8265-46b7595bb1cf (type: ports) to 4
2026-07-09 02:40:37.224 10 INFO neutron.wsgi [None req-73310b64-7fd3-4240-b0af-236a41ff7d33 4dcd969ec89f4affb9803efc5fa05c2a 60215a54b14b44d280a19070bdbc0c47 - - default default] 10.0.0.159 "DELETE /v2.0/security-groups/284f0e53-462f-4672-bcaa-aaf7ae367c02 HTTP/1.1" status: 204 len: 168 time: 0.3565762
2026-07-09 02:40:37.238 9 INFO neutron.plugins.ml2.drivers.ovn.mech_driver.mech_driver [None req-9e63b695-29a8-4532-a6b9-2b5b05abe8c8 - - - - - -] OVN reports status down for port: d2195d2a-c410-440f-8af9-3ee74183fdba
2026-07-09 02:40:37.316 10 INFO neutron.wsgi [req-78331d14-b91e-4893-95d4-9ae3260cde1b req-06b6f412-ef6d-4073-9b81-e3853e28a900 e06ff3a0d4354b1c8d68b21af92b363c 7ababb64497d45918d0e68216976f52b - - default default] 10.0.0.104 "GET /v2.0/ports?device_id=22f09843-875f-4fdc-959e-d6c4d7e31c05 HTTP/1.1" status: 200 len: 1174 time: 0.1840105
2026-07-09 02:40:37.380 10 INFO neutron.wsgi [req-78331d14-b91e-4893-95d4-9ae3260cde1b req-d7819c3b-43d5-4515-a608-d022e006e7a4 e06ff3a0d4354b1c8d68b21af92b363c 7ababb64497d45918d0e68216976f52b - - default default] 10.0.0.104 "GET /v2.0/security-groups?id=6b1d29be-ffc6-43f6-a376-295267da53bb&fields=id&fields=name HTTP/1.1" status: 200 len: 313 time: 0.0574691
2026-07-09 02:40:37.456 10 INFO neutron.wsgi [req-f4ded554-5144-4132-a27f-137360d34f8e req-48b0ab01-f521-4829-993b-cf6911f99066 e06ff3a0d4354b1c8d68b21af92b363c 7ababb64497d45918d0e68216976f52b - - default default] 199.204.45.216 "GET /v2.0/ports?device_id=22f09843-875f-4fdc-959e-d6c4d7e31c05 HTTP/1.1" status: 200 len: 1172 time: 0.0389075
2026-07-09 02:40:37.518 9 INFO neutron.db.ovn_revision_numbers_db [None req-9e63b695-29a8-4532-a6b9-2b5b05abe8c8 - - - - - -] Successfully bumped revision number for resource d2195d2a-c410-440f-8af9-3ee74183fdba (type: ports) to 7
2026-07-09 02:40:37.646 10 WARNING neutron.scheduler.dhcp_agent_scheduler [None req-0efba8c5-1c02-4889-81ff-a08951ba6922 955985e4099d4fc6bd34c4dc041108f4 5aa5a518ea0d4697a5cba5c37561937b - - default default] No more DHCP agents
2026-07-09 02:40:37.653 10 WARNING neutron.api.rpc.agentnotifiers.dhcp_rpc_agent_api [None req-0efba8c5-1c02-4889-81ff-a08951ba6922 955985e4099d4fc6bd34c4dc041108f4 5aa5a518ea0d4697a5cba5c37561937b - - default default] Unable to schedule network d4f0c915-d572-4872-94cd-a547cb2e7357: no agents available; will retry on subsequent port and subnet creation events.
2026-07-09 02:40:37.810 10 INFO neutron.wsgi [req-043be831-82e3-4f36-84ca-79b6b9eca8d8 req-a8caa1b8-dd10-4abe-99dd-ca3f2c535fd0 dfd2e4057dfc4360bb8c6ff5a5595cb1 de02eed7643e4aff81d5a05d638becb8 - - default default] 10.0.0.104 "GET /v2.0/ports?device_id=40d83be6-a076-4c64-8c23-bff2676a4b7f HTTP/1.1" status: 200 len: 1174 time: 0.1928809
2026-07-09 02:40:38.096 10 INFO neutron.wsgi [req-043be831-82e3-4f36-84ca-79b6b9eca8d8 req-bd15b45f-2d5d-4c69-b23f-0e3e7455751d dfd2e4057dfc4360bb8c6ff5a5595cb1 de02eed7643e4aff81d5a05d638becb8 - - default default] 10.0.0.104 "GET /v2.0/security-groups?id=4e59d67d-d1ae-4e59-b054-cc3289fad619&fields=id&fields=name HTTP/1.1" status: 200 len: 286 time: 0.2740705
2026-07-09 02:40:38.116 10 INFO neutron.db.ovn_revision_numbers_db [None req-0efba8c5-1c02-4889-81ff-a08951ba6922 955985e4099d4fc6bd34c4dc041108f4 5aa5a518ea0d4697a5cba5c37561937b - - default default] Successfully bumped revision number for resource 3056acec-7966-4384-9a8e-dd1df77542a4 (type: ports) to 1
2026-07-09 02:40:38.166 10 INFO neutron.db.l3_db [req-f4ded554-5144-4132-a27f-137360d34f8e req-578bc058-bcbc-420c-9706-e3fd1beda5e6 e06ff3a0d4354b1c8d68b21af92b363c 7ababb64497d45918d0e68216976f52b - - default default] Floating IP 33970eca-e244-42ce-bd2d-cb6c6b971066 disassociated. External IP: 10.96.250.217, port: d2195d2a-c410-440f-8af9-3ee74183fdba.
2026-07-09 02:40:38.453 9 INFO neutron.plugins.ml2.drivers.ovn.mech_driver.mech_driver [None req-9e63b695-29a8-4532-a6b9-2b5b05abe8c8 - - - - - -] OVN reports status down for port: e26f7c0a-a88c-4850-8265-46b7595bb1cf
2026-07-09 02:40:38.506 10 INFO neutron.wsgi [req-d919e920-ca40-4645-8ee8-ce139bd370aa req-b61938ae-7c2a-4569-a607-dde85204e954 e06ff3a0d4354b1c8d68b21af92b363c 7ababb64497d45918d0e68216976f52b - - default default] 10.0.0.104 "GET /v2.0/ports?device_id=22f09843-875f-4fdc-959e-d6c4d7e31c05 HTTP/1.1" status: 200 len: 210 time: 0.0489831
2026-07-09 02:40:38.515 10 INFO neutron.wsgi [req-f4ded554-5144-4132-a27f-137360d34f8e req-578bc058-bcbc-420c-9706-e3fd1beda5e6 e06ff3a0d4354b1c8d68b21af92b363c 7ababb64497d45918d0e68216976f52b - - default default] 199.204.45.216 "DELETE /v2.0/ports/d2195d2a-c410-440f-8af9-3ee74183fdba HTTP/1.1" status: 204 len: 173 time: 1.0498695
2026-07-09 02:40:38.539 10 INFO neutron.wsgi [req-055cd09a-4bf7-416b-97d5-432c6970a62b req-7560a7dc-2c53-4e95-b930-fa040076069d dfd2e4057dfc4360bb8c6ff5a5595cb1 de02eed7643e4aff81d5a05d638becb8 - - default default] 10.0.0.104 "GET /v2.0/ports?device_id=40d83be6-a076-4c64-8c23-bff2676a4b7f HTTP/1.1" status: 200 len: 1174 time: 0.1056049
2026-07-09 02:40:38.570 10 INFO neutron.notifiers.nova [-] Nova event matching ['req-754fcbf2-74d4-4a37-b030-d8effaaf25e5'] response: {'server_uuid': '22f09843-875f-4fdc-959e-d6c4d7e31c05', 'name': 'network-vif-deleted', 'tag': 'd2195d2a-c410-440f-8af9-3ee74183fdba', 'status': 'completed', 'code': 200}
2026-07-09 02:40:38.627 10 INFO neutron.wsgi [req-055cd09a-4bf7-416b-97d5-432c6970a62b req-a2d75551-1039-431a-aea7-a7b133207142 dfd2e4057dfc4360bb8c6ff5a5595cb1 de02eed7643e4aff81d5a05d638becb8 - - default default] 10.0.0.104 "GET /v2.0/security-groups?id=4e59d67d-d1ae-4e59-b054-cc3289fad619&fields=id&fields=name HTTP/1.1" status: 200 len: 286 time: 0.0810730
2026-07-09 02:40:38.804 9 INFO neutron.db.ovn_revision_numbers_db [None req-9e63b695-29a8-4532-a6b9-2b5b05abe8c8 - - - - - -] Successfully bumped revision number for resource e26f7c0a-a88c-4850-8265-46b7595bb1cf (type: ports) to 5
2026-07-09 02:40:38.826 10 INFO neutron.wsgi [req-9ad6203d-d740-4f2d-a384-7b87cf92faaf req-033348f5-9b4f-4fd7-8ee1-595c62ce91a0 dfd2e4057dfc4360bb8c6ff5a5595cb1 de02eed7643e4aff81d5a05d638becb8 - - default default] 199.204.45.216 "GET /v2.0/ports?device_id=40d83be6-a076-4c64-8c23-bff2676a4b7f HTTP/1.1" status: 200 len: 1172 time: 0.0439806
2026-07-09 02:40:39.000 9 INFO neutron.plugins.ml2.drivers.ovn.mech_driver.mech_driver [None req-9e63b695-29a8-4532-a6b9-2b5b05abe8c8 - - - - - -] OVN reports status up for port: 3056acec-7966-4384-9a8e-dd1df77542a4
2026-07-09 02:40:39.003 9 INFO neutron.notifiers.nova [-] Nova event matching ['req-245fc255-196d-418e-87f5-d261f64c4225'] response: {'server_uuid': '40d83be6-a076-4c64-8c23-bff2676a4b7f', 'name': 'network-vif-plugged', 'status': 'completed', 'tag': 'e26f7c0a-a88c-4850-8265-46b7595bb1cf', 'code': 200}
2026-07-09 02:40:39.003 9 INFO neutron.notifiers.nova [-] Nova event matching ['req-245fc255-196d-418e-87f5-d261f64c4225'] response: {'server_uuid': '22f09843-875f-4fdc-959e-d6c4d7e31c05', 'name': 'network-vif-unplugged', 'status': 'completed', 'tag': 'd2195d2a-c410-440f-8af9-3ee74183fdba', 'code': 200}
2026-07-09 02:40:39.003 9 INFO neutron.notifiers.nova [-] Nova event matching ['req-245fc255-196d-418e-87f5-d261f64c4225'] response: {'server_uuid': '22f09843-875f-4fdc-959e-d6c4d7e31c05', 'name': 'network-vif-plugged', 'status': 'completed', 'tag': 'd2195d2a-c410-440f-8af9-3ee74183fdba', 'code': 200}
2026-07-09 02:40:39.004 9 INFO neutron.notifiers.nova [-] Nova event matching ['req-245fc255-196d-418e-87f5-d261f64c4225'] response: {'server_uuid': '40d83be6-a076-4c64-8c23-bff2676a4b7f', 'name': 'network-vif-unplugged', 'status': 'completed', 'tag': 'e26f7c0a-a88c-4850-8265-46b7595bb1cf', 'code': 200}
2026-07-09 02:40:39.004 9 INFO neutron.notifiers.nova [-] Nova event matching ['req-245fc255-196d-418e-87f5-d261f64c4225'] response: {'server_uuid': '40d83be6-a076-4c64-8c23-bff2676a4b7f', 'name': 'network-vif-plugged', 'status': 'completed', 'tag': 'e26f7c0a-a88c-4850-8265-46b7595bb1cf', 'code': 200}
2026-07-09 02:40:39.008 9 INFO neutron.plugins.ml2.plugin [None req-9e63b695-29a8-4532-a6b9-2b5b05abe8c8 - - - - - -] Attempt 1 to provision port 3056acec-7966-4384-9a8e-dd1df77542a4
2026-07-09 02:40:39.040 10 INFO neutron.db.ovn_revision_numbers_db [None req-0efba8c5-1c02-4889-81ff-a08951ba6922 955985e4099d4fc6bd34c4dc041108f4 5aa5a518ea0d4697a5cba5c37561937b - - default default] Successfully bumped revision number for resource 3056acec-7966-4384-9a8e-dd1df77542a4 (type: router_ports) to 1
2026-07-09 02:40:39.119 10 INFO neutron.db.ovn_revision_numbers_db [None req-0efba8c5-1c02-4889-81ff-a08951ba6922 955985e4099d4fc6bd34c4dc041108f4 5aa5a518ea0d4697a5cba5c37561937b - - default default] Successfully bumped revision number for resource b8a65e71-51ac-4ea5-8fde-9ea9f29acf13 (type: routers) to 2
2026-07-09 02:40:39.140 10 INFO neutron.wsgi [None req-0efba8c5-1c02-4889-81ff-a08951ba6922 955985e4099d4fc6bd34c4dc041108f4 5aa5a518ea0d4697a5cba5c37561937b - - default default] 10.0.0.159 "POST /v2.0/routers HTTP/1.1" status: 201 len: 875 time: 2.1458199 /var/lib/openstack/lib/python3.10/site-packages/pycadf/identifier.py:71: UserWarning: Invalid uuid: neutron. To ensure interoperability, identifiers should be a valid uuid. warnings.warn(('Invalid uuid: %s. To ensure interoperability, '
2026-07-09 02:40:39.181 10 INFO neutron.wsgi [req-9ad6203d-d740-4f2d-a384-7b87cf92faaf req-51012b6f-a644-4940-99ff-eb4da922fa4b dfd2e4057dfc4360bb8c6ff5a5595cb1 de02eed7643e4aff81d5a05d638becb8 - - default default] 199.204.45.216 "DELETE /v2.0/ports/e26f7c0a-a88c-4850-8265-46b7595bb1cf HTTP/1.1" status: 204 len: 173 time: 0.3509400
2026-07-09 02:40:39.772 10 INFO neutron.wsgi [None req-d6353636-a765-4271-9579-b16a6d0a447e e06ff3a0d4354b1c8d68b21af92b363c 7ababb64497d45918d0e68216976f52b - - default default] 10.0.0.159 "DELETE /v2.0/security-groups/6b1d29be-ffc6-43f6-a376-295267da53bb HTTP/1.1" status: 204 len: 168 time: 0.1745300
2026-07-09 02:40:39.784 9 WARNING neutron.scheduler.dhcp_agent_scheduler [None req-37a6c4a3-1a81-49aa-9e4d-83d534edeb26 955985e4099d4fc6bd34c4dc041108f4 5aa5a518ea0d4697a5cba5c37561937b - - default default] No more DHCP agents
2026-07-09 02:40:39.787 9 WARNING neutron.api.rpc.agentnotifiers.dhcp_rpc_agent_api [None req-37a6c4a3-1a81-49aa-9e4d-83d534edeb26 955985e4099d4fc6bd34c4dc041108f4 5aa5a518ea0d4697a5cba5c37561937b - - default default] Unable to schedule network 394eed4d-edf1-43bd-96e5-b6a7952841b5: no agents available; will retry on subsequent port and subnet creation events.
2026-07-09 02:40:39.792 10 INFO neutron.api.v2.resource [None req-87db4afb-9064-454c-b2ec-9bf78a60c304 e06ff3a0d4354b1c8d68b21af92b363c 7ababb64497d45918d0e68216976f52b - - default default] show failed (client error): The resource could not be found.
2026-07-09 02:40:39.793 10 INFO neutron.wsgi [None req-87db4afb-9064-454c-b2ec-9bf78a60c304 e06ff3a0d4354b1c8d68b21af92b363c 7ababb64497d45918d0e68216976f52b - - default default] 10.0.0.159 "GET /v2.0/security-groups/6b1d29be-ffc6-43f6-a376-295267da53bb HTTP/1.1" status: 404 len: 347 time: 0.0169084
2026-07-09 02:40:39.984 9 INFO neutron.db.ovn_revision_numbers_db [None req-37a6c4a3-1a81-49aa-9e4d-83d534edeb26 955985e4099d4fc6bd34c4dc041108f4 5aa5a518ea0d4697a5cba5c37561937b - - default default] Successfully bumped revision number for resource b0e0be07-bb48-4017-8750-c6bbd5c7d2c9 (type: ports) to 1
2026-07-09 02:40:40.201 10 INFO neutron.wsgi [None req-a5acc153-8023-4bcb-855d-85dda3e9ae8d e06ff3a0d4354b1c8d68b21af92b363c 7ababb64497d45918d0e68216976f52b - - default default] 10.0.0.159 "DELETE /v2.0/floatingips/33970eca-e244-42ce-bd2d-cb6c6b971066 HTTP/1.1" status: 204 len: 168 time: 0.4031086
2026-07-09 02:40:40.645 10 INFO neutron.notifiers.nova [-] Nova event matching ['req-c0cd3622-cd03-4f90-a8da-eb49be578b97'] response: {'server_uuid': '40d83be6-a076-4c64-8c23-bff2676a4b7f', 'name': 'network-vif-deleted', 'tag': 'e26f7c0a-a88c-4850-8265-46b7595bb1cf', 'status': 'completed', 'code': 200}
2026-07-09 02:40:40.689 10 INFO neutron.plugins.ml2.drivers.ovn.mech_driver.mech_driver [None req-691743e2-ed53-4581-a866-51f80c7e0a1b - - - - - -] OVN reports status up for port: b0e0be07-bb48-4017-8750-c6bbd5c7d2c9
2026-07-09 02:40:40.700 10 INFO neutron.plugins.ml2.plugin [None req-691743e2-ed53-4581-a866-51f80c7e0a1b - - - - - -] Attempt 1 to provision port b0e0be07-bb48-4017-8750-c6bbd5c7d2c9
2026-07-09 02:40:40.738 9 INFO neutron.db.ovn_revision_numbers_db [None req-37a6c4a3-1a81-49aa-9e4d-83d534edeb26 955985e4099d4fc6bd34c4dc041108f4 5aa5a518ea0d4697a5cba5c37561937b - - default default] Successfully bumped revision number for resource b0e0be07-bb48-4017-8750-c6bbd5c7d2c9 (type: router_ports) to 1
2026-07-09 02:40:40.929 9 INFO neutron.db.ovn_revision_numbers_db [None req-37a6c4a3-1a81-49aa-9e4d-83d534edeb26 955985e4099d4fc6bd34c4dc041108f4 5aa5a518ea0d4697a5cba5c37561937b - - default default] Successfully bumped revision number for resource b0e0be07-bb48-4017-8750-c6bbd5c7d2c9 (type: ports) to 1
2026-07-09 02:40:41.005 9 WARNING neutron.scheduler.dhcp_agent_scheduler [None req-37a6c4a3-1a81-49aa-9e4d-83d534edeb26 955985e4099d4fc6bd34c4dc041108f4 5aa5a518ea0d4697a5cba5c37561937b - - default default] No more DHCP agents
2026-07-09 02:40:41.007 9 WARNING neutron.api.rpc.agentnotifiers.dhcp_rpc_agent_api [None req-37a6c4a3-1a81-49aa-9e4d-83d534edeb26 955985e4099d4fc6bd34c4dc041108f4 5aa5a518ea0d4697a5cba5c37561937b - - default default] Unable to schedule network 394eed4d-edf1-43bd-96e5-b6a7952841b5: no agents available; will retry on subsequent port and subnet creation events.
2026-07-09 02:40:41.264 10 INFO neutron.db.ovn_revision_numbers_db [None req-691743e2-ed53-4581-a866-51f80c7e0a1b - - - - - -] Successfully bumped revision number for resource b0e0be07-bb48-4017-8750-c6bbd5c7d2c9 (type: ports) to 2
2026-07-09 02:40:41.295 10 INFO neutron.wsgi [None req-8abb720f-d469-4bc5-8e4f-70932a1de243 4dcd969ec89f4affb9803efc5fa05c2a 60215a54b14b44d280a19070bdbc0c47 - - default default] 10.0.0.159 "PUT /v2.0/routers/d26ed1dd-db8f-4db0-bd0f-a58fe623c064/remove_router_interface HTTP/1.1" status: 200 len: 503 time: 1.5971456
2026-07-09 02:40:41.369 9 INFO neutron.db.ovn_revision_numbers_db [None req-37a6c4a3-1a81-49aa-9e4d-83d534edeb26 955985e4099d4fc6bd34c4dc041108f4 5aa5a518ea0d4697a5cba5c37561937b - - default default] Successfully bumped revision number for resource b0e0be07-bb48-4017-8750-c6bbd5c7d2c9 (type: router_ports) to 1
2026-07-09 02:40:41.371 9 INFO neutron.wsgi [None req-37a6c4a3-1a81-49aa-9e4d-83d534edeb26 955985e4099d4fc6bd34c4dc041108f4 5aa5a518ea0d4697a5cba5c37561937b - - default default] 10.0.0.159 "PUT /v2.0/routers/b8a65e71-51ac-4ea5-8fde-9ea9f29acf13/add_router_interface HTTP/1.1" status: 200 len: 503 time: 2.2251794
2026-07-09 02:40:41.380 10 INFO neutron.db.ovn_revision_numbers_db [None req-691743e2-ed53-4581-a866-51f80c7e0a1b - - - - - -] Successfully bumped revision number for resource b0e0be07-bb48-4017-8750-c6bbd5c7d2c9 (type: router_ports) to 2
2026-07-09 02:40:41.382 9 WARNING neutron_lib.context [None req-0cab8fb2-f90a-43f5-90e0-3ce43967f506 955985e4099d4fc6bd34c4dc041108f4 5aa5a518ea0d4697a5cba5c37561937b - - default default] Method 'is_advsvc' is deprecated since 2023.2 release (neutron-lib 3.8.0) and will be removed once support for the old RBAC API policies will be removed from Neutron. Please use method 'is_service_role' instead. /var/lib/openstack/lib/python3.10/site-packages/pycadf/identifier.py:71: UserWarning: Invalid uuid: neutron. To ensure interoperability, identifiers should be a valid uuid. warnings.warn(('Invalid uuid: %s. To ensure interoperability, '
2026-07-09 02:40:41.712 10 INFO neutron.db.ovn_revision_numbers_db [None req-b6c93350-a6f8-4310-a898-0cafa99c84b6 4dcd969ec89f4affb9803efc5fa05c2a 60215a54b14b44d280a19070bdbc0c47 - - default default] Successfully bumped revision number for resource bdfd4f1a-d162-42fa-8474-b53eff582eec (type: security_groups) to 1
2026-07-09 02:40:41.724 10 INFO neutron.db.ovn_revision_numbers_db [None req-b6c93350-a6f8-4310-a898-0cafa99c84b6 4dcd969ec89f4affb9803efc5fa05c2a 60215a54b14b44d280a19070bdbc0c47 - - default default] Successfully bumped revision number for resource 4c4ae0f9-5d8a-411c-8f56-92e0752343f5 (type: security_group_rules) to 0
2026-07-09 02:40:41.739 10 INFO neutron.db.ovn_revision_numbers_db [None req-b6c93350-a6f8-4310-a898-0cafa99c84b6 4dcd969ec89f4affb9803efc5fa05c2a 60215a54b14b44d280a19070bdbc0c47 - - default default] Successfully bumped revision number for resource 9f31178f-669c-48a4-89f5-806cf8f11a28 (type: security_group_rules) to 0
2026-07-09 02:40:41.752 10 INFO neutron.db.ovn_revision_numbers_db [None req-b6c93350-a6f8-4310-a898-0cafa99c84b6 4dcd969ec89f4affb9803efc5fa05c2a 60215a54b14b44d280a19070bdbc0c47 - - default default] Successfully bumped revision number for resource af5f4c82-8ec8-4745-8870-830f5e072ce0 (type: security_group_rules) to 0
2026-07-09 02:40:41.765 10 INFO neutron.db.ovn_revision_numbers_db [None req-b6c93350-a6f8-4310-a898-0cafa99c84b6 4dcd969ec89f4affb9803efc5fa05c2a 60215a54b14b44d280a19070bdbc0c47 - - default default] Successfully bumped revision number for resource b984a3d1-a8ff-4727-92e9-e36ecd308777 (type: security_group_rules) to 0
2026-07-09 02:40:41.787 10 INFO neutron.wsgi [None req-b6c93350-a6f8-4310-a898-0cafa99c84b6 4dcd969ec89f4affb9803efc5fa05c2a 60215a54b14b44d280a19070bdbc0c47 - - default default] 10.0.0.159 "GET /v2.0/security-groups?tenant_id=b283517c7acb4c4d9608521e914ca479&name=default HTTP/1.1" status: 200 len: 2996 time: 0.4147818
2026-07-09 02:40:41.889 10 INFO neutron.wsgi [-] 10.0.0.36 "GET / HTTP/1.1" status: 200 len: 247 time: 0.0018630
2026-07-09 02:40:41.891 10 INFO neutron.wsgi [-] 10.0.0.36 "GET / HTTP/1.1" status: 200 len: 247 time: 0.0013058
2026-07-09 02:40:42.004 10 INFO neutron.wsgi [None req-4fe0832d-e59e-4740-8bbe-a7b32bcb4a5e 4dcd969ec89f4affb9803efc5fa05c2a 60215a54b14b44d280a19070bdbc0c47 - - default default] 10.0.0.159 "DELETE /v2.0/security-groups/bdfd4f1a-d162-42fa-8474-b53eff582eec HTTP/1.1" status: 204 len: 168 time: 0.2113318
2026-07-09 02:40:42.200 9 WARNING neutron.scheduler.dhcp_agent_scheduler [None req-0cab8fb2-f90a-43f5-90e0-3ce43967f506 955985e4099d4fc6bd34c4dc041108f4 5aa5a518ea0d4697a5cba5c37561937b - - default default] No more DHCP agents
2026-07-09 02:40:42.205 9 WARNING neutron.api.rpc.agentnotifiers.dhcp_rpc_agent_api [None req-0cab8fb2-f90a-43f5-90e0-3ce43967f506 955985e4099d4fc6bd34c4dc041108f4 5aa5a518ea0d4697a5cba5c37561937b - - default default] Unable to schedule network 394eed4d-edf1-43bd-96e5-b6a7952841b5: no agents available; will retry on subsequent port and subnet creation events.
2026-07-09 02:40:42.217 10 INFO neutron.db.ovn_revision_numbers_db [None req-63c6fe90-3cb0-4647-afd3-50e0c39160da 4dcd969ec89f4affb9803efc5fa05c2a 60215a54b14b44d280a19070bdbc0c47 - - default default] Successfully bumped revision number for resource abd695fe-535b-456f-bd5e-d018b08c9f92 (type: security_groups) to 1
2026-07-09 02:40:42.230 10 INFO neutron.db.ovn_revision_numbers_db [None req-63c6fe90-3cb0-4647-afd3-50e0c39160da 4dcd969ec89f4affb9803efc5fa05c2a 60215a54b14b44d280a19070bdbc0c47 - - default default] Successfully bumped revision number for resource 2469f318-31c8-4021-91a0-8ebd3ff6dddb (type: security_group_rules) to 0
2026-07-09 02:40:42.243 10 INFO neutron.db.ovn_revision_numbers_db [None req-63c6fe90-3cb0-4647-afd3-50e0c39160da 4dcd969ec89f4affb9803efc5fa05c2a 60215a54b14b44d280a19070bdbc0c47 - - default default] Successfully bumped revision number for resource 8ce3d25c-89c0-44d0-8bfc-8c62498d6c73 (type: security_group_rules) to 0
2026-07-09 02:40:42.257 10 INFO neutron.db.ovn_revision_numbers_db [None req-63c6fe90-3cb0-4647-afd3-50e0c39160da 4dcd969ec89f4affb9803efc5fa05c2a 60215a54b14b44d280a19070bdbc0c47 - - default default] Successfully bumped revision number for resource acfbc621-6b75-43bf-a711-999140d78b57 (type: security_group_rules) to 0
2026-07-09 02:40:42.269 10 INFO neutron.db.ovn_revision_numbers_db [None req-63c6fe90-3cb0-4647-afd3-50e0c39160da 4dcd969ec89f4affb9803efc5fa05c2a 60215a54b14b44d280a19070bdbc0c47 - - default default] Successfully bumped revision number for resource c55aca80-1c25-411e-ad4c-8e88814e7308 (type: security_group_rules) to 0
2026-07-09 02:40:42.290 10 INFO neutron.wsgi [None req-63c6fe90-3cb0-4647-afd3-50e0c39160da 4dcd969ec89f4affb9803efc5fa05c2a 60215a54b14b44d280a19070bdbc0c47 - - default default] 10.0.0.159 "GET /v2.0/security-groups?tenant_id=7533fa68e6ce4e5e86ae253d7cd97caa&name=default HTTP/1.1" status: 200 len: 2996 time: 0.1879244
2026-07-09 02:40:42.384 9 INFO neutron.wsgi [None req-1ed28d67-8f3d-4019-9e0d-70cd47fe9b1d 4dcd969ec89f4affb9803efc5fa05c2a 60215a54b14b44d280a19070bdbc0c47 - - default default] 10.0.0.159 "PUT /v2.0/routers/4b187bfe-b5ef-4bd6-a1e6-7c26c4ff22fd/remove_router_interface HTTP/1.1" status: 200 len: 503 time: 2.1210957
2026-07-09 02:40:42.561 9 INFO neutron.db.ovn_revision_numbers_db [None req-0cab8fb2-f90a-43f5-90e0-3ce43967f506 955985e4099d4fc6bd34c4dc041108f4 5aa5a518ea0d4697a5cba5c37561937b - - default default] Successfully bumped revision number for resource a349510c-562e-432c-a762-41faf6eb1e5b (type: ports) to 1
2026-07-09 02:40:42.601 9 INFO neutron.wsgi [None req-0cab8fb2-f90a-43f5-90e0-3ce43967f506 955985e4099d4fc6bd34c4dc041108f4 5aa5a518ea0d4697a5cba5c37561937b - - default default] 10.0.0.159 "POST /v2.0/ports HTTP/1.1" status: 201 len: 1154 time: 1.2259276 /var/lib/openstack/lib/python3.10/site-packages/pycadf/identifier.py:71: UserWarning: Invalid uuid: neutron. To ensure interoperability, identifiers should be a valid uuid. warnings.warn(('Invalid uuid: %s. To ensure interoperability, '
2026-07-09 02:40:42.609 9 WARNING neutron_lib.context [None req-63e4dd12-1caf-47d9-9eb5-5701f1272195 955985e4099d4fc6bd34c4dc041108f4 5aa5a518ea0d4697a5cba5c37561937b - - default default] Method 'is_advsvc' is deprecated since 2023.2 release (neutron-lib 3.8.0) and will be removed once support for the old RBAC API policies will be removed from Neutron. Please use method 'is_service_role' instead.
2026-07-09 02:40:42.623 10 INFO neutron.wsgi [None req-dbf8bdc4-cc8c-4c02-92a6-233af9345e85 4dcd969ec89f4affb9803efc5fa05c2a 60215a54b14b44d280a19070bdbc0c47 - - default default] 10.0.0.159 "DELETE /v2.0/security-groups/abd695fe-535b-456f-bd5e-d018b08c9f92 HTTP/1.1" status: 204 len: 168 time: 0.3270445
2026-07-09 02:40:42.858 9 INFO neutron.wsgi [None req-506ab58c-2ca2-4844-af64-b4a0537c88f0 4dcd969ec89f4affb9803efc5fa05c2a 60215a54b14b44d280a19070bdbc0c47 - - default default] 10.0.0.159 "DELETE /v2.0/routers/d26ed1dd-db8f-4db0-bd0f-a58fe623c064 HTTP/1.1" status: 204 len: 168 time: 1.5522475
2026-07-09 02:40:43.075 9 WARNING neutron.scheduler.dhcp_agent_scheduler [None req-63e4dd12-1caf-47d9-9eb5-5701f1272195 955985e4099d4fc6bd34c4dc041108f4 5aa5a518ea0d4697a5cba5c37561937b - - default default] No more DHCP agents
2026-07-09 02:40:43.078 9 WARNING neutron.api.rpc.agentnotifiers.dhcp_rpc_agent_api [None req-63e4dd12-1caf-47d9-9eb5-5701f1272195 955985e4099d4fc6bd34c4dc041108f4 5aa5a518ea0d4697a5cba5c37561937b - - default default] Unable to schedule network 394eed4d-edf1-43bd-96e5-b6a7952841b5: no agents available; will retry on subsequent port and subnet creation events.
2026-07-09 02:40:43.102 9 INFO neutron.wsgi [None req-6328ffd3-170e-4104-8590-c2b97f79c525 4dcd969ec89f4affb9803efc5fa05c2a 60215a54b14b44d280a19070bdbc0c47 - - default default] 10.0.0.159 "DELETE /v2.0/subnets/b9f784f5-86ce-4f63-8ec3-c90b8680cb50 HTTP/1.1" status: 204 len: 168 time: 0.2377069 /var/lib/openstack/lib/python3.10/site-packages/pycadf/identifier.py:71: UserWarning: Invalid uuid: neutron. To ensure interoperability, identifiers should be a valid uuid. warnings.warn(('Invalid uuid: %s. To ensure interoperability, '
2026-07-09 02:40:43.261 10 INFO neutron.wsgi [None req-929d03ca-baf1-42d8-beeb-dbd29ab239cf 4dcd969ec89f4affb9803efc5fa05c2a 60215a54b14b44d280a19070bdbc0c47 - - default default] 10.0.0.159 "DELETE /v2.0/routers/4b187bfe-b5ef-4bd6-a1e6-7c26c4ff22fd HTTP/1.1" status: 204 len: 168 time: 0.8714483
2026-07-09 02:40:43.297 9 INFO neutron.db.ovn_revision_numbers_db [None req-63e4dd12-1caf-47d9-9eb5-5701f1272195 955985e4099d4fc6bd34c4dc041108f4 5aa5a518ea0d4697a5cba5c37561937b - - default default] Successfully bumped revision number for resource a02b02d8-774d-46e5-84e2-1302771d4c5b (type: ports) to 1
2026-07-09 02:40:43.329 9 INFO neutron.wsgi [None req-63e4dd12-1caf-47d9-9eb5-5701f1272195 955985e4099d4fc6bd34c4dc041108f4 5aa5a518ea0d4697a5cba5c37561937b - - default default] 10.0.0.159 "POST /v2.0/ports HTTP/1.1" status: 201 len: 1158 time: 0.7240915
2026-07-09 02:40:43.339 9 WARNING neutron_lib.context [None req-a05db85c-c884-4a83-8c03-72a1e6f0a5a1 955985e4099d4fc6bd34c4dc041108f4 5aa5a518ea0d4697a5cba5c37561937b - - default default] Method 'is_advsvc' is deprecated since 2023.2 release (neutron-lib 3.8.0) and will be removed once support for the old RBAC API policies will be removed from Neutron. Please use method 'is_service_role' instead.
2026-07-09 02:40:43.430 10 INFO neutron.wsgi [None req-62391b25-8f20-442a-a441-461577d27ec0 4dcd969ec89f4affb9803efc5fa05c2a 60215a54b14b44d280a19070bdbc0c47 - - default default] 10.0.0.159 "DELETE /v2.0/subnets/8be3e75b-9fe3-4d3b-b6d6-c8d14c9beed4 HTTP/1.1" status: 204 len: 168 time: 0.1643045
2026-07-09 02:40:43.758 9 INFO neutron.services.segments.plugin [-] Segment 62930236-bc43-44f4-a147-fda9a15c6004 resource provider aggregate not found
2026-07-09 02:40:43.763 9 INFO neutron.services.segments.plugin [-] Segment 62930236-bc43-44f4-a147-fda9a15c6004 resource provider aggregate not found
2026-07-09 02:40:43.783 9 INFO neutron.services.segments.plugin [-] Segment 62930236-bc43-44f4-a147-fda9a15c6004 resource provider not found; error: Placement Client Error (4xx): {"errors": [{"status": 404, "title": "Not Found", "detail": "The resource could not be found.\n\n No resource provider with uuid 62930236-bc43-44f4-a147-fda9a15c6004 found for delete ", "request_id": "req-fbbefe8c-6e0f-4ab9-a6ea-91ab60aac33d"}]}
2026-07-09 02:40:43.787 9 INFO neutron.services.segments.plugin [-] Segment 62930236-bc43-44f4-a147-fda9a15c6004 resource provider not found; error: Placement Client Error (4xx): {"errors": [{"status": 404, "title": "Not Found", "detail": "The resource could not be found.\n\n No resource provider with uuid 62930236-bc43-44f4-a147-fda9a15c6004 found for delete ", "request_id": "req-62186f59-3d9d-4683-aa2a-58b5169f3730"}]}
2026-07-09 02:40:43.817 9 INFO neutron.wsgi [None req-ed42391b-0051-45d7-b25a-ec40f6e68934 4dcd969ec89f4affb9803efc5fa05c2a 60215a54b14b44d280a19070bdbc0c47 - - default default] 10.0.0.159 "DELETE /v2.0/networks/d759b1fd-c39b-4b5b-bc7f-9c407a3e5e5b HTTP/1.1" status: 204 len: 168 time: 0.7095857
2026-07-09 02:40:43.848 10 INFO neutron.wsgi [None req-d37db7b7-1077-4e3b-b9ec-7b45c426a250 4dcd969ec89f4affb9803efc5fa05c2a 60215a54b14b44d280a19070bdbc0c47 - - default default] 10.0.0.159 "DELETE /v2.0/networks/ef99e2b2-e5ad-4952-9113-acc53c505ca9 HTTP/1.1" status: 204 len: 168 time: 0.4062457
2026-07-09 02:40:43.913 9 WARNING neutron.scheduler.dhcp_agent_scheduler [None req-a05db85c-c884-4a83-8c03-72a1e6f0a5a1 955985e4099d4fc6bd34c4dc041108f4 5aa5a518ea0d4697a5cba5c37561937b - - default default] No more DHCP agents
2026-07-09 02:40:43.916 9 WARNING neutron.api.rpc.agentnotifiers.dhcp_rpc_agent_api [None req-a05db85c-c884-4a83-8c03-72a1e6f0a5a1 955985e4099d4fc6bd34c4dc041108f4 5aa5a518ea0d4697a5cba5c37561937b - - default default] Unable to schedule network d4f0c915-d572-4872-94cd-a547cb2e7357: no agents available; will retry on subsequent port and subnet creation events.
2026-07-09 02:40:43.980 10 INFO neutron.wsgi [None req-2e3baafd-2434-4fc8-8521-e8131920786c 4dcd969ec89f4affb9803efc5fa05c2a 60215a54b14b44d280a19070bdbc0c47 - - default default] 10.0.0.159 "GET /v2.0/security-groups?tenant_id=de02eed7643e4aff81d5a05d638becb8&name=default HTTP/1.1" status: 200 len: 2996 time: 0.0373201
2026-07-09 02:40:44.144 10 INFO neutron.wsgi [None req-7c26e375-ecd2-4f9b-95e5-172e201ad90e 4dcd969ec89f4affb9803efc5fa05c2a 60215a54b14b44d280a19070bdbc0c47 - - default default] 10.0.0.159 "GET /v2.0/security-groups?tenant_id=7ababb64497d45918d0e68216976f52b&name=default HTTP/1.1" status: 200 len: 2992 time: 0.0474424
2026-07-09 02:40:44.205 10 INFO neutron.wsgi [None req-607c8dd5-dd85-41fe-9ffc-4d3c5f00547a 4dcd969ec89f4affb9803efc5fa05c2a 60215a54b14b44d280a19070bdbc0c47 - - default default] 10.0.0.159 "DELETE /v2.0/security-groups/4e59d67d-d1ae-4e59-b054-cc3289fad619 HTTP/1.1" status: 204 len: 168 time: 0.2206309
2026-07-09 02:40:44.408 10 INFO neutron.services.segments.plugin [-] Segment 27fb7b4a-c075-4fd4-8b45-8521af465099 resource provider aggregate not found
2026-07-09 02:40:44.416 10 INFO neutron.services.segments.plugin [-] Segment 27fb7b4a-c075-4fd4-8b45-8521af465099 resource provider aggregate not found
2026-07-09 02:40:44.419 9 WARNING neutron.plugins.ml2.drivers.ovn.mech_driver.ovsdb.ovn_client [None req-9e63b695-29a8-4532-a6b9-2b5b05abe8c8 - - - - - -] No hosting information found for port 3056acec-7966-4384-9a8e-dd1df77542a4: RuntimeError: No hosting information found for port 3056acec-7966-4384-9a8e-dd1df77542a4
2026-07-09 02:40:44.426 10 INFO neutron.services.segments.plugin [-] Segment 27fb7b4a-c075-4fd4-8b45-8521af465099 resource provider not found; error: Placement Client Error (4xx): {"errors": [{"status": 404, "title": "Not Found", "detail": "The resource could not be found.\n\n No resource provider with uuid 27fb7b4a-c075-4fd4-8b45-8521af465099 found for delete ", "request_id": "req-63628e8f-2b22-4cf1-ae14-c0d911d06d14"}]}
2026-07-09 02:40:44.429 10 INFO neutron.services.segments.plugin [-] Segment 27fb7b4a-c075-4fd4-8b45-8521af465099 resource provider not found; error: Placement Client Error (4xx): {"errors": [{"status": 404, "title": "Not Found", "detail": "The resource could not be found.\n\n No resource provider with uuid 27fb7b4a-c075-4fd4-8b45-8521af465099 found for delete ", "request_id": "req-4dfa5a32-2289-400f-9cba-19a291f22e9f"}]}
2026-07-09 02:40:44.455 9 INFO neutron.db.l3_db [None req-a05db85c-c884-4a83-8c03-72a1e6f0a5a1 955985e4099d4fc6bd34c4dc041108f4 5aa5a518ea0d4697a5cba5c37561937b - - default default] Floating IP f69faa8f-f729-4c00-a978-6c5d097d2722 associated. External IP: 10.96.250.219, port: a02b02d8-774d-46e5-84e2-1302771d4c5b.
2026-07-09 02:40:44.462 9 INFO neutron.wsgi [None req-5c3b092f-b1a0-47de-ac0c-4388fa01b174 4dcd969ec89f4affb9803efc5fa05c2a 60215a54b14b44d280a19070bdbc0c47 - - default default] 10.0.0.159 "DELETE /v2.0/security-groups/0ac6741e-8108-4461-8005-87c03497d819 HTTP/1.1" status: 204 len: 168 time: 0.3138416
2026-07-09 02:40:44.751 9 INFO neutron.db.ovn_revision_numbers_db [None req-a05db85c-c884-4a83-8c03-72a1e6f0a5a1 955985e4099d4fc6bd34c4dc041108f4 5aa5a518ea0d4697a5cba5c37561937b - - default default] Successfully bumped revision number for resource f69faa8f-f729-4c00-a978-6c5d097d2722 (type: floatingips) to 0
2026-07-09 02:40:44.892 9 INFO neutron.db.ovn_revision_numbers_db [None req-a05db85c-c884-4a83-8c03-72a1e6f0a5a1 955985e4099d4fc6bd34c4dc041108f4 5aa5a518ea0d4697a5cba5c37561937b - - default default] Successfully bumped revision number for resource f69faa8f-f729-4c00-a978-6c5d097d2722 (type: floatingips) to 1
2026-07-09 02:40:44.929 9 INFO neutron.wsgi [None req-a05db85c-c884-4a83-8c03-72a1e6f0a5a1 955985e4099d4fc6bd34c4dc041108f4 5aa5a518ea0d4697a5cba5c37561937b - - default default] 10.0.0.159 "POST /v2.0/floatingips HTTP/1.1" status: 201 len: 1042 time: 1.5952368 /var/lib/openstack/lib/python3.10/site-packages/pycadf/identifier.py:71: UserWarning: Invalid uuid: neutron. To ensure interoperability, identifiers should be a valid uuid. warnings.warn(('Invalid uuid: %s. To ensure interoperability, '
2026-07-09 02:40:45.065 9 INFO neutron.db.l3_db [None req-f25c2d11-9ec1-4975-b613-cfb197d93475 955985e4099d4fc6bd34c4dc041108f4 5aa5a518ea0d4697a5cba5c37561937b - - default default] Floating IP f69faa8f-f729-4c00-a978-6c5d097d2722 disassociated. External IP: 10.96.250.219, port: a02b02d8-774d-46e5-84e2-1302771d4c5b.
2026-07-09 02:40:45.134 9 INFO neutron.db.ovn_revision_numbers_db [None req-f25c2d11-9ec1-4975-b613-cfb197d93475 955985e4099d4fc6bd34c4dc041108f4 5aa5a518ea0d4697a5cba5c37561937b - - default default] Successfully bumped revision number for resource f69faa8f-f729-4c00-a978-6c5d097d2722 (type: floatingips) to 2
2026-07-09 02:40:45.199 10 INFO neutron.db.ovn_revision_numbers_db [None req-283444e7-55a1-45eb-9858-f39a9e42f46b 4dcd969ec89f4affb9803efc5fa05c2a 60215a54b14b44d280a19070bdbc0c47 - - default default] Successfully bumped revision number for resource 5f6f3df9-3a86-4cab-b74e-2aaf71fa7902 (type: security_groups) to 1
2026-07-09 02:40:45.209 9 INFO neutron.wsgi [None req-f25c2d11-9ec1-4975-b613-cfb197d93475 955985e4099d4fc6bd34c4dc041108f4 5aa5a518ea0d4697a5cba5c37561937b - - default default] 10.0.0.159 "PUT /v2.0/floatingips/f69faa8f-f729-4c00-a978-6c5d097d2722 HTTP/1.1" status: 200 len: 748 time: 0.2702830
2026-07-09 02:40:45.211 10 INFO neutron.db.ovn_revision_numbers_db [None req-283444e7-55a1-45eb-9858-f39a9e42f46b 4dcd969ec89f4affb9803efc5fa05c2a 60215a54b14b44d280a19070bdbc0c47 - - default default] Successfully bumped revision number for resource 224970ce-2cdf-4332-b61f-d6af68223583 (type: security_group_rules) to 0 /var/lib/openstack/lib/python3.10/site-packages/pycadf/identifier.py:71: UserWarning: Invalid uuid: neutron. To ensure interoperability, identifiers should be a valid uuid. warnings.warn(('Invalid uuid: %s. To ensure interoperability, '
2026-07-09 02:40:45.224 10 INFO neutron.db.ovn_revision_numbers_db [None req-283444e7-55a1-45eb-9858-f39a9e42f46b 4dcd969ec89f4affb9803efc5fa05c2a 60215a54b14b44d280a19070bdbc0c47 - - default default] Successfully bumped revision number for resource 4fd6b87b-854f-4749-8e7d-7113b28db17c (type: security_group_rules) to 0
2026-07-09 02:40:45.241 10 INFO neutron.db.ovn_revision_numbers_db [None req-283444e7-55a1-45eb-9858-f39a9e42f46b 4dcd969ec89f4affb9803efc5fa05c2a 60215a54b14b44d280a19070bdbc0c47 - - default default] Successfully bumped revision number for resource c7d7d457-5168-4b6a-9808-7cbb7ba5d2a5 (type: security_group_rules) to 0
2026-07-09 02:40:45.253 10 INFO neutron.db.ovn_revision_numbers_db [None req-283444e7-55a1-45eb-9858-f39a9e42f46b 4dcd969ec89f4affb9803efc5fa05c2a 60215a54b14b44d280a19070bdbc0c47 - - default default] Successfully bumped revision number for resource cd4241cf-0785-49d4-86bb-d599a91021a4 (type: security_group_rules) to 0
2026-07-09 02:40:45.275 10 INFO neutron.wsgi [None req-283444e7-55a1-45eb-9858-f39a9e42f46b 4dcd969ec89f4affb9803efc5fa05c2a 60215a54b14b44d280a19070bdbc0c47 - - default default] 10.0.0.159 "GET /v2.0/security-groups?tenant_id=4de1e6cb97d3444e9d44cc76c8b6610d&name=default HTTP/1.1" status: 200 len: 2996 time: 0.2813959
2026-07-09 02:40:45.442 10 INFO neutron.wsgi [None req-28e9f6ac-958e-43e1-b4e8-43df0efd34a4 4dcd969ec89f4affb9803efc5fa05c2a 60215a54b14b44d280a19070bdbc0c47 - - default default] 10.0.0.159 "DELETE /v2.0/security-groups/5f6f3df9-3a86-4cab-b74e-2aaf71fa7902 HTTP/1.1" status: 204 len: 168 time: 0.1611388
2026-07-09 02:40:45.563 9 INFO neutron.wsgi [None req-23e447de-e2a8-40f9-8c05-aa08952ed78b 955985e4099d4fc6bd34c4dc041108f4 5aa5a518ea0d4697a5cba5c37561937b - - default default] 10.0.0.159 "DELETE /v2.0/floatingips/f69faa8f-f729-4c00-a978-6c5d097d2722 HTTP/1.1" status: 204 len: 168 time: 0.3492827
2026-07-09 02:40:45.577 10 WARNING neutron_lib.context [None req-9818d834-c3e5-447d-82c2-a942a3014046 955985e4099d4fc6bd34c4dc041108f4 5aa5a518ea0d4697a5cba5c37561937b - - default default] Method 'is_advsvc' is deprecated since 2023.2 release (neutron-lib 3.8.0) and will be removed once support for the old RBAC API policies will be removed from Neutron. Please use method 'is_service_role' instead.
2026-07-09 02:40:45.867 10 WARNING neutron.scheduler.dhcp_agent_scheduler [None req-9818d834-c3e5-447d-82c2-a942a3014046 955985e4099d4fc6bd34c4dc041108f4 5aa5a518ea0d4697a5cba5c37561937b - - default default] No more DHCP agents
2026-07-09 02:40:45.869 10 WARNING neutron.api.rpc.agentnotifiers.dhcp_rpc_agent_api [None req-9818d834-c3e5-447d-82c2-a942a3014046 955985e4099d4fc6bd34c4dc041108f4 5aa5a518ea0d4697a5cba5c37561937b - - default default] Unable to schedule network d4f0c915-d572-4872-94cd-a547cb2e7357: no agents available; will retry on subsequent port and subnet creation events.
2026-07-09 02:40:46.190 10 WARNING neutron.plugins.ml2.drivers.ovn.mech_driver.ovsdb.ovn_client [None req-691743e2-ed53-4581-a866-51f80c7e0a1b - - - - - -] No hosting information found for port b0e0be07-bb48-4017-8750-c6bbd5c7d2c9: RuntimeError: No hosting information found for port b0e0be07-bb48-4017-8750-c6bbd5c7d2c9
2026-07-09 02:40:46.349 10 INFO neutron.db.l3_db [None req-9818d834-c3e5-447d-82c2-a942a3014046 955985e4099d4fc6bd34c4dc041108f4 5aa5a518ea0d4697a5cba5c37561937b - - default default] Floating IP 61beaf3e-225b-4156-81f1-e3adf94c192d associated. External IP: 10.96.250.213, port: a349510c-562e-432c-a762-41faf6eb1e5b.
2026-07-09 02:40:46.546 9 INFO neutron.db.ovn_revision_numbers_db [None req-ff51f737-55d0-450d-af5a-40ca75a5670a 4dcd969ec89f4affb9803efc5fa05c2a 60215a54b14b44d280a19070bdbc0c47 - - default default] Successfully bumped revision number for resource 186f44d9-a5b4-44dd-be1b-8a5073991fab (type: security_groups) to 1
2026-07-09 02:40:46.564 9 INFO neutron.db.ovn_revision_numbers_db [None req-ff51f737-55d0-450d-af5a-40ca75a5670a 4dcd969ec89f4affb9803efc5fa05c2a 60215a54b14b44d280a19070bdbc0c47 - - default default] Successfully bumped revision number for resource 634bd169-a7f4-4651-bdb6-76d3040d34a4 (type: security_group_rules) to 0
2026-07-09 02:40:46.582 9 INFO neutron.db.ovn_revision_numbers_db [None req-ff51f737-55d0-450d-af5a-40ca75a5670a 4dcd969ec89f4affb9803efc5fa05c2a 60215a54b14b44d280a19070bdbc0c47 - - default default] Successfully bumped revision number for resource 8a4626cc-1c46-4d7d-95e6-68e23ebe65cb (type: security_group_rules) to 0
2026-07-09 02:40:46.601 9 INFO neutron.db.ovn_revision_numbers_db [None req-ff51f737-55d0-450d-af5a-40ca75a5670a 4dcd969ec89f4affb9803efc5fa05c2a 60215a54b14b44d280a19070bdbc0c47 - - default default] Successfully bumped revision number for resource e15644a4-6034-4eb4-a2ad-f7fb438a5180 (type: security_group_rules) to 0
2026-07-09 02:40:46.616 9 INFO neutron.db.ovn_revision_numbers_db [None req-ff51f737-55d0-450d-af5a-40ca75a5670a 4dcd969ec89f4affb9803efc5fa05c2a 60215a54b14b44d280a19070bdbc0c47 - - default default] Successfully bumped revision number for resource ff506015-aea1-426b-a621-ce7136308019 (type: security_group_rules) to 0
2026-07-09 02:40:46.672 9 INFO neutron.db.segments_db [None req-ff51f737-55d0-450d-af5a-40ca75a5670a 4dcd969ec89f4affb9803efc5fa05c2a 60215a54b14b44d280a19070bdbc0c47 - - default default] Added segment 0d5912f7-b3f7-4c67-bed6-173894548dd9 of type geneve for network ccb716f7-78c0-420f-964d-56a07c8ea9ba
2026-07-09 02:40:46.740 10 INFO neutron.db.ovn_revision_numbers_db [None req-9818d834-c3e5-447d-82c2-a942a3014046 955985e4099d4fc6bd34c4dc041108f4 5aa5a518ea0d4697a5cba5c37561937b - - default default] Successfully bumped revision number for resource 61beaf3e-225b-4156-81f1-e3adf94c192d (type: floatingips) to 0
2026-07-09 02:40:46.846 9 INFO neutron.db.ovn_revision_numbers_db [None req-ff51f737-55d0-450d-af5a-40ca75a5670a 4dcd969ec89f4affb9803efc5fa05c2a 60215a54b14b44d280a19070bdbc0c47 - - default default] Successfully bumped revision number for resource ccb716f7-78c0-420f-964d-56a07c8ea9ba (type: networks) to 1
2026-07-09 02:40:46.859 10 INFO neutron.db.ovn_revision_numbers_db [None req-9818d834-c3e5-447d-82c2-a942a3014046 955985e4099d4fc6bd34c4dc041108f4 5aa5a518ea0d4697a5cba5c37561937b - - default default] Successfully bumped revision number for resource 61beaf3e-225b-4156-81f1-e3adf94c192d (type: floatingips) to 1
2026-07-09 02:40:46.897 10 INFO neutron.wsgi [None req-9818d834-c3e5-447d-82c2-a942a3014046 955985e4099d4fc6bd34c4dc041108f4 5aa5a518ea0d4697a5cba5c37561937b - - default default] 10.0.0.159 "POST /v2.0/floatingips HTTP/1.1" status: 201 len: 1041 time: 1.3247137
2026-07-09 02:40:46.940 10 INFO neutron.wsgi [None req-6af3e68b-eb73-42c0-b69c-f533ef8766a6 955985e4099d4fc6bd34c4dc041108f4 5aa5a518ea0d4697a5cba5c37561937b - - default default] 10.0.0.159 "GET /v2.0/floatingips/61beaf3e-225b-4156-81f1-e3adf94c192d HTTP/1.1" status: 200 len: 1038 time: 0.0375149
2026-07-09 02:40:47.009 10 INFO neutron.wsgi [None req-eb838cbf-42cb-4a79-9420-da5af2ca2a10 955985e4099d4fc6bd34c4dc041108f4 5aa5a518ea0d4697a5cba5c37561937b - - default default] 10.0.0.159 "GET /v2.0/floatingips HTTP/1.1" status: 200 len: 1041 time: 0.0662479
2026-07-09 02:40:47.025 9 WARNING neutron.scheduler.dhcp_agent_scheduler [None req-ff51f737-55d0-450d-af5a-40ca75a5670a 4dcd969ec89f4affb9803efc5fa05c2a 60215a54b14b44d280a19070bdbc0c47 - - default default] No more DHCP agents
2026-07-09 02:40:47.029 9 WARNING neutron.api.rpc.agentnotifiers.dhcp_rpc_agent_api [None req-ff51f737-55d0-450d-af5a-40ca75a5670a 4dcd969ec89f4affb9803efc5fa05c2a 60215a54b14b44d280a19070bdbc0c47 - - default default] Unable to schedule network ccb716f7-78c0-420f-964d-56a07c8ea9ba: no agents available; will retry on subsequent port and subnet creation events.
2026-07-09 02:40:47.136 9 INFO neutron.db.ovn_revision_numbers_db [None req-ff51f737-55d0-450d-af5a-40ca75a5670a 4dcd969ec89f4affb9803efc5fa05c2a 60215a54b14b44d280a19070bdbc0c47 - - default default] Successfully bumped revision number for resource 24461209-958b-43e3-9b5e-61ab21ce2042 (type: ports) to 1
2026-07-09 02:40:47.159 9 INFO neutron.wsgi [None req-ff51f737-55d0-450d-af5a-40ca75a5670a 4dcd969ec89f4affb9803efc5fa05c2a 60215a54b14b44d280a19070bdbc0c47 - - default default] 10.0.0.159 "POST /v2.0/networks HTTP/1.1" status: 201 len: 939 time: 0.9398746 /var/lib/openstack/lib/python3.10/site-packages/pycadf/identifier.py:71: UserWarning: Invalid uuid: neutron. To ensure interoperability, identifiers should be a valid uuid. warnings.warn(('Invalid uuid: %s. To ensure interoperability, '
2026-07-09 02:40:47.293 10 INFO neutron.db.l3_db [None req-53125dbf-5302-4fe8-b8f1-1707aee98cac 955985e4099d4fc6bd34c4dc041108f4 5aa5a518ea0d4697a5cba5c37561937b - - default default] Floating IP 61beaf3e-225b-4156-81f1-e3adf94c192d associated. External IP: 10.96.250.213, port: a349510c-562e-432c-a762-41faf6eb1e5b.
2026-07-09 02:40:47.307 9 WARNING neutron.scheduler.dhcp_agent_scheduler [None req-b91771ee-99a1-4e93-b9da-591b5c0a6d25 4dcd969ec89f4affb9803efc5fa05c2a 60215a54b14b44d280a19070bdbc0c47 - - default default] No more DHCP agents
2026-07-09 02:40:47.310 9 WARNING neutron.api.rpc.agentnotifiers.dhcp_rpc_agent_api [None req-b91771ee-99a1-4e93-b9da-591b5c0a6d25 4dcd969ec89f4affb9803efc5fa05c2a 60215a54b14b44d280a19070bdbc0c47 - - default default] Unable to schedule network ccb716f7-78c0-420f-964d-56a07c8ea9ba: no agents available; will retry on subsequent port and subnet creation events.
2026-07-09 02:40:47.521 10 INFO neutron.db.ovn_revision_numbers_db [None req-53125dbf-5302-4fe8-b8f1-1707aee98cac 955985e4099d4fc6bd34c4dc041108f4 5aa5a518ea0d4697a5cba5c37561937b - - default default] Successfully bumped revision number for resource 61beaf3e-225b-4156-81f1-e3adf94c192d (type: floatingips) to 2 /var/lib/openstack/lib/python3.10/site-packages/pycadf/identifier.py:71: UserWarning: Invalid uuid: neutron. To ensure interoperability, identifiers should be a valid uuid. warnings.warn(('Invalid uuid: %s. To ensure interoperability, '
2026-07-09 02:40:47.576 9 WARNING neutron_lib.context [None req-7f72b1ba-4f1d-4349-b796-4e722db9842e 33d3714f1b024eb99d6b75be6fd43412 19acc314424b4fd1956fb038cbc8e06a - - default default] Method 'is_advsvc' is deprecated since 2023.2 release (neutron-lib 3.8.0) and will be removed once support for the old RBAC API policies will be removed from Neutron. Please use method 'is_service_role' instead.
2026-07-09 02:40:47.577 9 WARNING neutron_lib.context [None req-7f72b1ba-4f1d-4349-b796-4e722db9842e 33d3714f1b024eb99d6b75be6fd43412 19acc314424b4fd1956fb038cbc8e06a - - default default] Method 'is_advsvc' is deprecated since 2023.2 release (neutron-lib 3.8.0) and will be removed once support for the old RBAC API policies will be removed from Neutron. Please use method 'is_service_role' instead.
2026-07-09 02:40:47.639 10 INFO neutron.db.ovn_revision_numbers_db [None req-53125dbf-5302-4fe8-b8f1-1707aee98cac 955985e4099d4fc6bd34c4dc041108f4 5aa5a518ea0d4697a5cba5c37561937b - - default default] Successfully bumped revision number for resource 61beaf3e-225b-4156-81f1-e3adf94c192d (type: floatingips) to 2
2026-07-09 02:40:47.690 10 INFO neutron.wsgi [None req-53125dbf-5302-4fe8-b8f1-1707aee98cac 955985e4099d4fc6bd34c4dc041108f4 5aa5a518ea0d4697a5cba5c37561937b - - default default] 10.0.0.159 "PUT /v2.0/floatingips/61beaf3e-225b-4156-81f1-e3adf94c192d HTTP/1.1" status: 200 len: 1039 time: 0.6740208 /var/lib/openstack/lib/python3.10/site-packages/pycadf/identifier.py:71: UserWarning: Invalid uuid: neutron. To ensure interoperability, identifiers should be a valid uuid. warnings.warn(('Invalid uuid: %s. To ensure interoperability, '
