2026-07-09 02:44:08.802 9 INFO neutron.wsgi [None req-209795a7-da63-49f4-822e-77f05f008f7a c5ad7e75f64b42e9852ce5e37b883742 cb3c09e036514e6da4ab5db55740269f - - default default] 10.0.0.159 "PUT /v2.0/routers/90d1d8c8-c602-44e5-9601-6b028de261f2/tags/black.or.white HTTP/1.1" status: 201 len: 201 time: 0.0666175
2026-07-09 02:44:08.860 9 INFO neutron.wsgi [None req-d62a9a86-1c92-441d-a419-9f1efdf3616b c5ad7e75f64b42e9852ce5e37b883742 cb3c09e036514e6da4ab5db55740269f - - default default] 10.0.0.159 "GET /v2.0/routers/90d1d8c8-c602-44e5-9601-6b028de261f2/tags HTTP/1.1" status: 200 len: 245 time: 0.0516057
2026-07-09 02:44:08.927 9 INFO neutron.wsgi [None req-181926f8-55c1-4b20-9a89-b5e8e1d273ca c5ad7e75f64b42e9852ce5e37b883742 cb3c09e036514e6da4ab5db55740269f - - default default] 10.0.0.159 "PUT /v2.0/routers/90d1d8c8-c602-44e5-9601-6b028de261f2/tags HTTP/1.1" status: 200 len: 230 time: 0.0624721
2026-07-09 02:44:08.987 9 INFO neutron.wsgi [None req-3277154b-d44a-4546-8263-c02d12323782 c5ad7e75f64b42e9852ce5e37b883742 cb3c09e036514e6da4ab5db55740269f - - default default] 10.0.0.159 "GET /v2.0/routers/90d1d8c8-c602-44e5-9601-6b028de261f2/tags HTTP/1.1" status: 200 len: 230 time: 0.0544751
2026-07-09 02:44:09.052 9 INFO neutron.wsgi [None req-f779a050-f17b-4251-a2d4-e975ec567b82 c5ad7e75f64b42e9852ce5e37b883742 cb3c09e036514e6da4ab5db55740269f - - default default] 10.0.0.159 "GET /v2.0/routers/90d1d8c8-c602-44e5-9601-6b028de261f2/tags/red HTTP/1.1" status: 204 len: 168 time: 0.0592906
2026-07-09 02:44:09.104 9 INFO neutron.api.v2.resource [None req-81bc0737-0013-4d8d-b0e3-2c377b42ba41 c5ad7e75f64b42e9852ce5e37b883742 cb3c09e036514e6da4ab5db55740269f - - default default] show failed (client error): The resource could not be found.
2026-07-09 02:44:09.106 9 INFO neutron.wsgi [None req-81bc0737-0013-4d8d-b0e3-2c377b42ba41 c5ad7e75f64b42e9852ce5e37b883742 cb3c09e036514e6da4ab5db55740269f - - default default] 10.0.0.159 "GET /v2.0/routers/90d1d8c8-c602-44e5-9601-6b028de261f2/tags/green HTTP/1.1" status: 404 len: 299 time: 0.0504420
2026-07-09 02:44:09.180 9 INFO neutron.wsgi [None req-1ed485e5-9788-4c18-9e34-0f111f31a44b c5ad7e75f64b42e9852ce5e37b883742 cb3c09e036514e6da4ab5db55740269f - - default default] 10.0.0.159 "DELETE /v2.0/routers/90d1d8c8-c602-44e5-9601-6b028de261f2/tags/red HTTP/1.1" status: 204 len: 168 time: 0.0684423
2026-07-09 02:44:09.239 9 INFO neutron.wsgi [None req-c6ba481f-cbfd-4af4-b973-9e6f10ba142c c5ad7e75f64b42e9852ce5e37b883742 cb3c09e036514e6da4ab5db55740269f - - default default] 10.0.0.159 "GET /v2.0/routers/90d1d8c8-c602-44e5-9601-6b028de261f2/tags HTTP/1.1" status: 200 len: 223 time: 0.0544271
2026-07-09 02:44:09.295 9 INFO neutron.api.v2.resource [None req-a53c96da-236e-4ec5-8343-0b31e5277652 c5ad7e75f64b42e9852ce5e37b883742 cb3c09e036514e6da4ab5db55740269f - - default default] delete failed (client error): The resource could not be found.
2026-07-09 02:44:09.297 9 INFO neutron.wsgi [None req-a53c96da-236e-4ec5-8343-0b31e5277652 c5ad7e75f64b42e9852ce5e37b883742 cb3c09e036514e6da4ab5db55740269f - - default default] 10.0.0.159 "DELETE /v2.0/routers/90d1d8c8-c602-44e5-9601-6b028de261f2/tags/green HTTP/1.1" status: 404 len: 299 time: 0.0532587
2026-07-09 02:44:09.364 9 INFO neutron.wsgi [None req-9eb8b7fe-256c-4c63-b40b-a5e7826e277a c5ad7e75f64b42e9852ce5e37b883742 cb3c09e036514e6da4ab5db55740269f - - default default] 10.0.0.159 "DELETE /v2.0/routers/90d1d8c8-c602-44e5-9601-6b028de261f2/tags HTTP/1.1" status: 204 len: 168 time: 0.0609477
2026-07-09 02:44:09.453 10 WARNING neutron_lib.context [None req-02b82427-4b85-43e5-8bb3-b7ddeb78672a c80d9084a84b47d5bdf6ba366da5b8c3 dbaa6fbfba2f472bb27af701d1a13c0a - - default default] Method 'is_advsvc' is deprecated since 2023.2 release (neutron-lib 3.8.0) and will be removed once support for the old RBAC API policies will be removed from Neutron. Please use method 'is_service_role' instead.
2026-07-09 02:44:09.516 10 INFO neutron.wsgi [None req-02b82427-4b85-43e5-8bb3-b7ddeb78672a c80d9084a84b47d5bdf6ba366da5b8c3 dbaa6fbfba2f472bb27af701d1a13c0a - - default default] 10.0.0.159 "POST /v2.0/subnetpools HTTP/1.1" status: 201 len: 715 time: 0.2302287
2026-07-09 02:44:09.527 10 WARNING neutron_lib.context [None req-22dbea5d-260a-4285-ae8e-f4a3f0fe1217 c80d9084a84b47d5bdf6ba366da5b8c3 dbaa6fbfba2f472bb27af701d1a13c0a - - default default] Method 'is_advsvc' is deprecated since 2023.2 release (neutron-lib 3.8.0) and will be removed once support for the old RBAC API policies will be removed from Neutron. Please use method 'is_service_role' instead.
2026-07-09 02:44:09.586 10 INFO neutron.wsgi [None req-22dbea5d-260a-4285-ae8e-f4a3f0fe1217 c80d9084a84b47d5bdf6ba366da5b8c3 dbaa6fbfba2f472bb27af701d1a13c0a - - default default] 10.0.0.159 "POST /v2.0/subnetpools HTTP/1.1" status: 201 len: 715 time: 0.0652559
2026-07-09 02:44:09.596 10 WARNING neutron_lib.context [None req-d5e3b776-5727-4c0c-9a15-c4d438184565 c80d9084a84b47d5bdf6ba366da5b8c3 dbaa6fbfba2f472bb27af701d1a13c0a - - default default] Method 'is_advsvc' is deprecated since 2023.2 release (neutron-lib 3.8.0) and will be removed once support for the old RBAC API policies will be removed from Neutron. Please use method 'is_service_role' instead.
2026-07-09 02:44:09.637 10 INFO neutron.wsgi [None req-d5e3b776-5727-4c0c-9a15-c4d438184565 c80d9084a84b47d5bdf6ba366da5b8c3 dbaa6fbfba2f472bb27af701d1a13c0a - - default default] 10.0.0.159 "POST /v2.0/subnetpools HTTP/1.1" status: 201 len: 715 time: 0.0448854
2026-07-09 02:44:09.646 10 WARNING neutron_lib.context [None req-88c50183-2faa-4449-a7ab-5d1142ad4a4d c80d9084a84b47d5bdf6ba366da5b8c3 dbaa6fbfba2f472bb27af701d1a13c0a - - default default] Method 'is_advsvc' is deprecated since 2023.2 release (neutron-lib 3.8.0) and will be removed once support for the old RBAC API policies will be removed from Neutron. Please use method 'is_service_role' instead.
2026-07-09 02:44:09.686 9 INFO neutron.wsgi [None req-2d6dc344-962a-4af7-a015-573dccd96523 c5ad7e75f64b42e9852ce5e37b883742 cb3c09e036514e6da4ab5db55740269f - - default default] 10.0.0.159 "GET /v2.0/routers/90d1d8c8-c602-44e5-9601-6b028de261f2/tags HTTP/1.1" status: 200 len: 205 time: 0.3160927
2026-07-09 02:44:09.689 10 INFO neutron.wsgi [None req-88c50183-2faa-4449-a7ab-5d1142ad4a4d c80d9084a84b47d5bdf6ba366da5b8c3 dbaa6fbfba2f472bb27af701d1a13c0a - - default default] 10.0.0.159 "POST /v2.0/subnetpools HTTP/1.1" status: 201 len: 715 time: 0.0475812
2026-07-09 02:44:09.698 9 WARNING neutron_lib.context [None req-e1210c74-db0d-47d7-81a3-d5b90288332b c80d9084a84b47d5bdf6ba366da5b8c3 dbaa6fbfba2f472bb27af701d1a13c0a - - default default] Method 'is_advsvc' is deprecated since 2023.2 release (neutron-lib 3.8.0) and will be removed once support for the old RBAC API policies will be removed from Neutron. Please use method 'is_service_role' instead.
2026-07-09 02:44:09.747 10 INFO neutron.wsgi [None req-555875ef-625d-4f2c-99f8-dde6aa0059a5 c5ad7e75f64b42e9852ce5e37b883742 cb3c09e036514e6da4ab5db55740269f - - default default] 10.0.0.159 "GET /v2.0/routers/90d1d8c8-c602-44e5-9601-6b028de261f2 HTTP/1.1" status: 200 len: 655 time: 0.0543721
2026-07-09 02:44:09.753 9 INFO neutron.wsgi [None req-e1210c74-db0d-47d7-81a3-d5b90288332b c80d9084a84b47d5bdf6ba366da5b8c3 dbaa6fbfba2f472bb27af701d1a13c0a - - default default] 10.0.0.159 "POST /v2.0/subnetpools HTTP/1.1" status: 201 len: 715 time: 0.0586827
2026-07-09 02:44:09.825 10 INFO neutron.wsgi [None req-48411e3b-70dd-4bdb-96fd-fc3f4d244461 c80d9084a84b47d5bdf6ba366da5b8c3 dbaa6fbfba2f472bb27af701d1a13c0a - - default default] 10.0.0.159 "PUT /v2.0/subnetpools/cf591c72-09d4-4a4d-b83a-3e22ee46ef49/tags HTTP/1.1" status: 200 len: 210 time: 0.0680184
2026-07-09 02:44:09.874 9 INFO neutron.wsgi [None req-97742b43-a9ff-4a80-a910-3826799d1bee c80d9084a84b47d5bdf6ba366da5b8c3 dbaa6fbfba2f472bb27af701d1a13c0a - - default default] 10.0.0.159 "PUT /v2.0/subnetpools/6dbc429b-231d-42c2-8cea-0d38d8f50462/tags HTTP/1.1" status: 200 len: 218 time: 0.0431199
2026-07-09 02:44:09.913 9 INFO neutron.wsgi [None req-3dfc36c4-e853-42e5-8dc2-301d9dd77d2e c80d9084a84b47d5bdf6ba366da5b8c3 dbaa6fbfba2f472bb27af701d1a13c0a - - default default] 10.0.0.159 "PUT /v2.0/subnetpools/bc05c287-be67-43af-84cf-a3ec4620b2f2/tags HTTP/1.1" status: 200 len: 227 time: 0.0350249
2026-07-09 02:44:09.986 10 INFO neutron.wsgi [None req-7525fd94-7728-49c9-b1b5-45d017c01245 c80d9084a84b47d5bdf6ba366da5b8c3 dbaa6fbfba2f472bb27af701d1a13c0a - - default default] 10.0.0.159 "PUT /v2.0/subnetpools/0329ad84-4dd5-472e-ab7b-278843092364/tags HTTP/1.1" status: 200 len: 212 time: 0.0682864
2026-07-09 02:44:10.025 10 INFO neutron.wsgi [None req-a99279d4-6899-4709-bfbb-64eb9f042744 c80d9084a84b47d5bdf6ba366da5b8c3 dbaa6fbfba2f472bb27af701d1a13c0a - - default default] 10.0.0.159 "GET /v2.0/subnetpools?tags=red HTTP/1.1" status: 200 len: 1758 time: 0.0327981
2026-07-09 02:44:10.056 9 INFO neutron.wsgi [None req-c2c439d9-0a4e-44f7-b583-5813753a0172 c80d9084a84b47d5bdf6ba366da5b8c3 dbaa6fbfba2f472bb27af701d1a13c0a - - default default] 10.0.0.159 "GET /v2.0/subnetpools?tags=red%2Cblue HTTP/1.1" status: 200 len: 1251 time: 0.0240865
2026-07-09 02:44:10.086 9 INFO neutron.wsgi [None req-d96e5352-42d1-4de2-b2e4-7f6e6d5a640b c80d9084a84b47d5bdf6ba366da5b8c3 dbaa6fbfba2f472bb27af701d1a13c0a - - default default] 10.0.0.159 "GET /v2.0/subnetpools?tags-any=blue HTTP/1.1" status: 200 len: 1251 time: 0.0255268
2026-07-09 02:44:10.117 9 INFO neutron.wsgi [None req-260b7cdc-af2f-4901-9585-ca15a20d7512 c80d9084a84b47d5bdf6ba366da5b8c3 dbaa6fbfba2f472bb27af701d1a13c0a - - default default] 10.0.0.159 "GET /v2.0/subnetpools?tags-any=red%2Cblue HTTP/1.1" status: 200 len: 1758 time: 0.0259507
2026-07-09 02:44:10.145 9 INFO neutron.wsgi [None req-7040cabc-1626-4a25-a9a7-8394d749c679 c80d9084a84b47d5bdf6ba366da5b8c3 dbaa6fbfba2f472bb27af701d1a13c0a - - default default] 10.0.0.159 "GET /v2.0/subnetpools?not-tags=red HTTP/1.1" status: 200 len: 1223 time: 0.0233252
2026-07-09 02:44:10.172 9 INFO neutron.wsgi [None req-3519285d-c049-48cb-a303-8894b2caa343 c80d9084a84b47d5bdf6ba366da5b8c3 dbaa6fbfba2f472bb27af701d1a13c0a - - default default] 10.0.0.159 "GET /v2.0/subnetpools?not-tags=red%2Cblue HTTP/1.1" status: 200 len: 1730 time: 0.0211163
2026-07-09 02:44:10.208 9 INFO neutron.wsgi [None req-74cab137-7461-4ebc-b953-8e440d99ae47 c80d9084a84b47d5bdf6ba366da5b8c3 dbaa6fbfba2f472bb27af701d1a13c0a - - default default] 10.0.0.159 "GET /v2.0/subnetpools?not-tags-any=blue HTTP/1.1" status: 200 len: 1730 time: 0.0292490
2026-07-09 02:44:10.225 10 INFO neutron.db.ovn_revision_numbers_db [None req-a79f4818-3a31-4bf4-aba2-26591c358609 c5ad7e75f64b42e9852ce5e37b883742 cb3c09e036514e6da4ab5db55740269f - - default default] Successfully bumped revision number for resource 90d1d8c8-c602-44e5-9601-6b028de261f2 (type: routers) to 7
2026-07-09 02:44:10.229 10 INFO neutron.wsgi [None req-a79f4818-3a31-4bf4-aba2-26591c358609 c5ad7e75f64b42e9852ce5e37b883742 cb3c09e036514e6da4ab5db55740269f - - default default] 10.0.0.159 "PUT /v2.0/routers/90d1d8c8-c602-44e5-9601-6b028de261f2 HTTP/1.1" status: 200 len: 655 time: 0.4781601
2026-07-09 02:44:10.231 9 INFO neutron.wsgi [None req-de4fea51-b902-47a4-8b6c-9bfde47e02a3 c80d9084a84b47d5bdf6ba366da5b8c3 dbaa6fbfba2f472bb27af701d1a13c0a - - default default] 10.0.0.159 "GET /v2.0/subnetpools?not-tags-any=red%2Cblue HTTP/1.1" status: 200 len: 1223 time: 0.0176680
2026-07-09 02:44:10.251 9 INFO neutron.wsgi [None req-d6166701-40ca-439f-b9ac-8fab00fcb924 c5ad7e75f64b42e9852ce5e37b883742 cb3c09e036514e6da4ab5db55740269f - - default default] 10.0.0.159 "GET /v2.0/ports?device_id=90d1d8c8-c602-44e5-9601-6b028de261f2 HTTP/1.1" status: 200 len: 205 time: 0.0175517
2026-07-09 02:44:10.299 10 INFO neutron.wsgi [None req-9332e045-f01a-4386-b282-0be9f4a55918 c80d9084a84b47d5bdf6ba366da5b8c3 dbaa6fbfba2f472bb27af701d1a13c0a - - default default] 10.0.0.159 "DELETE /v2.0/subnetpools/cf591c72-09d4-4a4d-b83a-3e22ee46ef49 HTTP/1.1" status: 204 len: 168 time: 0.0627708
2026-07-09 02:44:10.351 10 INFO neutron.wsgi [None req-2df6b7ea-d972-468b-9ea7-8a6d92366e47 c80d9084a84b47d5bdf6ba366da5b8c3 dbaa6fbfba2f472bb27af701d1a13c0a - - default default] 10.0.0.159 "DELETE /v2.0/subnetpools/6dbc429b-231d-42c2-8cea-0d38d8f50462 HTTP/1.1" status: 204 len: 168 time: 0.0472333
2026-07-09 02:44:10.407 10 INFO neutron.wsgi [None req-fe1e1dba-4440-49ef-ac80-0400f7c052a9 c80d9084a84b47d5bdf6ba366da5b8c3 dbaa6fbfba2f472bb27af701d1a13c0a - - default default] 10.0.0.159 "DELETE /v2.0/subnetpools/bc05c287-be67-43af-84cf-a3ec4620b2f2 HTTP/1.1" status: 204 len: 168 time: 0.0505581
2026-07-09 02:44:10.477 10 INFO neutron.wsgi [None req-0e5dda8b-1f2e-43aa-af39-296f40fd7905 c80d9084a84b47d5bdf6ba366da5b8c3 dbaa6fbfba2f472bb27af701d1a13c0a - - default default] 10.0.0.159 "DELETE /v2.0/subnetpools/0329ad84-4dd5-472e-ab7b-278843092364 HTTP/1.1" status: 204 len: 168 time: 0.0652919
2026-07-09 02:44:10.517 9 INFO neutron.wsgi [None req-424e5517-76ec-46f9-a73a-f9a21b476ba6 c5ad7e75f64b42e9852ce5e37b883742 cb3c09e036514e6da4ab5db55740269f - - default default] 10.0.0.159 "DELETE /v2.0/routers/90d1d8c8-c602-44e5-9601-6b028de261f2 HTTP/1.1" status: 204 len: 168 time: 0.2619519
2026-07-09 02:44:10.550 10 INFO neutron.wsgi [None req-da5f2bc6-0971-42f2-b530-4a2545aa0df2 c80d9084a84b47d5bdf6ba366da5b8c3 dbaa6fbfba2f472bb27af701d1a13c0a - - default default] 10.0.0.159 "DELETE /v2.0/subnetpools/281acdd1-d928-4821-b354-30b5c17e4f3d HTTP/1.1" status: 204 len: 168 time: 0.0661991
2026-07-09 02:44:11.513 9 INFO neutron.db.ovn_revision_numbers_db [None req-ac7a6827-fe86-41b5-b731-717ae11ed063 4dcd969ec89f4affb9803efc5fa05c2a 60215a54b14b44d280a19070bdbc0c47 - - default default] Successfully bumped revision number for resource 2c3e5508-a6fb-4142-86f7-d40ccade8a64 (type: security_groups) to 1
2026-07-09 02:44:11.515 9 INFO neutron.db.ovn_revision_numbers_db [None req-91bbef17-8b8a-4cfe-a9b6-e2ffd336e7b0 4dcd969ec89f4affb9803efc5fa05c2a 60215a54b14b44d280a19070bdbc0c47 - - default default] Successfully bumped revision number for resource faab7a12-9c04-4e21-9fc3-1750210e09c9 (type: security_groups) to 1
2026-07-09 02:44:11.529 9 INFO neutron.db.ovn_revision_numbers_db [None req-ac7a6827-fe86-41b5-b731-717ae11ed063 4dcd969ec89f4affb9803efc5fa05c2a 60215a54b14b44d280a19070bdbc0c47 - - default default] Successfully bumped revision number for resource 065a34df-dd94-4c81-b1c6-2ce5bd7c6346 (type: security_group_rules) to 0
2026-07-09 02:44:11.533 9 INFO neutron.db.ovn_revision_numbers_db [None req-91bbef17-8b8a-4cfe-a9b6-e2ffd336e7b0 4dcd969ec89f4affb9803efc5fa05c2a 60215a54b14b44d280a19070bdbc0c47 - - default default] Successfully bumped revision number for resource 10faa257-b8b5-4e25-9367-80675306dedb (type: security_group_rules) to 0
2026-07-09 02:44:11.543 9 INFO neutron.db.ovn_revision_numbers_db [None req-ac7a6827-fe86-41b5-b731-717ae11ed063 4dcd969ec89f4affb9803efc5fa05c2a 60215a54b14b44d280a19070bdbc0c47 - - default default] Successfully bumped revision number for resource b77c74e0-765b-4f6b-900f-f1ffbbdca36c (type: security_group_rules) to 0
2026-07-09 02:44:11.548 9 INFO neutron.db.ovn_revision_numbers_db [None req-91bbef17-8b8a-4cfe-a9b6-e2ffd336e7b0 4dcd969ec89f4affb9803efc5fa05c2a 60215a54b14b44d280a19070bdbc0c47 - - default default] Successfully bumped revision number for resource 5ee21103-091a-42ba-b561-70b79c3ecc6b (type: security_group_rules) to 0
2026-07-09 02:44:11.557 9 INFO neutron.db.ovn_revision_numbers_db [None req-ac7a6827-fe86-41b5-b731-717ae11ed063 4dcd969ec89f4affb9803efc5fa05c2a 60215a54b14b44d280a19070bdbc0c47 - - default default] Successfully bumped revision number for resource ce12165b-5f4b-4260-a1dc-b5fe30efb225 (type: security_group_rules) to 0
2026-07-09 02:44:11.560 9 INFO neutron.db.ovn_revision_numbers_db [None req-91bbef17-8b8a-4cfe-a9b6-e2ffd336e7b0 4dcd969ec89f4affb9803efc5fa05c2a 60215a54b14b44d280a19070bdbc0c47 - - default default] Successfully bumped revision number for resource 68890c8d-a0d4-46a7-897a-427f1db61d28 (type: security_group_rules) to 0
2026-07-09 02:44:11.569 9 INFO neutron.db.ovn_revision_numbers_db [None req-ac7a6827-fe86-41b5-b731-717ae11ed063 4dcd969ec89f4affb9803efc5fa05c2a 60215a54b14b44d280a19070bdbc0c47 - - default default] Successfully bumped revision number for resource cfb75dcb-8ca6-43ab-bee2-ac722ab9b454 (type: security_group_rules) to 0
2026-07-09 02:44:11.580 9 INFO neutron.db.ovn_revision_numbers_db [None req-91bbef17-8b8a-4cfe-a9b6-e2ffd336e7b0 4dcd969ec89f4affb9803efc5fa05c2a 60215a54b14b44d280a19070bdbc0c47 - - default default] Successfully bumped revision number for resource ea720c22-80ae-4597-a113-c5c8337b0cb6 (type: security_group_rules) to 0
2026-07-09 02:44:11.600 9 INFO neutron.wsgi [None req-ac7a6827-fe86-41b5-b731-717ae11ed063 4dcd969ec89f4affb9803efc5fa05c2a 60215a54b14b44d280a19070bdbc0c47 - - default default] 10.0.0.159 "GET /v2.0/security-groups?tenant_id=63cc809d40724bd993406e0fb3632ece&name=default HTTP/1.1" status: 200 len: 3000 time: 0.3214037
2026-07-09 02:44:11.603 9 INFO neutron.wsgi [None req-91bbef17-8b8a-4cfe-a9b6-e2ffd336e7b0 4dcd969ec89f4affb9803efc5fa05c2a 60215a54b14b44d280a19070bdbc0c47 - - default default] 10.0.0.159 "GET /v2.0/security-groups?tenant_id=59d2634d0fc04445b7fa9e4162b0c544&name=default HTTP/1.1" status: 200 len: 3000 time: 0.3943763
2026-07-09 02:44:11.755 9 INFO neutron.wsgi [None req-3313b88d-6696-4464-8488-a5aa2a1143e2 4dcd969ec89f4affb9803efc5fa05c2a 60215a54b14b44d280a19070bdbc0c47 - - default default] 10.0.0.159 "DELETE /v2.0/security-groups/2c3e5508-a6fb-4142-86f7-d40ccade8a64 HTTP/1.1" status: 204 len: 168 time: 0.1501384
2026-07-09 02:44:11.810 10 INFO neutron.wsgi [None req-a5dd5867-03cd-4ef3-9b47-8a1b9f53be26 4dcd969ec89f4affb9803efc5fa05c2a 60215a54b14b44d280a19070bdbc0c47 - - default default] 10.0.0.159 "DELETE /v2.0/security-groups/faab7a12-9c04-4e21-9fc3-1750210e09c9 HTTP/1.1" status: 204 len: 168 time: 0.2030180
2026-07-09 02:44:11.888 9 INFO neutron.wsgi [-] 10.0.0.36 "GET / HTTP/1.1" status: 200 len: 247 time: 0.0012124
2026-07-09 02:44:11.890 10 INFO neutron.wsgi [-] 10.0.0.36 "GET / HTTP/1.1" status: 200 len: 247 time: 0.0025508
2026-07-09 02:44:11.938 9 INFO neutron.db.ovn_revision_numbers_db [None req-3e47f6d8-ecaa-4ac6-8564-1b0b99961f09 4dcd969ec89f4affb9803efc5fa05c2a 60215a54b14b44d280a19070bdbc0c47 - - default default] Successfully bumped revision number for resource 6d4139c9-3bd9-4963-bade-96635a96cda6 (type: security_groups) to 1
2026-07-09 02:44:11.952 9 INFO neutron.db.ovn_revision_numbers_db [None req-3e47f6d8-ecaa-4ac6-8564-1b0b99961f09 4dcd969ec89f4affb9803efc5fa05c2a 60215a54b14b44d280a19070bdbc0c47 - - default default] Successfully bumped revision number for resource af516b8c-dd43-4472-9986-e91ad1620880 (type: security_group_rules) to 0
2026-07-09 02:44:11.972 9 INFO neutron.db.ovn_revision_numbers_db [None req-3e47f6d8-ecaa-4ac6-8564-1b0b99961f09 4dcd969ec89f4affb9803efc5fa05c2a 60215a54b14b44d280a19070bdbc0c47 - - default default] Successfully bumped revision number for resource bd3e9690-af02-4516-a65c-cd52ff4dc394 (type: security_group_rules) to 0
2026-07-09 02:44:11.986 9 INFO neutron.db.ovn_revision_numbers_db [None req-3e47f6d8-ecaa-4ac6-8564-1b0b99961f09 4dcd969ec89f4affb9803efc5fa05c2a 60215a54b14b44d280a19070bdbc0c47 - - default default] Successfully bumped revision number for resource d883c226-f78d-4ee6-9b80-7828d1ba3f3d (type: security_group_rules) to 0
2026-07-09 02:44:12.002 9 INFO neutron.db.ovn_revision_numbers_db [None req-3e47f6d8-ecaa-4ac6-8564-1b0b99961f09 4dcd969ec89f4affb9803efc5fa05c2a 60215a54b14b44d280a19070bdbc0c47 - - default default] Successfully bumped revision number for resource f10945f0-dbab-4d81-aef5-892dd395a445 (type: security_group_rules) to 0
2026-07-09 02:44:12.033 9 INFO neutron.wsgi [None req-3e47f6d8-ecaa-4ac6-8564-1b0b99961f09 4dcd969ec89f4affb9803efc5fa05c2a 60215a54b14b44d280a19070bdbc0c47 - - default default] 10.0.0.159 "GET /v2.0/security-groups?tenant_id=dbaa6fbfba2f472bb27af701d1a13c0a&name=default HTTP/1.1" status: 200 len: 3000 time: 0.1906712
2026-07-09 02:44:12.078 9 INFO neutron.db.ovn_revision_numbers_db [None req-61e5e75d-50aa-44d5-a48a-004adda700b7 4dcd969ec89f4affb9803efc5fa05c2a 60215a54b14b44d280a19070bdbc0c47 - - default default] Successfully bumped revision number for resource be26ed47-732c-4afe-9f2c-e4d809b32946 (type: security_groups) to 1
2026-07-09 02:44:12.093 9 INFO neutron.db.ovn_revision_numbers_db [None req-61e5e75d-50aa-44d5-a48a-004adda700b7 4dcd969ec89f4affb9803efc5fa05c2a 60215a54b14b44d280a19070bdbc0c47 - - default default] Successfully bumped revision number for resource 10e94ea9-4f68-4f51-8356-411a3be744d7 (type: security_group_rules) to 0
2026-07-09 02:44:12.106 9 INFO neutron.db.ovn_revision_numbers_db [None req-61e5e75d-50aa-44d5-a48a-004adda700b7 4dcd969ec89f4affb9803efc5fa05c2a 60215a54b14b44d280a19070bdbc0c47 - - default default] Successfully bumped revision number for resource 75c25b42-13cd-4862-b7dd-d30823befb71 (type: security_group_rules) to 0
2026-07-09 02:44:12.127 9 INFO neutron.db.ovn_revision_numbers_db [None req-61e5e75d-50aa-44d5-a48a-004adda700b7 4dcd969ec89f4affb9803efc5fa05c2a 60215a54b14b44d280a19070bdbc0c47 - - default default] Successfully bumped revision number for resource b0efca58-0664-4876-9b03-a8784c48251a (type: security_group_rules) to 0
2026-07-09 02:44:12.142 9 INFO neutron.db.ovn_revision_numbers_db [None req-61e5e75d-50aa-44d5-a48a-004adda700b7 4dcd969ec89f4affb9803efc5fa05c2a 60215a54b14b44d280a19070bdbc0c47 - - default default] Successfully bumped revision number for resource bb1bd5d3-f707-484a-b698-c0ba227199d4 (type: security_group_rules) to 0
2026-07-09 02:44:12.174 9 INFO neutron.wsgi [None req-61e5e75d-50aa-44d5-a48a-004adda700b7 4dcd969ec89f4affb9803efc5fa05c2a 60215a54b14b44d280a19070bdbc0c47 - - default default] 10.0.0.159 "GET /v2.0/security-groups?tenant_id=cb3c09e036514e6da4ab5db55740269f&name=default HTTP/1.1" status: 200 len: 3000 time: 0.2227197
2026-07-09 02:44:12.270 10 INFO neutron.wsgi [None req-ff27598d-2c8d-4e95-9cf5-ca74a8e9d21a 4dcd969ec89f4affb9803efc5fa05c2a 60215a54b14b44d280a19070bdbc0c47 - - default default] 10.0.0.159 "DELETE /v2.0/security-groups/6d4139c9-3bd9-4963-bade-96635a96cda6 HTTP/1.1" status: 204 len: 168 time: 0.2287385
2026-07-09 02:44:12.372 9 INFO neutron.wsgi [None req-5a8d64e5-fb1e-4dec-b9c0-6828c1da639f 4dcd969ec89f4affb9803efc5fa05c2a 60215a54b14b44d280a19070bdbc0c47 - - default default] 10.0.0.159 "DELETE /v2.0/security-groups/be26ed47-732c-4afe-9f2c-e4d809b32946 HTTP/1.1" status: 204 len: 168 time: 0.1929927
2026-07-09 02:44:12.520 9 INFO neutron.db.ovn_revision_numbers_db [None req-df17f34a-efb5-430e-a179-d8383ceb1994 4dcd969ec89f4affb9803efc5fa05c2a 60215a54b14b44d280a19070bdbc0c47 - - default default] Successfully bumped revision number for resource 0163c91e-4c3f-4914-b9e9-589791c62774 (type: security_groups) to 1
2026-07-09 02:44:12.538 9 INFO neutron.db.ovn_revision_numbers_db [None req-df17f34a-efb5-430e-a179-d8383ceb1994 4dcd969ec89f4affb9803efc5fa05c2a 60215a54b14b44d280a19070bdbc0c47 - - default default] Successfully bumped revision number for resource 368ec5e6-33f8-4bd7-a249-c909082a0b69 (type: security_group_rules) to 0
2026-07-09 02:44:12.565 9 INFO neutron.db.ovn_revision_numbers_db [None req-df17f34a-efb5-430e-a179-d8383ceb1994 4dcd969ec89f4affb9803efc5fa05c2a 60215a54b14b44d280a19070bdbc0c47 - - default default] Successfully bumped revision number for resource 3b27a1e2-3ca0-4700-8cf1-8d8cec2a71d5 (type: security_group_rules) to 0
2026-07-09 02:44:12.582 9 INFO neutron.db.ovn_revision_numbers_db [None req-df17f34a-efb5-430e-a179-d8383ceb1994 4dcd969ec89f4affb9803efc5fa05c2a 60215a54b14b44d280a19070bdbc0c47 - - default default] Successfully bumped revision number for resource 3cdb5df9-962e-4604-8add-e19747f310d8 (type: security_group_rules) to 0
2026-07-09 02:44:12.594 9 INFO neutron.db.ovn_revision_numbers_db [None req-df17f34a-efb5-430e-a179-d8383ceb1994 4dcd969ec89f4affb9803efc5fa05c2a 60215a54b14b44d280a19070bdbc0c47 - - default default] Successfully bumped revision number for resource 92f3fd5a-6906-47b3-af12-1924efa1b2d5 (type: security_group_rules) to 0
2026-07-09 02:44:12.617 9 INFO neutron.wsgi [None req-df17f34a-efb5-430e-a179-d8383ceb1994 4dcd969ec89f4affb9803efc5fa05c2a 60215a54b14b44d280a19070bdbc0c47 - - default default] 10.0.0.159 "GET /v2.0/security-groups?tenant_id=cbef1bd2b4a348899d8464afbbfeb6e1&name=default HTTP/1.1" status: 200 len: 3000 time: 0.2224803
2026-07-09 02:44:12.850 9 INFO neutron.wsgi [None req-3cbc1918-24a5-438c-9237-03368aa89cb4 4dcd969ec89f4affb9803efc5fa05c2a 60215a54b14b44d280a19070bdbc0c47 - - default default] 10.0.0.159 "DELETE /v2.0/security-groups/0163c91e-4c3f-4914-b9e9-589791c62774 HTTP/1.1" status: 204 len: 168 time: 0.2274613
2026-07-09 02:44:15.820 9 WARNING neutron_lib.context [None req-0929125e-a360-4ef7-b9ae-b8ef3c5b6088 021830b7d4694ff98b02d47de484ede6 65a166addf584680be3941560f9ac22d - - default default] Method 'is_advsvc' is deprecated since 2023.2 release (neutron-lib 3.8.0) and will be removed once support for the old RBAC API policies will be removed from Neutron. Please use method 'is_service_role' instead.
2026-07-09 02:44:15.943 9 INFO neutron.db.ovn_revision_numbers_db [None req-0929125e-a360-4ef7-b9ae-b8ef3c5b6088 021830b7d4694ff98b02d47de484ede6 65a166addf584680be3941560f9ac22d - - default default] Successfully bumped revision number for resource 22f94aca-543c-44b0-9e4a-647166b78947 (type: security_groups) to 1
2026-07-09 02:44:15.957 9 INFO neutron.db.ovn_revision_numbers_db [None req-0929125e-a360-4ef7-b9ae-b8ef3c5b6088 021830b7d4694ff98b02d47de484ede6 65a166addf584680be3941560f9ac22d - - default default] Successfully bumped revision number for resource 3fc54227-4561-4870-a321-0bcba3f06141 (type: security_group_rules) to 0
2026-07-09 02:44:15.969 9 INFO neutron.db.ovn_revision_numbers_db [None req-0929125e-a360-4ef7-b9ae-b8ef3c5b6088 021830b7d4694ff98b02d47de484ede6 65a166addf584680be3941560f9ac22d - - default default] Successfully bumped revision number for resource 403617a7-c4fd-4ff8-9c5f-7273255a0d8b (type: security_group_rules) to 0
2026-07-09 02:44:15.984 9 INFO neutron.db.ovn_revision_numbers_db [None req-0929125e-a360-4ef7-b9ae-b8ef3c5b6088 021830b7d4694ff98b02d47de484ede6 65a166addf584680be3941560f9ac22d - - default default] Successfully bumped revision number for resource 943c1973-7e9c-4b40-8f1f-fd681b8f9210 (type: security_group_rules) to 0
2026-07-09 02:44:15.997 9 INFO neutron.db.ovn_revision_numbers_db [None req-0929125e-a360-4ef7-b9ae-b8ef3c5b6088 021830b7d4694ff98b02d47de484ede6 65a166addf584680be3941560f9ac22d - - default default] Successfully bumped revision number for resource b3250f27-dabc-4c74-8161-5b60e6a79abe (type: security_group_rules) to 0
2026-07-09 02:44:16.049 9 INFO neutron.db.segments_db [None req-0929125e-a360-4ef7-b9ae-b8ef3c5b6088 021830b7d4694ff98b02d47de484ede6 65a166addf584680be3941560f9ac22d - - default default] Added segment 318597a7-5524-46fa-bd4b-d3bdfdbbfb4a of type geneve for network 0b68259f-dc9c-47ca-b8a6-a687cedfaf28
2026-07-09 02:44:16.092 10 WARNING neutron_lib.context [None req-37138a51-0904-4fdf-9265-86cc354e8fff 2ec7523c0a094cf0adcbc4819c892777 125e50563d534221a3e1ee46646ca447 - - default default] Method 'is_advsvc' is deprecated since 2023.2 release (neutron-lib 3.8.0) and will be removed once support for the old RBAC API policies will be removed from Neutron. Please use method 'is_service_role' instead.
2026-07-09 02:44:16.179 9 INFO neutron.db.ovn_revision_numbers_db [None req-0929125e-a360-4ef7-b9ae-b8ef3c5b6088 021830b7d4694ff98b02d47de484ede6 65a166addf584680be3941560f9ac22d - - default default] Successfully bumped revision number for resource 0b68259f-dc9c-47ca-b8a6-a687cedfaf28 (type: networks) to 1
2026-07-09 02:44:16.215 10 INFO neutron.db.ovn_revision_numbers_db [None req-37138a51-0904-4fdf-9265-86cc354e8fff 2ec7523c0a094cf0adcbc4819c892777 125e50563d534221a3e1ee46646ca447 - - default default] Successfully bumped revision number for resource c5d059e1-79d9-403e-a5be-e72a6bec34ae (type: security_groups) to 1
2026-07-09 02:44:16.229 10 INFO neutron.db.ovn_revision_numbers_db [None req-37138a51-0904-4fdf-9265-86cc354e8fff 2ec7523c0a094cf0adcbc4819c892777 125e50563d534221a3e1ee46646ca447 - - default default] Successfully bumped revision number for resource 04543327-9c1a-40f7-ba3f-109eeea631d5 (type: security_group_rules) to 0
2026-07-09 02:44:16.251 10 INFO neutron.db.ovn_revision_numbers_db [None req-37138a51-0904-4fdf-9265-86cc354e8fff 2ec7523c0a094cf0adcbc4819c892777 125e50563d534221a3e1ee46646ca447 - - default default] Successfully bumped revision number for resource 3bb59311-1eb8-4604-89aa-b227d6be8ed0 (type: security_group_rules) to 0
2026-07-09 02:44:16.265 10 INFO neutron.db.ovn_revision_numbers_db [None req-37138a51-0904-4fdf-9265-86cc354e8fff 2ec7523c0a094cf0adcbc4819c892777 125e50563d534221a3e1ee46646ca447 - - default default] Successfully bumped revision number for resource 7e312eec-bc40-4488-807b-1d0c844be362 (type: security_group_rules) to 0
2026-07-09 02:44:16.279 10 INFO neutron.db.ovn_revision_numbers_db [None req-37138a51-0904-4fdf-9265-86cc354e8fff 2ec7523c0a094cf0adcbc4819c892777 125e50563d534221a3e1ee46646ca447 - - default default] Successfully bumped revision number for resource dde3970b-cece-4003-90cd-9dc7c5acb620 (type: security_group_rules) to 0
2026-07-09 02:44:16.326 10 INFO neutron.db.segments_db [None req-37138a51-0904-4fdf-9265-86cc354e8fff 2ec7523c0a094cf0adcbc4819c892777 125e50563d534221a3e1ee46646ca447 - - default default] Added segment aae83049-46d2-44d0-8015-32ec552b75e3 of type geneve for network 640e2a14-eeb1-4a9d-a920-adbcef143da1
2026-07-09 02:44:16.348 9 WARNING neutron.scheduler.dhcp_agent_scheduler [None req-0929125e-a360-4ef7-b9ae-b8ef3c5b6088 021830b7d4694ff98b02d47de484ede6 65a166addf584680be3941560f9ac22d - - default default] No more DHCP agents
2026-07-09 02:44:16.349 9 WARNING neutron.api.rpc.agentnotifiers.dhcp_rpc_agent_api [None req-0929125e-a360-4ef7-b9ae-b8ef3c5b6088 021830b7d4694ff98b02d47de484ede6 65a166addf584680be3941560f9ac22d - - default default] Unable to schedule network 0b68259f-dc9c-47ca-b8a6-a687cedfaf28: no agents available; will retry on subsequent port and subnet creation events.
2026-07-09 02:44:16.429 9 INFO neutron.db.ovn_revision_numbers_db [None req-0929125e-a360-4ef7-b9ae-b8ef3c5b6088 021830b7d4694ff98b02d47de484ede6 65a166addf584680be3941560f9ac22d - - default default] Successfully bumped revision number for resource b1897b31-a01b-407a-bfa6-c152cea07068 (type: ports) to 1
2026-07-09 02:44:16.458 9 INFO neutron.wsgi [None req-0929125e-a360-4ef7-b9ae-b8ef3c5b6088 021830b7d4694ff98b02d47de484ede6 65a166addf584680be3941560f9ac22d - - default default] 10.0.0.159 "POST /v2.0/networks HTTP/1.1" status: 201 len: 830 time: 0.7546115
2026-07-09 02:44:16.470 9 WARNING neutron_lib.context [None req-2dbcaa2b-1d82-43a4-848a-55be3f0ebae9 021830b7d4694ff98b02d47de484ede6 65a166addf584680be3941560f9ac22d - - default default] Method 'is_advsvc' is deprecated since 2023.2 release (neutron-lib 3.8.0) and will be removed once support for the old RBAC API policies will be removed from Neutron. Please use method 'is_service_role' instead.
2026-07-09 02:44:16.492 10 INFO neutron.db.ovn_revision_numbers_db [None req-37138a51-0904-4fdf-9265-86cc354e8fff 2ec7523c0a094cf0adcbc4819c892777 125e50563d534221a3e1ee46646ca447 - - default default] Successfully bumped revision number for resource 640e2a14-eeb1-4a9d-a920-adbcef143da1 (type: networks) to 1
2026-07-09 02:44:16.568 9 INFO neutron.db.segments_db [None req-2dbcaa2b-1d82-43a4-848a-55be3f0ebae9 021830b7d4694ff98b02d47de484ede6 65a166addf584680be3941560f9ac22d - - default default] Added segment fc77652f-fdc8-4efe-a081-02e3ab2e546c of type geneve for network dbb08f6a-0aa0-4dfd-8565-76242027456e
2026-07-09 02:44:16.740 9 INFO neutron.db.ovn_revision_numbers_db [None req-2dbcaa2b-1d82-43a4-848a-55be3f0ebae9 021830b7d4694ff98b02d47de484ede6 65a166addf584680be3941560f9ac22d - - default default] Successfully bumped revision number for resource dbb08f6a-0aa0-4dfd-8565-76242027456e (type: networks) to 1
2026-07-09 02:44:16.923 9 WARNING neutron.scheduler.dhcp_agent_scheduler [None req-2dbcaa2b-1d82-43a4-848a-55be3f0ebae9 021830b7d4694ff98b02d47de484ede6 65a166addf584680be3941560f9ac22d - - default default] No more DHCP agents
2026-07-09 02:44:16.929 10 WARNING neutron.scheduler.dhcp_agent_scheduler [None req-37138a51-0904-4fdf-9265-86cc354e8fff 2ec7523c0a094cf0adcbc4819c892777 125e50563d534221a3e1ee46646ca447 - - default default] No more DHCP agents
2026-07-09 02:44:16.930 9 WARNING neutron.api.rpc.agentnotifiers.dhcp_rpc_agent_api [None req-2dbcaa2b-1d82-43a4-848a-55be3f0ebae9 021830b7d4694ff98b02d47de484ede6 65a166addf584680be3941560f9ac22d - - default default] Unable to schedule network dbb08f6a-0aa0-4dfd-8565-76242027456e: no agents available; will retry on subsequent port and subnet creation events.
2026-07-09 02:44:16.932 10 WARNING neutron.api.rpc.agentnotifiers.dhcp_rpc_agent_api [None req-37138a51-0904-4fdf-9265-86cc354e8fff 2ec7523c0a094cf0adcbc4819c892777 125e50563d534221a3e1ee46646ca447 - - default default] Unable to schedule network 640e2a14-eeb1-4a9d-a920-adbcef143da1: no agents available; will retry on subsequent port and subnet creation events.
2026-07-09 02:44:17.024 9 INFO neutron.db.ovn_revision_numbers_db [None req-2dbcaa2b-1d82-43a4-848a-55be3f0ebae9 021830b7d4694ff98b02d47de484ede6 65a166addf584680be3941560f9ac22d - - default default] Successfully bumped revision number for resource a28b6098-a39d-4a3c-81cd-d45cd733e5d1 (type: ports) to 1
2026-07-09 02:44:17.025 10 INFO neutron.db.ovn_revision_numbers_db [None req-37138a51-0904-4fdf-9265-86cc354e8fff 2ec7523c0a094cf0adcbc4819c892777 125e50563d534221a3e1ee46646ca447 - - default default] Successfully bumped revision number for resource 76c615b4-be6d-45f0-8154-de4cbd382f95 (type: ports) to 1
2026-07-09 02:44:17.049 10 INFO neutron.wsgi [None req-37138a51-0904-4fdf-9265-86cc354e8fff 2ec7523c0a094cf0adcbc4819c892777 125e50563d534221a3e1ee46646ca447 - - default default] 10.0.0.159 "POST /v2.0/networks HTTP/1.1" status: 201 len: 830 time: 1.0078466
2026-07-09 02:44:17.054 9 INFO neutron.wsgi [None req-2dbcaa2b-1d82-43a4-848a-55be3f0ebae9 021830b7d4694ff98b02d47de484ede6 65a166addf584680be3941560f9ac22d - - default default] 10.0.0.159 "POST /v2.0/networks HTTP/1.1" status: 201 len: 831 time: 0.5895109
2026-07-09 02:44:17.058 10 WARNING neutron_lib.context [None req-c1947e23-52a4-4b38-9d29-00e76eadd356 2ec7523c0a094cf0adcbc4819c892777 125e50563d534221a3e1ee46646ca447 - - default default] Method 'is_advsvc' is deprecated since 2023.2 release (neutron-lib 3.8.0) and will be removed once support for the old RBAC API policies will be removed from Neutron. Please use method 'is_service_role' instead.
2026-07-09 02:44:17.114 9 INFO neutron.wsgi [None req-adab6877-9764-45aa-a754-6812223548d2 021830b7d4694ff98b02d47de484ede6 65a166addf584680be3941560f9ac22d - - default default] 10.0.0.159 "PUT /v2.0/networks/0b68259f-dc9c-47ca-b8a6-a687cedfaf28/tags HTTP/1.1" status: 200 len: 218 time: 0.0545809
2026-07-09 02:44:17.174 9 INFO neutron.wsgi [None req-85bcaa94-3c2c-4622-b4c4-2b795886a2e6 021830b7d4694ff98b02d47de484ede6 65a166addf584680be3941560f9ac22d - - default default] 10.0.0.159 "GET /v2.0/networks/0b68259f-dc9c-47ca-b8a6-a687cedfaf28/tags HTTP/1.1" status: 200 len: 218 time: 0.0534284
2026-07-09 02:44:17.232 9 INFO neutron.wsgi [None req-b3dc3144-3cef-4c11-993e-48d91a7b6fc3 021830b7d4694ff98b02d47de484ede6 65a166addf584680be3941560f9ac22d - - default default] 10.0.0.159 "PUT /v2.0/networks/dbb08f6a-0aa0-4dfd-8565-76242027456e/tags HTTP/1.1" status: 200 len: 210 time: 0.0515163
2026-07-09 02:44:17.278 9 INFO neutron.wsgi [None req-35d5253d-f933-4fc5-b04f-41d42801a17e 021830b7d4694ff98b02d47de484ede6 65a166addf584680be3941560f9ac22d - - default default] 10.0.0.159 "GET /v2.0/networks/dbb08f6a-0aa0-4dfd-8565-76242027456e/tags HTTP/1.1" status: 200 len: 210 time: 0.0407963
2026-07-09 02:44:17.307 10 WARNING neutron.scheduler.dhcp_agent_scheduler [None req-c1947e23-52a4-4b38-9d29-00e76eadd356 2ec7523c0a094cf0adcbc4819c892777 125e50563d534221a3e1ee46646ca447 - - default default] No more DHCP agents
2026-07-09 02:44:17.309 10 WARNING neutron.api.rpc.agentnotifiers.dhcp_rpc_agent_api [None req-c1947e23-52a4-4b38-9d29-00e76eadd356 2ec7523c0a094cf0adcbc4819c892777 125e50563d534221a3e1ee46646ca447 - - default default] Unable to schedule network 640e2a14-eeb1-4a9d-a920-adbcef143da1: no agents available; will retry on subsequent port and subnet creation events.
2026-07-09 02:44:17.349 9 INFO neutron.wsgi [None req-1c56ae8e-3221-487e-ad7f-c6cbdb018067 021830b7d4694ff98b02d47de484ede6 65a166addf584680be3941560f9ac22d - - default default] 10.0.0.159 "PUT /v2.0/networks/dbb08f6a-0aa0-4dfd-8565-76242027456e/tags HTTP/1.1" status: 200 len: 205 time: 0.0652385
2026-07-09 02:44:17.395 9 INFO neutron.wsgi [None req-c167c8bf-98a5-4918-8007-56bcdc7afc78 021830b7d4694ff98b02d47de484ede6 65a166addf584680be3941560f9ac22d - - default default] 10.0.0.159 "GET /v2.0/networks/dbb08f6a-0aa0-4dfd-8565-76242027456e/tags HTTP/1.1" status: 200 len: 205 time: 0.0421760
2026-07-09 02:44:17.408 10 INFO neutron.db.ovn_revision_numbers_db [None req-c1947e23-52a4-4b38-9d29-00e76eadd356 2ec7523c0a094cf0adcbc4819c892777 125e50563d534221a3e1ee46646ca447 - - default default] Successfully bumped revision number for resource 7e90afc7-6b55-44dc-ab48-843e0bf7c47e (type: ports) to 1
2026-07-09 02:44:17.433 10 INFO neutron.wsgi [None req-c1947e23-52a4-4b38-9d29-00e76eadd356 2ec7523c0a094cf0adcbc4819c892777 125e50563d534221a3e1ee46646ca447 - - default default] 10.0.0.159 "POST /v2.0/ports HTTP/1.1" status: 201 len: 942 time: 0.3805482 /var/lib/openstack/lib/python3.10/site-packages/pycadf/identifier.py:71: UserWarning: Invalid uuid: neutron. To ensure interoperability, identifiers should be a valid uuid. warnings.warn(('Invalid uuid: %s. To ensure interoperability, '
2026-07-09 02:44:17.445 9 INFO neutron.wsgi [None req-07618526-44de-4f71-ae4d-5809134efad2 021830b7d4694ff98b02d47de484ede6 65a166addf584680be3941560f9ac22d - - default default] 10.0.0.159 "GET /v2.0/networks/0b68259f-dc9c-47ca-b8a6-a687cedfaf28/tags HTTP/1.1" status: 200 len: 218 time: 0.0441937
2026-07-09 02:44:17.540 10 INFO neutron.wsgi [None req-b6266ecd-a779-4caa-a0cd-33db25caa1ba 2ec7523c0a094cf0adcbc4819c892777 125e50563d534221a3e1ee46646ca447 - - default default] 10.0.0.159 "PUT /v2.0/ports/7e90afc7-6b55-44dc-ab48-843e0bf7c47e/tags HTTP/1.1" status: 200 len: 218 time: 0.1005602
2026-07-09 02:44:17.584 10 INFO neutron.wsgi [None req-5ec4c4a1-93c1-4194-8d13-7f2c381aa171 2ec7523c0a094cf0adcbc4819c892777 125e50563d534221a3e1ee46646ca447 - - default default] 10.0.0.159 "GET /v2.0/ports/7e90afc7-6b55-44dc-ab48-843e0bf7c47e/tags HTTP/1.1" status: 200 len: 218 time: 0.0403447
2026-07-09 02:44:17.631 10 INFO neutron.wsgi [None req-920d9928-b834-4f03-95d1-bfbf4f625f93 2ec7523c0a094cf0adcbc4819c892777 125e50563d534221a3e1ee46646ca447 - - default default] 10.0.0.159 "PUT /v2.0/ports/7e90afc7-6b55-44dc-ab48-843e0bf7c47e/tags/green HTTP/1.1" status: 201 len: 201 time: 0.0416605
2026-07-09 02:44:17.673 10 INFO neutron.wsgi [None req-52a93037-c442-4e23-b631-d8875bfab715 2ec7523c0a094cf0adcbc4819c892777 125e50563d534221a3e1ee46646ca447 - - default default] 10.0.0.159 "GET /v2.0/ports/7e90afc7-6b55-44dc-ab48-843e0bf7c47e/tags HTTP/1.1" status: 200 len: 227 time: 0.0354877
2026-07-09 02:44:17.709 10 INFO neutron.wsgi [None req-37ce678a-4f35-4482-a771-f4b224093d79 2ec7523c0a094cf0adcbc4819c892777 125e50563d534221a3e1ee46646ca447 - - default default] 10.0.0.159 "PUT /v2.0/ports/7e90afc7-6b55-44dc-ab48-843e0bf7c47e/tags/red HTTP/1.1" status: 201 len: 201 time: 0.0314138
2026-07-09 02:44:17.758 10 INFO neutron.wsgi [None req-f0475b01-2022-48e3-a23d-4b9b285f8da5 2ec7523c0a094cf0adcbc4819c892777 125e50563d534221a3e1ee46646ca447 - - default default] 10.0.0.159 "GET /v2.0/ports/7e90afc7-6b55-44dc-ab48-843e0bf7c47e/tags HTTP/1.1" status: 200 len: 227 time: 0.0440152
2026-07-09 02:44:17.813 10 INFO neutron.wsgi [None req-f1e101e8-3e1a-4681-89c5-3572bdc36f7b 2ec7523c0a094cf0adcbc4819c892777 125e50563d534221a3e1ee46646ca447 - - default default] 10.0.0.159 "PUT /v2.0/ports/7e90afc7-6b55-44dc-ab48-843e0bf7c47e/tags/black.or.white HTTP/1.1" status: 201 len: 201 time: 0.0483441
2026-07-09 02:44:17.858 10 INFO neutron.wsgi [None req-f667c84f-eb70-4b49-89df-9a8d603b72d5 2ec7523c0a094cf0adcbc4819c892777 125e50563d534221a3e1ee46646ca447 - - default default] 10.0.0.159 "GET /v2.0/ports/7e90afc7-6b55-44dc-ab48-843e0bf7c47e/tags HTTP/1.1" status: 200 len: 245 time: 0.0405335
2026-07-09 02:44:17.871 9 INFO neutron.services.segments.plugin [-] Segment 318597a7-5524-46fa-bd4b-d3bdfdbbfb4a resource provider aggregate not found
2026-07-09 02:44:17.877 9 INFO neutron.services.segments.plugin [-] Segment 318597a7-5524-46fa-bd4b-d3bdfdbbfb4a resource provider aggregate not found
2026-07-09 02:44:17.893 9 INFO neutron.services.segments.plugin [-] Segment 318597a7-5524-46fa-bd4b-d3bdfdbbfb4a resource provider not found; error: Placement Client Error (4xx): {"errors": [{"status": 404, "title": "Not Found", "detail": "The resource could not be found.\n\n No resource provider with uuid 318597a7-5524-46fa-bd4b-d3bdfdbbfb4a found for delete ", "request_id": "req-8d7b6d30-ab5b-4506-b109-0a278b3b48b7"}]}
2026-07-09 02:44:17.894 9 INFO neutron.services.segments.plugin [-] Segment 318597a7-5524-46fa-bd4b-d3bdfdbbfb4a resource provider not found; error: Placement Client Error (4xx): {"errors": [{"status": 404, "title": "Not Found", "detail": "The resource could not be found.\n\n No resource provider with uuid 318597a7-5524-46fa-bd4b-d3bdfdbbfb4a found for delete ", "request_id": "req-7c8e8585-30da-4343-b634-09162bd01439"}]}
2026-07-09 02:44:17.911 10 INFO neutron.wsgi [None req-cc3bff9c-f7d3-4bf3-b23b-bc4152fc988f 2ec7523c0a094cf0adcbc4819c892777 125e50563d534221a3e1ee46646ca447 - - default default] 10.0.0.159 "PUT /v2.0/ports/7e90afc7-6b55-44dc-ab48-843e0bf7c47e/tags HTTP/1.1" status: 200 len: 230 time: 0.0488658
2026-07-09 02:44:17.916 9 INFO neutron.wsgi [None req-5a78d08b-eeab-4495-b695-6baf2bd576fa 021830b7d4694ff98b02d47de484ede6 65a166addf584680be3941560f9ac22d - - default default] 10.0.0.159 "DELETE /v2.0/networks/0b68259f-dc9c-47ca-b8a6-a687cedfaf28 HTTP/1.1" status: 204 len: 168 time: 0.4583852
2026-07-09 02:44:17.974 10 INFO neutron.wsgi [None req-339b1c6f-b99e-4652-8501-1d3d3fa1f3f2 2ec7523c0a094cf0adcbc4819c892777 125e50563d534221a3e1ee46646ca447 - - default default] 10.0.0.159 "GET /v2.0/ports/7e90afc7-6b55-44dc-ab48-843e0bf7c47e/tags HTTP/1.1" status: 200 len: 230 time: 0.0581870
2026-07-09 02:44:18.013 9 INFO neutron.wsgi [None req-49c2b948-7b8f-4854-9160-bfbad9d5dc52 2ec7523c0a094cf0adcbc4819c892777 125e50563d534221a3e1ee46646ca447 - - default default] 10.0.0.159 "GET /v2.0/ports/7e90afc7-6b55-44dc-ab48-843e0bf7c47e/tags/red HTTP/1.1" status: 204 len: 168 time: 0.0325208
2026-07-09 02:44:18.052 9 INFO neutron.api.v2.resource [None req-d761ac2e-318d-40ff-80f9-4a28faf03ca1 2ec7523c0a094cf0adcbc4819c892777 125e50563d534221a3e1ee46646ca447 - - default default] show failed (client error): The resource could not be found.
2026-07-09 02:44:18.054 9 INFO neutron.wsgi [None req-d761ac2e-318d-40ff-80f9-4a28faf03ca1 2ec7523c0a094cf0adcbc4819c892777 125e50563d534221a3e1ee46646ca447 - - default default] 10.0.0.159 "GET /v2.0/ports/7e90afc7-6b55-44dc-ab48-843e0bf7c47e/tags/green HTTP/1.1" status: 404 len: 299 time: 0.0342748
2026-07-09 02:44:18.107 9 INFO neutron.wsgi [None req-17c63628-4f43-483e-af92-19e3b0345d05 2ec7523c0a094cf0adcbc4819c892777 125e50563d534221a3e1ee46646ca447 - - default default] 10.0.0.159 "DELETE /v2.0/ports/7e90afc7-6b55-44dc-ab48-843e0bf7c47e/tags/red HTTP/1.1" status: 204 len: 168 time: 0.0470231
2026-07-09 02:44:18.149 9 INFO neutron.wsgi [None req-b1422ad4-fc51-41f8-a6b0-0a9175ff4762 2ec7523c0a094cf0adcbc4819c892777 125e50563d534221a3e1ee46646ca447 - - default default] 10.0.0.159 "GET /v2.0/ports/7e90afc7-6b55-44dc-ab48-843e0bf7c47e/tags HTTP/1.1" status: 200 len: 223 time: 0.0366030
2026-07-09 02:44:18.197 9 INFO neutron.api.v2.resource [None req-e5dd640e-1bd5-47d7-942c-a4813bac6986 2ec7523c0a094cf0adcbc4819c892777 125e50563d534221a3e1ee46646ca447 - - default default] delete failed (client error): The resource could not be found.
2026-07-09 02:44:18.199 9 INFO neutron.wsgi [None req-e5dd640e-1bd5-47d7-942c-a4813bac6986 2ec7523c0a094cf0adcbc4819c892777 125e50563d534221a3e1ee46646ca447 - - default default] 10.0.0.159 "DELETE /v2.0/ports/7e90afc7-6b55-44dc-ab48-843e0bf7c47e/tags/green HTTP/1.1" status: 404 len: 299 time: 0.0436807
2026-07-09 02:44:18.251 9 INFO neutron.wsgi [None req-49ea127a-4f60-498f-b6cc-d992eb0e51fb 2ec7523c0a094cf0adcbc4819c892777 125e50563d534221a3e1ee46646ca447 - - default default] 10.0.0.159 "DELETE /v2.0/ports/7e90afc7-6b55-44dc-ab48-843e0bf7c47e/tags HTTP/1.1" status: 204 len: 168 time: 0.0467567
2026-07-09 02:44:18.260 10 INFO neutron.services.segments.plugin [-] Segment fc77652f-fdc8-4efe-a081-02e3ab2e546c resource provider aggregate not found
2026-07-09 02:44:18.266 10 INFO neutron.services.segments.plugin [-] Segment fc77652f-fdc8-4efe-a081-02e3ab2e546c resource provider aggregate not found
2026-07-09 02:44:18.275 10 INFO neutron.services.segments.plugin [-] Segment fc77652f-fdc8-4efe-a081-02e3ab2e546c resource provider not found; error: Placement Client Error (4xx): {"errors": [{"status": 404, "title": "Not Found", "detail": "The resource could not be found.\n\n No resource provider with uuid fc77652f-fdc8-4efe-a081-02e3ab2e546c found for delete ", "request_id": "req-f6166f55-0149-4fcf-89a8-68305bd1284a"}]}
2026-07-09 02:44:18.283 10 INFO neutron.services.segments.plugin [-] Segment fc77652f-fdc8-4efe-a081-02e3ab2e546c resource provider not found; error: Placement Client Error (4xx): {"errors": [{"status": 404, "title": "Not Found", "detail": "The resource could not be found.\n\n No resource provider with uuid fc77652f-fdc8-4efe-a081-02e3ab2e546c found for delete ", "request_id": "req-dffa03f8-887f-4ad2-9d7f-124e2d8a81ef"}]}
2026-07-09 02:44:18.297 9 INFO neutron.wsgi [None req-ebc7a9ca-2099-476c-b66c-f5d317e52e94 2ec7523c0a094cf0adcbc4819c892777 125e50563d534221a3e1ee46646ca447 - - default default] 10.0.0.159 "GET /v2.0/ports/7e90afc7-6b55-44dc-ab48-843e0bf7c47e/tags HTTP/1.1" status: 200 len: 205 time: 0.0417747
2026-07-09 02:44:18.305 10 INFO neutron.wsgi [None req-18f64cdd-33a6-4d20-9a84-fe88d571a800 021830b7d4694ff98b02d47de484ede6 65a166addf584680be3941560f9ac22d - - default default] 10.0.0.159 "DELETE /v2.0/networks/dbb08f6a-0aa0-4dfd-8565-76242027456e HTTP/1.1" status: 204 len: 168 time: 0.3830874
2026-07-09 02:44:18.587 9 INFO neutron.wsgi [None req-801875d9-51ce-4473-bdcf-0882b823419a 2ec7523c0a094cf0adcbc4819c892777 125e50563d534221a3e1ee46646ca447 - - default default] 10.0.0.159 "DELETE /v2.0/ports/7e90afc7-6b55-44dc-ab48-843e0bf7c47e HTTP/1.1" status: 204 len: 168 time: 0.2840333
2026-07-09 02:44:18.969 9 INFO neutron.wsgi [None req-c4c5d698-bfb6-45e5-a179-cee1ee7b8c03 2ec7523c0a094cf0adcbc4819c892777 125e50563d534221a3e1ee46646ca447 - - default default] 10.0.0.159 "DELETE /v2.0/networks/640e2a14-eeb1-4a9d-a920-adbcef143da1 HTTP/1.1" status: 204 len: 168 time: 0.3765867
2026-07-09 02:44:19.401 9 INFO neutron.db.ovn_revision_numbers_db [None req-2b1151d1-a4c8-4ca9-8195-4c688ce83c7d 4dcd969ec89f4affb9803efc5fa05c2a 60215a54b14b44d280a19070bdbc0c47 - - default default] Successfully bumped revision number for resource a3e6a2be-3335-45e2-9534-7bf745fd6a48 (type: security_groups) to 1
2026-07-09 02:44:19.414 9 INFO neutron.db.ovn_revision_numbers_db [None req-2b1151d1-a4c8-4ca9-8195-4c688ce83c7d 4dcd969ec89f4affb9803efc5fa05c2a 60215a54b14b44d280a19070bdbc0c47 - - default default] Successfully bumped revision number for resource 03f9b2cf-7ae0-4cb4-84ce-77ee92b38b26 (type: security_group_rules) to 0
2026-07-09 02:44:19.427 9 INFO neutron.db.ovn_revision_numbers_db [None req-2b1151d1-a4c8-4ca9-8195-4c688ce83c7d 4dcd969ec89f4affb9803efc5fa05c2a 60215a54b14b44d280a19070bdbc0c47 - - default default] Successfully bumped revision number for resource a2b2d29f-7fbb-4e45-bbc8-1ac952b54102 (type: security_group_rules) to 0
2026-07-09 02:44:19.443 9 INFO neutron.db.ovn_revision_numbers_db [None req-2b1151d1-a4c8-4ca9-8195-4c688ce83c7d 4dcd969ec89f4affb9803efc5fa05c2a 60215a54b14b44d280a19070bdbc0c47 - - default default] Successfully bumped revision number for resource dddb42b9-b5e2-4974-9aad-da04283d5506 (type: security_group_rules) to 0
2026-07-09 02:44:19.458 9 INFO neutron.db.ovn_revision_numbers_db [None req-2b1151d1-a4c8-4ca9-8195-4c688ce83c7d 4dcd969ec89f4affb9803efc5fa05c2a 60215a54b14b44d280a19070bdbc0c47 - - default default] Successfully bumped revision number for resource f0c2c196-6fd1-47cc-8729-58a213802f7f (type: security_group_rules) to 0
2026-07-09 02:44:19.487 9 INFO neutron.wsgi [None req-2b1151d1-a4c8-4ca9-8195-4c688ce83c7d 4dcd969ec89f4affb9803efc5fa05c2a 60215a54b14b44d280a19070bdbc0c47 - - default default] 10.0.0.159 "GET /v2.0/security-groups?tenant_id=a8f11943559342d08d4227c825412d01&name=default HTTP/1.1" status: 200 len: 3000 time: 0.4454985
2026-07-09 02:44:19.706 9 INFO neutron.wsgi [None req-7ed54b26-1852-409c-84a7-dbfb861947c5 4dcd969ec89f4affb9803efc5fa05c2a 60215a54b14b44d280a19070bdbc0c47 - - default default] 10.0.0.159 "DELETE /v2.0/security-groups/a3e6a2be-3335-45e2-9534-7bf745fd6a48 HTTP/1.1" status: 204 len: 168 time: 0.2134051
