2026-07-09 02:43:26.791 10 INFO neutron.wsgi [req-46456614-5a22-45ee-83fe-d8999f64ca00 req-629302f5-442a-4b70-805a-b66e534a78ea 0a72712b2322453fad76c4f5894ff311 7ff77ef52ec244a09d11aabe8ca8444e - - default default] 10.0.0.104 "GET /v2.0/ports?device_id=30d8dfa1-2f10-4113-aa86-43015ad5b3d2 HTTP/1.1" status: 200 len: 1208 time: 0.0670371
2026-07-09 02:43:26.818 10 INFO neutron.wsgi [req-3fd91f16-e9c9-4f19-814a-4ffc30749676 req-d7cd608a-c098-43cd-9f09-4d6e24ff6880 2f1d722f25954ecea2e01f1e7b8afa2b 58a85cb0b2104e4cae5e58bc426277c4 - - 9d6706514ac64505ad70089bc3506acf 9d6706514ac64505ad70089bc3506acf] 199.204.45.216 "GET /v2.0/subnets?id=42ff5fa4-15f0-48d3-946f-bec70bd21151 HTTP/1.1" status: 200 len: 866 time: 0.0480218
2026-07-09 02:43:26.842 10 INFO neutron.wsgi [req-3fd91f16-e9c9-4f19-814a-4ffc30749676 req-6e76e8a3-1c9e-435f-81b2-639cc3a6cf08 2f1d722f25954ecea2e01f1e7b8afa2b 58a85cb0b2104e4cae5e58bc426277c4 - - 9d6706514ac64505ad70089bc3506acf 9d6706514ac64505ad70089bc3506acf] 199.204.45.216 "GET /v2.0/ports?network_id=d9d811fb-6964-49cb-96f6-14c7dc128c8d&device_owner=network%3Adhcp HTTP/1.1" status: 200 len: 210 time: 0.0174723
2026-07-09 02:43:26.862 10 INFO neutron.wsgi [req-46456614-5a22-45ee-83fe-d8999f64ca00 req-b0ff32cc-be11-45be-9b15-abdeee28346d 0a72712b2322453fad76c4f5894ff311 7ff77ef52ec244a09d11aabe8ca8444e - - default default] 10.0.0.104 "GET /v2.0/security-groups?id=1775d399-ebcb-4914-b90b-dc974c0b5e58&id=cabedbba-a323-48ee-8705-c18e13f5e325&fields=id&fields=name HTTP/1.1" status: 200 len: 406 time: 0.0601006
2026-07-09 02:43:26.887 10 INFO neutron.wsgi [-] 10.0.0.36 "GET / HTTP/1.1" status: 200 len: 247 time: 0.0011525
2026-07-09 02:43:26.889 10 INFO neutron.wsgi [-] 10.0.0.36 "GET / HTTP/1.1" status: 200 len: 247 time: 0.0008569
2026-07-09 02:43:26.907 10 INFO neutron.wsgi [req-3fd91f16-e9c9-4f19-814a-4ffc30749676 req-8c3f6cd1-2bbe-40f7-8b1b-a93f18743081 2f1d722f25954ecea2e01f1e7b8afa2b 58a85cb0b2104e4cae5e58bc426277c4 - - 9d6706514ac64505ad70089bc3506acf 9d6706514ac64505ad70089bc3506acf] 199.204.45.216 "GET /v2.0/networks/d9d811fb-6964-49cb-96f6-14c7dc128c8d?fields=segments HTTP/1.1" status: 200 len: 212 time: 0.0579476
2026-07-09 02:43:26.965 10 INFO neutron.wsgi [req-3fd91f16-e9c9-4f19-814a-4ffc30749676 req-85d21eee-7cb4-4ae9-a6c2-b983c322dab5 2f1d722f25954ecea2e01f1e7b8afa2b 58a85cb0b2104e4cae5e58bc426277c4 - - 9d6706514ac64505ad70089bc3506acf 9d6706514ac64505ad70089bc3506acf] 199.204.45.216 "GET /v2.0/networks/d9d811fb-6964-49cb-96f6-14c7dc128c8d?fields=provider%3Aphysical_network&fields=provider%3Anetwork_type HTTP/1.1" status: 200 len: 277 time: 0.0523901
2026-07-09 02:43:27.076 10 INFO neutron.wsgi [req-e6a143ef-fd2c-445c-a98a-339f5c2c11fb req-7b29b578-b901-4aba-8d46-1a5e02e33f00 2f1d722f25954ecea2e01f1e7b8afa2b 58a85cb0b2104e4cae5e58bc426277c4 - - 9d6706514ac64505ad70089bc3506acf 9d6706514ac64505ad70089bc3506acf] 199.204.45.216 "GET /v2.0/ports?tenant_id=7ff77ef52ec244a09d11aabe8ca8444e&device_id=30d8dfa1-2f10-4113-aa86-43015ad5b3d2 HTTP/1.1" status: 200 len: 1446 time: 0.0565016
2026-07-09 02:43:27.133 10 INFO neutron.wsgi [req-e6a143ef-fd2c-445c-a98a-339f5c2c11fb req-229012f3-18e2-4e8b-91fe-fa5e7b1f7bad 2f1d722f25954ecea2e01f1e7b8afa2b 58a85cb0b2104e4cae5e58bc426277c4 - - 9d6706514ac64505ad70089bc3506acf 9d6706514ac64505ad70089bc3506acf] 199.204.45.216 "GET /v2.0/networks?id=d9d811fb-6964-49cb-96f6-14c7dc128c8d HTTP/1.1" status: 200 len: 971 time: 0.0518129
2026-07-09 02:43:27.166 10 INFO neutron.wsgi [req-e6a143ef-fd2c-445c-a98a-339f5c2c11fb req-419b8b1f-5232-4d18-9092-ff19a102c6c5 2f1d722f25954ecea2e01f1e7b8afa2b 58a85cb0b2104e4cae5e58bc426277c4 - - 9d6706514ac64505ad70089bc3506acf 9d6706514ac64505ad70089bc3506acf] 199.204.45.216 "GET /v2.0/floatingips?fixed_ip_address=10.100.0.3&port_id=ff26d25a-c991-402e-8efc-ca6b449d7123 HTTP/1.1" status: 200 len: 217 time: 0.0219729
2026-07-09 02:43:27.200 10 INFO neutron.wsgi [req-e6a143ef-fd2c-445c-a98a-339f5c2c11fb req-99371c26-f338-44c7-b5ef-4b42fa4de1aa 2f1d722f25954ecea2e01f1e7b8afa2b 58a85cb0b2104e4cae5e58bc426277c4 - - 9d6706514ac64505ad70089bc3506acf 9d6706514ac64505ad70089bc3506acf] 199.204.45.216 "GET /v2.0/subnets?id=42ff5fa4-15f0-48d3-946f-bec70bd21151 HTTP/1.1" status: 200 len: 866 time: 0.0290363
2026-07-09 02:43:27.240 10 INFO neutron.wsgi [req-e6a143ef-fd2c-445c-a98a-339f5c2c11fb req-6369b1a6-1b4f-4ada-b756-dd4cc7425d2d 2f1d722f25954ecea2e01f1e7b8afa2b 58a85cb0b2104e4cae5e58bc426277c4 - - 9d6706514ac64505ad70089bc3506acf 9d6706514ac64505ad70089bc3506acf] 199.204.45.216 "GET /v2.0/ports?network_id=d9d811fb-6964-49cb-96f6-14c7dc128c8d&device_owner=network%3Adhcp HTTP/1.1" status: 200 len: 210 time: 0.0330515
2026-07-09 02:43:27.308 10 INFO neutron.wsgi [req-e6a143ef-fd2c-445c-a98a-339f5c2c11fb req-b1592363-6681-4fba-a8ff-2b6f8ee75a4c 2f1d722f25954ecea2e01f1e7b8afa2b 58a85cb0b2104e4cae5e58bc426277c4 - - 9d6706514ac64505ad70089bc3506acf 9d6706514ac64505ad70089bc3506acf] 199.204.45.216 "GET /v2.0/networks/d9d811fb-6964-49cb-96f6-14c7dc128c8d?fields=segments HTTP/1.1" status: 200 len: 212 time: 0.0625525
2026-07-09 02:43:27.372 10 INFO neutron.wsgi [req-e6a143ef-fd2c-445c-a98a-339f5c2c11fb req-bdf20d6f-65e9-453c-ac48-78e23cefcfc8 2f1d722f25954ecea2e01f1e7b8afa2b 58a85cb0b2104e4cae5e58bc426277c4 - - 9d6706514ac64505ad70089bc3506acf 9d6706514ac64505ad70089bc3506acf] 199.204.45.216 "GET /v2.0/networks/d9d811fb-6964-49cb-96f6-14c7dc128c8d?fields=provider%3Aphysical_network&fields=provider%3Anetwork_type HTTP/1.1" status: 200 len: 277 time: 0.0561588
2026-07-09 02:43:27.391 9 INFO neutron.wsgi [req-9066d553-500e-4780-9ce7-8745c58c93a1 req-82046993-36ac-4335-b42f-6c87a448a484 2f1d722f25954ecea2e01f1e7b8afa2b 58a85cb0b2104e4cae5e58bc426277c4 - - 9d6706514ac64505ad70089bc3506acf 9d6706514ac64505ad70089bc3506acf] 199.204.45.216 "GET /v2.0/ports?device_id=30d8dfa1-2f10-4113-aa86-43015ad5b3d2 HTTP/1.1" status: 200 len: 1446 time: 0.2474127
2026-07-09 02:43:27.429 9 INFO neutron.wsgi [req-9066d553-500e-4780-9ce7-8745c58c93a1 req-32d46cde-f768-46e3-b758-11dfc48e0d08 2f1d722f25954ecea2e01f1e7b8afa2b 58a85cb0b2104e4cae5e58bc426277c4 - - 9d6706514ac64505ad70089bc3506acf 9d6706514ac64505ad70089bc3506acf] 199.204.45.216 "GET /v2.0/security-groups?id=cabedbba-a323-48ee-8705-c18e13f5e325&id=1775d399-ebcb-4914-b90b-dc974c0b5e58&fields=id&fields=name HTTP/1.1" status: 200 len: 406 time: 0.0330648
2026-07-09 02:43:27.557 9 INFO neutron.plugins.ml2.drivers.ovn.mech_driver.mech_driver [None req-9e63b695-29a8-4532-a6b9-2b5b05abe8c8 - - - - - -] OVN reports status up for port: ff26d25a-c991-402e-8efc-ca6b449d7123
2026-07-09 02:43:27.571 9 INFO neutron.plugins.ml2.plugin [None req-9e63b695-29a8-4532-a6b9-2b5b05abe8c8 - - - - - -] Attempt 1 to provision port ff26d25a-c991-402e-8efc-ca6b449d7123
2026-07-09 02:43:27.727 9 INFO neutron.notifiers.nova [-] Nova event matching ['req-5150fcb6-2fb0-46ed-aead-423bd0a783d8'] response: {'server_uuid': '30d8dfa1-2f10-4113-aa86-43015ad5b3d2', 'name': 'network-vif-plugged', 'status': 'completed', 'tag': 'ff26d25a-c991-402e-8efc-ca6b449d7123', 'code': 200}
2026-07-09 02:43:27.912 9 INFO neutron.db.ovn_revision_numbers_db [None req-9e63b695-29a8-4532-a6b9-2b5b05abe8c8 - - - - - -] Successfully bumped revision number for resource ff26d25a-c991-402e-8efc-ca6b449d7123 (type: ports) to 4
2026-07-09 02:43:28.002 10 INFO neutron.wsgi [req-d3ea8948-c3cd-4f83-9066-4975c84d3ee7 req-db06e682-4851-426f-bcc0-95da625c0524 0a72712b2322453fad76c4f5894ff311 7ff77ef52ec244a09d11aabe8ca8444e - - default default] 10.0.0.104 "GET /v2.0/ports?device_id=30d8dfa1-2f10-4113-aa86-43015ad5b3d2 HTTP/1.1" status: 200 len: 1210 time: 0.0658934
2026-07-09 02:43:28.070 10 INFO neutron.wsgi [req-d3ea8948-c3cd-4f83-9066-4975c84d3ee7 req-323182f7-93f1-4552-be0b-67990e0701ca 0a72712b2322453fad76c4f5894ff311 7ff77ef52ec244a09d11aabe8ca8444e - - default default] 10.0.0.104 "GET /v2.0/security-groups?id=1775d399-ebcb-4914-b90b-dc974c0b5e58&id=cabedbba-a323-48ee-8705-c18e13f5e325&fields=id&fields=name HTTP/1.1" status: 200 len: 406 time: 0.0628695
2026-07-09 02:43:29.182 10 INFO neutron.wsgi [req-ed45d7aa-e0c5-4cc7-9283-20bddab76367 req-026f7985-fc73-43a3-81ac-2cee8f3a63d5 0a72712b2322453fad76c4f5894ff311 7ff77ef52ec244a09d11aabe8ca8444e - - default default] 10.0.0.104 "GET /v2.0/ports?device_id=30d8dfa1-2f10-4113-aa86-43015ad5b3d2 HTTP/1.1" status: 200 len: 1210 time: 0.0551140
2026-07-09 02:43:29.238 10 INFO neutron.wsgi [req-ed45d7aa-e0c5-4cc7-9283-20bddab76367 req-4795b864-1672-4ab6-8dd8-af26b92b8ef9 0a72712b2322453fad76c4f5894ff311 7ff77ef52ec244a09d11aabe8ca8444e - - default default] 10.0.0.104 "GET /v2.0/security-groups?id=1775d399-ebcb-4914-b90b-dc974c0b5e58&id=cabedbba-a323-48ee-8705-c18e13f5e325&fields=id&fields=name HTTP/1.1" status: 200 len: 406 time: 0.0508032
2026-07-09 02:43:29.393 10 INFO neutron.wsgi [req-70b1c2b0-2bda-44c4-952a-1e2e4e2fc12f req-a5e82b5c-3496-4a1c-9806-0533f8025e80 0a72712b2322453fad76c4f5894ff311 7ff77ef52ec244a09d11aabe8ca8444e - - default default] 10.0.0.104 "GET /v2.0/ports?device_id=30d8dfa1-2f10-4113-aa86-43015ad5b3d2 HTTP/1.1" status: 200 len: 1210 time: 0.0966682 /var/lib/openstack/lib/python3.10/site-packages/pycadf/identifier.py:71: UserWarning: Invalid uuid: neutron. To ensure interoperability, identifiers should be a valid uuid. warnings.warn(('Invalid uuid: %s. To ensure interoperability, '
2026-07-09 02:43:29.667 9 INFO neutron.db.l3_db [None req-c88cf24e-c76d-4ef1-9c64-edc6e91ccabd 0a72712b2322453fad76c4f5894ff311 7ff77ef52ec244a09d11aabe8ca8444e - - default default] Floating IP 4e049021-64f4-4b87-80a1-30571751b018 associated. External IP: 10.96.250.205, port: ff26d25a-c991-402e-8efc-ca6b449d7123.
2026-07-09 02:43:29.766 9 INFO neutron.notifiers.nova [-] Nova event matching ['req-18739b84-c0ff-4768-9b7a-9bf8cb8f761b'] response: {'server_uuid': '30d8dfa1-2f10-4113-aa86-43015ad5b3d2', 'name': 'network-vif-plugged', 'status': 'completed', 'tag': 'ff26d25a-c991-402e-8efc-ca6b449d7123', 'code': 200}
2026-07-09 02:43:29.873 9 INFO neutron.db.ovn_revision_numbers_db [None req-c88cf24e-c76d-4ef1-9c64-edc6e91ccabd 0a72712b2322453fad76c4f5894ff311 7ff77ef52ec244a09d11aabe8ca8444e - - default default] Successfully bumped revision number for resource 4e049021-64f4-4b87-80a1-30571751b018 (type: floatingips) to 1
2026-07-09 02:43:30.012 9 INFO neutron.db.ovn_revision_numbers_db [None req-c88cf24e-c76d-4ef1-9c64-edc6e91ccabd 0a72712b2322453fad76c4f5894ff311 7ff77ef52ec244a09d11aabe8ca8444e - - default default] Successfully bumped revision number for resource 4e049021-64f4-4b87-80a1-30571751b018 (type: floatingips) to 2
2026-07-09 02:43:30.035 9 INFO neutron.wsgi [None req-c88cf24e-c76d-4ef1-9c64-edc6e91ccabd 0a72712b2322453fad76c4f5894ff311 7ff77ef52ec244a09d11aabe8ca8444e - - default default] 10.0.0.159 "PUT /v2.0/floatingips/4e049021-64f4-4b87-80a1-30571751b018 HTTP/1.1" status: 200 len: 1049 time: 0.6288471
2026-07-09 02:43:31.809 9 INFO neutron.notifiers.nova [-] Nova event matching ['req-17e08a88-f2ea-4832-9960-9bf5c5dd74a0'] response: {'name': 'network-changed', 'server_uuid': '30d8dfa1-2f10-4113-aa86-43015ad5b3d2', 'tag': 'ff26d25a-c991-402e-8efc-ca6b449d7123', 'status': 'completed', 'code': 200}
2026-07-09 02:43:31.867 9 INFO neutron.wsgi [req-37e75ad9-e0fb-4436-8b78-8dd0c807dee7 req-7926e4a5-bc95-40e0-919c-c98defe50bf3 2f1d722f25954ecea2e01f1e7b8afa2b 58a85cb0b2104e4cae5e58bc426277c4 - - 9d6706514ac64505ad70089bc3506acf 9d6706514ac64505ad70089bc3506acf] 199.204.45.216 "GET /v2.0/ports?tenant_id=7ff77ef52ec244a09d11aabe8ca8444e&device_id=30d8dfa1-2f10-4113-aa86-43015ad5b3d2 HTTP/1.1" status: 200 len: 1448 time: 0.0397453
2026-07-09 02:43:31.963 9 INFO neutron.wsgi [req-37e75ad9-e0fb-4436-8b78-8dd0c807dee7 req-5ed59f0d-b08b-40a2-b4e4-05e989eaa3bb 2f1d722f25954ecea2e01f1e7b8afa2b 58a85cb0b2104e4cae5e58bc426277c4 - - 9d6706514ac64505ad70089bc3506acf 9d6706514ac64505ad70089bc3506acf] 199.204.45.216 "GET /v2.0/networks?id=d9d811fb-6964-49cb-96f6-14c7dc128c8d HTTP/1.1" status: 200 len: 971 time: 0.0875037
2026-07-09 02:43:32.019 9 INFO neutron.wsgi [req-37e75ad9-e0fb-4436-8b78-8dd0c807dee7 req-cceeaea6-d0db-43d1-8afa-4a2673078596 2f1d722f25954ecea2e01f1e7b8afa2b 58a85cb0b2104e4cae5e58bc426277c4 - - 9d6706514ac64505ad70089bc3506acf 9d6706514ac64505ad70089bc3506acf] 199.204.45.216 "GET /v2.0/floatingips?fixed_ip_address=10.100.0.3&port_id=ff26d25a-c991-402e-8efc-ca6b449d7123 HTTP/1.1" status: 200 len: 1059 time: 0.0501044
2026-07-09 02:43:32.069 9 INFO neutron.wsgi [req-37e75ad9-e0fb-4436-8b78-8dd0c807dee7 req-c37ede95-b6b6-4c84-b859-bd417dc5fa10 2f1d722f25954ecea2e01f1e7b8afa2b 58a85cb0b2104e4cae5e58bc426277c4 - - 9d6706514ac64505ad70089bc3506acf 9d6706514ac64505ad70089bc3506acf] 199.204.45.216 "GET /v2.0/subnets?id=42ff5fa4-15f0-48d3-946f-bec70bd21151 HTTP/1.1" status: 200 len: 866 time: 0.0395195
2026-07-09 02:43:32.101 9 INFO neutron.wsgi [req-37e75ad9-e0fb-4436-8b78-8dd0c807dee7 req-e08a720f-e0d1-458b-becd-7d71a7455d64 2f1d722f25954ecea2e01f1e7b8afa2b 58a85cb0b2104e4cae5e58bc426277c4 - - 9d6706514ac64505ad70089bc3506acf 9d6706514ac64505ad70089bc3506acf] 199.204.45.216 "GET /v2.0/ports?network_id=d9d811fb-6964-49cb-96f6-14c7dc128c8d&device_owner=network%3Adhcp HTTP/1.1" status: 200 len: 210 time: 0.0236766
2026-07-09 02:43:32.187 9 INFO neutron.wsgi [req-37e75ad9-e0fb-4436-8b78-8dd0c807dee7 req-e6cca829-4efa-4131-8a4f-17bf4bb694ae 2f1d722f25954ecea2e01f1e7b8afa2b 58a85cb0b2104e4cae5e58bc426277c4 - - 9d6706514ac64505ad70089bc3506acf 9d6706514ac64505ad70089bc3506acf] 199.204.45.216 "GET /v2.0/networks/d9d811fb-6964-49cb-96f6-14c7dc128c8d?fields=segments HTTP/1.1" status: 200 len: 212 time: 0.0763252
2026-07-09 02:43:32.263 9 INFO neutron.wsgi [req-37e75ad9-e0fb-4436-8b78-8dd0c807dee7 req-2784cb2e-367a-4ec0-97df-b4a95512c2c6 2f1d722f25954ecea2e01f1e7b8afa2b 58a85cb0b2104e4cae5e58bc426277c4 - - 9d6706514ac64505ad70089bc3506acf 9d6706514ac64505ad70089bc3506acf] 199.204.45.216 "GET /v2.0/networks/d9d811fb-6964-49cb-96f6-14c7dc128c8d?fields=provider%3Aphysical_network&fields=provider%3Anetwork_type HTTP/1.1" status: 200 len: 277 time: 0.0678079 /var/lib/openstack/lib/python3.10/site-packages/pycadf/identifier.py:71: UserWarning: Invalid uuid: neutron. To ensure interoperability, identifiers should be a valid uuid. warnings.warn(('Invalid uuid: %s. To ensure interoperability, '
2026-07-09 02:43:35.668 10 INFO neutron.wsgi [req-dc5cc8f0-be72-43ae-83e1-5757e606bb19 req-daed42cf-f1e7-4cd5-9ada-0112ddebf875 2f1d722f25954ecea2e01f1e7b8afa2b 58a85cb0b2104e4cae5e58bc426277c4 - - 9d6706514ac64505ad70089bc3506acf 9d6706514ac64505ad70089bc3506acf] 10.0.0.62 "GET /v2.0/ports?device_id=8fc0a6b2-3f2c-4702-a923-c04200b94ec4 HTTP/1.1" status: 200 len: 1409 time: 0.0397248
2026-07-09 02:43:35.708 10 INFO neutron.wsgi [req-dc5cc8f0-be72-43ae-83e1-5757e606bb19 req-0d03f679-3f7a-496f-96af-bd21b295e104 2f1d722f25954ecea2e01f1e7b8afa2b 58a85cb0b2104e4cae5e58bc426277c4 - - 9d6706514ac64505ad70089bc3506acf 9d6706514ac64505ad70089bc3506acf] 10.0.0.62 "GET /v2.0/security-groups?id=58e9460c-6593-4692-a252-d8974c914081&fields=id&fields=name HTTP/1.1" status: 200 len: 313 time: 0.0354376
2026-07-09 02:43:38.291 10 INFO neutron.plugins.ml2.drivers.ovn.mech_driver.mech_driver [None req-691743e2-ed53-4581-a866-51f80c7e0a1b - - - - - -] OVN reports status down for port: 99d5a10a-86d2-4e1e-bcdb-8aad91072832
2026-07-09 02:43:38.352 10 INFO neutron.wsgi [req-118ffa1e-e843-4571-a2b8-c41af8353165 req-f7df6bc4-f7d8-498a-9d1f-2d53ff94f56b 55aa6d37f36c4014864a73702346c4e0 165efd24dc394bc6b970c3b6642d0b0c - - default default] 10.0.0.104 "GET /v2.0/ports?device_id=8fc0a6b2-3f2c-4702-a923-c04200b94ec4 HTTP/1.1" status: 200 len: 1170 time: 0.1176441
2026-07-09 02:43:38.416 10 INFO neutron.wsgi [req-118ffa1e-e843-4571-a2b8-c41af8353165 req-1f28224f-52ce-434c-8cf9-43a24b7b6d1f 55aa6d37f36c4014864a73702346c4e0 165efd24dc394bc6b970c3b6642d0b0c - - default default] 10.0.0.104 "GET /v2.0/security-groups?id=58e9460c-6593-4692-a252-d8974c914081&fields=id&fields=name HTTP/1.1" status: 200 len: 313 time: 0.0455940
2026-07-09 02:43:38.457 10 INFO neutron.notifiers.nova [-] Nova event matching ['req-e9018980-8235-4310-bf7a-b7de45c4f06d'] response: {'server_uuid': '8fc0a6b2-3f2c-4702-a923-c04200b94ec4', 'name': 'network-vif-unplugged', 'status': 'completed', 'tag': '99d5a10a-86d2-4e1e-bcdb-8aad91072832', 'code': 200}
2026-07-09 02:43:38.658 10 INFO neutron.db.ovn_revision_numbers_db [None req-691743e2-ed53-4581-a866-51f80c7e0a1b - - - - - -] Successfully bumped revision number for resource 99d5a10a-86d2-4e1e-bcdb-8aad91072832 (type: ports) to 5
2026-07-09 02:43:38.680 9 INFO neutron.wsgi [req-bfc61a0e-8595-4f55-afbe-586959ab52ff req-6dfbec30-798c-4fbe-8dfa-f76ab1c88d77 55aa6d37f36c4014864a73702346c4e0 165efd24dc394bc6b970c3b6642d0b0c - - default default] 199.204.45.216 "GET /v2.0/ports?device_id=8fc0a6b2-3f2c-4702-a923-c04200b94ec4 HTTP/1.1" status: 200 len: 1168 time: 0.1020114
2026-07-09 02:43:39.033 9 INFO neutron.db.l3_db [req-bfc61a0e-8595-4f55-afbe-586959ab52ff req-eef9cc1c-9120-4195-8415-3467e2b1f9ec 55aa6d37f36c4014864a73702346c4e0 165efd24dc394bc6b970c3b6642d0b0c - - default default] Floating IP 9e275d01-b73a-48bb-8c50-845005f33b2a disassociated. External IP: 10.96.250.216, port: 99d5a10a-86d2-4e1e-bcdb-8aad91072832.
2026-07-09 02:43:39.230 9 INFO neutron.wsgi [req-bfc61a0e-8595-4f55-afbe-586959ab52ff req-eef9cc1c-9120-4195-8415-3467e2b1f9ec 55aa6d37f36c4014864a73702346c4e0 165efd24dc394bc6b970c3b6642d0b0c - - default default] 199.204.45.216 "DELETE /v2.0/ports/99d5a10a-86d2-4e1e-bcdb-8aad91072832 HTTP/1.1" status: 204 len: 173 time: 0.5458879
2026-07-09 02:43:39.265 9 INFO neutron.notifiers.nova [-] Nova event matching ['req-6351524c-49f5-4a04-b3e7-f4ff527a7517'] response: {'server_uuid': '8fc0a6b2-3f2c-4702-a923-c04200b94ec4', 'name': 'network-vif-deleted', 'tag': '99d5a10a-86d2-4e1e-bcdb-8aad91072832', 'status': 'completed', 'code': 200} /var/lib/openstack/lib/python3.10/site-packages/pycadf/identifier.py:71: UserWarning: Invalid uuid: neutron. To ensure interoperability, identifiers should be a valid uuid. warnings.warn(('Invalid uuid: %s. To ensure interoperability, '
2026-07-09 02:43:39.522 10 INFO neutron.wsgi [req-85639571-0fd4-4583-a590-8420d0557578 req-33603b65-f8c3-4a36-836c-db724e57e520 55aa6d37f36c4014864a73702346c4e0 165efd24dc394bc6b970c3b6642d0b0c - - default default] 10.0.0.104 "GET /v2.0/ports?device_id=8fc0a6b2-3f2c-4702-a923-c04200b94ec4 HTTP/1.1" status: 200 len: 210 time: 0.0216775
2026-07-09 02:43:40.497 10 INFO neutron.notifiers.nova [-] Nova event matching ['req-eb9cbac0-3eb1-487e-900d-37ef5189360d'] response: {'server_uuid': '8fc0a6b2-3f2c-4702-a923-c04200b94ec4', 'name': 'network-vif-plugged', 'status': 'completed', 'tag': '99d5a10a-86d2-4e1e-bcdb-8aad91072832', 'code': 200}
2026-07-09 02:43:40.715 10 INFO neutron.wsgi [None req-98037e46-4f7e-4fea-a40c-5e83fee8e5cc 55aa6d37f36c4014864a73702346c4e0 165efd24dc394bc6b970c3b6642d0b0c - - default default] 10.0.0.159 "DELETE /v2.0/security-groups/58e9460c-6593-4692-a252-d8974c914081 HTTP/1.1" status: 204 len: 168 time: 0.1317244 /var/lib/openstack/lib/python3.10/site-packages/pycadf/identifier.py:71: UserWarning: Invalid uuid: neutron. To ensure interoperability, identifiers should be a valid uuid. warnings.warn(('Invalid uuid: %s. To ensure interoperability, '
2026-07-09 02:43:41.092 9 INFO neutron.wsgi [None req-2ae63211-bbee-44ea-b95b-14e49517665d 55aa6d37f36c4014864a73702346c4e0 165efd24dc394bc6b970c3b6642d0b0c - - default default] 10.0.0.159 "DELETE /v2.0/floatingips/9e275d01-b73a-48bb-8c50-845005f33b2a HTTP/1.1" status: 204 len: 168 time: 0.3454852
2026-07-09 02:43:41.284 10 INFO neutron.wsgi [req-9be7f4bd-4d90-4388-8f36-7bdf76fc8958 req-8c87332e-173f-44d8-8975-cdc2a45f5cd0 55aa6d37f36c4014864a73702346c4e0 165efd24dc394bc6b970c3b6642d0b0c - - default default] 10.0.0.104 "GET /v2.0/ports?device_id=7b839e84-866b-45a7-b7f4-a85a1892475f HTTP/1.1" status: 200 len: 1170 time: 0.0409887
2026-07-09 02:43:41.300 10 INFO neutron.plugins.ml2.drivers.ovn.mech_driver.mech_driver [None req-691743e2-ed53-4581-a866-51f80c7e0a1b - - - - - -] OVN reports status down for port: acbe1fca-77d9-4f46-a688-06cab517535c
2026-07-09 02:43:41.352 10 INFO neutron.wsgi [req-9be7f4bd-4d90-4388-8f36-7bdf76fc8958 req-2d602c01-1877-41e5-a92a-8c8efe39c84a 55aa6d37f36c4014864a73702346c4e0 165efd24dc394bc6b970c3b6642d0b0c - - default default] 10.0.0.104 "GET /v2.0/security-groups?id=9f4dc3c7-4c19-4cc1-96e2-9e339218e72a&fields=id&fields=name HTTP/1.1" status: 200 len: 313 time: 0.0525324
2026-07-09 02:43:41.598 9 INFO neutron.wsgi [req-bb54494c-231c-4e87-af51-e2da8eb6db94 req-47330044-c57b-409b-a920-1fa3d2f36d7d 55aa6d37f36c4014864a73702346c4e0 165efd24dc394bc6b970c3b6642d0b0c - - default default] 199.204.45.216 "GET /v2.0/ports?device_id=7b839e84-866b-45a7-b7f4-a85a1892475f HTTP/1.1" status: 200 len: 1168 time: 0.0519059
2026-07-09 02:43:41.600 10 INFO neutron.db.ovn_revision_numbers_db [None req-691743e2-ed53-4581-a866-51f80c7e0a1b - - - - - -] Successfully bumped revision number for resource acbe1fca-77d9-4f46-a688-06cab517535c (type: ports) to 5
2026-07-09 02:43:41.834 9 INFO neutron.wsgi [req-bb54494c-231c-4e87-af51-e2da8eb6db94 req-3d40243e-edcc-4542-84b6-4ad233282ac3 55aa6d37f36c4014864a73702346c4e0 165efd24dc394bc6b970c3b6642d0b0c - - default default] 199.204.45.216 "DELETE /v2.0/ports/acbe1fca-77d9-4f46-a688-06cab517535c HTTP/1.1" status: 204 len: 173 time: 0.2302201
2026-07-09 02:43:41.876 9 INFO neutron.notifiers.nova [-] Nova event matching ['req-53c92945-b7cf-45aa-8077-ba4bb0fd5578'] response: {'server_uuid': '7b839e84-866b-45a7-b7f4-a85a1892475f', 'name': 'network-vif-deleted', 'tag': 'acbe1fca-77d9-4f46-a688-06cab517535c', 'status': 'completed', 'code': 200}
2026-07-09 02:43:41.890 9 INFO neutron.wsgi [-] 10.0.0.36 "GET / HTTP/1.1" status: 200 len: 247 time: 0.0024869
2026-07-09 02:43:41.893 9 INFO neutron.wsgi [-] 10.0.0.36 "GET / HTTP/1.1" status: 200 len: 247 time: 0.0014772 /var/lib/openstack/lib/python3.10/site-packages/pycadf/identifier.py:71: UserWarning: Invalid uuid: neutron. To ensure interoperability, identifiers should be a valid uuid. warnings.warn(('Invalid uuid: %s. To ensure interoperability, '
2026-07-09 02:43:42.540 10 INFO neutron.notifiers.nova [-] Nova event matching ['req-74c52550-06ea-44b5-b605-82c33ac1307b'] response: {'server_uuid': '7b839e84-866b-45a7-b7f4-a85a1892475f', 'name': 'network-vif-unplugged', 'status': 'completed', 'tag': 'acbe1fca-77d9-4f46-a688-06cab517535c', 'code': 200}
2026-07-09 02:43:42.540 10 INFO neutron.notifiers.nova [-] Nova event matching ['req-74c52550-06ea-44b5-b605-82c33ac1307b'] response: {'server_uuid': '7b839e84-866b-45a7-b7f4-a85a1892475f', 'name': 'network-vif-plugged', 'status': 'completed', 'tag': 'acbe1fca-77d9-4f46-a688-06cab517535c', 'code': 200}
2026-07-09 02:43:42.569 10 INFO neutron.wsgi [None req-5ea951ab-86be-47a5-abf3-874903b2aad4 55aa6d37f36c4014864a73702346c4e0 165efd24dc394bc6b970c3b6642d0b0c - - default default] 10.0.0.159 "DELETE /v2.0/security-groups/9f4dc3c7-4c19-4cc1-96e2-9e339218e72a HTTP/1.1" status: 204 len: 168 time: 0.1637959
2026-07-09 02:43:43.855 9 INFO neutron.wsgi [None req-6d3b9f42-b883-4442-a121-64fa73964f3a 55aa6d37f36c4014864a73702346c4e0 165efd24dc394bc6b970c3b6642d0b0c - - default default] 10.0.0.159 "PUT /v2.0/routers/4ef9f611-e933-435c-817f-b60c2f319270/remove_router_interface HTTP/1.1" status: 200 len: 503 time: 1.2555561 /var/lib/openstack/lib/python3.10/site-packages/pycadf/identifier.py:71: UserWarning: Invalid uuid: neutron. To ensure interoperability, identifiers should be a valid uuid. warnings.warn(('Invalid uuid: %s. To ensure interoperability, '
2026-07-09 02:43:44.066 9 INFO neutron.wsgi [None req-3c591d89-3fb3-461b-b0f2-6e770cd78418 55aa6d37f36c4014864a73702346c4e0 165efd24dc394bc6b970c3b6642d0b0c - - default default] 10.0.0.159 "DELETE /v2.0/subnets/7cc51873-831f-4726-9a66-3df1a334502a HTTP/1.1" status: 204 len: 168 time: 0.2063551
2026-07-09 02:43:44.951 9 INFO neutron.wsgi [None req-c10cf89c-ec6f-4cb7-9847-2f4df8f40fcc 55aa6d37f36c4014864a73702346c4e0 165efd24dc394bc6b970c3b6642d0b0c - - default default] 10.0.0.159 "DELETE /v2.0/routers/4ef9f611-e933-435c-817f-b60c2f319270 HTTP/1.1" status: 204 len: 168 time: 0.8800013
2026-07-09 02:43:45.311 10 INFO neutron.services.segments.plugin [-] Segment 436d2c7e-e4d0-459c-828e-0fd6b4ce151e resource provider aggregate not found
2026-07-09 02:43:45.315 10 INFO neutron.services.segments.plugin [-] Segment 436d2c7e-e4d0-459c-828e-0fd6b4ce151e resource provider aggregate not found
2026-07-09 02:43:45.333 10 INFO neutron.services.segments.plugin [-] Segment 436d2c7e-e4d0-459c-828e-0fd6b4ce151e resource provider not found; error: Placement Client Error (4xx): {"errors": [{"status": 404, "title": "Not Found", "detail": "The resource could not be found.\n\n No resource provider with uuid 436d2c7e-e4d0-459c-828e-0fd6b4ce151e found for delete ", "request_id": "req-832b3417-bb5f-4d50-b6cb-2503774f275b"}]}
2026-07-09 02:43:45.334 10 INFO neutron.services.segments.plugin [-] Segment 436d2c7e-e4d0-459c-828e-0fd6b4ce151e resource provider not found; error: Placement Client Error (4xx): {"errors": [{"status": 404, "title": "Not Found", "detail": "The resource could not be found.\n\n No resource provider with uuid 436d2c7e-e4d0-459c-828e-0fd6b4ce151e found for delete ", "request_id": "req-ee0a25cb-14bc-4dd9-b2a0-50ee726cab56"}]}
2026-07-09 02:43:45.353 10 INFO neutron.wsgi [None req-9ddb2e5c-dee4-4192-ad02-e937a7d7a8ec 55aa6d37f36c4014864a73702346c4e0 165efd24dc394bc6b970c3b6642d0b0c - - default default] 10.0.0.159 "DELETE /v2.0/networks/2f1db66f-6f59-4429-94ee-15cccf933fd1 HTTP/1.1" status: 204 len: 168 time: 0.3968992
2026-07-09 02:43:45.706 10 INFO neutron.wsgi [req-0ddc9478-c962-401d-a50e-6b022126e45e req-2f47be76-7a26-433b-80a1-d6e7fc78d530 0a72712b2322453fad76c4f5894ff311 7ff77ef52ec244a09d11aabe8ca8444e - - default default] 10.0.0.104 "GET /v2.0/ports?device_id=30d8dfa1-2f10-4113-aa86-43015ad5b3d2 HTTP/1.1" status: 200 len: 1210 time: 0.0885832
2026-07-09 02:43:45.749 10 INFO neutron.wsgi [req-0ddc9478-c962-401d-a50e-6b022126e45e req-550e5b44-029a-4456-9593-08a2e57f2a49 0a72712b2322453fad76c4f5894ff311 7ff77ef52ec244a09d11aabe8ca8444e - - default default] 10.0.0.104 "GET /v2.0/security-groups?id=1775d399-ebcb-4914-b90b-dc974c0b5e58&id=cabedbba-a323-48ee-8705-c18e13f5e325&fields=id&fields=name HTTP/1.1" status: 200 len: 406 time: 0.0367544
2026-07-09 02:43:45.988 10 INFO neutron.wsgi [None req-53a66a8b-a8dd-4d6c-8fef-3c4b47c63411 d8c635f72ffb40c8a873da212af6675b c1d758ee0ad44078b85ee877e7d32dd4 - - default default] 10.0.0.159 "GET /v2.0/ports?device_id=30d8dfa1-2f10-4113-aa86-43015ad5b3d2 HTTP/1.1" status: 200 len: 1443 time: 0.2065802
2026-07-09 02:43:46.051 10 INFO neutron.wsgi [None req-d123b0da-c3e7-4b9f-8e14-22516fe4ec1a 0a72712b2322453fad76c4f5894ff311 7ff77ef52ec244a09d11aabe8ca8444e - - default default] 10.0.0.159 "GET /v2.0/floatingips?floating_network_id=d4f0c915-d572-4872-94cd-a547cb2e7357&port_id=ff26d25a-c991-402e-8efc-ca6b449d7123 HTTP/1.1" status: 200 len: 1054 time: 0.0571318
2026-07-09 02:43:46.243 10 INFO neutron.db.ovn_revision_numbers_db [None req-8e665406-50de-4f2e-a88d-391b406e4a10 4dcd969ec89f4affb9803efc5fa05c2a 60215a54b14b44d280a19070bdbc0c47 - - default default] Successfully bumped revision number for resource 326da000-0b1b-4f49-8ca9-5aec5d6ee9ec (type: security_groups) to 1
2026-07-09 02:43:46.258 10 INFO neutron.db.ovn_revision_numbers_db [None req-8e665406-50de-4f2e-a88d-391b406e4a10 4dcd969ec89f4affb9803efc5fa05c2a 60215a54b14b44d280a19070bdbc0c47 - - default default] Successfully bumped revision number for resource 221fb5a2-8531-47e2-a27f-526b60ccfb67 (type: security_group_rules) to 0
2026-07-09 02:43:46.272 10 INFO neutron.db.ovn_revision_numbers_db [None req-8e665406-50de-4f2e-a88d-391b406e4a10 4dcd969ec89f4affb9803efc5fa05c2a 60215a54b14b44d280a19070bdbc0c47 - - default default] Successfully bumped revision number for resource 6efb0809-aaf2-49d5-8614-6becb0d88c22 (type: security_group_rules) to 0
2026-07-09 02:43:46.302 10 INFO neutron.db.ovn_revision_numbers_db [None req-8e665406-50de-4f2e-a88d-391b406e4a10 4dcd969ec89f4affb9803efc5fa05c2a 60215a54b14b44d280a19070bdbc0c47 - - default default] Successfully bumped revision number for resource ac7f5574-99df-4709-b628-6e94c0a7de41 (type: security_group_rules) to 0
2026-07-09 02:43:46.320 10 INFO neutron.wsgi [req-24a84fa1-de33-41b5-a36f-230b8eacd61a req-4a517adb-4f68-48f7-b532-0e2eb62cfd07 2f1d722f25954ecea2e01f1e7b8afa2b 58a85cb0b2104e4cae5e58bc426277c4 - - 9d6706514ac64505ad70089bc3506acf 9d6706514ac64505ad70089bc3506acf] 10.0.0.62 "GET /v2.0/ports?device_id=30d8dfa1-2f10-4113-aa86-43015ad5b3d2 HTTP/1.1" status: 200 len: 1448 time: 0.0361314
2026-07-09 02:43:46.321 10 INFO neutron.db.ovn_revision_numbers_db [None req-8e665406-50de-4f2e-a88d-391b406e4a10 4dcd969ec89f4affb9803efc5fa05c2a 60215a54b14b44d280a19070bdbc0c47 - - default default] Successfully bumped revision number for resource f2756c23-cfba-4d13-adac-4c08f930412a (type: security_group_rules) to 0
2026-07-09 02:43:46.347 10 INFO neutron.wsgi [None req-8e665406-50de-4f2e-a88d-391b406e4a10 4dcd969ec89f4affb9803efc5fa05c2a 60215a54b14b44d280a19070bdbc0c47 - - default default] 10.0.0.159 "GET /v2.0/security-groups?tenant_id=d8fa155c229643428555e46a34d712a9&name=default HTTP/1.1" status: 200 len: 3000 time: 0.3093328
2026-07-09 02:43:46.380 10 INFO neutron.wsgi [req-24a84fa1-de33-41b5-a36f-230b8eacd61a req-d49dbb82-7981-45ec-901e-9411b345b314 2f1d722f25954ecea2e01f1e7b8afa2b 58a85cb0b2104e4cae5e58bc426277c4 - - 9d6706514ac64505ad70089bc3506acf 9d6706514ac64505ad70089bc3506acf] 10.0.0.62 "GET /v2.0/security-groups?id=cabedbba-a323-48ee-8705-c18e13f5e325&id=1775d399-ebcb-4914-b90b-dc974c0b5e58&fields=id&fields=name HTTP/1.1" status: 200 len: 406 time: 0.0513237
2026-07-09 02:43:46.566 10 INFO neutron.wsgi [None req-d8168e5c-f27a-42b0-9b4f-9b4403675b72 4dcd969ec89f4affb9803efc5fa05c2a 60215a54b14b44d280a19070bdbc0c47 - - default default] 10.0.0.159 "DELETE /v2.0/security-groups/326da000-0b1b-4f49-8ca9-5aec5d6ee9ec HTTP/1.1" status: 204 len: 168 time: 0.2137346
2026-07-09 02:43:46.703 10 INFO neutron.wsgi [None req-f7c5d1d4-9c89-42b3-ad01-80ceb1cce284 4dcd969ec89f4affb9803efc5fa05c2a 60215a54b14b44d280a19070bdbc0c47 - - default default] 10.0.0.159 "GET /v2.0/security-groups?tenant_id=165efd24dc394bc6b970c3b6642d0b0c&name=default HTTP/1.1" status: 200 len: 2996 time: 0.0355670
2026-07-09 02:43:46.965 10 INFO neutron.wsgi [None req-8b000035-b7d8-4404-a240-69adf4a31f77 4dcd969ec89f4affb9803efc5fa05c2a 60215a54b14b44d280a19070bdbc0c47 - - default default] 10.0.0.159 "DELETE /v2.0/security-groups/bee0b03f-49f0-4167-a463-4ae6f13e93ed HTTP/1.1" status: 204 len: 168 time: 0.2576165
2026-07-09 02:43:48.444 10 INFO neutron.wsgi [req-9052284d-383f-4dae-beef-9b7c9393160c req-b1bf254d-8640-4cd9-aee5-cad5b5dfdcf3 0a72712b2322453fad76c4f5894ff311 7ff77ef52ec244a09d11aabe8ca8444e - - default default] 10.0.0.104 "GET /v2.0/ports?device_id=30d8dfa1-2f10-4113-aa86-43015ad5b3d2 HTTP/1.1" status: 200 len: 1210 time: 0.0427120
2026-07-09 02:43:48.467 9 INFO neutron.plugins.ml2.drivers.ovn.mech_driver.mech_driver [None req-9e63b695-29a8-4532-a6b9-2b5b05abe8c8 - - - - - -] OVN reports status down for port: ff26d25a-c991-402e-8efc-ca6b449d7123
2026-07-09 02:43:48.513 10 INFO neutron.wsgi [req-9052284d-383f-4dae-beef-9b7c9393160c req-ea9a0959-47ef-4a21-91ca-26e6a26c92ba 0a72712b2322453fad76c4f5894ff311 7ff77ef52ec244a09d11aabe8ca8444e - - default default] 10.0.0.104 "GET /v2.0/security-groups?id=1775d399-ebcb-4914-b90b-dc974c0b5e58&id=cabedbba-a323-48ee-8705-c18e13f5e325&fields=id&fields=name HTTP/1.1" status: 200 len: 406 time: 0.0569098
2026-07-09 02:43:48.622 9 INFO neutron.notifiers.nova [-] Nova event matching ['req-183d0961-8a24-42fa-a9ac-e0e8546a5387'] response: {'server_uuid': '30d8dfa1-2f10-4113-aa86-43015ad5b3d2', 'name': 'network-vif-unplugged', 'status': 'completed', 'tag': 'ff26d25a-c991-402e-8efc-ca6b449d7123', 'code': 200}
2026-07-09 02:43:48.814 9 INFO neutron.wsgi [req-b98c59f8-1d97-4ecb-865d-be9beb92766e req-efb6dee4-38a1-4d59-b0fe-1a569c272f34 0a72712b2322453fad76c4f5894ff311 7ff77ef52ec244a09d11aabe8ca8444e - - default default] 199.204.45.216 "GET /v2.0/ports?device_id=30d8dfa1-2f10-4113-aa86-43015ad5b3d2 HTTP/1.1" status: 200 len: 1208 time: 0.1043034
2026-07-09 02:43:48.814 9 INFO neutron.db.ovn_revision_numbers_db [None req-9e63b695-29a8-4532-a6b9-2b5b05abe8c8 - - - - - -] Successfully bumped revision number for resource ff26d25a-c991-402e-8efc-ca6b449d7123 (type: ports) to 5
2026-07-09 02:43:49.130 9 INFO neutron.db.l3_db [req-b98c59f8-1d97-4ecb-865d-be9beb92766e req-a3f286f8-e508-4ab0-b23e-484d4aa2e3a5 0a72712b2322453fad76c4f5894ff311 7ff77ef52ec244a09d11aabe8ca8444e - - default default] Floating IP 4e049021-64f4-4b87-80a1-30571751b018 disassociated. External IP: 10.96.250.205, port: ff26d25a-c991-402e-8efc-ca6b449d7123.
2026-07-09 02:43:49.288 9 INFO neutron.wsgi [req-b98c59f8-1d97-4ecb-865d-be9beb92766e req-a3f286f8-e508-4ab0-b23e-484d4aa2e3a5 0a72712b2322453fad76c4f5894ff311 7ff77ef52ec244a09d11aabe8ca8444e - - default default] 199.204.45.216 "DELETE /v2.0/ports/ff26d25a-c991-402e-8efc-ca6b449d7123 HTTP/1.1" status: 204 len: 173 time: 0.4682794 /var/lib/openstack/lib/python3.10/site-packages/pycadf/identifier.py:71: UserWarning: Invalid uuid: neutron. To ensure interoperability, identifiers should be a valid uuid. warnings.warn(('Invalid uuid: %s. To ensure interoperability, '
2026-07-09 02:43:49.624 10 INFO neutron.wsgi [req-20454c50-7991-4936-a9e6-70977a3932e0 req-daab9876-f383-434d-acfd-5d726fe7375a 0a72712b2322453fad76c4f5894ff311 7ff77ef52ec244a09d11aabe8ca8444e - - default default] 10.0.0.104 "GET /v2.0/ports?device_id=30d8dfa1-2f10-4113-aa86-43015ad5b3d2 HTTP/1.1" status: 200 len: 210 time: 0.0279810
2026-07-09 02:43:50.653 9 INFO neutron.notifiers.nova [-] Nova event matching ['req-ce22964e-9235-4129-a3b6-c99ebb05dac5'] response: {'server_uuid': '30d8dfa1-2f10-4113-aa86-43015ad5b3d2', 'name': 'network-vif-plugged', 'status': 'completed', 'tag': 'ff26d25a-c991-402e-8efc-ca6b449d7123', 'code': 200}
2026-07-09 02:43:50.654 9 INFO neutron.notifiers.nova [-] Nova event matching ['req-ce22964e-9235-4129-a3b6-c99ebb05dac5'] response: {'server_uuid': '30d8dfa1-2f10-4113-aa86-43015ad5b3d2', 'name': 'network-vif-deleted', 'tag': 'ff26d25a-c991-402e-8efc-ca6b449d7123', 'status': 'completed', 'code': 200}
2026-07-09 02:43:50.886 10 INFO neutron.wsgi [None req-00813c58-3e89-4886-a876-df5c621f6f5f 0a72712b2322453fad76c4f5894ff311 7ff77ef52ec244a09d11aabe8ca8444e - - default default] 10.0.0.159 "DELETE /v2.0/security-groups/1775d399-ebcb-4914-b90b-dc974c0b5e58 HTTP/1.1" status: 204 len: 168 time: 0.1208918 /var/lib/openstack/lib/python3.10/site-packages/pycadf/identifier.py:71: UserWarning: Invalid uuid: neutron. To ensure interoperability, identifiers should be a valid uuid. warnings.warn(('Invalid uuid: %s. To ensure interoperability, '
2026-07-09 02:43:50.912 9 INFO neutron.api.v2.resource [None req-5e90ad16-19af-4859-b1d9-5610173576ea 0a72712b2322453fad76c4f5894ff311 7ff77ef52ec244a09d11aabe8ca8444e - - default default] show failed (client error): The resource could not be found.
2026-07-09 02:43:50.913 9 INFO neutron.wsgi [None req-5e90ad16-19af-4859-b1d9-5610173576ea 0a72712b2322453fad76c4f5894ff311 7ff77ef52ec244a09d11aabe8ca8444e - - default default] 10.0.0.159 "GET /v2.0/security-groups/1775d399-ebcb-4914-b90b-dc974c0b5e58 HTTP/1.1" status: 404 len: 347 time: 0.0180194
2026-07-09 02:43:51.099 10 WARNING neutron_lib.context [None req-8f8a07cf-0ac2-4b5a-8707-182895a43255 d84076b86a374597bc3cebf78ce1170f a7a4939e99ad4d24883d59946e5991e4 - - default default] Method 'is_advsvc' is deprecated since 2023.2 release (neutron-lib 3.8.0) and will be removed once support for the old RBAC API policies will be removed from Neutron. Please use method 'is_service_role' instead.
2026-07-09 02:43:51.247 9 INFO neutron.wsgi [None req-cf562d75-fdba-475a-b78f-a752e188493f 0a72712b2322453fad76c4f5894ff311 7ff77ef52ec244a09d11aabe8ca8444e - - default default] 10.0.0.159 "DELETE /v2.0/floatingips/4e049021-64f4-4b87-80a1-30571751b018 HTTP/1.1" status: 204 len: 168 time: 0.3287747
2026-07-09 02:43:51.389 9 INFO neutron.wsgi [None req-cfa62e81-b594-47b7-99bb-1e9af077cc1c 0a72712b2322453fad76c4f5894ff311 7ff77ef52ec244a09d11aabe8ca8444e - - default default] 10.0.0.159 "DELETE /v2.0/security-groups/cabedbba-a323-48ee-8705-c18e13f5e325 HTTP/1.1" status: 204 len: 168 time: 0.1356826
2026-07-09 02:43:51.512 10 INFO neutron.db.ovn_revision_numbers_db [None req-8f8a07cf-0ac2-4b5a-8707-182895a43255 d84076b86a374597bc3cebf78ce1170f a7a4939e99ad4d24883d59946e5991e4 - - default default] Successfully bumped revision number for resource 3c1cdaaf-246d-4002-b251-52f8ae986761 (type: security_groups) to 1
2026-07-09 02:43:51.532 10 INFO neutron.db.ovn_revision_numbers_db [None req-8f8a07cf-0ac2-4b5a-8707-182895a43255 d84076b86a374597bc3cebf78ce1170f a7a4939e99ad4d24883d59946e5991e4 - - default default] Successfully bumped revision number for resource 1f7bc388-b30d-4f8b-8608-9de49b3c9551 (type: security_group_rules) to 0
2026-07-09 02:43:51.546 10 INFO neutron.db.ovn_revision_numbers_db [None req-8f8a07cf-0ac2-4b5a-8707-182895a43255 d84076b86a374597bc3cebf78ce1170f a7a4939e99ad4d24883d59946e5991e4 - - default default] Successfully bumped revision number for resource c06260a9-f78f-4a2b-8e3f-f55378c18f05 (type: security_group_rules) to 0
2026-07-09 02:43:51.557 10 INFO neutron.db.ovn_revision_numbers_db [None req-8f8a07cf-0ac2-4b5a-8707-182895a43255 d84076b86a374597bc3cebf78ce1170f a7a4939e99ad4d24883d59946e5991e4 - - default default] Successfully bumped revision number for resource ed984731-2afd-4b4c-a543-ae7e415b5421 (type: security_group_rules) to 0
2026-07-09 02:43:51.571 10 INFO neutron.db.ovn_revision_numbers_db [None req-8f8a07cf-0ac2-4b5a-8707-182895a43255 d84076b86a374597bc3cebf78ce1170f a7a4939e99ad4d24883d59946e5991e4 - - default default] Successfully bumped revision number for resource f7e2fb95-feea-43d3-96cb-1ea5e54266b5 (type: security_group_rules) to 0
2026-07-09 02:43:51.618 10 INFO neutron.db.segments_db [None req-8f8a07cf-0ac2-4b5a-8707-182895a43255 d84076b86a374597bc3cebf78ce1170f a7a4939e99ad4d24883d59946e5991e4 - - default default] Added segment 3dd5003b-426e-49ce-ae0f-1abec77424ed of type geneve for network c13d6320-6abc-430d-91d2-75808630d166
2026-07-09 02:43:51.768 10 INFO neutron.db.ovn_revision_numbers_db [None req-8f8a07cf-0ac2-4b5a-8707-182895a43255 d84076b86a374597bc3cebf78ce1170f a7a4939e99ad4d24883d59946e5991e4 - - default default] Successfully bumped revision number for resource c13d6320-6abc-430d-91d2-75808630d166 (type: networks) to 1
2026-07-09 02:43:51.941 10 WARNING neutron.scheduler.dhcp_agent_scheduler [None req-8f8a07cf-0ac2-4b5a-8707-182895a43255 d84076b86a374597bc3cebf78ce1170f a7a4939e99ad4d24883d59946e5991e4 - - default default] No more DHCP agents
2026-07-09 02:43:51.944 10 WARNING neutron.api.rpc.agentnotifiers.dhcp_rpc_agent_api [None req-8f8a07cf-0ac2-4b5a-8707-182895a43255 d84076b86a374597bc3cebf78ce1170f a7a4939e99ad4d24883d59946e5991e4 - - default default] Unable to schedule network c13d6320-6abc-430d-91d2-75808630d166: no agents available; will retry on subsequent port and subnet creation events.
2026-07-09 02:43:52.034 10 INFO neutron.db.ovn_revision_numbers_db [None req-8f8a07cf-0ac2-4b5a-8707-182895a43255 d84076b86a374597bc3cebf78ce1170f a7a4939e99ad4d24883d59946e5991e4 - - default default] Successfully bumped revision number for resource 286955f9-ce5e-4a69-90cf-40238052df52 (type: ports) to 1
2026-07-09 02:43:52.055 10 INFO neutron.wsgi [None req-8f8a07cf-0ac2-4b5a-8707-182895a43255 d84076b86a374597bc3cebf78ce1170f a7a4939e99ad4d24883d59946e5991e4 - - default default] 10.0.0.159 "POST /v2.0/networks HTTP/1.1" status: 201 len: 830 time: 1.1033638
2026-07-09 02:43:52.065 10 WARNING neutron_lib.context [None req-316e054d-7a5a-4184-9697-33d9f0964fe6 d84076b86a374597bc3cebf78ce1170f a7a4939e99ad4d24883d59946e5991e4 - - default default] Method 'is_advsvc' is deprecated since 2023.2 release (neutron-lib 3.8.0) and will be removed once support for the old RBAC API policies will be removed from Neutron. Please use method 'is_service_role' instead.
2026-07-09 02:43:52.283 10 WARNING neutron.scheduler.dhcp_agent_scheduler [None req-316e054d-7a5a-4184-9697-33d9f0964fe6 d84076b86a374597bc3cebf78ce1170f a7a4939e99ad4d24883d59946e5991e4 - - default default] No more DHCP agents
2026-07-09 02:43:52.285 10 WARNING neutron.api.rpc.agentnotifiers.dhcp_rpc_agent_api [None req-316e054d-7a5a-4184-9697-33d9f0964fe6 d84076b86a374597bc3cebf78ce1170f a7a4939e99ad4d24883d59946e5991e4 - - default default] Unable to schedule network c13d6320-6abc-430d-91d2-75808630d166: no agents available; will retry on subsequent port and subnet creation events.
2026-07-09 02:43:52.761 10 INFO neutron.db.ovn_revision_numbers_db [None req-316e054d-7a5a-4184-9697-33d9f0964fe6 d84076b86a374597bc3cebf78ce1170f a7a4939e99ad4d24883d59946e5991e4 - - default default] Successfully bumped revision number for resource 286955f9-ce5e-4a69-90cf-40238052df52 (type: ports) to 2
2026-07-09 02:43:52.797 10 INFO neutron.db.ovn_revision_numbers_db [None req-316e054d-7a5a-4184-9697-33d9f0964fe6 d84076b86a374597bc3cebf78ce1170f a7a4939e99ad4d24883d59946e5991e4 - - default default] Successfully bumped revision number for resource 54bbb37b-e7f9-45f4-830e-54c8e039f24e (type: subnets) to 0
2026-07-09 02:43:52.814 10 INFO neutron.wsgi [None req-316e054d-7a5a-4184-9697-33d9f0964fe6 d84076b86a374597bc3cebf78ce1170f a7a4939e99ad4d24883d59946e5991e4 - - default default] 10.0.0.159 "POST /v2.0/subnets HTTP/1.1" status: 201 len: 801 time: 0.7536395
2026-07-09 02:43:52.824 10 WARNING neutron_lib.context [None req-43a3251b-c5e7-4e80-89b3-4faf6d157ddf d84076b86a374597bc3cebf78ce1170f a7a4939e99ad4d24883d59946e5991e4 - - default default] Method 'is_advsvc' is deprecated since 2023.2 release (neutron-lib 3.8.0) and will be removed once support for the old RBAC API policies will be removed from Neutron. Please use method 'is_service_role' instead.
2026-07-09 02:43:52.832 9 INFO neutron.wsgi [None req-5c2c3e15-df2d-493d-be9e-23bc7aa2b8aa 4dcd969ec89f4affb9803efc5fa05c2a 60215a54b14b44d280a19070bdbc0c47 - - default default] 10.0.0.159 "PUT /v2.0/routers/213f1080-3b33-4659-8fb7-5493b7cbecc3/remove_router_interface HTTP/1.1" status: 200 len: 503 time: 1.4036763 /var/lib/openstack/lib/python3.10/site-packages/pycadf/identifier.py:71: UserWarning: Invalid uuid: neutron. To ensure interoperability, identifiers should be a valid uuid. warnings.warn(('Invalid uuid: %s. To ensure interoperability, '
2026-07-09 02:43:52.906 10 INFO neutron.db.segments_db [None req-43a3251b-c5e7-4e80-89b3-4faf6d157ddf d84076b86a374597bc3cebf78ce1170f a7a4939e99ad4d24883d59946e5991e4 - - default default] Added segment 139bcc7c-3299-4531-a9b3-9acf5ad0c599 of type geneve for network e32ded51-28ed-4af8-8f23-082610b157ef
2026-07-09 02:43:53.061 10 INFO neutron.db.ovn_revision_numbers_db [None req-43a3251b-c5e7-4e80-89b3-4faf6d157ddf d84076b86a374597bc3cebf78ce1170f a7a4939e99ad4d24883d59946e5991e4 - - default default] Successfully bumped revision number for resource e32ded51-28ed-4af8-8f23-082610b157ef (type: networks) to 1
2026-07-09 02:43:53.242 10 WARNING neutron.scheduler.dhcp_agent_scheduler [None req-43a3251b-c5e7-4e80-89b3-4faf6d157ddf d84076b86a374597bc3cebf78ce1170f a7a4939e99ad4d24883d59946e5991e4 - - default default] No more DHCP agents
2026-07-09 02:43:53.245 10 WARNING neutron.api.rpc.agentnotifiers.dhcp_rpc_agent_api [None req-43a3251b-c5e7-4e80-89b3-4faf6d157ddf d84076b86a374597bc3cebf78ce1170f a7a4939e99ad4d24883d59946e5991e4 - - default default] Unable to schedule network e32ded51-28ed-4af8-8f23-082610b157ef: no agents available; will retry on subsequent port and subnet creation events.
2026-07-09 02:43:53.338 10 INFO neutron.db.ovn_revision_numbers_db [None req-43a3251b-c5e7-4e80-89b3-4faf6d157ddf d84076b86a374597bc3cebf78ce1170f a7a4939e99ad4d24883d59946e5991e4 - - default default] Successfully bumped revision number for resource 2f33f147-f07b-469c-a183-09874737e735 (type: ports) to 1
2026-07-09 02:43:53.361 10 INFO neutron.wsgi [None req-43a3251b-c5e7-4e80-89b3-4faf6d157ddf d84076b86a374597bc3cebf78ce1170f a7a4939e99ad4d24883d59946e5991e4 - - default default] 10.0.0.159 "POST /v2.0/networks HTTP/1.1" status: 201 len: 831 time: 0.5419407
2026-07-09 02:43:53.372 10 WARNING neutron_lib.context [None req-d91b6e7f-2feb-42e3-a58d-6cf1bdda9642 d84076b86a374597bc3cebf78ce1170f a7a4939e99ad4d24883d59946e5991e4 - - default default] Method 'is_advsvc' is deprecated since 2023.2 release (neutron-lib 3.8.0) and will be removed once support for the old RBAC API policies will be removed from Neutron. Please use method 'is_service_role' instead.
2026-07-09 02:43:53.639 10 WARNING neutron.scheduler.dhcp_agent_scheduler [None req-d91b6e7f-2feb-42e3-a58d-6cf1bdda9642 d84076b86a374597bc3cebf78ce1170f a7a4939e99ad4d24883d59946e5991e4 - - default default] No more DHCP agents
2026-07-09 02:43:53.640 10 WARNING neutron.api.rpc.agentnotifiers.dhcp_rpc_agent_api [None req-d91b6e7f-2feb-42e3-a58d-6cf1bdda9642 d84076b86a374597bc3cebf78ce1170f a7a4939e99ad4d24883d59946e5991e4 - - default default] Unable to schedule network e32ded51-28ed-4af8-8f23-082610b157ef: no agents available; will retry on subsequent port and subnet creation events.
2026-07-09 02:43:53.763 9 INFO neutron.wsgi [None req-bee013cc-3d45-4aae-9d89-1e635bb724b3 4dcd969ec89f4affb9803efc5fa05c2a 60215a54b14b44d280a19070bdbc0c47 - - default default] 10.0.0.159 "DELETE /v2.0/routers/213f1080-3b33-4659-8fb7-5493b7cbecc3 HTTP/1.1" status: 204 len: 168 time: 0.9264960
2026-07-09 02:43:53.937 9 INFO neutron.wsgi [None req-68d93a0c-45e4-4463-80d2-c5232c7db6c3 4dcd969ec89f4affb9803efc5fa05c2a 60215a54b14b44d280a19070bdbc0c47 - - default default] 10.0.0.159 "DELETE /v2.0/subnets/42ff5fa4-15f0-48d3-946f-bec70bd21151 HTTP/1.1" status: 204 len: 168 time: 0.1699142
2026-07-09 02:43:54.105 10 INFO neutron.db.ovn_revision_numbers_db [None req-d91b6e7f-2feb-42e3-a58d-6cf1bdda9642 d84076b86a374597bc3cebf78ce1170f a7a4939e99ad4d24883d59946e5991e4 - - default default] Successfully bumped revision number for resource 2f33f147-f07b-469c-a183-09874737e735 (type: ports) to 2
2026-07-09 02:43:54.139 10 INFO neutron.db.ovn_revision_numbers_db [None req-d91b6e7f-2feb-42e3-a58d-6cf1bdda9642 d84076b86a374597bc3cebf78ce1170f a7a4939e99ad4d24883d59946e5991e4 - - default default] Successfully bumped revision number for resource 292e9af8-b33a-4332-b5af-f82cdd017973 (type: subnets) to 0
2026-07-09 02:43:54.157 10 INFO neutron.wsgi [None req-d91b6e7f-2feb-42e3-a58d-6cf1bdda9642 d84076b86a374597bc3cebf78ce1170f a7a4939e99ad4d24883d59946e5991e4 - - default default] 10.0.0.159 "POST /v2.0/subnets HTTP/1.1" status: 201 len: 804 time: 0.7901154
2026-07-09 02:43:54.167 10 WARNING neutron_lib.context [None req-8c0e0be3-feaf-402b-88eb-64ba1c506022 d84076b86a374597bc3cebf78ce1170f a7a4939e99ad4d24883d59946e5991e4 - - default default] Method 'is_advsvc' is deprecated since 2023.2 release (neutron-lib 3.8.0) and will be removed once support for the old RBAC API policies will be removed from Neutron. Please use method 'is_service_role' instead.
2026-07-09 02:43:54.240 10 INFO neutron.db.segments_db [None req-8c0e0be3-feaf-402b-88eb-64ba1c506022 d84076b86a374597bc3cebf78ce1170f a7a4939e99ad4d24883d59946e5991e4 - - default default] Added segment 78f1bc96-3283-4f55-ab30-7215cb24ba7d of type geneve for network 3d8ca370-bcd3-44d7-aca1-f206c36eed1d
2026-07-09 02:43:54.290 9 INFO neutron.services.segments.plugin [-] Segment 1f3997d3-dcd7-4ffe-bec3-25077deead61 resource provider aggregate not found
2026-07-09 02:43:54.295 9 INFO neutron.services.segments.plugin [-] Segment 1f3997d3-dcd7-4ffe-bec3-25077deead61 resource provider aggregate not found
2026-07-09 02:43:54.312 9 INFO neutron.services.segments.plugin [-] Segment 1f3997d3-dcd7-4ffe-bec3-25077deead61 resource provider not found; error: Placement Client Error (4xx): {"errors": [{"status": 404, "title": "Not Found", "detail": "The resource could not be found.\n\n No resource provider with uuid 1f3997d3-dcd7-4ffe-bec3-25077deead61 found for delete ", "request_id": "req-0f56b441-d527-4341-8e1c-d4e1e93b941b"}]}
2026-07-09 02:43:54.314 9 INFO neutron.services.segments.plugin [-] Segment 1f3997d3-dcd7-4ffe-bec3-25077deead61 resource provider not found; error: Placement Client Error (4xx): {"errors": [{"status": 404, "title": "Not Found", "detail": "The resource could not be found.\n\n No resource provider with uuid 1f3997d3-dcd7-4ffe-bec3-25077deead61 found for delete ", "request_id": "req-7910a7b3-e157-4775-802f-42abf139a02b"}]}
2026-07-09 02:43:54.336 9 INFO neutron.wsgi [None req-72052c01-c0c2-4d3c-88a9-175d43fdfea6 4dcd969ec89f4affb9803efc5fa05c2a 60215a54b14b44d280a19070bdbc0c47 - - default default] 10.0.0.159 "DELETE /v2.0/networks/d9d811fb-6964-49cb-96f6-14c7dc128c8d HTTP/1.1" status: 204 len: 168 time: 0.3949556
2026-07-09 02:43:54.389 10 INFO neutron.db.ovn_revision_numbers_db [None req-8c0e0be3-feaf-402b-88eb-64ba1c506022 d84076b86a374597bc3cebf78ce1170f a7a4939e99ad4d24883d59946e5991e4 - - default default] Successfully bumped revision number for resource 3d8ca370-bcd3-44d7-aca1-f206c36eed1d (type: networks) to 1
2026-07-09 02:43:54.594 10 WARNING neutron.scheduler.dhcp_agent_scheduler [None req-8c0e0be3-feaf-402b-88eb-64ba1c506022 d84076b86a374597bc3cebf78ce1170f a7a4939e99ad4d24883d59946e5991e4 - - default default] No more DHCP agents
