2026-07-09 02:22:01.949 10 INFO neutron.wsgi [None req-55bf1c55-6b91-4529-b9d6-863d75301396 4dcd969ec89f4affb9803efc5fa05c2a 60215a54b14b44d280a19070bdbc0c47 - - default default] 199.204.45.216,10.0.0.36 "GET /v2.0/security-groups/c94d92ba-45a0-4df5-aa43-65657e52cabf?project_id=58a85cb0b2104e4cae5e58bc426277c4 HTTP/1.1" status: 200 len: 1736 time: 0.1228600
2026-07-09 02:22:01.985 10 INFO neutron.wsgi [None req-4408f290-ddd7-4c9c-b906-ea4bf1e03a79 4dcd969ec89f4affb9803efc5fa05c2a 60215a54b14b44d280a19070bdbc0c47 - - default default] 199.204.45.216,10.0.0.36 "GET /v2.0/security-groups/c94d92ba-45a0-4df5-aa43-65657e52cabf HTTP/1.1" status: 200 len: 1736 time: 0.0311940
2026-07-09 02:22:02.111 10 INFO neutron.wsgi [None req-1e19cbb0-3fbb-453b-8a88-dd40be1dfe88 4dcd969ec89f4affb9803efc5fa05c2a 60215a54b14b44d280a19070bdbc0c47 - - default default] 199.204.45.216,10.0.0.36 "GET /v2.0/security-groups/c94d92ba-45a0-4df5-aa43-65657e52cabf?project_id=58a85cb0b2104e4cae5e58bc426277c4 HTTP/1.1" status: 200 len: 1736 time: 0.0492415
2026-07-09 02:22:02.246 10 INFO neutron.db.ovn_revision_numbers_db [None req-ae267f3a-c3ff-4666-8e1f-2275a16ada24 4dcd969ec89f4affb9803efc5fa05c2a 60215a54b14b44d280a19070bdbc0c47 - - default default] Successfully bumped revision number for resource 36f1de5e-c23b-4a88-8f1b-c0a551cbf50d (type: security_group_rules) to 0
2026-07-09 02:22:02.271 10 INFO neutron.wsgi [None req-ae267f3a-c3ff-4666-8e1f-2275a16ada24 4dcd969ec89f4affb9803efc5fa05c2a 60215a54b14b44d280a19070bdbc0c47 - - default default] 199.204.45.216,10.0.0.36 "POST /v2.0/security-group-rules HTTP/1.1" status: 201 len: 745 time: 0.1514068
2026-07-09 02:22:03.266 10 INFO neutron.wsgi [None req-3e1fe810-ca9e-4fb9-a41e-a705e641d3c0 4dcd969ec89f4affb9803efc5fa05c2a 60215a54b14b44d280a19070bdbc0c47 - - default default] 199.204.45.216,10.0.0.36 "GET /v2.0/security-groups/c94d92ba-45a0-4df5-aa43-65657e52cabf?project_id=58a85cb0b2104e4cae5e58bc426277c4 HTTP/1.1" status: 200 len: 2314 time: 0.0667825
2026-07-09 02:22:03.302 10 INFO neutron.wsgi [None req-2819be63-6d7f-48a1-9e21-593a9f3e8712 4dcd969ec89f4affb9803efc5fa05c2a 60215a54b14b44d280a19070bdbc0c47 - - default default] 199.204.45.216,10.0.0.36 "GET /v2.0/security-groups/c94d92ba-45a0-4df5-aa43-65657e52cabf HTTP/1.1" status: 200 len: 2314 time: 0.0274389
2026-07-09 02:22:03.411 10 INFO neutron.wsgi [None req-90c2de66-912c-4b85-9649-28b7558fd85b 4dcd969ec89f4affb9803efc5fa05c2a 60215a54b14b44d280a19070bdbc0c47 - - default default] 199.204.45.216,10.0.0.36 "GET /v2.0/security-groups/c94d92ba-45a0-4df5-aa43-65657e52cabf?project_id=58a85cb0b2104e4cae5e58bc426277c4 HTTP/1.1" status: 200 len: 2314 time: 0.0306292
2026-07-09 02:22:03.569 10 INFO neutron.db.ovn_revision_numbers_db [None req-676cb326-768a-4f5c-a8e9-850458ea2671 4dcd969ec89f4affb9803efc5fa05c2a 60215a54b14b44d280a19070bdbc0c47 - - default default] Successfully bumped revision number for resource e634d878-97d3-492c-8b42-319b42f27a17 (type: security_group_rules) to 0
2026-07-09 02:22:03.592 10 INFO neutron.wsgi [None req-676cb326-768a-4f5c-a8e9-850458ea2671 4dcd969ec89f4affb9803efc5fa05c2a 60215a54b14b44d280a19070bdbc0c47 - - default default] 199.204.45.216,10.0.0.36 "POST /v2.0/security-group-rules HTTP/1.1" status: 201 len: 747 time: 0.1740856
2026-07-09 02:22:04.553 10 INFO neutron.wsgi [None req-b53aa45c-39f4-47ee-8e04-7a32d4be0a5e 4dcd969ec89f4affb9803efc5fa05c2a 60215a54b14b44d280a19070bdbc0c47 - - default default] 199.204.45.216,10.0.0.36 "GET /v2.0/security-groups/c94d92ba-45a0-4df5-aa43-65657e52cabf?project_id=58a85cb0b2104e4cae5e58bc426277c4 HTTP/1.1" status: 200 len: 2894 time: 0.0829592
2026-07-09 02:22:04.594 10 INFO neutron.wsgi [None req-ca107ff5-377b-4749-a1da-05f4a1ed1212 4dcd969ec89f4affb9803efc5fa05c2a 60215a54b14b44d280a19070bdbc0c47 - - default default] 199.204.45.216,10.0.0.36 "GET /v2.0/security-groups/c94d92ba-45a0-4df5-aa43-65657e52cabf HTTP/1.1" status: 200 len: 2894 time: 0.0328357
2026-07-09 02:22:04.701 10 INFO neutron.wsgi [None req-17365d20-c0ec-46a8-8173-c788a60aa573 4dcd969ec89f4affb9803efc5fa05c2a 60215a54b14b44d280a19070bdbc0c47 - - default default] 199.204.45.216,10.0.0.36 "GET /v2.0/security-groups/c94d92ba-45a0-4df5-aa43-65657e52cabf?project_id=58a85cb0b2104e4cae5e58bc426277c4 HTTP/1.1" status: 200 len: 2894 time: 0.0347548
2026-07-09 02:22:04.821 10 INFO neutron.db.ovn_revision_numbers_db [None req-08faefcf-204c-4939-b016-0080702c77ca 4dcd969ec89f4affb9803efc5fa05c2a 60215a54b14b44d280a19070bdbc0c47 - - default default] Successfully bumped revision number for resource 24715665-5dd0-4524-b14e-c82df87ab1a3 (type: security_group_rules) to 0
2026-07-09 02:22:04.843 10 INFO neutron.wsgi [None req-08faefcf-204c-4939-b016-0080702c77ca 4dcd969ec89f4affb9803efc5fa05c2a 60215a54b14b44d280a19070bdbc0c47 - - default default] 199.204.45.216,10.0.0.36 "POST /v2.0/security-group-rules HTTP/1.1" status: 201 len: 749 time: 0.1325519
2026-07-09 02:22:05.830 10 INFO neutron.wsgi [None req-d65b9979-b30a-4005-b495-6c3604567083 4dcd969ec89f4affb9803efc5fa05c2a 60215a54b14b44d280a19070bdbc0c47 - - default default] 199.204.45.216,10.0.0.36 "GET /v2.0/security-groups/c94d92ba-45a0-4df5-aa43-65657e52cabf?project_id=58a85cb0b2104e4cae5e58bc426277c4 HTTP/1.1" status: 200 len: 3476 time: 0.0672755
2026-07-09 02:22:05.869 10 INFO neutron.wsgi [None req-0ca61b34-06b0-4038-9fdd-f02676a76317 4dcd969ec89f4affb9803efc5fa05c2a 60215a54b14b44d280a19070bdbc0c47 - - default default] 199.204.45.216,10.0.0.36 "GET /v2.0/security-groups/c94d92ba-45a0-4df5-aa43-65657e52cabf HTTP/1.1" status: 200 len: 3476 time: 0.0306945
2026-07-09 02:22:05.967 10 INFO neutron.wsgi [None req-4c996e24-1b48-4c3b-878b-02ad693c76a4 4dcd969ec89f4affb9803efc5fa05c2a 60215a54b14b44d280a19070bdbc0c47 - - default default] 199.204.45.216,10.0.0.36 "GET /v2.0/security-groups/c94d92ba-45a0-4df5-aa43-65657e52cabf?project_id=58a85cb0b2104e4cae5e58bc426277c4 HTTP/1.1" status: 200 len: 3476 time: 0.0335741
2026-07-09 02:22:06.094 10 INFO neutron.db.ovn_revision_numbers_db [None req-059e53a1-57c4-45b8-9ed3-ed3fd60322ac 4dcd969ec89f4affb9803efc5fa05c2a 60215a54b14b44d280a19070bdbc0c47 - - default default] Successfully bumped revision number for resource e2f9cbba-59f0-4a56-9dfe-0caf26e7f64b (type: security_group_rules) to 0
2026-07-09 02:22:06.116 10 INFO neutron.wsgi [None req-059e53a1-57c4-45b8-9ed3-ed3fd60322ac 4dcd969ec89f4affb9803efc5fa05c2a 60215a54b14b44d280a19070bdbc0c47 - - default default] 199.204.45.216,10.0.0.36 "POST /v2.0/security-group-rules HTTP/1.1" status: 201 len: 750 time: 0.1412256
2026-07-09 02:22:11.888 9 INFO neutron.wsgi [-] 10.0.0.36 "GET / HTTP/1.1" status: 200 len: 247 time: 0.0015259
2026-07-09 02:22:11.888 10 INFO neutron.wsgi [-] 10.0.0.36 "GET / HTTP/1.1" status: 200 len: 247 time: 0.0018070
2026-07-09 02:22:26.890 9 INFO neutron.wsgi [-] 10.0.0.36 "GET / HTTP/1.1" status: 200 len: 247 time: 0.0029609
2026-07-09 02:22:26.891 10 INFO neutron.wsgi [-] 10.0.0.36 "GET / HTTP/1.1" status: 200 len: 247 time: 0.0031724
2026-07-09 02:22:41.890 9 INFO neutron.wsgi [-] 10.0.0.36 "GET / HTTP/1.1" status: 200 len: 247 time: 0.0025921
2026-07-09 02:22:41.891 10 INFO neutron.wsgi [-] 10.0.0.36 "GET / HTTP/1.1" status: 200 len: 247 time: 0.0025203
2026-07-09 02:22:56.890 9 INFO neutron.wsgi [-] 10.0.0.36 "GET / HTTP/1.1" status: 200 len: 247 time: 0.0028396
2026-07-09 02:22:56.891 10 INFO neutron.wsgi [-] 10.0.0.36 "GET / HTTP/1.1" status: 200 len: 247 time: 0.0034575
2026-07-09 02:23:11.889 9 INFO neutron.wsgi [-] 10.0.0.36 "GET / HTTP/1.1" status: 200 len: 247 time: 0.0022717
2026-07-09 02:23:11.891 10 INFO neutron.wsgi [-] 10.0.0.36 "GET / HTTP/1.1" status: 200 len: 247 time: 0.0036340
2026-07-09 02:23:26.894 9 INFO neutron.wsgi [-] 10.0.0.36 "GET / HTTP/1.1" status: 200 len: 247 time: 0.0025926
2026-07-09 02:23:26.897 9 INFO neutron.wsgi [-] 10.0.0.36 "GET / HTTP/1.1" status: 200 len: 247 time: 0.0022376
2026-07-09 02:23:41.890 10 INFO neutron.wsgi [-] 10.0.0.36 "GET / HTTP/1.1" status: 200 len: 247 time: 0.0023918
2026-07-09 02:23:41.890 9 INFO neutron.wsgi [-] 10.0.0.36 "GET / HTTP/1.1" status: 200 len: 247 time: 0.0027280
2026-07-09 02:23:56.890 9 INFO neutron.wsgi [-] 10.0.0.36 "GET / HTTP/1.1" status: 200 len: 247 time: 0.0025799
2026-07-09 02:23:56.890 10 INFO neutron.wsgi [-] 10.0.0.36 "GET / HTTP/1.1" status: 200 len: 247 time: 0.0033531 /var/lib/openstack/lib/python3.10/site-packages/pycadf/identifier.py:71: UserWarning: Invalid uuid: neutron. To ensure interoperability, identifiers should be a valid uuid. warnings.warn(('Invalid uuid: %s. To ensure interoperability, '
2026-07-09 02:24:10.879 9 INFO neutron.wsgi [None req-d2e8814b-d838-4359-9f06-72c8a4ab0174 77164e9b7d5b417a86e66af0b4df732b 58a85cb0b2104e4cae5e58bc426277c4 - - 9d6706514ac64505ad70089bc3506acf 9d6706514ac64505ad70089bc3506acf] 199.204.45.216 "GET /v2.0/networks?tenant_id=58a85cb0b2104e4cae5e58bc426277c4&shared=False HTTP/1.1" status: 200 len: 213 time: 0.1244648
2026-07-09 02:24:11.022 9 INFO neutron.db.segments_db [None req-f41dd39a-3b41-42a1-a495-a5ec1410a960 77164e9b7d5b417a86e66af0b4df732b 58a85cb0b2104e4cae5e58bc426277c4 - - 9d6706514ac64505ad70089bc3506acf 9d6706514ac64505ad70089bc3506acf] Added segment a742f5f9-73d2-4296-b2f2-26bfba42a6dc of type geneve for network 863a01e2-1454-48dc-8ff2-ffaffa82aa24
2026-07-09 02:24:11.171 9 INFO neutron.db.ovn_revision_numbers_db [None req-f41dd39a-3b41-42a1-a495-a5ec1410a960 77164e9b7d5b417a86e66af0b4df732b 58a85cb0b2104e4cae5e58bc426277c4 - - 9d6706514ac64505ad70089bc3506acf 9d6706514ac64505ad70089bc3506acf] Successfully bumped revision number for resource 863a01e2-1454-48dc-8ff2-ffaffa82aa24 (type: networks) to 1
2026-07-09 02:24:11.335 9 WARNING neutron.scheduler.dhcp_agent_scheduler [None req-f41dd39a-3b41-42a1-a495-a5ec1410a960 77164e9b7d5b417a86e66af0b4df732b 58a85cb0b2104e4cae5e58bc426277c4 - - 9d6706514ac64505ad70089bc3506acf 9d6706514ac64505ad70089bc3506acf] No more DHCP agents
2026-07-09 02:24:11.338 9 WARNING neutron.api.rpc.agentnotifiers.dhcp_rpc_agent_api [None req-f41dd39a-3b41-42a1-a495-a5ec1410a960 77164e9b7d5b417a86e66af0b4df732b 58a85cb0b2104e4cae5e58bc426277c4 - - 9d6706514ac64505ad70089bc3506acf 9d6706514ac64505ad70089bc3506acf] Unable to schedule network 863a01e2-1454-48dc-8ff2-ffaffa82aa24: no agents available; will retry on subsequent port and subnet creation events.
2026-07-09 02:24:11.418 9 INFO neutron.db.ovn_revision_numbers_db [None req-f41dd39a-3b41-42a1-a495-a5ec1410a960 77164e9b7d5b417a86e66af0b4df732b 58a85cb0b2104e4cae5e58bc426277c4 - - 9d6706514ac64505ad70089bc3506acf 9d6706514ac64505ad70089bc3506acf] Successfully bumped revision number for resource 697cbcfb-b1f5-4619-8cdc-cbccbca1687c (type: ports) to 1
2026-07-09 02:24:11.437 9 INFO neutron.wsgi [None req-f41dd39a-3b41-42a1-a495-a5ec1410a960 77164e9b7d5b417a86e66af0b4df732b 58a85cb0b2104e4cae5e58bc426277c4 - - 9d6706514ac64505ad70089bc3506acf 9d6706514ac64505ad70089bc3506acf] 199.204.45.216 "POST /v2.0/networks HTTP/1.1" status: 201 len: 925 time: 0.5502996
2026-07-09 02:24:11.482 9 INFO neutron.wsgi [None req-ada8f911-8387-4dd4-a992-45a68ae6cee3 77164e9b7d5b417a86e66af0b4df732b 58a85cb0b2104e4cae5e58bc426277c4 - - 9d6706514ac64505ad70089bc3506acf 9d6706514ac64505ad70089bc3506acf] 199.204.45.216 "GET /v2.0/ports?device_id=manila-share&binding%3Ahost_id=instance HTTP/1.1" status: 200 len: 210 time: 0.0346231
2026-07-09 02:24:11.503 9 INFO neutron.wsgi [None req-c1d04b44-12b3-4bf1-9b76-8160b127322a 77164e9b7d5b417a86e66af0b4df732b 58a85cb0b2104e4cae5e58bc426277c4 - - 9d6706514ac64505ad70089bc3506acf 9d6706514ac64505ad70089bc3506acf] 199.204.45.216 "GET /v2.0/extensions HTTP/1.1" status: 200 len: 16980 time: 0.0108287
2026-07-09 02:24:11.732 9 WARNING neutron.scheduler.dhcp_agent_scheduler [None req-cd324667-0617-4d57-861d-a5662984bbd1 77164e9b7d5b417a86e66af0b4df732b 58a85cb0b2104e4cae5e58bc426277c4 - - 9d6706514ac64505ad70089bc3506acf 9d6706514ac64505ad70089bc3506acf] No more DHCP agents
2026-07-09 02:24:11.737 9 WARNING neutron.api.rpc.agentnotifiers.dhcp_rpc_agent_api [None req-cd324667-0617-4d57-861d-a5662984bbd1 77164e9b7d5b417a86e66af0b4df732b 58a85cb0b2104e4cae5e58bc426277c4 - - 9d6706514ac64505ad70089bc3506acf 9d6706514ac64505ad70089bc3506acf] Unable to schedule network 863a01e2-1454-48dc-8ff2-ffaffa82aa24: no agents available; will retry on subsequent port and subnet creation events.
2026-07-09 02:24:11.821 9 INFO neutron.db.ovn_revision_numbers_db [None req-cd324667-0617-4d57-861d-a5662984bbd1 77164e9b7d5b417a86e66af0b4df732b 58a85cb0b2104e4cae5e58bc426277c4 - - 9d6706514ac64505ad70089bc3506acf 9d6706514ac64505ad70089bc3506acf] Successfully bumped revision number for resource 4de89828-8bc8-466f-b845-0ce14e118a4b (type: ports) to 1
2026-07-09 02:24:11.889 10 INFO neutron.wsgi [-] 10.0.0.36 "GET / HTTP/1.1" status: 200 len: 247 time: 0.0017290
2026-07-09 02:24:11.894 10 INFO neutron.wsgi [-] 10.0.0.36 "GET / HTTP/1.1" status: 200 len: 247 time: 0.0025101
2026-07-09 02:24:12.010 9 INFO neutron.db.ovn_revision_numbers_db [None req-cd324667-0617-4d57-861d-a5662984bbd1 77164e9b7d5b417a86e66af0b4df732b 58a85cb0b2104e4cae5e58bc426277c4 - - 9d6706514ac64505ad70089bc3506acf 9d6706514ac64505ad70089bc3506acf] Successfully bumped revision number for resource 4de89828-8bc8-466f-b845-0ce14e118a4b (type: ports) to 1
2026-07-09 02:24:12.039 9 INFO neutron.wsgi [None req-cd324667-0617-4d57-861d-a5662984bbd1 77164e9b7d5b417a86e66af0b4df732b 58a85cb0b2104e4cae5e58bc426277c4 - - 9d6706514ac64505ad70089bc3506acf 9d6706514ac64505ad70089bc3506acf] 199.204.45.216 "POST /v2.0/ports HTTP/1.1" status: 201 len: 1144 time: 0.5275931
2026-07-09 02:24:12.098 9 INFO neutron.wsgi [None req-3f6d76c3-3677-4d8e-8120-84e6a9304af4 77164e9b7d5b417a86e66af0b4df732b 58a85cb0b2104e4cae5e58bc426277c4 - - 9d6706514ac64505ad70089bc3506acf 9d6706514ac64505ad70089bc3506acf] 199.204.45.216 "GET /v2.0/networks/863a01e2-1454-48dc-8ff2-ffaffa82aa24 HTTP/1.1" status: 200 len: 907 time: 0.0496821
2026-07-09 02:24:12.982 9 INFO neutron.plugins.ml2.drivers.ovn.mech_driver.mech_driver [-] OVN reports status up for port: 4de89828-8bc8-466f-b845-0ce14e118a4b
2026-07-09 02:24:12.996 9 INFO neutron.plugins.ml2.plugin [None req-9e63b695-29a8-4532-a6b9-2b5b05abe8c8 - - - - - -] Attempt 1 to provision port 4de89828-8bc8-466f-b845-0ce14e118a4b
2026-07-09 02:24:13.308 9 INFO neutron.db.ovn_revision_numbers_db [None req-9e63b695-29a8-4532-a6b9-2b5b05abe8c8 - - - - - -] Successfully bumped revision number for resource 4de89828-8bc8-466f-b845-0ce14e118a4b (type: ports) to 3
2026-07-09 02:24:14.755 9 INFO neutron.wsgi [None req-2cc542a6-b9ed-4a68-83c5-120cf0d747bf 77164e9b7d5b417a86e66af0b4df732b 58a85cb0b2104e4cae5e58bc426277c4 - - 9d6706514ac64505ad70089bc3506acf 9d6706514ac64505ad70089bc3506acf] 199.204.45.216 "GET /v2.0/ports?device_id=manila-share&binding%3Ahost_id=instance HTTP/1.1" status: 200 len: 1172 time: 0.0464954
2026-07-09 02:24:14.813 9 INFO neutron.wsgi [None req-fbc7a3f4-2807-4757-8ce2-823d60f9a2f4 77164e9b7d5b417a86e66af0b4df732b 58a85cb0b2104e4cae5e58bc426277c4 - - 9d6706514ac64505ad70089bc3506acf 9d6706514ac64505ad70089bc3506acf] 199.204.45.216 "GET /v2.0/networks/863a01e2-1454-48dc-8ff2-ffaffa82aa24 HTTP/1.1" status: 200 len: 907 time: 0.0508068
2026-07-09 02:24:26.888 10 INFO neutron.wsgi [-] 10.0.0.36 "GET / HTTP/1.1" status: 200 len: 247 time: 0.0015094
2026-07-09 02:24:26.890 9 INFO neutron.wsgi [-] 10.0.0.36 "GET / HTTP/1.1" status: 200 len: 247 time: 0.0027223
2026-07-09 02:24:26.998 9 INFO neutron.wsgi [None req-3d62393c-ccce-4bbb-92ad-39f45fcbcdcf 4dcd969ec89f4affb9803efc5fa05c2a 60215a54b14b44d280a19070bdbc0c47 - - default default] 199.204.45.216,10.0.0.36 "GET /v2.0/quotas/58a85cb0b2104e4cae5e58bc426277c4 HTTP/1.1" status: 200 len: 362 time: 0.0121131
2026-07-09 02:24:27.514 9 INFO neutron.wsgi [None req-1d534506-739e-4150-8473-14c4398b2d53 4dcd969ec89f4affb9803efc5fa05c2a 60215a54b14b44d280a19070bdbc0c47 - - default default] 199.204.45.216,10.0.0.36 "PUT /v2.0/quotas/58a85cb0b2104e4cae5e58bc426277c4 HTTP/1.1" status: 200 len: 361 time: 0.0412943
2026-07-09 02:24:41.889 10 INFO neutron.wsgi [-] 10.0.0.36 "GET / HTTP/1.1" status: 200 len: 247 time: 0.0017896
2026-07-09 02:24:41.890 9 INFO neutron.wsgi [-] 10.0.0.36 "GET / HTTP/1.1" status: 200 len: 247 time: 0.0017884
2026-07-09 02:24:56.891 10 INFO neutron.wsgi [-] 10.0.0.36 "GET / HTTP/1.1" status: 200 len: 247 time: 0.0034144
2026-07-09 02:24:56.891 9 INFO neutron.wsgi [-] 10.0.0.36 "GET / HTTP/1.1" status: 200 len: 247 time: 0.0035913 /var/lib/openstack/lib/python3.10/site-packages/pycadf/identifier.py:71: UserWarning: Invalid uuid: neutron. To ensure interoperability, identifiers should be a valid uuid. warnings.warn(('Invalid uuid: %s. To ensure interoperability, '
2026-07-09 02:25:04.742 10 INFO neutron.wsgi [None req-44773a17-1ec2-429b-aca4-4595344fb052 4dcd969ec89f4affb9803efc5fa05c2a 60215a54b14b44d280a19070bdbc0c47 - - default default] 10.0.0.34 "GET /v2.0/networks HTTP/1.1" status: 200 len: 2350 time: 0.1617281
2026-07-09 02:25:04.797 10 INFO neutron.wsgi [None req-e647b7b3-5d1c-4c80-b931-51ed214ae4b1 4dcd969ec89f4affb9803efc5fa05c2a 60215a54b14b44d280a19070bdbc0c47 - - default default] 10.0.0.34 "GET /v2.0/security-groups HTTP/1.1" status: 200 len: 16803 time: 0.0515704
2026-07-09 02:25:04.861 10 INFO neutron.wsgi [None req-700f5b44-ca69-4573-825b-c562c6c6b997 4dcd969ec89f4affb9803efc5fa05c2a 60215a54b14b44d280a19070bdbc0c47 - - default default] 10.0.0.34 "GET /v2.0/subnets HTTP/1.1" status: 200 len: 1437 time: 0.0567937
2026-07-09 02:25:04.922 10 INFO neutron.wsgi [None req-330d8768-a78a-4c92-967d-32502f5d1348 4dcd969ec89f4affb9803efc5fa05c2a 60215a54b14b44d280a19070bdbc0c47 - - default default] 10.0.0.34 "GET /v2.0/ports HTTP/1.1" status: 200 len: 5351 time: 0.0604935
2026-07-09 02:25:04.970 10 INFO neutron.wsgi [None req-7e91fb33-fa74-42ce-8051-a5c9bc31f807 4dcd969ec89f4affb9803efc5fa05c2a 60215a54b14b44d280a19070bdbc0c47 - - default default] 10.0.0.34 "GET /v2.0/routers HTTP/1.1" status: 200 len: 189 time: 0.0444517
2026-07-09 02:25:05.015 10 INFO neutron.wsgi [None req-2941b9e6-9477-4716-82dd-a2b03df03e88 4dcd969ec89f4affb9803efc5fa05c2a 60215a54b14b44d280a19070bdbc0c47 - - default default] 10.0.0.34 "GET /v2.0/agents?binary=ovn-controller HTTP/1.1" status: 200 len: 591 time: 0.0435767
2026-07-09 02:25:05.044 10 INFO neutron.wsgi [None req-3f919d21-323d-4a6d-8ca4-db949aaac32a 4dcd969ec89f4affb9803efc5fa05c2a 60215a54b14b44d280a19070bdbc0c47 - - default default] 10.0.0.34 "GET /v2.0/floatingips HTTP/1.1" status: 200 len: 193 time: 0.0275714
2026-07-09 02:25:05.057 10 INFO neutron.wsgi [None req-d571640d-9102-4625-9f95-1f872da3519a 4dcd969ec89f4affb9803efc5fa05c2a 60215a54b14b44d280a19070bdbc0c47 - - default default] 10.0.0.34 "GET /v2.0/agents HTTP/1.1" status: 200 len: 997 time: 0.0116692
2026-07-09 02:25:05.086 10 INFO neutron.wsgi [None req-5b0ad2ac-090c-41c0-863f-547d108be4af 4dcd969ec89f4affb9803efc5fa05c2a 60215a54b14b44d280a19070bdbc0c47 - - default default] 10.0.0.34 "GET /v2.0/subnets HTTP/1.1" status: 200 len: 1437 time: 0.0283365
2026-07-09 02:25:05.100 10 INFO neutron.wsgi [None req-f591c34e-b84f-4ff9-8f94-26f3cd70bdcb 4dcd969ec89f4affb9803efc5fa05c2a 60215a54b14b44d280a19070bdbc0c47 - - default default] 10.0.0.34 "GET /v2.0/subnetpools HTTP/1.1" status: 200 len: 193 time: 0.0134888
2026-07-09 02:25:05.113 10 INFO neutron.wsgi [None req-15e6a5df-0e3f-40b5-a564-f5964515ce51 4dcd969ec89f4affb9803efc5fa05c2a 60215a54b14b44d280a19070bdbc0c47 - - default default] 10.0.0.34 "GET /v2.0/network-ip-availabilities HTTP/1.1" status: 200 len: 1280 time: 0.0118253
2026-07-09 02:25:11.890 9 INFO neutron.wsgi [-] 10.0.0.36 "GET / HTTP/1.1" status: 200 len: 247 time: 0.0027094
2026-07-09 02:25:11.891 10 INFO neutron.wsgi [-] 10.0.0.36 "GET / HTTP/1.1" status: 200 len: 247 time: 0.0040095
2026-07-09 02:25:26.890 10 INFO neutron.wsgi [-] 10.0.0.36 "GET / HTTP/1.1" status: 200 len: 247 time: 0.0022132
2026-07-09 02:25:26.892 10 INFO neutron.wsgi [-] 10.0.0.36 "GET / HTTP/1.1" status: 200 len: 247 time: 0.0012765
2026-07-09 02:25:41.891 10 INFO neutron.wsgi [-] 10.0.0.36 "GET / HTTP/1.1" status: 200 len: 247 time: 0.0024793
2026-07-09 02:25:41.894 10 INFO neutron.wsgi [-] 10.0.0.36 "GET / HTTP/1.1" status: 200 len: 247 time: 0.0013266
2026-07-09 02:25:56.892 10 INFO neutron.wsgi [-] 10.0.0.36 "GET / HTTP/1.1" status: 200 len: 247 time: 0.0038610
2026-07-09 02:25:56.895 9 INFO neutron.wsgi [-] 10.0.0.36 "GET / HTTP/1.1" status: 200 len: 247 time: 0.0061142
2026-07-09 02:26:04.718 10 INFO neutron.wsgi [None req-2bb3a8db-8f4d-41e7-9171-8099b75bb06e 4dcd969ec89f4affb9803efc5fa05c2a 60215a54b14b44d280a19070bdbc0c47 - - default default] 10.0.0.34 "GET /v2.0/networks HTTP/1.1" status: 200 len: 2350 time: 0.1203172
2026-07-09 02:26:04.735 10 INFO neutron.wsgi [None req-119161f6-bd8f-4243-888c-ca6a54e16d67 4dcd969ec89f4affb9803efc5fa05c2a 60215a54b14b44d280a19070bdbc0c47 - - default default] 10.0.0.34 "GET /v2.0/network-ip-availabilities HTTP/1.1" status: 200 len: 1280 time: 0.0145228
2026-07-09 02:26:04.768 10 INFO neutron.wsgi [None req-8bc54d94-9c96-4032-9bbb-e23d585a8fee 4dcd969ec89f4affb9803efc5fa05c2a 60215a54b14b44d280a19070bdbc0c47 - - default default] 10.0.0.34 "GET /v2.0/agents HTTP/1.1" status: 200 len: 997 time: 0.0321336
2026-07-09 02:26:04.792 10 INFO neutron.wsgi [None req-4b9a5e66-bb98-4688-8c57-f70c904232f3 4dcd969ec89f4affb9803efc5fa05c2a 60215a54b14b44d280a19070bdbc0c47 - - default default] 10.0.0.34 "GET /v2.0/floatingips HTTP/1.1" status: 200 len: 193 time: 0.0229037
2026-07-09 02:26:04.818 10 INFO neutron.wsgi [None req-805a2254-a5f4-4e3c-82e7-c42ca818f60c 4dcd969ec89f4affb9803efc5fa05c2a 60215a54b14b44d280a19070bdbc0c47 - - default default] 10.0.0.34 "GET /v2.0/routers HTTP/1.1" status: 200 len: 189 time: 0.0254724
2026-07-09 02:26:04.831 10 INFO neutron.wsgi [None req-6cfe02d0-9e6d-40de-ac02-123e047fcd49 4dcd969ec89f4affb9803efc5fa05c2a 60215a54b14b44d280a19070bdbc0c47 - - default default] 10.0.0.34 "GET /v2.0/agents?binary=ovn-controller HTTP/1.1" status: 200 len: 591 time: 0.0119913
2026-07-09 02:26:04.871 10 INFO neutron.wsgi [None req-e4ffbfd8-c7ec-4d71-aa58-3c5dc6ffb1bf 4dcd969ec89f4affb9803efc5fa05c2a 60215a54b14b44d280a19070bdbc0c47 - - default default] 10.0.0.34 "GET /v2.0/subnets HTTP/1.1" status: 200 len: 1437 time: 0.0390129
2026-07-09 02:26:04.881 10 INFO neutron.wsgi [None req-e082d403-2ab5-4345-8c5d-cd80c680fcf6 4dcd969ec89f4affb9803efc5fa05c2a 60215a54b14b44d280a19070bdbc0c47 - - default default] 10.0.0.34 "GET /v2.0/subnetpools HTTP/1.1" status: 200 len: 193 time: 0.0086989
2026-07-09 02:26:04.926 10 INFO neutron.wsgi [None req-4a452955-d5a8-4207-9990-c616b6c0d0ab 4dcd969ec89f4affb9803efc5fa05c2a 60215a54b14b44d280a19070bdbc0c47 - - default default] 10.0.0.34 "GET /v2.0/security-groups HTTP/1.1" status: 200 len: 16803 time: 0.0450876
2026-07-09 02:26:04.964 10 INFO neutron.wsgi [None req-3f0a3eb9-f881-4d17-8663-ff8862bedd71 4dcd969ec89f4affb9803efc5fa05c2a 60215a54b14b44d280a19070bdbc0c47 - - default default] 10.0.0.34 "GET /v2.0/subnets HTTP/1.1" status: 200 len: 1437 time: 0.0326703
2026-07-09 02:26:05.008 10 INFO neutron.wsgi [None req-f3e4bc2c-eae3-4115-b4b3-b04453643c43 4dcd969ec89f4affb9803efc5fa05c2a 60215a54b14b44d280a19070bdbc0c47 - - default default] 10.0.0.34 "GET /v2.0/ports HTTP/1.1" status: 200 len: 5351 time: 0.0422211
2026-07-09 02:26:11.891 10 INFO neutron.wsgi [-] 10.0.0.36 "GET / HTTP/1.1" status: 200 len: 247 time: 0.0032051
2026-07-09 02:26:11.894 9 INFO neutron.wsgi [-] 10.0.0.36 "GET / HTTP/1.1" status: 200 len: 247 time: 0.0019758
2026-07-09 02:26:26.890 9 INFO neutron.wsgi [-] 10.0.0.36 "GET / HTTP/1.1" status: 200 len: 247 time: 0.0023732
2026-07-09 02:26:26.890 10 INFO neutron.wsgi [-] 10.0.0.36 "GET / HTTP/1.1" status: 200 len: 247 time: 0.0023749
2026-07-09 02:26:41.889 9 INFO neutron.wsgi [-] 10.0.0.36 "GET / HTTP/1.1" status: 200 len: 247 time: 0.0021441
2026-07-09 02:26:41.889 10 INFO neutron.wsgi [-] 10.0.0.36 "GET / HTTP/1.1" status: 200 len: 247 time: 0.0022957
2026-07-09 02:26:56.891 9 INFO neutron.wsgi [-] 10.0.0.36 "GET / HTTP/1.1" status: 200 len: 247 time: 0.0028749
2026-07-09 02:26:56.893 9 INFO neutron.wsgi [-] 10.0.0.36 "GET / HTTP/1.1" status: 200 len: 247 time: 0.0013535
2026-07-09 02:27:04.644 10 INFO neutron.wsgi [None req-ed4fde60-b752-4e9c-8b93-1e9f2a0fa36f 4dcd969ec89f4affb9803efc5fa05c2a 60215a54b14b44d280a19070bdbc0c47 - - default default] 10.0.0.34 "GET /v2.0/subnets HTTP/1.1" status: 200 len: 1437 time: 0.0743325
2026-07-09 02:27:04.678 10 INFO neutron.wsgi [None req-439951e8-138b-489c-a5a1-87bdbf7013fd 4dcd969ec89f4affb9803efc5fa05c2a 60215a54b14b44d280a19070bdbc0c47 - - default default] 10.0.0.34 "GET /v2.0/subnets HTTP/1.1" status: 200 len: 1437 time: 0.0333655
2026-07-09 02:27:04.688 10 INFO neutron.wsgi [None req-ce01ecad-33d9-435e-9f10-43ec004f4011 4dcd969ec89f4affb9803efc5fa05c2a 60215a54b14b44d280a19070bdbc0c47 - - default default] 10.0.0.34 "GET /v2.0/subnetpools HTTP/1.1" status: 200 len: 193 time: 0.0086498
2026-07-09 02:27:04.764 10 INFO neutron.wsgi [None req-c95fa25b-a898-4e76-9072-ae6486a4e837 4dcd969ec89f4affb9803efc5fa05c2a 60215a54b14b44d280a19070bdbc0c47 - - default default] 10.0.0.34 "GET /v2.0/floatingips HTTP/1.1" status: 200 len: 193 time: 0.0756459
2026-07-09 02:27:04.818 10 INFO neutron.wsgi [None req-5e1ecf7f-b0e4-4318-9b82-f7345b632945 4dcd969ec89f4affb9803efc5fa05c2a 60215a54b14b44d280a19070bdbc0c47 - - default default] 10.0.0.34 "GET /v2.0/networks HTTP/1.1" status: 200 len: 2350 time: 0.0527513
2026-07-09 02:27:04.864 10 INFO neutron.wsgi [None req-981f4df4-83a5-4fa1-93c4-99ddc8213ee2 4dcd969ec89f4affb9803efc5fa05c2a 60215a54b14b44d280a19070bdbc0c47 - - default default] 10.0.0.34 "GET /v2.0/ports HTTP/1.1" status: 200 len: 5351 time: 0.0435770
2026-07-09 02:27:04.898 10 INFO neutron.wsgi [None req-8db63c79-44be-4fb6-bc75-91538d918643 4dcd969ec89f4affb9803efc5fa05c2a 60215a54b14b44d280a19070bdbc0c47 - - default default] 10.0.0.34 "GET /v2.0/agents HTTP/1.1" status: 200 len: 997 time: 0.0307186
2026-07-09 02:27:04.923 10 INFO neutron.wsgi [None req-c6119683-d630-4bf1-b245-d7bb6dd6ab5a 4dcd969ec89f4affb9803efc5fa05c2a 60215a54b14b44d280a19070bdbc0c47 - - default default] 10.0.0.34 "GET /v2.0/routers HTTP/1.1" status: 200 len: 189 time: 0.0232823
2026-07-09 02:27:04.931 10 INFO neutron.wsgi [None req-469b2636-7a65-4479-8fb3-712ed4d6516c 4dcd969ec89f4affb9803efc5fa05c2a 60215a54b14b44d280a19070bdbc0c47 - - default default] 10.0.0.34 "GET /v2.0/agents?binary=ovn-controller HTTP/1.1" status: 200 len: 591 time: 0.0078592
2026-07-09 02:27:04.944 10 INFO neutron.wsgi [None req-82aebd21-2f41-4e3f-a9fa-4834bd98b219 4dcd969ec89f4affb9803efc5fa05c2a 60215a54b14b44d280a19070bdbc0c47 - - default default] 10.0.0.34 "GET /v2.0/network-ip-availabilities HTTP/1.1" status: 200 len: 1280 time: 0.0123005
2026-07-09 02:27:04.988 10 INFO neutron.wsgi [None req-3ffd519b-9e03-4303-be5b-a6af743969d7 4dcd969ec89f4affb9803efc5fa05c2a 60215a54b14b44d280a19070bdbc0c47 - - default default] 10.0.0.34 "GET /v2.0/security-groups HTTP/1.1" status: 200 len: 16803 time: 0.0430577
2026-07-09 02:27:11.890 10 INFO neutron.wsgi [-] 10.0.0.36 "GET / HTTP/1.1" status: 200 len: 247 time: 0.0024116
2026-07-09 02:27:11.890 9 INFO neutron.wsgi [-] 10.0.0.36 "GET / HTTP/1.1" status: 200 len: 247 time: 0.0027115
2026-07-09 02:27:26.891 10 INFO neutron.wsgi [-] 10.0.0.36 "GET / HTTP/1.1" status: 200 len: 247 time: 0.0028067
2026-07-09 02:27:26.894 10 INFO neutron.wsgi [-] 10.0.0.36 "GET / HTTP/1.1" status: 200 len: 247 time: 0.0017142
2026-07-09 02:27:41.890 9 INFO neutron.wsgi [-] 10.0.0.36 "GET / HTTP/1.1" status: 200 len: 247 time: 0.0023513
2026-07-09 02:27:41.896 10 INFO neutron.wsgi [-] 10.0.0.36 "GET / HTTP/1.1" status: 200 len: 247 time: 0.0087657
2026-07-09 02:27:51.732 15 INFO neutron.db.ovn_revision_numbers_db [None req-71f345a6-8db9-4b5e-8a1c-c7fb171863d8 - - - - - -] Successfully bumped revision number for resource c94d92ba-45a0-4df5-aa43-65657e52cabf (type: security_groups) to 5
2026-07-09 02:27:51.733 15 INFO neutron.plugins.ml2.drivers.ovn.mech_driver.ovsdb.maintenance [None req-71f345a6-8db9-4b5e-8a1c-c7fb171863d8 - - - - - -] Maintenance task: Synchronization finished (took 0.04 seconds)
2026-07-09 02:27:56.888 10 INFO neutron.wsgi [-] 10.0.0.36 "GET / HTTP/1.1" status: 200 len: 247 time: 0.0013657
2026-07-09 02:27:56.890 9 INFO neutron.wsgi [-] 10.0.0.36 "GET / HTTP/1.1" status: 200 len: 247 time: 0.0024297
2026-07-09 02:28:04.736 10 INFO neutron.wsgi [None req-bcbc9b47-916e-4143-bee6-2b2f96b05971 4dcd969ec89f4affb9803efc5fa05c2a 60215a54b14b44d280a19070bdbc0c47 - - default default] 10.0.0.34 "GET /v2.0/networks HTTP/1.1" status: 200 len: 2350 time: 0.1275971
2026-07-09 02:28:04.777 10 INFO neutron.wsgi [None req-512099eb-4cfe-4cc7-a00c-949d04ec3977 4dcd969ec89f4affb9803efc5fa05c2a 60215a54b14b44d280a19070bdbc0c47 - - default default] 10.0.0.34 "GET /v2.0/agents HTTP/1.1" status: 200 len: 997 time: 0.0367942
2026-07-09 02:28:04.792 10 INFO neutron.wsgi [None req-2095022a-d1ee-4d4b-a8c8-e5435157ac3a 4dcd969ec89f4affb9803efc5fa05c2a 60215a54b14b44d280a19070bdbc0c47 - - default default] 10.0.0.34 "GET /v2.0/network-ip-availabilities HTTP/1.1" status: 200 len: 1280 time: 0.0140829
2026-07-09 02:28:04.821 10 INFO neutron.wsgi [None req-f5de6c5a-9461-47e1-b94c-c6d08f478203 4dcd969ec89f4affb9803efc5fa05c2a 60215a54b14b44d280a19070bdbc0c47 - - default default] 10.0.0.34 "GET /v2.0/subnets HTTP/1.1" status: 200 len: 1437 time: 0.0279634
2026-07-09 02:28:04.846 10 INFO neutron.wsgi [None req-7ac230a9-ee4f-4728-8bc6-086a519e590c 4dcd969ec89f4affb9803efc5fa05c2a 60215a54b14b44d280a19070bdbc0c47 - - default default] 10.0.0.34 "GET /v2.0/routers HTTP/1.1" status: 200 len: 189 time: 0.0236921
2026-07-09 02:28:04.856 10 INFO neutron.wsgi [None req-422bb898-8e3e-4e92-a7a1-587a7eafca27 4dcd969ec89f4affb9803efc5fa05c2a 60215a54b14b44d280a19070bdbc0c47 - - default default] 10.0.0.34 "GET /v2.0/agents?binary=ovn-controller HTTP/1.1" status: 200 len: 591 time: 0.0092001
2026-07-09 02:28:04.890 10 INFO neutron.wsgi [None req-bc7d649c-f565-4e89-aeca-259c26e7ce50 4dcd969ec89f4affb9803efc5fa05c2a 60215a54b14b44d280a19070bdbc0c47 - - default default] 10.0.0.34 "GET /v2.0/subnets HTTP/1.1" status: 200 len: 1437 time: 0.0329499
2026-07-09 02:28:04.899 10 INFO neutron.wsgi [None req-5d3fc34c-8c1a-476e-86a4-704a5b45b863 4dcd969ec89f4affb9803efc5fa05c2a 60215a54b14b44d280a19070bdbc0c47 - - default default] 10.0.0.34 "GET /v2.0/subnetpools HTTP/1.1" status: 200 len: 193 time: 0.0076063
2026-07-09 02:28:04.916 10 INFO neutron.wsgi [None req-14462043-d348-46f2-acf1-532ddf260de8 4dcd969ec89f4affb9803efc5fa05c2a 60215a54b14b44d280a19070bdbc0c47 - - default default] 10.0.0.34 "GET /v2.0/floatingips HTTP/1.1" status: 200 len: 193 time: 0.0160606
2026-07-09 02:28:04.956 10 INFO neutron.wsgi [None req-c6a86f70-8ef4-43b4-b609-53fad0abc5d0 4dcd969ec89f4affb9803efc5fa05c2a 60215a54b14b44d280a19070bdbc0c47 - - default default] 10.0.0.34 "GET /v2.0/security-groups HTTP/1.1" status: 200 len: 16803 time: 0.0397403
2026-07-09 02:28:05.007 10 INFO neutron.wsgi [None req-cea161fb-226a-4d19-abdb-9deabcf1e865 4dcd969ec89f4affb9803efc5fa05c2a 60215a54b14b44d280a19070bdbc0c47 - - default default] 10.0.0.34 "GET /v2.0/ports HTTP/1.1" status: 200 len: 5351 time: 0.0451279
2026-07-09 02:28:11.891 10 INFO neutron.wsgi [-] 10.0.0.36 "GET / HTTP/1.1" status: 200 len: 247 time: 0.0037625
2026-07-09 02:28:11.894 10 INFO neutron.wsgi [-] 10.0.0.36 "GET / HTTP/1.1" status: 200 len: 247 time: 0.0018158
2026-07-09 02:28:26.888 10 INFO neutron.wsgi [-] 10.0.0.36 "GET / HTTP/1.1" status: 200 len: 247 time: 0.0016003
2026-07-09 02:28:26.889 9 INFO neutron.wsgi [-] 10.0.0.36 "GET / HTTP/1.1" status: 200 len: 247 time: 0.0022964
2026-07-09 02:28:41.891 9 INFO neutron.wsgi [-] 10.0.0.36 "GET / HTTP/1.1" status: 200 len: 247 time: 0.0025585
2026-07-09 02:28:41.893 10 INFO neutron.wsgi [-] 10.0.0.36 "GET / HTTP/1.1" status: 200 len: 247 time: 0.0052526
2026-07-09 02:28:56.890 10 INFO neutron.wsgi [-] 10.0.0.36 "GET / HTTP/1.1" status: 200 len: 247 time: 0.0027251
2026-07-09 02:28:56.891 9 INFO neutron.wsgi [-] 10.0.0.36 "GET / HTTP/1.1" status: 200 len: 247 time: 0.0033712
2026-07-09 02:29:04.677 10 INFO neutron.wsgi [None req-6acde673-0720-42d5-b7a0-c9c42253fea3 4dcd969ec89f4affb9803efc5fa05c2a 60215a54b14b44d280a19070bdbc0c47 - - default default] 10.0.0.34 "GET /v2.0/routers HTTP/1.1" status: 200 len: 189 time: 0.0637772
2026-07-09 02:29:04.711 10 INFO neutron.wsgi [None req-a87a3da2-9228-4293-a14d-b0848c381fa2 4dcd969ec89f4affb9803efc5fa05c2a 60215a54b14b44d280a19070bdbc0c47 - - default default] 10.0.0.34 "GET /v2.0/agents?binary=ovn-controller HTTP/1.1" status: 200 len: 591 time: 0.0335131
2026-07-09 02:29:04.749 10 INFO neutron.wsgi [None req-f528d0ac-b03b-4d7b-8c81-d04229c30aa2 4dcd969ec89f4affb9803efc5fa05c2a 60215a54b14b44d280a19070bdbc0c47 - - default default] 10.0.0.34 "GET /v2.0/subnets HTTP/1.1" status: 200 len: 1437 time: 0.0366068
2026-07-09 02:29:04.762 10 INFO neutron.wsgi [None req-9e24e3dc-90c4-4466-b1dd-6b9dde33d66c 4dcd969ec89f4affb9803efc5fa05c2a 60215a54b14b44d280a19070bdbc0c47 - - default default] 10.0.0.34 "GET /v2.0/subnetpools HTTP/1.1" status: 200 len: 193 time: 0.0116532
2026-07-09 02:29:04.829 10 INFO neutron.wsgi [None req-7f6dc26e-8d36-4a97-b261-4b2db9ea28d5 4dcd969ec89f4affb9803efc5fa05c2a 60215a54b14b44d280a19070bdbc0c47 - - default default] 10.0.0.34 "GET /v2.0/networks HTTP/1.1" status: 200 len: 2350 time: 0.0669880
2026-07-09 02:29:04.873 10 INFO neutron.wsgi [None req-2af09554-4bef-4ba4-80e7-84c30ae493e9 4dcd969ec89f4affb9803efc5fa05c2a 60215a54b14b44d280a19070bdbc0c47 - - default default] 10.0.0.34 "GET /v2.0/security-groups HTTP/1.1" status: 200 len: 16803 time: 0.0418208
2026-07-09 02:29:04.923 10 INFO neutron.wsgi [None req-8a5f35f1-df07-4184-a60f-c43441c1ab69 4dcd969ec89f4affb9803efc5fa05c2a 60215a54b14b44d280a19070bdbc0c47 - - default default] 10.0.0.34 "GET /v2.0/ports HTTP/1.1" status: 200 len: 5351 time: 0.0445838
2026-07-09 02:29:04.938 10 INFO neutron.wsgi [None req-9dd85af5-f89b-4ede-9f73-6caa588a92e1 4dcd969ec89f4affb9803efc5fa05c2a 60215a54b14b44d280a19070bdbc0c47 - - default default] 10.0.0.34 "GET /v2.0/network-ip-availabilities HTTP/1.1" status: 200 len: 1280 time: 0.0106866
2026-07-09 02:29:04.949 10 INFO neutron.wsgi [None req-16a7b6c9-8874-4765-9926-096b5bec473d 4dcd969ec89f4affb9803efc5fa05c2a 60215a54b14b44d280a19070bdbc0c47 - - default default] 10.0.0.34 "GET /v2.0/agents HTTP/1.1" status: 200 len: 997 time: 0.0098286
2026-07-09 02:29:04.992 10 INFO neutron.wsgi [None req-337156df-95bb-4807-b919-534e542683ce 4dcd969ec89f4affb9803efc5fa05c2a 60215a54b14b44d280a19070bdbc0c47 - - default default] 10.0.0.34 "GET /v2.0/subnets HTTP/1.1" status: 200 len: 1437 time: 0.0417542
2026-07-09 02:29:05.009 10 INFO neutron.wsgi [None req-a6ff1764-d4e6-49e5-a0f3-87fa5c5fe45b 4dcd969ec89f4affb9803efc5fa05c2a 60215a54b14b44d280a19070bdbc0c47 - - default default] 10.0.0.34 "GET /v2.0/floatingips HTTP/1.1" status: 200 len: 193 time: 0.0161486
2026-07-09 02:29:11.890 9 INFO neutron.wsgi [-] 10.0.0.36 "GET / HTTP/1.1" status: 200 len: 247 time: 0.0026298
2026-07-09 02:29:11.893 9 INFO neutron.wsgi [-] 10.0.0.36 "GET / HTTP/1.1" status: 200 len: 247 time: 0.0020883
2026-07-09 02:29:26.889 10 INFO neutron.wsgi [-] 10.0.0.36 "GET / HTTP/1.1" status: 200 len: 247 time: 0.0016363
2026-07-09 02:29:26.890 9 INFO neutron.wsgi [-] 10.0.0.36 "GET / HTTP/1.1" status: 200 len: 247 time: 0.0025368
2026-07-09 02:29:41.889 10 INFO neutron.wsgi [-] 10.0.0.36 "GET / HTTP/1.1" status: 200 len: 247 time: 0.0018232
2026-07-09 02:29:41.893 9 INFO neutron.wsgi [-] 10.0.0.36 "GET / HTTP/1.1" status: 200 len: 247 time: 0.0061278
2026-07-09 02:29:56.889 10 INFO neutron.wsgi [-] 10.0.0.36 "GET / HTTP/1.1" status: 200 len: 247 time: 0.0021164
2026-07-09 02:29:56.889 9 INFO neutron.wsgi [-] 10.0.0.36 "GET / HTTP/1.1" status: 200 len: 247 time: 0.0024264
2026-07-09 02:30:04.674 10 INFO neutron.wsgi [None req-1bfcf6ed-cc73-4c2d-8ef3-23f3696234f4 4dcd969ec89f4affb9803efc5fa05c2a 60215a54b14b44d280a19070bdbc0c47 - - default default] 10.0.0.34 "GET /v2.0/floatingips HTTP/1.1" status: 200 len: 193 time: 0.0883179
2026-07-09 02:30:04.743 10 INFO neutron.wsgi [None req-d123f616-fc51-4d41-bc1d-ad193c2e8cab 4dcd969ec89f4affb9803efc5fa05c2a 60215a54b14b44d280a19070bdbc0c47 - - default default] 10.0.0.34 "GET /v2.0/networks HTTP/1.1" status: 200 len: 2350 time: 0.0691664
2026-07-09 02:30:04.797 10 INFO neutron.wsgi [None req-7a700f76-b256-4247-8e66-a92e3a018594 4dcd969ec89f4affb9803efc5fa05c2a 60215a54b14b44d280a19070bdbc0c47 - - default default] 10.0.0.34 "GET /v2.0/security-groups HTTP/1.1" status: 200 len: 16803 time: 0.0514040
2026-07-09 02:30:04.839 10 INFO neutron.wsgi [None req-b6ecc337-15cf-4d3f-b070-31ef50a2d0a2 4dcd969ec89f4affb9803efc5fa05c2a 60215a54b14b44d280a19070bdbc0c47 - - default default] 10.0.0.34 "GET /v2.0/subnets HTTP/1.1" status: 200 len: 1437 time: 0.0370648
2026-07-09 02:30:04.893 10 INFO neutron.wsgi [None req-ae5218fb-fd2d-4690-b842-7a147cae74c3 4dcd969ec89f4affb9803efc5fa05c2a 60215a54b14b44d280a19070bdbc0c47 - - default default] 10.0.0.34 "GET /v2.0/ports HTTP/1.1" status: 200 len: 5351 time: 0.0516620
2026-07-09 02:30:04.920 10 INFO neutron.wsgi [None req-fb354dd4-4393-406d-bedb-0382c88ba199 4dcd969ec89f4affb9803efc5fa05c2a 60215a54b14b44d280a19070bdbc0c47 - - default default] 10.0.0.34 "GET /v2.0/routers HTTP/1.1" status: 200 len: 189 time: 0.0234871
2026-07-09 02:30:04.952 10 INFO neutron.wsgi [None req-c4a41281-6c25-4485-b4cb-a972f5c443ef 4dcd969ec89f4affb9803efc5fa05c2a 60215a54b14b44d280a19070bdbc0c47 - - default default] 10.0.0.34 "GET /v2.0/agents?binary=ovn-controller HTTP/1.1" status: 200 len: 591 time: 0.0315688
2026-07-09 02:30:04.964 10 INFO neutron.wsgi [None req-c1697e6f-8ab1-48b5-8263-786f25d825fd 4dcd969ec89f4affb9803efc5fa05c2a 60215a54b14b44d280a19070bdbc0c47 - - default default] 10.0.0.34 "GET /v2.0/agents HTTP/1.1" status: 200 len: 997 time: 0.0113401
2026-07-09 02:30:04.974 10 INFO neutron.wsgi [None req-533d637a-b167-4ae9-b0fd-4f642a7a6840 4dcd969ec89f4affb9803efc5fa05c2a 60215a54b14b44d280a19070bdbc0c47 - - default default] 10.0.0.34 "GET /v2.0/network-ip-availabilities HTTP/1.1" status: 200 len: 1280 time: 0.0089295
2026-07-09 02:30:05.002 10 INFO neutron.wsgi [None req-6f5f3454-e039-4bd1-97f5-d4eebd782ace 4dcd969ec89f4affb9803efc5fa05c2a 60215a54b14b44d280a19070bdbc0c47 - - default default] 10.0.0.34 "GET /v2.0/subnets HTTP/1.1" status: 200 len: 1437 time: 0.0266814
2026-07-09 02:30:05.011 10 INFO neutron.wsgi [None req-1d19274a-0d0c-4c0a-b16c-ca834be7f438 4dcd969ec89f4affb9803efc5fa05c2a 60215a54b14b44d280a19070bdbc0c47 - - default default] 10.0.0.34 "GET /v2.0/subnetpools HTTP/1.1" status: 200 len: 193 time: 0.0073762
2026-07-09 02:30:11.891 9 INFO neutron.wsgi [-] 10.0.0.36 "GET / HTTP/1.1" status: 200 len: 247 time: 0.0016286
2026-07-09 02:30:11.892 10 INFO neutron.wsgi [-] 10.0.0.36 "GET / HTTP/1.1" status: 200 len: 247 time: 0.0023587
2026-07-09 02:30:26.891 9 INFO neutron.wsgi [-] 10.0.0.36 "GET / HTTP/1.1" status: 200 len: 247 time: 0.0026155
2026-07-09 02:30:26.894 10 INFO neutron.wsgi [-] 10.0.0.36 "GET / HTTP/1.1" status: 200 len: 247 time: 0.0023503
2026-07-09 02:30:41.889 10 INFO neutron.wsgi [-] 10.0.0.36 "GET / HTTP/1.1" status: 200 len: 247 time: 0.0018585
2026-07-09 02:30:41.892 9 INFO neutron.wsgi [-] 10.0.0.36 "GET / HTTP/1.1" status: 200 len: 247 time: 0.0023303
2026-07-09 02:30:56.891 10 INFO neutron.wsgi [-] 10.0.0.36 "GET / HTTP/1.1" status: 200 len: 247 time: 0.0027914
2026-07-09 02:30:56.895 10 INFO neutron.wsgi [-] 10.0.0.36 "GET / HTTP/1.1" status: 200 len: 247 time: 0.0032670
2026-07-09 02:31:04.655 10 INFO neutron.wsgi [None req-d18c4d3c-39f0-4e27-a344-0c8207480218 4dcd969ec89f4affb9803efc5fa05c2a 60215a54b14b44d280a19070bdbc0c47 - - default default] 10.0.0.34 "GET /v2.0/subnets HTTP/1.1" status: 200 len: 1437 time: 0.0749810
2026-07-09 02:31:04.675 10 INFO neutron.wsgi [None req-3444615a-69c8-4a23-a90d-cc49b268a040 4dcd969ec89f4affb9803efc5fa05c2a 60215a54b14b44d280a19070bdbc0c47 - - default default] 10.0.0.34 "GET /v2.0/routers HTTP/1.1" status: 200 len: 189 time: 0.0188270
2026-07-09 02:31:04.713 10 INFO neutron.wsgi [None req-3463a28f-9fa0-4ee9-acd1-be4d703a74c1 4dcd969ec89f4affb9803efc5fa05c2a 60215a54b14b44d280a19070bdbc0c47 - - default default] 10.0.0.34 "GET /v2.0/agents?binary=ovn-controller HTTP/1.1" status: 200 len: 591 time: 0.0373220
2026-07-09 02:31:04.738 10 INFO neutron.wsgi [None req-52ea4661-6a5e-4bb3-a99d-0f6f110e018e 4dcd969ec89f4affb9803efc5fa05c2a 60215a54b14b44d280a19070bdbc0c47 - - default default] 10.0.0.34 "GET /v2.0/floatingips HTTP/1.1" status: 200 len: 193 time: 0.0239410
2026-07-09 02:31:04.748 10 INFO neutron.wsgi [None req-13f9bfbc-ca23-4a23-98cc-5519677cc736 4dcd969ec89f4affb9803efc5fa05c2a 60215a54b14b44d280a19070bdbc0c47 - - default default] 10.0.0.34 "GET /v2.0/agents HTTP/1.1" status: 200 len: 997 time: 0.0097909
2026-07-09 02:31:04.776 10 INFO neutron.wsgi [None req-5668b86d-ec59-45aa-90fc-e25f804fcb53 4dcd969ec89f4affb9803efc5fa05c2a 60215a54b14b44d280a19070bdbc0c47 - - default default] 10.0.0.34 "GET /v2.0/subnets HTTP/1.1" status: 200 len: 1437 time: 0.0265007
2026-07-09 02:31:04.784 10 INFO neutron.wsgi [None req-b14e8934-a790-4354-8ab1-f6f4ad1e70e0 4dcd969ec89f4affb9803efc5fa05c2a 60215a54b14b44d280a19070bdbc0c47 - - default default] 10.0.0.34 "GET /v2.0/subnetpools HTTP/1.1" status: 200 len: 193 time: 0.0080040
2026-07-09 02:31:04.845 10 INFO neutron.wsgi [None req-460f76c5-6594-461a-a0ad-6a79a1ca8af3 4dcd969ec89f4affb9803efc5fa05c2a 60215a54b14b44d280a19070bdbc0c47 - - default default] 10.0.0.34 "GET /v2.0/networks HTTP/1.1" status: 200 len: 2350 time: 0.0598354
2026-07-09 02:31:04.857 10 INFO neutron.wsgi [None req-1c07a1d0-0f32-4f1b-b238-d93189b0e02a 4dcd969ec89f4affb9803efc5fa05c2a 60215a54b14b44d280a19070bdbc0c47 - - default default] 10.0.0.34 "GET /v2.0/network-ip-availabilities HTTP/1.1" status: 200 len: 1280 time: 0.0095801
2026-07-09 02:31:04.905 10 INFO neutron.wsgi [None req-788333dd-3fe1-49a5-b8b2-af0c18229101 4dcd969ec89f4affb9803efc5fa05c2a 60215a54b14b44d280a19070bdbc0c47 - - default default] 10.0.0.34 "GET /v2.0/security-groups HTTP/1.1" status: 200 len: 16803 time: 0.0478675
2026-07-09 02:31:04.954 10 INFO neutron.wsgi [None req-babfe9ed-fee9-4960-ae1d-67ad42cf604c 4dcd969ec89f4affb9803efc5fa05c2a 60215a54b14b44d280a19070bdbc0c47 - - default default] 10.0.0.34 "GET /v2.0/ports HTTP/1.1" status: 200 len: 5351 time: 0.0423317
2026-07-09 02:31:11.889 9 INFO neutron.wsgi [-] 10.0.0.36 "GET / HTTP/1.1" status: 200 len: 247 time: 0.0016785
2026-07-09 02:31:11.893 10 INFO neutron.wsgi [-] 10.0.0.36 "GET / HTTP/1.1" status: 200 len: 247 time: 0.0052526
2026-07-09 02:31:26.891 9 INFO neutron.wsgi [-] 10.0.0.36 "GET / HTTP/1.1" status: 200 len: 247 time: 0.0026307
2026-07-09 02:31:26.893 10 INFO neutron.wsgi [-] 10.0.0.36 "GET / HTTP/1.1" status: 200 len: 247 time: 0.0041060
2026-07-09 02:31:41.889 10 INFO neutron.wsgi [-] 10.0.0.36 "GET / HTTP/1.1" status: 200 len: 247 time: 0.0016639
2026-07-09 02:31:41.891 9 INFO neutron.wsgi [-] 10.0.0.36 "GET / HTTP/1.1" status: 200 len: 247 time: 0.0038638
2026-07-09 02:31:56.891 9 INFO neutron.wsgi [-] 10.0.0.36 "GET / HTTP/1.1" status: 200 len: 247 time: 0.0022199
2026-07-09 02:31:56.891 10 INFO neutron.wsgi [-] 10.0.0.36 "GET / HTTP/1.1" status: 200 len: 247 time: 0.0033672
2026-07-09 02:32:04.763 10 INFO neutron.wsgi [None req-83bedc0c-68e5-4fff-b547-fc0f0ae64842 4dcd969ec89f4affb9803efc5fa05c2a 60215a54b14b44d280a19070bdbc0c47 - - default default] 10.0.0.34 "GET /v2.0/networks HTTP/1.1" status: 200 len: 2350 time: 0.1427414
2026-07-09 02:32:04.828 10 INFO neutron.wsgi [None req-0eebf19a-ba1b-46ba-a63a-7b438d216c09 4dcd969ec89f4affb9803efc5fa05c2a 60215a54b14b44d280a19070bdbc0c47 - - default default] 10.0.0.34 "GET /v2.0/security-groups HTTP/1.1" status: 200 len: 16803 time: 0.0626378
2026-07-09 02:32:04.847 10 INFO neutron.wsgi [None req-386e2a44-2b62-4c97-b2aa-00b05ee608db 4dcd969ec89f4affb9803efc5fa05c2a 60215a54b14b44d280a19070bdbc0c47 - - default default] 10.0.0.34 "GET /v2.0/network-ip-availabilities HTTP/1.1" status: 200 len: 1280 time: 0.0143089
2026-07-09 02:32:04.890 10 INFO neutron.wsgi [None req-e502f8a4-15fb-481b-8a2e-233dcc79917b 4dcd969ec89f4affb9803efc5fa05c2a 60215a54b14b44d280a19070bdbc0c47 - - default default] 10.0.0.34 "GET /v2.0/subnets HTTP/1.1" status: 200 len: 1437 time: 0.0410452
2026-07-09 02:32:04.950 10 INFO neutron.wsgi [None req-6edb8852-cb1e-4bfe-812e-68e1ec91f68a 4dcd969ec89f4affb9803efc5fa05c2a 60215a54b14b44d280a19070bdbc0c47 - - default default] 10.0.0.34 "GET /v2.0/ports HTTP/1.1" status: 200 len: 5351 time: 0.0587597
2026-07-09 02:32:04.995 10 INFO neutron.wsgi [None req-7306db89-7426-4227-b4aa-8977b261969b 4dcd969ec89f4affb9803efc5fa05c2a 60215a54b14b44d280a19070bdbc0c47 - - default default] 10.0.0.34 "GET /v2.0/subnets HTTP/1.1" status: 200 len: 1437 time: 0.0408182
2026-07-09 02:32:05.007 10 INFO neutron.wsgi [None req-7f1a013e-a389-4d23-8e20-943462aa2b6c 4dcd969ec89f4affb9803efc5fa05c2a 60215a54b14b44d280a19070bdbc0c47 - - default default] 10.0.0.34 "GET /v2.0/subnetpools HTTP/1.1" status: 200 len: 193 time: 0.0101383
2026-07-09 02:32:05.027 10 INFO neutron.wsgi [None req-4e1c5927-baca-482f-aa62-aa6ab2188c14 4dcd969ec89f4affb9803efc5fa05c2a 60215a54b14b44d280a19070bdbc0c47 - - default default] 10.0.0.34 "GET /v2.0/floatingips HTTP/1.1" status: 200 len: 193 time: 0.0195286
2026-07-09 02:32:05.061 10 INFO neutron.wsgi [None req-3ad519eb-b2fe-4bdc-9918-ab080b170ae7 4dcd969ec89f4affb9803efc5fa05c2a 60215a54b14b44d280a19070bdbc0c47 - - default default] 10.0.0.34 "GET /v2.0/agents HTTP/1.1" status: 200 len: 997 time: 0.0331795
2026-07-09 02:32:05.087 10 INFO neutron.wsgi [None req-1c6fa251-964f-40c0-b205-103dbbae07b3 4dcd969ec89f4affb9803efc5fa05c2a 60215a54b14b44d280a19070bdbc0c47 - - default default] 10.0.0.34 "GET /v2.0/routers HTTP/1.1" status: 200 len: 189 time: 0.0258586
2026-07-09 02:32:05.099 10 INFO neutron.wsgi [None req-fb1ccd18-67e0-45fc-9dbc-b8b7d8a1c951 4dcd969ec89f4affb9803efc5fa05c2a 60215a54b14b44d280a19070bdbc0c47 - - default default] 10.0.0.34 "GET /v2.0/agents?binary=ovn-controller HTTP/1.1" status: 200 len: 591 time: 0.0111873
2026-07-09 02:32:11.890 10 INFO neutron.wsgi [-] 10.0.0.36 "GET / HTTP/1.1" status: 200 len: 247 time: 0.0023394
2026-07-09 02:32:11.892 9 INFO neutron.wsgi [-] 10.0.0.36 "GET / HTTP/1.1" status: 200 len: 247 time: 0.0040631
2026-07-09 02:32:26.889 9 INFO neutron.wsgi [-] 10.0.0.36 "GET / HTTP/1.1" status: 200 len: 247 time: 0.0016859
2026-07-09 02:32:26.889 10 INFO neutron.wsgi [-] 10.0.0.36 "GET / HTTP/1.1" status: 200 len: 247 time: 0.0016873
2026-07-09 02:32:41.892 10 INFO neutron.wsgi [-] 10.0.0.36 "GET / HTTP/1.1" status: 200 len: 247 time: 0.0040650
2026-07-09 02:32:41.892 9 INFO neutron.wsgi [-] 10.0.0.36 "GET / HTTP/1.1" status: 200 len: 247 time: 0.0039842
2026-07-09 02:32:56.890 9 INFO neutron.wsgi [-] 10.0.0.36 "GET / HTTP/1.1" status: 200 len: 247 time: 0.0022905
2026-07-09 02:32:56.890 10 INFO neutron.wsgi [-] 10.0.0.36 "GET / HTTP/1.1" status: 200 len: 247 time: 0.0025194
2026-07-09 02:33:04.670 10 INFO neutron.wsgi [None req-b5e3155c-5660-4784-a122-de71ad4814e5 4dcd969ec89f4affb9803efc5fa05c2a 60215a54b14b44d280a19070bdbc0c47 - - default default] 10.0.0.34 "GET /v2.0/floatingips HTTP/1.1" status: 200 len: 193 time: 0.0727696
2026-07-09 02:33:04.724 10 INFO neutron.wsgi [None req-4c60bcf5-42e6-4a81-ac14-ec88d3938b04 4dcd969ec89f4affb9803efc5fa05c2a 60215a54b14b44d280a19070bdbc0c47 - - default default] 10.0.0.34 "GET /v2.0/ports HTTP/1.1" status: 200 len: 5351 time: 0.0533669
2026-07-09 02:33:04.776 10 INFO neutron.wsgi [None req-cf8aa654-701c-4296-8427-d6df77d0f43c 4dcd969ec89f4affb9803efc5fa05c2a 60215a54b14b44d280a19070bdbc0c47 - - default default] 10.0.0.34 "GET /v2.0/agents HTTP/1.1" status: 200 len: 997 time: 0.0471506
2026-07-09 02:33:04.828 10 INFO neutron.wsgi [None req-4c10112a-757f-47b5-811c-cbe6282d1ddf 4dcd969ec89f4affb9803efc5fa05c2a 60215a54b14b44d280a19070bdbc0c47 - - default default] 10.0.0.34 "GET /v2.0/security-groups HTTP/1.1" status: 200 len: 16803 time: 0.0510676
2026-07-09 02:33:04.872 10 INFO neutron.wsgi [None req-87d3d87e-b94c-4094-99cf-91e2d700bd73 4dcd969ec89f4affb9803efc5fa05c2a 60215a54b14b44d280a19070bdbc0c47 - - default default] 10.0.0.34 "GET /v2.0/subnets HTTP/1.1" status: 200 len: 1437 time: 0.0391364
2026-07-09 02:33:04.898 10 INFO neutron.wsgi [None req-25c53214-d410-4767-bb0c-67808c628d22 4dcd969ec89f4affb9803efc5fa05c2a 60215a54b14b44d280a19070bdbc0c47 - - default default] 10.0.0.34 "GET /v2.0/routers HTTP/1.1" status: 200 len: 189 time: 0.0240119
2026-07-09 02:33:04.907 10 INFO neutron.wsgi [None req-c2d7a060-a04c-4918-be42-4b8349aa6a6d 4dcd969ec89f4affb9803efc5fa05c2a 60215a54b14b44d280a19070bdbc0c47 - - default default] 10.0.0.34 "GET /v2.0/agents?binary=ovn-controller HTTP/1.1" status: 200 len: 591 time: 0.0085464
2026-07-09 02:33:04.937 10 INFO neutron.wsgi [None req-58ae6b1a-ada1-4cad-b199-85d4e914f034 4dcd969ec89f4affb9803efc5fa05c2a 60215a54b14b44d280a19070bdbc0c47 - - default default] 10.0.0.34 "GET /v2.0/subnets HTTP/1.1" status: 200 len: 1437 time: 0.0295525
2026-07-09 02:33:04.946 10 INFO neutron.wsgi [None req-f4283645-5bdc-4eb3-b2f1-40f7c92d6894 4dcd969ec89f4affb9803efc5fa05c2a 60215a54b14b44d280a19070bdbc0c47 - - default default] 10.0.0.34 "GET /v2.0/subnetpools HTTP/1.1" status: 200 len: 193 time: 0.0073524
2026-07-09 02:33:05.058 10 INFO neutron.wsgi [None req-a46c5083-93ed-43c1-8061-dff4201b8616 4dcd969ec89f4affb9803efc5fa05c2a 60215a54b14b44d280a19070bdbc0c47 - - default default] 10.0.0.34 "GET /v2.0/networks HTTP/1.1" status: 200 len: 2350 time: 0.1111450
