2026-07-09 02:41:20.199 10 INFO neutron.db.ovn_revision_numbers_db [None req-b77ec96f-030c-48e3-96b2-11ae1a5e91ed ea2135a81e384ed9b538f5d13230c678 728ac910acc448cfbe7bca4f8a449a3a - - default default] Successfully bumped revision number for resource d4565d48-f86c-4b07-bcfd-84637b331153 (type: ports) to 2
2026-07-09 02:41:20.420 9 INFO neutron.wsgi [None req-32f1c7e3-c2b5-4f35-ba00-317d992a9655 23e4cd177ae94fcfbf5d1eec9c90b144 c01d47c276bc45d2b155b89c820655ad - - default default] 10.0.0.159 "DELETE /v2.0/floatingips/823501e6-0374-4e60-a01a-0d70c0bf4d6e HTTP/1.1" status: 204 len: 168 time: 0.3254454
2026-07-09 02:41:20.496 10 INFO neutron.db.ovn_revision_numbers_db [None req-b77ec96f-030c-48e3-96b2-11ae1a5e91ed ea2135a81e384ed9b538f5d13230c678 728ac910acc448cfbe7bca4f8a449a3a - - default default] Successfully bumped revision number for resource 58a9e382-9383-467e-a75a-7a43faf86d25 (type: subnets) to 0
2026-07-09 02:41:20.521 10 INFO neutron.wsgi [None req-b77ec96f-030c-48e3-96b2-11ae1a5e91ed ea2135a81e384ed9b538f5d13230c678 728ac910acc448cfbe7bca4f8a449a3a - - default default] 10.0.0.159 "POST /v2.0/subnets HTTP/1.1" status: 201 len: 801 time: 1.8777685
2026-07-09 02:41:20.533 10 WARNING neutron_lib.context [None req-c190e03e-349c-4c9b-9993-be101151e39a ea2135a81e384ed9b538f5d13230c678 728ac910acc448cfbe7bca4f8a449a3a - - default default] Method 'is_advsvc' is deprecated since 2023.2 release (neutron-lib 3.8.0) and will be removed once support for the old RBAC API policies will be removed from Neutron. Please use method 'is_service_role' instead.
2026-07-09 02:41:20.556 10 INFO neutron.db.ovn_revision_numbers_db [None req-093e57b8-9715-436d-9e15-014e71e651cd fd437fc020ca4043b90a2ef599883743 3d8a8aeafb714484ae7e9c8aa222cbe5 - - default default] Successfully bumped revision number for resource 219dc20d-47ad-4416-b124-82701d5acb62 (type: router_ports) to 2
2026-07-09 02:41:20.558 10 INFO neutron.wsgi [None req-093e57b8-9715-436d-9e15-014e71e651cd fd437fc020ca4043b90a2ef599883743 3d8a8aeafb714484ae7e9c8aa222cbe5 - - default default] 10.0.0.159 "PUT /v2.0/routers/b6b84ff5-5eb1-4e99-99a4-f5499ae632ef/add_router_interface HTTP/1.1" status: 200 len: 503 time: 3.0939140
2026-07-09 02:41:20.693 9 INFO neutron.wsgi [None req-bf7a1b17-2b56-4fcc-9304-5e74a7d99e8c fd437fc020ca4043b90a2ef599883743 3d8a8aeafb714484ae7e9c8aa222cbe5 - - default default] 10.0.0.159 "GET /v2.0/ports/219dc20d-47ad-4416-b124-82701d5acb62 HTTP/1.1" status: 200 len: 1137 time: 0.1270235
2026-07-09 02:41:20.720 10 INFO neutron.db.ovn_revision_numbers_db [None req-b761c1b7-51ee-40a3-bc66-5fe40076853a 4dcd969ec89f4affb9803efc5fa05c2a 60215a54b14b44d280a19070bdbc0c47 - - default default] Successfully bumped revision number for resource a2cb8c74-6b36-474d-8050-e932039475e0 (type: router_ports) to 1
2026-07-09 02:41:20.722 10 INFO neutron.wsgi [None req-b761c1b7-51ee-40a3-bc66-5fe40076853a 4dcd969ec89f4affb9803efc5fa05c2a 60215a54b14b44d280a19070bdbc0c47 - - default default] 10.0.0.159 "PUT /v2.0/routers/bbf4f2ce-477d-4d9f-8a86-69966c634e61/add_router_interface HTTP/1.1" status: 200 len: 503 time: 3.8497174
2026-07-09 02:41:20.740 9 INFO neutron.wsgi [None req-3c2dd16d-2ed4-4ad3-a9f3-ec9f8d3723f2 fd437fc020ca4043b90a2ef599883743 3d8a8aeafb714484ae7e9c8aa222cbe5 - - default default] 10.0.0.159 "GET /v2.0/ports/219dc20d-47ad-4416-b124-82701d5acb62 HTTP/1.1" status: 200 len: 1137 time: 0.0419569
2026-07-09 02:41:20.833 9 INFO neutron.wsgi [None req-c2845e3c-76be-47a3-ab9a-44acf1000c25 23e4cd177ae94fcfbf5d1eec9c90b144 c01d47c276bc45d2b155b89c820655ad - - default default] 10.0.0.159 "DELETE /v2.0/floatingips/5fc35bd0-f5af-4762-be90-e47deb01f4bb HTTP/1.1" status: 204 len: 168 time: 0.4082587
2026-07-09 02:41:21.012 10 WARNING neutron.scheduler.dhcp_agent_scheduler [None req-c190e03e-349c-4c9b-9993-be101151e39a ea2135a81e384ed9b538f5d13230c678 728ac910acc448cfbe7bca4f8a449a3a - - default default] No more DHCP agents
2026-07-09 02:41:21.023 10 WARNING neutron.api.rpc.agentnotifiers.dhcp_rpc_agent_api [None req-c190e03e-349c-4c9b-9993-be101151e39a ea2135a81e384ed9b538f5d13230c678 728ac910acc448cfbe7bca4f8a449a3a - - default default] Unable to schedule network c68f2dcd-1363-4d0c-95b8-06b7c8fa1d06: no agents available; will retry on subsequent port and subnet creation events.
2026-07-09 02:41:21.155 9 INFO neutron.wsgi [None req-1e9cf9b2-b759-4dd3-88d7-03a651f6436d 23e4cd177ae94fcfbf5d1eec9c90b144 c01d47c276bc45d2b155b89c820655ad - - default default] 10.0.0.159 "DELETE /v2.0/floatingips/321888cf-fa10-4ff3-8a28-bd980b6802ee HTTP/1.1" status: 204 len: 168 time: 0.3175240
2026-07-09 02:41:21.239 10 INFO neutron.db.ovn_revision_numbers_db [None req-c190e03e-349c-4c9b-9993-be101151e39a ea2135a81e384ed9b538f5d13230c678 728ac910acc448cfbe7bca4f8a449a3a - - default default] Successfully bumped revision number for resource 9f29ef22-b86f-45da-b690-2e66551f25b3 (type: ports) to 1
2026-07-09 02:41:21.247 9 WARNING neutron_lib.context [None req-834f3106-d038-4aca-8443-1ab125198731 ad071f888cb9439d94827f6fc9730ed3 ff1fcd77a54e4e01b4730754e2411395 - - default default] Method 'is_advsvc' is deprecated since 2023.2 release (neutron-lib 3.8.0) and will be removed once support for the old RBAC API policies will be removed from Neutron. Please use method 'is_service_role' instead.
2026-07-09 02:41:21.270 10 INFO neutron.wsgi [None req-c190e03e-349c-4c9b-9993-be101151e39a ea2135a81e384ed9b538f5d13230c678 728ac910acc448cfbe7bca4f8a449a3a - - default default] 10.0.0.159 "POST /v2.0/ports HTTP/1.1" status: 201 len: 1149 time: 0.7418561 /var/lib/openstack/lib/python3.10/site-packages/pycadf/identifier.py:71: UserWarning: Invalid uuid: neutron. To ensure interoperability, identifiers should be a valid uuid. warnings.warn(('Invalid uuid: %s. To ensure interoperability, '
2026-07-09 02:41:21.370 9 INFO neutron.db.ovn_revision_numbers_db [None req-834f3106-d038-4aca-8443-1ab125198731 ad071f888cb9439d94827f6fc9730ed3 ff1fcd77a54e4e01b4730754e2411395 - - default default] Successfully bumped revision number for resource 097aad5b-0c84-43db-a9e6-be96da08d497 (type: security_groups) to 1
2026-07-09 02:41:21.384 9 INFO neutron.db.ovn_revision_numbers_db [None req-834f3106-d038-4aca-8443-1ab125198731 ad071f888cb9439d94827f6fc9730ed3 ff1fcd77a54e4e01b4730754e2411395 - - default default] Successfully bumped revision number for resource bc595956-9cdd-49eb-9a95-d57fb4ec9b77 (type: security_group_rules) to 0
2026-07-09 02:41:21.403 9 INFO neutron.db.ovn_revision_numbers_db [None req-834f3106-d038-4aca-8443-1ab125198731 ad071f888cb9439d94827f6fc9730ed3 ff1fcd77a54e4e01b4730754e2411395 - - default default] Successfully bumped revision number for resource f77906ee-052c-4b87-b863-71d82da273ee (type: security_group_rules) to 0
2026-07-09 02:41:21.422 9 INFO neutron.wsgi [None req-834f3106-d038-4aca-8443-1ab125198731 ad071f888cb9439d94827f6fc9730ed3 ff1fcd77a54e4e01b4730754e2411395 - - default default] 10.0.0.159 "POST /v2.0/security-groups HTTP/1.1" status: 201 len: 1795 time: 0.1817584
2026-07-09 02:41:21.432 9 WARNING neutron_lib.context [None req-d82f76ea-b42a-494a-bf58-d8b6622473d4 ad071f888cb9439d94827f6fc9730ed3 ff1fcd77a54e4e01b4730754e2411395 - - default default] Method 'is_advsvc' is deprecated since 2023.2 release (neutron-lib 3.8.0) and will be removed once support for the old RBAC API policies will be removed from Neutron. Please use method 'is_service_role' instead.
2026-07-09 02:41:21.571 9 INFO neutron.db.ovn_revision_numbers_db [None req-d82f76ea-b42a-494a-bf58-d8b6622473d4 ad071f888cb9439d94827f6fc9730ed3 ff1fcd77a54e4e01b4730754e2411395 - - default default] Successfully bumped revision number for resource 6d163b32-4d34-4fa8-8426-e9e444f82064 (type: security_group_rules) to 0
2026-07-09 02:41:21.592 9 INFO neutron.wsgi [None req-d82f76ea-b42a-494a-bf58-d8b6622473d4 ad071f888cb9439d94827f6fc9730ed3 ff1fcd77a54e4e01b4730754e2411395 - - default default] 10.0.0.159 "POST /v2.0/security-group-rules HTTP/1.1" status: 201 len: 764 time: 0.1627271
2026-07-09 02:41:21.601 9 WARNING neutron_lib.context [None req-0baa9d35-e1ea-498c-b4ce-6f0b66f028dc ad071f888cb9439d94827f6fc9730ed3 ff1fcd77a54e4e01b4730754e2411395 - - default default] Method 'is_advsvc' is deprecated since 2023.2 release (neutron-lib 3.8.0) and will be removed once support for the old RBAC API policies will be removed from Neutron. Please use method 'is_service_role' instead.
2026-07-09 02:41:21.624 10 INFO neutron.wsgi [None req-e023b04f-a1d3-4628-aeee-3026e73ca926 fd437fc020ca4043b90a2ef599883743 3d8a8aeafb714484ae7e9c8aa222cbe5 - - default default] 10.0.0.159 "PUT /v2.0/routers/b6b84ff5-5eb1-4e99-99a4-f5499ae632ef/remove_router_interface HTTP/1.1" status: 200 len: 503 time: 0.8800430
2026-07-09 02:41:21.700 10 INFO neutron.wsgi [None req-66aeae0f-34d2-4b99-b162-bc39ea1d0a0b ea2135a81e384ed9b538f5d13230c678 728ac910acc448cfbe7bca4f8a449a3a - - default default] 10.0.0.159 "DELETE /v2.0/ports/9f29ef22-b86f-45da-b690-2e66551f25b3 HTTP/1.1" status: 204 len: 168 time: 0.4262047 /var/lib/openstack/lib/python3.10/site-packages/pycadf/identifier.py:71: UserWarning: Invalid uuid: neutron. To ensure interoperability, identifiers should be a valid uuid. warnings.warn(('Invalid uuid: %s. To ensure interoperability, '
2026-07-09 02:41:21.722 10 INFO neutron.pecan_wsgi.hooks.translation [None req-457f6f47-e19a-40bc-9592-543b6320b492 ea2135a81e384ed9b538f5d13230c678 728ac910acc448cfbe7bca4f8a449a3a - - default default] DELETE failed (client error): The resource could not be found.
2026-07-09 02:41:21.724 10 INFO neutron.wsgi [None req-457f6f47-e19a-40bc-9592-543b6320b492 ea2135a81e384ed9b538f5d13230c678 728ac910acc448cfbe7bca4f8a449a3a - - default default] 10.0.0.159 "DELETE /v2.0/ports/9f29ef22-b86f-45da-b690-2e66551f25b3 HTTP/1.1" status: 404 len: 333 time: 0.0181894
2026-07-09 02:41:21.745 10 INFO neutron.pecan_wsgi.hooks.translation [None req-054adfe6-d8e3-437e-9e5f-e61207279d28 ea2135a81e384ed9b538f5d13230c678 728ac910acc448cfbe7bca4f8a449a3a - - default default] GET failed (client error): The resource could not be found.
2026-07-09 02:41:21.746 10 INFO neutron.wsgi [None req-054adfe6-d8e3-437e-9e5f-e61207279d28 ea2135a81e384ed9b538f5d13230c678 728ac910acc448cfbe7bca4f8a449a3a - - default default] 10.0.0.159 "GET /v2.0/ports/9f29ef22-b86f-45da-b690-2e66551f25b3 HTTP/1.1" status: 404 len: 333 time: 0.0173342
2026-07-09 02:41:21.867 9 INFO neutron.wsgi [None req-1aa6b833-2072-47c5-8da6-1c6b11eb3ea8 fd437fc020ca4043b90a2ef599883743 3d8a8aeafb714484ae7e9c8aa222cbe5 - - default default] 10.0.0.159 "GET /v2.0/ports/19a4d6a4-4df2-4350-bb6b-f014c2ccb4d4 HTTP/1.1" status: 200 len: 1137 time: 0.2374620
2026-07-09 02:41:21.895 9 INFO neutron.db.ovn_revision_numbers_db [None req-0baa9d35-e1ea-498c-b4ce-6f0b66f028dc ad071f888cb9439d94827f6fc9730ed3 ff1fcd77a54e4e01b4730754e2411395 - - default default] Successfully bumped revision number for resource eb5d5bbd-a3ef-41b1-973e-5e2f58c47863 (type: security_group_rules) to 0
2026-07-09 02:41:21.937 9 INFO neutron.wsgi [None req-0baa9d35-e1ea-498c-b4ce-6f0b66f028dc ad071f888cb9439d94827f6fc9730ed3 ff1fcd77a54e4e01b4730754e2411395 - - default default] 10.0.0.159 "POST /v2.0/security-group-rules HTTP/1.1" status: 201 len: 769 time: 0.3408298
2026-07-09 02:41:21.947 10 WARNING neutron_lib.context [None req-26757d19-dc86-4353-99e8-36154718741d ad071f888cb9439d94827f6fc9730ed3 ff1fcd77a54e4e01b4730754e2411395 - - default default] Method 'is_advsvc' is deprecated since 2023.2 release (neutron-lib 3.8.0) and will be removed once support for the old RBAC API policies will be removed from Neutron. Please use method 'is_service_role' instead.
2026-07-09 02:41:22.014 10 INFO neutron.wsgi [None req-5cfe6eb6-0389-4621-a4a8-ab5df159e2cb ea2135a81e384ed9b538f5d13230c678 728ac910acc448cfbe7bca4f8a449a3a - - default default] 10.0.0.159 "DELETE /v2.0/subnets/58a9e382-9383-467e-a75a-7a43faf86d25 HTTP/1.1" status: 204 len: 168 time: 0.2622416
2026-07-09 02:41:22.338 10 WARNING neutron.scheduler.dhcp_agent_scheduler [None req-26757d19-dc86-4353-99e8-36154718741d ad071f888cb9439d94827f6fc9730ed3 ff1fcd77a54e4e01b4730754e2411395 - - default default] No more DHCP agents
2026-07-09 02:41:22.343 10 WARNING neutron.api.rpc.agentnotifiers.dhcp_rpc_agent_api [None req-26757d19-dc86-4353-99e8-36154718741d ad071f888cb9439d94827f6fc9730ed3 ff1fcd77a54e4e01b4730754e2411395 - - default default] Unable to schedule network d4f0c915-d572-4872-94cd-a547cb2e7357: no agents available; will retry on subsequent port and subnet creation events.
2026-07-09 02:41:22.486 10 INFO neutron.db.ovn_revision_numbers_db [None req-1b26535a-7740-4efc-84ea-0ec65489211c 4dcd969ec89f4affb9803efc5fa05c2a 60215a54b14b44d280a19070bdbc0c47 - - default default] Successfully bumped revision number for resource 04ac2bc7-d2d6-417b-8462-1fcd7dae9155 (type: security_groups) to 1
2026-07-09 02:41:22.514 10 INFO neutron.db.ovn_revision_numbers_db [None req-1b26535a-7740-4efc-84ea-0ec65489211c 4dcd969ec89f4affb9803efc5fa05c2a 60215a54b14b44d280a19070bdbc0c47 - - default default] Successfully bumped revision number for resource 28951260-3407-40f7-8e57-bc07d8c4db2e (type: security_group_rules) to 0
2026-07-09 02:41:22.559 10 INFO neutron.db.ovn_revision_numbers_db [None req-1b26535a-7740-4efc-84ea-0ec65489211c 4dcd969ec89f4affb9803efc5fa05c2a 60215a54b14b44d280a19070bdbc0c47 - - default default] Successfully bumped revision number for resource 4c1903ad-18b7-48f2-9d82-65c6fa764e25 (type: security_group_rules) to 0
2026-07-09 02:41:22.570 9 INFO neutron.wsgi [None req-cc61cd67-eba8-4669-9ac2-f1c89d741ff5 fd437fc020ca4043b90a2ef599883743 3d8a8aeafb714484ae7e9c8aa222cbe5 - - default default] 10.0.0.159 "PUT /v2.0/routers/b6b84ff5-5eb1-4e99-99a4-f5499ae632ef/remove_router_interface HTTP/1.1" status: 200 len: 503 time: 0.6981561 /var/lib/openstack/lib/python3.10/site-packages/pycadf/identifier.py:71: UserWarning: Invalid uuid: neutron. To ensure interoperability, identifiers should be a valid uuid. warnings.warn(('Invalid uuid: %s. To ensure interoperability, '
2026-07-09 02:41:22.577 10 INFO neutron.services.segments.plugin [-] Segment 1e2028e8-5744-4c02-9218-e2547cdcd4e6 resource provider aggregate not found
2026-07-09 02:41:22.582 10 INFO neutron.services.segments.plugin [-] Segment 1e2028e8-5744-4c02-9218-e2547cdcd4e6 resource provider aggregate not found
2026-07-09 02:41:22.596 10 INFO neutron.services.segments.plugin [-] Segment 1e2028e8-5744-4c02-9218-e2547cdcd4e6 resource provider not found; error: Placement Client Error (4xx): {"errors": [{"status": 404, "title": "Not Found", "detail": "The resource could not be found.\n\n No resource provider with uuid 1e2028e8-5744-4c02-9218-e2547cdcd4e6 found for delete ", "request_id": "req-5307e121-e7ef-4ac7-9b08-8dad89a8e2b5"}]}
2026-07-09 02:41:22.598 10 INFO neutron.services.segments.plugin [-] Segment 1e2028e8-5744-4c02-9218-e2547cdcd4e6 resource provider not found; error: Placement Client Error (4xx): {"errors": [{"status": 404, "title": "Not Found", "detail": "The resource could not be found.\n\n No resource provider with uuid 1e2028e8-5744-4c02-9218-e2547cdcd4e6 found for delete ", "request_id": "req-9537bfbb-211d-460c-84f8-891d5ee07751"}]}
2026-07-09 02:41:22.609 9 INFO neutron.wsgi [None req-6dd48171-06ba-4cb6-b283-3c0b6ee8c51b fd437fc020ca4043b90a2ef599883743 3d8a8aeafb714484ae7e9c8aa222cbe5 - - default default] 10.0.0.159 "GET /v2.0/ports?device_id=b6b84ff5-5eb1-4e99-99a4-f5499ae632ef HTTP/1.1" status: 200 len: 205 time: 0.0352452
2026-07-09 02:41:22.615 10 INFO neutron.db.ovn_revision_numbers_db [None req-1b26535a-7740-4efc-84ea-0ec65489211c 4dcd969ec89f4affb9803efc5fa05c2a 60215a54b14b44d280a19070bdbc0c47 - - default default] Successfully bumped revision number for resource 628c1ae3-2543-4fbe-bd46-a10c1bb8e2ce (type: security_group_rules) to 0
2026-07-09 02:41:22.641 10 INFO neutron.db.ovn_revision_numbers_db [None req-1b26535a-7740-4efc-84ea-0ec65489211c 4dcd969ec89f4affb9803efc5fa05c2a 60215a54b14b44d280a19070bdbc0c47 - - default default] Successfully bumped revision number for resource e5d38037-6991-4870-88ec-dcdcc803ef56 (type: security_group_rules) to 0
2026-07-09 02:41:22.651 10 INFO neutron.wsgi [None req-81fd8c26-896d-402c-82b0-d06013c26f97 ea2135a81e384ed9b538f5d13230c678 728ac910acc448cfbe7bca4f8a449a3a - - default default] 10.0.0.159 "DELETE /v2.0/networks/c68f2dcd-1363-4d0c-95b8-06b7c8fa1d06 HTTP/1.1" status: 204 len: 168 time: 0.6319251
2026-07-09 02:41:22.683 10 WARNING neutron_lib.context [None req-b1ac0267-4f03-421b-9f1e-85fad4a3e837 ea2135a81e384ed9b538f5d13230c678 728ac910acc448cfbe7bca4f8a449a3a - - default default] Method 'is_advsvc' is deprecated since 2023.2 release (neutron-lib 3.8.0) and will be removed once support for the old RBAC API policies will be removed from Neutron. Please use method 'is_service_role' instead.
2026-07-09 02:41:22.697 10 INFO neutron.wsgi [None req-1b26535a-7740-4efc-84ea-0ec65489211c 4dcd969ec89f4affb9803efc5fa05c2a 60215a54b14b44d280a19070bdbc0c47 - - default default] 10.0.0.159 "GET /v2.0/security-groups?tenant_id=62ed8fa9a45a4c5584ced80975580760&name=default HTTP/1.1" status: 200 len: 2996 time: 0.6769240
2026-07-09 02:41:22.722 10 WARNING neutron.plugins.ml2.drivers.ovn.mech_driver.ovsdb.ovn_client [None req-691743e2-ed53-4581-a866-51f80c7e0a1b - - - - - -] No port found with ID 19a4d6a4-4df2-4350-bb6b-f014c2ccb4d4: RuntimeError: No port found with ID 19a4d6a4-4df2-4350-bb6b-f014c2ccb4d4
2026-07-09 02:41:22.723 10 INFO neutron.plugins.ml2.drivers.ovn.mech_driver.mech_driver [None req-691743e2-ed53-4581-a866-51f80c7e0a1b - - - - - -] OVN reports status up for port: a2cb8c74-6b36-474d-8050-e932039475e0
2026-07-09 02:41:22.750 10 INFO neutron.plugins.ml2.plugin [None req-691743e2-ed53-4581-a866-51f80c7e0a1b - - - - - -] Attempt 1 to provision port a2cb8c74-6b36-474d-8050-e932039475e0
2026-07-09 02:41:22.851 10 INFO neutron.db.segments_db [None req-b1ac0267-4f03-421b-9f1e-85fad4a3e837 ea2135a81e384ed9b538f5d13230c678 728ac910acc448cfbe7bca4f8a449a3a - - default default] Added segment 437167da-62f7-4e3d-9a02-a2f2ef39081b of type geneve for network 1f051385-dddb-421a-a897-edd086ea0fa0
2026-07-09 02:41:22.866 9 INFO neutron.wsgi [None req-e9f3cd35-59dc-4a42-b078-a2b4e4a3b1f7 fd437fc020ca4043b90a2ef599883743 3d8a8aeafb714484ae7e9c8aa222cbe5 - - default default] 10.0.0.159 "DELETE /v2.0/routers/b6b84ff5-5eb1-4e99-99a4-f5499ae632ef HTTP/1.1" status: 204 len: 168 time: 0.2497208
2026-07-09 02:41:22.967 10 INFO neutron.db.ovn_revision_numbers_db [None req-26757d19-dc86-4353-99e8-36154718741d ad071f888cb9439d94827f6fc9730ed3 ff1fcd77a54e4e01b4730754e2411395 - - default default] Successfully bumped revision number for resource e71ec68d-4cd5-4444-919e-4ed5a286fbb7 (type: floatingips) to 0
2026-07-09 02:41:22.998 10 INFO neutron.wsgi [None req-26757d19-dc86-4353-99e8-36154718741d ad071f888cb9439d94827f6fc9730ed3 ff1fcd77a54e4e01b4730754e2411395 - - default default] 10.0.0.159 "POST /v2.0/floatingips HTTP/1.1" status: 201 len: 751 time: 1.0549984
2026-07-09 02:41:23.055 9 INFO neutron.wsgi [None req-c2751657-81ba-43ad-81a9-4506d597e4b2 fd437fc020ca4043b90a2ef599883743 3d8a8aeafb714484ae7e9c8aa222cbe5 - - default default] 10.0.0.159 "DELETE /v2.0/subnets/4708e7bc-dcb1-4b89-97a9-248933b352c7 HTTP/1.1" status: 204 len: 168 time: 0.1851630
2026-07-09 02:41:23.257 9 INFO neutron.wsgi [None req-079b8061-6881-44ef-9086-5a26e4205520 fd437fc020ca4043b90a2ef599883743 3d8a8aeafb714484ae7e9c8aa222cbe5 - - default default] 10.0.0.159 "DELETE /v2.0/subnets/1422c051-65e7-4d32-b2eb-b4df89401048 HTTP/1.1" status: 204 len: 168 time: 0.1978397
2026-07-09 02:41:23.339 10 INFO neutron.db.ovn_revision_numbers_db [None req-b1ac0267-4f03-421b-9f1e-85fad4a3e837 ea2135a81e384ed9b538f5d13230c678 728ac910acc448cfbe7bca4f8a449a3a - - default default] Successfully bumped revision number for resource 1f051385-dddb-421a-a897-edd086ea0fa0 (type: networks) to 1
2026-07-09 02:41:23.514 10 INFO neutron.wsgi [None req-2982c738-43ae-46c0-9e4e-f804d672427f 4dcd969ec89f4affb9803efc5fa05c2a 60215a54b14b44d280a19070bdbc0c47 - - default default] 10.0.0.159 "DELETE /v2.0/security-groups/04ac2bc7-d2d6-417b-8462-1fcd7dae9155 HTTP/1.1" status: 204 len: 168 time: 0.8096054
2026-07-09 02:41:23.535 10 INFO neutron.wsgi [req-f62bbd23-cedf-443e-8cea-41a8ef46bb7c req-a0ba90f3-cf8d-48f2-9192-7464e5cdf450 ad071f888cb9439d94827f6fc9730ed3 ff1fcd77a54e4e01b4730754e2411395 - - default default] 10.0.0.104 "GET /v2.0/security-groups?name=tempest-securitygroup--104199531&fields=id&tenant_id=ff1fcd77a54e4e01b4730754e2411395 HTTP/1.1" status: 200 len: 267 time: 0.1051631
2026-07-09 02:41:23.625 9 INFO neutron.services.segments.plugin [-] Segment 999f6e7d-1c6f-4267-9b99-3574310e71d4 resource provider aggregate not found
2026-07-09 02:41:23.633 9 INFO neutron.services.segments.plugin [-] Segment 999f6e7d-1c6f-4267-9b99-3574310e71d4 resource provider aggregate not found
2026-07-09 02:41:23.641 10 INFO neutron.db.ovn_revision_numbers_db [None req-691743e2-ed53-4581-a866-51f80c7e0a1b - - - - - -] Successfully bumped revision number for resource a2cb8c74-6b36-474d-8050-e932039475e0 (type: ports) to 2
2026-07-09 02:41:23.648 9 INFO neutron.services.segments.plugin [-] Segment 999f6e7d-1c6f-4267-9b99-3574310e71d4 resource provider not found; error: Placement Client Error (4xx): {"errors": [{"status": 404, "title": "Not Found", "detail": "The resource could not be found.\n\n No resource provider with uuid 999f6e7d-1c6f-4267-9b99-3574310e71d4 found for delete ", "request_id": "req-5062c544-b920-4a91-81a9-9d520a075584"}]}
2026-07-09 02:41:23.653 9 INFO neutron.services.segments.plugin [-] Segment 999f6e7d-1c6f-4267-9b99-3574310e71d4 resource provider not found; error: Placement Client Error (4xx): {"errors": [{"status": 404, "title": "Not Found", "detail": "The resource could not be found.\n\n No resource provider with uuid 999f6e7d-1c6f-4267-9b99-3574310e71d4 found for delete ", "request_id": "req-fb7f3f76-e5cd-47c0-9e62-4596077a0dfd"}]}
2026-07-09 02:41:23.668 9 INFO neutron.wsgi [None req-f7ec1a2c-f93a-44ef-a915-bf304d0e329a fd437fc020ca4043b90a2ef599883743 3d8a8aeafb714484ae7e9c8aa222cbe5 - - default default] 10.0.0.159 "DELETE /v2.0/networks/60dc757f-ae29-439e-9c2d-62189888da72 HTTP/1.1" status: 204 len: 168 time: 0.4045146
2026-07-09 02:41:23.671 10 INFO neutron.wsgi [req-f62bbd23-cedf-443e-8cea-41a8ef46bb7c req-56d722e1-fe7d-4bb6-b9d2-cb48fc0c7da1 ad071f888cb9439d94827f6fc9730ed3 ff1fcd77a54e4e01b4730754e2411395 - - default default] 10.0.0.104 "GET /v2.0/networks?id=b73dce9f-ce43-4b34-b75a-07317fe3b257 HTTP/1.1" status: 200 len: 875 time: 0.1258121
2026-07-09 02:41:23.724 10 INFO neutron.wsgi [req-f62bbd23-cedf-443e-8cea-41a8ef46bb7c req-4c0f6e98-fa9a-4166-b1b8-7785eae21d0e ad071f888cb9439d94827f6fc9730ed3 ff1fcd77a54e4e01b4730754e2411395 - - default default] 10.0.0.104 "GET /v2.0/quotas/ff1fcd77a54e4e01b4730754e2411395 HTTP/1.1" status: 200 len: 386 time: 0.0368636
2026-07-09 02:41:23.729 10 WARNING neutron.scheduler.dhcp_agent_scheduler [None req-b1ac0267-4f03-421b-9f1e-85fad4a3e837 ea2135a81e384ed9b538f5d13230c678 728ac910acc448cfbe7bca4f8a449a3a - - default default] No more DHCP agents
2026-07-09 02:41:23.744 10 WARNING neutron.api.rpc.agentnotifiers.dhcp_rpc_agent_api [None req-b1ac0267-4f03-421b-9f1e-85fad4a3e837 ea2135a81e384ed9b538f5d13230c678 728ac910acc448cfbe7bca4f8a449a3a - - default default] Unable to schedule network 1f051385-dddb-421a-a897-edd086ea0fa0: no agents available; will retry on subsequent port and subnet creation events.
2026-07-09 02:41:23.855 10 INFO neutron.db.ovn_revision_numbers_db [None req-691743e2-ed53-4581-a866-51f80c7e0a1b - - - - - -] Successfully bumped revision number for resource a2cb8c74-6b36-474d-8050-e932039475e0 (type: router_ports) to 2
2026-07-09 02:41:23.927 10 INFO neutron.wsgi [req-f62bbd23-cedf-443e-8cea-41a8ef46bb7c req-261d8c60-9bad-423e-b9b7-3fcdf4a07b6f ad071f888cb9439d94827f6fc9730ed3 ff1fcd77a54e4e01b4730754e2411395 - - default default] 10.0.0.104 "GET /v2.0/ports?tenant_id=ff1fcd77a54e4e01b4730754e2411395&fields=id HTTP/1.1" status: 200 len: 302 time: 0.1976926
2026-07-09 02:41:23.930 10 INFO neutron.db.ovn_revision_numbers_db [None req-b1ac0267-4f03-421b-9f1e-85fad4a3e837 ea2135a81e384ed9b538f5d13230c678 728ac910acc448cfbe7bca4f8a449a3a - - default default] Successfully bumped revision number for resource f459982f-cb0f-4e2b-a3a2-13901ff098de (type: ports) to 1
2026-07-09 02:41:23.937 10 INFO neutron.db.ovn_revision_numbers_db [None req-228ee77b-1b98-44c8-9b60-3532103eb275 4dcd969ec89f4affb9803efc5fa05c2a 60215a54b14b44d280a19070bdbc0c47 - - default default] Successfully bumped revision number for resource e99cde06-94c7-42e0-9781-b2302465f6c9 (type: security_groups) to 1
2026-07-09 02:41:23.978 10 INFO neutron.wsgi [None req-b1ac0267-4f03-421b-9f1e-85fad4a3e837 ea2135a81e384ed9b538f5d13230c678 728ac910acc448cfbe7bca4f8a449a3a - - default default] 10.0.0.159 "POST /v2.0/networks HTTP/1.1" status: 201 len: 830 time: 1.3055649
2026-07-09 02:41:23.986 10 INFO neutron.db.ovn_revision_numbers_db [None req-228ee77b-1b98-44c8-9b60-3532103eb275 4dcd969ec89f4affb9803efc5fa05c2a 60215a54b14b44d280a19070bdbc0c47 - - default default] Successfully bumped revision number for resource 08828ba3-9bdb-45b1-aeb7-53aeae309a3b (type: security_group_rules) to 0
2026-07-09 02:41:23.990 9 WARNING neutron_lib.context [None req-ef3b5bc7-faef-40b7-a2cc-4d086fa0cf96 ea2135a81e384ed9b538f5d13230c678 728ac910acc448cfbe7bca4f8a449a3a - - default default] Method 'is_advsvc' is deprecated since 2023.2 release (neutron-lib 3.8.0) and will be removed once support for the old RBAC API policies will be removed from Neutron. Please use method 'is_service_role' instead.
2026-07-09 02:41:24.003 10 INFO neutron.db.ovn_revision_numbers_db [None req-228ee77b-1b98-44c8-9b60-3532103eb275 4dcd969ec89f4affb9803efc5fa05c2a 60215a54b14b44d280a19070bdbc0c47 - - default default] Successfully bumped revision number for resource 79cb63d4-a465-4a31-ab18-da42a1b2c611 (type: security_group_rules) to 0
2026-07-09 02:41:24.013 10 INFO neutron.wsgi [req-f62bbd23-cedf-443e-8cea-41a8ef46bb7c req-30a98cd0-9fdc-4fcf-b474-fef63694330a 2f1d722f25954ecea2e01f1e7b8afa2b 58a85cb0b2104e4cae5e58bc426277c4 - - 9d6706514ac64505ad70089bc3506acf 9d6706514ac64505ad70089bc3506acf] 10.0.0.104 "GET /v2.0/networks/b73dce9f-ce43-4b34-b75a-07317fe3b257?fields=segments HTTP/1.1" status: 200 len: 212 time: 0.0649068
2026-07-09 02:41:24.019 10 INFO neutron.db.ovn_revision_numbers_db [None req-228ee77b-1b98-44c8-9b60-3532103eb275 4dcd969ec89f4affb9803efc5fa05c2a 60215a54b14b44d280a19070bdbc0c47 - - default default] Successfully bumped revision number for resource 9cf601f0-a558-44c8-b766-5b187e889c8c (type: security_group_rules) to 0
2026-07-09 02:41:24.042 10 INFO neutron.db.ovn_revision_numbers_db [None req-228ee77b-1b98-44c8-9b60-3532103eb275 4dcd969ec89f4affb9803efc5fa05c2a 60215a54b14b44d280a19070bdbc0c47 - - default default] Successfully bumped revision number for resource a4a9ce59-c2ae-4b09-b93b-763e2bd63be2 (type: security_group_rules) to 0
2026-07-09 02:41:24.063 9 INFO neutron.wsgi [None req-6478cd44-66b8-4c7d-b2ce-f28f7b4e28b4 fd437fc020ca4043b90a2ef599883743 3d8a8aeafb714484ae7e9c8aa222cbe5 - - default default] 10.0.0.159 "DELETE /v2.0/networks/c80ef0de-9aa8-4b6c-9b0b-46894488763d HTTP/1.1" status: 204 len: 168 time: 0.3876061
2026-07-09 02:41:24.078 10 WARNING neutron_lib.context [None req-8a0baacf-3a6f-4822-b633-973b8cbb53bf fd437fc020ca4043b90a2ef599883743 3d8a8aeafb714484ae7e9c8aa222cbe5 - - default default] Method 'is_advsvc' is deprecated since 2023.2 release (neutron-lib 3.8.0) and will be removed once support for the old RBAC API policies will be removed from Neutron. Please use method 'is_service_role' instead.
2026-07-09 02:41:24.084 10 INFO neutron.wsgi [None req-228ee77b-1b98-44c8-9b60-3532103eb275 4dcd969ec89f4affb9803efc5fa05c2a 60215a54b14b44d280a19070bdbc0c47 - - default default] 10.0.0.159 "GET /v2.0/security-groups?tenant_id=c01d47c276bc45d2b155b89c820655ad&name=default HTTP/1.1" status: 200 len: 2996 time: 0.4677918
2026-07-09 02:41:24.111 10 INFO neutron.wsgi [req-f62bbd23-cedf-443e-8cea-41a8ef46bb7c req-12d96ed0-1801-484e-93e6-932447dd7994 2f1d722f25954ecea2e01f1e7b8afa2b 58a85cb0b2104e4cae5e58bc426277c4 - - 9d6706514ac64505ad70089bc3506acf 9d6706514ac64505ad70089bc3506acf] 10.0.0.104 "GET /v2.0/networks/b73dce9f-ce43-4b34-b75a-07317fe3b257?fields=provider%3Aphysical_network&fields=provider%3Anetwork_type HTTP/1.1" status: 200 len: 277 time: 0.0904174
2026-07-09 02:41:24.180 10 INFO neutron.db.segments_db [None req-8a0baacf-3a6f-4822-b633-973b8cbb53bf fd437fc020ca4043b90a2ef599883743 3d8a8aeafb714484ae7e9c8aa222cbe5 - - default default] Added segment 5582ff32-72b0-44c4-8335-871ed7c8e21f of type geneve for network ed67fe8b-9f42-44fb-80c9-60bb5a14c766
2026-07-09 02:41:24.247 9 WARNING neutron.scheduler.dhcp_agent_scheduler [None req-ef3b5bc7-faef-40b7-a2cc-4d086fa0cf96 ea2135a81e384ed9b538f5d13230c678 728ac910acc448cfbe7bca4f8a449a3a - - default default] No more DHCP agents
2026-07-09 02:41:24.250 9 WARNING neutron.api.rpc.agentnotifiers.dhcp_rpc_agent_api [None req-ef3b5bc7-faef-40b7-a2cc-4d086fa0cf96 ea2135a81e384ed9b538f5d13230c678 728ac910acc448cfbe7bca4f8a449a3a - - default default] Unable to schedule network 1f051385-dddb-421a-a897-edd086ea0fa0: no agents available; will retry on subsequent port and subnet creation events.
2026-07-09 02:41:24.272 10 INFO neutron.wsgi [req-45ddee7e-eaa2-4b37-a2ff-826a88397dd3 req-db7e386b-421d-4286-9634-ec98f9b06dab ad071f888cb9439d94827f6fc9730ed3 ff1fcd77a54e4e01b4730754e2411395 - - default default] 10.0.0.104 "GET /v2.0/ports?device_id=815790f4-8e86-4688-a44a-a8a4acbf91e1 HTTP/1.1" status: 200 len: 210 time: 0.0229769
2026-07-09 02:41:24.339 10 INFO neutron.db.ovn_revision_numbers_db [None req-8a0baacf-3a6f-4822-b633-973b8cbb53bf fd437fc020ca4043b90a2ef599883743 3d8a8aeafb714484ae7e9c8aa222cbe5 - - default default] Successfully bumped revision number for resource ed67fe8b-9f42-44fb-80c9-60bb5a14c766 (type: networks) to 1
2026-07-09 02:41:24.387 10 INFO neutron.wsgi [None req-74484a16-3ce7-4866-9937-35cf620e66be 4dcd969ec89f4affb9803efc5fa05c2a 60215a54b14b44d280a19070bdbc0c47 - - default default] 10.0.0.159 "DELETE /v2.0/security-groups/e99cde06-94c7-42e0-9781-b2302465f6c9 HTTP/1.1" status: 204 len: 168 time: 0.2965593
2026-07-09 02:41:24.541 10 WARNING neutron.scheduler.dhcp_agent_scheduler [None req-8a0baacf-3a6f-4822-b633-973b8cbb53bf fd437fc020ca4043b90a2ef599883743 3d8a8aeafb714484ae7e9c8aa222cbe5 - - default default] No more DHCP agents
2026-07-09 02:41:24.545 10 WARNING neutron.api.rpc.agentnotifiers.dhcp_rpc_agent_api [None req-8a0baacf-3a6f-4822-b633-973b8cbb53bf fd437fc020ca4043b90a2ef599883743 3d8a8aeafb714484ae7e9c8aa222cbe5 - - default default] Unable to schedule network ed67fe8b-9f42-44fb-80c9-60bb5a14c766: no agents available; will retry on subsequent port and subnet creation events.
2026-07-09 02:41:24.648 10 INFO neutron.db.ovn_revision_numbers_db [None req-8a0baacf-3a6f-4822-b633-973b8cbb53bf fd437fc020ca4043b90a2ef599883743 3d8a8aeafb714484ae7e9c8aa222cbe5 - - default default] Successfully bumped revision number for resource cee51799-e208-457f-a2cb-8aef51bab0df (type: ports) to 1
2026-07-09 02:41:24.683 10 INFO neutron.wsgi [None req-8a0baacf-3a6f-4822-b633-973b8cbb53bf fd437fc020ca4043b90a2ef599883743 3d8a8aeafb714484ae7e9c8aa222cbe5 - - default default] 10.0.0.159 "POST /v2.0/networks HTTP/1.1" status: 201 len: 829 time: 0.6108944
2026-07-09 02:41:24.697 10 WARNING neutron_lib.context [None req-bcb0c1b3-fc9f-47d6-a516-a275c3c6052e fd437fc020ca4043b90a2ef599883743 3d8a8aeafb714484ae7e9c8aa222cbe5 - - default default] Method 'is_advsvc' is deprecated since 2023.2 release (neutron-lib 3.8.0) and will be removed once support for the old RBAC API policies will be removed from Neutron. Please use method 'is_service_role' instead.
2026-07-09 02:41:24.797 10 INFO neutron.db.ovn_revision_numbers_db [None req-5a205343-9f83-4a5b-b89c-94faf295c01b 4dcd969ec89f4affb9803efc5fa05c2a 60215a54b14b44d280a19070bdbc0c47 - - default default] Successfully bumped revision number for resource f0bc50a0-022b-4d82-a896-65f38aea5def (type: security_groups) to 1
2026-07-09 02:41:24.806 9 INFO neutron.db.ovn_revision_numbers_db [None req-ef3b5bc7-faef-40b7-a2cc-4d086fa0cf96 ea2135a81e384ed9b538f5d13230c678 728ac910acc448cfbe7bca4f8a449a3a - - default default] Successfully bumped revision number for resource f459982f-cb0f-4e2b-a3a2-13901ff098de (type: ports) to 2
2026-07-09 02:41:24.818 10 INFO neutron.db.ovn_revision_numbers_db [None req-5a205343-9f83-4a5b-b89c-94faf295c01b 4dcd969ec89f4affb9803efc5fa05c2a 60215a54b14b44d280a19070bdbc0c47 - - default default] Successfully bumped revision number for resource 0cebf7e1-8894-4a31-bfa4-596bcab4a2e3 (type: security_group_rules) to 0
2026-07-09 02:41:24.843 10 INFO neutron.db.ovn_revision_numbers_db [None req-5a205343-9f83-4a5b-b89c-94faf295c01b 4dcd969ec89f4affb9803efc5fa05c2a 60215a54b14b44d280a19070bdbc0c47 - - default default] Successfully bumped revision number for resource 16907c7c-5b89-42b4-96b0-2527703f42a8 (type: security_group_rules) to 0
2026-07-09 02:41:24.843 9 INFO neutron.db.ovn_revision_numbers_db [None req-ef3b5bc7-faef-40b7-a2cc-4d086fa0cf96 ea2135a81e384ed9b538f5d13230c678 728ac910acc448cfbe7bca4f8a449a3a - - default default] Successfully bumped revision number for resource e769acf9-4f3c-4643-84b6-98f5426ffde1 (type: subnets) to 0
2026-07-09 02:41:24.858 10 INFO neutron.db.ovn_revision_numbers_db [None req-5a205343-9f83-4a5b-b89c-94faf295c01b 4dcd969ec89f4affb9803efc5fa05c2a 60215a54b14b44d280a19070bdbc0c47 - - default default] Successfully bumped revision number for resource 2907da75-86fa-4070-98ce-f01965c016ee (type: security_group_rules) to 0
2026-07-09 02:41:24.863 9 INFO neutron.wsgi [None req-ef3b5bc7-faef-40b7-a2cc-4d086fa0cf96 ea2135a81e384ed9b538f5d13230c678 728ac910acc448cfbe7bca4f8a449a3a - - default default] 10.0.0.159 "POST /v2.0/subnets HTTP/1.1" status: 201 len: 801 time: 0.8787773
2026-07-09 02:41:24.874 9 WARNING neutron_lib.context [None req-891b2f49-5ab9-4d97-9a5f-5e1fb93cfeb2 ea2135a81e384ed9b538f5d13230c678 728ac910acc448cfbe7bca4f8a449a3a - - default default] Method 'is_advsvc' is deprecated since 2023.2 release (neutron-lib 3.8.0) and will be removed once support for the old RBAC API policies will be removed from Neutron. Please use method 'is_service_role' instead.
2026-07-09 02:41:24.881 10 INFO neutron.db.ovn_revision_numbers_db [None req-5a205343-9f83-4a5b-b89c-94faf295c01b 4dcd969ec89f4affb9803efc5fa05c2a 60215a54b14b44d280a19070bdbc0c47 - - default default] Successfully bumped revision number for resource 8201fc08-75e9-4521-a853-1f904fcf828f (type: security_group_rules) to 0
2026-07-09 02:41:24.931 10 INFO neutron.wsgi [None req-5a205343-9f83-4a5b-b89c-94faf295c01b 4dcd969ec89f4affb9803efc5fa05c2a 60215a54b14b44d280a19070bdbc0c47 - - default default] 10.0.0.159 "GET /v2.0/security-groups?tenant_id=032f8867ea144e5ca01e321b6639f0cf&name=default HTTP/1.1" status: 200 len: 2996 time: 0.3639619
2026-07-09 02:41:24.989 10 INFO neutron.wsgi [req-f62bbd23-cedf-443e-8cea-41a8ef46bb7c req-b985db87-6053-45ef-ad21-1811a5d4a66d ad071f888cb9439d94827f6fc9730ed3 ff1fcd77a54e4e01b4730754e2411395 - - default default] 199.204.45.216 "GET /v2.0/networks?id=b73dce9f-ce43-4b34-b75a-07317fe3b257 HTTP/1.1" status: 200 len: 875 time: 0.0945649
2026-07-09 02:41:25.018 10 WARNING neutron.scheduler.dhcp_agent_scheduler [None req-bcb0c1b3-fc9f-47d6-a516-a275c3c6052e fd437fc020ca4043b90a2ef599883743 3d8a8aeafb714484ae7e9c8aa222cbe5 - - default default] No more DHCP agents
2026-07-09 02:41:25.023 10 WARNING neutron.api.rpc.agentnotifiers.dhcp_rpc_agent_api [None req-bcb0c1b3-fc9f-47d6-a516-a275c3c6052e fd437fc020ca4043b90a2ef599883743 3d8a8aeafb714484ae7e9c8aa222cbe5 - - default default] Unable to schedule network ed67fe8b-9f42-44fb-80c9-60bb5a14c766: no agents available; will retry on subsequent port and subnet creation events.
2026-07-09 02:41:25.054 10 INFO neutron.wsgi [req-f62bbd23-cedf-443e-8cea-41a8ef46bb7c req-763d956a-33ac-4706-adbf-b55a5377bf66 ad071f888cb9439d94827f6fc9730ed3 ff1fcd77a54e4e01b4730754e2411395 - - default default] 199.204.45.216 "GET /v2.0/security-groups?fields=id&fields=name&tenant_id=ff1fcd77a54e4e01b4730754e2411395 HTTP/1.1" status: 200 len: 379 time: 0.0564673
2026-07-09 02:41:25.085 10 WARNING neutron_lib.context [req-f62bbd23-cedf-443e-8cea-41a8ef46bb7c req-75a5c6b1-4fd1-43cc-bcec-5cf3fe33020d ad071f888cb9439d94827f6fc9730ed3 ff1fcd77a54e4e01b4730754e2411395 - - default default] Method 'is_advsvc' is deprecated since 2023.2 release (neutron-lib 3.8.0) and will be removed once support for the old RBAC API policies will be removed from Neutron. Please use method 'is_service_role' instead.
2026-07-09 02:41:25.142 9 WARNING neutron.plugins.ml2.drivers.ovn.mech_driver.ovsdb.ovn_client [None req-9e63b695-29a8-4532-a6b9-2b5b05abe8c8 - - - - - -] No port found with ID 219dc20d-47ad-4416-b124-82701d5acb62: RuntimeError: No port found with ID 219dc20d-47ad-4416-b124-82701d5acb62
2026-07-09 02:41:25.366 10 INFO neutron.wsgi [req-b4777bbc-563d-4711-9b36-397cbbd9f0f1 req-69dda49d-8951-4f57-a5bb-2ca1ee5d657b ad071f888cb9439d94827f6fc9730ed3 ff1fcd77a54e4e01b4730754e2411395 - - default default] 10.0.0.104 "GET /v2.0/ports?device_id=815790f4-8e86-4688-a44a-a8a4acbf91e1 HTTP/1.1" status: 200 len: 210 time: 0.0299385
2026-07-09 02:41:25.432 9 WARNING neutron.scheduler.dhcp_agent_scheduler [None req-891b2f49-5ab9-4d97-9a5f-5e1fb93cfeb2 ea2135a81e384ed9b538f5d13230c678 728ac910acc448cfbe7bca4f8a449a3a - - default default] No more DHCP agents
2026-07-09 02:41:25.438 9 INFO neutron.wsgi [None req-98fbe49f-b79d-4bde-918e-58de470d68dc 4dcd969ec89f4affb9803efc5fa05c2a 60215a54b14b44d280a19070bdbc0c47 - - default default] 10.0.0.159 "DELETE /v2.0/security-groups/f0bc50a0-022b-4d82-a896-65f38aea5def HTTP/1.1" status: 204 len: 168 time: 0.5013759
2026-07-09 02:41:25.441 9 WARNING neutron.api.rpc.agentnotifiers.dhcp_rpc_agent_api [None req-891b2f49-5ab9-4d97-9a5f-5e1fb93cfeb2 ea2135a81e384ed9b538f5d13230c678 728ac910acc448cfbe7bca4f8a449a3a - - default default] Unable to schedule network 1f051385-dddb-421a-a897-edd086ea0fa0: no agents available; will retry on subsequent port and subnet creation events.
2026-07-09 02:41:25.540 10 WARNING neutron.scheduler.dhcp_agent_scheduler [req-f62bbd23-cedf-443e-8cea-41a8ef46bb7c req-75a5c6b1-4fd1-43cc-bcec-5cf3fe33020d ad071f888cb9439d94827f6fc9730ed3 ff1fcd77a54e4e01b4730754e2411395 - - default default] No more DHCP agents
2026-07-09 02:41:25.544 10 WARNING neutron.api.rpc.agentnotifiers.dhcp_rpc_agent_api [req-f62bbd23-cedf-443e-8cea-41a8ef46bb7c req-75a5c6b1-4fd1-43cc-bcec-5cf3fe33020d ad071f888cb9439d94827f6fc9730ed3 ff1fcd77a54e4e01b4730754e2411395 - - default default] Unable to schedule network b73dce9f-ce43-4b34-b75a-07317fe3b257: no agents available; will retry on subsequent port and subnet creation events.
2026-07-09 02:41:25.675 9 INFO neutron.db.ovn_revision_numbers_db [None req-891b2f49-5ab9-4d97-9a5f-5e1fb93cfeb2 ea2135a81e384ed9b538f5d13230c678 728ac910acc448cfbe7bca4f8a449a3a - - default default] Successfully bumped revision number for resource 08de396a-d036-466b-beee-1e10577f8220 (type: ports) to 1
2026-07-09 02:41:25.678 9 INFO neutron.services.segments.plugin [-] Segment 3946e8ed-1cbc-4ae2-8a85-7e095611729d resource provider aggregate not found
2026-07-09 02:41:25.684 9 INFO neutron.services.segments.plugin [-] Segment 3946e8ed-1cbc-4ae2-8a85-7e095611729d resource provider aggregate not found
2026-07-09 02:41:25.701 9 INFO neutron.services.segments.plugin [-] Segment 3946e8ed-1cbc-4ae2-8a85-7e095611729d resource provider not found; error: Placement Client Error (4xx): {"errors": [{"status": 404, "title": "Not Found", "detail": "The resource could not be found.\n\n No resource provider with uuid 3946e8ed-1cbc-4ae2-8a85-7e095611729d found for delete ", "request_id": "req-a00daa84-9d07-4a24-9fe3-a8914b9dac45"}]}
2026-07-09 02:41:25.704 9 INFO neutron.services.segments.plugin [-] Segment 3946e8ed-1cbc-4ae2-8a85-7e095611729d resource provider not found; error: Placement Client Error (4xx): {"errors": [{"status": 404, "title": "Not Found", "detail": "The resource could not be found.\n\n No resource provider with uuid 3946e8ed-1cbc-4ae2-8a85-7e095611729d found for delete ", "request_id": "req-0044e493-0827-4201-b999-2527204179e1"}]}
2026-07-09 02:41:25.706 10 INFO neutron.db.ovn_revision_numbers_db [None req-bcb0c1b3-fc9f-47d6-a516-a275c3c6052e fd437fc020ca4043b90a2ef599883743 3d8a8aeafb714484ae7e9c8aa222cbe5 - - default default] Successfully bumped revision number for resource cee51799-e208-457f-a2cb-8aef51bab0df (type: ports) to 2
2026-07-09 02:41:25.715 9 INFO neutron.wsgi [None req-891b2f49-5ab9-4d97-9a5f-5e1fb93cfeb2 ea2135a81e384ed9b538f5d13230c678 728ac910acc448cfbe7bca4f8a449a3a - - default default] 10.0.0.159 "POST /v2.0/ports HTTP/1.1" status: 201 len: 1110 time: 0.8468912
2026-07-09 02:41:25.758 10 INFO neutron.db.ovn_revision_numbers_db [None req-bcb0c1b3-fc9f-47d6-a516-a275c3c6052e fd437fc020ca4043b90a2ef599883743 3d8a8aeafb714484ae7e9c8aa222cbe5 - - default default] Successfully bumped revision number for resource 676bb96e-0d73-40f5-99fc-815e25580490 (type: subnets) to 0
2026-07-09 02:41:25.775 10 INFO neutron.wsgi [None req-bcb0c1b3-fc9f-47d6-a516-a275c3c6052e fd437fc020ca4043b90a2ef599883743 3d8a8aeafb714484ae7e9c8aa222cbe5 - - default default] 10.0.0.159 "POST /v2.0/subnets HTTP/1.1" status: 201 len: 801 time: 1.0844893
2026-07-09 02:41:25.778 10 INFO neutron.db.ovn_revision_numbers_db [req-f62bbd23-cedf-443e-8cea-41a8ef46bb7c req-75a5c6b1-4fd1-43cc-bcec-5cf3fe33020d ad071f888cb9439d94827f6fc9730ed3 ff1fcd77a54e4e01b4730754e2411395 - - default default] Successfully bumped revision number for resource 90f69730-0968-40a4-8630-0bf5008469a2 (type: ports) to 1 /var/lib/openstack/lib/python3.10/site-packages/pycadf/identifier.py:71: UserWarning: Invalid uuid: neutron. To ensure interoperability, identifiers should be a valid uuid. warnings.warn(('Invalid uuid: %s. To ensure interoperability, '
2026-07-09 02:41:25.783 10 WARNING neutron_lib.context [None req-b586f96c-40ef-4d14-8f15-a18c1f70672c fd437fc020ca4043b90a2ef599883743 3d8a8aeafb714484ae7e9c8aa222cbe5 - - default default] Method 'is_advsvc' is deprecated since 2023.2 release (neutron-lib 3.8.0) and will be removed once support for the old RBAC API policies will be removed from Neutron. Please use method 'is_service_role' instead.
2026-07-09 02:41:25.806 10 INFO neutron.wsgi [req-f62bbd23-cedf-443e-8cea-41a8ef46bb7c req-75a5c6b1-4fd1-43cc-bcec-5cf3fe33020d ad071f888cb9439d94827f6fc9730ed3 ff1fcd77a54e4e01b4730754e2411395 - - default default] 199.204.45.216 "POST /v2.0/ports HTTP/1.1" status: 201 len: 1158 time: 0.7308800
2026-07-09 02:41:25.954 10 INFO neutron.db.ovn_revision_numbers_db [None req-b586f96c-40ef-4d14-8f15-a18c1f70672c fd437fc020ca4043b90a2ef599883743 3d8a8aeafb714484ae7e9c8aa222cbe5 - - default default] Successfully bumped revision number for resource d3ef91d5-6cbc-4a32-a567-315c3f319838 (type: routers) to 1
2026-07-09 02:41:25.975 10 INFO neutron.wsgi [None req-b586f96c-40ef-4d14-8f15-a18c1f70672c fd437fc020ca4043b90a2ef599883743 3d8a8aeafb714484ae7e9c8aa222cbe5 - - default default] 10.0.0.159 "POST /v2.0/routers HTTP/1.1" status: 201 len: 687 time: 0.1957004
2026-07-09 02:41:25.992 10 WARNING neutron_lib.context [None req-6679c6f8-24c6-4d92-aeab-2b3504b3ab66 fd437fc020ca4043b90a2ef599883743 3d8a8aeafb714484ae7e9c8aa222cbe5 - - default default] Method 'is_advsvc' is deprecated since 2023.2 release (neutron-lib 3.8.0) and will be removed once support for the old RBAC API policies will be removed from Neutron. Please use method 'is_service_role' instead.
2026-07-09 02:41:26.028 9 INFO neutron.wsgi [None req-61648bcc-6752-42eb-af24-27e37559cdaa ea2135a81e384ed9b538f5d13230c678 728ac910acc448cfbe7bca4f8a449a3a - - default default] 10.0.0.159 "DELETE /v2.0/ports/08de396a-d036-466b-beee-1e10577f8220 HTTP/1.1" status: 204 len: 168 time: 0.3073525
2026-07-09 02:41:26.048 9 INFO neutron.pecan_wsgi.hooks.translation [None req-f1cb22d7-4a7e-4dfa-a113-4a76d6ecb632 ea2135a81e384ed9b538f5d13230c678 728ac910acc448cfbe7bca4f8a449a3a - - default default] GET failed (client error): The resource could not be found.
2026-07-09 02:41:26.050 9 INFO neutron.wsgi [None req-f1cb22d7-4a7e-4dfa-a113-4a76d6ecb632 ea2135a81e384ed9b538f5d13230c678 728ac910acc448cfbe7bca4f8a449a3a - - default default] 10.0.0.159 "GET /v2.0/ports/08de396a-d036-466b-beee-1e10577f8220 HTTP/1.1" status: 404 len: 333 time: 0.0170870
2026-07-09 02:41:26.248 9 INFO neutron.wsgi [None req-ad6d79d6-cd28-4ad4-b5f1-e7f1dfbd0b48 ea2135a81e384ed9b538f5d13230c678 728ac910acc448cfbe7bca4f8a449a3a - - default default] 10.0.0.159 "DELETE /v2.0/subnets/e769acf9-4f3c-4643-84b6-98f5426ffde1 HTTP/1.1" status: 204 len: 168 time: 0.1939814
2026-07-09 02:41:26.338 10 INFO neutron.db.ovn_revision_numbers_db [req-f62bbd23-cedf-443e-8cea-41a8ef46bb7c req-a147255e-3a2a-4e80-9476-96467e038650 2f1d722f25954ecea2e01f1e7b8afa2b 58a85cb0b2104e4cae5e58bc426277c4 - - 9d6706514ac64505ad70089bc3506acf 9d6706514ac64505ad70089bc3506acf] Successfully bumped revision number for resource 90f69730-0968-40a4-8630-0bf5008469a2 (type: ports) to 2
2026-07-09 02:41:26.365 10 WARNING neutron.scheduler.dhcp_agent_scheduler [None req-6679c6f8-24c6-4d92-aeab-2b3504b3ab66 fd437fc020ca4043b90a2ef599883743 3d8a8aeafb714484ae7e9c8aa222cbe5 - - default default] No more DHCP agents
2026-07-09 02:41:26.368 10 WARNING neutron.api.rpc.agentnotifiers.dhcp_rpc_agent_api [None req-6679c6f8-24c6-4d92-aeab-2b3504b3ab66 fd437fc020ca4043b90a2ef599883743 3d8a8aeafb714484ae7e9c8aa222cbe5 - - default default] Unable to schedule network ed67fe8b-9f42-44fb-80c9-60bb5a14c766: no agents available; will retry on subsequent port and subnet creation events. /var/lib/openstack/lib/python3.10/site-packages/pycadf/identifier.py:71: UserWarning: Invalid uuid: neutron. To ensure interoperability, identifiers should be a valid uuid. warnings.warn(('Invalid uuid: %s. To ensure interoperability, '
2026-07-09 02:41:26.470 10 INFO neutron.wsgi [req-d39371f7-42c0-4cff-933f-72b5ee38ef84 req-84a92eab-aa74-4e04-a505-e48cc82edc99 ad071f888cb9439d94827f6fc9730ed3 ff1fcd77a54e4e01b4730754e2411395 - - default default] 10.0.0.104 "GET /v2.0/ports?device_id=815790f4-8e86-4688-a44a-a8a4acbf91e1 HTTP/1.1" status: 200 len: 1168 time: 0.0451837
2026-07-09 02:41:26.584 9 INFO neutron.wsgi [None req-39e8184f-2c55-438c-9686-271566589159 ea2135a81e384ed9b538f5d13230c678 728ac910acc448cfbe7bca4f8a449a3a - - default default] 10.0.0.159 "DELETE /v2.0/networks/1f051385-dddb-421a-a897-edd086ea0fa0 HTTP/1.1" status: 204 len: 168 time: 0.3303344
2026-07-09 02:41:26.595 9 WARNING neutron_lib.context [None req-73f76a0a-9def-4662-b5ef-98f64a55132b ea2135a81e384ed9b538f5d13230c678 728ac910acc448cfbe7bca4f8a449a3a - - default default] Method 'is_advsvc' is deprecated since 2023.2 release (neutron-lib 3.8.0) and will be removed once support for the old RBAC API policies will be removed from Neutron. Please use method 'is_service_role' instead.
2026-07-09 02:41:26.792 9 WARNING neutron.scheduler.dhcp_agent_scheduler [None req-73f76a0a-9def-4662-b5ef-98f64a55132b ea2135a81e384ed9b538f5d13230c678 728ac910acc448cfbe7bca4f8a449a3a - - default default] No more DHCP agents
2026-07-09 02:41:26.795 9 WARNING neutron.api.rpc.agentnotifiers.dhcp_rpc_agent_api [None req-73f76a0a-9def-4662-b5ef-98f64a55132b ea2135a81e384ed9b538f5d13230c678 728ac910acc448cfbe7bca4f8a449a3a - - default default] Unable to schedule network a66d0b4c-1710-4b91-b04e-de40f8c2f1bf: no agents available; will retry on subsequent port and subnet creation events.
2026-07-09 02:41:26.832 10 INFO neutron.wsgi [req-d39371f7-42c0-4cff-933f-72b5ee38ef84 req-c1844842-baaf-459f-ae77-f702ca5b2981 ad071f888cb9439d94827f6fc9730ed3 ff1fcd77a54e4e01b4730754e2411395 - - default default] 10.0.0.104 "GET /v2.0/security-groups?id=097aad5b-0c84-43db-a9e6-be96da08d497&fields=id&fields=name HTTP/1.1" status: 200 len: 312 time: 0.3541560
2026-07-09 02:41:26.868 9 INFO neutron.db.ovn_revision_numbers_db [None req-73f76a0a-9def-4662-b5ef-98f64a55132b ea2135a81e384ed9b538f5d13230c678 728ac910acc448cfbe7bca4f8a449a3a - - default default] Successfully bumped revision number for resource b52aa405-e13c-4d9a-ba3a-a0c6f67e197f (type: ports) to 1
2026-07-09 02:41:26.885 9 INFO neutron.wsgi [None req-73f76a0a-9def-4662-b5ef-98f64a55132b ea2135a81e384ed9b538f5d13230c678 728ac910acc448cfbe7bca4f8a449a3a - - default default] 10.0.0.159 "POST /v2.0/ports HTTP/1.1" status: 201 len: 974 time: 0.2927566
2026-07-09 02:41:26.887 9 INFO neutron.wsgi [-] 10.0.0.36 "GET / HTTP/1.1" status: 200 len: 247 time: 0.0010953
2026-07-09 02:41:26.889 9 INFO neutron.wsgi [-] 10.0.0.36 "GET / HTTP/1.1" status: 200 len: 247 time: 0.0008743 /var/lib/openstack/lib/python3.10/site-packages/pycadf/identifier.py:71: UserWarning: Invalid uuid: neutron. To ensure interoperability, identifiers should be a valid uuid. warnings.warn(('Invalid uuid: %s. To ensure interoperability, '
2026-07-09 02:41:26.907 10 INFO neutron.db.ovn_revision_numbers_db [None req-6679c6f8-24c6-4d92-aeab-2b3504b3ab66 fd437fc020ca4043b90a2ef599883743 3d8a8aeafb714484ae7e9c8aa222cbe5 - - default default] Successfully bumped revision number for resource 711e8728-74a3-43e8-8496-c3b6880c5e7d (type: ports) to 1
2026-07-09 02:41:26.939 10 INFO neutron.wsgi [None req-6679c6f8-24c6-4d92-aeab-2b3504b3ab66 fd437fc020ca4043b90a2ef599883743 3d8a8aeafb714484ae7e9c8aa222cbe5 - - default default] 10.0.0.159 "POST /v2.0/ports HTTP/1.1" status: 201 len: 1149 time: 0.9567049
