2026-07-09 00:44:55.701 7 INFO placement.requestlog [None req-3c724f7a-43a3-4a59-8a6f-e5aa28b18159 d6d4ae095f6a4cc2a76be4e7569ac5dc 3d76cb75425c4c7789b8ea7099232f05 - - a4c9ffe7ac2d4d0d817b6f5e32ccdf77 a4c9ffe7ac2d4d0d817b6f5e32ccdf77] 10.0.0.120 "DELETE /resource_providers/860eee40-e1ca-4631-94fd-6142a6ca392b" status: 404 len: 246 microversion: 1.1 [pid: 7|app: 0|req: 384/769] 10.0.0.120 () {34 vars in 824 bytes} [Thu Jul 9 00:44:55 2026] DELETE /resource_providers/860eee40-e1ca-4631-94fd-6142a6ca392b => generated 246 bytes in 11 msecs (HTTP/1.1 404) 6 headers in 231 bytes (1 switches on core 0)
2026-07-09 00:44:55.710 8 INFO placement.requestlog [None req-b67621b9-bd09-414b-a15c-5bf9be0dfb25 d6d4ae095f6a4cc2a76be4e7569ac5dc 3d76cb75425c4c7789b8ea7099232f05 - - a4c9ffe7ac2d4d0d817b6f5e32ccdf77 a4c9ffe7ac2d4d0d817b6f5e32ccdf77] 10.0.0.120 "GET /resource_providers/4766a873-bea6-4f53-a5b8-89258b501e76/aggregates" status: 404 len: 235 microversion: 1.1 [pid: 8|app: 0|req: 386/770] 10.0.0.120 () {32 vars in 824 bytes} [Thu Jul 9 00:44:55 2026] GET /resource_providers/4766a873-bea6-4f53-a5b8-89258b501e76/aggregates => generated 235 bytes in 7 msecs (HTTP/1.1 404) 5 headers in 202 bytes (1 switches on core 0)
2026-07-09 00:44:55.714 7 INFO placement.requestlog [None req-12dcd7ae-64b6-44e7-8e05-460022372a2e d6d4ae095f6a4cc2a76be4e7569ac5dc 3d76cb75425c4c7789b8ea7099232f05 - - a4c9ffe7ac2d4d0d817b6f5e32ccdf77 a4c9ffe7ac2d4d0d817b6f5e32ccdf77] 10.0.0.120 "GET /resource_providers/4766a873-bea6-4f53-a5b8-89258b501e76/aggregates" status: 404 len: 235 microversion: 1.1 [pid: 7|app: 0|req: 385/771] 10.0.0.120 () {32 vars in 824 bytes} [Thu Jul 9 00:44:55 2026] GET /resource_providers/4766a873-bea6-4f53-a5b8-89258b501e76/aggregates => generated 235 bytes in 7 msecs (HTTP/1.1 404) 5 headers in 202 bytes (1 switches on core 0)
2026-07-09 00:44:55.724 8 INFO placement.requestlog [None req-51354e4d-0709-4375-be56-db900cc38896 d6d4ae095f6a4cc2a76be4e7569ac5dc 3d76cb75425c4c7789b8ea7099232f05 - - a4c9ffe7ac2d4d0d817b6f5e32ccdf77 a4c9ffe7ac2d4d0d817b6f5e32ccdf77] 10.0.0.120 "DELETE /resource_providers/4766a873-bea6-4f53-a5b8-89258b501e76" status: 404 len: 246 microversion: 1.1 [pid: 8|app: 0|req: 387/772] 10.0.0.120 () {34 vars in 824 bytes} [Thu Jul 9 00:44:55 2026] DELETE /resource_providers/4766a873-bea6-4f53-a5b8-89258b501e76 => generated 246 bytes in 8 msecs (HTTP/1.1 404) 6 headers in 231 bytes (1 switches on core 0)
2026-07-09 00:44:55.728 7 INFO placement.requestlog [None req-1ed93d09-0de8-4d65-81aa-2923296a94b4 d6d4ae095f6a4cc2a76be4e7569ac5dc 3d76cb75425c4c7789b8ea7099232f05 - - a4c9ffe7ac2d4d0d817b6f5e32ccdf77 a4c9ffe7ac2d4d0d817b6f5e32ccdf77] 10.0.0.120 "DELETE /resource_providers/4766a873-bea6-4f53-a5b8-89258b501e76" status: 404 len: 246 microversion: 1.1 [pid: 7|app: 0|req: 386/773] 10.0.0.120 () {34 vars in 824 bytes} [Thu Jul 9 00:44:55 2026] DELETE /resource_providers/4766a873-bea6-4f53-a5b8-89258b501e76 => generated 246 bytes in 9 msecs (HTTP/1.1 404) 6 headers in 231 bytes (1 switches on core 0)
2026-07-09 00:44:57.003 7 INFO placement.requestlog [None req-ea51043e-1d37-4fd9-9122-e926f36b983d - - - - - -] 10.0.0.239 "GET /" status: 200 len: 136 microversion: 1.0
2026-07-09 00:44:57.003 8 INFO placement.requestlog [None req-e4cb62d5-e4e6-452b-a946-44fe371ba67d - - - - - -] 10.0.0.239 "GET /" status: 200 len: 136 microversion: 1.0
2026-07-09 00:44:57.746 7 INFO placement.requestlog [None req-b79af5f6-06ff-453b-9d40-435c74c16190 d6d4ae095f6a4cc2a76be4e7569ac5dc 3d76cb75425c4c7789b8ea7099232f05 - - a4c9ffe7ac2d4d0d817b6f5e32ccdf77 a4c9ffe7ac2d4d0d817b6f5e32ccdf77] 10.0.0.120 "GET /resource_providers/9cc69054-8850-452d-a7fe-37508f86f105/aggregates" status: 404 len: 235 microversion: 1.1
2026-07-09 00:44:57.746 8 INFO placement.requestlog [None req-635bc00b-c907-4713-b0c0-f2c6111491b1 d6d4ae095f6a4cc2a76be4e7569ac5dc 3d76cb75425c4c7789b8ea7099232f05 - - a4c9ffe7ac2d4d0d817b6f5e32ccdf77 a4c9ffe7ac2d4d0d817b6f5e32ccdf77] 10.0.0.120 "GET /resource_providers/9cc69054-8850-452d-a7fe-37508f86f105/aggregates" status: 404 len: 235 microversion: 1.1 [pid: 8|app: 0|req: 389/777] 10.0.0.120 () {32 vars in 824 bytes} [Thu Jul 9 00:44:57 2026] GET /resource_providers/9cc69054-8850-452d-a7fe-37508f86f105/aggregates => generated 235 bytes in 11 msecs (HTTP/1.1 404) 5 headers in 202 bytes (1 switches on core 0) [pid: 7|app: 0|req: 388/777] 10.0.0.120 () {32 vars in 824 bytes} [Thu Jul 9 00:44:57 2026] GET /resource_providers/9cc69054-8850-452d-a7fe-37508f86f105/aggregates => generated 235 bytes in 11 msecs (HTTP/1.1 404) 5 headers in 202 bytes (1 switches on core 0)
2026-07-09 00:44:57.769 7 INFO placement.requestlog [None req-14d1ae99-b537-4078-8ebe-f55c05a8d8a7 d6d4ae095f6a4cc2a76be4e7569ac5dc 3d76cb75425c4c7789b8ea7099232f05 - - a4c9ffe7ac2d4d0d817b6f5e32ccdf77 a4c9ffe7ac2d4d0d817b6f5e32ccdf77] 10.0.0.120 "DELETE /resource_providers/9cc69054-8850-452d-a7fe-37508f86f105" status: 404 len: 246 microversion: 1.1 [pid: 7|app: 0|req: 389/778] 10.0.0.120 () {34 vars in 824 bytes} [Thu Jul 9 00:44:57 2026] DELETE /resource_providers/9cc69054-8850-452d-a7fe-37508f86f105 => generated 246 bytes in 9 msecs (HTTP/1.1 404) 6 headers in 231 bytes (1 switches on core 0)
2026-07-09 00:44:57.771 8 INFO placement.requestlog [None req-e07ddf2b-6ab8-4e58-baf6-36a5092e6ad6 d6d4ae095f6a4cc2a76be4e7569ac5dc 3d76cb75425c4c7789b8ea7099232f05 - - a4c9ffe7ac2d4d0d817b6f5e32ccdf77 a4c9ffe7ac2d4d0d817b6f5e32ccdf77] 10.0.0.120 "DELETE /resource_providers/9cc69054-8850-452d-a7fe-37508f86f105" status: 404 len: 246 microversion: 1.1 [pid: 8|app: 0|req: 390/779] 10.0.0.120 () {34 vars in 824 bytes} [Thu Jul 9 00:44:57 2026] DELETE /resource_providers/9cc69054-8850-452d-a7fe-37508f86f105 => generated 246 bytes in 11 msecs (HTTP/1.1 404) 6 headers in 231 bytes (1 switches on core 0)
2026-07-09 00:44:57.792 8 INFO placement.requestlog [None req-bfc69348-ae40-4b8c-990e-62689b0aaa75 d6d4ae095f6a4cc2a76be4e7569ac5dc 3d76cb75425c4c7789b8ea7099232f05 - - a4c9ffe7ac2d4d0d817b6f5e32ccdf77 a4c9ffe7ac2d4d0d817b6f5e32ccdf77] 10.0.0.120 "GET /resource_providers/6ea9e646-a6c0-4cd9-87d6-92ce899069f7/aggregates" status: 404 len: 235 microversion: 1.1
2026-07-09 00:44:57.792 7 INFO placement.requestlog [None req-5e320854-92c1-42df-897b-284c3d8dc55b d6d4ae095f6a4cc2a76be4e7569ac5dc 3d76cb75425c4c7789b8ea7099232f05 - - a4c9ffe7ac2d4d0d817b6f5e32ccdf77 a4c9ffe7ac2d4d0d817b6f5e32ccdf77] 10.0.0.120 "GET /resource_providers/6ea9e646-a6c0-4cd9-87d6-92ce899069f7/aggregates" status: 404 len: 235 microversion: 1.1 [pid: 8|app: 0|req: 391/780] 10.0.0.120 () {32 vars in 824 bytes} [Thu Jul 9 00:44:57 2026] GET /resource_providers/6ea9e646-a6c0-4cd9-87d6-92ce899069f7/aggregates => generated 235 bytes in 10 msecs (HTTP/1.1 404) 5 headers in 202 bytes (1 switches on core 0) [pid: 7|app: 0|req: 390/781] 10.0.0.120 () {32 vars in 824 bytes} [Thu Jul 9 00:44:57 2026] GET /resource_providers/6ea9e646-a6c0-4cd9-87d6-92ce899069f7/aggregates => generated 235 bytes in 11 msecs (HTTP/1.1 404) 5 headers in 202 bytes (1 switches on core 0)
2026-07-09 00:44:57.819 8 INFO placement.requestlog [None req-603e04cd-80d6-44ca-91dd-b8af2832c081 d6d4ae095f6a4cc2a76be4e7569ac5dc 3d76cb75425c4c7789b8ea7099232f05 - - a4c9ffe7ac2d4d0d817b6f5e32ccdf77 a4c9ffe7ac2d4d0d817b6f5e32ccdf77] 10.0.0.120 "DELETE /resource_providers/6ea9e646-a6c0-4cd9-87d6-92ce899069f7" status: 404 len: 246 microversion: 1.1
2026-07-09 00:44:57.819 7 INFO placement.requestlog [None req-9cc26ce4-0390-4167-b0b1-162eabc89786 d6d4ae095f6a4cc2a76be4e7569ac5dc 3d76cb75425c4c7789b8ea7099232f05 - - a4c9ffe7ac2d4d0d817b6f5e32ccdf77 a4c9ffe7ac2d4d0d817b6f5e32ccdf77] 10.0.0.120 "DELETE /resource_providers/6ea9e646-a6c0-4cd9-87d6-92ce899069f7" status: 404 len: 246 microversion: 1.1 [pid: 8|app: 0|req: 392/782] 10.0.0.120 () {34 vars in 824 bytes} [Thu Jul 9 00:44:57 2026] DELETE /resource_providers/6ea9e646-a6c0-4cd9-87d6-92ce899069f7 => generated 246 bytes in 9 msecs (HTTP/1.1 404) 6 headers in 231 bytes (1 switches on core 0) [pid: 7|app: 0|req: 391/783] 10.0.0.120 () {34 vars in 824 bytes} [Thu Jul 9 00:44:57 2026] DELETE /resource_providers/6ea9e646-a6c0-4cd9-87d6-92ce899069f7 => generated 246 bytes in 9 msecs (HTTP/1.1 404) 6 headers in 231 bytes (1 switches on core 0)
2026-07-09 00:44:57.846 8 INFO placement.requestlog [None req-d1a2d598-5f93-404e-a4b0-02fc6e0fe08f d6d4ae095f6a4cc2a76be4e7569ac5dc 3d76cb75425c4c7789b8ea7099232f05 - - a4c9ffe7ac2d4d0d817b6f5e32ccdf77 a4c9ffe7ac2d4d0d817b6f5e32ccdf77] 10.0.0.120 "GET /resource_providers/ccfc6f7b-c2c5-4972-a9c5-831f36f15ade/aggregates" status: 404 len: 235 microversion: 1.1
2026-07-09 00:44:57.846 7 INFO placement.requestlog [None req-0f59fb5d-e325-4040-91e4-6aee3daf3a23 d6d4ae095f6a4cc2a76be4e7569ac5dc 3d76cb75425c4c7789b8ea7099232f05 - - a4c9ffe7ac2d4d0d817b6f5e32ccdf77 a4c9ffe7ac2d4d0d817b6f5e32ccdf77] 10.0.0.120 "GET /resource_providers/ccfc6f7b-c2c5-4972-a9c5-831f36f15ade/aggregates" status: 404 len: 235 microversion: 1.1 [pid: 8|app: 0|req: 393/784] 10.0.0.120 () {32 vars in 824 bytes} [Thu Jul 9 00:44:57 2026] GET /resource_providers/ccfc6f7b-c2c5-4972-a9c5-831f36f15ade/aggregates => generated 235 bytes in 8 msecs (HTTP/1.1 404) 5 headers in 202 bytes (1 switches on core 0) [pid: 7|app: 0|req: 392/785] 10.0.0.120 () {32 vars in 824 bytes} [Thu Jul 9 00:44:57 2026] GET /resource_providers/ccfc6f7b-c2c5-4972-a9c5-831f36f15ade/aggregates => generated 235 bytes in 9 msecs (HTTP/1.1 404) 5 headers in 202 bytes (1 switches on core 0)
2026-07-09 00:44:57.868 8 INFO placement.requestlog [None req-6718dc32-889c-4803-9061-20e800faa2d6 d6d4ae095f6a4cc2a76be4e7569ac5dc 3d76cb75425c4c7789b8ea7099232f05 - - a4c9ffe7ac2d4d0d817b6f5e32ccdf77 a4c9ffe7ac2d4d0d817b6f5e32ccdf77] 10.0.0.120 "DELETE /resource_providers/ccfc6f7b-c2c5-4972-a9c5-831f36f15ade" status: 404 len: 246 microversion: 1.1 [pid: 8|app: 0|req: 394/786] 10.0.0.120 () {34 vars in 824 bytes} [Thu Jul 9 00:44:57 2026] DELETE /resource_providers/ccfc6f7b-c2c5-4972-a9c5-831f36f15ade => generated 246 bytes in 12 msecs (HTTP/1.1 404) 6 headers in 231 bytes (1 switches on core 0)
2026-07-09 00:44:57.869 7 INFO placement.requestlog [None req-72087aea-dd6b-44c1-a0ff-ac74105da6ea d6d4ae095f6a4cc2a76be4e7569ac5dc 3d76cb75425c4c7789b8ea7099232f05 - - a4c9ffe7ac2d4d0d817b6f5e32ccdf77 a4c9ffe7ac2d4d0d817b6f5e32ccdf77] 10.0.0.120 "DELETE /resource_providers/ccfc6f7b-c2c5-4972-a9c5-831f36f15ade" status: 404 len: 246 microversion: 1.1 [pid: 7|app: 0|req: 393/787] 10.0.0.120 () {34 vars in 824 bytes} [Thu Jul 9 00:44:57 2026] DELETE /resource_providers/ccfc6f7b-c2c5-4972-a9c5-831f36f15ade => generated 246 bytes in 13 msecs (HTTP/1.1 404) 6 headers in 231 bytes (1 switches on core 0)
2026-07-09 00:45:04.311 8 INFO placement.requestlog [req-23f27bfb-f2b3-4231-a33e-1ad72982c857 req-9249557e-a4c5-4f29-8beb-2d972eae7e4f 2531b0faddf04b7691a3ec3307eab00b 3d76cb75425c4c7789b8ea7099232f05 - - a4c9ffe7ac2d4d0d817b6f5e32ccdf77 a4c9ffe7ac2d4d0d817b6f5e32ccdf77] 10.0.0.138 "GET /allocation_candidates?limit=1000&resources=DISK_GB%3A1%2CMEMORY_MB%3A512%2CVCPU%3A1&root_required=%21COMPUTE_STATUS_DISABLED" status: 200 len: 2387 microversion: 1.36 [pid: 8|app: 0|req: 395/788] 10.0.0.138 () {34 vars in 1011 bytes} [Thu Jul 9 00:45:04 2026] GET /allocation_candidates?limit=1000&resources=DISK_GB%3A1%2CMEMORY_MB%3A512%2CVCPU%3A1&root_required=%21COMPUTE_STATUS_DISABLED => generated 2387 bytes in 51 msecs (HTTP/1.1 200) 8 headers in 297 bytes (1 switches on core 0)
2026-07-09 00:45:04.337 7 INFO placement.requestlog [req-23f27bfb-f2b3-4231-a33e-1ad72982c857 req-94f6e6d5-386e-453b-b685-d2b532976272 2531b0faddf04b7691a3ec3307eab00b 3d76cb75425c4c7789b8ea7099232f05 - - a4c9ffe7ac2d4d0d817b6f5e32ccdf77 a4c9ffe7ac2d4d0d817b6f5e32ccdf77] 10.0.0.138 "GET /allocations/74d2dbce-abea-4c64-bbc3-0ba38c620181" status: 200 len: 19 microversion: 1.28 [pid: 7|app: 0|req: 394/789] 10.0.0.138 () {34 vars in 860 bytes} [Thu Jul 9 00:45:04 2026] GET /allocations/74d2dbce-abea-4c64-bbc3-0ba38c620181 => generated 19 bytes in 11 msecs (HTTP/1.1 200) 8 headers in 295 bytes (1 switches on core 0)
2026-07-09 00:45:04.432 8 INFO placement.requestlog [req-23f27bfb-f2b3-4231-a33e-1ad72982c857 req-9ce7caf2-7522-4da9-afe7-d96ab007c471 2531b0faddf04b7691a3ec3307eab00b 3d76cb75425c4c7789b8ea7099232f05 - - a4c9ffe7ac2d4d0d817b6f5e32ccdf77 a4c9ffe7ac2d4d0d817b6f5e32ccdf77] 10.0.0.138 "PUT /allocations/74d2dbce-abea-4c64-bbc3-0ba38c620181" status: 204 len: 0 microversion: 1.36 [pid: 8|app: 0|req: 396/790] 10.0.0.138 () {38 vars in 913 bytes} [Thu Jul 9 00:45:04 2026] PUT /allocations/74d2dbce-abea-4c64-bbc3-0ba38c620181 => generated 0 bytes in 92 msecs (HTTP/1.1 204) 5 headers in 199 bytes (1 switches on core 0)
2026-07-09 00:45:04.914 7 INFO placement.requestlog [req-c555c045-98c0-4d79-8558-99422bb1efe8 req-31e4f93f-dc35-408c-be84-001f293e863a 2531b0faddf04b7691a3ec3307eab00b 3d76cb75425c4c7789b8ea7099232f05 - - a4c9ffe7ac2d4d0d817b6f5e32ccdf77 a4c9ffe7ac2d4d0d817b6f5e32ccdf77] 199.204.45.77 "GET /resource_providers/a67ecabd-4db7-4119-9359-cff5d3c04cae/allocations" status: 200 len: 352 microversion: 1.0 [pid: 7|app: 0|req: 395/791] 199.204.45.77 () {32 vars in 855 bytes} [Thu Jul 9 00:45:04 2026] GET /resource_providers/a67ecabd-4db7-4119-9359-cff5d3c04cae/allocations => generated 352 bytes in 21 msecs (HTTP/1.1 200) 6 headers in 224 bytes (1 switches on core 0)
2026-07-09 00:45:04.932 8 INFO placement.requestlog [req-c555c045-98c0-4d79-8558-99422bb1efe8 req-9115d225-98c3-49f7-92ea-23dfb45dc97e 2531b0faddf04b7691a3ec3307eab00b 3d76cb75425c4c7789b8ea7099232f05 - - a4c9ffe7ac2d4d0d817b6f5e32ccdf77 a4c9ffe7ac2d4d0d817b6f5e32ccdf77] 199.204.45.77 "GET /allocations/74d2dbce-abea-4c64-bbc3-0ba38c620181" status: 200 len: 257 microversion: 1.28 [pid: 8|app: 0|req: 397/792] 199.204.45.77 () {34 vars in 861 bytes} [Thu Jul 9 00:45:04 2026] GET /allocations/74d2dbce-abea-4c64-bbc3-0ba38c620181 => generated 257 bytes in 11 msecs (HTTP/1.1 200) 8 headers in 296 bytes (1 switches on core 0)
2026-07-09 00:45:04.950 7 INFO placement.requestlog [req-c555c045-98c0-4d79-8558-99422bb1efe8 req-652dfcdd-a792-4387-b172-016174d39808 2531b0faddf04b7691a3ec3307eab00b 3d76cb75425c4c7789b8ea7099232f05 - - a4c9ffe7ac2d4d0d817b6f5e32ccdf77 a4c9ffe7ac2d4d0d817b6f5e32ccdf77] 199.204.45.77 "GET /allocations/afc1aff1-1291-4e29-bb09-f38aa84aa567" status: 200 len: 257 microversion: 1.28 [pid: 7|app: 0|req: 396/793] 199.204.45.77 () {34 vars in 861 bytes} [Thu Jul 9 00:45:04 2026] GET /allocations/afc1aff1-1291-4e29-bb09-f38aa84aa567 => generated 257 bytes in 12 msecs (HTTP/1.1 200) 8 headers in 296 bytes (1 switches on core 0)
2026-07-09 00:45:04.970 8 INFO placement.requestlog [req-c555c045-98c0-4d79-8558-99422bb1efe8 req-872d5176-af66-44c1-8a40-2125554a767f 2531b0faddf04b7691a3ec3307eab00b 3d76cb75425c4c7789b8ea7099232f05 - - a4c9ffe7ac2d4d0d817b6f5e32ccdf77 a4c9ffe7ac2d4d0d817b6f5e32ccdf77] 199.204.45.77 "GET /allocations/44cb128b-2a10-49ad-b299-de428d726c2f" status: 200 len: 257 microversion: 1.28 [pid: 8|app: 0|req: 398/794] 199.204.45.77 () {34 vars in 861 bytes} [Thu Jul 9 00:45:04 2026] GET /allocations/44cb128b-2a10-49ad-b299-de428d726c2f => generated 257 bytes in 12 msecs (HTTP/1.1 200) 8 headers in 296 bytes (1 switches on core 0)
2026-07-09 00:45:05.900 7 INFO placement.requestlog [req-23f27bfb-f2b3-4231-a33e-1ad72982c857 req-d764fcb2-7f00-40ad-8a58-9988427bcc9d 2531b0faddf04b7691a3ec3307eab00b 3d76cb75425c4c7789b8ea7099232f05 - - a4c9ffe7ac2d4d0d817b6f5e32ccdf77 a4c9ffe7ac2d4d0d817b6f5e32ccdf77] 199.204.45.77 "GET /allocations/74d2dbce-abea-4c64-bbc3-0ba38c620181" status: 200 len: 257 microversion: 1.28 [pid: 7|app: 0|req: 397/795] 199.204.45.77 () {34 vars in 861 bytes} [Thu Jul 9 00:45:05 2026] GET /allocations/74d2dbce-abea-4c64-bbc3-0ba38c620181 => generated 257 bytes in 15 msecs (HTTP/1.1 200) 8 headers in 296 bytes (1 switches on core 0)
2026-07-09 00:45:06.044 8 INFO placement.requestlog [req-c555c045-98c0-4d79-8558-99422bb1efe8 req-942c4f83-93b3-4b2d-b62f-076bd7c8ca5a 2531b0faddf04b7691a3ec3307eab00b 3d76cb75425c4c7789b8ea7099232f05 - - a4c9ffe7ac2d4d0d817b6f5e32ccdf77 a4c9ffe7ac2d4d0d817b6f5e32ccdf77] 199.204.45.77 "DELETE /allocations/afc1aff1-1291-4e29-bb09-f38aa84aa567" status: 204 len: 0 microversion: 1.0 [pid: 8|app: 0|req: 399/796] 199.204.45.77 () {34 vars in 839 bytes} [Thu Jul 9 00:45:06 2026] DELETE /allocations/afc1aff1-1291-4e29-bb09-f38aa84aa567 => generated 0 bytes in 34 msecs (HTTP/1.1 204) 5 headers in 198 bytes (1 switches on core 0)
2026-07-09 00:45:07.003 8 INFO placement.requestlog [None req-2812b2c3-6490-4614-ac23-232238fc4052 - - - - - -] 10.0.0.239 "GET /" status: 200 len: 136 microversion: 1.0
2026-07-09 00:45:07.003 7 INFO placement.requestlog [None req-f4a6a017-6d93-4c13-b03e-8233d0f3413d - - - - - -] 10.0.0.239 "GET /" status: 200 len: 136 microversion: 1.0
2026-07-09 00:45:07.069 8 INFO placement.requestlog [req-23f27bfb-f2b3-4231-a33e-1ad72982c857 req-c22da733-2e82-4c21-b9b7-46606baea0b5 2531b0faddf04b7691a3ec3307eab00b 3d76cb75425c4c7789b8ea7099232f05 - - a4c9ffe7ac2d4d0d817b6f5e32ccdf77 a4c9ffe7ac2d4d0d817b6f5e32ccdf77] 199.204.45.77 "GET /resource_providers/a67ecabd-4db7-4119-9359-cff5d3c04cae/allocations" status: 200 len: 252 microversion: 1.0 [pid: 8|app: 0|req: 401/799] 199.204.45.77 () {32 vars in 855 bytes} [Thu Jul 9 00:45:07 2026] GET /resource_providers/a67ecabd-4db7-4119-9359-cff5d3c04cae/allocations => generated 252 bytes in 18 msecs (HTTP/1.1 200) 6 headers in 224 bytes (1 switches on core 0)
2026-07-09 00:45:07.093 7 INFO placement.requestlog [req-23f27bfb-f2b3-4231-a33e-1ad72982c857 req-2b05ec84-1dcc-4910-9fd1-fa164bc017f8 2531b0faddf04b7691a3ec3307eab00b 3d76cb75425c4c7789b8ea7099232f05 - - a4c9ffe7ac2d4d0d817b6f5e32ccdf77 a4c9ffe7ac2d4d0d817b6f5e32ccdf77] 199.204.45.77 "GET /allocations/74d2dbce-abea-4c64-bbc3-0ba38c620181" status: 200 len: 257 microversion: 1.28 [pid: 7|app: 0|req: 399/800] 199.204.45.77 () {34 vars in 861 bytes} [Thu Jul 9 00:45:07 2026] GET /allocations/74d2dbce-abea-4c64-bbc3-0ba38c620181 => generated 257 bytes in 12 msecs (HTTP/1.1 200) 8 headers in 296 bytes (1 switches on core 0)
2026-07-09 00:45:07.112 8 INFO placement.requestlog [req-23f27bfb-f2b3-4231-a33e-1ad72982c857 req-5e80735c-30b8-4bc9-abed-ba5026c31b7a 2531b0faddf04b7691a3ec3307eab00b 3d76cb75425c4c7789b8ea7099232f05 - - a4c9ffe7ac2d4d0d817b6f5e32ccdf77 a4c9ffe7ac2d4d0d817b6f5e32ccdf77] 199.204.45.77 "GET /allocations/44cb128b-2a10-49ad-b299-de428d726c2f" status: 200 len: 257 microversion: 1.28 [pid: 8|app: 0|req: 402/801] 199.204.45.77 () {34 vars in 861 bytes} [Thu Jul 9 00:45:07 2026] GET /allocations/44cb128b-2a10-49ad-b299-de428d726c2f => generated 257 bytes in 13 msecs (HTTP/1.1 200) 8 headers in 296 bytes (1 switches on core 0)
2026-07-09 00:45:08.960 7 INFO placement.requestlog [req-10536c56-a961-4530-b344-f0c0a8332bcf req-f5f3dc94-2e45-49a4-8d5b-1aa638ffaae1 2531b0faddf04b7691a3ec3307eab00b 3d76cb75425c4c7789b8ea7099232f05 - - a4c9ffe7ac2d4d0d817b6f5e32ccdf77 a4c9ffe7ac2d4d0d817b6f5e32ccdf77] 199.204.45.77 "GET /resource_providers/a67ecabd-4db7-4119-9359-cff5d3c04cae/allocations" status: 200 len: 252 microversion: 1.0 [pid: 7|app: 0|req: 400/802] 199.204.45.77 () {32 vars in 855 bytes} [Thu Jul 9 00:45:08 2026] GET /resource_providers/a67ecabd-4db7-4119-9359-cff5d3c04cae/allocations => generated 252 bytes in 16 msecs (HTTP/1.1 200) 6 headers in 224 bytes (1 switches on core 0)
2026-07-09 00:45:08.979 8 INFO placement.requestlog [req-10536c56-a961-4530-b344-f0c0a8332bcf req-e6602b8c-34a8-4a26-a357-e0e1fd7632f0 2531b0faddf04b7691a3ec3307eab00b 3d76cb75425c4c7789b8ea7099232f05 - - a4c9ffe7ac2d4d0d817b6f5e32ccdf77 a4c9ffe7ac2d4d0d817b6f5e32ccdf77] 199.204.45.77 "GET /allocations/74d2dbce-abea-4c64-bbc3-0ba38c620181" status: 200 len: 257 microversion: 1.28 [pid: 8|app: 0|req: 403/803] 199.204.45.77 () {34 vars in 861 bytes} [Thu Jul 9 00:45:08 2026] GET /allocations/74d2dbce-abea-4c64-bbc3-0ba38c620181 => generated 257 bytes in 11 msecs (HTTP/1.1 200) 8 headers in 296 bytes (1 switches on core 0)
2026-07-09 00:45:08.997 7 INFO placement.requestlog [req-10536c56-a961-4530-b344-f0c0a8332bcf req-cc49736b-dd3a-4d19-9959-d126b9c1212a 2531b0faddf04b7691a3ec3307eab00b 3d76cb75425c4c7789b8ea7099232f05 - - a4c9ffe7ac2d4d0d817b6f5e32ccdf77 a4c9ffe7ac2d4d0d817b6f5e32ccdf77] 199.204.45.77 "GET /allocations/44cb128b-2a10-49ad-b299-de428d726c2f" status: 200 len: 257 microversion: 1.28 [pid: 7|app: 0|req: 401/804] 199.204.45.77 () {34 vars in 861 bytes} [Thu Jul 9 00:45:08 2026] GET /allocations/44cb128b-2a10-49ad-b299-de428d726c2f => generated 257 bytes in 10 msecs (HTTP/1.1 200) 8 headers in 296 bytes (1 switches on core 0)
2026-07-09 00:45:10.069 8 INFO placement.requestlog [req-10536c56-a961-4530-b344-f0c0a8332bcf req-02d0cf91-d973-432f-b06e-365828bd76cb 2531b0faddf04b7691a3ec3307eab00b 3d76cb75425c4c7789b8ea7099232f05 - - a4c9ffe7ac2d4d0d817b6f5e32ccdf77 a4c9ffe7ac2d4d0d817b6f5e32ccdf77] 199.204.45.77 "DELETE /allocations/44cb128b-2a10-49ad-b299-de428d726c2f" status: 204 len: 0 microversion: 1.0 [pid: 8|app: 0|req: 404/805] 199.204.45.77 () {34 vars in 839 bytes} [Thu Jul 9 00:45:10 2026] DELETE /allocations/44cb128b-2a10-49ad-b299-de428d726c2f => generated 0 bytes in 41 msecs (HTTP/1.1 204) 5 headers in 198 bytes (1 switches on core 0)
2026-07-09 00:45:10.855 7 INFO placement.requestlog [None req-82fb6caf-2761-40ad-bdf8-cf6ca9cba448 d6d4ae095f6a4cc2a76be4e7569ac5dc 3d76cb75425c4c7789b8ea7099232f05 - - a4c9ffe7ac2d4d0d817b6f5e32ccdf77 a4c9ffe7ac2d4d0d817b6f5e32ccdf77] 10.0.0.120 "GET /resource_providers/759e4c8e-5b74-4bc4-ba0c-cc3144655756/aggregates" status: 404 len: 235 microversion: 1.1 [pid: 7|app: 0|req: 402/806] 10.0.0.120 () {32 vars in 824 bytes} [Thu Jul 9 00:45:10 2026] GET /resource_providers/759e4c8e-5b74-4bc4-ba0c-cc3144655756/aggregates => generated 235 bytes in 9 msecs (HTTP/1.1 404) 5 headers in 202 bytes (1 switches on core 0)
2026-07-09 00:45:10.870 7 INFO placement.requestlog [None req-29aa8248-679f-469d-bf7d-87a6c22e0f19 d6d4ae095f6a4cc2a76be4e7569ac5dc 3d76cb75425c4c7789b8ea7099232f05 - - a4c9ffe7ac2d4d0d817b6f5e32ccdf77 a4c9ffe7ac2d4d0d817b6f5e32ccdf77] 10.0.0.120 "DELETE /resource_providers/759e4c8e-5b74-4bc4-ba0c-cc3144655756" status: 404 len: 246 microversion: 1.1 [pid: 7|app: 0|req: 403/807] 10.0.0.120 () {34 vars in 824 bytes} [Thu Jul 9 00:45:10 2026] DELETE /resource_providers/759e4c8e-5b74-4bc4-ba0c-cc3144655756 => generated 246 bytes in 8 msecs (HTTP/1.1 404) 6 headers in 231 bytes (1 switches on core 0)
2026-07-09 00:45:10.874 8 INFO placement.requestlog [None req-f6d2d6aa-901e-4f5a-9547-817878ea8885 d6d4ae095f6a4cc2a76be4e7569ac5dc 3d76cb75425c4c7789b8ea7099232f05 - - a4c9ffe7ac2d4d0d817b6f5e32ccdf77 a4c9ffe7ac2d4d0d817b6f5e32ccdf77] 10.0.0.120 "GET /resource_providers/759e4c8e-5b74-4bc4-ba0c-cc3144655756/aggregates" status: 404 len: 235 microversion: 1.1 [pid: 8|app: 0|req: 405/808] 10.0.0.120 () {32 vars in 824 bytes} [Thu Jul 9 00:45:10 2026] GET /resource_providers/759e4c8e-5b74-4bc4-ba0c-cc3144655756/aggregates => generated 235 bytes in 27 msecs (HTTP/1.1 404) 5 headers in 202 bytes (1 switches on core 0)
2026-07-09 00:45:10.887 7 INFO placement.requestlog [None req-24f485e0-5471-40e0-949b-9d32f7e670da d6d4ae095f6a4cc2a76be4e7569ac5dc 3d76cb75425c4c7789b8ea7099232f05 - - a4c9ffe7ac2d4d0d817b6f5e32ccdf77 a4c9ffe7ac2d4d0d817b6f5e32ccdf77] 10.0.0.120 "DELETE /resource_providers/759e4c8e-5b74-4bc4-ba0c-cc3144655756" status: 404 len: 246 microversion: 1.1 [pid: 7|app: 0|req: 404/809] 10.0.0.120 () {34 vars in 824 bytes} [Thu Jul 9 00:45:10 2026] DELETE /resource_providers/759e4c8e-5b74-4bc4-ba0c-cc3144655756 => generated 246 bytes in 9 msecs (HTTP/1.1 404) 6 headers in 231 bytes (1 switches on core 0)
2026-07-09 00:45:15.287 7 INFO placement.requestlog [None req-c50084cf-7d04-46b0-8069-e7c3de91ccc3 d6d4ae095f6a4cc2a76be4e7569ac5dc 3d76cb75425c4c7789b8ea7099232f05 - - a4c9ffe7ac2d4d0d817b6f5e32ccdf77 a4c9ffe7ac2d4d0d817b6f5e32ccdf77] 10.0.0.120 "GET /resource_providers/1471051c-c343-4ad7-909c-e13677fd29bb/aggregates" status: 404 len: 235 microversion: 1.1 [pid: 7|app: 0|req: 405/810] 10.0.0.120 () {32 vars in 824 bytes} [Thu Jul 9 00:45:15 2026] GET /resource_providers/1471051c-c343-4ad7-909c-e13677fd29bb/aggregates => generated 235 bytes in 13 msecs (HTTP/1.1 404) 5 headers in 202 bytes (1 switches on core 0)
2026-07-09 00:45:15.292 8 INFO placement.requestlog [None req-9362e00b-60f3-4dac-aa30-8d7e1b025841 d6d4ae095f6a4cc2a76be4e7569ac5dc 3d76cb75425c4c7789b8ea7099232f05 - - a4c9ffe7ac2d4d0d817b6f5e32ccdf77 a4c9ffe7ac2d4d0d817b6f5e32ccdf77] 10.0.0.120 "GET /resource_providers/1471051c-c343-4ad7-909c-e13677fd29bb/aggregates" status: 404 len: 235 microversion: 1.1 [pid: 8|app: 0|req: 406/811] 10.0.0.120 () {32 vars in 824 bytes} [Thu Jul 9 00:45:15 2026] GET /resource_providers/1471051c-c343-4ad7-909c-e13677fd29bb/aggregates => generated 235 bytes in 17 msecs (HTTP/1.1 404) 5 headers in 202 bytes (1 switches on core 0)
2026-07-09 00:45:15.307 8 INFO placement.requestlog [None req-ba62efa4-9d4b-420b-b364-df2854896a08 d6d4ae095f6a4cc2a76be4e7569ac5dc 3d76cb75425c4c7789b8ea7099232f05 - - a4c9ffe7ac2d4d0d817b6f5e32ccdf77 a4c9ffe7ac2d4d0d817b6f5e32ccdf77] 10.0.0.120 "DELETE /resource_providers/1471051c-c343-4ad7-909c-e13677fd29bb" status: 404 len: 246 microversion: 1.1 [pid: 8|app: 0|req: 407/812] 10.0.0.120 () {34 vars in 824 bytes} [Thu Jul 9 00:45:15 2026] DELETE /resource_providers/1471051c-c343-4ad7-909c-e13677fd29bb => generated 246 bytes in 8 msecs (HTTP/1.1 404) 6 headers in 231 bytes (1 switches on core 0)
2026-07-09 00:45:15.312 7 INFO placement.requestlog [None req-9e9343ce-168a-41ff-b31a-dce22a5c5ff9 d6d4ae095f6a4cc2a76be4e7569ac5dc 3d76cb75425c4c7789b8ea7099232f05 - - a4c9ffe7ac2d4d0d817b6f5e32ccdf77 a4c9ffe7ac2d4d0d817b6f5e32ccdf77] 10.0.0.120 "DELETE /resource_providers/1471051c-c343-4ad7-909c-e13677fd29bb" status: 404 len: 246 microversion: 1.1 [pid: 7|app: 0|req: 406/813] 10.0.0.120 () {34 vars in 824 bytes} [Thu Jul 9 00:45:15 2026] DELETE /resource_providers/1471051c-c343-4ad7-909c-e13677fd29bb => generated 246 bytes in 13 msecs (HTTP/1.1 404) 6 headers in 231 bytes (1 switches on core 0)
2026-07-09 00:45:17.003 7 INFO placement.requestlog [None req-3b1df1f9-a5cb-4d07-bd2a-d75b4914a313 - - - - - -] 10.0.0.239 "GET /" status: 200 len: 136 microversion: 1.0
2026-07-09 00:45:17.002 8 INFO placement.requestlog [None req-25504994-7783-4569-85b7-b48e3660bb0d - - - - - -] 10.0.0.239 "GET /" status: 200 len: 136 microversion: 1.0
2026-07-09 00:45:22.744 7 INFO placement.requestlog [req-c5a0efd1-1225-4f31-a192-761f583c6b34 req-a57e9c6b-a29f-4880-9e90-ead024a7839f 2531b0faddf04b7691a3ec3307eab00b 3d76cb75425c4c7789b8ea7099232f05 - - a4c9ffe7ac2d4d0d817b6f5e32ccdf77 a4c9ffe7ac2d4d0d817b6f5e32ccdf77] 199.204.45.77 "GET /resource_providers/a67ecabd-4db7-4119-9359-cff5d3c04cae/allocations" status: 200 len: 152 microversion: 1.0 [pid: 7|app: 0|req: 408/816] 199.204.45.77 () {32 vars in 855 bytes} [Thu Jul 9 00:45:22 2026] GET /resource_providers/a67ecabd-4db7-4119-9359-cff5d3c04cae/allocations => generated 152 bytes in 14 msecs (HTTP/1.1 200) 6 headers in 224 bytes (1 switches on core 0)
2026-07-09 00:45:22.765 8 INFO placement.requestlog [req-c5a0efd1-1225-4f31-a192-761f583c6b34 req-ef170791-e1ef-4357-abcd-6361683fd3a0 2531b0faddf04b7691a3ec3307eab00b 3d76cb75425c4c7789b8ea7099232f05 - - a4c9ffe7ac2d4d0d817b6f5e32ccdf77 a4c9ffe7ac2d4d0d817b6f5e32ccdf77] 199.204.45.77 "GET /allocations/74d2dbce-abea-4c64-bbc3-0ba38c620181" status: 200 len: 257 microversion: 1.28 [pid: 8|app: 0|req: 409/817] 199.204.45.77 () {34 vars in 861 bytes} [Thu Jul 9 00:45:22 2026] GET /allocations/74d2dbce-abea-4c64-bbc3-0ba38c620181 => generated 257 bytes in 14 msecs (HTTP/1.1 200) 8 headers in 296 bytes (1 switches on core 0)
2026-07-09 00:45:23.824 7 INFO placement.requestlog [req-c5a0efd1-1225-4f31-a192-761f583c6b34 req-e0ef9cdd-12e1-4996-815a-5432e35233ae 2531b0faddf04b7691a3ec3307eab00b 3d76cb75425c4c7789b8ea7099232f05 - - a4c9ffe7ac2d4d0d817b6f5e32ccdf77 a4c9ffe7ac2d4d0d817b6f5e32ccdf77] 199.204.45.77 "DELETE /allocations/74d2dbce-abea-4c64-bbc3-0ba38c620181" status: 204 len: 0 microversion: 1.0 [pid: 7|app: 0|req: 409/818] 199.204.45.77 () {34 vars in 839 bytes} [Thu Jul 9 00:45:23 2026] DELETE /allocations/74d2dbce-abea-4c64-bbc3-0ba38c620181 => generated 0 bytes in 33 msecs (HTTP/1.1 204) 5 headers in 198 bytes (1 switches on core 0)
2026-07-09 00:45:27.002 8 INFO placement.requestlog [None req-db0b0cb6-6f8a-49e2-95d9-e18995a1bc2d - - - - - -] 10.0.0.239 "GET /" status: 200 len: 136 microversion: 1.0
2026-07-09 00:45:27.002 7 INFO placement.requestlog [None req-1d9fc404-935a-4c33-bd9f-28b5d4935615 - - - - - -] 10.0.0.239 "GET /" status: 200 len: 136 microversion: 1.0
2026-07-09 00:45:27.318 8 INFO placement.requestlog [None req-441c0c6b-f9e0-4475-b2dd-2587f4c327be d6d4ae095f6a4cc2a76be4e7569ac5dc 3d76cb75425c4c7789b8ea7099232f05 - - a4c9ffe7ac2d4d0d817b6f5e32ccdf77 a4c9ffe7ac2d4d0d817b6f5e32ccdf77] 10.0.0.120 "GET /resource_providers/15f8ca9c-64c5-4745-bcc7-ea781ac36ac8/aggregates" status: 404 len: 235 microversion: 1.1 [pid: 8|app: 0|req: 411/821] 10.0.0.120 () {32 vars in 824 bytes} [Thu Jul 9 00:45:27 2026] GET /resource_providers/15f8ca9c-64c5-4745-bcc7-ea781ac36ac8/aggregates => generated 235 bytes in 13 msecs (HTTP/1.1 404) 5 headers in 202 bytes (1 switches on core 0)
2026-07-09 00:45:27.319 7 INFO placement.requestlog [None req-58c878bc-19fc-421b-a1a8-b57b0ce831cc d6d4ae095f6a4cc2a76be4e7569ac5dc 3d76cb75425c4c7789b8ea7099232f05 - - a4c9ffe7ac2d4d0d817b6f5e32ccdf77 a4c9ffe7ac2d4d0d817b6f5e32ccdf77] 10.0.0.120 "GET /resource_providers/15f8ca9c-64c5-4745-bcc7-ea781ac36ac8/aggregates" status: 404 len: 235 microversion: 1.1 [pid: 7|app: 0|req: 411/822] 10.0.0.120 () {32 vars in 824 bytes} [Thu Jul 9 00:45:27 2026] GET /resource_providers/15f8ca9c-64c5-4745-bcc7-ea781ac36ac8/aggregates => generated 235 bytes in 10 msecs (HTTP/1.1 404) 5 headers in 202 bytes (1 switches on core 0)
2026-07-09 00:45:27.338 8 INFO placement.requestlog [None req-53cbfe3e-cdff-46bb-9d5f-343ee16c3e08 d6d4ae095f6a4cc2a76be4e7569ac5dc 3d76cb75425c4c7789b8ea7099232f05 - - a4c9ffe7ac2d4d0d817b6f5e32ccdf77 a4c9ffe7ac2d4d0d817b6f5e32ccdf77] 10.0.0.120 "DELETE /resource_providers/15f8ca9c-64c5-4745-bcc7-ea781ac36ac8" status: 404 len: 246 microversion: 1.1 [pid: 8|app: 0|req: 412/823] 10.0.0.120 () {34 vars in 824 bytes} [Thu Jul 9 00:45:27 2026] DELETE /resource_providers/15f8ca9c-64c5-4745-bcc7-ea781ac36ac8 => generated 246 bytes in 7 msecs (HTTP/1.1 404) 6 headers in 231 bytes (1 switches on core 0)
2026-07-09 00:45:27.343 7 INFO placement.requestlog [None req-74c8a6b8-4707-40e6-9582-294fa7847faa d6d4ae095f6a4cc2a76be4e7569ac5dc 3d76cb75425c4c7789b8ea7099232f05 - - a4c9ffe7ac2d4d0d817b6f5e32ccdf77 a4c9ffe7ac2d4d0d817b6f5e32ccdf77] 10.0.0.120 "DELETE /resource_providers/15f8ca9c-64c5-4745-bcc7-ea781ac36ac8" status: 404 len: 246 microversion: 1.1 [pid: 7|app: 0|req: 412/824] 10.0.0.120 () {34 vars in 824 bytes} [Thu Jul 9 00:45:27 2026] DELETE /resource_providers/15f8ca9c-64c5-4745-bcc7-ea781ac36ac8 => generated 246 bytes in 10 msecs (HTTP/1.1 404) 6 headers in 231 bytes (1 switches on core 0)
2026-07-09 00:45:28.360 8 INFO placement.requestlog [None req-0493b0ec-17db-4a12-a87e-698034d6ebe2 d6d4ae095f6a4cc2a76be4e7569ac5dc 3d76cb75425c4c7789b8ea7099232f05 - - a4c9ffe7ac2d4d0d817b6f5e32ccdf77 a4c9ffe7ac2d4d0d817b6f5e32ccdf77] 10.0.0.120 "GET /resource_providers/a4bee64b-1784-45b7-9b0a-7678bd336fc0/aggregates" status: 404 len: 235 microversion: 1.1
2026-07-09 00:45:28.360 7 INFO placement.requestlog [None req-32258e61-fd25-4b7f-bbcc-64748d6a99ed d6d4ae095f6a4cc2a76be4e7569ac5dc 3d76cb75425c4c7789b8ea7099232f05 - - a4c9ffe7ac2d4d0d817b6f5e32ccdf77 a4c9ffe7ac2d4d0d817b6f5e32ccdf77] 10.0.0.120 "GET /resource_providers/a4bee64b-1784-45b7-9b0a-7678bd336fc0/aggregates" status: 404 len: 235 microversion: 1.1 [pid: 7|app: 0|req: 413/825] 10.0.0.120 () {32 vars in 824 bytes} [Thu Jul 9 00:45:28 2026] GET /resource_providers/a4bee64b-1784-45b7-9b0a-7678bd336fc0/aggregates => generated 235 bytes in 12 msecs (HTTP/1.1 404) 5 headers in 202 bytes (1 switches on core 0) [pid: 8|app: 0|req: 413/826] 10.0.0.120 () {32 vars in 824 bytes} [Thu Jul 9 00:45:28 2026] GET /resource_providers/a4bee64b-1784-45b7-9b0a-7678bd336fc0/aggregates => generated 235 bytes in 13 msecs (HTTP/1.1 404) 5 headers in 202 bytes (1 switches on core 0)
2026-07-09 00:45:28.382 7 INFO placement.requestlog [None req-3bc04bf0-2661-422a-88b6-4d50fb1d49ff d6d4ae095f6a4cc2a76be4e7569ac5dc 3d76cb75425c4c7789b8ea7099232f05 - - a4c9ffe7ac2d4d0d817b6f5e32ccdf77 a4c9ffe7ac2d4d0d817b6f5e32ccdf77] 10.0.0.120 "DELETE /resource_providers/a4bee64b-1784-45b7-9b0a-7678bd336fc0" status: 404 len: 246 microversion: 1.1 [pid: 7|app: 0|req: 414/827] 10.0.0.120 () {34 vars in 824 bytes} [Thu Jul 9 00:45:28 2026] DELETE /resource_providers/a4bee64b-1784-45b7-9b0a-7678bd336fc0 => generated 246 bytes in 13 msecs (HTTP/1.1 404) 6 headers in 231 bytes (1 switches on core 0)
2026-07-09 00:45:28.384 8 INFO placement.requestlog [None req-9fa06a6f-9f95-483b-a7c6-f6b2461718e0 d6d4ae095f6a4cc2a76be4e7569ac5dc 3d76cb75425c4c7789b8ea7099232f05 - - a4c9ffe7ac2d4d0d817b6f5e32ccdf77 a4c9ffe7ac2d4d0d817b6f5e32ccdf77] 10.0.0.120 "DELETE /resource_providers/a4bee64b-1784-45b7-9b0a-7678bd336fc0" status: 404 len: 246 microversion: 1.1 [pid: 8|app: 0|req: 414/828] 10.0.0.120 () {34 vars in 824 bytes} [Thu Jul 9 00:45:28 2026] DELETE /resource_providers/a4bee64b-1784-45b7-9b0a-7678bd336fc0 => generated 246 bytes in 14 msecs (HTTP/1.1 404) 6 headers in 231 bytes (1 switches on core 0)
2026-07-09 00:45:37.003 7 INFO placement.requestlog [None req-7d12225c-9b54-4e8b-b4a6-21c47290886d - - - - - -] 10.0.0.239 "GET /" status: 200 len: 136 microversion: 1.0
2026-07-09 00:45:37.003 8 INFO placement.requestlog [None req-69dfcde8-c368-419b-8c64-cf758508acbb - - - - - -] 10.0.0.239 "GET /" status: 200 len: 136 microversion: 1.0
2026-07-09 00:45:44.303 8 INFO placement.requestlog [None req-36281488-e8c9-4c6d-99e1-903716219e76 d6d4ae095f6a4cc2a76be4e7569ac5dc 3d76cb75425c4c7789b8ea7099232f05 - - a4c9ffe7ac2d4d0d817b6f5e32ccdf77 a4c9ffe7ac2d4d0d817b6f5e32ccdf77] 10.0.0.120 "GET /resource_providers/f95c577c-b35b-41a3-93ca-d08366c66cff/aggregates" status: 404 len: 235 microversion: 1.1 [pid: 8|app: 0|req: 416/831] 10.0.0.120 () {32 vars in 824 bytes} [Thu Jul 9 00:45:44 2026] GET /resource_providers/f95c577c-b35b-41a3-93ca-d08366c66cff/aggregates => generated 235 bytes in 11 msecs (HTTP/1.1 404) 5 headers in 202 bytes (1 switches on core 0)
2026-07-09 00:45:44.304 7 INFO placement.requestlog [None req-9ba53250-09a1-433c-87ff-357291e6a830 d6d4ae095f6a4cc2a76be4e7569ac5dc 3d76cb75425c4c7789b8ea7099232f05 - - a4c9ffe7ac2d4d0d817b6f5e32ccdf77 a4c9ffe7ac2d4d0d817b6f5e32ccdf77] 10.0.0.120 "GET /resource_providers/f95c577c-b35b-41a3-93ca-d08366c66cff/aggregates" status: 404 len: 235 microversion: 1.1 [pid: 7|app: 0|req: 416/832] 10.0.0.120 () {32 vars in 824 bytes} [Thu Jul 9 00:45:44 2026] GET /resource_providers/f95c577c-b35b-41a3-93ca-d08366c66cff/aggregates => generated 235 bytes in 12 msecs (HTTP/1.1 404) 5 headers in 202 bytes (1 switches on core 0)
2026-07-09 00:45:44.321 8 INFO placement.requestlog [None req-2609c3e3-d2d4-4f34-9f24-6ad3d175ad0c d6d4ae095f6a4cc2a76be4e7569ac5dc 3d76cb75425c4c7789b8ea7099232f05 - - a4c9ffe7ac2d4d0d817b6f5e32ccdf77 a4c9ffe7ac2d4d0d817b6f5e32ccdf77] 10.0.0.120 "DELETE /resource_providers/f95c577c-b35b-41a3-93ca-d08366c66cff" status: 404 len: 246 microversion: 1.1 [pid: 8|app: 0|req: 417/833] 10.0.0.120 () {34 vars in 824 bytes} [Thu Jul 9 00:45:44 2026] DELETE /resource_providers/f95c577c-b35b-41a3-93ca-d08366c66cff => generated 246 bytes in 11 msecs (HTTP/1.1 404) 6 headers in 231 bytes (1 switches on core 0)
2026-07-09 00:45:44.326 7 INFO placement.requestlog [None req-fc11fad8-ab3f-42cd-9b7e-8779792d48bc d6d4ae095f6a4cc2a76be4e7569ac5dc 3d76cb75425c4c7789b8ea7099232f05 - - a4c9ffe7ac2d4d0d817b6f5e32ccdf77 a4c9ffe7ac2d4d0d817b6f5e32ccdf77] 10.0.0.120 "DELETE /resource_providers/f95c577c-b35b-41a3-93ca-d08366c66cff" status: 404 len: 246 microversion: 1.1 [pid: 7|app: 0|req: 417/834] 10.0.0.120 () {34 vars in 824 bytes} [Thu Jul 9 00:45:44 2026] DELETE /resource_providers/f95c577c-b35b-41a3-93ca-d08366c66cff => generated 246 bytes in 14 msecs (HTTP/1.1 404) 6 headers in 231 bytes (1 switches on core 0)
2026-07-09 00:45:46.345 7 INFO placement.requestlog [None req-20b71b64-9bbe-4d52-831a-e6c30e078da1 d6d4ae095f6a4cc2a76be4e7569ac5dc 3d76cb75425c4c7789b8ea7099232f05 - - a4c9ffe7ac2d4d0d817b6f5e32ccdf77 a4c9ffe7ac2d4d0d817b6f5e32ccdf77] 10.0.0.120 "GET /resource_providers/db8a82b1-2a7e-4b19-ba1b-c3ece5773036/aggregates" status: 404 len: 235 microversion: 1.1 [pid: 7|app: 0|req: 418/835] 10.0.0.120 () {32 vars in 824 bytes} [Thu Jul 9 00:45:46 2026] GET /resource_providers/db8a82b1-2a7e-4b19-ba1b-c3ece5773036/aggregates => generated 235 bytes in 13 msecs (HTTP/1.1 404) 5 headers in 202 bytes (1 switches on core 0)
2026-07-09 00:45:46.346 8 INFO placement.requestlog [None req-9bc69c21-e58e-4033-831f-84cf8c24c57a d6d4ae095f6a4cc2a76be4e7569ac5dc 3d76cb75425c4c7789b8ea7099232f05 - - a4c9ffe7ac2d4d0d817b6f5e32ccdf77 a4c9ffe7ac2d4d0d817b6f5e32ccdf77] 10.0.0.120 "GET /resource_providers/db8a82b1-2a7e-4b19-ba1b-c3ece5773036/aggregates" status: 404 len: 235 microversion: 1.1 [pid: 8|app: 0|req: 418/836] 10.0.0.120 () {32 vars in 824 bytes} [Thu Jul 9 00:45:46 2026] GET /resource_providers/db8a82b1-2a7e-4b19-ba1b-c3ece5773036/aggregates => generated 235 bytes in 15 msecs (HTTP/1.1 404) 5 headers in 202 bytes (1 switches on core 0)
2026-07-09 00:45:46.362 7 INFO placement.requestlog [None req-58cf627d-d25c-4d62-9b30-9f9c33efac32 d6d4ae095f6a4cc2a76be4e7569ac5dc 3d76cb75425c4c7789b8ea7099232f05 - - a4c9ffe7ac2d4d0d817b6f5e32ccdf77 a4c9ffe7ac2d4d0d817b6f5e32ccdf77] 10.0.0.120 "DELETE /resource_providers/db8a82b1-2a7e-4b19-ba1b-c3ece5773036" status: 404 len: 246 microversion: 1.1 [pid: 7|app: 0|req: 419/837] 10.0.0.120 () {34 vars in 824 bytes} [Thu Jul 9 00:45:46 2026] DELETE /resource_providers/db8a82b1-2a7e-4b19-ba1b-c3ece5773036 => generated 246 bytes in 12 msecs (HTTP/1.1 404) 6 headers in 231 bytes (1 switches on core 0)
2026-07-09 00:45:46.363 8 INFO placement.requestlog [None req-7a7444de-8de9-4724-a338-3deee076b59e d6d4ae095f6a4cc2a76be4e7569ac5dc 3d76cb75425c4c7789b8ea7099232f05 - - a4c9ffe7ac2d4d0d817b6f5e32ccdf77 a4c9ffe7ac2d4d0d817b6f5e32ccdf77] 10.0.0.120 "DELETE /resource_providers/db8a82b1-2a7e-4b19-ba1b-c3ece5773036" status: 404 len: 246 microversion: 1.1 [pid: 8|app: 0|req: 419/838] 10.0.0.120 () {34 vars in 824 bytes} [Thu Jul 9 00:45:46 2026] DELETE /resource_providers/db8a82b1-2a7e-4b19-ba1b-c3ece5773036 => generated 246 bytes in 9 msecs (HTTP/1.1 404) 6 headers in 231 bytes (1 switches on core 0)
2026-07-09 00:45:47.002 8 INFO placement.requestlog [None req-2b6ddb9c-eacf-4047-aec3-b042422b9158 - - - - - -] 10.0.0.239 "GET /" status: 200 len: 136 microversion: 1.0
2026-07-09 00:45:47.003 7 INFO placement.requestlog [None req-04531f0d-b51f-4cf1-aa97-0664176e9de2 - - - - - -] 10.0.0.239 "GET /" status: 200 len: 136 microversion: 1.0
2026-07-09 00:45:51.194 8 INFO placement.requestlog [None req-47b47d8f-d525-4d4a-bcfb-27ee0ed295d4 d6d4ae095f6a4cc2a76be4e7569ac5dc 3d76cb75425c4c7789b8ea7099232f05 - - a4c9ffe7ac2d4d0d817b6f5e32ccdf77 a4c9ffe7ac2d4d0d817b6f5e32ccdf77] 10.0.0.120 "GET /resource_providers/731ba7f1-5306-4242-87a7-aae323ac98bd/aggregates" status: 404 len: 235 microversion: 1.1
2026-07-09 00:45:51.195 7 INFO placement.requestlog [None req-8e42489b-a043-4f87-ac80-eb44facb3181 d6d4ae095f6a4cc2a76be4e7569ac5dc 3d76cb75425c4c7789b8ea7099232f05 - - a4c9ffe7ac2d4d0d817b6f5e32ccdf77 a4c9ffe7ac2d4d0d817b6f5e32ccdf77] 10.0.0.120 "GET /resource_providers/731ba7f1-5306-4242-87a7-aae323ac98bd/aggregates" status: 404 len: 235 microversion: 1.1 [pid: 8|app: 0|req: 421/841] 10.0.0.120 () {32 vars in 824 bytes} [Thu Jul 9 00:45:51 2026] GET /resource_providers/731ba7f1-5306-4242-87a7-aae323ac98bd/aggregates => generated 235 bytes in 14 msecs (HTTP/1.1 404) 5 headers in 202 bytes (1 switches on core 0) [pid: 7|app: 0|req: 421/842] 10.0.0.120 () {32 vars in 824 bytes} [Thu Jul 9 00:45:51 2026] GET /resource_providers/731ba7f1-5306-4242-87a7-aae323ac98bd/aggregates => generated 235 bytes in 13 msecs (HTTP/1.1 404) 5 headers in 202 bytes (1 switches on core 0)
2026-07-09 00:45:51.215 8 INFO placement.requestlog [None req-af3dbb47-595d-433e-864d-685cbe7c9b48 d6d4ae095f6a4cc2a76be4e7569ac5dc 3d76cb75425c4c7789b8ea7099232f05 - - a4c9ffe7ac2d4d0d817b6f5e32ccdf77 a4c9ffe7ac2d4d0d817b6f5e32ccdf77] 10.0.0.120 "DELETE /resource_providers/731ba7f1-5306-4242-87a7-aae323ac98bd" status: 404 len: 246 microversion: 1.1 [pid: 8|app: 0|req: 422/843] 10.0.0.120 () {34 vars in 824 bytes} [Thu Jul 9 00:45:51 2026] DELETE /resource_providers/731ba7f1-5306-4242-87a7-aae323ac98bd => generated 246 bytes in 11 msecs (HTTP/1.1 404) 6 headers in 231 bytes (1 switches on core 0)
2026-07-09 00:45:51.219 7 INFO placement.requestlog [None req-a304781a-463b-4464-a207-f5baaf41f8fe d6d4ae095f6a4cc2a76be4e7569ac5dc 3d76cb75425c4c7789b8ea7099232f05 - - a4c9ffe7ac2d4d0d817b6f5e32ccdf77 a4c9ffe7ac2d4d0d817b6f5e32ccdf77] 10.0.0.120 "DELETE /resource_providers/731ba7f1-5306-4242-87a7-aae323ac98bd" status: 404 len: 246 microversion: 1.1 [pid: 7|app: 0|req: 422/844] 10.0.0.120 () {34 vars in 824 bytes} [Thu Jul 9 00:45:51 2026] DELETE /resource_providers/731ba7f1-5306-4242-87a7-aae323ac98bd => generated 246 bytes in 16 msecs (HTTP/1.1 404) 6 headers in 231 bytes (1 switches on core 0)
2026-07-09 00:45:52.185 8 INFO placement.requestlog [None req-765a2d45-3b0c-4d7f-822f-a1f995c568a0 d6d4ae095f6a4cc2a76be4e7569ac5dc 3d76cb75425c4c7789b8ea7099232f05 - - a4c9ffe7ac2d4d0d817b6f5e32ccdf77 a4c9ffe7ac2d4d0d817b6f5e32ccdf77] 10.0.0.120 "GET /resource_providers/00035358-c6ca-47f5-8d0c-f280f1be8714/aggregates" status: 404 len: 235 microversion: 1.1 [pid: 8|app: 0|req: 423/845] 10.0.0.120 () {32 vars in 824 bytes} [Thu Jul 9 00:45:52 2026] GET /resource_providers/00035358-c6ca-47f5-8d0c-f280f1be8714/aggregates => generated 235 bytes in 9 msecs (HTTP/1.1 404) 5 headers in 202 bytes (1 switches on core 0)
2026-07-09 00:45:52.194 7 INFO placement.requestlog [None req-a91880ea-5f41-4500-91c5-c2f4413add1b d6d4ae095f6a4cc2a76be4e7569ac5dc 3d76cb75425c4c7789b8ea7099232f05 - - a4c9ffe7ac2d4d0d817b6f5e32ccdf77 a4c9ffe7ac2d4d0d817b6f5e32ccdf77] 10.0.0.120 "GET /resource_providers/00035358-c6ca-47f5-8d0c-f280f1be8714/aggregates" status: 404 len: 235 microversion: 1.1 [pid: 7|app: 0|req: 423/846] 10.0.0.120 () {32 vars in 824 bytes} [Thu Jul 9 00:45:52 2026] GET /resource_providers/00035358-c6ca-47f5-8d0c-f280f1be8714/aggregates => generated 235 bytes in 13 msecs (HTTP/1.1 404) 5 headers in 202 bytes (1 switches on core 0)
2026-07-09 00:45:52.203 8 INFO placement.requestlog [None req-03c80295-bbaa-4f1d-9c91-18038b4ad735 d6d4ae095f6a4cc2a76be4e7569ac5dc 3d76cb75425c4c7789b8ea7099232f05 - - a4c9ffe7ac2d4d0d817b6f5e32ccdf77 a4c9ffe7ac2d4d0d817b6f5e32ccdf77] 10.0.0.120 "DELETE /resource_providers/00035358-c6ca-47f5-8d0c-f280f1be8714" status: 404 len: 246 microversion: 1.1 [pid: 8|app: 0|req: 424/847] 10.0.0.120 () {34 vars in 824 bytes} [Thu Jul 9 00:45:52 2026] DELETE /resource_providers/00035358-c6ca-47f5-8d0c-f280f1be8714 => generated 246 bytes in 7 msecs (HTTP/1.1 404) 6 headers in 231 bytes (1 switches on core 0)
2026-07-09 00:45:52.219 7 INFO placement.requestlog [None req-76298143-62f7-472b-a65d-c23af5dbcd17 d6d4ae095f6a4cc2a76be4e7569ac5dc 3d76cb75425c4c7789b8ea7099232f05 - - a4c9ffe7ac2d4d0d817b6f5e32ccdf77 a4c9ffe7ac2d4d0d817b6f5e32ccdf77] 10.0.0.120 "DELETE /resource_providers/00035358-c6ca-47f5-8d0c-f280f1be8714" status: 404 len: 246 microversion: 1.1 [pid: 7|app: 0|req: 424/848] 10.0.0.120 () {34 vars in 824 bytes} [Thu Jul 9 00:45:52 2026] DELETE /resource_providers/00035358-c6ca-47f5-8d0c-f280f1be8714 => generated 246 bytes in 21 msecs (HTTP/1.1 404) 6 headers in 231 bytes (1 switches on core 0)
2026-07-09 00:45:53.246 8 INFO placement.requestlog [None req-4e83e5c1-1c21-41d5-a175-02af98520498 d6d4ae095f6a4cc2a76be4e7569ac5dc 3d76cb75425c4c7789b8ea7099232f05 - - a4c9ffe7ac2d4d0d817b6f5e32ccdf77 a4c9ffe7ac2d4d0d817b6f5e32ccdf77] 10.0.0.120 "GET /resource_providers/4262fd95-3fa6-488a-8cdd-f1a7a9a05f7e/aggregates" status: 404 len: 235 microversion: 1.1 [pid: 8|app: 0|req: 425/849] 10.0.0.120 () {32 vars in 824 bytes} [Thu Jul 9 00:45:53 2026] GET /resource_providers/4262fd95-3fa6-488a-8cdd-f1a7a9a05f7e/aggregates => generated 235 bytes in 19 msecs (HTTP/1.1 404) 5 headers in 202 bytes (1 switches on core 0)
2026-07-09 00:45:53.247 7 INFO placement.requestlog [None req-d7e4e304-edd0-4629-b045-53697dac2c77 d6d4ae095f6a4cc2a76be4e7569ac5dc 3d76cb75425c4c7789b8ea7099232f05 - - a4c9ffe7ac2d4d0d817b6f5e32ccdf77 a4c9ffe7ac2d4d0d817b6f5e32ccdf77] 10.0.0.120 "GET /resource_providers/4262fd95-3fa6-488a-8cdd-f1a7a9a05f7e/aggregates" status: 404 len: 235 microversion: 1.1 [pid: 7|app: 0|req: 425/850] 10.0.0.120 () {32 vars in 824 bytes} [Thu Jul 9 00:45:53 2026] GET /resource_providers/4262fd95-3fa6-488a-8cdd-f1a7a9a05f7e/aggregates => generated 235 bytes in 17 msecs (HTTP/1.1 404) 5 headers in 202 bytes (1 switches on core 0)
2026-07-09 00:45:53.265 7 INFO placement.requestlog [None req-6b608d9f-f947-44b9-a829-09d599bf5325 d6d4ae095f6a4cc2a76be4e7569ac5dc 3d76cb75425c4c7789b8ea7099232f05 - - a4c9ffe7ac2d4d0d817b6f5e32ccdf77 a4c9ffe7ac2d4d0d817b6f5e32ccdf77] 10.0.0.120 "DELETE /resource_providers/4262fd95-3fa6-488a-8cdd-f1a7a9a05f7e" status: 404 len: 246 microversion: 1.1 [pid: 7|app: 0|req: 426/851] 10.0.0.120 () {34 vars in 824 bytes} [Thu Jul 9 00:45:53 2026] DELETE /resource_providers/4262fd95-3fa6-488a-8cdd-f1a7a9a05f7e => generated 246 bytes in 10 msecs (HTTP/1.1 404) 6 headers in 231 bytes (1 switches on core 0)
2026-07-09 00:45:53.269 8 INFO placement.requestlog [None req-7848c15e-56c6-4028-8592-0f740f4ea448 d6d4ae095f6a4cc2a76be4e7569ac5dc 3d76cb75425c4c7789b8ea7099232f05 - - a4c9ffe7ac2d4d0d817b6f5e32ccdf77 a4c9ffe7ac2d4d0d817b6f5e32ccdf77] 10.0.0.120 "DELETE /resource_providers/4262fd95-3fa6-488a-8cdd-f1a7a9a05f7e" status: 404 len: 246 microversion: 1.1 [pid: 8|app: 0|req: 426/852] 10.0.0.120 () {34 vars in 824 bytes} [Thu Jul 9 00:45:53 2026] DELETE /resource_providers/4262fd95-3fa6-488a-8cdd-f1a7a9a05f7e => generated 246 bytes in 14 msecs (HTTP/1.1 404) 6 headers in 231 bytes (1 switches on core 0)
2026-07-09 00:45:53.282 7 INFO placement.requestlog [None req-e347ad49-5a4b-4788-b337-247f2ec0fe84 d6d4ae095f6a4cc2a76be4e7569ac5dc 3d76cb75425c4c7789b8ea7099232f05 - - a4c9ffe7ac2d4d0d817b6f5e32ccdf77 a4c9ffe7ac2d4d0d817b6f5e32ccdf77] 10.0.0.120 "GET /resource_providers/531cc1b0-7fb9-451e-950d-53a04b90f191/aggregates" status: 404 len: 235 microversion: 1.1
2026-07-09 00:45:53.285 8 INFO placement.requestlog [None req-271b12d9-5862-4c2d-b16b-541d0c4eb080 d6d4ae095f6a4cc2a76be4e7569ac5dc 3d76cb75425c4c7789b8ea7099232f05 - - a4c9ffe7ac2d4d0d817b6f5e32ccdf77 a4c9ffe7ac2d4d0d817b6f5e32ccdf77] 10.0.0.120 "GET /resource_providers/531cc1b0-7fb9-451e-950d-53a04b90f191/aggregates" status: 404 len: 235 microversion: 1.1 [pid: 7|app: 0|req: 427/853] 10.0.0.120 () {32 vars in 824 bytes} [Thu Jul 9 00:45:53 2026] GET /resource_providers/531cc1b0-7fb9-451e-950d-53a04b90f191/aggregates => generated 235 bytes in 16 msecs (HTTP/1.1 404) 5 headers in 202 bytes (1 switches on core 0) [pid: 8|app: 0|req: 427/854] 10.0.0.120 () {32 vars in 824 bytes} [Thu Jul 9 00:45:53 2026] GET /resource_providers/531cc1b0-7fb9-451e-950d-53a04b90f191/aggregates => generated 235 bytes in 11 msecs (HTTP/1.1 404) 5 headers in 202 bytes (1 switches on core 0)
2026-07-09 00:45:53.299 8 INFO placement.requestlog [None req-57e5f023-f660-4aee-a92b-989f5aa2ba4b d6d4ae095f6a4cc2a76be4e7569ac5dc 3d76cb75425c4c7789b8ea7099232f05 - - a4c9ffe7ac2d4d0d817b6f5e32ccdf77 a4c9ffe7ac2d4d0d817b6f5e32ccdf77] 10.0.0.120 "DELETE /resource_providers/531cc1b0-7fb9-451e-950d-53a04b90f191" status: 404 len: 246 microversion: 1.1
2026-07-09 00:45:53.300 7 INFO placement.requestlog [None req-edc5bc38-eb1a-4e40-aa14-3ef027a720e7 d6d4ae095f6a4cc2a76be4e7569ac5dc 3d76cb75425c4c7789b8ea7099232f05 - - a4c9ffe7ac2d4d0d817b6f5e32ccdf77 a4c9ffe7ac2d4d0d817b6f5e32ccdf77] 10.0.0.120 "DELETE /resource_providers/531cc1b0-7fb9-451e-950d-53a04b90f191" status: 404 len: 246 microversion: 1.1 [pid: 8|app: 0|req: 428/855] 10.0.0.120 () {34 vars in 824 bytes} [Thu Jul 9 00:45:53 2026] DELETE /resource_providers/531cc1b0-7fb9-451e-950d-53a04b90f191 => generated 246 bytes in 9 msecs (HTTP/1.1 404) 6 headers in 231 bytes (1 switches on core 0) [pid: 7|app: 0|req: 428/856] 10.0.0.120 () {34 vars in 824 bytes} [Thu Jul 9 00:45:53 2026] DELETE /resource_providers/531cc1b0-7fb9-451e-950d-53a04b90f191 => generated 246 bytes in 12 msecs (HTTP/1.1 404) 6 headers in 231 bytes (1 switches on core 0)
2026-07-09 00:45:53.313 8 INFO placement.requestlog [None req-03281a81-75aa-4a4c-b917-349dd0afffe3 d6d4ae095f6a4cc2a76be4e7569ac5dc 3d76cb75425c4c7789b8ea7099232f05 - - a4c9ffe7ac2d4d0d817b6f5e32ccdf77 a4c9ffe7ac2d4d0d817b6f5e32ccdf77] 10.0.0.120 "GET /resource_providers/7f55839e-41e2-4d88-abb7-8c1b3afad86e/aggregates" status: 404 len: 235 microversion: 1.1 [pid: 8|app: 0|req: 429/857] 10.0.0.120 () {32 vars in 824 bytes} [Thu Jul 9 00:45:53 2026] GET /resource_providers/7f55839e-41e2-4d88-abb7-8c1b3afad86e/aggregates => generated 235 bytes in 8 msecs (HTTP/1.1 404) 5 headers in 202 bytes (1 switches on core 0)
