2026-07-09 00:47:17.260 10 INFO neutron.services.segments.plugin [-] Segment 91803ced-4e4e-41d2-acba-616f0361bd37 resource provider not found; error: Placement Client Error (4xx): {"errors": [{"status": 404, "title": "Not Found", "detail": "The resource could not be found.\n\n No resource provider with uuid 91803ced-4e4e-41d2-acba-616f0361bd37 found for delete ", "request_id": "req-3c29ffb3-ff81-4dcc-917a-896a03b856f4"}]}
2026-07-09 00:47:17.265 10 INFO neutron.services.segments.plugin [-] Segment e02d02d5-a58d-4f03-99fa-c7ebaf2f59eb resource provider aggregate not found
2026-07-09 00:47:17.280 10 INFO neutron.services.segments.plugin [-] Segment e02d02d5-a58d-4f03-99fa-c7ebaf2f59eb resource provider aggregate not found
2026-07-09 00:47:17.285 10 INFO neutron.services.segments.plugin [-] Segment e02d02d5-a58d-4f03-99fa-c7ebaf2f59eb resource provider not found; error: Placement Client Error (4xx): {"errors": [{"status": 404, "title": "Not Found", "detail": "The resource could not be found.\n\n No resource provider with uuid e02d02d5-a58d-4f03-99fa-c7ebaf2f59eb found for delete ", "request_id": "req-445d689d-1183-41a7-bfc5-ce7897a4251c"}]}
2026-07-09 00:47:17.299 10 INFO neutron.services.segments.plugin [-] Segment e02d02d5-a58d-4f03-99fa-c7ebaf2f59eb resource provider not found; error: Placement Client Error (4xx): {"errors": [{"status": 404, "title": "Not Found", "detail": "The resource could not be found.\n\n No resource provider with uuid e02d02d5-a58d-4f03-99fa-c7ebaf2f59eb found for delete ", "request_id": "req-35c071d2-4902-40bb-96f5-c2cfda7042e3"}]}
2026-07-09 00:47:17.580 10 INFO neutron.db.ovn_revision_numbers_db [None req-1e0bdad9-bf76-4108-b169-38c92a349b3e 21194a289b77496faff67688a8fd7b4b f3cf2f2864f8488f9ee1f2769b181541 - - default default] Successfully bumped revision number for resource bf5d7559-3c1c-4526-b0d4-ff57706721f5 (type: security_groups) to 1
2026-07-09 00:47:17.601 10 INFO neutron.db.ovn_revision_numbers_db [None req-1e0bdad9-bf76-4108-b169-38c92a349b3e 21194a289b77496faff67688a8fd7b4b f3cf2f2864f8488f9ee1f2769b181541 - - default default] Successfully bumped revision number for resource 3f788b34-aa35-4fd3-85de-94a92a9645f0 (type: security_group_rules) to 0
2026-07-09 00:47:17.625 10 INFO neutron.db.ovn_revision_numbers_db [None req-1e0bdad9-bf76-4108-b169-38c92a349b3e 21194a289b77496faff67688a8fd7b4b f3cf2f2864f8488f9ee1f2769b181541 - - default default] Successfully bumped revision number for resource 443fef59-77c5-41d4-bd2a-6676fe844b50 (type: security_group_rules) to 0
2026-07-09 00:47:17.644 10 INFO neutron.db.ovn_revision_numbers_db [None req-1e0bdad9-bf76-4108-b169-38c92a349b3e 21194a289b77496faff67688a8fd7b4b f3cf2f2864f8488f9ee1f2769b181541 - - default default] Successfully bumped revision number for resource 686605e9-46bc-4885-a4c4-08cf49db3973 (type: security_group_rules) to 0
2026-07-09 00:47:17.659 10 INFO neutron.db.ovn_revision_numbers_db [None req-1e0bdad9-bf76-4108-b169-38c92a349b3e 21194a289b77496faff67688a8fd7b4b f3cf2f2864f8488f9ee1f2769b181541 - - default default] Successfully bumped revision number for resource b3d81b7e-bddd-4131-955b-fb839e081105 (type: security_group_rules) to 0
2026-07-09 00:47:17.704 10 INFO neutron.api.wsgi [None req-1e0bdad9-bf76-4108-b169-38c92a349b3e 21194a289b77496faff67688a8fd7b4b f3cf2f2864f8488f9ee1f2769b181541 - - default default] 10.0.0.38 "GET /v2.0/security-groups?tenant_id=2959a1bb281e47e98df2126982148770&name=default HTTP/1.1" status: 200 len: 3120 time: 0.4098811
2026-07-09 00:47:17.884 10 WARNING neutron_lib.context [None req-ae7f4003-87f5-4857-8437-5df570decb28 bd3afb86905d49fd85247d370afae5af cdd0ab044d2f427fb4b1115c42c3d0a3 - - default default] Method 'is_advsvc' is deprecated since 2023.2 release (neutron-lib 3.8.0) and will be removed once support for the old RBAC API policies will be removed from Neutron. Please use method 'is_service_role' instead.
2026-07-09 00:47:17.994 9 INFO neutron.api.wsgi [req-fbd9cbe8-309c-4401-af0b-32361adbfb2c req-3c03225f-e73b-4d7d-a627-2b3379adb1e5 a988b9cbb1a94682bf5b884c0c537762 ce5bf088d9914f6c9fbb3bea26d74e2e - - default default] 199.204.45.77 "GET /v2.0/networks?id=44cd0316-c61e-4b6b-8372-07808f60004c HTTP/1.1" status: 200 len: 860 time: 0.0567722
2026-07-09 00:47:18.005 10 INFO neutron.api.wsgi [None req-53bf20b0-dd11-4530-8b84-acf3c79c9759 21194a289b77496faff67688a8fd7b4b f3cf2f2864f8488f9ee1f2769b181541 - - default default] 10.0.0.38 "DELETE /v2.0/security-groups/bf5d7559-3c1c-4526-b0d4-ff57706721f5 HTTP/1.1" status: 204 len: 168 time: 0.2861316
2026-07-09 00:47:18.026 10 INFO neutron.db.ovn_revision_numbers_db [None req-ae7f4003-87f5-4857-8437-5df570decb28 bd3afb86905d49fd85247d370afae5af cdd0ab044d2f427fb4b1115c42c3d0a3 - - default default] Successfully bumped revision number for resource 10d8733c-2a50-47b0-b740-33407f620217 (type: security_groups) to 1
2026-07-09 00:47:18.033 10 INFO neutron.api.wsgi [req-3dc14276-31f8-4862-9e26-f3336cd6ac8d req-07665d14-661c-4df6-a663-282495401f7e a988b9cbb1a94682bf5b884c0c537762 ce5bf088d9914f6c9fbb3bea26d74e2e - - default default] 10.0.0.31 "GET /v2.0/ports?device_id=e4b3c11d-8135-4cb3-ac5a-625315f441d9 HTTP/1.1" status: 200 len: 210 time: 0.0122478
2026-07-09 00:47:18.038 9 INFO neutron.api.wsgi [req-fbd9cbe8-309c-4401-af0b-32361adbfb2c req-59ce3d27-d4aa-4461-a3a8-c1c92e9464ef a988b9cbb1a94682bf5b884c0c537762 ce5bf088d9914f6c9fbb3bea26d74e2e - - default default] 199.204.45.77 "GET /v2.0/security-groups?fields=id&fields=name&tenant_id=ce5bf088d9914f6c9fbb3bea26d74e2e HTTP/1.1" status: 200 len: 471 time: 0.0376265
2026-07-09 00:47:18.041 10 INFO neutron.db.ovn_revision_numbers_db [None req-ae7f4003-87f5-4857-8437-5df570decb28 bd3afb86905d49fd85247d370afae5af cdd0ab044d2f427fb4b1115c42c3d0a3 - - default default] Successfully bumped revision number for resource 3f5cf9c5-4599-4024-93bc-89c80a9e09a9 (type: security_group_rules) to 0
2026-07-09 00:47:18.046 9 WARNING neutron_lib.context [req-fbd9cbe8-309c-4401-af0b-32361adbfb2c req-4fcd5143-a58a-4575-b4c8-15944ac3aa6d a988b9cbb1a94682bf5b884c0c537762 ce5bf088d9914f6c9fbb3bea26d74e2e - - default default] Method 'is_advsvc' is deprecated since 2023.2 release (neutron-lib 3.8.0) and will be removed once support for the old RBAC API policies will be removed from Neutron. Please use method 'is_service_role' instead.
2026-07-09 00:47:18.053 10 INFO neutron.db.ovn_revision_numbers_db [None req-ae7f4003-87f5-4857-8437-5df570decb28 bd3afb86905d49fd85247d370afae5af cdd0ab044d2f427fb4b1115c42c3d0a3 - - default default] Successfully bumped revision number for resource 88822fdc-a6e0-40d7-806b-572e1bfc96bc (type: security_group_rules) to 0
2026-07-09 00:47:18.064 10 INFO neutron.db.ovn_revision_numbers_db [None req-ae7f4003-87f5-4857-8437-5df570decb28 bd3afb86905d49fd85247d370afae5af cdd0ab044d2f427fb4b1115c42c3d0a3 - - default default] Successfully bumped revision number for resource 8895e829-aeee-4811-abd1-31a0c196ccc3 (type: security_group_rules) to 0
2026-07-09 00:47:18.077 10 INFO neutron.db.ovn_revision_numbers_db [None req-ae7f4003-87f5-4857-8437-5df570decb28 bd3afb86905d49fd85247d370afae5af cdd0ab044d2f427fb4b1115c42c3d0a3 - - default default] Successfully bumped revision number for resource e3c45de5-949f-4cfd-a59e-1234cd5332f5 (type: security_group_rules) to 0
2026-07-09 00:47:18.159 9 INFO neutron.api.wsgi [None req-cebc8e25-be7f-43a1-b2e0-d31eaf913fdd 21194a289b77496faff67688a8fd7b4b f3cf2f2864f8488f9ee1f2769b181541 - - default default] 10.0.0.38 "GET /v2.0/security-groups?tenant_id=88d6f9bdee3c47dc97f15e648312053d&name=default HTTP/1.1" status: 200 len: 3120 time: 0.0591202
2026-07-09 00:47:18.173 10 INFO neutron.db.segments_db [None req-ae7f4003-87f5-4857-8437-5df570decb28 bd3afb86905d49fd85247d370afae5af cdd0ab044d2f427fb4b1115c42c3d0a3 - - default default] Added segment 67d10842-590a-4c49-9970-cd74751baf64 of type geneve for network c1e6c1c3-61fa-442f-aeaf-284a65a969ea
2026-07-09 00:47:18.326 10 INFO neutron.db.ovn_revision_numbers_db [None req-ae7f4003-87f5-4857-8437-5df570decb28 bd3afb86905d49fd85247d370afae5af cdd0ab044d2f427fb4b1115c42c3d0a3 - - default default] Successfully bumped revision number for resource c1e6c1c3-61fa-442f-aeaf-284a65a969ea (type: networks) to 1
2026-07-09 00:47:18.410 9 WARNING neutron.scheduler.dhcp_agent_scheduler [req-fbd9cbe8-309c-4401-af0b-32361adbfb2c req-4fcd5143-a58a-4575-b4c8-15944ac3aa6d a988b9cbb1a94682bf5b884c0c537762 ce5bf088d9914f6c9fbb3bea26d74e2e - - default default] No more DHCP agents
2026-07-09 00:47:18.414 9 WARNING neutron.api.rpc.agentnotifiers.dhcp_rpc_agent_api [req-fbd9cbe8-309c-4401-af0b-32361adbfb2c req-4fcd5143-a58a-4575-b4c8-15944ac3aa6d a988b9cbb1a94682bf5b884c0c537762 ce5bf088d9914f6c9fbb3bea26d74e2e - - default default] Unable to schedule network 44cd0316-c61e-4b6b-8372-07808f60004c: no agents available; will retry on subsequent port and subnet creation events.
2026-07-09 00:47:18.466 9 INFO neutron.api.wsgi [None req-dc19ea6f-da3e-4d28-945c-8ac03ecdc245 21194a289b77496faff67688a8fd7b4b f3cf2f2864f8488f9ee1f2769b181541 - - default default] 10.0.0.38 "DELETE /v2.0/security-groups/8ab742c1-26d0-4762-9162-7e4f00d6ccc2 HTTP/1.1" status: 204 len: 168 time: 0.3021021
2026-07-09 00:47:18.508 10 WARNING neutron.scheduler.dhcp_agent_scheduler [None req-ae7f4003-87f5-4857-8437-5df570decb28 bd3afb86905d49fd85247d370afae5af cdd0ab044d2f427fb4b1115c42c3d0a3 - - default default] No more DHCP agents
2026-07-09 00:47:18.511 10 WARNING neutron.api.rpc.agentnotifiers.dhcp_rpc_agent_api [None req-ae7f4003-87f5-4857-8437-5df570decb28 bd3afb86905d49fd85247d370afae5af cdd0ab044d2f427fb4b1115c42c3d0a3 - - default default] Unable to schedule network c1e6c1c3-61fa-442f-aeaf-284a65a969ea: no agents available; will retry on subsequent port and subnet creation events.
2026-07-09 00:47:18.574 9 INFO neutron.db.ovn_revision_numbers_db [req-fbd9cbe8-309c-4401-af0b-32361adbfb2c req-4fcd5143-a58a-4575-b4c8-15944ac3aa6d a988b9cbb1a94682bf5b884c0c537762 ce5bf088d9914f6c9fbb3bea26d74e2e - - default default] Successfully bumped revision number for resource 93483b81-39fc-46ca-9843-8ab211c2fae2 (type: ports) to 1
2026-07-09 00:47:18.580 10 INFO neutron.db.ovn_revision_numbers_db [None req-ae7f4003-87f5-4857-8437-5df570decb28 bd3afb86905d49fd85247d370afae5af cdd0ab044d2f427fb4b1115c42c3d0a3 - - default default] Successfully bumped revision number for resource 47f9a26d-927f-4a72-b546-41973014a9d3 (type: ports) to 1
2026-07-09 00:47:18.600 9 INFO neutron.api.wsgi [req-fbd9cbe8-309c-4401-af0b-32361adbfb2c req-4fcd5143-a58a-4575-b4c8-15944ac3aa6d a988b9cbb1a94682bf5b884c0c537762 ce5bf088d9914f6c9fbb3bea26d74e2e - - default default] 199.204.45.77 "POST /v2.0/ports HTTP/1.1" status: 201 len: 1162 time: 0.5582714 /var/lib/openstack/lib/python3.12/site-packages/pycadf/identifier.py:71: UserWarning: Invalid uuid: neutron. To ensure interoperability, identifiers should be a valid uuid. warnings.warn(('Invalid uuid: %s. To ensure interoperability, '
2026-07-09 00:47:18.609 10 INFO neutron.api.wsgi [None req-ae7f4003-87f5-4857-8437-5df570decb28 bd3afb86905d49fd85247d370afae5af cdd0ab044d2f427fb4b1115c42c3d0a3 - - default default] 10.0.0.38 "POST /v2.0/networks HTTP/1.1" status: 201 len: 829 time: 0.7836244
2026-07-09 00:47:18.654 10 INFO neutron.api.wsgi [None req-ad8e022c-12c3-4053-b0bf-0556e6cc541f bd3afb86905d49fd85247d370afae5af cdd0ab044d2f427fb4b1115c42c3d0a3 - - default default] 10.0.0.38 "PUT /v2.0/networks/c1e6c1c3-61fa-442f-aeaf-284a65a969ea/tags HTTP/1.1" status: 200 len: 218 time: 0.0385401
2026-07-09 00:47:18.683 10 INFO neutron.api.wsgi [None req-7677347b-f0f9-42b0-b354-f05851502378 bd3afb86905d49fd85247d370afae5af cdd0ab044d2f427fb4b1115c42c3d0a3 - - default default] 10.0.0.38 "GET /v2.0/networks/c1e6c1c3-61fa-442f-aeaf-284a65a969ea/tags HTTP/1.1" status: 200 len: 218 time: 0.0237887
2026-07-09 00:47:18.721 10 INFO neutron.api.wsgi [None req-70646b1b-f819-47c0-aa17-d5105b2574a2 bd3afb86905d49fd85247d370afae5af cdd0ab044d2f427fb4b1115c42c3d0a3 - - default default] 10.0.0.38 "PUT /v2.0/networks/c1e6c1c3-61fa-442f-aeaf-284a65a969ea/tags/green HTTP/1.1" status: 201 len: 201 time: 0.0326650
2026-07-09 00:47:18.751 9 INFO neutron.db.ovn_revision_numbers_db [None req-92e4ddeb-3271-4621-aea2-30ccdb2a6ca5 21194a289b77496faff67688a8fd7b4b f3cf2f2864f8488f9ee1f2769b181541 - - default default] Successfully bumped revision number for resource 336392fe-9a01-436b-8368-96af1b3f6ef1 (type: security_groups) to 1
2026-07-09 00:47:18.763 9 INFO neutron.db.ovn_revision_numbers_db [None req-92e4ddeb-3271-4621-aea2-30ccdb2a6ca5 21194a289b77496faff67688a8fd7b4b f3cf2f2864f8488f9ee1f2769b181541 - - default default] Successfully bumped revision number for resource 4419d284-568d-4330-827a-6ac603465c1e (type: security_group_rules) to 0
2026-07-09 00:47:18.763 10 INFO neutron.api.wsgi [None req-265bf0a7-c4e9-4c68-914d-de759992dacb bd3afb86905d49fd85247d370afae5af cdd0ab044d2f427fb4b1115c42c3d0a3 - - default default] 10.0.0.38 "GET /v2.0/networks/c1e6c1c3-61fa-442f-aeaf-284a65a969ea/tags HTTP/1.1" status: 200 len: 227 time: 0.0336154
2026-07-09 00:47:18.781 9 INFO neutron.db.ovn_revision_numbers_db [None req-92e4ddeb-3271-4621-aea2-30ccdb2a6ca5 21194a289b77496faff67688a8fd7b4b f3cf2f2864f8488f9ee1f2769b181541 - - default default] Successfully bumped revision number for resource e2cacf1b-0d8d-4ab1-aab3-8dc7815df4ea (type: security_group_rules) to 0
2026-07-09 00:47:18.797 9 INFO neutron.db.ovn_revision_numbers_db [None req-92e4ddeb-3271-4621-aea2-30ccdb2a6ca5 21194a289b77496faff67688a8fd7b4b f3cf2f2864f8488f9ee1f2769b181541 - - default default] Successfully bumped revision number for resource e8bc5d07-3f00-4fff-a72c-395ff9273904 (type: security_group_rules) to 0
2026-07-09 00:47:18.801 10 INFO neutron.api.wsgi [None req-7cf4115a-f768-4eec-b48d-cc956ec6e0c1 bd3afb86905d49fd85247d370afae5af cdd0ab044d2f427fb4b1115c42c3d0a3 - - default default] 10.0.0.38 "PUT /v2.0/networks/c1e6c1c3-61fa-442f-aeaf-284a65a969ea/tags/red HTTP/1.1" status: 201 len: 201 time: 0.0334530
2026-07-09 00:47:18.816 9 INFO neutron.db.ovn_revision_numbers_db [None req-92e4ddeb-3271-4621-aea2-30ccdb2a6ca5 21194a289b77496faff67688a8fd7b4b f3cf2f2864f8488f9ee1f2769b181541 - - default default] Successfully bumped revision number for resource efadcaf6-4138-41bb-ba8d-eeb69167165d (type: security_group_rules) to 0
2026-07-09 00:47:18.839 10 INFO neutron.api.wsgi [None req-ebae483a-b495-45b6-9d13-bdb6937997c2 bd3afb86905d49fd85247d370afae5af cdd0ab044d2f427fb4b1115c42c3d0a3 - - default default] 10.0.0.38 "GET /v2.0/networks/c1e6c1c3-61fa-442f-aeaf-284a65a969ea/tags HTTP/1.1" status: 200 len: 227 time: 0.0326488
2026-07-09 00:47:18.860 9 INFO neutron.api.wsgi [None req-92e4ddeb-3271-4621-aea2-30ccdb2a6ca5 21194a289b77496faff67688a8fd7b4b f3cf2f2864f8488f9ee1f2769b181541 - - default default] 10.0.0.38 "GET /v2.0/security-groups?tenant_id=810f4c3b70394239971c883d7fc93529&name=default HTTP/1.1" status: 200 len: 3120 time: 0.2585840 /var/lib/openstack/lib/python3.12/site-packages/pycadf/identifier.py:71: UserWarning: Invalid uuid: neutron. To ensure interoperability, identifiers should be a valid uuid. warnings.warn(('Invalid uuid: %s. To ensure interoperability, '
2026-07-09 00:47:18.882 10 INFO neutron.api.wsgi [None req-f0d1dd05-46e0-4c9c-84ec-4c5c9f34e00e bd3afb86905d49fd85247d370afae5af cdd0ab044d2f427fb4b1115c42c3d0a3 - - default default] 10.0.0.38 "PUT /v2.0/networks/c1e6c1c3-61fa-442f-aeaf-284a65a969ea/tags/black.or.white HTTP/1.1" status: 201 len: 201 time: 0.0385153
2026-07-09 00:47:18.914 10 INFO neutron.api.wsgi [None req-2374c5d5-a3fe-405d-9b8d-3c4744ea7ccd bd3afb86905d49fd85247d370afae5af cdd0ab044d2f427fb4b1115c42c3d0a3 - - default default] 10.0.0.38 "GET /v2.0/networks/c1e6c1c3-61fa-442f-aeaf-284a65a969ea/tags HTTP/1.1" status: 200 len: 245 time: 0.0261400
2026-07-09 00:47:18.959 10 INFO neutron.api.wsgi [None req-c8129e8f-9b64-4066-849d-9daaef339cf1 bd3afb86905d49fd85247d370afae5af cdd0ab044d2f427fb4b1115c42c3d0a3 - - default default] 10.0.0.38 "PUT /v2.0/networks/c1e6c1c3-61fa-442f-aeaf-284a65a969ea/tags HTTP/1.1" status: 200 len: 230 time: 0.0398960
2026-07-09 00:47:18.998 10 INFO neutron.api.wsgi [None req-fd380800-6492-4e11-b4bf-c08f41482385 bd3afb86905d49fd85247d370afae5af cdd0ab044d2f427fb4b1115c42c3d0a3 - - default default] 10.0.0.38 "GET /v2.0/networks/c1e6c1c3-61fa-442f-aeaf-284a65a969ea/tags HTTP/1.1" status: 200 len: 230 time: 0.0269077
2026-07-09 00:47:19.020 9 INFO neutron.db.ovn_revision_numbers_db [req-fbd9cbe8-309c-4401-af0b-32361adbfb2c req-71901d43-0892-4da6-910e-496e4696d7e2 d6d4ae095f6a4cc2a76be4e7569ac5dc 3d76cb75425c4c7789b8ea7099232f05 - - a4c9ffe7ac2d4d0d817b6f5e32ccdf77 a4c9ffe7ac2d4d0d817b6f5e32ccdf77] Successfully bumped revision number for resource 93483b81-39fc-46ca-9843-8ab211c2fae2 (type: ports) to 2
2026-07-09 00:47:19.031 10 INFO neutron.api.wsgi [None req-9f6ae72e-c898-4395-b0d6-dd94be6fdc90 bd3afb86905d49fd85247d370afae5af cdd0ab044d2f427fb4b1115c42c3d0a3 - - default default] 10.0.0.38 "GET /v2.0/networks/c1e6c1c3-61fa-442f-aeaf-284a65a969ea/tags/red HTTP/1.1" status: 204 len: 168 time: 0.0280910
2026-07-09 00:47:19.066 10 INFO neutron.api.v2.resource [None req-cf7f9e90-f282-48cb-b787-e918f819b46b bd3afb86905d49fd85247d370afae5af cdd0ab044d2f427fb4b1115c42c3d0a3 - - default default] show failed (client error): The resource could not be found.
2026-07-09 00:47:19.068 10 INFO neutron.api.wsgi [None req-cf7f9e90-f282-48cb-b787-e918f819b46b bd3afb86905d49fd85247d370afae5af cdd0ab044d2f427fb4b1115c42c3d0a3 - - default default] 10.0.0.38 "GET /v2.0/networks/c1e6c1c3-61fa-442f-aeaf-284a65a969ea/tags/green HTTP/1.1" status: 404 len: 299 time: 0.0331056
2026-07-09 00:47:19.110 9 INFO neutron.api.wsgi [None req-53af929a-e7b0-4519-a7f3-d2bfe50d4197 21194a289b77496faff67688a8fd7b4b f3cf2f2864f8488f9ee1f2769b181541 - - default default] 10.0.0.38 "DELETE /v2.0/security-groups/336392fe-9a01-436b-8368-96af1b3f6ef1 HTTP/1.1" status: 204 len: 168 time: 0.2448261
2026-07-09 00:47:19.114 10 INFO neutron.api.wsgi [None req-8c2c327c-861f-4a3a-b82c-83b65ff6b5ca bd3afb86905d49fd85247d370afae5af cdd0ab044d2f427fb4b1115c42c3d0a3 - - default default] 10.0.0.38 "DELETE /v2.0/networks/c1e6c1c3-61fa-442f-aeaf-284a65a969ea/tags/red HTTP/1.1" status: 204 len: 168 time: 0.0411463
2026-07-09 00:47:19.149 10 INFO neutron.api.wsgi [None req-077f913e-7d4c-4628-9105-36eda50a5723 bd3afb86905d49fd85247d370afae5af cdd0ab044d2f427fb4b1115c42c3d0a3 - - default default] 10.0.0.38 "GET /v2.0/networks/c1e6c1c3-61fa-442f-aeaf-284a65a969ea/tags HTTP/1.1" status: 200 len: 223 time: 0.0299172
2026-07-09 00:47:19.186 10 INFO neutron.api.v2.resource [None req-e2267e9b-3566-4ad4-895d-097dd47f9bb5 bd3afb86905d49fd85247d370afae5af cdd0ab044d2f427fb4b1115c42c3d0a3 - - default default] delete failed (client error): The resource could not be found.
2026-07-09 00:47:19.188 10 INFO neutron.api.wsgi [None req-e2267e9b-3566-4ad4-895d-097dd47f9bb5 bd3afb86905d49fd85247d370afae5af cdd0ab044d2f427fb4b1115c42c3d0a3 - - default default] 10.0.0.38 "DELETE /v2.0/networks/c1e6c1c3-61fa-442f-aeaf-284a65a969ea/tags/green HTTP/1.1" status: 404 len: 299 time: 0.0322235
2026-07-09 00:47:19.188 9 INFO neutron.api.wsgi [req-d1d447db-4671-47ca-8e8c-d589b78035e4 req-310b89c5-ef66-49cf-842a-00bcc58955cb a988b9cbb1a94682bf5b884c0c537762 ce5bf088d9914f6c9fbb3bea26d74e2e - - default default] 10.0.0.31 "GET /v2.0/ports?device_id=e4b3c11d-8135-4cb3-ac5a-625315f441d9 HTTP/1.1" status: 200 len: 1172 time: 0.0908663 /var/lib/openstack/lib/python3.12/site-packages/pycadf/identifier.py:71: UserWarning: Invalid uuid: neutron. To ensure interoperability, identifiers should be a valid uuid. warnings.warn(('Invalid uuid: %s. To ensure interoperability, '
2026-07-09 00:47:19.234 10 INFO neutron.api.wsgi [None req-bdfdc9ac-023b-4c56-93e4-6f5d5031f17f bd3afb86905d49fd85247d370afae5af cdd0ab044d2f427fb4b1115c42c3d0a3 - - default default] 10.0.0.38 "DELETE /v2.0/networks/c1e6c1c3-61fa-442f-aeaf-284a65a969ea/tags HTTP/1.1" status: 204 len: 168 time: 0.0403590
2026-07-09 00:47:19.236 9 INFO neutron.api.wsgi [req-d1d447db-4671-47ca-8e8c-d589b78035e4 req-ff1f6e1d-e953-4282-8ca5-e228b8868c64 a988b9cbb1a94682bf5b884c0c537762 ce5bf088d9914f6c9fbb3bea26d74e2e - - default default] 10.0.0.31 "GET /v2.0/security-groups?id=324686ab-9e98-4e41-8c8c-21ae837cbcfa&fields=id&fields=name HTTP/1.1" status: 200 len: 312 time: 0.0417798
2026-07-09 00:47:19.265 10 INFO neutron.api.wsgi [None req-fc22cf7f-78be-43b4-97c9-ad67e9fbf905 bd3afb86905d49fd85247d370afae5af cdd0ab044d2f427fb4b1115c42c3d0a3 - - default default] 10.0.0.38 "GET /v2.0/networks/c1e6c1c3-61fa-442f-aeaf-284a65a969ea/tags HTTP/1.1" status: 200 len: 205 time: 0.0263414
2026-07-09 00:47:19.267 9 INFO neutron.db.ovn_revision_numbers_db [req-fbd9cbe8-309c-4401-af0b-32361adbfb2c req-71901d43-0892-4da6-910e-496e4696d7e2 d6d4ae095f6a4cc2a76be4e7569ac5dc 3d76cb75425c4c7789b8ea7099232f05 - - a4c9ffe7ac2d4d0d817b6f5e32ccdf77 a4c9ffe7ac2d4d0d817b6f5e32ccdf77] Successfully bumped revision number for resource 93483b81-39fc-46ca-9843-8ab211c2fae2 (type: ports) to 4
2026-07-09 00:47:19.286 9 INFO neutron.api.wsgi [req-fbd9cbe8-309c-4401-af0b-32361adbfb2c req-71901d43-0892-4da6-910e-496e4696d7e2 d6d4ae095f6a4cc2a76be4e7569ac5dc 3d76cb75425c4c7789b8ea7099232f05 - - a4c9ffe7ac2d4d0d817b6f5e32ccdf77 a4c9ffe7ac2d4d0d817b6f5e32ccdf77] 199.204.45.77 "PUT /v2.0/ports/93483b81-39fc-46ca-9843-8ab211c2fae2 HTTP/1.1" status: 200 len: 1408 time: 0.6780508
2026-07-09 00:47:19.332 9 INFO neutron.notifiers.nova [-] Nova event matching ['req-fdcb0a03-5bd5-405a-af79-9c36f9e985aa'] response: {'name': 'network-changed', 'server_uuid': 'e4b3c11d-8135-4cb3-ac5a-625315f441d9', 'tag': '93483b81-39fc-46ca-9843-8ab211c2fae2', 'status': 'completed', 'code': 200}
2026-07-09 00:47:19.572 10 INFO neutron.services.segments.plugin [-] Segment 67d10842-590a-4c49-9970-cd74751baf64 resource provider aggregate not found
2026-07-09 00:47:19.577 10 INFO neutron.services.segments.plugin [-] Segment 67d10842-590a-4c49-9970-cd74751baf64 resource provider aggregate not found
2026-07-09 00:47:19.593 10 INFO neutron.services.segments.plugin [-] Segment 67d10842-590a-4c49-9970-cd74751baf64 resource provider not found; error: Placement Client Error (4xx): {"errors": [{"status": 404, "title": "Not Found", "detail": "The resource could not be found.\n\n No resource provider with uuid 67d10842-590a-4c49-9970-cd74751baf64 found for delete ", "request_id": "req-784aecb4-72c4-4720-9da7-a660aa97bc1e"}]}
2026-07-09 00:47:19.594 10 INFO neutron.services.segments.plugin [-] Segment 67d10842-590a-4c49-9970-cd74751baf64 resource provider not found; error: Placement Client Error (4xx): {"errors": [{"status": 404, "title": "Not Found", "detail": "The resource could not be found.\n\n No resource provider with uuid 67d10842-590a-4c49-9970-cd74751baf64 found for delete ", "request_id": "req-6184c72c-bbda-4414-a150-b26b0e8d30ea"}]}
2026-07-09 00:47:19.606 10 INFO neutron.api.wsgi [None req-cc8bac0d-4f15-45d3-b304-897ea6264525 bd3afb86905d49fd85247d370afae5af cdd0ab044d2f427fb4b1115c42c3d0a3 - - default default] 10.0.0.38 "DELETE /v2.0/networks/c1e6c1c3-61fa-442f-aeaf-284a65a969ea HTTP/1.1" status: 204 len: 168 time: 0.3264537
2026-07-09 00:47:19.893 9 INFO neutron.api.wsgi [req-8faf577e-3019-47b3-be0c-fb17cd99bfe6 req-53fe1047-a813-44d9-8316-0951ab2aa71b d6d4ae095f6a4cc2a76be4e7569ac5dc 3d76cb75425c4c7789b8ea7099232f05 - - a4c9ffe7ac2d4d0d817b6f5e32ccdf77 a4c9ffe7ac2d4d0d817b6f5e32ccdf77] 199.204.45.77 "GET /v2.0/ports?tenant_id=ce5bf088d9914f6c9fbb3bea26d74e2e&device_id=e4b3c11d-8135-4cb3-ac5a-625315f441d9 HTTP/1.1" status: 200 len: 1411 time: 0.0514188
2026-07-09 00:47:19.941 9 INFO neutron.api.wsgi [req-8faf577e-3019-47b3-be0c-fb17cd99bfe6 req-fe974a2f-3e0c-40a4-ad89-2c3b1d4719a8 d6d4ae095f6a4cc2a76be4e7569ac5dc 3d76cb75425c4c7789b8ea7099232f05 - - a4c9ffe7ac2d4d0d817b6f5e32ccdf77 a4c9ffe7ac2d4d0d817b6f5e32ccdf77] 199.204.45.77 "GET /v2.0/networks?tenant_id=ce5bf088d9914f6c9fbb3bea26d74e2e&shared=False HTTP/1.1" status: 200 len: 958 time: 0.0428343
2026-07-09 00:47:19.995 9 INFO neutron.api.wsgi [req-8faf577e-3019-47b3-be0c-fb17cd99bfe6 req-770fb488-2578-41d3-81ab-a6a7b8817199 d6d4ae095f6a4cc2a76be4e7569ac5dc 3d76cb75425c4c7789b8ea7099232f05 - - a4c9ffe7ac2d4d0d817b6f5e32ccdf77 a4c9ffe7ac2d4d0d817b6f5e32ccdf77] 199.204.45.77 "GET /v2.0/networks?shared=True HTTP/1.1" status: 200 len: 952 time: 0.0477347
2026-07-09 00:47:20.328 9 INFO neutron.api.wsgi [req-fc93edcf-7bfe-4e60-96d8-f5cef0d755ff req-9eba3034-c088-4875-be8f-567fabcaf167 a988b9cbb1a94682bf5b884c0c537762 ce5bf088d9914f6c9fbb3bea26d74e2e - - default default] 10.0.0.31 "GET /v2.0/ports?device_id=e4b3c11d-8135-4cb3-ac5a-625315f441d9 HTTP/1.1" status: 200 len: 1172 time: 0.0312335
2026-07-09 00:47:20.363 9 INFO neutron.api.wsgi [req-fc93edcf-7bfe-4e60-96d8-f5cef0d755ff req-b1f97156-70c5-4ce0-9001-8b707e2b46d4 a988b9cbb1a94682bf5b884c0c537762 ce5bf088d9914f6c9fbb3bea26d74e2e - - default default] 10.0.0.31 "GET /v2.0/security-groups?id=324686ab-9e98-4e41-8c8c-21ae837cbcfa&fields=id&fields=name HTTP/1.1" status: 200 len: 312 time: 0.0311856
2026-07-09 00:47:20.460 10 INFO neutron.api.wsgi [None req-ed64c106-fd4d-40e6-804b-24b3573adedf 21194a289b77496faff67688a8fd7b4b f3cf2f2864f8488f9ee1f2769b181541 - - default default] 10.0.0.38 "GET /v2.0/security-groups?tenant_id=cdd0ab044d2f427fb4b1115c42c3d0a3&name=default HTTP/1.1" status: 200 len: 3120 time: 0.2215922
2026-07-09 00:47:20.687 10 INFO neutron.api.wsgi [None req-f863118c-3ff1-415e-8c66-9494c24d73e8 21194a289b77496faff67688a8fd7b4b f3cf2f2864f8488f9ee1f2769b181541 - - default default] 10.0.0.38 "DELETE /v2.0/security-groups/10d8733c-2a50-47b0-b740-33407f620217 HTTP/1.1" status: 204 len: 168 time: 0.2208774
2026-07-09 00:47:20.960 9 INFO neutron.db.ovn_revision_numbers_db [None req-c0634e60-9b48-465b-862b-03d986e8c2d7 21194a289b77496faff67688a8fd7b4b f3cf2f2864f8488f9ee1f2769b181541 - - default default] Successfully bumped revision number for resource 3e4d36d0-2839-4c9a-9321-e426ba935c63 (type: security_groups) to 1
2026-07-09 00:47:20.971 9 INFO neutron.db.ovn_revision_numbers_db [None req-c0634e60-9b48-465b-862b-03d986e8c2d7 21194a289b77496faff67688a8fd7b4b f3cf2f2864f8488f9ee1f2769b181541 - - default default] Successfully bumped revision number for resource 9e3c4965-eae0-4da9-a007-0adc73f21bed (type: security_group_rules) to 0
2026-07-09 00:47:20.983 9 INFO neutron.db.ovn_revision_numbers_db [None req-c0634e60-9b48-465b-862b-03d986e8c2d7 21194a289b77496faff67688a8fd7b4b f3cf2f2864f8488f9ee1f2769b181541 - - default default] Successfully bumped revision number for resource a6deb2ee-085c-4a95-a942-0b7b85fe0f39 (type: security_group_rules) to 0
2026-07-09 00:47:20.998 9 INFO neutron.db.ovn_revision_numbers_db [None req-c0634e60-9b48-465b-862b-03d986e8c2d7 21194a289b77496faff67688a8fd7b4b f3cf2f2864f8488f9ee1f2769b181541 - - default default] Successfully bumped revision number for resource f48aad80-7ccb-472f-8fcd-6340f34a75ea (type: security_group_rules) to 0
2026-07-09 00:47:21.014 9 INFO neutron.db.ovn_revision_numbers_db [None req-c0634e60-9b48-465b-862b-03d986e8c2d7 21194a289b77496faff67688a8fd7b4b f3cf2f2864f8488f9ee1f2769b181541 - - default default] Successfully bumped revision number for resource fca70787-9818-447f-8f66-065c30073d46 (type: security_group_rules) to 0
2026-07-09 00:47:21.061 9 INFO neutron.api.wsgi [req-fbd9cbe8-309c-4401-af0b-32361adbfb2c req-5d0ed74a-2c91-41e2-94f3-363fe566878b d6d4ae095f6a4cc2a76be4e7569ac5dc 3d76cb75425c4c7789b8ea7099232f05 - - a4c9ffe7ac2d4d0d817b6f5e32ccdf77 a4c9ffe7ac2d4d0d817b6f5e32ccdf77] 199.204.45.77 "GET /v2.0/ports?tenant_id=ce5bf088d9914f6c9fbb3bea26d74e2e&device_id=e4b3c11d-8135-4cb3-ac5a-625315f441d9 HTTP/1.1" status: 200 len: 1411 time: 0.0448146
2026-07-09 00:47:21.068 9 INFO neutron.api.wsgi [None req-c0634e60-9b48-465b-862b-03d986e8c2d7 21194a289b77496faff67688a8fd7b4b f3cf2f2864f8488f9ee1f2769b181541 - - default default] 10.0.0.38 "GET /v2.0/security-groups?tenant_id=3d25d85fd44a47358c295633ff3588f2&name=default HTTP/1.1" status: 200 len: 3120 time: 0.2223775
2026-07-09 00:47:21.086 9 INFO neutron.api.wsgi [req-fbd9cbe8-309c-4401-af0b-32361adbfb2c req-4a64e04d-6306-4e64-a0b3-8bebbff45296 d6d4ae095f6a4cc2a76be4e7569ac5dc 3d76cb75425c4c7789b8ea7099232f05 - - a4c9ffe7ac2d4d0d817b6f5e32ccdf77 a4c9ffe7ac2d4d0d817b6f5e32ccdf77] 199.204.45.77 "GET /v2.0/floatingips?fixed_ip_address=10.100.0.12&port_id=93483b81-39fc-46ca-9843-8ab211c2fae2 HTTP/1.1" status: 200 len: 217 time: 0.0168974
2026-07-09 00:47:21.118 9 INFO neutron.api.wsgi [req-fbd9cbe8-309c-4401-af0b-32361adbfb2c req-9a80111b-4b36-41c5-b809-e5d98995a294 d6d4ae095f6a4cc2a76be4e7569ac5dc 3d76cb75425c4c7789b8ea7099232f05 - - a4c9ffe7ac2d4d0d817b6f5e32ccdf77 a4c9ffe7ac2d4d0d817b6f5e32ccdf77] 199.204.45.77 "GET /v2.0/subnets?id=549b38fa-8fd8-4210-a94b-40a72c5dbafd HTTP/1.1" status: 200 len: 876 time: 0.0264208
2026-07-09 00:47:21.146 9 INFO neutron.api.wsgi [req-fbd9cbe8-309c-4401-af0b-32361adbfb2c req-d899ad5d-04c7-46ec-bf2a-9c950b3a15eb d6d4ae095f6a4cc2a76be4e7569ac5dc 3d76cb75425c4c7789b8ea7099232f05 - - a4c9ffe7ac2d4d0d817b6f5e32ccdf77 a4c9ffe7ac2d4d0d817b6f5e32ccdf77] 199.204.45.77 "GET /v2.0/ports?network_id=44cd0316-c61e-4b6b-8372-07808f60004c&device_owner=network%3Adhcp HTTP/1.1" status: 200 len: 210 time: 0.0217211
2026-07-09 00:47:21.209 9 INFO neutron.api.wsgi [req-fbd9cbe8-309c-4401-af0b-32361adbfb2c req-eb4da8e8-6e74-4dac-a431-6d56ce9b59f1 d6d4ae095f6a4cc2a76be4e7569ac5dc 3d76cb75425c4c7789b8ea7099232f05 - - a4c9ffe7ac2d4d0d817b6f5e32ccdf77 a4c9ffe7ac2d4d0d817b6f5e32ccdf77] 199.204.45.77 "GET /v2.0/networks/44cd0316-c61e-4b6b-8372-07808f60004c?fields=segments HTTP/1.1" status: 200 len: 212 time: 0.0560553
2026-07-09 00:47:21.276 9 INFO neutron.api.wsgi [req-fbd9cbe8-309c-4401-af0b-32361adbfb2c req-78c4f350-750f-4323-82ed-7b9d5e477185 d6d4ae095f6a4cc2a76be4e7569ac5dc 3d76cb75425c4c7789b8ea7099232f05 - - a4c9ffe7ac2d4d0d817b6f5e32ccdf77 a4c9ffe7ac2d4d0d817b6f5e32ccdf77] 199.204.45.77 "GET /v2.0/networks/44cd0316-c61e-4b6b-8372-07808f60004c?fields=provider%3Aphysical_network&fields=provider%3Anetwork_type HTTP/1.1" status: 200 len: 277 time: 0.0620751
2026-07-09 00:47:21.315 10 INFO neutron.api.wsgi [None req-37291f21-d7df-45e6-879b-d2686235dc4b 21194a289b77496faff67688a8fd7b4b f3cf2f2864f8488f9ee1f2769b181541 - - default default] 10.0.0.38 "DELETE /v2.0/security-groups/3e4d36d0-2839-4c9a-9321-e426ba935c63 HTTP/1.1" status: 204 len: 168 time: 0.2425201
2026-07-09 00:47:21.502 10 INFO neutron.api.wsgi [req-cb3e122b-1fb8-430b-acb1-0d9ad20adfff req-e88ad20e-bd75-407e-9292-5363400b89a4 a988b9cbb1a94682bf5b884c0c537762 ce5bf088d9914f6c9fbb3bea26d74e2e - - default default] 10.0.0.31 "GET /v2.0/ports?device_id=e4b3c11d-8135-4cb3-ac5a-625315f441d9 HTTP/1.1" status: 200 len: 1172 time: 0.0742793
2026-07-09 00:47:21.561 10 INFO neutron.api.wsgi [req-cb3e122b-1fb8-430b-acb1-0d9ad20adfff req-95991b86-42c5-4e47-b41d-d9d6ebaae961 a988b9cbb1a94682bf5b884c0c537762 ce5bf088d9914f6c9fbb3bea26d74e2e - - default default] 10.0.0.31 "GET /v2.0/security-groups?id=324686ab-9e98-4e41-8c8c-21ae837cbcfa&fields=id&fields=name HTTP/1.1" status: 200 len: 312 time: 0.0514390
2026-07-09 00:47:22.658 9 WARNING neutron_lib.context [None req-82f4bb97-9a48-4315-8e3b-bd75ce9906ca 32a714bcacbc43c584c1935fccc44450 18ecce58d3b348a3aa4ee61de3c958d7 - - default default] Method 'is_advsvc' is deprecated since 2023.2 release (neutron-lib 3.8.0) and will be removed once support for the old RBAC API policies will be removed from Neutron. Please use method 'is_service_role' instead.
2026-07-09 00:47:22.675 9 INFO neutron.api.wsgi [req-b9a54348-ab8a-457a-a45f-9e8db0624cf5 req-5ddcd72c-884e-4f9d-8adf-b452d88d4b8d a988b9cbb1a94682bf5b884c0c537762 ce5bf088d9914f6c9fbb3bea26d74e2e - - default default] 10.0.0.31 "GET /v2.0/ports?device_id=e4b3c11d-8135-4cb3-ac5a-625315f441d9 HTTP/1.1" status: 200 len: 1172 time: 0.0521171
2026-07-09 00:47:22.727 9 INFO neutron.api.wsgi [req-b9a54348-ab8a-457a-a45f-9e8db0624cf5 req-070ea238-b625-4af1-9527-71e9cae9154a a988b9cbb1a94682bf5b884c0c537762 ce5bf088d9914f6c9fbb3bea26d74e2e - - default default] 10.0.0.31 "GET /v2.0/security-groups?id=324686ab-9e98-4e41-8c8c-21ae837cbcfa&fields=id&fields=name HTTP/1.1" status: 200 len: 312 time: 0.0450208
2026-07-09 00:47:22.891 9 WARNING neutron.scheduler.dhcp_agent_scheduler [None req-82f4bb97-9a48-4315-8e3b-bd75ce9906ca 32a714bcacbc43c584c1935fccc44450 18ecce58d3b348a3aa4ee61de3c958d7 - - default default] No more DHCP agents
2026-07-09 00:47:22.892 9 WARNING neutron.api.rpc.agentnotifiers.dhcp_rpc_agent_api [None req-82f4bb97-9a48-4315-8e3b-bd75ce9906ca 32a714bcacbc43c584c1935fccc44450 18ecce58d3b348a3aa4ee61de3c958d7 - - default default] Unable to schedule network c0c9bd91-e1e7-4eaf-8008-8ac8d6e5deec: no agents available; will retry on subsequent port and subnet creation events.
2026-07-09 00:47:23.168 9 INFO neutron.api.wsgi [None req-82f4bb97-9a48-4315-8e3b-bd75ce9906ca 32a714bcacbc43c584c1935fccc44450 18ecce58d3b348a3aa4ee61de3c958d7 - - default default] 10.0.0.38 "POST /v2.0/floatingips HTTP/1.1" status: 201 len: 751 time: 0.6438508
2026-07-09 00:47:23.260 9 INFO neutron.api.wsgi [None req-86c3933b-7f83-48f7-b6cf-b18dcbf3e1ed 32a714bcacbc43c584c1935fccc44450 18ecce58d3b348a3aa4ee61de3c958d7 - - default default] 10.0.0.38 "PUT /v2.0/floatingips/7ab9ba61-0ff6-4d4b-9e6c-42104e9657ad/tags HTTP/1.1" status: 200 len: 218 time: 0.0856183
2026-07-09 00:47:23.294 9 INFO neutron.api.wsgi [None req-7706651c-acb8-4db4-a249-073f5f22411e 32a714bcacbc43c584c1935fccc44450 18ecce58d3b348a3aa4ee61de3c958d7 - - default default] 10.0.0.38 "GET /v2.0/floatingips/7ab9ba61-0ff6-4d4b-9e6c-42104e9657ad/tags HTTP/1.1" status: 200 len: 218 time: 0.0288064
2026-07-09 00:47:23.343 9 INFO neutron.api.wsgi [None req-e4947213-b046-46e8-8970-cff6611e7ee0 32a714bcacbc43c584c1935fccc44450 18ecce58d3b348a3aa4ee61de3c958d7 - - default default] 10.0.0.38 "PUT /v2.0/floatingips/7ab9ba61-0ff6-4d4b-9e6c-42104e9657ad/tags/green HTTP/1.1" status: 201 len: 201 time: 0.0437655
2026-07-09 00:47:23.373 9 INFO neutron.api.wsgi [None req-41f05d73-e826-4291-b0d4-47a71067f58d 32a714bcacbc43c584c1935fccc44450 18ecce58d3b348a3aa4ee61de3c958d7 - - default default] 10.0.0.38 "GET /v2.0/floatingips/7ab9ba61-0ff6-4d4b-9e6c-42104e9657ad/tags HTTP/1.1" status: 200 len: 227 time: 0.0243540
2026-07-09 00:47:23.414 9 INFO neutron.api.wsgi [None req-89a48a9e-6929-4720-b8d5-87e39266bf0b 32a714bcacbc43c584c1935fccc44450 18ecce58d3b348a3aa4ee61de3c958d7 - - default default] 10.0.0.38 "PUT /v2.0/floatingips/7ab9ba61-0ff6-4d4b-9e6c-42104e9657ad/tags/red HTTP/1.1" status: 201 len: 201 time: 0.0339427
2026-07-09 00:47:23.444 9 INFO neutron.api.wsgi [None req-b72eac14-c932-42be-83d0-681ea1e3f77e 32a714bcacbc43c584c1935fccc44450 18ecce58d3b348a3aa4ee61de3c958d7 - - default default] 10.0.0.38 "GET /v2.0/floatingips/7ab9ba61-0ff6-4d4b-9e6c-42104e9657ad/tags HTTP/1.1" status: 200 len: 227 time: 0.0248532
2026-07-09 00:47:23.450 10 INFO neutron.plugins.ml2.drivers.ovn.mech_driver.mech_driver [None req-5a7cd82f-5769-4013-88cb-a5d5ce09facb - - - - - -] OVN reports status up for port: 93483b81-39fc-46ca-9843-8ab211c2fae2
2026-07-09 00:47:23.461 10 INFO neutron.plugins.ml2.plugin [None req-5a7cd82f-5769-4013-88cb-a5d5ce09facb - - - - - -] Attempt 1 to provision port 93483b81-39fc-46ca-9843-8ab211c2fae2
2026-07-09 00:47:23.485 9 INFO neutron.api.wsgi [None req-6b67a22a-5db8-4971-827a-9dd598af7a42 32a714bcacbc43c584c1935fccc44450 18ecce58d3b348a3aa4ee61de3c958d7 - - default default] 10.0.0.38 "PUT /v2.0/floatingips/7ab9ba61-0ff6-4d4b-9e6c-42104e9657ad/tags/black.or.white HTTP/1.1" status: 201 len: 201 time: 0.0351527
2026-07-09 00:47:23.515 9 INFO neutron.api.wsgi [None req-8f98f1cf-1e2c-480f-bc39-8019650c69b4 32a714bcacbc43c584c1935fccc44450 18ecce58d3b348a3aa4ee61de3c958d7 - - default default] 10.0.0.38 "GET /v2.0/floatingips/7ab9ba61-0ff6-4d4b-9e6c-42104e9657ad/tags HTTP/1.1" status: 200 len: 245 time: 0.0229533
2026-07-09 00:47:23.564 9 INFO neutron.api.wsgi [None req-5534473b-f314-47b2-98a9-f4127607c105 32a714bcacbc43c584c1935fccc44450 18ecce58d3b348a3aa4ee61de3c958d7 - - default default] 10.0.0.38 "PUT /v2.0/floatingips/7ab9ba61-0ff6-4d4b-9e6c-42104e9657ad/tags HTTP/1.1" status: 200 len: 230 time: 0.0424037
2026-07-09 00:47:23.590 10 INFO neutron.notifiers.nova [-] Nova event matching ['req-e61ba138-6492-4f38-a238-c7fde8b3ad11'] response: {'server_uuid': 'e4b3c11d-8135-4cb3-ac5a-625315f441d9', 'name': 'network-vif-plugged', 'status': 'completed', 'tag': '93483b81-39fc-46ca-9843-8ab211c2fae2', 'code': 200}
2026-07-09 00:47:23.603 9 INFO neutron.api.wsgi [None req-4ce8696e-673f-45fd-a2ba-95e02e3666fc 32a714bcacbc43c584c1935fccc44450 18ecce58d3b348a3aa4ee61de3c958d7 - - default default] 10.0.0.38 "GET /v2.0/floatingips/7ab9ba61-0ff6-4d4b-9e6c-42104e9657ad/tags HTTP/1.1" status: 200 len: 230 time: 0.0330253
2026-07-09 00:47:23.631 9 INFO neutron.api.wsgi [None req-2ab6fcbd-c1ef-4fb2-8fff-0e5cf4016725 32a714bcacbc43c584c1935fccc44450 18ecce58d3b348a3aa4ee61de3c958d7 - - default default] 10.0.0.38 "GET /v2.0/floatingips/7ab9ba61-0ff6-4d4b-9e6c-42104e9657ad/tags/red HTTP/1.1" status: 204 len: 168 time: 0.0211551
2026-07-09 00:47:23.659 9 INFO neutron.api.v2.resource [None req-f5a986ca-9c45-479a-bdf6-8d0b6fc044ca 32a714bcacbc43c584c1935fccc44450 18ecce58d3b348a3aa4ee61de3c958d7 - - default default] show failed (client error): The resource could not be found.
2026-07-09 00:47:23.660 9 INFO neutron.api.wsgi [None req-f5a986ca-9c45-479a-bdf6-8d0b6fc044ca 32a714bcacbc43c584c1935fccc44450 18ecce58d3b348a3aa4ee61de3c958d7 - - default default] 10.0.0.38 "GET /v2.0/floatingips/7ab9ba61-0ff6-4d4b-9e6c-42104e9657ad/tags/green HTTP/1.1" status: 404 len: 299 time: 0.0228446
2026-07-09 00:47:23.681 10 INFO neutron.db.ovn_revision_numbers_db [None req-5a7cd82f-5769-4013-88cb-a5d5ce09facb - - - - - -] Successfully bumped revision number for resource 93483b81-39fc-46ca-9843-8ab211c2fae2 (type: ports) to 5
2026-07-09 00:47:23.697 9 INFO neutron.api.wsgi [None req-44a6117f-8704-45f2-8ef3-a7094f1787ba 32a714bcacbc43c584c1935fccc44450 18ecce58d3b348a3aa4ee61de3c958d7 - - default default] 10.0.0.38 "DELETE /v2.0/floatingips/7ab9ba61-0ff6-4d4b-9e6c-42104e9657ad/tags/red HTTP/1.1" status: 204 len: 168 time: 0.0319636
2026-07-09 00:47:23.722 9 INFO neutron.api.wsgi [None req-c883d2b8-cb5c-450f-a285-1505a13fca83 32a714bcacbc43c584c1935fccc44450 18ecce58d3b348a3aa4ee61de3c958d7 - - default default] 10.0.0.38 "GET /v2.0/floatingips/7ab9ba61-0ff6-4d4b-9e6c-42104e9657ad/tags HTTP/1.1" status: 200 len: 223 time: 0.0204260
2026-07-09 00:47:23.747 9 INFO neutron.api.v2.resource [None req-ed5f7ff6-614c-422b-8e17-9b9599283ebc 32a714bcacbc43c584c1935fccc44450 18ecce58d3b348a3aa4ee61de3c958d7 - - default default] delete failed (client error): The resource could not be found.
2026-07-09 00:47:23.748 9 INFO neutron.api.wsgi [None req-ed5f7ff6-614c-422b-8e17-9b9599283ebc 32a714bcacbc43c584c1935fccc44450 18ecce58d3b348a3aa4ee61de3c958d7 - - default default] 10.0.0.38 "DELETE /v2.0/floatingips/7ab9ba61-0ff6-4d4b-9e6c-42104e9657ad/tags/green HTTP/1.1" status: 404 len: 299 time: 0.0206397
2026-07-09 00:47:23.785 9 INFO neutron.api.wsgi [None req-b79a9a08-c147-402b-aa3e-295cdc8ccf86 32a714bcacbc43c584c1935fccc44450 18ecce58d3b348a3aa4ee61de3c958d7 - - default default] 10.0.0.38 "DELETE /v2.0/floatingips/7ab9ba61-0ff6-4d4b-9e6c-42104e9657ad/tags HTTP/1.1" status: 204 len: 168 time: 0.0315728 /var/lib/openstack/lib/python3.12/site-packages/pycadf/identifier.py:71: UserWarning: Invalid uuid: neutron. To ensure interoperability, identifiers should be a valid uuid. warnings.warn(('Invalid uuid: %s. To ensure interoperability, '
2026-07-09 00:47:23.810 9 INFO neutron.api.wsgi [req-0dd34155-6cd9-4afd-831e-9bcf02f1e56a req-cceb0dce-fec6-41c5-bd4c-11fa8f142d77 a988b9cbb1a94682bf5b884c0c537762 ce5bf088d9914f6c9fbb3bea26d74e2e - - default default] 10.0.0.31 "GET /v2.0/ports?device_id=e4b3c11d-8135-4cb3-ac5a-625315f441d9 HTTP/1.1" status: 200 len: 1174 time: 0.0280538
2026-07-09 00:47:23.819 10 INFO neutron.api.wsgi [None req-cba7e29b-1b89-4ee3-a80c-8460ef4876f1 32a714bcacbc43c584c1935fccc44450 18ecce58d3b348a3aa4ee61de3c958d7 - - default default] 10.0.0.38 "GET /v2.0/floatingips/7ab9ba61-0ff6-4d4b-9e6c-42104e9657ad/tags HTTP/1.1" status: 200 len: 205 time: 0.0286877
2026-07-09 00:47:23.874 9 INFO neutron.api.wsgi [req-0dd34155-6cd9-4afd-831e-9bcf02f1e56a req-8974fdd4-fc09-4490-bf5a-26c098c87cd9 a988b9cbb1a94682bf5b884c0c537762 ce5bf088d9914f6c9fbb3bea26d74e2e - - default default] 10.0.0.31 "GET /v2.0/security-groups?id=324686ab-9e98-4e41-8c8c-21ae837cbcfa&fields=id&fields=name HTTP/1.1" status: 200 len: 312 time: 0.0582745
2026-07-09 00:47:24.097 9 INFO neutron.api.wsgi [None req-adf69f08-90c6-4c1d-8dc5-1bbe4469d0ca 32a714bcacbc43c584c1935fccc44450 18ecce58d3b348a3aa4ee61de3c958d7 - - default default] 10.0.0.38 "DELETE /v2.0/floatingips/7ab9ba61-0ff6-4d4b-9e6c-42104e9657ad HTTP/1.1" status: 204 len: 168 time: 0.2711515
2026-07-09 00:47:24.977 10 INFO neutron.api.wsgi [req-da7eadd1-1856-405b-94f0-b825fc71278c req-ac3bf918-0aa2-4266-ac96-8e8e09702f89 a988b9cbb1a94682bf5b884c0c537762 ce5bf088d9914f6c9fbb3bea26d74e2e - - default default] 10.0.0.31 "GET /v2.0/ports?device_id=e4b3c11d-8135-4cb3-ac5a-625315f441d9 HTTP/1.1" status: 200 len: 1174 time: 0.0418549
2026-07-09 00:47:25.020 10 INFO neutron.api.wsgi [req-da7eadd1-1856-405b-94f0-b825fc71278c req-02d9a8e4-031c-47f8-b820-5820259ba14c a988b9cbb1a94682bf5b884c0c537762 ce5bf088d9914f6c9fbb3bea26d74e2e - - default default] 10.0.0.31 "GET /v2.0/security-groups?id=324686ab-9e98-4e41-8c8c-21ae837cbcfa&fields=id&fields=name HTTP/1.1" status: 200 len: 312 time: 0.0378237
2026-07-09 00:47:25.095 10 INFO neutron.db.ovn_revision_numbers_db [None req-91dde555-ae27-46e3-b9d0-7cacd8dcf7f5 21194a289b77496faff67688a8fd7b4b f3cf2f2864f8488f9ee1f2769b181541 - - default default] Successfully bumped revision number for resource 7a863386-706f-4e6a-8426-53c31548f5c8 (type: security_groups) to 1
2026-07-09 00:47:25.119 10 INFO neutron.db.ovn_revision_numbers_db [None req-91dde555-ae27-46e3-b9d0-7cacd8dcf7f5 21194a289b77496faff67688a8fd7b4b f3cf2f2864f8488f9ee1f2769b181541 - - default default] Successfully bumped revision number for resource 8affa3e9-7201-4736-9db7-29e4f3b0f5f3 (type: security_group_rules) to 0
2026-07-09 00:47:25.134 10 INFO neutron.db.ovn_revision_numbers_db [None req-91dde555-ae27-46e3-b9d0-7cacd8dcf7f5 21194a289b77496faff67688a8fd7b4b f3cf2f2864f8488f9ee1f2769b181541 - - default default] Successfully bumped revision number for resource 9aaeaed2-d3f4-4437-82c3-cd14f4805c6c (type: security_group_rules) to 0
2026-07-09 00:47:25.153 10 INFO neutron.db.ovn_revision_numbers_db [None req-91dde555-ae27-46e3-b9d0-7cacd8dcf7f5 21194a289b77496faff67688a8fd7b4b f3cf2f2864f8488f9ee1f2769b181541 - - default default] Successfully bumped revision number for resource bb6cb8c9-6763-46fd-9b95-5d84779f2be8 (type: security_group_rules) to 0
2026-07-09 00:47:25.174 10 INFO neutron.db.ovn_revision_numbers_db [None req-91dde555-ae27-46e3-b9d0-7cacd8dcf7f5 21194a289b77496faff67688a8fd7b4b f3cf2f2864f8488f9ee1f2769b181541 - - default default] Successfully bumped revision number for resource d0d1e83b-73cc-43aa-8c95-f4b1f961a226 (type: security_group_rules) to 0
2026-07-09 00:47:25.220 10 INFO neutron.api.wsgi [None req-91dde555-ae27-46e3-b9d0-7cacd8dcf7f5 21194a289b77496faff67688a8fd7b4b f3cf2f2864f8488f9ee1f2769b181541 - - default default] 10.0.0.38 "GET /v2.0/security-groups?tenant_id=a24444df6d4c42a8baef86e6e9863b7d&name=default HTTP/1.1" status: 200 len: 3124 time: 0.3903053
2026-07-09 00:47:25.431 10 INFO neutron.api.wsgi [None req-5735360d-f536-40b1-8f09-33808d25a744 21194a289b77496faff67688a8fd7b4b f3cf2f2864f8488f9ee1f2769b181541 - - default default] 10.0.0.38 "DELETE /v2.0/security-groups/7a863386-706f-4e6a-8426-53c31548f5c8 HTTP/1.1" status: 204 len: 168 time: 0.2040999
2026-07-09 00:47:25.628 10 INFO neutron.notifiers.nova [-] Nova event matching ['req-5d4db538-9b34-484c-9408-49fceb6c776a'] response: {'server_uuid': 'e4b3c11d-8135-4cb3-ac5a-625315f441d9', 'name': 'network-vif-plugged', 'status': 'completed', 'tag': '93483b81-39fc-46ca-9843-8ab211c2fae2', 'code': 200}
2026-07-09 00:47:25.658 9 INFO neutron.db.ovn_revision_numbers_db [None req-1dc8d33a-cbdb-469e-bb56-54f6ab42e97f 21194a289b77496faff67688a8fd7b4b f3cf2f2864f8488f9ee1f2769b181541 - - default default] Successfully bumped revision number for resource 474cb5d7-08b0-4744-91d2-3ffb6ea332f4 (type: security_groups) to 1
2026-07-09 00:47:25.674 9 INFO neutron.db.ovn_revision_numbers_db [None req-1dc8d33a-cbdb-469e-bb56-54f6ab42e97f 21194a289b77496faff67688a8fd7b4b f3cf2f2864f8488f9ee1f2769b181541 - - default default] Successfully bumped revision number for resource 2354bbe9-de11-4f5b-88be-57888fb3ad8b (type: security_group_rules) to 0
2026-07-09 00:47:25.690 9 INFO neutron.db.ovn_revision_numbers_db [None req-1dc8d33a-cbdb-469e-bb56-54f6ab42e97f 21194a289b77496faff67688a8fd7b4b f3cf2f2864f8488f9ee1f2769b181541 - - default default] Successfully bumped revision number for resource 2b4dedbf-4169-4d4c-881e-ef06dacfd19a (type: security_group_rules) to 0
2026-07-09 00:47:25.703 9 INFO neutron.db.ovn_revision_numbers_db [None req-1dc8d33a-cbdb-469e-bb56-54f6ab42e97f 21194a289b77496faff67688a8fd7b4b f3cf2f2864f8488f9ee1f2769b181541 - - default default] Successfully bumped revision number for resource 432471a8-0737-4a08-b1be-b756f6a0f8fb (type: security_group_rules) to 0
2026-07-09 00:47:25.716 9 INFO neutron.db.ovn_revision_numbers_db [None req-1dc8d33a-cbdb-469e-bb56-54f6ab42e97f 21194a289b77496faff67688a8fd7b4b f3cf2f2864f8488f9ee1f2769b181541 - - default default] Successfully bumped revision number for resource c7464926-94c2-4648-8a2f-def5bb76c8fa (type: security_group_rules) to 0
2026-07-09 00:47:25.750 9 INFO neutron.api.wsgi [None req-1dc8d33a-cbdb-469e-bb56-54f6ab42e97f 21194a289b77496faff67688a8fd7b4b f3cf2f2864f8488f9ee1f2769b181541 - - default default] 10.0.0.38 "GET /v2.0/security-groups?tenant_id=18ecce58d3b348a3aa4ee61de3c958d7&name=default HTTP/1.1" status: 200 len: 3124 time: 0.2017262
2026-07-09 00:47:25.943 9 INFO neutron.api.wsgi [None req-6fd8948c-95db-43a8-a921-55ab7f390f2d 21194a289b77496faff67688a8fd7b4b f3cf2f2864f8488f9ee1f2769b181541 - - default default] 10.0.0.38 "DELETE /v2.0/security-groups/474cb5d7-08b0-4744-91d2-3ffb6ea332f4 HTTP/1.1" status: 204 len: 168 time: 0.1874917
2026-07-09 00:47:26.115 10 INFO neutron.api.wsgi [req-b6cb96dd-b9a4-4ee0-a885-dfe6a73326fc req-bd8789c7-ce21-4d6e-b506-e791d4ded1f0 a988b9cbb1a94682bf5b884c0c537762 ce5bf088d9914f6c9fbb3bea26d74e2e - - default default] 10.0.0.31 "GET /v2.0/ports?device_id=e4b3c11d-8135-4cb3-ac5a-625315f441d9 HTTP/1.1" status: 200 len: 1174 time: 0.0359902
2026-07-09 00:47:26.159 10 INFO neutron.api.wsgi [req-b6cb96dd-b9a4-4ee0-a885-dfe6a73326fc req-fd25a013-5aa5-439f-9c8b-92c85ab468a3 a988b9cbb1a94682bf5b884c0c537762 ce5bf088d9914f6c9fbb3bea26d74e2e - - default default] 10.0.0.31 "GET /v2.0/security-groups?id=324686ab-9e98-4e41-8c8c-21ae837cbcfa&fields=id&fields=name HTTP/1.1" status: 200 len: 312 time: 0.0398977
2026-07-09 00:47:26.301 9 INFO neutron.api.wsgi [req-4f327814-bf4e-4ea8-a583-3529c9c51761 req-15935168-7bcb-4f42-9b07-dcef1106b5fa a988b9cbb1a94682bf5b884c0c537762 ce5bf088d9914f6c9fbb3bea26d74e2e - - default default] 10.0.0.31 "GET /v2.0/ports?device_id=e4b3c11d-8135-4cb3-ac5a-625315f441d9 HTTP/1.1" status: 200 len: 1174 time: 0.0709465
2026-07-09 00:47:26.354 9 INFO neutron.api.wsgi [req-4f327814-bf4e-4ea8-a583-3529c9c51761 req-162b1809-87b4-483f-895c-bb8c3e05f409 a988b9cbb1a94682bf5b884c0c537762 ce5bf088d9914f6c9fbb3bea26d74e2e - - default default] 10.0.0.31 "GET /v2.0/security-groups?id=324686ab-9e98-4e41-8c8c-21ae837cbcfa&fields=id&fields=name HTTP/1.1" status: 200 len: 312 time: 0.0444005
2026-07-09 00:47:26.415 9 INFO neutron.api.wsgi [None req-094c7624-bc4d-4d99-9c09-a1201b9befd1 4362d86dda4346b5a785ba313284256d 1560d7675ca94dc6866124db144487b8 - - default default] 10.0.0.38 "GET /v2.0/ports?device_id=e4b3c11d-8135-4cb3-ac5a-625315f441d9 HTTP/1.1" status: 200 len: 1408 time: 0.0330181
2026-07-09 00:47:27.396 9 INFO neutron.db.ovn_revision_numbers_db [None req-da360eab-123a-4acf-8fa2-c6733cffc57a a988b9cbb1a94682bf5b884c0c537762 ce5bf088d9914f6c9fbb3bea26d74e2e - - default default] Successfully bumped revision number for resource f10ff936-a8c7-439f-bd52-976dc2ba6a21 (type: floatingips) to 4
2026-07-09 00:47:27.504 9 INFO neutron.db.ovn_revision_numbers_db [None req-da360eab-123a-4acf-8fa2-c6733cffc57a a988b9cbb1a94682bf5b884c0c537762 ce5bf088d9914f6c9fbb3bea26d74e2e - - default default] Successfully bumped revision number for resource f10ff936-a8c7-439f-bd52-976dc2ba6a21 (type: floatingips) to 5
2026-07-09 00:47:27.504 9 INFO neutron.db.l3_db [None req-da360eab-123a-4acf-8fa2-c6733cffc57a a988b9cbb1a94682bf5b884c0c537762 ce5bf088d9914f6c9fbb3bea26d74e2e - - default default] Floating IP f10ff936-a8c7-439f-bd52-976dc2ba6a21 associated. External IP: 10.96.250.216, port: 93483b81-39fc-46ca-9843-8ab211c2fae2.
2026-07-09 00:47:27.532 9 INFO neutron.api.wsgi [None req-da360eab-123a-4acf-8fa2-c6733cffc57a a988b9cbb1a94682bf5b884c0c537762 ce5bf088d9914f6c9fbb3bea26d74e2e - - default default] 10.0.0.38 "PUT /v2.0/floatingips/f10ff936-a8c7-439f-bd52-976dc2ba6a21 HTTP/1.1" status: 200 len: 1050 time: 1.1107399
2026-07-09 00:47:27.566 9 INFO neutron.notifiers.nova [-] Nova event matching ['req-ca600e0d-6268-4c09-af13-05a532dd4374'] response: {'name': 'network-changed', 'server_uuid': 'e4b3c11d-8135-4cb3-ac5a-625315f441d9', 'tag': '93483b81-39fc-46ca-9843-8ab211c2fae2', 'status': 'completed', 'code': 200}
