2026-07-09 00:49:30.708 9 INFO neutron.api.wsgi [req-6a838d9b-59f5-4918-bc2a-230ea99e9a8c req-b553bea8-9506-4b2d-a91d-1ca73ba5ea91 5b289a70f38746df83dfe2674ef0fb0b fa1ef212c2f54bc5b4f87e94d3ac48e8 - - default default] 10.0.0.31 "GET /v2.0/ports?device_id=5c1e2838-3ca5-4a58-9aa4-b1a77de48236 HTTP/1.1" status: 200 len: 210 time: 0.0238807
2026-07-09 00:49:30.752 10 INFO neutron.api.wsgi [None req-e46259e4-f524-4140-a5cb-be971676a1e9 21194a289b77496faff67688a8fd7b4b f3cf2f2864f8488f9ee1f2769b181541 - - default default] 10.0.0.37 "GET /v2.0/networks HTTP/1.1" status: 200 len: 4718 time: 0.0806313
2026-07-09 00:49:30.794 10 INFO neutron.api.wsgi [None req-5d5ce71a-ff25-4fe1-8ed6-d0a6992d4887 21194a289b77496faff67688a8fd7b4b f3cf2f2864f8488f9ee1f2769b181541 - - default default] 10.0.0.37 "GET /v2.0/security-groups HTTP/1.1" status: 200 len: 28830 time: 0.0380576
2026-07-09 00:49:30.799 9 INFO neutron.api.wsgi [req-f86bf94d-bc85-4207-8a0a-527f4fabc4ba req-d54eb298-259d-4400-a2e1-aefd7e6442ae d6d4ae095f6a4cc2a76be4e7569ac5dc 3d76cb75425c4c7789b8ea7099232f05 - - a4c9ffe7ac2d4d0d817b6f5e32ccdf77 a4c9ffe7ac2d4d0d817b6f5e32ccdf77] 199.204.45.77 "GET /v2.0/ports?tenant_id=fa1ef212c2f54bc5b4f87e94d3ac48e8&device_id=0ab52aee-a40d-43cb-8c38-a1c929a1e8cd HTTP/1.1" status: 200 len: 1630 time: 0.0339994
2026-07-09 00:49:30.852 9 INFO neutron.api.wsgi [req-f86bf94d-bc85-4207-8a0a-527f4fabc4ba req-a8c35a38-845a-4bdb-88d4-7f9d711d4386 d6d4ae095f6a4cc2a76be4e7569ac5dc 3d76cb75425c4c7789b8ea7099232f05 - - a4c9ffe7ac2d4d0d817b6f5e32ccdf77 a4c9ffe7ac2d4d0d817b6f5e32ccdf77] 199.204.45.77 "GET /v2.0/networks?id=aa02c8e4-1ca6-4f5d-b4de-1e9e84be6d7f HTTP/1.1" status: 200 len: 1003 time: 0.0425620
2026-07-09 00:49:30.873 10 INFO neutron.api.wsgi [None req-9f6fb95f-fdfb-44d7-b8c6-49a663e01eb1 21194a289b77496faff67688a8fd7b4b f3cf2f2864f8488f9ee1f2769b181541 - - default default] 10.0.0.37 "GET /v2.0/routers HTTP/1.1" status: 200 len: 1141 time: 0.0705910
2026-07-09 00:49:30.899 9 INFO neutron.api.wsgi [req-f86bf94d-bc85-4207-8a0a-527f4fabc4ba req-f9bba759-35e1-468b-a535-8dedf7781875 d6d4ae095f6a4cc2a76be4e7569ac5dc 3d76cb75425c4c7789b8ea7099232f05 - - a4c9ffe7ac2d4d0d817b6f5e32ccdf77 a4c9ffe7ac2d4d0d817b6f5e32ccdf77] 199.204.45.77 "GET /v2.0/floatingips?fixed_ip_address=10.2.1.78&port_id=039ea386-d9ec-4bd8-b3fe-f3ec12fdb949 HTTP/1.1" status: 200 len: 1058 time: 0.0418210
2026-07-09 00:49:30.902 10 INFO neutron.api.wsgi [None req-b9161380-7fbb-42a4-be45-10ee4e491847 21194a289b77496faff67688a8fd7b4b f3cf2f2864f8488f9ee1f2769b181541 - - default default] 10.0.0.37 "GET /v2.0/agents?binary=ovn-controller HTTP/1.1" status: 200 len: 591 time: 0.0270829
2026-07-09 00:49:30.911 10 INFO neutron.api.wsgi [None req-1637739e-593a-4b2d-ba42-4df36be34fa6 21194a289b77496faff67688a8fd7b4b f3cf2f2864f8488f9ee1f2769b181541 - - default default] 10.0.0.37 "GET /v2.0/agents HTTP/1.1" status: 200 len: 1390 time: 0.0085039
2026-07-09 00:49:30.926 9 INFO neutron.api.wsgi [req-f86bf94d-bc85-4207-8a0a-527f4fabc4ba req-1aed5922-00cd-49f9-b903-adf45bb074ca d6d4ae095f6a4cc2a76be4e7569ac5dc 3d76cb75425c4c7789b8ea7099232f05 - - a4c9ffe7ac2d4d0d817b6f5e32ccdf77 a4c9ffe7ac2d4d0d817b6f5e32ccdf77] 199.204.45.77 "GET /v2.0/floatingips?fixed_ip_address=fd7b%3Af9f7%3Afff%3A4eca%3A%3A1a&port_id=039ea386-d9ec-4bd8-b3fe-f3ec12fdb949 HTTP/1.1" status: 200 len: 217 time: 0.0195982
2026-07-09 00:49:30.944 10 INFO neutron.api.wsgi [None req-bc49c597-39b9-4458-bafa-c34f7dc3a49e 21194a289b77496faff67688a8fd7b4b f3cf2f2864f8488f9ee1f2769b181541 - - default default] 10.0.0.37 "GET /v2.0/subnets HTTP/1.1" status: 200 len: 5686 time: 0.0321074
2026-07-09 00:49:30.959 10 INFO neutron.api.wsgi [None req-df65324b-344a-4c59-a431-c3c50e34a11f 21194a289b77496faff67688a8fd7b4b f3cf2f2864f8488f9ee1f2769b181541 - - default default] 10.0.0.37 "GET /v2.0/subnetpools HTTP/1.1" status: 200 len: 193 time: 0.0087478
2026-07-09 00:49:30.961 9 INFO neutron.api.wsgi [req-f86bf94d-bc85-4207-8a0a-527f4fabc4ba req-278bc0fe-0cc9-40f2-a8d5-958658d82f3a d6d4ae095f6a4cc2a76be4e7569ac5dc 3d76cb75425c4c7789b8ea7099232f05 - - a4c9ffe7ac2d4d0d817b6f5e32ccdf77 a4c9ffe7ac2d4d0d817b6f5e32ccdf77] 199.204.45.77 "GET /v2.0/subnets?id=7109c2a6-70b2-43c2-b308-fb82bb0625f0&id=60c0e80b-e308-48d0-813e-e1f425794e7b HTTP/1.1" status: 200 len: 1610 time: 0.0264597
2026-07-09 00:49:30.985 9 INFO neutron.api.wsgi [req-f86bf94d-bc85-4207-8a0a-527f4fabc4ba req-19826732-de34-4e6e-80fb-207cbab48620 d6d4ae095f6a4cc2a76be4e7569ac5dc 3d76cb75425c4c7789b8ea7099232f05 - - a4c9ffe7ac2d4d0d817b6f5e32ccdf77 a4c9ffe7ac2d4d0d817b6f5e32ccdf77] 199.204.45.77 "GET /v2.0/ports?network_id=aa02c8e4-1ca6-4f5d-b4de-1e9e84be6d7f&device_owner=network%3Adhcp HTTP/1.1" status: 200 len: 210 time: 0.0181377
2026-07-09 00:49:30.995 10 INFO neutron.api.wsgi [None req-4acb0fb6-d372-47dc-8238-f91149539855 21194a289b77496faff67688a8fd7b4b f3cf2f2864f8488f9ee1f2769b181541 - - default default] 10.0.0.37 "GET /v2.0/floatingips HTTP/1.1" status: 200 len: 1034 time: 0.0350566
2026-07-09 00:49:31.009 10 INFO neutron.api.wsgi [None req-b3dbb93f-7bac-4f69-9f20-00f8bc46d4b0 21194a289b77496faff67688a8fd7b4b f3cf2f2864f8488f9ee1f2769b181541 - - default default] 10.0.0.37 "GET /v2.0/network-ip-availabilities HTTP/1.1" status: 200 len: 3361 time: 0.0134635
2026-07-09 00:49:31.010 9 INFO neutron.api.wsgi [req-f86bf94d-bc85-4207-8a0a-527f4fabc4ba req-d47ef175-23f3-4d00-965a-286fcc57477a d6d4ae095f6a4cc2a76be4e7569ac5dc 3d76cb75425c4c7789b8ea7099232f05 - - a4c9ffe7ac2d4d0d817b6f5e32ccdf77 a4c9ffe7ac2d4d0d817b6f5e32ccdf77] 199.204.45.77 "GET /v2.0/ports?network_id=aa02c8e4-1ca6-4f5d-b4de-1e9e84be6d7f&device_owner=network%3Adhcp HTTP/1.1" status: 200 len: 210 time: 0.0170069
2026-07-09 00:49:31.056 10 INFO neutron.api.wsgi [None req-4487bd8e-30b0-4496-ae50-fa0ff2d5c2e3 21194a289b77496faff67688a8fd7b4b f3cf2f2864f8488f9ee1f2769b181541 - - default default] 10.0.0.37 "GET /v2.0/subnets HTTP/1.1" status: 200 len: 5686 time: 0.0451281
2026-07-09 00:49:31.058 9 INFO neutron.api.wsgi [req-f86bf94d-bc85-4207-8a0a-527f4fabc4ba req-3a8a1181-2c01-46a0-9fff-76a1a05bdd4d d6d4ae095f6a4cc2a76be4e7569ac5dc 3d76cb75425c4c7789b8ea7099232f05 - - a4c9ffe7ac2d4d0d817b6f5e32ccdf77 a4c9ffe7ac2d4d0d817b6f5e32ccdf77] 199.204.45.77 "GET /v2.0/networks/aa02c8e4-1ca6-4f5d-b4de-1e9e84be6d7f?fields=segments HTTP/1.1" status: 200 len: 212 time: 0.0402091
2026-07-09 00:49:31.125 9 INFO neutron.api.wsgi [req-f86bf94d-bc85-4207-8a0a-527f4fabc4ba req-23d078e0-52d1-40c2-8e8e-1e814c14f222 d6d4ae095f6a4cc2a76be4e7569ac5dc 3d76cb75425c4c7789b8ea7099232f05 - - a4c9ffe7ac2d4d0d817b6f5e32ccdf77 a4c9ffe7ac2d4d0d817b6f5e32ccdf77] 199.204.45.77 "GET /v2.0/networks/aa02c8e4-1ca6-4f5d-b4de-1e9e84be6d7f?fields=provider%3Aphysical_network&fields=provider%3Anetwork_type HTTP/1.1" status: 200 len: 277 time: 0.0591526
2026-07-09 00:49:31.493 10 INFO neutron.api.wsgi [-] 10.0.0.239 "GET / HTTP/1.1" status: 200 len: 247 time: 0.0025573
2026-07-09 00:49:31.493 9 INFO neutron.api.wsgi [-] 10.0.0.239 "GET / HTTP/1.1" status: 200 len: 247 time: 0.0026765
2026-07-09 00:49:35.086 9 INFO neutron.api.wsgi [req-9721579e-f31c-452f-b662-413fb486a0c8 req-26ff7a9b-e578-4a76-8ac5-5285775df587 5b289a70f38746df83dfe2674ef0fb0b fa1ef212c2f54bc5b4f87e94d3ac48e8 - - default default] 199.204.45.77 "GET /v2.0/networks?id=5dc14053-ce34-49fd-8aec-1dea2efe09a5 HTTP/1.1" status: 200 len: 903 time: 0.0494378
2026-07-09 00:49:35.133 9 INFO neutron.api.wsgi [req-9721579e-f31c-452f-b662-413fb486a0c8 req-bc404810-5f10-4d3f-80a6-e2dc17d231f0 5b289a70f38746df83dfe2674ef0fb0b fa1ef212c2f54bc5b4f87e94d3ac48e8 - - default default] 199.204.45.77 "GET /v2.0/security-groups?fields=id&fields=name&tenant_id=fa1ef212c2f54bc5b4f87e94d3ac48e8 HTTP/1.1" status: 200 len: 378 time: 0.0421703
2026-07-09 00:49:35.146 9 WARNING neutron_lib.context [req-9721579e-f31c-452f-b662-413fb486a0c8 req-6f58bf19-3f1d-4fdc-a2f9-858bd471076b 5b289a70f38746df83dfe2674ef0fb0b fa1ef212c2f54bc5b4f87e94d3ac48e8 - - default default] Method 'is_advsvc' is deprecated since 2023.2 release (neutron-lib 3.8.0) and will be removed once support for the old RBAC API policies will be removed from Neutron. Please use method 'is_service_role' instead.
2026-07-09 00:49:35.467 9 WARNING neutron.scheduler.dhcp_agent_scheduler [req-9721579e-f31c-452f-b662-413fb486a0c8 req-6f58bf19-3f1d-4fdc-a2f9-858bd471076b 5b289a70f38746df83dfe2674ef0fb0b fa1ef212c2f54bc5b4f87e94d3ac48e8 - - default default] No more DHCP agents
2026-07-09 00:49:35.469 9 WARNING neutron.api.rpc.agentnotifiers.dhcp_rpc_agent_api [req-9721579e-f31c-452f-b662-413fb486a0c8 req-6f58bf19-3f1d-4fdc-a2f9-858bd471076b 5b289a70f38746df83dfe2674ef0fb0b fa1ef212c2f54bc5b4f87e94d3ac48e8 - - default default] Unable to schedule network 5dc14053-ce34-49fd-8aec-1dea2efe09a5: no agents available; will retry on subsequent port and subnet creation events.
2026-07-09 00:49:35.577 9 INFO neutron.db.ovn_revision_numbers_db [req-9721579e-f31c-452f-b662-413fb486a0c8 req-6f58bf19-3f1d-4fdc-a2f9-858bd471076b 5b289a70f38746df83dfe2674ef0fb0b fa1ef212c2f54bc5b4f87e94d3ac48e8 - - default default] Successfully bumped revision number for resource 7dad4c8d-26c3-47f7-8eb2-a2876e06a64f (type: ports) to 1
2026-07-09 00:49:35.601 9 INFO neutron.api.wsgi [req-9721579e-f31c-452f-b662-413fb486a0c8 req-6f58bf19-3f1d-4fdc-a2f9-858bd471076b 5b289a70f38746df83dfe2674ef0fb0b fa1ef212c2f54bc5b4f87e94d3ac48e8 - - default default] 199.204.45.77 "POST /v2.0/ports HTTP/1.1" status: 201 len: 1392 time: 0.4611998 /var/lib/openstack/lib/python3.12/site-packages/pycadf/identifier.py:71: UserWarning: Invalid uuid: neutron. To ensure interoperability, identifiers should be a valid uuid. warnings.warn(('Invalid uuid: %s. To ensure interoperability, '
2026-07-09 00:49:35.851 10 INFO neutron.api.wsgi [req-13100c6c-1043-41d4-81d2-e64ff5e70032 req-dea3dc42-2b20-404d-bd8b-2ed0361f5e3d 5b289a70f38746df83dfe2674ef0fb0b fa1ef212c2f54bc5b4f87e94d3ac48e8 - - default default] 10.0.0.31 "GET /v2.0/ports?device_id=5c1e2838-3ca5-4a58-9aa4-b1a77de48236 HTTP/1.1" status: 200 len: 1390 time: 0.0796795
2026-07-09 00:49:35.901 10 INFO neutron.api.wsgi [req-13100c6c-1043-41d4-81d2-e64ff5e70032 req-f3ed596c-b430-43fc-84e9-88c4af73a90e 5b289a70f38746df83dfe2674ef0fb0b fa1ef212c2f54bc5b4f87e94d3ac48e8 - - default default] 10.0.0.31 "GET /v2.0/security-groups?id=8c8401a8-6b65-4457-84aa-0cf2ec754143&fields=id&fields=name HTTP/1.1" status: 200 len: 311 time: 0.0433826
2026-07-09 00:49:35.995 9 INFO neutron.db.ovn_revision_numbers_db [req-9721579e-f31c-452f-b662-413fb486a0c8 req-357eab74-7ff4-48d8-bf15-a4d71d326934 d6d4ae095f6a4cc2a76be4e7569ac5dc 3d76cb75425c4c7789b8ea7099232f05 - - a4c9ffe7ac2d4d0d817b6f5e32ccdf77 a4c9ffe7ac2d4d0d817b6f5e32ccdf77] Successfully bumped revision number for resource 7dad4c8d-26c3-47f7-8eb2-a2876e06a64f (type: ports) to 2
2026-07-09 00:49:36.014 10 INFO neutron.api.wsgi [req-3728a5a0-040d-43d0-b7b0-4c1521d0cf8b req-b484d757-0533-45da-ba20-550f7f218ae8 d6d4ae095f6a4cc2a76be4e7569ac5dc 3d76cb75425c4c7789b8ea7099232f05 - - a4c9ffe7ac2d4d0d817b6f5e32ccdf77 a4c9ffe7ac2d4d0d817b6f5e32ccdf77] 10.0.0.93 "GET /v2.0/ports?device_id=0ab52aee-a40d-43cb-8c38-a1c929a1e8cd HTTP/1.1" status: 200 len: 1630 time: 0.0306153
2026-07-09 00:49:36.055 10 INFO neutron.api.wsgi [req-3728a5a0-040d-43d0-b7b0-4c1521d0cf8b req-f399f1dd-3a36-4da2-a8d8-2382bf850ed9 d6d4ae095f6a4cc2a76be4e7569ac5dc 3d76cb75425c4c7789b8ea7099232f05 - - a4c9ffe7ac2d4d0d817b6f5e32ccdf77 a4c9ffe7ac2d4d0d817b6f5e32ccdf77] 10.0.0.93 "GET /v2.0/security-groups?id=8c8401a8-6b65-4457-84aa-0cf2ec754143&fields=id&fields=name HTTP/1.1" status: 200 len: 311 time: 0.0341032
2026-07-09 00:49:36.212 9 INFO neutron.db.ovn_revision_numbers_db [req-9721579e-f31c-452f-b662-413fb486a0c8 req-357eab74-7ff4-48d8-bf15-a4d71d326934 d6d4ae095f6a4cc2a76be4e7569ac5dc 3d76cb75425c4c7789b8ea7099232f05 - - a4c9ffe7ac2d4d0d817b6f5e32ccdf77 a4c9ffe7ac2d4d0d817b6f5e32ccdf77] Successfully bumped revision number for resource 7dad4c8d-26c3-47f7-8eb2-a2876e06a64f (type: ports) to 4
2026-07-09 00:49:36.228 9 INFO neutron.api.wsgi [req-9721579e-f31c-452f-b662-413fb486a0c8 req-357eab74-7ff4-48d8-bf15-a4d71d326934 d6d4ae095f6a4cc2a76be4e7569ac5dc 3d76cb75425c4c7789b8ea7099232f05 - - a4c9ffe7ac2d4d0d817b6f5e32ccdf77 a4c9ffe7ac2d4d0d817b6f5e32ccdf77] 199.204.45.77 "PUT /v2.0/ports/7dad4c8d-26c3-47f7-8eb2-a2876e06a64f HTTP/1.1" status: 200 len: 1637 time: 0.6192815
2026-07-09 00:49:36.262 9 INFO neutron.notifiers.nova [-] Nova event matching ['req-ae7dce20-ffdf-4628-a952-3be2f1cfcde5'] response: {'name': 'network-changed', 'server_uuid': '5c1e2838-3ca5-4a58-9aa4-b1a77de48236', 'tag': '7dad4c8d-26c3-47f7-8eb2-a2876e06a64f', 'status': 'completed', 'code': 200} /var/lib/openstack/lib/python3.12/site-packages/pycadf/identifier.py:71: UserWarning: Invalid uuid: neutron. To ensure interoperability, identifiers should be a valid uuid. warnings.warn(('Invalid uuid: %s. To ensure interoperability, '
2026-07-09 00:49:36.807 9 INFO neutron.api.wsgi [req-16e851a3-b4b0-46c5-9327-d413afc35cac req-a59777bf-ae06-4281-aa95-ccd5fc241580 d6d4ae095f6a4cc2a76be4e7569ac5dc 3d76cb75425c4c7789b8ea7099232f05 - - a4c9ffe7ac2d4d0d817b6f5e32ccdf77 a4c9ffe7ac2d4d0d817b6f5e32ccdf77] 199.204.45.77 "GET /v2.0/ports?tenant_id=fa1ef212c2f54bc5b4f87e94d3ac48e8&device_id=5c1e2838-3ca5-4a58-9aa4-b1a77de48236 HTTP/1.1" status: 200 len: 1640 time: 0.0337186
2026-07-09 00:49:36.865 9 INFO neutron.api.wsgi [req-16e851a3-b4b0-46c5-9327-d413afc35cac req-6c32152c-6449-43e6-b8f6-7936951acff3 d6d4ae095f6a4cc2a76be4e7569ac5dc 3d76cb75425c4c7789b8ea7099232f05 - - a4c9ffe7ac2d4d0d817b6f5e32ccdf77 a4c9ffe7ac2d4d0d817b6f5e32ccdf77] 199.204.45.77 "GET /v2.0/networks?tenant_id=fa1ef212c2f54bc5b4f87e94d3ac48e8&shared=False HTTP/1.1" status: 200 len: 2583 time: 0.0529311
2026-07-09 00:49:36.920 9 INFO neutron.api.wsgi [req-16e851a3-b4b0-46c5-9327-d413afc35cac req-c9234847-2245-4a83-bbd7-a9e9f3302584 d6d4ae095f6a4cc2a76be4e7569ac5dc 3d76cb75425c4c7789b8ea7099232f05 - - a4c9ffe7ac2d4d0d817b6f5e32ccdf77 a4c9ffe7ac2d4d0d817b6f5e32ccdf77] 199.204.45.77 "GET /v2.0/networks?shared=True HTTP/1.1" status: 200 len: 952 time: 0.0477970
2026-07-09 00:49:37.967 9 INFO neutron.api.wsgi [req-9721579e-f31c-452f-b662-413fb486a0c8 req-b5d22882-d640-4ed2-8e44-fa4e9301010c d6d4ae095f6a4cc2a76be4e7569ac5dc 3d76cb75425c4c7789b8ea7099232f05 - - a4c9ffe7ac2d4d0d817b6f5e32ccdf77 a4c9ffe7ac2d4d0d817b6f5e32ccdf77] 199.204.45.77 "GET /v2.0/ports?tenant_id=fa1ef212c2f54bc5b4f87e94d3ac48e8&device_id=5c1e2838-3ca5-4a58-9aa4-b1a77de48236 HTTP/1.1" status: 200 len: 1640 time: 0.0320997
2026-07-09 00:49:37.991 9 INFO neutron.api.wsgi [req-9721579e-f31c-452f-b662-413fb486a0c8 req-44409b27-6e32-4f16-a407-9145ca99944a d6d4ae095f6a4cc2a76be4e7569ac5dc 3d76cb75425c4c7789b8ea7099232f05 - - a4c9ffe7ac2d4d0d817b6f5e32ccdf77 a4c9ffe7ac2d4d0d817b6f5e32ccdf77] 199.204.45.77 "GET /v2.0/floatingips?fixed_ip_address=10.2.2.163&port_id=7dad4c8d-26c3-47f7-8eb2-a2876e06a64f HTTP/1.1" status: 200 len: 217 time: 0.0170827
2026-07-09 00:49:38.013 9 INFO neutron.api.wsgi [req-9721579e-f31c-452f-b662-413fb486a0c8 req-ef36e3ff-290d-4f8b-aaa5-3fa33e6fb1d7 d6d4ae095f6a4cc2a76be4e7569ac5dc 3d76cb75425c4c7789b8ea7099232f05 - - a4c9ffe7ac2d4d0d817b6f5e32ccdf77 a4c9ffe7ac2d4d0d817b6f5e32ccdf77] 199.204.45.77 "GET /v2.0/floatingips?fixed_ip_address=fd77%3A1457%3A4cf0%3A26a8%3A%3A224&port_id=7dad4c8d-26c3-47f7-8eb2-a2876e06a64f HTTP/1.1" status: 200 len: 217 time: 0.0167494
2026-07-09 00:49:38.044 9 INFO neutron.api.wsgi [req-9721579e-f31c-452f-b662-413fb486a0c8 req-9fed49fb-8ea6-43e4-aefb-b4fbaf52da71 d6d4ae095f6a4cc2a76be4e7569ac5dc 3d76cb75425c4c7789b8ea7099232f05 - - a4c9ffe7ac2d4d0d817b6f5e32ccdf77 a4c9ffe7ac2d4d0d817b6f5e32ccdf77] 199.204.45.77 "GET /v2.0/subnets?id=0af2c4b7-f99a-4e5d-a220-591d337146a3&id=299f42c9-3a44-4404-b435-47bc0b8fe1be HTTP/1.1" status: 200 len: 1613 time: 0.0266054
2026-07-09 00:49:38.070 9 INFO neutron.api.wsgi [req-9721579e-f31c-452f-b662-413fb486a0c8 req-da5ba7be-996a-4fc2-aed4-6830837c97b1 d6d4ae095f6a4cc2a76be4e7569ac5dc 3d76cb75425c4c7789b8ea7099232f05 - - a4c9ffe7ac2d4d0d817b6f5e32ccdf77 a4c9ffe7ac2d4d0d817b6f5e32ccdf77] 199.204.45.77 "GET /v2.0/ports?network_id=5dc14053-ce34-49fd-8aec-1dea2efe09a5&device_owner=network%3Adhcp HTTP/1.1" status: 200 len: 210 time: 0.0201674
2026-07-09 00:49:38.091 9 INFO neutron.api.wsgi [req-9721579e-f31c-452f-b662-413fb486a0c8 req-869bfb98-e1d2-4566-aa85-e92157d88298 d6d4ae095f6a4cc2a76be4e7569ac5dc 3d76cb75425c4c7789b8ea7099232f05 - - a4c9ffe7ac2d4d0d817b6f5e32ccdf77 a4c9ffe7ac2d4d0d817b6f5e32ccdf77] 199.204.45.77 "GET /v2.0/ports?network_id=5dc14053-ce34-49fd-8aec-1dea2efe09a5&device_owner=network%3Adhcp HTTP/1.1" status: 200 len: 210 time: 0.0149980
2026-07-09 00:49:38.158 9 INFO neutron.api.wsgi [req-9721579e-f31c-452f-b662-413fb486a0c8 req-9d4eef0a-fed8-47f6-a438-49cc2e4d33cb d6d4ae095f6a4cc2a76be4e7569ac5dc 3d76cb75425c4c7789b8ea7099232f05 - - a4c9ffe7ac2d4d0d817b6f5e32ccdf77 a4c9ffe7ac2d4d0d817b6f5e32ccdf77] 199.204.45.77 "GET /v2.0/networks/5dc14053-ce34-49fd-8aec-1dea2efe09a5?fields=segments HTTP/1.1" status: 200 len: 212 time: 0.0594554
2026-07-09 00:49:38.232 9 INFO neutron.api.wsgi [req-9721579e-f31c-452f-b662-413fb486a0c8 req-ae1b0a2c-3047-4d59-b13f-6450b876ae9f d6d4ae095f6a4cc2a76be4e7569ac5dc 3d76cb75425c4c7789b8ea7099232f05 - - a4c9ffe7ac2d4d0d817b6f5e32ccdf77 a4c9ffe7ac2d4d0d817b6f5e32ccdf77] 199.204.45.77 "GET /v2.0/networks/5dc14053-ce34-49fd-8aec-1dea2efe09a5?fields=provider%3Aphysical_network&fields=provider%3Anetwork_type HTTP/1.1" status: 200 len: 277 time: 0.0671535
2026-07-09 00:49:40.388 9 INFO neutron.plugins.ml2.drivers.ovn.mech_driver.mech_driver [None req-e6205756-1c65-4202-8eec-0bcbdcdd86c4 - - - - - -] OVN reports status up for port: 7dad4c8d-26c3-47f7-8eb2-a2876e06a64f
2026-07-09 00:49:40.402 9 INFO neutron.plugins.ml2.plugin [None req-e6205756-1c65-4202-8eec-0bcbdcdd86c4 - - - - - -] Attempt 1 to provision port 7dad4c8d-26c3-47f7-8eb2-a2876e06a64f
2026-07-09 00:49:40.538 9 INFO neutron.notifiers.nova [-] Nova event matching ['req-392cc20e-0d71-4cf0-9d8e-4deeae59a1e7'] response: {'server_uuid': '5c1e2838-3ca5-4a58-9aa4-b1a77de48236', 'name': 'network-vif-plugged', 'status': 'completed', 'tag': '7dad4c8d-26c3-47f7-8eb2-a2876e06a64f', 'code': 200}
2026-07-09 00:49:40.635 9 INFO neutron.db.ovn_revision_numbers_db [None req-e6205756-1c65-4202-8eec-0bcbdcdd86c4 - - - - - -] Successfully bumped revision number for resource 7dad4c8d-26c3-47f7-8eb2-a2876e06a64f (type: ports) to 5 /var/lib/openstack/lib/python3.12/site-packages/pycadf/identifier.py:71: UserWarning: Invalid uuid: neutron. To ensure interoperability, identifiers should be a valid uuid. warnings.warn(('Invalid uuid: %s. To ensure interoperability, '
2026-07-09 00:49:41.051 9 INFO neutron.api.wsgi [req-4d848e15-cf09-47ee-8184-5355f86d8099 req-c70bd4fa-c0a4-45a1-9ece-117336a7a7aa 5b289a70f38746df83dfe2674ef0fb0b fa1ef212c2f54bc5b4f87e94d3ac48e8 - - default default] 10.0.0.31 "GET /v2.0/ports?device_id=5c1e2838-3ca5-4a58-9aa4-b1a77de48236 HTTP/1.1" status: 200 len: 1404 time: 0.0770466
2026-07-09 00:49:41.097 9 INFO neutron.api.wsgi [req-4d848e15-cf09-47ee-8184-5355f86d8099 req-5f6d2865-bde8-4889-9075-2d5f9fa44608 5b289a70f38746df83dfe2674ef0fb0b fa1ef212c2f54bc5b4f87e94d3ac48e8 - - default default] 10.0.0.31 "GET /v2.0/security-groups?id=8c8401a8-6b65-4457-84aa-0cf2ec754143&fields=id&fields=name HTTP/1.1" status: 200 len: 311 time: 0.0403614
2026-07-09 00:49:42.579 9 INFO neutron.notifiers.nova [-] Nova event matching ['req-aa1f9be2-ed21-47d4-a904-d583ece67aec'] response: {'server_uuid': '5c1e2838-3ca5-4a58-9aa4-b1a77de48236', 'name': 'network-vif-plugged', 'status': 'completed', 'tag': '7dad4c8d-26c3-47f7-8eb2-a2876e06a64f', 'code': 200}
2026-07-09 00:49:46.270 9 INFO neutron.api.wsgi [req-56c18c10-4b07-408e-ab6f-2073cb3ed803 req-c26f6bf6-afa7-4eba-88f4-df6d515dbc40 5b289a70f38746df83dfe2674ef0fb0b fa1ef212c2f54bc5b4f87e94d3ac48e8 - - default default] 10.0.0.31 "GET /v2.0/ports?device_id=5c1e2838-3ca5-4a58-9aa4-b1a77de48236 HTTP/1.1" status: 200 len: 1404 time: 0.0918181
2026-07-09 00:49:46.310 9 INFO neutron.api.wsgi [req-56c18c10-4b07-408e-ab6f-2073cb3ed803 req-55e30056-f8ac-4148-bd1b-f9c2b6710a74 5b289a70f38746df83dfe2674ef0fb0b fa1ef212c2f54bc5b4f87e94d3ac48e8 - - default default] 10.0.0.31 "GET /v2.0/security-groups?id=8c8401a8-6b65-4457-84aa-0cf2ec754143&fields=id&fields=name HTTP/1.1" status: 200 len: 311 time: 0.0334270
2026-07-09 00:49:46.393 9 INFO neutron.api.wsgi [None req-10121588-58e1-4ebe-a0c3-8129f389d719 5b289a70f38746df83dfe2674ef0fb0b fa1ef212c2f54bc5b4f87e94d3ac48e8 - - default default] 10.0.0.38 "GET /v2.0/ports?network_id=5dc14053-ce34-49fd-8aec-1dea2efe09a5&mac_address=fa%3A16%3A3e%3Ad7%3Aee%3Af2 HTTP/1.1" status: 200 len: 1399 time: 0.0539510
2026-07-09 00:49:46.403 9 WARNING neutron_lib.context [None req-0f78c668-92a4-4dfa-bae7-ed92fa464c3d 5b289a70f38746df83dfe2674ef0fb0b fa1ef212c2f54bc5b4f87e94d3ac48e8 - - default default] Method 'is_advsvc' is deprecated since 2023.2 release (neutron-lib 3.8.0) and will be removed once support for the old RBAC API policies will be removed from Neutron. Please use method 'is_service_role' instead.
2026-07-09 00:49:46.492 9 INFO neutron.api.wsgi [-] 10.0.0.239 "GET / HTTP/1.1" status: 200 len: 247 time: 0.0016434
2026-07-09 00:49:46.494 9 INFO neutron.api.wsgi [-] 10.0.0.239 "GET / HTTP/1.1" status: 200 len: 247 time: 0.0012047
2026-07-09 00:49:46.622 9 WARNING neutron.scheduler.dhcp_agent_scheduler [None req-0f78c668-92a4-4dfa-bae7-ed92fa464c3d 5b289a70f38746df83dfe2674ef0fb0b fa1ef212c2f54bc5b4f87e94d3ac48e8 - - default default] No more DHCP agents
2026-07-09 00:49:46.624 9 WARNING neutron.api.rpc.agentnotifiers.dhcp_rpc_agent_api [None req-0f78c668-92a4-4dfa-bae7-ed92fa464c3d 5b289a70f38746df83dfe2674ef0fb0b fa1ef212c2f54bc5b4f87e94d3ac48e8 - - default default] Unable to schedule network c0c9bd91-e1e7-4eaf-8008-8ac8d6e5deec: no agents available; will retry on subsequent port and subnet creation events.
2026-07-09 00:49:47.269 9 INFO neutron.db.ovn_revision_numbers_db [None req-0f78c668-92a4-4dfa-bae7-ed92fa464c3d 5b289a70f38746df83dfe2674ef0fb0b fa1ef212c2f54bc5b4f87e94d3ac48e8 - - default default] Successfully bumped revision number for resource 72b1dc3f-55f4-4982-bd5a-31ab0eb6091e (type: floatingips) to -1
2026-07-09 00:49:47.385 9 INFO neutron.db.ovn_revision_numbers_db [None req-0f78c668-92a4-4dfa-bae7-ed92fa464c3d 5b289a70f38746df83dfe2674ef0fb0b fa1ef212c2f54bc5b4f87e94d3ac48e8 - - default default] Successfully bumped revision number for resource 72b1dc3f-55f4-4982-bd5a-31ab0eb6091e (type: floatingips) to 1
2026-07-09 00:49:47.386 9 INFO neutron.db.l3_db [None req-0f78c668-92a4-4dfa-bae7-ed92fa464c3d 5b289a70f38746df83dfe2674ef0fb0b fa1ef212c2f54bc5b4f87e94d3ac48e8 - - default default] Floating IP 72b1dc3f-55f4-4982-bd5a-31ab0eb6091e associated. External IP: 10.96.250.203, port: 7dad4c8d-26c3-47f7-8eb2-a2876e06a64f.
2026-07-09 00:49:47.431 9 INFO neutron.api.wsgi [None req-0f78c668-92a4-4dfa-bae7-ed92fa464c3d 5b289a70f38746df83dfe2674ef0fb0b fa1ef212c2f54bc5b4f87e94d3ac48e8 - - default default] 10.0.0.38 "POST /v2.0/floatingips HTTP/1.1" status: 201 len: 1054 time: 1.0318825
2026-07-09 00:49:47.478 9 INFO neutron.notifiers.nova [-] Nova event matching ['req-c441d1d7-4c65-4af1-a1fe-df80326ec17c'] response: {'name': 'network-changed', 'server_uuid': '5c1e2838-3ca5-4a58-9aa4-b1a77de48236', 'tag': '7dad4c8d-26c3-47f7-8eb2-a2876e06a64f', 'status': 'completed', 'code': 200}
2026-07-09 00:49:48.017 9 INFO neutron.api.wsgi [req-fc1c424f-9bf3-43b3-86ce-2af17ccdbe87 req-b3997a19-786a-4c35-952a-6435aae82e94 d6d4ae095f6a4cc2a76be4e7569ac5dc 3d76cb75425c4c7789b8ea7099232f05 - - a4c9ffe7ac2d4d0d817b6f5e32ccdf77 a4c9ffe7ac2d4d0d817b6f5e32ccdf77] 199.204.45.77 "GET /v2.0/ports?tenant_id=fa1ef212c2f54bc5b4f87e94d3ac48e8&device_id=5c1e2838-3ca5-4a58-9aa4-b1a77de48236 HTTP/1.1" status: 200 len: 1642 time: 0.0316942
2026-07-09 00:49:48.055 9 INFO neutron.api.wsgi [req-fc1c424f-9bf3-43b3-86ce-2af17ccdbe87 req-0baa5c06-8139-4416-85f9-63ed58d2c5e9 d6d4ae095f6a4cc2a76be4e7569ac5dc 3d76cb75425c4c7789b8ea7099232f05 - - a4c9ffe7ac2d4d0d817b6f5e32ccdf77 a4c9ffe7ac2d4d0d817b6f5e32ccdf77] 199.204.45.77 "GET /v2.0/networks?id=5dc14053-ce34-49fd-8aec-1dea2efe09a5 HTTP/1.1" status: 200 len: 1002 time: 0.0347230
2026-07-09 00:49:48.101 9 INFO neutron.api.wsgi [req-fc1c424f-9bf3-43b3-86ce-2af17ccdbe87 req-1ec67995-a268-40f3-ba78-e7a9fa6edf28 d6d4ae095f6a4cc2a76be4e7569ac5dc 3d76cb75425c4c7789b8ea7099232f05 - - a4c9ffe7ac2d4d0d817b6f5e32ccdf77 a4c9ffe7ac2d4d0d817b6f5e32ccdf77] 199.204.45.77 "GET /v2.0/floatingips?fixed_ip_address=10.2.2.163&port_id=7dad4c8d-26c3-47f7-8eb2-a2876e06a64f HTTP/1.1" status: 200 len: 1059 time: 0.0388665
2026-07-09 00:49:48.125 9 INFO neutron.api.wsgi [req-fc1c424f-9bf3-43b3-86ce-2af17ccdbe87 req-8b7295a2-4726-44ef-81b5-7f97ccc9ee1b d6d4ae095f6a4cc2a76be4e7569ac5dc 3d76cb75425c4c7789b8ea7099232f05 - - a4c9ffe7ac2d4d0d817b6f5e32ccdf77 a4c9ffe7ac2d4d0d817b6f5e32ccdf77] 199.204.45.77 "GET /v2.0/floatingips?fixed_ip_address=fd77%3A1457%3A4cf0%3A26a8%3A%3A224&port_id=7dad4c8d-26c3-47f7-8eb2-a2876e06a64f HTTP/1.1" status: 200 len: 217 time: 0.0188601
2026-07-09 00:49:48.169 9 INFO neutron.api.wsgi [req-fc1c424f-9bf3-43b3-86ce-2af17ccdbe87 req-002b7b1b-0dcf-4761-8338-7eb1bd835c6c d6d4ae095f6a4cc2a76be4e7569ac5dc 3d76cb75425c4c7789b8ea7099232f05 - - a4c9ffe7ac2d4d0d817b6f5e32ccdf77 a4c9ffe7ac2d4d0d817b6f5e32ccdf77] 199.204.45.77 "GET /v2.0/subnets?id=0af2c4b7-f99a-4e5d-a220-591d337146a3&id=299f42c9-3a44-4404-b435-47bc0b8fe1be HTTP/1.1" status: 200 len: 1613 time: 0.0356059
2026-07-09 00:49:48.197 9 INFO neutron.api.wsgi [req-fc1c424f-9bf3-43b3-86ce-2af17ccdbe87 req-b55120ce-31a9-4e29-a166-892669a884ab d6d4ae095f6a4cc2a76be4e7569ac5dc 3d76cb75425c4c7789b8ea7099232f05 - - a4c9ffe7ac2d4d0d817b6f5e32ccdf77 a4c9ffe7ac2d4d0d817b6f5e32ccdf77] 199.204.45.77 "GET /v2.0/ports?network_id=5dc14053-ce34-49fd-8aec-1dea2efe09a5&device_owner=network%3Adhcp HTTP/1.1" status: 200 len: 210 time: 0.0226340
2026-07-09 00:49:48.228 9 INFO neutron.api.wsgi [req-fc1c424f-9bf3-43b3-86ce-2af17ccdbe87 req-7ebc246b-0622-4ddd-b376-1a42f70e6145 d6d4ae095f6a4cc2a76be4e7569ac5dc 3d76cb75425c4c7789b8ea7099232f05 - - a4c9ffe7ac2d4d0d817b6f5e32ccdf77 a4c9ffe7ac2d4d0d817b6f5e32ccdf77] 199.204.45.77 "GET /v2.0/ports?network_id=5dc14053-ce34-49fd-8aec-1dea2efe09a5&device_owner=network%3Adhcp HTTP/1.1" status: 200 len: 210 time: 0.0259333
2026-07-09 00:49:48.291 9 INFO neutron.api.wsgi [req-fc1c424f-9bf3-43b3-86ce-2af17ccdbe87 req-0d6d3fb7-505c-4dcc-ac0d-84d1d2cad20e d6d4ae095f6a4cc2a76be4e7569ac5dc 3d76cb75425c4c7789b8ea7099232f05 - - a4c9ffe7ac2d4d0d817b6f5e32ccdf77 a4c9ffe7ac2d4d0d817b6f5e32ccdf77] 199.204.45.77 "GET /v2.0/networks/5dc14053-ce34-49fd-8aec-1dea2efe09a5?fields=segments HTTP/1.1" status: 200 len: 212 time: 0.0576961
2026-07-09 00:49:48.333 9 INFO neutron.api.wsgi [req-fc1c424f-9bf3-43b3-86ce-2af17ccdbe87 req-3198c4b8-69e0-45cf-85e7-5f183dc376c4 d6d4ae095f6a4cc2a76be4e7569ac5dc 3d76cb75425c4c7789b8ea7099232f05 - - a4c9ffe7ac2d4d0d817b6f5e32ccdf77 a4c9ffe7ac2d4d0d817b6f5e32ccdf77] 199.204.45.77 "GET /v2.0/networks/5dc14053-ce34-49fd-8aec-1dea2efe09a5?fields=provider%3Aphysical_network&fields=provider%3Anetwork_type HTTP/1.1" status: 200 len: 277 time: 0.0366096 /var/lib/openstack/lib/python3.12/site-packages/pycadf/identifier.py:71: UserWarning: Invalid uuid: neutron. To ensure interoperability, identifiers should be a valid uuid. warnings.warn(('Invalid uuid: %s. To ensure interoperability, '
2026-07-09 00:49:51.346 10 INFO neutron.api.wsgi [req-dcc79041-e174-4d6d-b5f5-8704f8f8ccf3 req-27dc4179-b080-4f1b-89c7-fdd71b92597b d6d4ae095f6a4cc2a76be4e7569ac5dc 3d76cb75425c4c7789b8ea7099232f05 - - a4c9ffe7ac2d4d0d817b6f5e32ccdf77 a4c9ffe7ac2d4d0d817b6f5e32ccdf77] 10.0.0.93 "GET /v2.0/ports?device_id=5c1e2838-3ca5-4a58-9aa4-b1a77de48236 HTTP/1.1" status: 200 len: 1642 time: 0.0616066
2026-07-09 00:49:51.400 10 INFO neutron.api.wsgi [req-dcc79041-e174-4d6d-b5f5-8704f8f8ccf3 req-d9de7470-86c0-40d1-91f5-19768723c231 d6d4ae095f6a4cc2a76be4e7569ac5dc 3d76cb75425c4c7789b8ea7099232f05 - - a4c9ffe7ac2d4d0d817b6f5e32ccdf77 a4c9ffe7ac2d4d0d817b6f5e32ccdf77] 10.0.0.93 "GET /v2.0/security-groups?id=8c8401a8-6b65-4457-84aa-0cf2ec754143&fields=id&fields=name HTTP/1.1" status: 200 len: 311 time: 0.0474603
2026-07-09 00:49:56.471 10 INFO neutron.api.wsgi [None req-cdcff5ba-d6a0-4eea-93e4-6a1b374b1a41 ed56992090d94987b515c4c1d45ca4be c7f64c7db55d400b9c3a602069a848fe - - default default] 10.0.0.38 "GET /v2.0/subnets/027b3ff6-7cff-4cdb-ab42-04e601c9cee9 HTTP/1.1" status: 200 len: 870 time: 0.0286179
2026-07-09 00:49:57.664 9 INFO neutron.api.wsgi [None req-36c2ab61-ca7e-4693-b7bf-582499146ecf 21194a289b77496faff67688a8fd7b4b f3cf2f2864f8488f9ee1f2769b181541 - - default default] 10.0.0.196 "GET /v2.0/extensions/security-group HTTP/1.1" status: 200 len: 369 time: 0.0410058
2026-07-09 00:49:57.678 9 INFO neutron.api.wsgi [None req-181abc5d-25fa-46bc-b333-3707449d8652 21194a289b77496faff67688a8fd7b4b f3cf2f2864f8488f9ee1f2769b181541 - - default default] 10.0.0.196 "GET /v2.0/extensions/dns-integration HTTP/1.1" status: 200 len: 371 time: 0.0070150
2026-07-09 00:49:57.685 9 INFO neutron.api.wsgi [None req-1e91748a-3eed-436a-8569-32ba6abbe0cc 21194a289b77496faff67688a8fd7b4b f3cf2f2864f8488f9ee1f2769b181541 - - default default] 10.0.0.196 "GET /v2.0/extensions/qos HTTP/1.1" status: 200 len: 365 time: 0.0036075
2026-07-09 00:49:57.693 9 INFO neutron.api.wsgi [None req-8aa57e3a-f991-4bcf-bb0b-3c21a1073beb 21194a289b77496faff67688a8fd7b4b f3cf2f2864f8488f9ee1f2769b181541 - - default default] 10.0.0.196 "GET /v2.0/extensions/allowed-address-pairs HTTP/1.1" status: 200 len: 383 time: 0.0042653
2026-07-09 00:49:58.201 10 INFO neutron.api.wsgi [-] 10.0.0.196 "GET / HTTP/1.1" status: 200 len: 284 time: 0.0021706
2026-07-09 00:49:58.263 9 INFO neutron.api.wsgi [None req-ca7f766a-7149-4a9f-8fab-27b3fa5e7df7 5b289a70f38746df83dfe2674ef0fb0b fa1ef212c2f54bc5b4f87e94d3ac48e8 - - default default] 10.0.0.196 "GET /v2.0/subnets/027b3ff6-7cff-4cdb-ab42-04e601c9cee9 HTTP/1.1" status: 200 len: 857 time: 0.0329263
2026-07-09 00:49:58.275 9 INFO neutron.api.wsgi [None req-8187e8eb-8ae2-4dc9-8361-e75a9970404d 21194a289b77496faff67688a8fd7b4b f3cf2f2864f8488f9ee1f2769b181541 - - default default] 10.0.0.196 "GET /v2.0/extensions/security-group HTTP/1.1" status: 200 len: 369 time: 0.0049131
2026-07-09 00:49:58.288 9 INFO neutron.api.wsgi [None req-cd34b5f3-cc3c-4f6d-88c6-7afbf6fcaf58 21194a289b77496faff67688a8fd7b4b f3cf2f2864f8488f9ee1f2769b181541 - - default default] 10.0.0.196 "GET /v2.0/extensions/dns-integration HTTP/1.1" status: 200 len: 371 time: 0.0053163
2026-07-09 00:49:58.295 9 INFO neutron.api.wsgi [None req-e3548680-6ac0-4049-9537-cea4112ca9a4 21194a289b77496faff67688a8fd7b4b f3cf2f2864f8488f9ee1f2769b181541 - - default default] 10.0.0.196 "GET /v2.0/extensions/qos HTTP/1.1" status: 200 len: 365 time: 0.0035303
2026-07-09 00:49:58.302 9 INFO neutron.api.wsgi [None req-4317fee4-a504-4a55-9389-39264bbf3885 21194a289b77496faff67688a8fd7b4b f3cf2f2864f8488f9ee1f2769b181541 - - default default] 10.0.0.196 "GET /v2.0/extensions/allowed-address-pairs HTTP/1.1" status: 200 len: 383 time: 0.0031445
2026-07-09 00:49:58.342 9 INFO neutron.api.wsgi [None req-6c52bcb6-63b0-4418-8659-932505a4ad2b 21194a289b77496faff67688a8fd7b4b f3cf2f2864f8488f9ee1f2769b181541 - - default default] 10.0.0.196 "GET /v2.0/subnets/027b3ff6-7cff-4cdb-ab42-04e601c9cee9 HTTP/1.1" status: 200 len: 875 time: 0.0341640
2026-07-09 00:49:58.428 9 INFO neutron.api.wsgi [None req-91a88ab2-adef-47e5-934d-93df68bb4a26 21194a289b77496faff67688a8fd7b4b f3cf2f2864f8488f9ee1f2769b181541 - - default default] 10.0.0.196 "GET /v2.0/extensions/security-group HTTP/1.1" status: 200 len: 369 time: 0.0065231
2026-07-09 00:49:58.435 9 INFO neutron.api.wsgi [None req-1315e042-74e6-463f-b3a6-b208d0b032ca 21194a289b77496faff67688a8fd7b4b f3cf2f2864f8488f9ee1f2769b181541 - - default default] 10.0.0.196 "GET /v2.0/extensions/dns-integration HTTP/1.1" status: 200 len: 371 time: 0.0028558
2026-07-09 00:49:58.443 9 INFO neutron.api.wsgi [None req-f95d7901-f5ed-4d4a-8124-c33435d279bc 21194a289b77496faff67688a8fd7b4b f3cf2f2864f8488f9ee1f2769b181541 - - default default] 10.0.0.196 "GET /v2.0/extensions/qos HTTP/1.1" status: 200 len: 365 time: 0.0038805
2026-07-09 00:49:58.451 9 INFO neutron.api.wsgi [None req-266753e2-bbe3-4995-8231-8166f322d64f 21194a289b77496faff67688a8fd7b4b f3cf2f2864f8488f9ee1f2769b181541 - - default default] 10.0.0.196 "GET /v2.0/extensions/allowed-address-pairs HTTP/1.1" status: 200 len: 383 time: 0.0039186
2026-07-09 00:49:58.499 9 INFO neutron.api.wsgi [None req-9b6c284d-0e2f-45c4-8e8e-850aef7c635b 21194a289b77496faff67688a8fd7b4b f3cf2f2864f8488f9ee1f2769b181541 - - default default] 10.0.0.196 "GET /v2.0/networks/35e1e661-fc16-4367-98be-a8bb516e3051 HTTP/1.1" status: 200 len: 1000 time: 0.0418980
2026-07-09 00:49:58.512 9 INFO neutron.api.wsgi [None req-66a90ba5-c2b4-4f61-bc09-5c359bdf3bb6 21194a289b77496faff67688a8fd7b4b f3cf2f2864f8488f9ee1f2769b181541 - - default default] 10.0.0.196 "GET /v2.0/extensions/project-id HTTP/1.1" status: 200 len: 403 time: 0.0045896
2026-07-09 00:49:58.817 9 WARNING neutron.scheduler.dhcp_agent_scheduler [None req-aecc564d-b178-4466-814b-ba3e1ce9ba16 21194a289b77496faff67688a8fd7b4b f3cf2f2864f8488f9ee1f2769b181541 - - default default] No more DHCP agents
2026-07-09 00:49:58.818 9 WARNING neutron.api.rpc.agentnotifiers.dhcp_rpc_agent_api [None req-aecc564d-b178-4466-814b-ba3e1ce9ba16 21194a289b77496faff67688a8fd7b4b f3cf2f2864f8488f9ee1f2769b181541 - - default default] Unable to schedule network 35e1e661-fc16-4367-98be-a8bb516e3051: no agents available; will retry on subsequent port and subnet creation events.
2026-07-09 00:49:58.948 9 INFO neutron.db.ovn_revision_numbers_db [None req-aecc564d-b178-4466-814b-ba3e1ce9ba16 21194a289b77496faff67688a8fd7b4b f3cf2f2864f8488f9ee1f2769b181541 - - default default] Successfully bumped revision number for resource b2af7f81-8285-43a2-8e1c-50c8bfe0b878 (type: ports) to 1
2026-07-09 00:49:58.971 9 INFO neutron.api.wsgi [None req-aecc564d-b178-4466-814b-ba3e1ce9ba16 21194a289b77496faff67688a8fd7b4b f3cf2f2864f8488f9ee1f2769b181541 - - default default] 10.0.0.196 "POST /v2.0/ports HTTP/1.1" status: 201 len: 1337 time: 0.4547276
2026-07-09 00:50:01.492 9 INFO neutron.api.wsgi [-] 10.0.0.239 "GET / HTTP/1.1" status: 200 len: 247 time: 0.0015578
2026-07-09 00:50:01.495 10 INFO neutron.api.wsgi [-] 10.0.0.239 "GET / HTTP/1.1" status: 200 len: 247 time: 0.0033922 /var/lib/openstack/lib/python3.12/site-packages/pycadf/identifier.py:71: UserWarning: Invalid uuid: neutron. To ensure interoperability, identifiers should be a valid uuid. warnings.warn(('Invalid uuid: %s. To ensure interoperability, '
2026-07-09 00:50:01.514 9 INFO neutron.api.wsgi [None req-29977f5e-e415-4258-8162-900efc336256 21194a289b77496faff67688a8fd7b4b f3cf2f2864f8488f9ee1f2769b181541 - - default default] 199.204.45.77 "GET /v2.0/extensions/security-group HTTP/1.1" status: 200 len: 369 time: 0.0451639
2026-07-09 00:50:01.524 9 INFO neutron.api.wsgi [None req-a02957de-5bc3-43eb-992a-68a2a020afa6 21194a289b77496faff67688a8fd7b4b f3cf2f2864f8488f9ee1f2769b181541 - - default default] 199.204.45.77 "GET /v2.0/extensions/dns-integration HTTP/1.1" status: 200 len: 371 time: 0.0044053
2026-07-09 00:50:01.532 9 INFO neutron.api.wsgi [None req-03db7809-fad4-4ec5-a074-06538043711a 21194a289b77496faff67688a8fd7b4b f3cf2f2864f8488f9ee1f2769b181541 - - default default] 199.204.45.77 "GET /v2.0/extensions/qos HTTP/1.1" status: 200 len: 365 time: 0.0048444
2026-07-09 00:50:01.541 9 INFO neutron.api.wsgi [None req-f0aca2f4-6e78-4f96-ae79-1c3f8d847462 21194a289b77496faff67688a8fd7b4b f3cf2f2864f8488f9ee1f2769b181541 - - default default] 199.204.45.77 "GET /v2.0/extensions/allowed-address-pairs HTTP/1.1" status: 200 len: 383 time: 0.0038381
2026-07-09 00:50:01.580 9 INFO neutron.api.wsgi [None req-08e011cc-54d8-4daf-9b8b-e75d86c1aa89 21194a289b77496faff67688a8fd7b4b f3cf2f2864f8488f9ee1f2769b181541 - - default default] 199.204.45.77 "GET /v2.0/ports/b2af7f81-8285-43a2-8e1c-50c8bfe0b878 HTTP/1.1" status: 200 len: 1332 time: 0.0333283
2026-07-09 00:50:01.819 9 INFO neutron.api.wsgi [None req-46177b43-f1c5-4bbe-889f-9ed031d13105 21194a289b77496faff67688a8fd7b4b f3cf2f2864f8488f9ee1f2769b181541 - - default default] 199.204.45.77 "GET /v2.0/extensions/security-group HTTP/1.1" status: 200 len: 369 time: 0.0082920
2026-07-09 00:50:01.827 9 INFO neutron.api.wsgi [None req-0cf84f03-3d73-429a-8470-f07f107e3def 21194a289b77496faff67688a8fd7b4b f3cf2f2864f8488f9ee1f2769b181541 - - default default] 199.204.45.77 "GET /v2.0/extensions/dns-integration HTTP/1.1" status: 200 len: 371 time: 0.0042081
2026-07-09 00:50:01.836 9 INFO neutron.api.wsgi [None req-18b91812-d7bb-4f63-aef5-7d84f78841b4 21194a289b77496faff67688a8fd7b4b f3cf2f2864f8488f9ee1f2769b181541 - - default default] 199.204.45.77 "GET /v2.0/extensions/qos HTTP/1.1" status: 200 len: 365 time: 0.0048363
2026-07-09 00:50:01.843 9 INFO neutron.api.wsgi [None req-a35c4c27-6c7e-4ad7-98ea-01861f673172 21194a289b77496faff67688a8fd7b4b f3cf2f2864f8488f9ee1f2769b181541 - - default default] 199.204.45.77 "GET /v2.0/extensions/allowed-address-pairs HTTP/1.1" status: 200 len: 383 time: 0.0038989
2026-07-09 00:50:01.855 9 INFO neutron.api.v2.resource [None req-89eac7b7-3e5d-4e97-a550-b23673c9dad7 21194a289b77496faff67688a8fd7b4b f3cf2f2864f8488f9ee1f2769b181541 - - default default] show failed (client error): The resource could not be found.
2026-07-09 00:50:01.856 9 INFO neutron.api.wsgi [None req-89eac7b7-3e5d-4e97-a550-b23673c9dad7 21194a289b77496faff67688a8fd7b4b f3cf2f2864f8488f9ee1f2769b181541 - - default default] 199.204.45.77 "GET /v2.0/security-groups/lb-9ae4cbe1-e7b2-4784-a13b-01721d66861c HTTP/1.1" status: 404 len: 355 time: 0.0097942
2026-07-09 00:50:01.888 9 INFO neutron.api.wsgi [None req-91a7668c-dd54-4688-b31b-4063cb7ed951 21194a289b77496faff67688a8fd7b4b f3cf2f2864f8488f9ee1f2769b181541 - - default default] 199.204.45.77 "GET /v2.0/security-groups?name=lb-9ae4cbe1-e7b2-4784-a13b-01721d66861c HTTP/1.1" status: 200 len: 221 time: 0.0284085
2026-07-09 00:50:01.989 9 INFO neutron.db.ovn_revision_numbers_db [None req-c892a9c9-d066-4698-8040-22d15f0891f9 21194a289b77496faff67688a8fd7b4b f3cf2f2864f8488f9ee1f2769b181541 - - default default] Successfully bumped revision number for resource 7deface7-a9bd-44c1-b2df-8156f32b115c (type: security_groups) to 1
2026-07-09 00:50:02.000 9 INFO neutron.db.ovn_revision_numbers_db [None req-c892a9c9-d066-4698-8040-22d15f0891f9 21194a289b77496faff67688a8fd7b4b f3cf2f2864f8488f9ee1f2769b181541 - - default default] Successfully bumped revision number for resource 0b0ffea3-84f7-440e-8f71-510353b8b18a (type: security_group_rules) to 0
2026-07-09 00:50:02.011 9 INFO neutron.db.ovn_revision_numbers_db [None req-c892a9c9-d066-4698-8040-22d15f0891f9 21194a289b77496faff67688a8fd7b4b f3cf2f2864f8488f9ee1f2769b181541 - - default default] Successfully bumped revision number for resource 9e15dd39-c7d7-4a90-ae11-36a1cda70f59 (type: security_group_rules) to 0
2026-07-09 00:50:02.043 9 INFO neutron.api.wsgi [None req-c892a9c9-d066-4698-8040-22d15f0891f9 21194a289b77496faff67688a8fd7b4b f3cf2f2864f8488f9ee1f2769b181541 - - default default] 199.204.45.77 "POST /v2.0/security-groups HTTP/1.1" status: 201 len: 1843 time: 0.1492081
2026-07-09 00:50:02.081 9 INFO neutron.api.wsgi [None req-f5d11a18-471e-4efd-9a2a-4cae4a8548bc 21194a289b77496faff67688a8fd7b4b f3cf2f2864f8488f9ee1f2769b181541 - - default default] 199.204.45.77 "GET /v2.0/security-group-rules?security_group_id=7deface7-a9bd-44c1-b2df-8156f32b115c HTTP/1.1" status: 200 len: 1382 time: 0.0325058
2026-07-09 00:50:02.421 9 INFO neutron.db.ovn_revision_numbers_db [None req-6104ce2e-a03e-4b11-8722-3f86daf41f6a 21194a289b77496faff67688a8fd7b4b f3cf2f2864f8488f9ee1f2769b181541 - - default default] Successfully bumped revision number for resource b2af7f81-8285-43a2-8e1c-50c8bfe0b878 (type: ports) to 2
2026-07-09 00:50:02.430 9 INFO neutron.api.wsgi [None req-6104ce2e-a03e-4b11-8722-3f86daf41f6a 21194a289b77496faff67688a8fd7b4b f3cf2f2864f8488f9ee1f2769b181541 - - default default] 199.204.45.77 "PUT /v2.0/ports/b2af7f81-8285-43a2-8e1c-50c8bfe0b878 HTTP/1.1" status: 200 len: 1332 time: 0.3415477 /var/lib/openstack/lib/python3.12/site-packages/pycadf/identifier.py:71: UserWarning: Invalid uuid: neutron. To ensure interoperability, identifiers should be a valid uuid. warnings.warn(('Invalid uuid: %s. To ensure interoperability, '
2026-07-09 00:50:02.496 9 INFO neutron.api.wsgi [None req-32b9a1e1-7c72-4283-b324-2e5a1f3377bb 21194a289b77496faff67688a8fd7b4b f3cf2f2864f8488f9ee1f2769b181541 - - default default] 199.204.45.77 "GET /v2.0/extensions/security-group HTTP/1.1" status: 200 len: 369 time: 0.0066772
2026-07-09 00:50:02.502 9 INFO neutron.api.wsgi [None req-89966c07-ea98-49a5-9d49-da8045f93ac4 21194a289b77496faff67688a8fd7b4b f3cf2f2864f8488f9ee1f2769b181541 - - default default] 199.204.45.77 "GET /v2.0/extensions/dns-integration HTTP/1.1" status: 200 len: 371 time: 0.0024819
2026-07-09 00:50:02.507 9 INFO neutron.api.wsgi [None req-44021692-3bc2-46c8-9628-a53a71695c2a 21194a289b77496faff67688a8fd7b4b f3cf2f2864f8488f9ee1f2769b181541 - - default default] 199.204.45.77 "GET /v2.0/extensions/qos HTTP/1.1" status: 200 len: 365 time: 0.0027437
2026-07-09 00:50:02.514 9 INFO neutron.api.wsgi [None req-56a11890-1e72-4e68-85eb-537f6becc419 21194a289b77496faff67688a8fd7b4b f3cf2f2864f8488f9ee1f2769b181541 - - default default] 199.204.45.77 "GET /v2.0/extensions/allowed-address-pairs HTTP/1.1" status: 200 len: 383 time: 0.0035322
2026-07-09 00:50:02.543 9 INFO neutron.api.wsgi [None req-3664d27b-0298-48b4-a12c-edd5f383c167 21194a289b77496faff67688a8fd7b4b f3cf2f2864f8488f9ee1f2769b181541 - - default default] 199.204.45.77 "GET /v2.0/subnets/027b3ff6-7cff-4cdb-ab42-04e601c9cee9 HTTP/1.1" status: 200 len: 875 time: 0.0237908
2026-07-09 00:50:08.402 9 INFO neutron.api.wsgi [req-8d5dc733-32ec-4a5e-9d2f-850e36eef243 req-be88d24f-2517-41a8-b5b4-4be5899b9279 d6d4ae095f6a4cc2a76be4e7569ac5dc 3d76cb75425c4c7789b8ea7099232f05 - - a4c9ffe7ac2d4d0d817b6f5e32ccdf77 a4c9ffe7ac2d4d0d817b6f5e32ccdf77] 199.204.45.77 "GET /v2.0/ports?device_id=0ab52aee-a40d-43cb-8c38-a1c929a1e8cd&fields=binding%3Ahost_id&fields=binding%3Avif_type HTTP/1.1" status: 200 len: 265 time: 0.0388489
2026-07-09 00:50:09.464 9 INFO neutron.api.wsgi [req-8d5dc733-32ec-4a5e-9d2f-850e36eef243 req-45814457-9697-455d-8284-2bb983dba3e5 d6d4ae095f6a4cc2a76be4e7569ac5dc 3d76cb75425c4c7789b8ea7099232f05 - - a4c9ffe7ac2d4d0d817b6f5e32ccdf77 a4c9ffe7ac2d4d0d817b6f5e32ccdf77] 199.204.45.77 "GET /v2.0/ports?tenant_id=fa1ef212c2f54bc5b4f87e94d3ac48e8&device_id=0ab52aee-a40d-43cb-8c38-a1c929a1e8cd HTTP/1.1" status: 200 len: 1630 time: 0.0420015
2026-07-09 00:50:09.615 9 INFO neutron.api.wsgi [req-12a9ec76-7be5-4edf-a170-2ed7b7febc14 req-1cd9d8b7-5ce0-4fd0-be65-313a91f0002c 21194a289b77496faff67688a8fd7b4b f3cf2f2864f8488f9ee1f2769b181541 - - default default] 10.0.0.31 "GET /v2.0/security-groups?id=0004bee0-f342-472f-8da5-7125a24516ae&fields=id HTTP/1.1" status: 200 len: 267 time: 0.0325177
2026-07-09 00:50:09.662 9 INFO neutron.api.wsgi [req-12a9ec76-7be5-4edf-a170-2ed7b7febc14 req-7959ac98-2c57-42d9-8be3-85e7c29d23ab 21194a289b77496faff67688a8fd7b4b f3cf2f2864f8488f9ee1f2769b181541 - - default default] 10.0.0.31 "GET /v2.0/networks?id=423e043c-3cd8-4612-a490-c2a416175c99 HTTP/1.1" status: 200 len: 936 time: 0.0400493
2026-07-09 00:50:09.677 9 INFO neutron.api.wsgi [req-12a9ec76-7be5-4edf-a170-2ed7b7febc14 req-b48dadb4-b422-4e07-a73f-ca34138cbb15 21194a289b77496faff67688a8fd7b4b f3cf2f2864f8488f9ee1f2769b181541 - - default default] 10.0.0.31 "GET /v2.0/quotas/f3cf2f2864f8488f9ee1f2769b181541 HTTP/1.1" status: 200 len: 490 time: 0.0086818
2026-07-09 00:50:09.730 9 INFO neutron.api.wsgi [req-12a9ec76-7be5-4edf-a170-2ed7b7febc14 req-d8e1a27a-c4a9-48b2-bf1f-d6de1b8674b3 21194a289b77496faff67688a8fd7b4b f3cf2f2864f8488f9ee1f2769b181541 - - default default] 10.0.0.31 "GET /v2.0/ports?tenant_id=f3cf2f2864f8488f9ee1f2769b181541&fields=id HTTP/1.1" status: 200 len: 348 time: 0.0484736
2026-07-09 00:50:09.828 9 INFO neutron.api.wsgi [req-12a9ec76-7be5-4edf-a170-2ed7b7febc14 req-d11c02ca-6fc7-4fff-a94c-0f3a82bae302 d6d4ae095f6a4cc2a76be4e7569ac5dc 3d76cb75425c4c7789b8ea7099232f05 - - a4c9ffe7ac2d4d0d817b6f5e32ccdf77 a4c9ffe7ac2d4d0d817b6f5e32ccdf77] 10.0.0.31 "GET /v2.0/networks/423e043c-3cd8-4612-a490-c2a416175c99?fields=segments HTTP/1.1" status: 200 len: 212 time: 0.0843627
2026-07-09 00:50:09.876 9 INFO neutron.api.wsgi [req-12a9ec76-7be5-4edf-a170-2ed7b7febc14 req-a3daf7bf-52e2-423c-915f-1dfd46c34b00 d6d4ae095f6a4cc2a76be4e7569ac5dc 3d76cb75425c4c7789b8ea7099232f05 - - a4c9ffe7ac2d4d0d817b6f5e32ccdf77 a4c9ffe7ac2d4d0d817b6f5e32ccdf77] 10.0.0.31 "GET /v2.0/networks/423e043c-3cd8-4612-a490-c2a416175c99?fields=provider%3Aphysical_network&fields=provider%3Anetwork_type HTTP/1.1" status: 200 len: 277 time: 0.0430367
2026-07-09 00:50:10.016 9 INFO neutron.api.wsgi [req-8d5dc733-32ec-4a5e-9d2f-850e36eef243 req-4af2d974-359d-4f63-9020-a0419ae272af d6d4ae095f6a4cc2a76be4e7569ac5dc 3d76cb75425c4c7789b8ea7099232f05 - - a4c9ffe7ac2d4d0d817b6f5e32ccdf77 a4c9ffe7ac2d4d0d817b6f5e32ccdf77] 199.204.45.77 "GET /v2.0/networks?id=aa02c8e4-1ca6-4f5d-b4de-1e9e84be6d7f HTTP/1.1" status: 200 len: 1003 time: 0.0439756
2026-07-09 00:50:10.055 9 INFO neutron.api.wsgi [req-8d5dc733-32ec-4a5e-9d2f-850e36eef243 req-567cbdea-b13e-437b-ae02-74c45502a27a d6d4ae095f6a4cc2a76be4e7569ac5dc 3d76cb75425c4c7789b8ea7099232f05 - - a4c9ffe7ac2d4d0d817b6f5e32ccdf77 a4c9ffe7ac2d4d0d817b6f5e32ccdf77] 199.204.45.77 "GET /v2.0/floatingips?fixed_ip_address=10.2.1.78&port_id=039ea386-d9ec-4bd8-b3fe-f3ec12fdb949 HTTP/1.1" status: 200 len: 1058 time: 0.0317786
2026-07-09 00:50:10.077 9 INFO neutron.api.wsgi [req-8d5dc733-32ec-4a5e-9d2f-850e36eef243 req-6e35f6f6-faa4-422b-947e-210cee1703cf d6d4ae095f6a4cc2a76be4e7569ac5dc 3d76cb75425c4c7789b8ea7099232f05 - - a4c9ffe7ac2d4d0d817b6f5e32ccdf77 a4c9ffe7ac2d4d0d817b6f5e32ccdf77] 199.204.45.77 "GET /v2.0/floatingips?fixed_ip_address=fd7b%3Af9f7%3Afff%3A4eca%3A%3A1a&port_id=039ea386-d9ec-4bd8-b3fe-f3ec12fdb949 HTTP/1.1" status: 200 len: 217 time: 0.0164721
2026-07-09 00:50:10.108 9 INFO neutron.api.wsgi [req-8d5dc733-32ec-4a5e-9d2f-850e36eef243 req-fee6e998-f33e-4b56-9379-49c868bd1cdf d6d4ae095f6a4cc2a76be4e7569ac5dc 3d76cb75425c4c7789b8ea7099232f05 - - a4c9ffe7ac2d4d0d817b6f5e32ccdf77 a4c9ffe7ac2d4d0d817b6f5e32ccdf77] 199.204.45.77 "GET /v2.0/subnets?id=7109c2a6-70b2-43c2-b308-fb82bb0625f0&id=60c0e80b-e308-48d0-813e-e1f425794e7b HTTP/1.1" status: 200 len: 1610 time: 0.0258222
2026-07-09 00:50:10.141 9 INFO neutron.api.wsgi [req-8d5dc733-32ec-4a5e-9d2f-850e36eef243 req-84072e8c-5b41-4d8a-a27d-de1be1a42100 d6d4ae095f6a4cc2a76be4e7569ac5dc 3d76cb75425c4c7789b8ea7099232f05 - - a4c9ffe7ac2d4d0d817b6f5e32ccdf77 a4c9ffe7ac2d4d0d817b6f5e32ccdf77] 199.204.45.77 "GET /v2.0/ports?network_id=aa02c8e4-1ca6-4f5d-b4de-1e9e84be6d7f&device_owner=network%3Adhcp HTTP/1.1" status: 200 len: 210 time: 0.0267236
2026-07-09 00:50:10.169 9 INFO neutron.api.wsgi [req-8d5dc733-32ec-4a5e-9d2f-850e36eef243 req-64ec82ae-4826-4137-9248-eabf20521d19 d6d4ae095f6a4cc2a76be4e7569ac5dc 3d76cb75425c4c7789b8ea7099232f05 - - a4c9ffe7ac2d4d0d817b6f5e32ccdf77 a4c9ffe7ac2d4d0d817b6f5e32ccdf77] 199.204.45.77 "GET /v2.0/ports?network_id=aa02c8e4-1ca6-4f5d-b4de-1e9e84be6d7f&device_owner=network%3Adhcp HTTP/1.1" status: 200 len: 210 time: 0.0186002
2026-07-09 00:50:10.229 9 INFO neutron.api.wsgi [req-8d5dc733-32ec-4a5e-9d2f-850e36eef243 req-d4a6557f-533c-4e6a-af98-2930442428a2 d6d4ae095f6a4cc2a76be4e7569ac5dc 3d76cb75425c4c7789b8ea7099232f05 - - a4c9ffe7ac2d4d0d817b6f5e32ccdf77 a4c9ffe7ac2d4d0d817b6f5e32ccdf77] 199.204.45.77 "GET /v2.0/networks/aa02c8e4-1ca6-4f5d-b4de-1e9e84be6d7f?fields=segments HTTP/1.1" status: 200 len: 212 time: 0.0524139
2026-07-09 00:50:10.288 9 INFO neutron.api.wsgi [req-8d5dc733-32ec-4a5e-9d2f-850e36eef243 req-072bed38-11ae-4f07-9b25-645751d0151c d6d4ae095f6a4cc2a76be4e7569ac5dc 3d76cb75425c4c7789b8ea7099232f05 - - a4c9ffe7ac2d4d0d817b6f5e32ccdf77 a4c9ffe7ac2d4d0d817b6f5e32ccdf77] 199.204.45.77 "GET /v2.0/networks/aa02c8e4-1ca6-4f5d-b4de-1e9e84be6d7f?fields=provider%3Aphysical_network&fields=provider%3Anetwork_type HTTP/1.1" status: 200 len: 277 time: 0.0530736
2026-07-09 00:50:10.673 10 INFO neutron.api.wsgi [req-15fc76fe-8a76-48e8-bf81-66c52a09084d req-7733722d-ca6a-4334-a428-870c66fe5e1d 21194a289b77496faff67688a8fd7b4b f3cf2f2864f8488f9ee1f2769b181541 - - default default] 10.0.0.31 "GET /v2.0/ports?device_id=fb211587-c339-47e5-b3de-c7ea0751c076 HTTP/1.1" status: 200 len: 210 time: 0.0225966
2026-07-09 00:50:10.757 9 INFO neutron.api.wsgi [req-4bff4c1e-b802-448c-930a-7469146a1c3f req-cbd58f04-db21-49b3-8627-ed0c0d9a2510 21194a289b77496faff67688a8fd7b4b f3cf2f2864f8488f9ee1f2769b181541 - - default default] 10.0.0.31 "GET /v2.0/ports?device_id=fb211587-c339-47e5-b3de-c7ea0751c076 HTTP/1.1" status: 200 len: 210 time: 0.0319800
2026-07-09 00:50:13.479 9 INFO neutron.api.wsgi [req-03b6ce43-6c4a-4b88-9ac9-95d1855c15d5 req-1b2ad6d4-3636-4340-b5c4-bad7813b0482 21194a289b77496faff67688a8fd7b4b f3cf2f2864f8488f9ee1f2769b181541 - - default default] 10.0.0.31 "GET /v2.0/ports?device_id=fb211587-c339-47e5-b3de-c7ea0751c076 HTTP/1.1" status: 200 len: 210 time: 0.0187571
2026-07-09 00:50:13.559 10 INFO neutron.api.wsgi [req-018a1f70-e26d-49f4-8d38-54b752f60a69 req-d407fc2f-d55e-4b39-91f0-cb851b0799dc 21194a289b77496faff67688a8fd7b4b f3cf2f2864f8488f9ee1f2769b181541 - - default default] 10.0.0.31 "GET /v2.0/ports?device_id=fb211587-c339-47e5-b3de-c7ea0751c076 HTTP/1.1" status: 200 len: 210 time: 0.0189743
