2026-07-09 00:44:16.789 9 INFO neutron.db.ovn_revision_numbers_db [None req-df03b191-b7ba-46fb-8746-ad1583e4675e 21194a289b77496faff67688a8fd7b4b f3cf2f2864f8488f9ee1f2769b181541 - - default default] Successfully bumped revision number for resource 6195ca8c-b748-4ca7-8393-be158f1d54cf (type: routers) to 2
2026-07-09 00:44:16.808 9 INFO neutron.api.wsgi [None req-df03b191-b7ba-46fb-8746-ad1583e4675e 21194a289b77496faff67688a8fd7b4b f3cf2f2864f8488f9ee1f2769b181541 - - default default] 10.0.0.38 "POST /v2.0/routers HTTP/1.1" status: 201 len: 1171 time: 1.2607136
2026-07-09 00:44:16.816 10 INFO neutron.api.wsgi [req-3c471d3a-3612-46ec-a08e-1589ea10dc43 req-4f4cbd67-95b3-4811-94cf-4b1b2f961a98 cf1270e005b34c1abca4173cf7870ca8 67f22b9b1cb74370884d1dfb9e6da0ef - - default default] 10.0.0.31 "GET /v2.0/ports?device_id=afc1aff1-1291-4e29-bb09-f38aa84aa567 HTTP/1.1" status: 200 len: 1170 time: 0.0454185 /var/lib/openstack/lib/python3.12/site-packages/pycadf/identifier.py:71: UserWarning: Invalid uuid: neutron. To ensure interoperability, identifiers should be a valid uuid. warnings.warn(('Invalid uuid: %s. To ensure interoperability, '
2026-07-09 00:44:16.878 10 INFO neutron.api.wsgi [req-3c471d3a-3612-46ec-a08e-1589ea10dc43 req-55b9b054-bb47-448d-8cb5-681359cd314d cf1270e005b34c1abca4173cf7870ca8 67f22b9b1cb74370884d1dfb9e6da0ef - - default default] 10.0.0.31 "GET /v2.0/security-groups?id=9a718a5b-dd34-4ca4-9b1a-86d6d7601a08&fields=id&fields=name HTTP/1.1" status: 200 len: 313 time: 0.0583696
2026-07-09 00:44:16.907 9 INFO neutron.api.wsgi [-] 10.0.0.38 "GET / HTTP/1.1" status: 200 len: 279 time: 0.0014112
2026-07-09 00:44:16.994 10 INFO neutron.api.wsgi [None req-3c5e4d6c-bf09-4046-b300-efe9ac69c2cb a9be5d23e3374bf2a41f633b47f554d9 b85c67802a914b92a9fb55df7424d131 - - default default] 10.0.0.38 "PUT /v2.0/routers/8edf7f3f-f464-44c9-9984-200cc7350574/remove_router_interface HTTP/1.1" status: 200 len: 503 time: 1.1021326
2026-07-09 00:44:17.024 9 INFO neutron.api.wsgi [None req-8911c619-ce41-4568-a9dc-784936d8c618 a9be5d23e3374bf2a41f633b47f554d9 b85c67802a914b92a9fb55df7424d131 - - default default] 10.0.0.38 "GET /v2.0/ports?device_id=8edf7f3f-f464-44c9-9984-200cc7350574 HTTP/1.1" status: 200 len: 205 time: 0.0210495
2026-07-09 00:44:17.103 9 INFO neutron.api.wsgi [None req-d9cd5fdd-8cde-42d6-b852-6fcb0708eb58 a95251f4b95a4856baad7060a2fe36a0 0010d66fe9674557853974c8079e2b7f - - default default] 10.0.0.38 "GET /v2.0/ HTTP/1.1" status: 200 len: 826 time: 0.1903946
2026-07-09 00:44:17.332 9 INFO neutron.api.wsgi [None req-3aba52cb-16e8-49df-acf5-ba72de398791 a9be5d23e3374bf2a41f633b47f554d9 b85c67802a914b92a9fb55df7424d131 - - default default] 10.0.0.38 "DELETE /v2.0/routers/8edf7f3f-f464-44c9-9984-200cc7350574 HTTP/1.1" status: 204 len: 168 time: 0.2994316
2026-07-09 00:44:17.477 9 INFO neutron.db.ovn_revision_numbers_db [None req-7dc4a059-58cf-49a4-935c-150ecd742a1d - - - - - -] Successfully bumped revision number for resource 53f87d52-e962-48b5-8287-08616216a5fe (type: ports) to 1
2026-07-09 00:44:17.590 9 WARNING neutron.scheduler.dhcp_agent_scheduler [None req-a4edf9ac-04ed-4cee-8565-6f32da5c9d47 21194a289b77496faff67688a8fd7b4b f3cf2f2864f8488f9ee1f2769b181541 - - default default] No more DHCP agents
2026-07-09 00:44:17.593 9 WARNING neutron.api.rpc.agentnotifiers.dhcp_rpc_agent_api [None req-a4edf9ac-04ed-4cee-8565-6f32da5c9d47 21194a289b77496faff67688a8fd7b4b f3cf2f2864f8488f9ee1f2769b181541 - - default default] Unable to schedule network ec88fb92-7c74-4347-883a-70672334d019: no agents available; will retry on subsequent port and subnet creation events.
2026-07-09 00:44:17.608 9 INFO neutron.api.wsgi [None req-f317341f-68b6-499b-bdaf-2a39d6ea7f87 a9be5d23e3374bf2a41f633b47f554d9 b85c67802a914b92a9fb55df7424d131 - - default default] 10.0.0.38 "DELETE /v2.0/subnets/7e5e796c-66d5-4bce-81ef-ae4893c28a2b HTTP/1.1" status: 204 len: 168 time: 0.2648032 /var/lib/openstack/lib/python3.12/site-packages/pycadf/identifier.py:71: UserWarning: Invalid uuid: neutron. To ensure interoperability, identifiers should be a valid uuid. warnings.warn(('Invalid uuid: %s. To ensure interoperability, '
2026-07-09 00:44:17.738 9 INFO neutron.db.ovn_revision_numbers_db [None req-a4edf9ac-04ed-4cee-8565-6f32da5c9d47 21194a289b77496faff67688a8fd7b4b f3cf2f2864f8488f9ee1f2769b181541 - - default default] Successfully bumped revision number for resource ec22eb9e-4305-405b-a0d9-99f8fc85e96c (type: ports) to 1
2026-07-09 00:44:18.056 10 INFO neutron.services.segments.plugin [-] Segment 95e572a2-2c0d-45c8-85d3-9cc830e39f41 resource provider aggregate not found
2026-07-09 00:44:18.062 10 INFO neutron.services.segments.plugin [-] Segment 95e572a2-2c0d-45c8-85d3-9cc830e39f41 resource provider aggregate not found
2026-07-09 00:44:18.066 10 INFO neutron.db.ovn_revision_numbers_db [None req-7639f981-3e97-4956-b49f-1b6d1260555c 21194a289b77496faff67688a8fd7b4b f3cf2f2864f8488f9ee1f2769b181541 - - default default] Successfully bumped revision number for resource 49772fed-b24a-49d4-aeac-24275a00d7e3 (type: security_groups) to 1
2026-07-09 00:44:18.075 10 INFO neutron.services.segments.plugin [-] Segment 95e572a2-2c0d-45c8-85d3-9cc830e39f41 resource provider not found; error: Placement Client Error (4xx): {"errors": [{"status": 404, "title": "Not Found", "detail": "The resource could not be found.\n\n No resource provider with uuid 95e572a2-2c0d-45c8-85d3-9cc830e39f41 found for delete ", "request_id": "req-b6704a74-0dc6-46c4-856f-5d8e333b8dd4"}]}
2026-07-09 00:44:18.085 10 INFO neutron.services.segments.plugin [-] Segment 95e572a2-2c0d-45c8-85d3-9cc830e39f41 resource provider not found; error: Placement Client Error (4xx): {"errors": [{"status": 404, "title": "Not Found", "detail": "The resource could not be found.\n\n No resource provider with uuid 95e572a2-2c0d-45c8-85d3-9cc830e39f41 found for delete ", "request_id": "req-786d3ea3-2c04-4d38-af23-b5178bb6e82c"}]}
2026-07-09 00:44:18.093 10 INFO neutron.db.ovn_revision_numbers_db [None req-7639f981-3e97-4956-b49f-1b6d1260555c 21194a289b77496faff67688a8fd7b4b f3cf2f2864f8488f9ee1f2769b181541 - - default default] Successfully bumped revision number for resource 0827f675-973b-4f2e-922c-748fa33dedda (type: security_group_rules) to 0
2026-07-09 00:44:18.110 10 INFO neutron.db.ovn_revision_numbers_db [None req-7639f981-3e97-4956-b49f-1b6d1260555c 21194a289b77496faff67688a8fd7b4b f3cf2f2864f8488f9ee1f2769b181541 - - default default] Successfully bumped revision number for resource 52df2216-1146-4a04-98af-d0b0482a351c (type: security_group_rules) to 0
2026-07-09 00:44:18.119 10 INFO neutron.api.wsgi [None req-a62b7e88-7941-4e29-9742-2c9c2af77e27 a9be5d23e3374bf2a41f633b47f554d9 b85c67802a914b92a9fb55df7424d131 - - default default] 10.0.0.38 "DELETE /v2.0/networks/20391946-f740-4e7d-b32d-b29ee212c0b6 HTTP/1.1" status: 204 len: 168 time: 0.5018487
2026-07-09 00:44:18.131 10 WARNING neutron_lib.context [None req-0bdf11a2-34cc-4056-b696-0cb1b465f0d5 a9be5d23e3374bf2a41f633b47f554d9 b85c67802a914b92a9fb55df7424d131 - - default default] Method 'is_advsvc' is deprecated since 2023.2 release (neutron-lib 3.8.0) and will be removed once support for the old RBAC API policies will be removed from Neutron. Please use method 'is_service_role' instead.
2026-07-09 00:44:18.147 10 INFO neutron.db.ovn_revision_numbers_db [None req-7639f981-3e97-4956-b49f-1b6d1260555c 21194a289b77496faff67688a8fd7b4b f3cf2f2864f8488f9ee1f2769b181541 - - default default] Successfully bumped revision number for resource 57bef30a-e539-4deb-84a9-b6b29a52b498 (type: security_group_rules) to 0
2026-07-09 00:44:18.169 10 INFO neutron.db.ovn_revision_numbers_db [None req-7639f981-3e97-4956-b49f-1b6d1260555c 21194a289b77496faff67688a8fd7b4b f3cf2f2864f8488f9ee1f2769b181541 - - default default] Successfully bumped revision number for resource e6dbedaa-8714-4c7d-ad0d-cdf295fcb22c (type: security_group_rules) to 0
2026-07-09 00:44:18.185 9 INFO neutron.api.wsgi [req-00afef6a-727b-4edf-ae21-a35620b52bfb req-1d6fae07-6161-4623-9682-06ace3966df0 cf1270e005b34c1abca4173cf7870ca8 67f22b9b1cb74370884d1dfb9e6da0ef - - default default] 10.0.0.31 "GET /v2.0/ports?device_id=afc1aff1-1291-4e29-bb09-f38aa84aa567 HTTP/1.1" status: 200 len: 1170 time: 0.0637896
2026-07-09 00:44:18.220 10 INFO neutron.api.wsgi [None req-7639f981-3e97-4956-b49f-1b6d1260555c 21194a289b77496faff67688a8fd7b4b f3cf2f2864f8488f9ee1f2769b181541 - - default default] 10.0.0.38 "GET /v2.0/security-groups?tenant_id=0010d66fe9674557853974c8079e2b7f&name=default HTTP/1.1" status: 200 len: 3120 time: 0.4737062
2026-07-09 00:44:18.246 9 INFO neutron.api.wsgi [req-00afef6a-727b-4edf-ae21-a35620b52bfb req-b7b509b4-73e3-464e-9bda-6ca4d4e02d74 cf1270e005b34c1abca4173cf7870ca8 67f22b9b1cb74370884d1dfb9e6da0ef - - default default] 10.0.0.31 "GET /v2.0/security-groups?id=9a718a5b-dd34-4ca4-9b1a-86d6d7601a08&fields=id&fields=name HTTP/1.1" status: 200 len: 313 time: 0.0491490
2026-07-09 00:44:18.276 9 INFO neutron.db.ovn_revision_numbers_db [None req-7dc4a059-58cf-49a4-935c-150ecd742a1d - - - - - -] Successfully bumped revision number for resource 53f87d52-e962-48b5-8287-08616216a5fe (type: ports) to 4
2026-07-09 00:44:18.524 10 INFO neutron.api.wsgi [None req-513186c1-fb90-4cf8-a555-a43208affead 21194a289b77496faff67688a8fd7b4b f3cf2f2864f8488f9ee1f2769b181541 - - default default] 10.0.0.38 "DELETE /v2.0/security-groups/49772fed-b24a-49d4-aeac-24275a00d7e3 HTTP/1.1" status: 204 len: 168 time: 0.2941618
2026-07-09 00:44:18.612 9 INFO neutron.db.ovn_revision_numbers_db [None req-7dc4a059-58cf-49a4-935c-150ecd742a1d - - - - - -] Successfully bumped revision number for resource 53f87d52-e962-48b5-8287-08616216a5fe (type: ports) to 5
2026-07-09 00:44:18.618 10 INFO neutron.notifiers.nova [-] Nova event matching ['req-5ca8da4e-9863-4652-b905-a56f1adc9850'] response: {'server_uuid': 'afc1aff1-1291-4e29-bb09-f38aa84aa567', 'name': 'network-vif-plugged', 'status': 'completed', 'tag': 'c4dd457f-41fc-4563-a94a-fe6d8dd1dbf9', 'code': 200}
2026-07-09 00:44:18.663 10 WARNING neutron.scheduler.dhcp_agent_scheduler [None req-0bdf11a2-34cc-4056-b696-0cb1b465f0d5 a9be5d23e3374bf2a41f633b47f554d9 b85c67802a914b92a9fb55df7424d131 - - default default] No more DHCP agents
2026-07-09 00:44:18.676 10 WARNING neutron.api.rpc.agentnotifiers.dhcp_rpc_agent_api [None req-0bdf11a2-34cc-4056-b696-0cb1b465f0d5 a9be5d23e3374bf2a41f633b47f554d9 b85c67802a914b92a9fb55df7424d131 - - default default] Unable to schedule network c0c9bd91-e1e7-4eaf-8008-8ac8d6e5deec: no agents available; will retry on subsequent port and subnet creation events.
2026-07-09 00:44:18.685 10 INFO neutron.plugins.ml2.drivers.ovn.mech_driver.mech_driver [None req-c8aef6b9-a739-4838-a639-84452925e167 - - - - - -] OVN reports status up for port: ec22eb9e-4305-405b-a0d9-99f8fc85e96c
2026-07-09 00:44:18.692 10 INFO neutron.plugins.ml2.plugin [None req-c8aef6b9-a739-4838-a639-84452925e167 - - - - - -] Attempt 1 to provision port ec22eb9e-4305-405b-a0d9-99f8fc85e96c
2026-07-09 00:44:18.701 9 INFO neutron.db.ovn_revision_numbers_db [None req-a4edf9ac-04ed-4cee-8565-6f32da5c9d47 21194a289b77496faff67688a8fd7b4b f3cf2f2864f8488f9ee1f2769b181541 - - default default] Successfully bumped revision number for resource ec22eb9e-4305-405b-a0d9-99f8fc85e96c (type: ports) to 1
2026-07-09 00:44:18.747 9 WARNING neutron.scheduler.dhcp_agent_scheduler [None req-a4edf9ac-04ed-4cee-8565-6f32da5c9d47 21194a289b77496faff67688a8fd7b4b f3cf2f2864f8488f9ee1f2769b181541 - - default default] No more DHCP agents
2026-07-09 00:44:18.748 9 WARNING neutron.api.rpc.agentnotifiers.dhcp_rpc_agent_api [None req-a4edf9ac-04ed-4cee-8565-6f32da5c9d47 21194a289b77496faff67688a8fd7b4b f3cf2f2864f8488f9ee1f2769b181541 - - default default] Unable to schedule network ec88fb92-7c74-4347-883a-70672334d019: no agents available; will retry on subsequent port and subnet creation events.
2026-07-09 00:44:18.809 10 INFO neutron.db.ovn_revision_numbers_db [None req-0bdf11a2-34cc-4056-b696-0cb1b465f0d5 a9be5d23e3374bf2a41f633b47f554d9 b85c67802a914b92a9fb55df7424d131 - - default default] Successfully bumped revision number for resource 70c62fe2-1a50-444e-8fd6-9cef81ed929f (type: ports) to 1
2026-07-09 00:44:19.081 10 INFO neutron.db.ovn_revision_numbers_db [None req-c8aef6b9-a739-4838-a639-84452925e167 - - - - - -] Successfully bumped revision number for resource ec22eb9e-4305-405b-a0d9-99f8fc85e96c (type: ports) to 2
2026-07-09 00:44:19.354 9 INFO neutron.api.wsgi [req-ca492f63-8c91-4074-b289-7665d21ba065 req-1b02ac8b-2e76-4e39-a75a-a663fb471c54 cf1270e005b34c1abca4173cf7870ca8 67f22b9b1cb74370884d1dfb9e6da0ef - - default default] 10.0.0.31 "GET /v2.0/ports?device_id=afc1aff1-1291-4e29-bb09-f38aa84aa567 HTTP/1.1" status: 200 len: 1170 time: 0.0412686
2026-07-09 00:44:19.382 9 INFO neutron.db.ovn_revision_numbers_db [None req-a4edf9ac-04ed-4cee-8565-6f32da5c9d47 21194a289b77496faff67688a8fd7b4b f3cf2f2864f8488f9ee1f2769b181541 - - default default] Successfully bumped revision number for resource ec22eb9e-4305-405b-a0d9-99f8fc85e96c (type: router_ports) to 1
2026-07-09 00:44:19.387 9 INFO neutron.api.wsgi [None req-a4edf9ac-04ed-4cee-8565-6f32da5c9d47 21194a289b77496faff67688a8fd7b4b f3cf2f2864f8488f9ee1f2769b181541 - - default default] 10.0.0.38 "PUT /v2.0/routers/6195ca8c-b748-4ca7-8393-be158f1d54cf/add_router_interface HTTP/1.1" status: 200 len: 503 time: 2.5720253
2026-07-09 00:44:19.406 9 INFO neutron.api.wsgi [req-ca492f63-8c91-4074-b289-7665d21ba065 req-dc4fdd7c-9757-4206-99a7-13297f0936d5 cf1270e005b34c1abca4173cf7870ca8 67f22b9b1cb74370884d1dfb9e6da0ef - - default default] 10.0.0.31 "GET /v2.0/security-groups?id=9a718a5b-dd34-4ca4-9b1a-86d6d7601a08&fields=id&fields=name HTTP/1.1" status: 200 len: 313 time: 0.0450554
2026-07-09 00:44:19.504 10 INFO neutron.plugins.ml2.drivers.ovn.mech_driver.ovsdb.commands [None req-a40e6ebc-97bd-4872-81db-5f9a8f6b76e7 - - - - - -] Schedule LRP lrp-70c62fe2-1a50-444e-8fd6-9cef81ed929f on gateway b83027b7-4319-44dc-9490-cd8a537f60a6 with priority 1
2026-07-09 00:44:19.561 10 INFO neutron.db.ovn_revision_numbers_db [None req-0bdf11a2-34cc-4056-b696-0cb1b465f0d5 a9be5d23e3374bf2a41f633b47f554d9 b85c67802a914b92a9fb55df7424d131 - - default default] Successfully bumped revision number for resource 70c62fe2-1a50-444e-8fd6-9cef81ed929f (type: router_ports) to 1
2026-07-09 00:44:19.584 10 INFO neutron.api.wsgi [req-fed622e8-955e-4e68-9267-efb86571cb38 req-4a6dc5c2-9ccf-4b23-8773-8bcb75280c80 cf1270e005b34c1abca4173cf7870ca8 67f22b9b1cb74370884d1dfb9e6da0ef - - default default] 10.0.0.31 "GET /v2.0/ports?device_id=afc1aff1-1291-4e29-bb09-f38aa84aa567 HTTP/1.1" status: 200 len: 1170 time: 0.1118488
2026-07-09 00:44:19.620 10 INFO neutron.db.ovn_revision_numbers_db [None req-0bdf11a2-34cc-4056-b696-0cb1b465f0d5 a9be5d23e3374bf2a41f633b47f554d9 b85c67802a914b92a9fb55df7424d131 - - default default] Successfully bumped revision number for resource dc3db250-9832-456e-829d-3415b2e74c37 (type: routers) to 2
2026-07-09 00:44:19.646 10 INFO neutron.api.wsgi [None req-0bdf11a2-34cc-4056-b696-0cb1b465f0d5 a9be5d23e3374bf2a41f633b47f554d9 b85c67802a914b92a9fb55df7424d131 - - default default] 10.0.0.38 "POST /v2.0/routers HTTP/1.1" status: 201 len: 1147 time: 1.5218947
2026-07-09 00:44:19.709 10 INFO neutron.api.wsgi [None req-74e52217-b694-4965-b06d-65f5ae7abefd a9be5d23e3374bf2a41f633b47f554d9 b85c67802a914b92a9fb55df7424d131 - - default default] 10.0.0.38 "GET /v2.0/routers/dc3db250-9832-456e-829d-3415b2e74c37 HTTP/1.1" status: 200 len: 1148 time: 0.0579669
2026-07-09 00:44:19.801 9 INFO neutron.api.wsgi [None req-4216ea36-1326-4f95-b2da-5f052e99828d a9be5d23e3374bf2a41f633b47f554d9 b85c67802a914b92a9fb55df7424d131 - - default default] 10.0.0.38 "GET /v2.0/routers HTTP/1.1" status: 200 len: 1151 time: 0.0864391
2026-07-09 00:44:20.058 10 WARNING neutron_lib.context [None req-08c72f5e-e572-4a0e-affc-e5a58994c7c1 841f9473db5442daa3ecf6c9c0fe8e86 efd612e022504c64b0f9653481499ed9 - - default default] Method 'is_advsvc' is deprecated since 2023.2 release (neutron-lib 3.8.0) and will be removed once support for the old RBAC API policies will be removed from Neutron. Please use method 'is_service_role' instead.
2026-07-09 00:44:20.093 9 INFO neutron.db.ovn_revision_numbers_db [None req-322219a6-fc6e-4db3-9b74-0749de65d5ad cf1270e005b34c1abca4173cf7870ca8 67f22b9b1cb74370884d1dfb9e6da0ef - - default default] Successfully bumped revision number for resource 5293d3a0-a475-4cb3-ae0e-c5bd66037342 (type: floatingips) to 1
2026-07-09 00:44:20.209 9 INFO neutron.db.ovn_revision_numbers_db [None req-322219a6-fc6e-4db3-9b74-0749de65d5ad cf1270e005b34c1abca4173cf7870ca8 67f22b9b1cb74370884d1dfb9e6da0ef - - default default] Successfully bumped revision number for resource 5293d3a0-a475-4cb3-ae0e-c5bd66037342 (type: floatingips) to 2
2026-07-09 00:44:20.212 9 INFO neutron.db.l3_db [None req-322219a6-fc6e-4db3-9b74-0749de65d5ad cf1270e005b34c1abca4173cf7870ca8 67f22b9b1cb74370884d1dfb9e6da0ef - - default default] Floating IP 5293d3a0-a475-4cb3-ae0e-c5bd66037342 associated. External IP: 10.96.250.201, port: c4dd457f-41fc-4563-a94a-fe6d8dd1dbf9.
2026-07-09 00:44:20.228 10 INFO neutron.db.ovn_revision_numbers_db [None req-08c72f5e-e572-4a0e-affc-e5a58994c7c1 841f9473db5442daa3ecf6c9c0fe8e86 efd612e022504c64b0f9653481499ed9 - - default default] Successfully bumped revision number for resource 483c8f4f-01d6-402a-9575-b045b346ac4a (type: security_groups) to 1
2026-07-09 00:44:20.242 9 INFO neutron.api.wsgi [None req-322219a6-fc6e-4db3-9b74-0749de65d5ad cf1270e005b34c1abca4173cf7870ca8 67f22b9b1cb74370884d1dfb9e6da0ef - - default default] 10.0.0.38 "PUT /v2.0/floatingips/5293d3a0-a475-4cb3-ae0e-c5bd66037342 HTTP/1.1" status: 200 len: 1049 time: 0.6394134
2026-07-09 00:44:20.255 10 INFO neutron.db.ovn_revision_numbers_db [None req-08c72f5e-e572-4a0e-affc-e5a58994c7c1 841f9473db5442daa3ecf6c9c0fe8e86 efd612e022504c64b0f9653481499ed9 - - default default] Successfully bumped revision number for resource 3c242e08-5471-4ba4-b22a-d7f2a353bbf8 (type: security_group_rules) to 0
2026-07-09 00:44:20.270 10 INFO neutron.db.ovn_revision_numbers_db [None req-08c72f5e-e572-4a0e-affc-e5a58994c7c1 841f9473db5442daa3ecf6c9c0fe8e86 efd612e022504c64b0f9653481499ed9 - - default default] Successfully bumped revision number for resource 5a7c8ac8-1319-46a5-8f53-8a67469a5a3e (type: security_group_rules) to 0
2026-07-09 00:44:20.276 9 INFO neutron.notifiers.nova [-] Nova event matching ['req-65d4c3e2-e679-477a-80bb-782136b51b6c'] response: {'name': 'network-changed', 'server_uuid': 'afc1aff1-1291-4e29-bb09-f38aa84aa567', 'tag': 'c4dd457f-41fc-4563-a94a-fe6d8dd1dbf9', 'status': 'completed', 'code': 200}
2026-07-09 00:44:20.285 10 INFO neutron.db.ovn_revision_numbers_db [None req-ab32863d-aa29-4c15-aa1a-3c660d070450 a9be5d23e3374bf2a41f633b47f554d9 b85c67802a914b92a9fb55df7424d131 - - default default] Successfully bumped revision number for resource dc3db250-9832-456e-829d-3415b2e74c37 (type: routers) to 3
2026-07-09 00:44:20.292 10 INFO neutron.api.wsgi [None req-ab32863d-aa29-4c15-aa1a-3c660d070450 a9be5d23e3374bf2a41f633b47f554d9 b85c67802a914b92a9fb55df7424d131 - - default default] 10.0.0.38 "PUT /v2.0/routers/dc3db250-9832-456e-829d-3415b2e74c37 HTTP/1.1" status: 200 len: 1155 time: 0.4858193
2026-07-09 00:44:20.304 9 WARNING neutron.plugins.ml2.drivers.ovn.mech_driver.ovsdb.ovn_client [None req-b67f4535-80f9-44f3-8abf-63bd4d2c6232 - - - - - -] No port found with ID 998b79c1-6ea4-4852-a14b-8c7eda6e1d6c: RuntimeError: No port found with ID 998b79c1-6ea4-4852-a14b-8c7eda6e1d6c
2026-07-09 00:44:20.313 10 INFO neutron.api.wsgi [None req-08c72f5e-e572-4a0e-affc-e5a58994c7c1 841f9473db5442daa3ecf6c9c0fe8e86 efd612e022504c64b0f9653481499ed9 - - default default] 10.0.0.38 "POST /v2.0/security-groups HTTP/1.1" status: 201 len: 1861 time: 0.2616875
2026-07-09 00:44:20.321 10 WARNING neutron_lib.context [None req-f1e77d87-31b2-4632-a460-3a80adc239b3 841f9473db5442daa3ecf6c9c0fe8e86 efd612e022504c64b0f9653481499ed9 - - default default] Method 'is_advsvc' is deprecated since 2023.2 release (neutron-lib 3.8.0) and will be removed once support for the old RBAC API policies will be removed from Neutron. Please use method 'is_service_role' instead.
2026-07-09 00:44:20.366 10 INFO neutron.api.wsgi [None req-002a8089-448b-499a-9445-68fd4ad53be4 a9be5d23e3374bf2a41f633b47f554d9 b85c67802a914b92a9fb55df7424d131 - - default default] 10.0.0.38 "GET /v2.0/routers/dc3db250-9832-456e-829d-3415b2e74c37 HTTP/1.1" status: 200 len: 1155 time: 0.0674329
2026-07-09 00:44:20.385 10 INFO neutron.api.wsgi [None req-f2f43d44-f441-442a-9b34-e25c8e51767a a9be5d23e3374bf2a41f633b47f554d9 b85c67802a914b92a9fb55df7424d131 - - default default] 10.0.0.38 "GET /v2.0/ports?device_id=dc3db250-9832-456e-829d-3415b2e74c37 HTTP/1.1" status: 200 len: 205 time: 0.0137248
2026-07-09 00:44:20.391 9 INFO neutron.plugins.ml2.drivers.ovn.mech_driver.mech_driver [None req-b67f4535-80f9-44f3-8abf-63bd4d2c6232 - - - - - -] OVN reports status up for port: 53f87d52-e962-48b5-8287-08616216a5fe
2026-07-09 00:44:20.405 9 INFO neutron.plugins.ml2.plugin [None req-b67f4535-80f9-44f3-8abf-63bd4d2c6232 - - - - - -] Attempt 1 to provision port 53f87d52-e962-48b5-8287-08616216a5fe
2026-07-09 00:44:20.485 9 INFO neutron.plugins.ml2.drivers.ovn.mech_driver.mech_driver [None req-b67f4535-80f9-44f3-8abf-63bd4d2c6232 - - - - - -] OVN reports status up for port: 70c62fe2-1a50-444e-8fd6-9cef81ed929f
2026-07-09 00:44:20.492 9 INFO neutron.plugins.ml2.plugin [None req-b67f4535-80f9-44f3-8abf-63bd4d2c6232 - - - - - -] Attempt 1 to provision port 70c62fe2-1a50-444e-8fd6-9cef81ed929f
2026-07-09 00:44:20.502 10 INFO neutron.db.ovn_revision_numbers_db [None req-f1e77d87-31b2-4632-a460-3a80adc239b3 841f9473db5442daa3ecf6c9c0fe8e86 efd612e022504c64b0f9653481499ed9 - - default default] Successfully bumped revision number for resource 9e59e362-0ae8-4f2a-b4c6-6a96c3c04d0e (type: security_group_rules) to 0
2026-07-09 00:44:20.542 10 INFO neutron.api.wsgi [None req-f1e77d87-31b2-4632-a460-3a80adc239b3 841f9473db5442daa3ecf6c9c0fe8e86 efd612e022504c64b0f9653481499ed9 - - default default] 10.0.0.38 "POST /v2.0/security-group-rules HTTP/1.1" status: 201 len: 796 time: 0.2246807 /var/lib/openstack/lib/python3.12/site-packages/pycadf/identifier.py:71: UserWarning: Invalid uuid: neutron. To ensure interoperability, identifiers should be a valid uuid. warnings.warn(('Invalid uuid: %s. To ensure interoperability, '
2026-07-09 00:44:20.554 9 WARNING neutron_lib.context [None req-41d6fff0-cce5-4814-ac81-aedfa854bab7 841f9473db5442daa3ecf6c9c0fe8e86 efd612e022504c64b0f9653481499ed9 - - default default] Method 'is_advsvc' is deprecated since 2023.2 release (neutron-lib 3.8.0) and will be removed once support for the old RBAC API policies will be removed from Neutron. Please use method 'is_service_role' instead.
2026-07-09 00:44:20.680 9 INFO neutron.db.ovn_revision_numbers_db [None req-41d6fff0-cce5-4814-ac81-aedfa854bab7 841f9473db5442daa3ecf6c9c0fe8e86 efd612e022504c64b0f9653481499ed9 - - default default] Successfully bumped revision number for resource 04bf65f9-9764-4850-b0df-d2a68b06fe2e (type: security_group_rules) to 0
2026-07-09 00:44:20.714 9 INFO neutron.api.wsgi [None req-41d6fff0-cce5-4814-ac81-aedfa854bab7 841f9473db5442daa3ecf6c9c0fe8e86 efd612e022504c64b0f9653481499ed9 - - default default] 10.0.0.38 "POST /v2.0/security-group-rules HTTP/1.1" status: 201 len: 801 time: 0.1664891
2026-07-09 00:44:20.726 9 WARNING neutron_lib.context [None req-1b8673f4-7fe3-4368-886c-09cde56c71c1 841f9473db5442daa3ecf6c9c0fe8e86 efd612e022504c64b0f9653481499ed9 - - default default] Method 'is_advsvc' is deprecated since 2023.2 release (neutron-lib 3.8.0) and will be removed once support for the old RBAC API policies will be removed from Neutron. Please use method 'is_service_role' instead.
2026-07-09 00:44:20.821 9 INFO neutron.api.wsgi [req-d7b31137-f4a0-4d06-842f-363d50fdb6d2 req-fe1e9c52-0cdd-42a6-acf1-4877a4741bd1 d6d4ae095f6a4cc2a76be4e7569ac5dc 3d76cb75425c4c7789b8ea7099232f05 - - a4c9ffe7ac2d4d0d817b6f5e32ccdf77 a4c9ffe7ac2d4d0d817b6f5e32ccdf77] 199.204.45.77 "GET /v2.0/ports?tenant_id=67f22b9b1cb74370884d1dfb9e6da0ef&device_id=afc1aff1-1291-4e29-bb09-f38aa84aa567 HTTP/1.1" status: 200 len: 1409 time: 0.0381219
2026-07-09 00:44:20.882 9 INFO neutron.api.wsgi [req-d7b31137-f4a0-4d06-842f-363d50fdb6d2 req-c07ca79b-6e72-4c2c-968d-a9030b3716b5 d6d4ae095f6a4cc2a76be4e7569ac5dc 3d76cb75425c4c7789b8ea7099232f05 - - a4c9ffe7ac2d4d0d817b6f5e32ccdf77 a4c9ffe7ac2d4d0d817b6f5e32ccdf77] 199.204.45.77 "GET /v2.0/networks?id=424e184d-f032-4d3d-a6b3-3b5c678502a4 HTTP/1.1" status: 200 len: 973 time: 0.0547040
2026-07-09 00:44:20.932 9 INFO neutron.api.wsgi [req-d7b31137-f4a0-4d06-842f-363d50fdb6d2 req-57066e9b-a69e-4ee8-9f0b-eed8504ec8e9 d6d4ae095f6a4cc2a76be4e7569ac5dc 3d76cb75425c4c7789b8ea7099232f05 - - a4c9ffe7ac2d4d0d817b6f5e32ccdf77 a4c9ffe7ac2d4d0d817b6f5e32ccdf77] 199.204.45.77 "GET /v2.0/floatingips?fixed_ip_address=10.100.0.8&port_id=c4dd457f-41fc-4563-a94a-fe6d8dd1dbf9 HTTP/1.1" status: 200 len: 1059 time: 0.0426242
2026-07-09 00:44:20.980 9 INFO neutron.api.wsgi [req-d7b31137-f4a0-4d06-842f-363d50fdb6d2 req-f2a4ff07-c7aa-4740-8662-195d1b2bb2da d6d4ae095f6a4cc2a76be4e7569ac5dc 3d76cb75425c4c7789b8ea7099232f05 - - a4c9ffe7ac2d4d0d817b6f5e32ccdf77 a4c9ffe7ac2d4d0d817b6f5e32ccdf77] 199.204.45.77 "GET /v2.0/subnets?id=eb2befe7-a1d8-4baf-96bb-3356244c99de HTTP/1.1" status: 200 len: 892 time: 0.0414729
2026-07-09 00:44:21.003 9 INFO neutron.api.wsgi [req-d7b31137-f4a0-4d06-842f-363d50fdb6d2 req-04ca17f1-020b-4523-aff5-f6fb81a5c712 d6d4ae095f6a4cc2a76be4e7569ac5dc 3d76cb75425c4c7789b8ea7099232f05 - - a4c9ffe7ac2d4d0d817b6f5e32ccdf77 a4c9ffe7ac2d4d0d817b6f5e32ccdf77] 199.204.45.77 "GET /v2.0/ports?network_id=424e184d-f032-4d3d-a6b3-3b5c678502a4&device_owner=network%3Adhcp HTTP/1.1" status: 200 len: 210 time: 0.0195193
2026-07-09 00:44:21.039 9 WARNING neutron.scheduler.dhcp_agent_scheduler [None req-1b8673f4-7fe3-4368-886c-09cde56c71c1 841f9473db5442daa3ecf6c9c0fe8e86 efd612e022504c64b0f9653481499ed9 - - default default] No more DHCP agents
2026-07-09 00:44:21.043 9 WARNING neutron.api.rpc.agentnotifiers.dhcp_rpc_agent_api [None req-1b8673f4-7fe3-4368-886c-09cde56c71c1 841f9473db5442daa3ecf6c9c0fe8e86 efd612e022504c64b0f9653481499ed9 - - default default] Unable to schedule network c0c9bd91-e1e7-4eaf-8008-8ac8d6e5deec: no agents available; will retry on subsequent port and subnet creation events.
2026-07-09 00:44:21.053 10 INFO neutron.api.wsgi [None req-f0590674-dd07-4b6d-9ae1-3895f7e88667 a9be5d23e3374bf2a41f633b47f554d9 b85c67802a914b92a9fb55df7424d131 - - default default] 10.0.0.38 "DELETE /v2.0/routers/dc3db250-9832-456e-829d-3415b2e74c37 HTTP/1.1" status: 204 len: 168 time: 0.6635597
2026-07-09 00:44:21.073 10 INFO neutron.api.wsgi [None req-f4719992-51f0-4856-be35-ff35db6554d8 a9be5d23e3374bf2a41f633b47f554d9 b85c67802a914b92a9fb55df7424d131 - - default default] 10.0.0.38 "GET /v2.0/ports?device_id=dc3db250-9832-456e-829d-3415b2e74c37 HTTP/1.1" status: 200 len: 205 time: 0.0135539
2026-07-09 00:44:21.074 9 INFO neutron.api.wsgi [req-d7b31137-f4a0-4d06-842f-363d50fdb6d2 req-21041d72-b768-4c3d-ad53-99607b023c7c d6d4ae095f6a4cc2a76be4e7569ac5dc 3d76cb75425c4c7789b8ea7099232f05 - - a4c9ffe7ac2d4d0d817b6f5e32ccdf77 a4c9ffe7ac2d4d0d817b6f5e32ccdf77] 199.204.45.77 "GET /v2.0/networks/424e184d-f032-4d3d-a6b3-3b5c678502a4?fields=segments HTTP/1.1" status: 200 len: 212 time: 0.0650749
2026-07-09 00:44:21.090 10 INFO neutron.api.v2.resource [None req-9c39697f-e83b-4427-87d0-fe299da388ea a9be5d23e3374bf2a41f633b47f554d9 b85c67802a914b92a9fb55df7424d131 - - default default] delete failed (client error): The resource could not be found.
2026-07-09 00:44:21.090 10 INFO neutron.api.wsgi [None req-9c39697f-e83b-4427-87d0-fe299da388ea a9be5d23e3374bf2a41f633b47f554d9 b85c67802a914b92a9fb55df7424d131 - - default default] 10.0.0.38 "DELETE /v2.0/routers/dc3db250-9832-456e-829d-3415b2e74c37 HTTP/1.1" status: 404 len: 336 time: 0.0125222
2026-07-09 00:44:21.112 10 INFO neutron.api.wsgi [None req-b926f386-618d-4915-966b-b428e1685a8e a9be5d23e3374bf2a41f633b47f554d9 b85c67802a914b92a9fb55df7424d131 - - default default] 10.0.0.38 "GET /v2.0/ports?device_id=8edf7f3f-f464-44c9-9984-200cc7350574 HTTP/1.1" status: 200 len: 205 time: 0.0161762
2026-07-09 00:44:21.130 9 INFO neutron.api.wsgi [req-d7b31137-f4a0-4d06-842f-363d50fdb6d2 req-8dd84ad4-9eae-473f-b790-94d515d4f6b1 d6d4ae095f6a4cc2a76be4e7569ac5dc 3d76cb75425c4c7789b8ea7099232f05 - - a4c9ffe7ac2d4d0d817b6f5e32ccdf77 a4c9ffe7ac2d4d0d817b6f5e32ccdf77] 199.204.45.77 "GET /v2.0/networks/424e184d-f032-4d3d-a6b3-3b5c678502a4?fields=provider%3Aphysical_network&fields=provider%3Anetwork_type HTTP/1.1" status: 200 len: 277 time: 0.0502398
2026-07-09 00:44:21.131 10 INFO neutron.api.v2.resource [None req-cc2609a0-f5a1-4639-9839-1029dba386ca a9be5d23e3374bf2a41f633b47f554d9 b85c67802a914b92a9fb55df7424d131 - - default default] delete failed (client error): The resource could not be found.
2026-07-09 00:44:21.132 10 INFO neutron.api.wsgi [None req-cc2609a0-f5a1-4639-9839-1029dba386ca a9be5d23e3374bf2a41f633b47f554d9 b85c67802a914b92a9fb55df7424d131 - - default default] 10.0.0.38 "DELETE /v2.0/routers/8edf7f3f-f464-44c9-9984-200cc7350574 HTTP/1.1" status: 404 len: 336 time: 0.0139124
2026-07-09 00:44:21.147 10 INFO neutron.pecan_wsgi.hooks.translation [None req-ef16ebec-c08b-4fd3-85f2-e281e93f1fd6 a9be5d23e3374bf2a41f633b47f554d9 b85c67802a914b92a9fb55df7424d131 - - default default] DELETE failed (client error): The resource could not be found.
2026-07-09 00:44:21.149 10 INFO neutron.api.wsgi [None req-ef16ebec-c08b-4fd3-85f2-e281e93f1fd6 a9be5d23e3374bf2a41f633b47f554d9 b85c67802a914b92a9fb55df7424d131 - - default default] 10.0.0.38 "DELETE /v2.0/subnets/7e5e796c-66d5-4bce-81ef-ae4893c28a2b HTTP/1.1" status: 404 len: 337 time: 0.0111647
2026-07-09 00:44:21.168 10 INFO neutron.api.wsgi [None req-bb6db6ba-d9a5-40bf-819b-6fc4a098fc7b a9be5d23e3374bf2a41f633b47f554d9 b85c67802a914b92a9fb55df7424d131 - - default default] 10.0.0.38 "GET /v2.0/ports?device_id=a745a50f-3a03-4fa9-b3a7-a088fac76fbb HTTP/1.1" status: 200 len: 205 time: 0.0137684
2026-07-09 00:44:21.184 10 INFO neutron.api.v2.resource [None req-88d97da8-cd14-454b-a79c-9502f9efffb6 a9be5d23e3374bf2a41f633b47f554d9 b85c67802a914b92a9fb55df7424d131 - - default default] delete failed (client error): The resource could not be found.
2026-07-09 00:44:21.185 10 INFO neutron.api.wsgi [None req-88d97da8-cd14-454b-a79c-9502f9efffb6 a9be5d23e3374bf2a41f633b47f554d9 b85c67802a914b92a9fb55df7424d131 - - default default] 10.0.0.38 "DELETE /v2.0/routers/a745a50f-3a03-4fa9-b3a7-a088fac76fbb HTTP/1.1" status: 404 len: 336 time: 0.0137570
2026-07-09 00:44:21.198 10 INFO neutron.pecan_wsgi.hooks.translation [None req-0698b8cd-2ff1-402b-b7c4-27be83a537c3 a9be5d23e3374bf2a41f633b47f554d9 b85c67802a914b92a9fb55df7424d131 - - default default] DELETE failed (client error): The resource could not be found.
2026-07-09 00:44:21.200 10 INFO neutron.api.wsgi [None req-0698b8cd-2ff1-402b-b7c4-27be83a537c3 a9be5d23e3374bf2a41f633b47f554d9 b85c67802a914b92a9fb55df7424d131 - - default default] 10.0.0.38 "DELETE /v2.0/subnets/50bf7ccc-c994-491a-aaa9-b73651516e1c HTTP/1.1" status: 404 len: 337 time: 0.0122237
2026-07-09 00:44:21.220 10 INFO neutron.api.wsgi [None req-1b7fff60-d7ce-465e-8fcf-14488f5c79dd a9be5d23e3374bf2a41f633b47f554d9 b85c67802a914b92a9fb55df7424d131 - - default default] 10.0.0.38 "GET /v2.0/ports?device_id=105f7bad-bf22-44c0-86fc-10fcd7644afe HTTP/1.1" status: 200 len: 205 time: 0.0158272
2026-07-09 00:44:21.245 10 INFO neutron.api.v2.resource [None req-d1a917f3-65ed-4958-8959-fe290dde6306 a9be5d23e3374bf2a41f633b47f554d9 b85c67802a914b92a9fb55df7424d131 - - default default] delete failed (client error): The resource could not be found.
2026-07-09 00:44:21.246 10 INFO neutron.api.wsgi [None req-d1a917f3-65ed-4958-8959-fe290dde6306 a9be5d23e3374bf2a41f633b47f554d9 b85c67802a914b92a9fb55df7424d131 - - default default] 10.0.0.38 "DELETE /v2.0/routers/105f7bad-bf22-44c0-86fc-10fcd7644afe HTTP/1.1" status: 404 len: 336 time: 0.0204709
2026-07-09 00:44:21.267 10 INFO neutron.pecan_wsgi.hooks.translation [None req-4320f8f9-95fd-465b-9a62-385e43a4d2e3 a9be5d23e3374bf2a41f633b47f554d9 b85c67802a914b92a9fb55df7424d131 - - default default] DELETE failed (client error): The resource could not be found.
2026-07-09 00:44:21.270 10 INFO neutron.api.wsgi [None req-4320f8f9-95fd-465b-9a62-385e43a4d2e3 a9be5d23e3374bf2a41f633b47f554d9 b85c67802a914b92a9fb55df7424d131 - - default default] 10.0.0.38 "DELETE /v2.0/subnets/e0885860-2a8a-45be-b3bb-9245a8fffaa0 HTTP/1.1" status: 404 len: 337 time: 0.0144753
2026-07-09 00:44:21.295 10 INFO neutron.pecan_wsgi.hooks.translation [None req-5f5131f3-06ba-4cc6-b5da-a449998229ea a9be5d23e3374bf2a41f633b47f554d9 b85c67802a914b92a9fb55df7424d131 - - default default] DELETE failed (client error): The resource could not be found.
2026-07-09 00:44:21.298 10 INFO neutron.api.wsgi [None req-5f5131f3-06ba-4cc6-b5da-a449998229ea a9be5d23e3374bf2a41f633b47f554d9 b85c67802a914b92a9fb55df7424d131 - - default default] 10.0.0.38 "DELETE /v2.0/subnets/78736fb0-93e2-46fc-909e-5054b77f4160 HTTP/1.1" status: 404 len: 337 time: 0.0141666
2026-07-09 00:44:21.406 9 INFO neutron.api.wsgi [None req-1b8673f4-7fe3-4368-886c-09cde56c71c1 841f9473db5442daa3ecf6c9c0fe8e86 efd612e022504c64b0f9653481499ed9 - - default default] 10.0.0.38 "POST /v2.0/floatingips HTTP/1.1" status: 201 len: 751 time: 0.6851223
2026-07-09 00:44:21.994 10 INFO neutron.api.wsgi [None req-bedeff03-bad4-4330-8ffa-feac85ef6c01 21194a289b77496faff67688a8fd7b4b f3cf2f2864f8488f9ee1f2769b181541 - - default default] 10.0.0.38 "GET /v2.0/security-groups?tenant_id=b85c67802a914b92a9fb55df7424d131&name=default HTTP/1.1" status: 200 len: 3120 time: 0.1465361
2026-07-09 00:44:22.213 10 INFO neutron.api.wsgi [None req-cdd00b8e-0800-403f-b60a-fad883233a08 21194a289b77496faff67688a8fd7b4b f3cf2f2864f8488f9ee1f2769b181541 - - default default] 10.0.0.38 "DELETE /v2.0/security-groups/f0900789-4d5f-40fb-a559-927696a20af6 HTTP/1.1" status: 204 len: 168 time: 0.2130895
2026-07-09 00:44:23.528 10 INFO neutron.db.ovn_revision_numbers_db [None req-764ad98e-27a6-446a-9e86-d78d1089f3bb 21194a289b77496faff67688a8fd7b4b f3cf2f2864f8488f9ee1f2769b181541 - - default default] Successfully bumped revision number for resource 856b56e9-247c-4e38-b458-1c9134cc07a3 (type: security_groups) to 1
2026-07-09 00:44:23.544 10 INFO neutron.db.ovn_revision_numbers_db [None req-764ad98e-27a6-446a-9e86-d78d1089f3bb 21194a289b77496faff67688a8fd7b4b f3cf2f2864f8488f9ee1f2769b181541 - - default default] Successfully bumped revision number for resource 1070f11b-ba93-4631-9737-899c7bcf439d (type: security_group_rules) to 0
2026-07-09 00:44:23.557 10 INFO neutron.db.ovn_revision_numbers_db [None req-764ad98e-27a6-446a-9e86-d78d1089f3bb 21194a289b77496faff67688a8fd7b4b f3cf2f2864f8488f9ee1f2769b181541 - - default default] Successfully bumped revision number for resource c9c4c2a1-da65-4430-bdf7-e158404c7719 (type: security_group_rules) to 0
2026-07-09 00:44:23.576 10 INFO neutron.db.ovn_revision_numbers_db [None req-764ad98e-27a6-446a-9e86-d78d1089f3bb 21194a289b77496faff67688a8fd7b4b f3cf2f2864f8488f9ee1f2769b181541 - - default default] Successfully bumped revision number for resource ca2b3c36-f031-410e-b2e9-2a1c86081edd (type: security_group_rules) to 0
2026-07-09 00:44:23.592 10 INFO neutron.db.ovn_revision_numbers_db [None req-764ad98e-27a6-446a-9e86-d78d1089f3bb 21194a289b77496faff67688a8fd7b4b f3cf2f2864f8488f9ee1f2769b181541 - - default default] Successfully bumped revision number for resource caed60de-b2c2-4831-b5fa-86727a6f2be4 (type: security_group_rules) to 0
2026-07-09 00:44:23.626 10 INFO neutron.api.wsgi [None req-764ad98e-27a6-446a-9e86-d78d1089f3bb 21194a289b77496faff67688a8fd7b4b f3cf2f2864f8488f9ee1f2769b181541 - - default default] 10.0.0.38 "GET /v2.0/security-groups?tenant_id=3c4099d95102416db5628a0dac2751e2&name=default HTTP/1.1" status: 200 len: 3120 time: 0.3880637
2026-07-09 00:44:23.833 10 INFO neutron.api.wsgi [None req-0a1b8879-6665-482b-a06d-0015bbf4697d 21194a289b77496faff67688a8fd7b4b f3cf2f2864f8488f9ee1f2769b181541 - - default default] 10.0.0.38 "DELETE /v2.0/security-groups/856b56e9-247c-4e38-b458-1c9134cc07a3 HTTP/1.1" status: 204 len: 168 time: 0.2006183
2026-07-09 00:44:24.103 10 INFO neutron.db.ovn_revision_numbers_db [None req-24a4329f-21f6-49b6-a3b9-1019744e3deb 21194a289b77496faff67688a8fd7b4b f3cf2f2864f8488f9ee1f2769b181541 - - default default] Successfully bumped revision number for resource 0aa7fe5c-ac49-4b73-8c5e-41d0c28b8a9c (type: security_groups) to 1
2026-07-09 00:44:24.114 10 INFO neutron.db.ovn_revision_numbers_db [None req-24a4329f-21f6-49b6-a3b9-1019744e3deb 21194a289b77496faff67688a8fd7b4b f3cf2f2864f8488f9ee1f2769b181541 - - default default] Successfully bumped revision number for resource 1b0b2870-59a8-4762-996b-0d3f8020b0e6 (type: security_group_rules) to 0
2026-07-09 00:44:24.130 10 INFO neutron.db.ovn_revision_numbers_db [None req-24a4329f-21f6-49b6-a3b9-1019744e3deb 21194a289b77496faff67688a8fd7b4b f3cf2f2864f8488f9ee1f2769b181541 - - default default] Successfully bumped revision number for resource 20837af6-03c3-4cc6-9045-c185a209e49a (type: security_group_rules) to 0
2026-07-09 00:44:24.146 10 WARNING neutron_lib.context [None req-fb2cf2f1-5eca-445f-8276-f9e658aae588 a340fbabe89f44008cbd5c289735ca74 b4165e82452a472686db7514f17b758b - - default default] Method 'is_advsvc' is deprecated since 2023.2 release (neutron-lib 3.8.0) and will be removed once support for the old RBAC API policies will be removed from Neutron. Please use method 'is_service_role' instead.
2026-07-09 00:44:24.163 10 INFO neutron.db.ovn_revision_numbers_db [None req-24a4329f-21f6-49b6-a3b9-1019744e3deb 21194a289b77496faff67688a8fd7b4b f3cf2f2864f8488f9ee1f2769b181541 - - default default] Successfully bumped revision number for resource 29ba67ff-e20a-419e-8236-5a995ca55c5e (type: security_group_rules) to 0
2026-07-09 00:44:24.179 10 INFO neutron.db.ovn_revision_numbers_db [None req-24a4329f-21f6-49b6-a3b9-1019744e3deb 21194a289b77496faff67688a8fd7b4b f3cf2f2864f8488f9ee1f2769b181541 - - default default] Successfully bumped revision number for resource 738a971f-2d0f-4cdd-9e4f-6ff4490fb139 (type: security_group_rules) to 0
2026-07-09 00:44:24.258 10 INFO neutron.api.wsgi [None req-24a4329f-21f6-49b6-a3b9-1019744e3deb 21194a289b77496faff67688a8fd7b4b f3cf2f2864f8488f9ee1f2769b181541 - - default default] 10.0.0.38 "GET /v2.0/security-groups?tenant_id=3056d79bb5da457d9ad055916812c6a2&name=default HTTP/1.1" status: 200 len: 3120 time: 0.2727942
2026-07-09 00:44:24.337 10 INFO neutron.db.ovn_revision_numbers_db [None req-fb2cf2f1-5eca-445f-8276-f9e658aae588 a340fbabe89f44008cbd5c289735ca74 b4165e82452a472686db7514f17b758b - - default default] Successfully bumped revision number for resource ea2b2f3f-1c1d-4942-9cba-0a5f5a2b8b99 (type: security_groups) to 1
2026-07-09 00:44:24.352 10 INFO neutron.db.ovn_revision_numbers_db [None req-fb2cf2f1-5eca-445f-8276-f9e658aae588 a340fbabe89f44008cbd5c289735ca74 b4165e82452a472686db7514f17b758b - - default default] Successfully bumped revision number for resource 64c706ab-c04f-45c7-ba59-f141645b3df7 (type: security_group_rules) to 0
2026-07-09 00:44:24.370 10 INFO neutron.db.ovn_revision_numbers_db [None req-fb2cf2f1-5eca-445f-8276-f9e658aae588 a340fbabe89f44008cbd5c289735ca74 b4165e82452a472686db7514f17b758b - - default default] Successfully bumped revision number for resource 70065de8-c935-409c-91a0-1d8d52eb80e6 (type: security_group_rules) to 0
2026-07-09 00:44:24.389 10 INFO neutron.db.ovn_revision_numbers_db [None req-fb2cf2f1-5eca-445f-8276-f9e658aae588 a340fbabe89f44008cbd5c289735ca74 b4165e82452a472686db7514f17b758b - - default default] Successfully bumped revision number for resource ebe17e5c-bab2-4e2b-a157-cc8cd112370b (type: security_group_rules) to 0
2026-07-09 00:44:24.414 10 INFO neutron.db.ovn_revision_numbers_db [None req-fb2cf2f1-5eca-445f-8276-f9e658aae588 a340fbabe89f44008cbd5c289735ca74 b4165e82452a472686db7514f17b758b - - default default] Successfully bumped revision number for resource f6726714-4716-408c-b668-9fb262d72a47 (type: security_group_rules) to 0
2026-07-09 00:44:24.511 10 INFO neutron.api.wsgi [None req-83755941-a140-4098-94d0-ad242a265c0c 21194a289b77496faff67688a8fd7b4b f3cf2f2864f8488f9ee1f2769b181541 - - default default] 10.0.0.38 "DELETE /v2.0/security-groups/0aa7fe5c-ac49-4b73-8c5e-41d0c28b8a9c HTTP/1.1" status: 204 len: 168 time: 0.2458727
2026-07-09 00:44:24.528 10 INFO neutron.db.ovn_revision_numbers_db [None req-fb2cf2f1-5eca-445f-8276-f9e658aae588 a340fbabe89f44008cbd5c289735ca74 b4165e82452a472686db7514f17b758b - - default default] Successfully bumped revision number for resource be0af55b-1722-4319-9b1d-28392fdadb26 (type: security_groups) to 1
2026-07-09 00:44:24.542 10 INFO neutron.db.ovn_revision_numbers_db [None req-fb2cf2f1-5eca-445f-8276-f9e658aae588 a340fbabe89f44008cbd5c289735ca74 b4165e82452a472686db7514f17b758b - - default default] Successfully bumped revision number for resource 39683678-4b6d-4d2e-b5ff-15f76e44f8da (type: security_group_rules) to 0
2026-07-09 00:44:24.558 10 INFO neutron.db.ovn_revision_numbers_db [None req-fb2cf2f1-5eca-445f-8276-f9e658aae588 a340fbabe89f44008cbd5c289735ca74 b4165e82452a472686db7514f17b758b - - default default] Successfully bumped revision number for resource 58a8b280-17a5-4c1a-8633-192d01bc06b5 (type: security_group_rules) to 0
2026-07-09 00:44:24.590 10 INFO neutron.api.wsgi [None req-fb2cf2f1-5eca-445f-8276-f9e658aae588 a340fbabe89f44008cbd5c289735ca74 b4165e82452a472686db7514f17b758b - - default default] 10.0.0.38 "POST /v2.0/security-groups HTTP/1.1" status: 201 len: 1825 time: 0.6141047
2026-07-09 00:44:24.635 10 INFO neutron.api.wsgi [None req-a1ea8ed6-0876-4774-b0ce-8b87b51282e4 a340fbabe89f44008cbd5c289735ca74 b4165e82452a472686db7514f17b758b - - default default] 10.0.0.38 "GET /v2.0/security-groups HTTP/1.1" status: 200 len: 4725 time: 0.0375249
2026-07-09 00:44:24.715 9 INFO neutron.db.ovn_revision_numbers_db [None req-fe272fbe-0ed9-4add-a667-8174eae8e870 a340fbabe89f44008cbd5c289735ca74 b4165e82452a472686db7514f17b758b - - default default] Successfully bumped revision number for resource be0af55b-1722-4319-9b1d-28392fdadb26 (type: security_groups) to 2
2026-07-09 00:44:24.739 9 INFO neutron.api.wsgi [None req-fe272fbe-0ed9-4add-a667-8174eae8e870 a340fbabe89f44008cbd5c289735ca74 b4165e82452a472686db7514f17b758b - - default default] 10.0.0.38 "PUT /v2.0/security-groups/be0af55b-1722-4319-9b1d-28392fdadb26 HTTP/1.1" status: 200 len: 1858 time: 0.0975306
2026-07-09 00:44:24.765 9 INFO neutron.api.wsgi [None req-7585e595-68f6-4271-8ad7-68046d2921e0 a340fbabe89f44008cbd5c289735ca74 b4165e82452a472686db7514f17b758b - - default default] 10.0.0.38 "GET /v2.0/security-groups/be0af55b-1722-4319-9b1d-28392fdadb26 HTTP/1.1" status: 200 len: 1858 time: 0.0186617
2026-07-09 00:44:24.867 9 INFO neutron.api.wsgi [None req-131820d4-4f40-4f81-a71d-930098787e22 a340fbabe89f44008cbd5c289735ca74 b4165e82452a472686db7514f17b758b - - default default] 10.0.0.38 "DELETE /v2.0/security-groups/be0af55b-1722-4319-9b1d-28392fdadb26 HTTP/1.1" status: 204 len: 168 time: 0.0976584
2026-07-09 00:44:24.910 10 WARNING neutron.plugins.ml2.drivers.ovn.mech_driver.ovsdb.ovn_client [None req-31304267-29bb-4e4a-a0f6-cf8e8e5c76b5 - - - - - -] No hosting information found for port ec22eb9e-4305-405b-a0d9-99f8fc85e96c: RuntimeError: No hosting information found for port ec22eb9e-4305-405b-a0d9-99f8fc85e96c
2026-07-09 00:44:24.927 9 INFO neutron.api.wsgi [None req-d5d48879-9bdf-4d7f-91a4-a46121760c8c a340fbabe89f44008cbd5c289735ca74 b4165e82452a472686db7514f17b758b - - default default] 10.0.0.38 "GET /v2.0/security-groups HTTP/1.1" status: 200 len: 3120 time: 0.0547557
2026-07-09 00:44:24.943 9 INFO neutron.api.v2.resource [None req-025df41a-056d-489e-a349-faac005f0f47 a340fbabe89f44008cbd5c289735ca74 b4165e82452a472686db7514f17b758b - - default default] delete failed (client error): The resource could not be found.
2026-07-09 00:44:24.944 9 INFO neutron.api.wsgi [None req-025df41a-056d-489e-a349-faac005f0f47 a340fbabe89f44008cbd5c289735ca74 b4165e82452a472686db7514f17b758b - - default default] 10.0.0.38 "DELETE /v2.0/security-groups/be0af55b-1722-4319-9b1d-28392fdadb26 HTTP/1.1" status: 404 len: 347 time: 0.0102894
2026-07-09 00:44:24.953 9 WARNING neutron_lib.context [None req-44524a8c-a31a-417b-b20e-2dd71ed2ca5d a340fbabe89f44008cbd5c289735ca74 b4165e82452a472686db7514f17b758b - - default default] Method 'is_advsvc' is deprecated since 2023.2 release (neutron-lib 3.8.0) and will be removed once support for the old RBAC API policies will be removed from Neutron. Please use method 'is_service_role' instead.
2026-07-09 00:44:24.981 10 INFO neutron.db.ovn_revision_numbers_db [None req-31304267-29bb-4e4a-a0f6-cf8e8e5c76b5 - - - - - -] Successfully bumped revision number for resource ec22eb9e-4305-405b-a0d9-99f8fc85e96c (type: router_ports) to 2
2026-07-09 00:44:25.065 9 WARNING neutron.plugins.ml2.drivers.ovn.mech_driver.ovsdb.ovn_client [None req-b67f4535-80f9-44f3-8abf-63bd4d2c6232 - - - - - -] No port found with ID 70c62fe2-1a50-444e-8fd6-9cef81ed929f: RuntimeError: No port found with ID 70c62fe2-1a50-444e-8fd6-9cef81ed929f
2026-07-09 00:44:25.099 9 INFO neutron.db.ovn_revision_numbers_db [None req-44524a8c-a31a-417b-b20e-2dd71ed2ca5d a340fbabe89f44008cbd5c289735ca74 b4165e82452a472686db7514f17b758b - - default default] Successfully bumped revision number for resource 34d8857f-7ab6-4068-bb96-38cc6a5f157c (type: security_groups) to 1
2026-07-09 00:44:25.114 9 INFO neutron.db.ovn_revision_numbers_db [None req-44524a8c-a31a-417b-b20e-2dd71ed2ca5d a340fbabe89f44008cbd5c289735ca74 b4165e82452a472686db7514f17b758b - - default default] Successfully bumped revision number for resource 1de9af7f-5d82-46e7-8c32-05a48d226902 (type: security_group_rules) to 0
2026-07-09 00:44:25.130 9 INFO neutron.db.ovn_revision_numbers_db [None req-44524a8c-a31a-417b-b20e-2dd71ed2ca5d a340fbabe89f44008cbd5c289735ca74 b4165e82452a472686db7514f17b758b - - default default] Successfully bumped revision number for resource 424a485c-eb52-466b-8023-b5141fed6e8b (type: security_group_rules) to 0
2026-07-09 00:44:25.174 9 INFO neutron.api.wsgi [None req-44524a8c-a31a-417b-b20e-2dd71ed2ca5d a340fbabe89f44008cbd5c289735ca74 b4165e82452a472686db7514f17b758b - - default default] 10.0.0.38 "POST /v2.0/security-groups HTTP/1.1" status: 201 len: 1825 time: 0.2243505 /var/lib/openstack/lib/python3.12/site-packages/pycadf/identifier.py:71: UserWarning: Invalid uuid: neutron. To ensure interoperability, identifiers should be a valid uuid. warnings.warn(('Invalid uuid: %s. To ensure interoperability, '
2026-07-09 00:44:25.185 9 WARNING neutron_lib.context [None req-dff87b69-a411-43be-9f76-7082310aa4a1 a340fbabe89f44008cbd5c289735ca74 b4165e82452a472686db7514f17b758b - - default default] Method 'is_advsvc' is deprecated since 2023.2 release (neutron-lib 3.8.0) and will be removed once support for the old RBAC API policies will be removed from Neutron. Please use method 'is_service_role' instead.
2026-07-09 00:44:25.332 9 INFO neutron.db.ovn_revision_numbers_db [None req-dff87b69-a411-43be-9f76-7082310aa4a1 a340fbabe89f44008cbd5c289735ca74 b4165e82452a472686db7514f17b758b - - default default] Successfully bumped revision number for resource 699b52fa-1cdd-486b-ad1e-73016329309b (type: security_group_rules) to 0
2026-07-09 00:44:25.367 9 INFO neutron.api.wsgi [None req-dff87b69-a411-43be-9f76-7082310aa4a1 a340fbabe89f44008cbd5c289735ca74 b4165e82452a472686db7514f17b758b - - default default] 10.0.0.38 "POST /v2.0/security-group-rules HTTP/1.1" status: 201 len: 800 time: 0.1879632
2026-07-09 00:44:25.406 10 INFO neutron.api.wsgi [None req-31dee489-5a06-45af-b3ae-683784a44fa1 a340fbabe89f44008cbd5c289735ca74 b4165e82452a472686db7514f17b758b - - default default] 10.0.0.38 "GET /v2.0/security-group-rules/699b52fa-1cdd-486b-ad1e-73016329309b HTTP/1.1" status: 200 len: 795 time: 0.0332980
2026-07-09 00:44:25.486 10 INFO neutron.api.wsgi [None req-0c28b4d4-b286-4c82-b252-315df02c5240 a340fbabe89f44008cbd5c289735ca74 b4165e82452a472686db7514f17b758b - - default default] 10.0.0.38 "GET /v2.0/security-group-rules HTTP/1.1" status: 200 len: 4333 time: 0.0744295
2026-07-09 00:44:25.609 10 INFO neutron.api.wsgi [None req-7af1352e-0507-4ba3-8317-7270f74b6693 a340fbabe89f44008cbd5c289735ca74 b4165e82452a472686db7514f17b758b - - default default] 10.0.0.38 "DELETE /v2.0/security-group-rules/699b52fa-1cdd-486b-ad1e-73016329309b HTTP/1.1" status: 204 len: 168 time: 0.1184254
2026-07-09 00:44:25.667 10 INFO neutron.api.wsgi [None req-c4421cf5-69f1-427f-a453-15c2d0a50d19 a340fbabe89f44008cbd5c289735ca74 b4165e82452a472686db7514f17b758b - - default default] 10.0.0.38 "GET /v2.0/security-group-rules HTTP/1.1" status: 200 len: 3755 time: 0.0534594
2026-07-09 00:44:25.679 10 WARNING neutron_lib.context [None req-1240f5c3-a0e9-4216-9c34-ff481bbba1aa a340fbabe89f44008cbd5c289735ca74 b4165e82452a472686db7514f17b758b - - default default] Method 'is_advsvc' is deprecated since 2023.2 release (neutron-lib 3.8.0) and will be removed once support for the old RBAC API policies will be removed from Neutron. Please use method 'is_service_role' instead.
2026-07-09 00:44:25.786 10 INFO neutron.db.ovn_revision_numbers_db [None req-1240f5c3-a0e9-4216-9c34-ff481bbba1aa a340fbabe89f44008cbd5c289735ca74 b4165e82452a472686db7514f17b758b - - default default] Successfully bumped revision number for resource cfcf29c8-7970-410b-bc8b-7dbae9485999 (type: security_group_rules) to 0
