2026-07-09 00:45:57.724 10 INFO neutron.db.ovn_revision_numbers_db [None req-e6f3a5b2-9b2e-4c4e-8950-33712f172a14 21194a289b77496faff67688a8fd7b4b f3cf2f2864f8488f9ee1f2769b181541 - - default default] Successfully bumped revision number for resource f7277310-9514-429f-ba28-a81e6d994ef0 (type: security_group_rules) to 0
2026-07-09 00:45:57.749 9 INFO neutron.api.wsgi [req-5f7ae4e2-e61c-428f-9809-acddb3171615 req-f6721c7a-7bed-4c58-9419-6736182404f3 230b864175d34dda9bd70cb637056adb fccc565f7c354e4d9bea0d022932191d - - default default] 10.0.0.31 "GET /v2.0/security-groups?name=tempest-securitygroup--1614174062&fields=id&tenant_id=fccc565f7c354e4d9bea0d022932191d HTTP/1.1" status: 200 len: 267 time: 0.0502729
2026-07-09 00:45:57.772 10 INFO neutron.api.wsgi [None req-e6f3a5b2-9b2e-4c4e-8950-33712f172a14 21194a289b77496faff67688a8fd7b4b f3cf2f2864f8488f9ee1f2769b181541 - - default default] 10.0.0.38 "GET /v2.0/security-groups?tenant_id=cbd07a52e1e1417cba3e374be115474a&name=default HTTP/1.1" status: 200 len: 3120 time: 0.4773409
2026-07-09 00:45:57.789 9 INFO neutron.api.wsgi [req-5f7ae4e2-e61c-428f-9809-acddb3171615 req-ca9b4feb-16c3-41b2-93c4-cc000121da3c 230b864175d34dda9bd70cb637056adb fccc565f7c354e4d9bea0d022932191d - - default default] 10.0.0.31 "GET /v2.0/security-groups?name=tempest-secgroup-smoke-306415927&fields=id&tenant_id=fccc565f7c354e4d9bea0d022932191d HTTP/1.1" status: 200 len: 267 time: 0.0332377
2026-07-09 00:45:57.790 9 WARNING neutron.scheduler.dhcp_agent_scheduler [None req-2ec6b548-2c45-4988-8e0f-efde6c12c84a db6676647704402a87f3b9b36e05f5f0 8c8c24342ba642c39db2dae248a819b8 - - default default] No more DHCP agents
2026-07-09 00:45:57.791 9 WARNING neutron.api.rpc.agentnotifiers.dhcp_rpc_agent_api [None req-2ec6b548-2c45-4988-8e0f-efde6c12c84a db6676647704402a87f3b9b36e05f5f0 8c8c24342ba642c39db2dae248a819b8 - - default default] Unable to schedule network 214960d0-3525-497e-8d44-b5583a6d4eb3: no agents available; will retry on subsequent port and subnet creation events.
2026-07-09 00:45:57.874 9 INFO neutron.api.wsgi [req-5f7ae4e2-e61c-428f-9809-acddb3171615 req-e0ee9f26-46fb-45f0-af7d-901f4b91b1a5 230b864175d34dda9bd70cb637056adb fccc565f7c354e4d9bea0d022932191d - - default default] 10.0.0.31 "GET /v2.0/networks?id=ae87801e-f00c-4df1-be95-8c11952b8e99 HTTP/1.1" status: 200 len: 871 time: 0.0733292
2026-07-09 00:45:57.891 9 INFO neutron.api.wsgi [req-5f7ae4e2-e61c-428f-9809-acddb3171615 req-8c6cb2e2-4925-4b4d-b361-44c62e236534 230b864175d34dda9bd70cb637056adb fccc565f7c354e4d9bea0d022932191d - - default default] 10.0.0.31 "GET /v2.0/quotas/fccc565f7c354e4d9bea0d022932191d HTTP/1.1" status: 200 len: 491 time: 0.0092721
2026-07-09 00:45:57.897 10 INFO neutron.db.ovn_revision_numbers_db [None req-9d933046-388f-48bd-b65a-f6fa430948cc 8b71c56267364c4a8ceb25b9b87e5c6e 5d7475cce271492285bcc1512c3190a9 - - default default] Successfully bumped revision number for resource 8b91a2d4-2822-47fd-a430-47f660f46735 (type: networks) to 2
2026-07-09 00:45:57.901 10 INFO neutron.api.wsgi [None req-9d933046-388f-48bd-b65a-f6fa430948cc 8b71c56267364c4a8ceb25b9b87e5c6e 5d7475cce271492285bcc1512c3190a9 - - default default] 10.0.0.38 "PUT /v2.0/networks/8b91a2d4-2822-47fd-a430-47f660f46735 HTTP/1.1" status: 200 len: 792 time: 0.1899209
2026-07-09 00:45:57.913 10 WARNING neutron_lib.context [None req-75ebe8c0-6007-4674-8b22-ec62836cf0b3 8b71c56267364c4a8ceb25b9b87e5c6e 5d7475cce271492285bcc1512c3190a9 - - default default] Method 'is_advsvc' is deprecated since 2023.2 release (neutron-lib 3.8.0) and will be removed once support for the old RBAC API policies will be removed from Neutron. Please use method 'is_service_role' instead.
2026-07-09 00:45:57.948 10 WARNING neutron.plugins.ml2.drivers.ovn.mech_driver.ovsdb.ovn_client [None req-fda7fa7e-8bf0-4777-a097-eb4b12ecf1ab - - - - - -] No hosting information found for port 2469e02f-0157-45a8-a8fc-bd23384106d5: RuntimeError: No hosting information found for port 2469e02f-0157-45a8-a8fc-bd23384106d5
2026-07-09 00:45:57.984 9 INFO neutron.api.wsgi [req-5f7ae4e2-e61c-428f-9809-acddb3171615 req-2178fe88-9ce7-4c2c-baf6-13d420914495 230b864175d34dda9bd70cb637056adb fccc565f7c354e4d9bea0d022932191d - - default default] 10.0.0.31 "GET /v2.0/ports?tenant_id=fccc565f7c354e4d9bea0d022932191d&fields=id HTTP/1.1" status: 200 len: 302 time: 0.0831501
2026-07-09 00:45:58.041 9 INFO neutron.api.wsgi [req-5f7ae4e2-e61c-428f-9809-acddb3171615 req-abddc847-5259-4313-9019-f0c57416a846 d6d4ae095f6a4cc2a76be4e7569ac5dc 3d76cb75425c4c7789b8ea7099232f05 - - a4c9ffe7ac2d4d0d817b6f5e32ccdf77 a4c9ffe7ac2d4d0d817b6f5e32ccdf77] 10.0.0.31 "GET /v2.0/networks/ae87801e-f00c-4df1-be95-8c11952b8e99?fields=segments HTTP/1.1" status: 200 len: 212 time: 0.0421410
2026-07-09 00:45:58.050 10 INFO neutron.db.ovn_revision_numbers_db [None req-fda7fa7e-8bf0-4777-a097-eb4b12ecf1ab - - - - - -] Successfully bumped revision number for resource 2469e02f-0157-45a8-a8fc-bd23384106d5 (type: router_ports) to 2
2026-07-09 00:45:58.054 10 INFO neutron.api.wsgi [None req-488a9d85-7cb5-4dea-af11-5531144835b3 21194a289b77496faff67688a8fd7b4b f3cf2f2864f8488f9ee1f2769b181541 - - default default] 10.0.0.38 "DELETE /v2.0/security-groups/8f5fd5c5-3f8f-4fc5-ba8e-9eacd601e5c3 HTTP/1.1" status: 204 len: 168 time: 0.2770369
2026-07-09 00:45:58.089 9 INFO neutron.api.wsgi [req-5f7ae4e2-e61c-428f-9809-acddb3171615 req-6e1dfec6-7e04-4f22-909e-309a85c487f4 d6d4ae095f6a4cc2a76be4e7569ac5dc 3d76cb75425c4c7789b8ea7099232f05 - - a4c9ffe7ac2d4d0d817b6f5e32ccdf77 a4c9ffe7ac2d4d0d817b6f5e32ccdf77] 10.0.0.31 "GET /v2.0/networks/ae87801e-f00c-4df1-be95-8c11952b8e99?fields=provider%3Aphysical_network&fields=provider%3Anetwork_type HTTP/1.1" status: 200 len: 277 time: 0.0417671
2026-07-09 00:45:58.140 10 WARNING neutron.scheduler.dhcp_agent_scheduler [None req-75ebe8c0-6007-4674-8b22-ec62836cf0b3 8b71c56267364c4a8ceb25b9b87e5c6e 5d7475cce271492285bcc1512c3190a9 - - default default] No more DHCP agents
2026-07-09 00:45:58.142 10 WARNING neutron.api.rpc.agentnotifiers.dhcp_rpc_agent_api [None req-75ebe8c0-6007-4674-8b22-ec62836cf0b3 8b71c56267364c4a8ceb25b9b87e5c6e 5d7475cce271492285bcc1512c3190a9 - - default default] Unable to schedule network 8b91a2d4-2822-47fd-a430-47f660f46735: no agents available; will retry on subsequent port and subnet creation events.
2026-07-09 00:45:58.179 10 INFO neutron.db.ovn_revision_numbers_db [None req-75ebe8c0-6007-4674-8b22-ec62836cf0b3 8b71c56267364c4a8ceb25b9b87e5c6e 5d7475cce271492285bcc1512c3190a9 - - default default] Successfully bumped revision number for resource 9b229511-bc7b-4c4c-b49e-cb0ea364c2cf (type: subnets) to 0
2026-07-09 00:45:58.197 10 INFO neutron.api.wsgi [None req-75ebe8c0-6007-4674-8b22-ec62836cf0b3 8b71c56267364c4a8ceb25b9b87e5c6e 5d7475cce271492285bcc1512c3190a9 - - default default] 10.0.0.38 "POST /v2.0/subnets HTTP/1.1" status: 201 len: 845 time: 0.2882488
2026-07-09 00:45:58.278 10 INFO neutron.api.wsgi [req-fb643de0-9bd9-4b16-965e-3460424a9ace req-53db0afb-9542-4f49-b30d-ff1b12118648 230b864175d34dda9bd70cb637056adb fccc565f7c354e4d9bea0d022932191d - - default default] 10.0.0.31 "GET /v2.0/ports?device_id=6ea28a9b-3936-4573-b4a4-7c791d026d4f HTTP/1.1" status: 200 len: 210 time: 0.0215833
2026-07-09 00:45:58.346 9 INFO neutron.db.ovn_revision_numbers_db [None req-7afae2a8-9685-44d7-b772-8052808e6621 21194a289b77496faff67688a8fd7b4b f3cf2f2864f8488f9ee1f2769b181541 - - default default] Successfully bumped revision number for resource 063f9c51-b1d6-4cb3-8409-efe7d5927cd3 (type: security_groups) to 1
2026-07-09 00:45:58.377 9 INFO neutron.db.ovn_revision_numbers_db [None req-7afae2a8-9685-44d7-b772-8052808e6621 21194a289b77496faff67688a8fd7b4b f3cf2f2864f8488f9ee1f2769b181541 - - default default] Successfully bumped revision number for resource 0dd70d53-b283-4281-bc2c-2a5470ca8d7e (type: security_group_rules) to 0
2026-07-09 00:45:58.387 9 INFO neutron.db.ovn_revision_numbers_db [None req-e4891e59-1225-4c07-8a6f-5e6ca81ea6f4 - - - - - -] Successfully bumped revision number for resource c71be622-ba54-4af0-9ecc-7aa64c188301 (type: ports) to 2
2026-07-09 00:45:58.391 9 INFO neutron.db.ovn_revision_numbers_db [None req-7afae2a8-9685-44d7-b772-8052808e6621 21194a289b77496faff67688a8fd7b4b f3cf2f2864f8488f9ee1f2769b181541 - - default default] Successfully bumped revision number for resource 189f7264-bc0c-4ceb-9c5d-91c0e3ab1970 (type: security_group_rules) to 0
2026-07-09 00:45:58.412 9 INFO neutron.db.ovn_revision_numbers_db [None req-7afae2a8-9685-44d7-b772-8052808e6621 21194a289b77496faff67688a8fd7b4b f3cf2f2864f8488f9ee1f2769b181541 - - default default] Successfully bumped revision number for resource 794028f3-3ffe-4601-aaab-5ec6298fa3d3 (type: security_group_rules) to 0
2026-07-09 00:45:58.422 9 INFO neutron.db.ovn_revision_numbers_db [None req-e4891e59-1225-4c07-8a6f-5e6ca81ea6f4 - - - - - -] Successfully bumped revision number for resource 01090cca-a87a-4a32-8af0-bd8007bb7eda (type: subnets) to 0
2026-07-09 00:45:58.426 9 INFO neutron.db.ovn_revision_numbers_db [None req-7afae2a8-9685-44d7-b772-8052808e6621 21194a289b77496faff67688a8fd7b4b f3cf2f2864f8488f9ee1f2769b181541 - - default default] Successfully bumped revision number for resource a3d0135b-b989-404e-9165-0a756c9065f3 (type: security_group_rules) to 0
2026-07-09 00:45:58.439 9 INFO neutron.api.wsgi [None req-2ec6b548-2c45-4988-8e0f-efde6c12c84a db6676647704402a87f3b9b36e05f5f0 8c8c24342ba642c39db2dae248a819b8 - - default default] 10.0.0.38 "POST /v2.0/subnets HTTP/1.1" status: 201 len: 825 time: 0.8703470
2026-07-09 00:45:58.450 9 WARNING neutron_lib.context [None req-374142d2-5024-4f19-b628-8bc45b76bedf db6676647704402a87f3b9b36e05f5f0 8c8c24342ba642c39db2dae248a819b8 - - default default] Method 'is_advsvc' is deprecated since 2023.2 release (neutron-lib 3.8.0) and will be removed once support for the old RBAC API policies will be removed from Neutron. Please use method 'is_service_role' instead.
2026-07-09 00:45:58.470 9 INFO neutron.api.wsgi [None req-7afae2a8-9685-44d7-b772-8052808e6621 21194a289b77496faff67688a8fd7b4b f3cf2f2864f8488f9ee1f2769b181541 - - default default] 10.0.0.38 "GET /v2.0/security-groups?tenant_id=6910a94c20e647ae8be4d207dfff4be2&name=default HTTP/1.1" status: 200 len: 3120 time: 0.3080556
2026-07-09 00:45:58.743 9 INFO neutron.api.wsgi [None req-38780d53-05bc-4d01-9979-25a16db593d2 21194a289b77496faff67688a8fd7b4b f3cf2f2864f8488f9ee1f2769b181541 - - default default] 10.0.0.38 "DELETE /v2.0/security-groups/063f9c51-b1d6-4cb3-8409-efe7d5927cd3 HTTP/1.1" status: 204 len: 168 time: 0.2660725
2026-07-09 00:45:58.791 10 INFO neutron.db.ovn_revision_numbers_db [None req-c5e706f4-7381-4e3a-bfc3-75fc3bbcbe98 - - - - - -] Successfully bumped revision number for resource 6991226f-ee0e-426a-ba6f-651e1c1392df (type: ports) to 2
2026-07-09 00:45:58.824 10 INFO neutron.db.ovn_revision_numbers_db [None req-c5e706f4-7381-4e3a-bfc3-75fc3bbcbe98 - - - - - -] Successfully bumped revision number for resource 9b229511-bc7b-4c4c-b49e-cb0ea364c2cf (type: subnets) to 1
2026-07-09 00:45:58.828 10 INFO neutron.api.wsgi [None req-1ccc5f8c-0006-4c99-ad37-57583651294e 8b71c56267364c4a8ceb25b9b87e5c6e 5d7475cce271492285bcc1512c3190a9 - - default default] 10.0.0.38 "PUT /v2.0/subnets/9b229511-bc7b-4c4c-b49e-cb0ea364c2cf HTTP/1.1" status: 200 len: 850 time: 0.6241078
2026-07-09 00:45:58.894 9 WARNING neutron.scheduler.dhcp_agent_scheduler [None req-374142d2-5024-4f19-b628-8bc45b76bedf db6676647704402a87f3b9b36e05f5f0 8c8c24342ba642c39db2dae248a819b8 - - default default] No more DHCP agents
2026-07-09 00:45:58.895 9 WARNING neutron.api.rpc.agentnotifiers.dhcp_rpc_agent_api [None req-374142d2-5024-4f19-b628-8bc45b76bedf db6676647704402a87f3b9b36e05f5f0 8c8c24342ba642c39db2dae248a819b8 - - default default] Unable to schedule network c0c9bd91-e1e7-4eaf-8008-8ac8d6e5deec: no agents available; will retry on subsequent port and subnet creation events.
2026-07-09 00:45:59.058 9 INFO neutron.db.ovn_revision_numbers_db [None req-374142d2-5024-4f19-b628-8bc45b76bedf db6676647704402a87f3b9b36e05f5f0 8c8c24342ba642c39db2dae248a819b8 - - default default] Successfully bumped revision number for resource 770a1cd8-f399-4746-b20e-51d9859c718d (type: ports) to 1
2026-07-09 00:45:59.369 9 INFO neutron.api.wsgi [req-aabf26a7-1822-44d7-b6ff-8bd80a4c351c req-cf013d5e-3f9a-4818-ab99-0a6e4a5fde13 230b864175d34dda9bd70cb637056adb fccc565f7c354e4d9bea0d022932191d - - default default] 10.0.0.31 "GET /v2.0/ports?device_id=6ea28a9b-3936-4573-b4a4-7c791d026d4f HTTP/1.1" status: 200 len: 210 time: 0.0238674
2026-07-09 00:45:59.438 9 INFO neutron.services.segments.plugin [-] Segment 6ab0688a-5155-4189-897a-af925acc0e22 resource provider aggregate not found
2026-07-09 00:45:59.443 9 INFO neutron.services.segments.plugin [-] Segment 6ab0688a-5155-4189-897a-af925acc0e22 resource provider aggregate not found
2026-07-09 00:45:59.458 9 INFO neutron.services.segments.plugin [-] Segment 6ab0688a-5155-4189-897a-af925acc0e22 resource provider not found; error: Placement Client Error (4xx): {"errors": [{"status": 404, "title": "Not Found", "detail": "The resource could not be found.\n\n No resource provider with uuid 6ab0688a-5155-4189-897a-af925acc0e22 found for delete ", "request_id": "req-7705d878-708b-4e6c-8113-78800f9bd056"}]}
2026-07-09 00:45:59.459 9 INFO neutron.services.segments.plugin [-] Segment 6ab0688a-5155-4189-897a-af925acc0e22 resource provider not found; error: Placement Client Error (4xx): {"errors": [{"status": 404, "title": "Not Found", "detail": "The resource could not be found.\n\n No resource provider with uuid 6ab0688a-5155-4189-897a-af925acc0e22 found for delete ", "request_id": "req-0079c8a1-bd06-40ae-99ff-68ea9e23308b"}]}
2026-07-09 00:45:59.469 9 INFO neutron.api.wsgi [None req-f6f1f876-f705-4046-9b7c-f1bd38fd2abd 8b71c56267364c4a8ceb25b9b87e5c6e 5d7475cce271492285bcc1512c3190a9 - - default default] 10.0.0.38 "DELETE /v2.0/networks/8b91a2d4-2822-47fd-a430-47f660f46735 HTTP/1.1" status: 204 len: 168 time: 0.6330109
2026-07-09 00:45:59.489 9 INFO neutron.pecan_wsgi.hooks.translation [None req-a81492ed-1cff-43e6-af57-c45eb2e3fe30 8b71c56267364c4a8ceb25b9b87e5c6e 5d7475cce271492285bcc1512c3190a9 - - default default] DELETE failed (client error): The resource could not be found.
2026-07-09 00:45:59.491 9 INFO neutron.api.wsgi [None req-a81492ed-1cff-43e6-af57-c45eb2e3fe30 8b71c56267364c4a8ceb25b9b87e5c6e 5d7475cce271492285bcc1512c3190a9 - - default default] 10.0.0.38 "DELETE /v2.0/networks/8b91a2d4-2822-47fd-a430-47f660f46735 HTTP/1.1" status: 404 len: 339 time: 0.0167177
2026-07-09 00:45:59.559 10 INFO neutron.api.wsgi [None req-5f4c5091-33db-40ee-8acb-b3bbcc579e65 8b71c56267364c4a8ceb25b9b87e5c6e 5d7475cce271492285bcc1512c3190a9 - - default default] 10.0.0.38 "GET /v2.0/networks?router%3Aexternal=True HTTP/1.1" status: 200 len: 845 time: 0.0578959
2026-07-09 00:45:59.598 9 INFO neutron.api.wsgi [None req-267ec000-26c2-4327-9185-f8df07ec02c1 8b71c56267364c4a8ceb25b9b87e5c6e 5d7475cce271492285bcc1512c3190a9 - - default default] 10.0.0.38 "GET /v2.0/subnets?network_id=c0c9bd91-e1e7-4eaf-8008-8ac8d6e5deec HTTP/1.1" status: 200 len: 843 time: 0.0331349
2026-07-09 00:45:59.611 10 INFO neutron.api.wsgi [None req-5c9a1ae7-440b-4f1a-b2fa-cd423582bc2d 8b71c56267364c4a8ceb25b9b87e5c6e 5d7475cce271492285bcc1512c3190a9 - - default default] 10.0.0.38 "GET /v2.0/extensions HTTP/1.1" status: 200 len: 19293 time: 0.0078733
2026-07-09 00:45:59.670 10 INFO neutron.api.wsgi [None req-2d85235d-4bd5-4590-a9fc-2b57c7e438de 8b71c56267364c4a8ceb25b9b87e5c6e 5d7475cce271492285bcc1512c3190a9 - - default default] 10.0.0.38 "GET /v2.0/networks HTTP/1.1" status: 200 len: 1507 time: 0.0514286
2026-07-09 00:45:59.715 10 INFO neutron.api.wsgi [None req-8e17df45-1a8b-467b-b671-dba3843c7d36 8b71c56267364c4a8ceb25b9b87e5c6e 5d7475cce271492285bcc1512c3190a9 - - default default] 10.0.0.38 "GET /v2.0/subnets HTTP/1.1" status: 200 len: 1507 time: 0.0371482
2026-07-09 00:45:59.759 9 INFO neutron.plugins.ml2.drivers.ovn.mech_driver.ovsdb.commands [None req-4b3c39b7-77e4-4111-b4b1-e6c6511a5d3f - - - - - -] Schedule LRP lrp-770a1cd8-f399-4746-b20e-51d9859c718d on gateway b83027b7-4319-44dc-9490-cd8a537f60a6 with priority 1
2026-07-09 00:45:59.768 9 INFO neutron.plugins.ml2.drivers.ovn.mech_driver.mech_driver [None req-0f336992-39f5-4757-ab34-fc835ea18427 - - - - - -] OVN reports status up for port: 770a1cd8-f399-4746-b20e-51d9859c718d
2026-07-09 00:45:59.778 10 INFO neutron.api.wsgi [None req-afa780b5-9244-4d8f-a538-63b2de1ef8af 8b71c56267364c4a8ceb25b9b87e5c6e 5d7475cce271492285bcc1512c3190a9 - - default default] 10.0.0.38 "GET /v2.0/networks/f5d67b24-f135-400b-9bda-a96d03102c36 HTTP/1.1" status: 200 len: 866 time: 0.0543044
2026-07-09 00:45:59.782 9 INFO neutron.plugins.ml2.plugin [None req-0f336992-39f5-4757-ab34-fc835ea18427 - - - - - -] Attempt 1 to provision port 770a1cd8-f399-4746-b20e-51d9859c718d
2026-07-09 00:45:59.810 9 INFO neutron.db.ovn_revision_numbers_db [None req-374142d2-5024-4f19-b628-8bc45b76bedf db6676647704402a87f3b9b36e05f5f0 8c8c24342ba642c39db2dae248a819b8 - - default default] Successfully bumped revision number for resource 770a1cd8-f399-4746-b20e-51d9859c718d (type: router_ports) to 1
2026-07-09 00:45:59.815 9 INFO neutron.api.wsgi [None req-8bd1c7a5-0de9-4241-a37c-8fd7e774299a 8b71c56267364c4a8ceb25b9b87e5c6e 5d7475cce271492285bcc1512c3190a9 - - default default] 10.0.0.38 "GET /v2.0/subnets/4a92496f-7c8a-45d6-bafa-4822fb34636d HTTP/1.1" status: 200 len: 867 time: 0.0264621
2026-07-09 00:45:59.837 10 INFO neutron.pecan_wsgi.hooks.translation [None req-351373bd-5604-4fbc-bb19-0969dca02d62 8b71c56267364c4a8ceb25b9b87e5c6e 5d7475cce271492285bcc1512c3190a9 - - default default] DELETE failed (client error): The resource could not be found.
2026-07-09 00:45:59.839 10 INFO neutron.api.wsgi [None req-351373bd-5604-4fbc-bb19-0969dca02d62 8b71c56267364c4a8ceb25b9b87e5c6e 5d7475cce271492285bcc1512c3190a9 - - default default] 10.0.0.38 "DELETE /v2.0/subnets/9b229511-bc7b-4c4c-b49e-cb0ea364c2cf HTTP/1.1" status: 404 len: 337 time: 0.0151451
2026-07-09 00:45:59.857 9 INFO neutron.pecan_wsgi.hooks.translation [None req-95d1ea44-a695-48c5-a5a0-d893f49670ca 8b71c56267364c4a8ceb25b9b87e5c6e 5d7475cce271492285bcc1512c3190a9 - - default default] DELETE failed (client error): The resource could not be found.
2026-07-09 00:45:59.858 9 INFO neutron.api.wsgi [None req-95d1ea44-a695-48c5-a5a0-d893f49670ca 8b71c56267364c4a8ceb25b9b87e5c6e 5d7475cce271492285bcc1512c3190a9 - - default default] 10.0.0.38 "DELETE /v2.0/networks/8b91a2d4-2822-47fd-a430-47f660f46735 HTTP/1.1" status: 404 len: 339 time: 0.0143406
2026-07-09 00:45:59.893 9 INFO neutron.db.ovn_revision_numbers_db [None req-374142d2-5024-4f19-b628-8bc45b76bedf db6676647704402a87f3b9b36e05f5f0 8c8c24342ba642c39db2dae248a819b8 - - default default] Successfully bumped revision number for resource 2d89394c-c462-400f-b329-8bda89677dd3 (type: routers) to 2
2026-07-09 00:45:59.909 9 INFO neutron.api.wsgi [None req-374142d2-5024-4f19-b628-8bc45b76bedf db6676647704402a87f3b9b36e05f5f0 8c8c24342ba642c39db2dae248a819b8 - - default default] 10.0.0.38 "POST /v2.0/routers HTTP/1.1" status: 201 len: 1135 time: 1.4641230
2026-07-09 00:46:00.001 10 INFO neutron.api.wsgi [None req-e2687394-4878-4614-94d7-c04a35b476e5 8b71c56267364c4a8ceb25b9b87e5c6e 5d7475cce271492285bcc1512c3190a9 - - default default] 10.0.0.38 "DELETE /v2.0/subnets/4a92496f-7c8a-45d6-bafa-4822fb34636d HTTP/1.1" status: 204 len: 168 time: 0.1370771
2026-07-09 00:46:00.359 10 INFO neutron.services.segments.plugin [-] Segment a488870f-8235-4f7a-801d-cee6a0d76f17 resource provider aggregate not found
2026-07-09 00:46:00.364 10 INFO neutron.services.segments.plugin [-] Segment a488870f-8235-4f7a-801d-cee6a0d76f17 resource provider aggregate not found
2026-07-09 00:46:00.380 10 INFO neutron.services.segments.plugin [-] Segment a488870f-8235-4f7a-801d-cee6a0d76f17 resource provider not found; error: Placement Client Error (4xx): {"errors": [{"status": 404, "title": "Not Found", "detail": "The resource could not be found.\n\n No resource provider with uuid a488870f-8235-4f7a-801d-cee6a0d76f17 found for delete ", "request_id": "req-62a44511-ba11-41e3-ba05-1a531b14306e"}]}
2026-07-09 00:46:00.390 10 INFO neutron.services.segments.plugin [-] Segment a488870f-8235-4f7a-801d-cee6a0d76f17 resource provider not found; error: Placement Client Error (4xx): {"errors": [{"status": 404, "title": "Not Found", "detail": "The resource could not be found.\n\n No resource provider with uuid a488870f-8235-4f7a-801d-cee6a0d76f17 found for delete ", "request_id": "req-9a5579db-5d6d-4f59-9d9d-470484c9d978"}]}
2026-07-09 00:46:00.411 10 INFO neutron.api.wsgi [None req-35006421-5035-4422-b2d5-78797cac5823 8b71c56267364c4a8ceb25b9b87e5c6e 5d7475cce271492285bcc1512c3190a9 - - default default] 10.0.0.38 "DELETE /v2.0/networks/f5d67b24-f135-400b-9bda-a96d03102c36 HTTP/1.1" status: 204 len: 168 time: 0.4025030
2026-07-09 00:46:00.472 10 INFO neutron.api.wsgi [req-3e14a248-7a7c-4e1e-a297-25c2da42ca27 req-4fd9d975-fb21-4baa-a1b5-54cf41d7690a 230b864175d34dda9bd70cb637056adb fccc565f7c354e4d9bea0d022932191d - - default default] 10.0.0.31 "GET /v2.0/ports?device_id=6ea28a9b-3936-4573-b4a4-7c791d026d4f HTTP/1.1" status: 200 len: 210 time: 0.0222414
2026-07-09 00:46:00.506 9 WARNING neutron.scheduler.dhcp_agent_scheduler [None req-0d05b450-fbcd-4338-a86d-d148176571ab db6676647704402a87f3b9b36e05f5f0 8c8c24342ba642c39db2dae248a819b8 - - default default] No more DHCP agents
2026-07-09 00:46:00.507 9 WARNING neutron.api.rpc.agentnotifiers.dhcp_rpc_agent_api [None req-0d05b450-fbcd-4338-a86d-d148176571ab db6676647704402a87f3b9b36e05f5f0 8c8c24342ba642c39db2dae248a819b8 - - default default] Unable to schedule network 214960d0-3525-497e-8d44-b5583a6d4eb3: no agents available; will retry on subsequent port and subnet creation events.
2026-07-09 00:46:00.662 9 INFO neutron.db.ovn_revision_numbers_db [None req-0d05b450-fbcd-4338-a86d-d148176571ab db6676647704402a87f3b9b36e05f5f0 8c8c24342ba642c39db2dae248a819b8 - - default default] Successfully bumped revision number for resource 05802b56-d300-415d-b027-325e7efde143 (type: ports) to 1
2026-07-09 00:46:01.205 10 INFO neutron.api.wsgi [None req-0bb731f0-faa1-4e3b-a17d-c264541e4f2c 21194a289b77496faff67688a8fd7b4b f3cf2f2864f8488f9ee1f2769b181541 - - default default] 10.0.0.38 "GET /v2.0/security-groups?tenant_id=5d7475cce271492285bcc1512c3190a9&name=default HTTP/1.1" status: 200 len: 3120 time: 0.2230952
2026-07-09 00:46:01.345 9 INFO neutron.db.ovn_revision_numbers_db [None req-0d05b450-fbcd-4338-a86d-d148176571ab db6676647704402a87f3b9b36e05f5f0 8c8c24342ba642c39db2dae248a819b8 - - default default] Successfully bumped revision number for resource 05802b56-d300-415d-b027-325e7efde143 (type: ports) to 1
2026-07-09 00:46:01.393 9 WARNING neutron.scheduler.dhcp_agent_scheduler [None req-0d05b450-fbcd-4338-a86d-d148176571ab db6676647704402a87f3b9b36e05f5f0 8c8c24342ba642c39db2dae248a819b8 - - default default] No more DHCP agents
2026-07-09 00:46:01.394 9 WARNING neutron.api.rpc.agentnotifiers.dhcp_rpc_agent_api [None req-0d05b450-fbcd-4338-a86d-d148176571ab db6676647704402a87f3b9b36e05f5f0 8c8c24342ba642c39db2dae248a819b8 - - default default] Unable to schedule network 214960d0-3525-497e-8d44-b5583a6d4eb3: no agents available; will retry on subsequent port and subnet creation events.
2026-07-09 00:46:01.401 10 INFO neutron.db.ovn_revision_numbers_db [None req-98daf633-7906-40ca-8b88-7807691356f1 21194a289b77496faff67688a8fd7b4b f3cf2f2864f8488f9ee1f2769b181541 - - default default] Successfully bumped revision number for resource 68c86e8b-c517-4ec2-9c3a-e48ef050ddb5 (type: security_groups) to 1
2026-07-09 00:46:01.420 10 INFO neutron.db.ovn_revision_numbers_db [None req-98daf633-7906-40ca-8b88-7807691356f1 21194a289b77496faff67688a8fd7b4b f3cf2f2864f8488f9ee1f2769b181541 - - default default] Successfully bumped revision number for resource 0281c445-7fc1-4208-bf1e-ed46de3cf655 (type: security_group_rules) to 0
2026-07-09 00:46:01.434 10 INFO neutron.db.ovn_revision_numbers_db [None req-98daf633-7906-40ca-8b88-7807691356f1 21194a289b77496faff67688a8fd7b4b f3cf2f2864f8488f9ee1f2769b181541 - - default default] Successfully bumped revision number for resource 7b8e66df-a687-4011-9dbe-5cd274537d7e (type: security_group_rules) to 0
2026-07-09 00:46:01.459 10 INFO neutron.db.ovn_revision_numbers_db [None req-98daf633-7906-40ca-8b88-7807691356f1 21194a289b77496faff67688a8fd7b4b f3cf2f2864f8488f9ee1f2769b181541 - - default default] Successfully bumped revision number for resource b579807e-6b20-4a58-940c-a2fb816f0878 (type: security_group_rules) to 0
2026-07-09 00:46:01.476 10 INFO neutron.db.ovn_revision_numbers_db [None req-98daf633-7906-40ca-8b88-7807691356f1 21194a289b77496faff67688a8fd7b4b f3cf2f2864f8488f9ee1f2769b181541 - - default default] Successfully bumped revision number for resource b8984bf7-77b5-4745-8cc5-df8a02f32338 (type: security_group_rules) to 0
2026-07-09 00:46:01.492 9 INFO neutron.api.wsgi [-] 10.0.0.239 "GET / HTTP/1.1" status: 200 len: 247 time: 0.0018072
2026-07-09 00:46:01.494 9 INFO neutron.api.wsgi [-] 10.0.0.239 "GET / HTTP/1.1" status: 200 len: 247 time: 0.0017724
2026-07-09 00:46:01.508 10 INFO neutron.api.wsgi [None req-5b149b1e-53b0-478a-afbc-06386765a1bf 21194a289b77496faff67688a8fd7b4b f3cf2f2864f8488f9ee1f2769b181541 - - default default] 10.0.0.38 "DELETE /v2.0/security-groups/31560646-a807-4020-8cb1-66051dcbc4cf HTTP/1.1" status: 204 len: 168 time: 0.2950516
2026-07-09 00:46:01.519 10 INFO neutron.api.wsgi [None req-98daf633-7906-40ca-8b88-7807691356f1 21194a289b77496faff67688a8fd7b4b f3cf2f2864f8488f9ee1f2769b181541 - - default default] 10.0.0.38 "GET /v2.0/security-groups?tenant_id=71c996b9331d43c296496b246f3fe3ef&name=default HTTP/1.1" status: 200 len: 3120 time: 0.3259513
2026-07-09 00:46:01.577 9 INFO neutron.api.wsgi [req-9a68302c-bcfe-430f-a756-60b812b7a712 req-5bbcdcb0-d84e-4f89-833e-d551cf72b509 230b864175d34dda9bd70cb637056adb fccc565f7c354e4d9bea0d022932191d - - default default] 10.0.0.31 "GET /v2.0/ports?device_id=6ea28a9b-3936-4573-b4a4-7c791d026d4f HTTP/1.1" status: 200 len: 210 time: 0.0212562
2026-07-09 00:46:01.832 9 INFO neutron.db.ovn_revision_numbers_db [None req-0d05b450-fbcd-4338-a86d-d148176571ab db6676647704402a87f3b9b36e05f5f0 8c8c24342ba642c39db2dae248a819b8 - - default default] Successfully bumped revision number for resource 05802b56-d300-415d-b027-325e7efde143 (type: router_ports) to 1
2026-07-09 00:46:01.836 9 INFO neutron.api.wsgi [None req-2b839a92-c1e5-4db8-aa91-00be82ea3b83 21194a289b77496faff67688a8fd7b4b f3cf2f2864f8488f9ee1f2769b181541 - - default default] 10.0.0.38 "DELETE /v2.0/security-groups/68c86e8b-c517-4ec2-9c3a-e48ef050ddb5 HTTP/1.1" status: 204 len: 168 time: 0.3113751
2026-07-09 00:46:01.839 9 INFO neutron.api.wsgi [None req-0d05b450-fbcd-4338-a86d-d148176571ab db6676647704402a87f3b9b36e05f5f0 8c8c24342ba642c39db2dae248a819b8 - - default default] 10.0.0.38 "PUT /v2.0/routers/2d89394c-c462-400f-b329-8bda89677dd3/add_router_interface HTTP/1.1" status: 200 len: 503 time: 1.9233861
2026-07-09 00:46:01.846 9 WARNING neutron_lib.context [None req-9ebc24f7-5728-4039-b811-25fb562e8fe9 db6676647704402a87f3b9b36e05f5f0 8c8c24342ba642c39db2dae248a819b8 - - default default] Method 'is_advsvc' is deprecated since 2023.2 release (neutron-lib 3.8.0) and will be removed once support for the old RBAC API policies will be removed from Neutron. Please use method 'is_service_role' instead.
2026-07-09 00:46:02.373 9 WARNING neutron.scheduler.dhcp_agent_scheduler [None req-bf3c9ccf-7bfa-4936-8b03-15f7d58302bf - - - - - -] No more DHCP agents
2026-07-09 00:46:02.380 9 WARNING neutron.api.rpc.agentnotifiers.dhcp_rpc_agent_api [None req-bf3c9ccf-7bfa-4936-8b03-15f7d58302bf - - - - - -] Unable to schedule network c0c9bd91-e1e7-4eaf-8008-8ac8d6e5deec: no agents available; will retry on subsequent port and subnet creation events.
2026-07-09 00:46:02.504 9 INFO neutron.db.ovn_revision_numbers_db [None req-bf3c9ccf-7bfa-4936-8b03-15f7d58302bf - - - - - -] Successfully bumped revision number for resource 23c0981c-9d2a-4c0b-b83a-ef99418aa37b (type: ports) to 1
2026-07-09 00:46:02.570 9 INFO neutron.api.wsgi [req-5f7ae4e2-e61c-428f-9809-acddb3171615 req-225245ec-847c-4924-b712-fb33e9ec3fdf 230b864175d34dda9bd70cb637056adb fccc565f7c354e4d9bea0d022932191d - - default default] 199.204.45.77 "GET /v2.0/networks?id=ae87801e-f00c-4df1-be95-8c11952b8e99 HTTP/1.1" status: 200 len: 871 time: 0.0513666
2026-07-09 00:46:02.659 9 INFO neutron.api.wsgi [req-5f7ae4e2-e61c-428f-9809-acddb3171615 req-86900c5f-c34d-4f53-afa8-9f6a94f7fc6c 230b864175d34dda9bd70cb637056adb fccc565f7c354e4d9bea0d022932191d - - default default] 199.204.45.77 "GET /v2.0/security-groups?fields=id&fields=name&tenant_id=fccc565f7c354e4d9bea0d022932191d HTTP/1.1" status: 200 len: 472 time: 0.0831423
2026-07-09 00:46:02.668 9 WARNING neutron_lib.context [req-5f7ae4e2-e61c-428f-9809-acddb3171615 req-2041f56f-b743-47a5-b890-2e94cd740536 230b864175d34dda9bd70cb637056adb fccc565f7c354e4d9bea0d022932191d - - default default] Method 'is_advsvc' is deprecated since 2023.2 release (neutron-lib 3.8.0) and will be removed once support for the old RBAC API policies will be removed from Neutron. Please use method 'is_service_role' instead.
2026-07-09 00:46:02.678 10 INFO neutron.api.wsgi [req-53ae3541-ea4e-436b-a6ab-58bc4f51aa1a req-75acc330-5e59-4940-9df6-622d994a1f5f 230b864175d34dda9bd70cb637056adb fccc565f7c354e4d9bea0d022932191d - - default default] 10.0.0.31 "GET /v2.0/ports?device_id=6ea28a9b-3936-4573-b4a4-7c791d026d4f HTTP/1.1" status: 200 len: 210 time: 0.0203464
2026-07-09 00:46:02.808 9 INFO neutron.db.ovn_revision_numbers_db [None req-bf3c9ccf-7bfa-4936-8b03-15f7d58302bf - - - - - -] Successfully bumped revision number for resource 23c0981c-9d2a-4c0b-b83a-ef99418aa37b (type: ports) to 3
2026-07-09 00:46:02.874 9 INFO neutron.db.segments_db [None req-bf3c9ccf-7bfa-4936-8b03-15f7d58302bf - - - - - -] Added segment 39034030-df7f-45f5-a15b-024beb546f2c of type geneve for network 8493fd79-7ede-4e1a-8ada-293bd8fc4200
2026-07-09 00:46:02.979 9 WARNING neutron.scheduler.dhcp_agent_scheduler [req-5f7ae4e2-e61c-428f-9809-acddb3171615 req-2041f56f-b743-47a5-b890-2e94cd740536 230b864175d34dda9bd70cb637056adb fccc565f7c354e4d9bea0d022932191d - - default default] No more DHCP agents
2026-07-09 00:46:02.981 9 WARNING neutron.api.rpc.agentnotifiers.dhcp_rpc_agent_api [req-5f7ae4e2-e61c-428f-9809-acddb3171615 req-2041f56f-b743-47a5-b890-2e94cd740536 230b864175d34dda9bd70cb637056adb fccc565f7c354e4d9bea0d022932191d - - default default] Unable to schedule network ae87801e-f00c-4df1-be95-8c11952b8e99: no agents available; will retry on subsequent port and subnet creation events.
2026-07-09 00:46:02.993 9 INFO neutron.db.ovn_revision_numbers_db [None req-c59c4d8d-c30f-406c-a38d-4cd47a97a59a - - - - - -] Successfully bumped revision number for resource 8493fd79-7ede-4e1a-8ada-293bd8fc4200 (type: networks) to 1
2026-07-09 00:46:03.173 9 INFO neutron.db.ovn_revision_numbers_db [req-5f7ae4e2-e61c-428f-9809-acddb3171615 req-2041f56f-b743-47a5-b890-2e94cd740536 230b864175d34dda9bd70cb637056adb fccc565f7c354e4d9bea0d022932191d - - default default] Successfully bumped revision number for resource f7c34aff-a607-4ac8-8202-f145de9a5c95 (type: ports) to 1
2026-07-09 00:46:03.183 9 WARNING neutron.scheduler.dhcp_agent_scheduler [None req-c59c4d8d-c30f-406c-a38d-4cd47a97a59a - - - - - -] No more DHCP agents
2026-07-09 00:46:03.184 9 WARNING neutron.api.rpc.agentnotifiers.dhcp_rpc_agent_api [None req-c59c4d8d-c30f-406c-a38d-4cd47a97a59a - - - - - -] Unable to schedule network 8493fd79-7ede-4e1a-8ada-293bd8fc4200: no agents available; will retry on subsequent port and subnet creation events.
2026-07-09 00:46:03.212 9 INFO neutron.api.wsgi [req-5f7ae4e2-e61c-428f-9809-acddb3171615 req-2041f56f-b743-47a5-b890-2e94cd740536 230b864175d34dda9bd70cb637056adb fccc565f7c354e4d9bea0d022932191d - - default default] 199.204.45.77 "POST /v2.0/ports HTTP/1.1" status: 201 len: 1197 time: 0.5496457 /var/lib/openstack/lib/python3.12/site-packages/pycadf/identifier.py:71: UserWarning: Invalid uuid: neutron. To ensure interoperability, identifiers should be a valid uuid. warnings.warn(('Invalid uuid: %s. To ensure interoperability, '
2026-07-09 00:46:03.294 9 INFO neutron.db.ovn_revision_numbers_db [None req-c59c4d8d-c30f-406c-a38d-4cd47a97a59a - - - - - -] Successfully bumped revision number for resource 83253576-a9c9-4560-94ec-f8a621e6d8b5 (type: ports) to 1
2026-07-09 00:46:03.437 9 WARNING neutron.scheduler.dhcp_agent_scheduler [None req-c59c4d8d-c30f-406c-a38d-4cd47a97a59a - - - - - -] No more DHCP agents
2026-07-09 00:46:03.440 9 WARNING neutron.api.rpc.agentnotifiers.dhcp_rpc_agent_api [None req-c59c4d8d-c30f-406c-a38d-4cd47a97a59a - - - - - -] Unable to schedule network 8493fd79-7ede-4e1a-8ada-293bd8fc4200: no agents available; will retry on subsequent port and subnet creation events.
2026-07-09 00:46:03.465 9 INFO neutron.db.ovn_revision_numbers_db [None req-c59c4d8d-c30f-406c-a38d-4cd47a97a59a - - - - - -] Successfully bumped revision number for resource a4f597af-065f-42d7-89b8-8ea5931ea7d5 (type: subnets) to 0
2026-07-09 00:46:03.683 9 INFO neutron.db.ovn_revision_numbers_db [req-5f7ae4e2-e61c-428f-9809-acddb3171615 req-9d6b8d96-95cd-4b70-b617-611693fe29e0 d6d4ae095f6a4cc2a76be4e7569ac5dc 3d76cb75425c4c7789b8ea7099232f05 - - a4c9ffe7ac2d4d0d817b6f5e32ccdf77 a4c9ffe7ac2d4d0d817b6f5e32ccdf77] Successfully bumped revision number for resource f7c34aff-a607-4ac8-8202-f145de9a5c95 (type: ports) to 2 /var/lib/openstack/lib/python3.12/site-packages/pycadf/identifier.py:71: UserWarning: Invalid uuid: neutron. To ensure interoperability, identifiers should be a valid uuid. warnings.warn(('Invalid uuid: %s. To ensure interoperability, '
2026-07-09 00:46:03.790 9 WARNING neutron_lib.context [None req-76a665c7-183d-4e90-b656-e6cfb2cd56b1 e846853aa4c2415d86d4609ca30642cf 8486694d722d4abdb94dba4ae711907e - - default default] Method 'is_advsvc' is deprecated since 2023.2 release (neutron-lib 3.8.0) and will be removed once support for the old RBAC API policies will be removed from Neutron. Please use method 'is_service_role' instead.
2026-07-09 00:46:03.790 9 WARNING neutron_lib.context [None req-76a665c7-183d-4e90-b656-e6cfb2cd56b1 e846853aa4c2415d86d4609ca30642cf 8486694d722d4abdb94dba4ae711907e - - default default] Method 'is_advsvc' is deprecated since 2023.2 release (neutron-lib 3.8.0) and will be removed once support for the old RBAC API policies will be removed from Neutron. Please use method 'is_service_role' instead.
2026-07-09 00:46:03.913 9 INFO neutron.api.wsgi [req-6451e48e-8250-406a-967f-5c407e88cc87 req-ad5e97da-ba8a-4543-be15-26b74593acb3 230b864175d34dda9bd70cb637056adb fccc565f7c354e4d9bea0d022932191d - - default default] 10.0.0.31 "GET /v2.0/ports?device_id=6ea28a9b-3936-4573-b4a4-7c791d026d4f HTTP/1.1" status: 200 len: 1208 time: 0.1565280 /var/lib/openstack/lib/python3.12/site-packages/pycadf/identifier.py:71: UserWarning: Invalid uuid: neutron. To ensure interoperability, identifiers should be a valid uuid. warnings.warn(('Invalid uuid: %s. To ensure interoperability, '
2026-07-09 00:46:03.998 9 INFO neutron.api.wsgi [req-6451e48e-8250-406a-967f-5c407e88cc87 req-ce0655c5-81c0-40c0-8a64-4c2d3b155165 230b864175d34dda9bd70cb637056adb fccc565f7c354e4d9bea0d022932191d - - default default] 10.0.0.31 "GET /v2.0/security-groups?id=1377b569-9e20-4878-9bee-49d0a3ec9391&id=5d931f27-c23e-4208-8d06-ef706b13a90d&fields=id&fields=name HTTP/1.1" status: 200 len: 405 time: 0.0741661
2026-07-09 00:46:04.034 9 WARNING neutron.scheduler.dhcp_agent_scheduler [None req-c59c4d8d-c30f-406c-a38d-4cd47a97a59a - - - - - -] No more DHCP agents
2026-07-09 00:46:04.038 9 WARNING neutron.api.rpc.agentnotifiers.dhcp_rpc_agent_api [None req-c59c4d8d-c30f-406c-a38d-4cd47a97a59a - - - - - -] Unable to schedule network 8493fd79-7ede-4e1a-8ada-293bd8fc4200: no agents available; will retry on subsequent port and subnet creation events.
2026-07-09 00:46:04.059 9 INFO neutron.db.ovn_revision_numbers_db [req-5f7ae4e2-e61c-428f-9809-acddb3171615 req-9d6b8d96-95cd-4b70-b617-611693fe29e0 d6d4ae095f6a4cc2a76be4e7569ac5dc 3d76cb75425c4c7789b8ea7099232f05 - - a4c9ffe7ac2d4d0d817b6f5e32ccdf77 a4c9ffe7ac2d4d0d817b6f5e32ccdf77] Successfully bumped revision number for resource f7c34aff-a607-4ac8-8202-f145de9a5c95 (type: ports) to 4
2026-07-09 00:46:04.062 9 INFO neutron.db.ovn_revision_numbers_db [None req-76a665c7-183d-4e90-b656-e6cfb2cd56b1 e846853aa4c2415d86d4609ca30642cf 8486694d722d4abdb94dba4ae711907e - - default default] Successfully bumped revision number for resource 1f219323-d96c-41e4-a0d6-8adfbe7204e0 (type: security_groups) to 1
2026-07-09 00:46:04.078 9 INFO neutron.db.ovn_revision_numbers_db [None req-76a665c7-183d-4e90-b656-e6cfb2cd56b1 e846853aa4c2415d86d4609ca30642cf 8486694d722d4abdb94dba4ae711907e - - default default] Successfully bumped revision number for resource 24f02246-b394-493b-b361-5f45093f7401 (type: security_group_rules) to 0
2026-07-09 00:46:04.082 9 INFO neutron.api.wsgi [req-5f7ae4e2-e61c-428f-9809-acddb3171615 req-9d6b8d96-95cd-4b70-b617-611693fe29e0 d6d4ae095f6a4cc2a76be4e7569ac5dc 3d76cb75425c4c7789b8ea7099232f05 - - a4c9ffe7ac2d4d0d817b6f5e32ccdf77 a4c9ffe7ac2d4d0d817b6f5e32ccdf77] 199.204.45.77 "PUT /v2.0/ports/f7c34aff-a607-4ac8-8202-f145de9a5c95 HTTP/1.1" status: 200 len: 1443 time: 0.8603292
2026-07-09 00:46:04.106 9 INFO neutron.db.ovn_revision_numbers_db [None req-76a665c7-183d-4e90-b656-e6cfb2cd56b1 e846853aa4c2415d86d4609ca30642cf 8486694d722d4abdb94dba4ae711907e - - default default] Successfully bumped revision number for resource 25761bf0-e1f9-4fcd-a1e8-17c7f0230061 (type: security_group_rules) to 0
2026-07-09 00:46:04.123 9 INFO neutron.db.ovn_revision_numbers_db [None req-76a665c7-183d-4e90-b656-e6cfb2cd56b1 e846853aa4c2415d86d4609ca30642cf 8486694d722d4abdb94dba4ae711907e - - default default] Successfully bumped revision number for resource 5087d6e1-b041-4801-8594-0f0aba10a397 (type: security_group_rules) to 0
2026-07-09 00:46:04.136 9 INFO neutron.notifiers.nova [-] Nova event matching ['req-a1b540ee-c15a-47ae-b62c-c5306eee7382'] response: {'name': 'network-changed', 'server_uuid': '6ea28a9b-3936-4573-b4a4-7c791d026d4f', 'tag': 'f7c34aff-a607-4ac8-8202-f145de9a5c95', 'status': 'completed', 'code': 200}
2026-07-09 00:46:04.143 9 INFO neutron.db.ovn_revision_numbers_db [None req-76a665c7-183d-4e90-b656-e6cfb2cd56b1 e846853aa4c2415d86d4609ca30642cf 8486694d722d4abdb94dba4ae711907e - - default default] Successfully bumped revision number for resource 800afab9-2a99-40ce-be22-e73efb8eb1b6 (type: security_group_rules) to 0
2026-07-09 00:46:04.187 9 INFO neutron.db.ovn_revision_numbers_db [None req-c59c4d8d-c30f-406c-a38d-4cd47a97a59a - - - - - -] Successfully bumped revision number for resource 613ced28-4246-4c04-90b4-011b9b9e095c (type: ports) to 1
2026-07-09 00:46:04.244 9 INFO neutron.db.segments_db [None req-76a665c7-183d-4e90-b656-e6cfb2cd56b1 e846853aa4c2415d86d4609ca30642cf 8486694d722d4abdb94dba4ae711907e - - default default] Added segment 347532c7-939a-422c-bedf-1b842b178f31 of type geneve for network 4707af2f-ec3a-4448-9bc1-7d0b8da0eb93
2026-07-09 00:46:04.712 9 WARNING neutron.plugins.ml2.drivers.ovn.mech_driver.ovsdb.ovn_client [None req-0f336992-39f5-4757-ab34-fc835ea18427 - - - - - -] No hosting information found for port 770a1cd8-f399-4746-b20e-51d9859c718d: RuntimeError: No hosting information found for port 770a1cd8-f399-4746-b20e-51d9859c718d
2026-07-09 00:46:04.713 9 INFO neutron.plugins.ml2.drivers.ovn.mech_driver.mech_driver [None req-0f336992-39f5-4757-ab34-fc835ea18427 - - - - - -] OVN reports status up for port: 05802b56-d300-415d-b027-325e7efde143
2026-07-09 00:46:04.726 9 INFO neutron.api.wsgi [req-25cbc7a5-bb5f-49e4-9f7d-e835b161592d req-dd4941e4-5e58-4182-9872-4fc4b697a3c2 d6d4ae095f6a4cc2a76be4e7569ac5dc 3d76cb75425c4c7789b8ea7099232f05 - - a4c9ffe7ac2d4d0d817b6f5e32ccdf77 a4c9ffe7ac2d4d0d817b6f5e32ccdf77] 199.204.45.77 "GET /v2.0/ports?tenant_id=fccc565f7c354e4d9bea0d022932191d&device_id=6ea28a9b-3936-4573-b4a4-7c791d026d4f HTTP/1.1" status: 200 len: 1446 time: 0.0627015
2026-07-09 00:46:04.744 9 INFO neutron.plugins.ml2.plugin [None req-0f336992-39f5-4757-ab34-fc835ea18427 - - - - - -] Attempt 1 to provision port 05802b56-d300-415d-b027-325e7efde143
2026-07-09 00:46:04.791 9 INFO neutron.db.segments_db [None req-76a665c7-183d-4e90-b656-e6cfb2cd56b1 e846853aa4c2415d86d4609ca30642cf 8486694d722d4abdb94dba4ae711907e - - default default] Added segment a98f1a91-e0b8-42c3-b095-f18ab6dcfbb5 of type geneve for network f36911fa-04f9-41f3-8c1b-ce3ab43ea241
2026-07-09 00:46:04.822 9 INFO neutron.api.wsgi [req-25cbc7a5-bb5f-49e4-9f7d-e835b161592d req-7198866f-1a83-45c3-b928-195b9e1ece86 d6d4ae095f6a4cc2a76be4e7569ac5dc 3d76cb75425c4c7789b8ea7099232f05 - - a4c9ffe7ac2d4d0d817b6f5e32ccdf77 a4c9ffe7ac2d4d0d817b6f5e32ccdf77] 199.204.45.77 "GET /v2.0/networks?tenant_id=fccc565f7c354e4d9bea0d022932191d&shared=False HTTP/1.1" status: 200 len: 970 time: 0.0865221
2026-07-09 00:46:04.922 9 INFO neutron.api.wsgi [req-25cbc7a5-bb5f-49e4-9f7d-e835b161592d req-70bf3751-8b37-4a46-b40f-0996055f8f40 d6d4ae095f6a4cc2a76be4e7569ac5dc 3d76cb75425c4c7789b8ea7099232f05 - - a4c9ffe7ac2d4d0d817b6f5e32ccdf77 a4c9ffe7ac2d4d0d817b6f5e32ccdf77] 199.204.45.77 "GET /v2.0/networks?shared=True HTTP/1.1" status: 200 len: 952 time: 0.0886691
2026-07-09 00:46:04.997 9 INFO neutron.db.ovn_revision_numbers_db [None req-76a665c7-183d-4e90-b656-e6cfb2cd56b1 e846853aa4c2415d86d4609ca30642cf 8486694d722d4abdb94dba4ae711907e - - default default] Successfully bumped revision number for resource 4707af2f-ec3a-4448-9bc1-7d0b8da0eb93 (type: networks) to 1
2026-07-09 00:46:05.120 9 INFO neutron.api.wsgi [req-ca44c600-8b49-4c5f-8f31-602222e0af22 req-66c6eed7-123e-4d80-a698-d59d927c09b0 230b864175d34dda9bd70cb637056adb fccc565f7c354e4d9bea0d022932191d - - default default] 10.0.0.31 "GET /v2.0/ports?device_id=6ea28a9b-3936-4573-b4a4-7c791d026d4f HTTP/1.1" status: 200 len: 1208 time: 0.0513921
2026-07-09 00:46:05.221 9 INFO neutron.api.wsgi [req-ca44c600-8b49-4c5f-8f31-602222e0af22 req-56ce71ae-1161-4312-8c69-700d8db1dbbb 230b864175d34dda9bd70cb637056adb fccc565f7c354e4d9bea0d022932191d - - default default] 10.0.0.31 "GET /v2.0/security-groups?id=1377b569-9e20-4878-9bee-49d0a3ec9391&id=5d931f27-c23e-4208-8d06-ef706b13a90d&fields=id&fields=name HTTP/1.1" status: 200 len: 405 time: 0.0930870
2026-07-09 00:46:05.289 9 WARNING neutron.scheduler.dhcp_agent_scheduler [None req-76a665c7-183d-4e90-b656-e6cfb2cd56b1 e846853aa4c2415d86d4609ca30642cf 8486694d722d4abdb94dba4ae711907e - - default default] No more DHCP agents
2026-07-09 00:46:05.293 9 WARNING neutron.api.rpc.agentnotifiers.dhcp_rpc_agent_api [None req-76a665c7-183d-4e90-b656-e6cfb2cd56b1 e846853aa4c2415d86d4609ca30642cf 8486694d722d4abdb94dba4ae711907e - - default default] Unable to schedule network 4707af2f-ec3a-4448-9bc1-7d0b8da0eb93: no agents available; will retry on subsequent port and subnet creation events.
2026-07-09 00:46:05.409 9 INFO neutron.db.ovn_revision_numbers_db [None req-0f336992-39f5-4757-ab34-fc835ea18427 - - - - - -] Successfully bumped revision number for resource 05802b56-d300-415d-b027-325e7efde143 (type: ports) to 2
2026-07-09 00:46:05.430 9 INFO neutron.db.ovn_revision_numbers_db [None req-76a665c7-183d-4e90-b656-e6cfb2cd56b1 e846853aa4c2415d86d4609ca30642cf 8486694d722d4abdb94dba4ae711907e - - default default] Successfully bumped revision number for resource 9f6e35bf-5afe-4c1c-b0ff-f341e1493664 (type: ports) to 1
2026-07-09 00:46:05.516 10 INFO neutron.db.ovn_revision_numbers_db [None req-7a0abc43-64b2-4f7c-ab75-5a6ed10d1c28 21194a289b77496faff67688a8fd7b4b f3cf2f2864f8488f9ee1f2769b181541 - - default default] Successfully bumped revision number for resource f4f46214-1484-439c-a601-a2099b222745 (type: security_groups) to 1
2026-07-09 00:46:05.527 10 INFO neutron.db.ovn_revision_numbers_db [None req-7a0abc43-64b2-4f7c-ab75-5a6ed10d1c28 21194a289b77496faff67688a8fd7b4b f3cf2f2864f8488f9ee1f2769b181541 - - default default] Successfully bumped revision number for resource 1b6c643a-9c4f-4831-88c7-84e606b9d6f8 (type: security_group_rules) to 0
2026-07-09 00:46:05.539 10 INFO neutron.db.ovn_revision_numbers_db [None req-7a0abc43-64b2-4f7c-ab75-5a6ed10d1c28 21194a289b77496faff67688a8fd7b4b f3cf2f2864f8488f9ee1f2769b181541 - - default default] Successfully bumped revision number for resource 71166dcb-00e9-483a-8fe4-49dc02085c0a (type: security_group_rules) to 0
2026-07-09 00:46:05.540 9 INFO neutron.db.ovn_revision_numbers_db [None req-c59c4d8d-c30f-406c-a38d-4cd47a97a59a - - - - - -] Successfully bumped revision number for resource 613ced28-4246-4c04-90b4-011b9b9e095c (type: ports) to 1
2026-07-09 00:46:05.543 9 INFO neutron.db.ovn_revision_numbers_db [None req-76a665c7-183d-4e90-b656-e6cfb2cd56b1 e846853aa4c2415d86d4609ca30642cf 8486694d722d4abdb94dba4ae711907e - - default default] Successfully bumped revision number for resource f36911fa-04f9-41f3-8c1b-ce3ab43ea241 (type: networks) to 1
2026-07-09 00:46:05.552 10 INFO neutron.db.ovn_revision_numbers_db [None req-7a0abc43-64b2-4f7c-ab75-5a6ed10d1c28 21194a289b77496faff67688a8fd7b4b f3cf2f2864f8488f9ee1f2769b181541 - - default default] Successfully bumped revision number for resource 9ec11085-1057-4b30-9b95-516a44f94661 (type: security_group_rules) to 0
2026-07-09 00:46:05.562 10 INFO neutron.db.ovn_revision_numbers_db [None req-7a0abc43-64b2-4f7c-ab75-5a6ed10d1c28 21194a289b77496faff67688a8fd7b4b f3cf2f2864f8488f9ee1f2769b181541 - - default default] Successfully bumped revision number for resource ef1f138b-babf-4777-ac48-a76b86db4d80 (type: security_group_rules) to 0
2026-07-09 00:46:05.589 10 INFO neutron.api.wsgi [None req-7a0abc43-64b2-4f7c-ab75-5a6ed10d1c28 21194a289b77496faff67688a8fd7b4b f3cf2f2864f8488f9ee1f2769b181541 - - default default] 10.0.0.38 "GET /v2.0/security-groups?tenant_id=779ebabac51c45e588bf4add8aae7fb7&name=default HTTP/1.1" status: 200 len: 3120 time: 0.3005321
2026-07-09 00:46:05.613 9 WARNING neutron.scheduler.dhcp_agent_scheduler [None req-c59c4d8d-c30f-406c-a38d-4cd47a97a59a - - - - - -] No more DHCP agents
2026-07-09 00:46:05.616 9 WARNING neutron.api.rpc.agentnotifiers.dhcp_rpc_agent_api [None req-c59c4d8d-c30f-406c-a38d-4cd47a97a59a - - - - - -] Unable to schedule network 8493fd79-7ede-4e1a-8ada-293bd8fc4200: no agents available; will retry on subsequent port and subnet creation events.
2026-07-09 00:46:05.727 9 WARNING neutron.scheduler.dhcp_agent_scheduler [None req-76a665c7-183d-4e90-b656-e6cfb2cd56b1 e846853aa4c2415d86d4609ca30642cf 8486694d722d4abdb94dba4ae711907e - - default default] No more DHCP agents
2026-07-09 00:46:05.729 9 WARNING neutron.api.rpc.agentnotifiers.dhcp_rpc_agent_api [None req-76a665c7-183d-4e90-b656-e6cfb2cd56b1 e846853aa4c2415d86d4609ca30642cf 8486694d722d4abdb94dba4ae711907e - - default default] Unable to schedule network f36911fa-04f9-41f3-8c1b-ce3ab43ea241: no agents available; will retry on subsequent port and subnet creation events.
2026-07-09 00:46:05.759 10 INFO neutron.api.wsgi [None req-70087db6-ee4a-4124-b486-692b5eec8d02 21194a289b77496faff67688a8fd7b4b f3cf2f2864f8488f9ee1f2769b181541 - - default default] 10.0.0.38 "DELETE /v2.0/security-groups/f4f46214-1484-439c-a601-a2099b222745 HTTP/1.1" status: 204 len: 168 time: 0.1640205
2026-07-09 00:46:05.799 9 INFO neutron.db.ovn_revision_numbers_db [None req-76a665c7-183d-4e90-b656-e6cfb2cd56b1 e846853aa4c2415d86d4609ca30642cf 8486694d722d4abdb94dba4ae711907e - - default default] Successfully bumped revision number for resource 580227aa-619b-4116-947a-6bce76e737e0 (type: ports) to 1
2026-07-09 00:46:05.822 9 INFO neutron.api.wsgi [None req-76a665c7-183d-4e90-b656-e6cfb2cd56b1 e846853aa4c2415d86d4609ca30642cf 8486694d722d4abdb94dba4ae711907e - - default default] 10.0.0.38 "POST /v2.0/networks HTTP/1.1" status: 201 len: 1444 time: 2.1614535
2026-07-09 00:46:05.884 10 INFO neutron.api.wsgi [None req-d4ed24fe-5613-49d0-b4ab-84333b33640a e846853aa4c2415d86d4609ca30642cf 8486694d722d4abdb94dba4ae711907e - - default default] 10.0.0.38 "GET /v2.0/networks HTTP/1.1" status: 200 len: 2050 time: 0.0559394
2026-07-09 00:46:05.991 9 INFO neutron.api.wsgi [req-5f7ae4e2-e61c-428f-9809-acddb3171615 req-f4323c5b-7978-4b03-ac9e-f52e9c913fca d6d4ae095f6a4cc2a76be4e7569ac5dc 3d76cb75425c4c7789b8ea7099232f05 - - a4c9ffe7ac2d4d0d817b6f5e32ccdf77 a4c9ffe7ac2d4d0d817b6f5e32ccdf77] 199.204.45.77 "GET /v2.0/ports?tenant_id=fccc565f7c354e4d9bea0d022932191d&device_id=6ea28a9b-3936-4573-b4a4-7c791d026d4f HTTP/1.1" status: 200 len: 1446 time: 0.0495882
2026-07-09 00:46:06.028 9 INFO neutron.api.wsgi [req-5f7ae4e2-e61c-428f-9809-acddb3171615 req-95fb8a86-3446-414f-b026-a9618c4ae76b d6d4ae095f6a4cc2a76be4e7569ac5dc 3d76cb75425c4c7789b8ea7099232f05 - - a4c9ffe7ac2d4d0d817b6f5e32ccdf77 a4c9ffe7ac2d4d0d817b6f5e32ccdf77] 199.204.45.77 "GET /v2.0/floatingips?fixed_ip_address=10.100.0.6&port_id=f7c34aff-a607-4ac8-8202-f145de9a5c95 HTTP/1.1" status: 200 len: 217 time: 0.0263324
2026-07-09 00:46:06.080 9 INFO neutron.api.wsgi [req-5f7ae4e2-e61c-428f-9809-acddb3171615 req-b57e1041-55b6-4f16-a446-189a67331eec d6d4ae095f6a4cc2a76be4e7569ac5dc 3d76cb75425c4c7789b8ea7099232f05 - - a4c9ffe7ac2d4d0d817b6f5e32ccdf77 a4c9ffe7ac2d4d0d817b6f5e32ccdf77] 199.204.45.77 "GET /v2.0/subnets?id=4ff43812-3432-4562-887b-c6d489919d3f HTTP/1.1" status: 200 len: 889 time: 0.0453856
