2026-07-09 00:18:55.507 15 INFO neutron.db.ovn_revision_numbers_db [None req-aac1371d-c9fa-4703-9c50-d60c308e69d8 - - - - - -] Successfully bumped revision number for resource 423e043c-3cd8-4612-a490-c2a416175c99 (type: networks) to 2
2026-07-09 00:18:55.569 15 INFO neutron.db.ovn_revision_numbers_db [None req-aac1371d-c9fa-4703-9c50-d60c308e69d8 - - - - - -] Successfully bumped revision number for resource 10da5544-bb74-4b6c-986b-bc33380f33d5 (type: security_groups) to 6
2026-07-09 00:18:55.601 15 INFO neutron.db.ovn_revision_numbers_db [None req-aac1371d-c9fa-4703-9c50-d60c308e69d8 - - - - - -] Successfully bumped revision number for resource 0004bee0-f342-472f-8da5-7125a24516ae (type: security_groups) to 3
2026-07-09 00:18:55.601 15 INFO neutron.plugins.ml2.drivers.ovn.mech_driver.ovsdb.maintenance [None req-aac1371d-c9fa-4703-9c50-d60c308e69d8 - - - - - -] OVN maintenance task check_for_inconsistencies finished in 0.199 seconds
2026-07-09 00:19:01.492 10 INFO neutron.api.wsgi [-] 10.0.0.239 "GET / HTTP/1.1" status: 200 len: 247 time: 0.0017533
2026-07-09 00:19:01.494 10 INFO neutron.api.wsgi [-] 10.0.0.239 "GET / HTTP/1.1" status: 200 len: 247 time: 0.0013938
2026-07-09 00:19:16.492 9 INFO neutron.api.wsgi [-] 10.0.0.239 "GET / HTTP/1.1" status: 200 len: 247 time: 0.0023866
2026-07-09 00:19:16.494 10 INFO neutron.api.wsgi [-] 10.0.0.239 "GET / HTTP/1.1" status: 200 len: 247 time: 0.0039220
2026-07-09 00:19:31.493 10 INFO neutron.api.wsgi [-] 10.0.0.239 "GET / HTTP/1.1" status: 200 len: 247 time: 0.0028062
2026-07-09 00:19:31.494 9 INFO neutron.api.wsgi [-] 10.0.0.239 "GET / HTTP/1.1" status: 200 len: 247 time: 0.0032768
2026-07-09 00:19:46.493 9 INFO neutron.api.wsgi [-] 10.0.0.239 "GET / HTTP/1.1" status: 200 len: 247 time: 0.0030346
2026-07-09 00:19:46.493 10 INFO neutron.api.wsgi [-] 10.0.0.239 "GET / HTTP/1.1" status: 200 len: 247 time: 0.0036776
2026-07-09 00:20:01.493 9 INFO neutron.api.wsgi [-] 10.0.0.239 "GET / HTTP/1.1" status: 200 len: 247 time: 0.0032370
2026-07-09 00:20:01.494 10 INFO neutron.api.wsgi [-] 10.0.0.239 "GET / HTTP/1.1" status: 200 len: 247 time: 0.0033331
2026-07-09 00:20:16.492 10 INFO neutron.api.wsgi [-] 10.0.0.239 "GET / HTTP/1.1" status: 200 len: 247 time: 0.0025351
2026-07-09 00:20:16.493 9 INFO neutron.api.wsgi [-] 10.0.0.239 "GET / HTTP/1.1" status: 200 len: 247 time: 0.0029156
2026-07-09 00:20:31.494 9 INFO neutron.api.wsgi [-] 10.0.0.239 "GET / HTTP/1.1" status: 200 len: 247 time: 0.0034602
2026-07-09 00:20:31.501 9 INFO neutron.api.wsgi [-] 10.0.0.239 "GET / HTTP/1.1" status: 200 len: 247 time: 0.0056646
2026-07-09 00:20:46.492 10 INFO neutron.api.wsgi [-] 10.0.0.239 "GET / HTTP/1.1" status: 200 len: 247 time: 0.0024054
2026-07-09 00:20:46.495 10 INFO neutron.api.wsgi [-] 10.0.0.239 "GET / HTTP/1.1" status: 200 len: 247 time: 0.0024405
2026-07-09 00:21:01.492 9 INFO neutron.api.wsgi [-] 10.0.0.239 "GET / HTTP/1.1" status: 200 len: 247 time: 0.0022986
2026-07-09 00:21:01.493 10 INFO neutron.api.wsgi [-] 10.0.0.239 "GET / HTTP/1.1" status: 200 len: 247 time: 0.0026913
2026-07-09 00:21:16.493 10 INFO neutron.api.wsgi [-] 10.0.0.239 "GET / HTTP/1.1" status: 200 len: 247 time: 0.0023839
2026-07-09 00:21:16.494 9 INFO neutron.api.wsgi [-] 10.0.0.239 "GET / HTTP/1.1" status: 200 len: 247 time: 0.0035899
2026-07-09 00:21:31.492 9 INFO neutron.api.wsgi [-] 10.0.0.239 "GET / HTTP/1.1" status: 200 len: 247 time: 0.0016217
2026-07-09 00:21:31.494 9 INFO neutron.api.wsgi [-] 10.0.0.239 "GET / HTTP/1.1" status: 200 len: 247 time: 0.0012889
2026-07-09 00:21:46.493 9 INFO neutron.api.wsgi [-] 10.0.0.239 "GET / HTTP/1.1" status: 200 len: 247 time: 0.0027471
2026-07-09 00:21:46.496 10 INFO neutron.api.wsgi [-] 10.0.0.239 "GET / HTTP/1.1" status: 200 len: 247 time: 0.0060861
2026-07-09 00:22:01.494 9 INFO neutron.api.wsgi [-] 10.0.0.239 "GET / HTTP/1.1" status: 200 len: 247 time: 0.0026484
2026-07-09 00:22:01.496 10 INFO neutron.api.wsgi [-] 10.0.0.239 "GET / HTTP/1.1" status: 200 len: 247 time: 0.0045233
2026-07-09 00:22:16.492 9 INFO neutron.api.wsgi [-] 10.0.0.239 "GET / HTTP/1.1" status: 200 len: 247 time: 0.0024695
2026-07-09 00:22:16.493 10 INFO neutron.api.wsgi [-] 10.0.0.239 "GET / HTTP/1.1" status: 200 len: 247 time: 0.0027947
2026-07-09 00:22:31.492 9 INFO neutron.api.wsgi [-] 10.0.0.239 "GET / HTTP/1.1" status: 200 len: 247 time: 0.0021350
2026-07-09 00:22:31.494 9 INFO neutron.api.wsgi [-] 10.0.0.239 "GET / HTTP/1.1" status: 200 len: 247 time: 0.0013602
2026-07-09 00:22:46.491 9 INFO neutron.api.wsgi [-] 10.0.0.239 "GET / HTTP/1.1" status: 200 len: 247 time: 0.0017147
2026-07-09 00:22:46.493 10 INFO neutron.api.wsgi [-] 10.0.0.239 "GET / HTTP/1.1" status: 200 len: 247 time: 0.0033247
2026-07-09 00:23:01.492 9 INFO neutron.api.wsgi [-] 10.0.0.239 "GET / HTTP/1.1" status: 200 len: 247 time: 0.0016966
2026-07-09 00:23:01.493 10 INFO neutron.api.wsgi [-] 10.0.0.239 "GET / HTTP/1.1" status: 200 len: 247 time: 0.0026405
2026-07-09 00:23:16.493 9 INFO neutron.api.wsgi [-] 10.0.0.239 "GET / HTTP/1.1" status: 200 len: 247 time: 0.0026324
2026-07-09 00:23:16.494 10 INFO neutron.api.wsgi [-] 10.0.0.239 "GET / HTTP/1.1" status: 200 len: 247 time: 0.0035362
2026-07-09 00:23:31.492 9 INFO neutron.api.wsgi [-] 10.0.0.239 "GET / HTTP/1.1" status: 200 len: 247 time: 0.0023699
2026-07-09 00:23:31.493 10 INFO neutron.api.wsgi [-] 10.0.0.239 "GET / HTTP/1.1" status: 200 len: 247 time: 0.0031953
2026-07-09 00:23:46.492 10 INFO neutron.api.wsgi [-] 10.0.0.239 "GET / HTTP/1.1" status: 200 len: 247 time: 0.0017097
2026-07-09 00:23:46.494 9 INFO neutron.api.wsgi [-] 10.0.0.239 "GET / HTTP/1.1" status: 200 len: 247 time: 0.0033305 /var/lib/openstack/lib/python3.12/site-packages/pycadf/identifier.py:71: UserWarning: Invalid uuid: unknown. To ensure interoperability, identifiers should be a valid uuid. warnings.warn(('Invalid uuid: %s. To ensure interoperability, '
2026-07-09 00:23:51.090 10 INFO neutron.api.v2.resource [None req-c77838fa-a8e2-4643-a2df-e7785526911f 21194a289b77496faff67688a8fd7b4b f3cf2f2864f8488f9ee1f2769b181541 - - default default] show failed (client error): The resource could not be found.
2026-07-09 00:23:51.091 10 INFO neutron.api.wsgi [None req-c77838fa-a8e2-4643-a2df-e7785526911f 21194a289b77496faff67688a8fd7b4b f3cf2f2864f8488f9ee1f2769b181541 - - default default] 199.204.45.77,10.0.0.239 "GET /v2.0/security-groups/manila-service-security-group?project_id=3d76cb75425c4c7789b8ea7099232f05 HTTP/1.1" status: 404 len: 321 time: 0.1390905
2026-07-09 00:23:51.264 10 INFO neutron.db.ovn_revision_numbers_db [None req-7116fb94-4ada-4c89-933d-8dafbc7aafea 21194a289b77496faff67688a8fd7b4b f3cf2f2864f8488f9ee1f2769b181541 - - default default] Successfully bumped revision number for resource bb20dbfc-77b9-4849-a2c4-bb38930dee1b (type: security_groups) to 1
2026-07-09 00:23:51.278 10 INFO neutron.db.ovn_revision_numbers_db [None req-7116fb94-4ada-4c89-933d-8dafbc7aafea 21194a289b77496faff67688a8fd7b4b f3cf2f2864f8488f9ee1f2769b181541 - - default default] Successfully bumped revision number for resource 0b6ac873-b803-45fd-91b2-6d09b9a874e6 (type: security_group_rules) to 0
2026-07-09 00:23:51.289 10 INFO neutron.db.ovn_revision_numbers_db [None req-7116fb94-4ada-4c89-933d-8dafbc7aafea 21194a289b77496faff67688a8fd7b4b f3cf2f2864f8488f9ee1f2769b181541 - - default default] Successfully bumped revision number for resource 306b3a8e-3294-4c3d-bc28-bdf2b045df48 (type: security_group_rules) to 0
2026-07-09 00:23:51.300 10 INFO neutron.db.ovn_revision_numbers_db [None req-7116fb94-4ada-4c89-933d-8dafbc7aafea 21194a289b77496faff67688a8fd7b4b f3cf2f2864f8488f9ee1f2769b181541 - - default default] Successfully bumped revision number for resource 77e45a9a-86b5-4dc1-aab1-37d504339d45 (type: security_group_rules) to 0
2026-07-09 00:23:51.313 10 INFO neutron.db.ovn_revision_numbers_db [None req-7116fb94-4ada-4c89-933d-8dafbc7aafea 21194a289b77496faff67688a8fd7b4b f3cf2f2864f8488f9ee1f2769b181541 - - default default] Successfully bumped revision number for resource e327a842-9393-4810-8276-616d4127473d (type: security_group_rules) to 0
2026-07-09 00:23:51.375 10 INFO neutron.api.wsgi [None req-7116fb94-4ada-4c89-933d-8dafbc7aafea 21194a289b77496faff67688a8fd7b4b f3cf2f2864f8488f9ee1f2769b181541 - - default default] 199.204.45.77,10.0.0.239 "GET /v2.0/security-groups?name=manila-service-security-group&project_id=3d76cb75425c4c7789b8ea7099232f05 HTTP/1.1" status: 200 len: 197 time: 0.2791154
2026-07-09 00:23:51.568 10 INFO neutron.db.ovn_revision_numbers_db [None req-bf8d2ede-d5a1-4e49-89a9-9d059ce549c2 21194a289b77496faff67688a8fd7b4b f3cf2f2864f8488f9ee1f2769b181541 - - default default] Successfully bumped revision number for resource 42e05ee7-6fb1-4d09-8b17-0e4f10d42e66 (type: security_groups) to 1
2026-07-09 00:23:51.579 10 INFO neutron.db.ovn_revision_numbers_db [None req-bf8d2ede-d5a1-4e49-89a9-9d059ce549c2 21194a289b77496faff67688a8fd7b4b f3cf2f2864f8488f9ee1f2769b181541 - - default default] Successfully bumped revision number for resource a5f49d4d-417a-4fde-8ca2-d061439c7874 (type: security_group_rules) to 0
2026-07-09 00:23:51.589 10 INFO neutron.db.ovn_revision_numbers_db [None req-bf8d2ede-d5a1-4e49-89a9-9d059ce549c2 21194a289b77496faff67688a8fd7b4b f3cf2f2864f8488f9ee1f2769b181541 - - default default] Successfully bumped revision number for resource b024a49e-74d7-414c-b97b-5b70991228c0 (type: security_group_rules) to 0
2026-07-09 00:23:51.623 10 INFO neutron.api.wsgi [None req-bf8d2ede-d5a1-4e49-89a9-9d059ce549c2 21194a289b77496faff67688a8fd7b4b f3cf2f2864f8488f9ee1f2769b181541 - - default default] 199.204.45.77,10.0.0.239 "POST /v2.0/security-groups HTTP/1.1" status: 201 len: 1805 time: 0.1804051
2026-07-09 00:23:52.667 10 INFO neutron.api.wsgi [None req-338885e6-35d3-4a2c-b8a2-2bf3d4e061c7 21194a289b77496faff67688a8fd7b4b f3cf2f2864f8488f9ee1f2769b181541 - - default default] 199.204.45.77,10.0.0.239 "GET /v2.0/security-groups/42e05ee7-6fb1-4d09-8b17-0e4f10d42e66?project_id=3d76cb75425c4c7789b8ea7099232f05 HTTP/1.1" status: 200 len: 1800 time: 0.0434823
2026-07-09 00:23:52.698 10 INFO neutron.api.wsgi [None req-0dbd184e-31a1-430d-9872-afd451a83dcf 21194a289b77496faff67688a8fd7b4b f3cf2f2864f8488f9ee1f2769b181541 - - default default] 199.204.45.77,10.0.0.239 "GET /v2.0/security-groups/42e05ee7-6fb1-4d09-8b17-0e4f10d42e66 HTTP/1.1" status: 200 len: 1800 time: 0.0224161
2026-07-09 00:23:52.788 10 INFO neutron.api.wsgi [None req-4e96351d-f4ef-48f9-b10a-bfd507c33e24 21194a289b77496faff67688a8fd7b4b f3cf2f2864f8488f9ee1f2769b181541 - - default default] 199.204.45.77,10.0.0.239 "GET /v2.0/security-groups/42e05ee7-6fb1-4d09-8b17-0e4f10d42e66?project_id=3d76cb75425c4c7789b8ea7099232f05 HTTP/1.1" status: 200 len: 1800 time: 0.0210483
2026-07-09 00:23:52.901 10 INFO neutron.db.ovn_revision_numbers_db [None req-93006c53-022b-42b9-9e11-a4acefff3d9d 21194a289b77496faff67688a8fd7b4b f3cf2f2864f8488f9ee1f2769b181541 - - default default] Successfully bumped revision number for resource 1dea9bd2-6132-4dec-bda0-c98a45cb9d8e (type: security_group_rules) to 0
2026-07-09 00:23:52.934 10 INFO neutron.api.wsgi [None req-93006c53-022b-42b9-9e11-a4acefff3d9d 21194a289b77496faff67688a8fd7b4b f3cf2f2864f8488f9ee1f2769b181541 - - default default] 199.204.45.77,10.0.0.239 "POST /v2.0/security-group-rules HTTP/1.1" status: 201 len: 777 time: 0.1397395
2026-07-09 00:23:53.950 10 INFO neutron.api.wsgi [None req-34d3c940-f77f-45be-8a06-baca5e1fc803 21194a289b77496faff67688a8fd7b4b f3cf2f2864f8488f9ee1f2769b181541 - - default default] 199.204.45.77,10.0.0.239 "GET /v2.0/security-groups/42e05ee7-6fb1-4d09-8b17-0e4f10d42e66?project_id=3d76cb75425c4c7789b8ea7099232f05 HTTP/1.1" status: 200 len: 2410 time: 0.0579948
2026-07-09 00:23:53.980 10 INFO neutron.api.wsgi [None req-ee3cca65-6fd7-4392-bfc4-d33ae024510e 21194a289b77496faff67688a8fd7b4b f3cf2f2864f8488f9ee1f2769b181541 - - default default] 199.204.45.77,10.0.0.239 "GET /v2.0/security-groups/42e05ee7-6fb1-4d09-8b17-0e4f10d42e66 HTTP/1.1" status: 200 len: 2410 time: 0.0227559
2026-07-09 00:23:54.087 10 INFO neutron.api.wsgi [None req-52be1bcf-4c02-4011-80f6-5c54518bbf28 21194a289b77496faff67688a8fd7b4b f3cf2f2864f8488f9ee1f2769b181541 - - default default] 199.204.45.77,10.0.0.239 "GET /v2.0/security-groups/42e05ee7-6fb1-4d09-8b17-0e4f10d42e66?project_id=3d76cb75425c4c7789b8ea7099232f05 HTTP/1.1" status: 200 len: 2410 time: 0.0309916
2026-07-09 00:23:54.223 10 INFO neutron.db.ovn_revision_numbers_db [None req-2a057809-1699-415e-9b1c-d7ba458e936c 21194a289b77496faff67688a8fd7b4b f3cf2f2864f8488f9ee1f2769b181541 - - default default] Successfully bumped revision number for resource ee82b874-dddf-481d-a83b-2f80eb462bd7 (type: security_group_rules) to 0
2026-07-09 00:23:54.266 10 INFO neutron.api.wsgi [None req-2a057809-1699-415e-9b1c-d7ba458e936c 21194a289b77496faff67688a8fd7b4b f3cf2f2864f8488f9ee1f2769b181541 - - default default] 199.204.45.77,10.0.0.239 "POST /v2.0/security-group-rules HTTP/1.1" status: 201 len: 779 time: 0.1721141
2026-07-09 00:23:55.271 10 INFO neutron.api.wsgi [None req-ed8cf4de-8c3b-4e53-a79c-ae7a41b4b771 21194a289b77496faff67688a8fd7b4b f3cf2f2864f8488f9ee1f2769b181541 - - default default] 199.204.45.77,10.0.0.239 "GET /v2.0/security-groups/42e05ee7-6fb1-4d09-8b17-0e4f10d42e66?project_id=3d76cb75425c4c7789b8ea7099232f05 HTTP/1.1" status: 200 len: 3022 time: 0.0600598
2026-07-09 00:23:55.301 10 INFO neutron.api.wsgi [None req-45dc1325-4a6d-4e0f-a69e-1bcdbf03032a 21194a289b77496faff67688a8fd7b4b f3cf2f2864f8488f9ee1f2769b181541 - - default default] 199.204.45.77,10.0.0.239 "GET /v2.0/security-groups/42e05ee7-6fb1-4d09-8b17-0e4f10d42e66 HTTP/1.1" status: 200 len: 3022 time: 0.0240743
2026-07-09 00:23:55.398 10 INFO neutron.api.wsgi [None req-ad0b6809-02d2-4222-a8f1-735f5196cc36 21194a289b77496faff67688a8fd7b4b f3cf2f2864f8488f9ee1f2769b181541 - - default default] 199.204.45.77,10.0.0.239 "GET /v2.0/security-groups/42e05ee7-6fb1-4d09-8b17-0e4f10d42e66?project_id=3d76cb75425c4c7789b8ea7099232f05 HTTP/1.1" status: 200 len: 3022 time: 0.0240638
2026-07-09 00:23:55.431 15 INFO neutron.plugins.ml2.drivers.ovn.mech_driver.ovsdb.maintenance [None req-aac1371d-c9fa-4703-9c50-d60c308e69d8 - - - - - -] OVN maintenance task check_for_inconsistencies finished in 0.025 seconds
2026-07-09 00:23:55.527 10 INFO neutron.db.ovn_revision_numbers_db [None req-a4302227-abe9-4957-a851-f0bc39517d97 21194a289b77496faff67688a8fd7b4b f3cf2f2864f8488f9ee1f2769b181541 - - default default] Successfully bumped revision number for resource 0011dd4b-ba7a-4367-a4f1-e39cdc157b13 (type: security_group_rules) to 0
2026-07-09 00:23:55.554 10 INFO neutron.api.wsgi [None req-a4302227-abe9-4957-a851-f0bc39517d97 21194a289b77496faff67688a8fd7b4b f3cf2f2864f8488f9ee1f2769b181541 - - default default] 199.204.45.77,10.0.0.239 "POST /v2.0/security-group-rules HTTP/1.1" status: 201 len: 781 time: 0.1485825
2026-07-09 00:23:56.583 10 INFO neutron.api.wsgi [None req-693a9d4a-9b93-4656-9667-2942502554c4 21194a289b77496faff67688a8fd7b4b f3cf2f2864f8488f9ee1f2769b181541 - - default default] 199.204.45.77,10.0.0.239 "GET /v2.0/security-groups/42e05ee7-6fb1-4d09-8b17-0e4f10d42e66?project_id=3d76cb75425c4c7789b8ea7099232f05 HTTP/1.1" status: 200 len: 3636 time: 0.0514755
2026-07-09 00:23:56.617 10 INFO neutron.api.wsgi [None req-dd026aca-d39e-4421-b0f7-ce06b7833ab8 21194a289b77496faff67688a8fd7b4b f3cf2f2864f8488f9ee1f2769b181541 - - default default] 199.204.45.77,10.0.0.239 "GET /v2.0/security-groups/42e05ee7-6fb1-4d09-8b17-0e4f10d42e66 HTTP/1.1" status: 200 len: 3636 time: 0.0282519
2026-07-09 00:23:56.715 10 INFO neutron.api.wsgi [None req-81b404fb-3987-4567-9067-6d2667f690cb 21194a289b77496faff67688a8fd7b4b f3cf2f2864f8488f9ee1f2769b181541 - - default default] 199.204.45.77,10.0.0.239 "GET /v2.0/security-groups/42e05ee7-6fb1-4d09-8b17-0e4f10d42e66?project_id=3d76cb75425c4c7789b8ea7099232f05 HTTP/1.1" status: 200 len: 3636 time: 0.0257633
2026-07-09 00:23:56.840 10 INFO neutron.db.ovn_revision_numbers_db [None req-6f36de26-b166-492e-9c1c-90d1210dac27 21194a289b77496faff67688a8fd7b4b f3cf2f2864f8488f9ee1f2769b181541 - - default default] Successfully bumped revision number for resource 64957c1e-c3ca-42b5-bdc6-87493f1e06bc (type: security_group_rules) to 0
2026-07-09 00:23:56.872 10 INFO neutron.api.wsgi [None req-6f36de26-b166-492e-9c1c-90d1210dac27 21194a289b77496faff67688a8fd7b4b f3cf2f2864f8488f9ee1f2769b181541 - - default default] 199.204.45.77,10.0.0.239 "POST /v2.0/security-group-rules HTTP/1.1" status: 201 len: 782 time: 0.1506646
2026-07-09 00:24:01.492 10 INFO neutron.api.wsgi [-] 10.0.0.239 "GET / HTTP/1.1" status: 200 len: 247 time: 0.0023313
2026-07-09 00:24:01.493 9 INFO neutron.api.wsgi [-] 10.0.0.239 "GET / HTTP/1.1" status: 200 len: 247 time: 0.0026619
2026-07-09 00:24:16.493 10 INFO neutron.api.wsgi [-] 10.0.0.239 "GET / HTTP/1.1" status: 200 len: 247 time: 0.0027068
2026-07-09 00:24:16.494 9 INFO neutron.api.wsgi [-] 10.0.0.239 "GET / HTTP/1.1" status: 200 len: 247 time: 0.0021977
2026-07-09 00:24:31.493 9 INFO neutron.api.wsgi [-] 10.0.0.239 "GET / HTTP/1.1" status: 200 len: 247 time: 0.0024605
2026-07-09 00:24:31.494 10 INFO neutron.api.wsgi [-] 10.0.0.239 "GET / HTTP/1.1" status: 200 len: 247 time: 0.0036786
2026-07-09 00:24:46.493 10 INFO neutron.api.wsgi [-] 10.0.0.239 "GET / HTTP/1.1" status: 200 len: 247 time: 0.0026641
2026-07-09 00:24:46.493 9 INFO neutron.api.wsgi [-] 10.0.0.239 "GET / HTTP/1.1" status: 200 len: 247 time: 0.0031056
2026-07-09 00:25:01.492 9 INFO neutron.api.wsgi [-] 10.0.0.239 "GET / HTTP/1.1" status: 200 len: 247 time: 0.0025053
2026-07-09 00:25:01.492 10 INFO neutron.api.wsgi [-] 10.0.0.239 "GET / HTTP/1.1" status: 200 len: 247 time: 0.0025513
2026-07-09 00:25:16.492 9 INFO neutron.api.wsgi [-] 10.0.0.239 "GET / HTTP/1.1" status: 200 len: 247 time: 0.0025487
2026-07-09 00:25:16.493 10 INFO neutron.api.wsgi [-] 10.0.0.239 "GET / HTTP/1.1" status: 200 len: 247 time: 0.0025456
2026-07-09 00:25:31.492 10 INFO neutron.api.wsgi [-] 10.0.0.239 "GET / HTTP/1.1" status: 200 len: 247 time: 0.0018728
2026-07-09 00:25:31.494 9 INFO neutron.api.wsgi [-] 10.0.0.239 "GET / HTTP/1.1" status: 200 len: 247 time: 0.0037634
2026-07-09 00:25:46.492 10 INFO neutron.api.wsgi [-] 10.0.0.239 "GET / HTTP/1.1" status: 200 len: 247 time: 0.0018890
2026-07-09 00:25:46.495 10 INFO neutron.api.wsgi [-] 10.0.0.239 "GET / HTTP/1.1" status: 200 len: 247 time: 0.0025783
2026-07-09 00:26:01.491 9 INFO neutron.api.wsgi [-] 10.0.0.239 "GET / HTTP/1.1" status: 200 len: 247 time: 0.0013206
2026-07-09 00:26:01.494 10 INFO neutron.api.wsgi [-] 10.0.0.239 "GET / HTTP/1.1" status: 200 len: 247 time: 0.0039284
2026-07-09 00:26:13.035 9 INFO neutron.api.wsgi [None req-99076e9d-5d6a-4d3d-b98f-26ca9e1c2044 580e010c8ff644be9250a1d393186bc1 3d76cb75425c4c7789b8ea7099232f05 - - a4c9ffe7ac2d4d0d817b6f5e32ccdf77 a4c9ffe7ac2d4d0d817b6f5e32ccdf77] 199.204.45.77 "GET /v2.0/networks?tenant_id=3d76cb75425c4c7789b8ea7099232f05&shared=False HTTP/1.1" status: 200 len: 213 time: 0.1065824
2026-07-09 00:26:13.130 9 INFO neutron.db.segments_db [None req-c2e4bce8-4814-4072-aca7-aca1a7ca5b84 580e010c8ff644be9250a1d393186bc1 3d76cb75425c4c7789b8ea7099232f05 - - a4c9ffe7ac2d4d0d817b6f5e32ccdf77 a4c9ffe7ac2d4d0d817b6f5e32ccdf77] Added segment d041fb18-094c-47b0-a7e6-2a97c0e7685a of type geneve for network 5d721df9-4f80-4d2a-9492-5c1492068ee7
2026-07-09 00:26:13.307 9 INFO neutron.db.ovn_revision_numbers_db [None req-c2e4bce8-4814-4072-aca7-aca1a7ca5b84 580e010c8ff644be9250a1d393186bc1 3d76cb75425c4c7789b8ea7099232f05 - - a4c9ffe7ac2d4d0d817b6f5e32ccdf77 a4c9ffe7ac2d4d0d817b6f5e32ccdf77] Successfully bumped revision number for resource 5d721df9-4f80-4d2a-9492-5c1492068ee7 (type: networks) to 1
2026-07-09 00:26:13.490 9 WARNING neutron.scheduler.dhcp_agent_scheduler [None req-c2e4bce8-4814-4072-aca7-aca1a7ca5b84 580e010c8ff644be9250a1d393186bc1 3d76cb75425c4c7789b8ea7099232f05 - - a4c9ffe7ac2d4d0d817b6f5e32ccdf77 a4c9ffe7ac2d4d0d817b6f5e32ccdf77] No more DHCP agents
2026-07-09 00:26:13.492 9 WARNING neutron.api.rpc.agentnotifiers.dhcp_rpc_agent_api [None req-c2e4bce8-4814-4072-aca7-aca1a7ca5b84 580e010c8ff644be9250a1d393186bc1 3d76cb75425c4c7789b8ea7099232f05 - - a4c9ffe7ac2d4d0d817b6f5e32ccdf77 a4c9ffe7ac2d4d0d817b6f5e32ccdf77] Unable to schedule network 5d721df9-4f80-4d2a-9492-5c1492068ee7: no agents available; will retry on subsequent port and subnet creation events.
2026-07-09 00:26:13.557 9 INFO neutron.db.ovn_revision_numbers_db [None req-c2e4bce8-4814-4072-aca7-aca1a7ca5b84 580e010c8ff644be9250a1d393186bc1 3d76cb75425c4c7789b8ea7099232f05 - - a4c9ffe7ac2d4d0d817b6f5e32ccdf77 a4c9ffe7ac2d4d0d817b6f5e32ccdf77] Successfully bumped revision number for resource 5279effc-c818-4a50-b559-c8f40dfa0636 (type: ports) to 1
2026-07-09 00:26:13.573 9 INFO neutron.api.wsgi [None req-c2e4bce8-4814-4072-aca7-aca1a7ca5b84 580e010c8ff644be9250a1d393186bc1 3d76cb75425c4c7789b8ea7099232f05 - - a4c9ffe7ac2d4d0d817b6f5e32ccdf77 a4c9ffe7ac2d4d0d817b6f5e32ccdf77] 199.204.45.77 "POST /v2.0/networks HTTP/1.1" status: 201 len: 925 time: 0.5318565
2026-07-09 00:26:13.610 9 INFO neutron.api.wsgi [None req-828a268b-7bcc-4883-a2bf-794678141624 580e010c8ff644be9250a1d393186bc1 3d76cb75425c4c7789b8ea7099232f05 - - a4c9ffe7ac2d4d0d817b6f5e32ccdf77 a4c9ffe7ac2d4d0d817b6f5e32ccdf77] 199.204.45.77 "GET /v2.0/ports?device_id=manila-share&binding%3Ahost_id=instance HTTP/1.1" status: 200 len: 210 time: 0.0292821
2026-07-09 00:26:13.625 9 INFO neutron.api.wsgi [None req-1a291621-715f-40aa-b75a-5fa4d3270eae 580e010c8ff644be9250a1d393186bc1 3d76cb75425c4c7789b8ea7099232f05 - - a4c9ffe7ac2d4d0d817b6f5e32ccdf77 a4c9ffe7ac2d4d0d817b6f5e32ccdf77] 199.204.45.77 "GET /v2.0/extensions HTTP/1.1" status: 200 len: 19298 time: 0.0084684
2026-07-09 00:26:13.804 9 WARNING neutron.scheduler.dhcp_agent_scheduler [None req-c9ceb2d2-3b9a-42da-a90b-ce436e05b9a0 580e010c8ff644be9250a1d393186bc1 3d76cb75425c4c7789b8ea7099232f05 - - a4c9ffe7ac2d4d0d817b6f5e32ccdf77 a4c9ffe7ac2d4d0d817b6f5e32ccdf77] No more DHCP agents
2026-07-09 00:26:13.805 9 WARNING neutron.api.rpc.agentnotifiers.dhcp_rpc_agent_api [None req-c9ceb2d2-3b9a-42da-a90b-ce436e05b9a0 580e010c8ff644be9250a1d393186bc1 3d76cb75425c4c7789b8ea7099232f05 - - a4c9ffe7ac2d4d0d817b6f5e32ccdf77 a4c9ffe7ac2d4d0d817b6f5e32ccdf77] Unable to schedule network 5d721df9-4f80-4d2a-9492-5c1492068ee7: no agents available; will retry on subsequent port and subnet creation events.
2026-07-09 00:26:13.865 9 INFO neutron.db.ovn_revision_numbers_db [None req-c9ceb2d2-3b9a-42da-a90b-ce436e05b9a0 580e010c8ff644be9250a1d393186bc1 3d76cb75425c4c7789b8ea7099232f05 - - a4c9ffe7ac2d4d0d817b6f5e32ccdf77 a4c9ffe7ac2d4d0d817b6f5e32ccdf77] Successfully bumped revision number for resource 2e9cadbf-d49d-4aee-8a5a-3440ea37d52f (type: ports) to 1
2026-07-09 00:26:14.024 9 INFO neutron.db.ovn_revision_numbers_db [None req-c9ceb2d2-3b9a-42da-a90b-ce436e05b9a0 580e010c8ff644be9250a1d393186bc1 3d76cb75425c4c7789b8ea7099232f05 - - a4c9ffe7ac2d4d0d817b6f5e32ccdf77 a4c9ffe7ac2d4d0d817b6f5e32ccdf77] Successfully bumped revision number for resource 2e9cadbf-d49d-4aee-8a5a-3440ea37d52f (type: ports) to 3
2026-07-09 00:26:14.049 9 INFO neutron.api.wsgi [None req-c9ceb2d2-3b9a-42da-a90b-ce436e05b9a0 580e010c8ff644be9250a1d393186bc1 3d76cb75425c4c7789b8ea7099232f05 - - a4c9ffe7ac2d4d0d817b6f5e32ccdf77 a4c9ffe7ac2d4d0d817b6f5e32ccdf77] 199.204.45.77 "POST /v2.0/ports HTTP/1.1" status: 201 len: 1172 time: 0.4195282
2026-07-09 00:26:14.095 9 INFO neutron.api.wsgi [None req-6bed9393-18a0-4bc6-a3e0-9c5fb698b066 580e010c8ff644be9250a1d393186bc1 3d76cb75425c4c7789b8ea7099232f05 - - a4c9ffe7ac2d4d0d817b6f5e32ccdf77 a4c9ffe7ac2d4d0d817b6f5e32ccdf77] 199.204.45.77 "GET /v2.0/networks/5d721df9-4f80-4d2a-9492-5c1492068ee7 HTTP/1.1" status: 200 len: 907 time: 0.0378933
2026-07-09 00:26:14.832 9 INFO neutron.plugins.ml2.drivers.ovn.mech_driver.mech_driver [-] OVN reports status up for port: 2e9cadbf-d49d-4aee-8a5a-3440ea37d52f
2026-07-09 00:26:14.845 9 INFO neutron.plugins.ml2.plugin [None req-000279d4-5b55-47fe-86e2-579a44301b24 - - - - - -] Attempt 1 to provision port 2e9cadbf-d49d-4aee-8a5a-3440ea37d52f
2026-07-09 00:26:15.030 9 INFO neutron.db.ovn_revision_numbers_db [None req-000279d4-5b55-47fe-86e2-579a44301b24 - - - - - -] Successfully bumped revision number for resource 2e9cadbf-d49d-4aee-8a5a-3440ea37d52f (type: ports) to 4
2026-07-09 00:26:16.354 9 INFO neutron.api.wsgi [None req-e5618704-2841-44c0-885a-afeeaece5158 580e010c8ff644be9250a1d393186bc1 3d76cb75425c4c7789b8ea7099232f05 - - a4c9ffe7ac2d4d0d817b6f5e32ccdf77 a4c9ffe7ac2d4d0d817b6f5e32ccdf77] 199.204.45.77 "GET /v2.0/ports?device_id=manila-share&binding%3Ahost_id=instance HTTP/1.1" status: 200 len: 1172 time: 0.0400565
2026-07-09 00:26:16.393 9 INFO neutron.api.wsgi [None req-23fe93aa-64a9-4f7e-8433-09446f585649 580e010c8ff644be9250a1d393186bc1 3d76cb75425c4c7789b8ea7099232f05 - - a4c9ffe7ac2d4d0d817b6f5e32ccdf77 a4c9ffe7ac2d4d0d817b6f5e32ccdf77] 199.204.45.77 "GET /v2.0/networks/5d721df9-4f80-4d2a-9492-5c1492068ee7 HTTP/1.1" status: 200 len: 907 time: 0.0328403
2026-07-09 00:26:16.492 10 INFO neutron.api.wsgi [-] 10.0.0.239 "GET / HTTP/1.1" status: 200 len: 247 time: 0.0024192
2026-07-09 00:26:16.495 10 INFO neutron.api.wsgi [-] 10.0.0.239 "GET / HTTP/1.1" status: 200 len: 247 time: 0.0020287
2026-07-09 00:26:31.492 10 INFO neutron.api.wsgi [-] 10.0.0.239 "GET / HTTP/1.1" status: 200 len: 247 time: 0.0018675
2026-07-09 00:26:31.493 9 INFO neutron.api.wsgi [-] 10.0.0.239 "GET / HTTP/1.1" status: 200 len: 247 time: 0.0022767
2026-07-09 00:26:42.008 10 INFO neutron.api.wsgi [None req-f27ff2bc-339e-4c82-9a60-7420c8ef93a9 21194a289b77496faff67688a8fd7b4b f3cf2f2864f8488f9ee1f2769b181541 - - default default] 199.204.45.77,10.0.0.239 "GET /v2.0/quotas/3d76cb75425c4c7789b8ea7099232f05 HTTP/1.1" status: 200 len: 467 time: 0.0199683 /var/lib/openstack/lib/python3.12/site-packages/neutron/extensions/quotasv2.py:139: UserWarning: Neutron quota engine will require "--force" parameter to set a quota limit without checking the resource usage. warnings.warn('Neutron quota engine will require "--force" '
2026-07-09 00:26:42.530 10 INFO neutron.api.wsgi [None req-97bc2187-547b-4dc8-a54c-dca520a58015 21194a289b77496faff67688a8fd7b4b f3cf2f2864f8488f9ee1f2769b181541 - - default default] 199.204.45.77,10.0.0.239 "PUT /v2.0/quotas/3d76cb75425c4c7789b8ea7099232f05 HTTP/1.1" status: 200 len: 466 time: 0.0265679
2026-07-09 00:26:46.493 10 INFO neutron.api.wsgi [-] 10.0.0.239 "GET / HTTP/1.1" status: 200 len: 247 time: 0.0026560
2026-07-09 00:26:46.496 10 INFO neutron.api.wsgi [-] 10.0.0.239 "GET / HTTP/1.1" status: 200 len: 247 time: 0.0020363
2026-07-09 00:27:01.492 10 INFO neutron.api.wsgi [-] 10.0.0.239 "GET / HTTP/1.1" status: 200 len: 247 time: 0.0016479
2026-07-09 00:27:01.493 9 INFO neutron.api.wsgi [-] 10.0.0.239 "GET / HTTP/1.1" status: 200 len: 247 time: 0.0026214
2026-07-09 00:27:16.495 10 INFO neutron.api.wsgi [-] 10.0.0.239 "GET / HTTP/1.1" status: 200 len: 247 time: 0.0033302
2026-07-09 00:27:16.497 10 INFO neutron.api.wsgi [-] 10.0.0.239 "GET / HTTP/1.1" status: 200 len: 247 time: 0.0017748 /var/lib/openstack/lib/python3.12/site-packages/pycadf/identifier.py:71: UserWarning: Invalid uuid: neutron. To ensure interoperability, identifiers should be a valid uuid. warnings.warn(('Invalid uuid: %s. To ensure interoperability, '
2026-07-09 00:27:30.704 10 INFO neutron.api.wsgi [None req-dcfb520b-6085-4652-b516-a2063aaca597 21194a289b77496faff67688a8fd7b4b f3cf2f2864f8488f9ee1f2769b181541 - - default default] 10.0.0.37 "GET /v2.0/agents HTTP/1.1" status: 200 len: 1390 time: 0.1361380
2026-07-09 00:27:30.771 10 INFO neutron.api.wsgi [None req-7fd0990a-8f36-4561-afe9-d07d0937cbaf 21194a289b77496faff67688a8fd7b4b f3cf2f2864f8488f9ee1f2769b181541 - - default default] 10.0.0.37 "GET /v2.0/networks HTTP/1.1" status: 200 len: 2349 time: 0.0638471
2026-07-09 00:27:30.807 10 INFO neutron.api.wsgi [None req-dce9092d-f5c0-4771-b49f-bcf4d7203231 21194a289b77496faff67688a8fd7b4b f3cf2f2864f8488f9ee1f2769b181541 - - default default] 10.0.0.37 "GET /v2.0/subnets HTTP/1.1" status: 200 len: 1484 time: 0.0320315
2026-07-09 00:27:30.842 10 INFO neutron.api.wsgi [None req-0be6bed3-7c6b-46d5-989d-e69b2ab7f524 21194a289b77496faff67688a8fd7b4b f3cf2f2864f8488f9ee1f2769b181541 - - default default] 10.0.0.37 "GET /v2.0/floatingips HTTP/1.1" status: 200 len: 193 time: 0.0333157
2026-07-09 00:27:30.905 10 INFO neutron.api.wsgi [None req-d01a83eb-75d0-4fd5-af42-421da6d18c20 21194a289b77496faff67688a8fd7b4b f3cf2f2864f8488f9ee1f2769b181541 - - default default] 10.0.0.37 "GET /v2.0/ports HTTP/1.1" status: 200 len: 5347 time: 0.0619113
2026-07-09 00:27:30.929 10 INFO neutron.api.wsgi [None req-eea7d704-c97b-4981-95e7-ba99e4cd57ca 21194a289b77496faff67688a8fd7b4b f3cf2f2864f8488f9ee1f2769b181541 - - default default] 10.0.0.37 "GET /v2.0/network-ip-availabilities HTTP/1.1" status: 200 len: 1280 time: 0.0131228
2026-07-09 00:27:30.975 10 INFO neutron.api.wsgi [None req-d034c609-cf94-4092-8172-3e1d41973202 21194a289b77496faff67688a8fd7b4b f3cf2f2864f8488f9ee1f2769b181541 - - default default] 10.0.0.37 "GET /v2.0/security-groups HTTP/1.1" status: 200 len: 17574 time: 0.0442529
2026-07-09 00:27:31.050 10 INFO neutron.api.wsgi [None req-40085a46-2c9b-4add-b5d0-6ba5b24bf648 21194a289b77496faff67688a8fd7b4b f3cf2f2864f8488f9ee1f2769b181541 - - default default] 10.0.0.37 "GET /v2.0/routers HTTP/1.1" status: 200 len: 189 time: 0.0722375
2026-07-09 00:27:31.061 10 INFO neutron.api.wsgi [None req-74b3fcbe-ebc5-4f19-8fa2-e88f4ef5c8db 21194a289b77496faff67688a8fd7b4b f3cf2f2864f8488f9ee1f2769b181541 - - default default] 10.0.0.37 "GET /v2.0/agents?binary=ovn-controller HTTP/1.1" status: 200 len: 591 time: 0.0092976
2026-07-09 00:27:31.087 10 INFO neutron.api.wsgi [None req-210e9ea0-4ad4-4695-a35b-05f0bc7c746d 21194a289b77496faff67688a8fd7b4b f3cf2f2864f8488f9ee1f2769b181541 - - default default] 10.0.0.37 "GET /v2.0/subnets HTTP/1.1" status: 200 len: 1484 time: 0.0257459
2026-07-09 00:27:31.098 10 INFO neutron.api.wsgi [None req-0c13588e-a35d-4dc3-b5e3-4ede59f634bd 21194a289b77496faff67688a8fd7b4b f3cf2f2864f8488f9ee1f2769b181541 - - default default] 10.0.0.37 "GET /v2.0/subnetpools HTTP/1.1" status: 200 len: 193 time: 0.0090427
2026-07-09 00:27:31.492 9 INFO neutron.api.wsgi [-] 10.0.0.239 "GET / HTTP/1.1" status: 200 len: 247 time: 0.0019650
2026-07-09 00:27:31.493 10 INFO neutron.api.wsgi [-] 10.0.0.239 "GET / HTTP/1.1" status: 200 len: 247 time: 0.0024254
2026-07-09 00:27:46.491 9 INFO neutron.api.wsgi [-] 10.0.0.239 "GET / HTTP/1.1" status: 200 len: 247 time: 0.0015271
2026-07-09 00:27:46.493 9 INFO neutron.api.wsgi [-] 10.0.0.239 "GET / HTTP/1.1" status: 200 len: 247 time: 0.0013151
2026-07-09 00:28:01.494 10 INFO neutron.api.wsgi [-] 10.0.0.239 "GET / HTTP/1.1" status: 200 len: 247 time: 0.0042338
2026-07-09 00:28:01.497 10 INFO neutron.api.wsgi [-] 10.0.0.239 "GET / HTTP/1.1" status: 200 len: 247 time: 0.0020201
2026-07-09 00:28:16.493 10 INFO neutron.api.wsgi [-] 10.0.0.239 "GET / HTTP/1.1" status: 200 len: 247 time: 0.0028081
2026-07-09 00:28:16.493 9 INFO neutron.api.wsgi [-] 10.0.0.239 "GET / HTTP/1.1" status: 200 len: 247 time: 0.0027530
2026-07-09 00:28:30.632 10 INFO neutron.api.wsgi [None req-a0726dec-b3ab-43ac-b75f-57c4ee24a0c0 21194a289b77496faff67688a8fd7b4b f3cf2f2864f8488f9ee1f2769b181541 - - default default] 10.0.0.37 "GET /v2.0/subnets HTTP/1.1" status: 200 len: 1484 time: 0.0783513
2026-07-09 00:28:30.643 10 INFO neutron.api.wsgi [None req-39de3b2f-277b-43ab-a576-5181f46815f1 21194a289b77496faff67688a8fd7b4b f3cf2f2864f8488f9ee1f2769b181541 - - default default] 10.0.0.37 "GET /v2.0/network-ip-availabilities HTTP/1.1" status: 200 len: 1280 time: 0.0091693
2026-07-09 00:28:30.670 10 INFO neutron.api.wsgi [None req-8beafed2-67f2-4dfe-a799-5cb5eeecd61e 21194a289b77496faff67688a8fd7b4b f3cf2f2864f8488f9ee1f2769b181541 - - default default] 10.0.0.37 "GET /v2.0/agents HTTP/1.1" status: 200 len: 1390 time: 0.0263498
2026-07-09 00:28:30.700 10 INFO neutron.api.wsgi [None req-a8dc3b00-f006-4097-ad38-39f3f507c1b8 21194a289b77496faff67688a8fd7b4b f3cf2f2864f8488f9ee1f2769b181541 - - default default] 10.0.0.37 "GET /v2.0/subnets HTTP/1.1" status: 200 len: 1484 time: 0.0293083
2026-07-09 00:28:30.708 10 INFO neutron.api.wsgi [None req-36ae726f-717a-453d-9734-c257b75ada26 21194a289b77496faff67688a8fd7b4b f3cf2f2864f8488f9ee1f2769b181541 - - default default] 10.0.0.37 "GET /v2.0/subnetpools HTTP/1.1" status: 200 len: 193 time: 0.0063159
2026-07-09 00:28:30.752 10 INFO neutron.api.wsgi [None req-1966063b-4b79-4593-bbad-8e248424102a 21194a289b77496faff67688a8fd7b4b f3cf2f2864f8488f9ee1f2769b181541 - - default default] 10.0.0.37 "GET /v2.0/ports HTTP/1.1" status: 200 len: 5347 time: 0.0434847
2026-07-09 00:28:30.772 10 INFO neutron.api.wsgi [None req-b72d722e-ddd5-485c-bcdc-5a264fda7a9b 21194a289b77496faff67688a8fd7b4b f3cf2f2864f8488f9ee1f2769b181541 - - default default] 10.0.0.37 "GET /v2.0/routers HTTP/1.1" status: 200 len: 189 time: 0.0170500
2026-07-09 00:28:30.787 10 INFO neutron.api.wsgi [None req-f3e0ea39-a073-4b8f-92f7-47bbf52f823e 21194a289b77496faff67688a8fd7b4b f3cf2f2864f8488f9ee1f2769b181541 - - default default] 10.0.0.37 "GET /v2.0/agents?binary=ovn-controller HTTP/1.1" status: 200 len: 591 time: 0.0143700
2026-07-09 00:28:30.804 10 INFO neutron.api.wsgi [None req-23a96dfe-0743-4098-ab80-b9d4cc50e25a 21194a289b77496faff67688a8fd7b4b f3cf2f2864f8488f9ee1f2769b181541 - - default default] 10.0.0.37 "GET /v2.0/floatingips HTTP/1.1" status: 200 len: 193 time: 0.0154240
2026-07-09 00:28:30.865 10 INFO neutron.api.wsgi [None req-346c667b-3f18-4860-aaa0-4b4921be7b05 21194a289b77496faff67688a8fd7b4b f3cf2f2864f8488f9ee1f2769b181541 - - default default] 10.0.0.37 "GET /v2.0/networks HTTP/1.1" status: 200 len: 2349 time: 0.0601110
2026-07-09 00:28:30.907 10 INFO neutron.api.wsgi [None req-64ee6290-1fb1-43d2-9611-1988384a2325 21194a289b77496faff67688a8fd7b4b f3cf2f2864f8488f9ee1f2769b181541 - - default default] 10.0.0.37 "GET /v2.0/security-groups HTTP/1.1" status: 200 len: 17574 time: 0.0407135
2026-07-09 00:28:31.493 10 INFO neutron.api.wsgi [-] 10.0.0.239 "GET / HTTP/1.1" status: 200 len: 247 time: 0.0025406
2026-07-09 00:28:31.495 10 INFO neutron.api.wsgi [-] 10.0.0.239 "GET / HTTP/1.1" status: 200 len: 247 time: 0.0015285
2026-07-09 00:28:46.492 9 INFO neutron.api.wsgi [-] 10.0.0.239 "GET / HTTP/1.1" status: 200 len: 247 time: 0.0026031
2026-07-09 00:28:46.493 10 INFO neutron.api.wsgi [-] 10.0.0.239 "GET / HTTP/1.1" status: 200 len: 247 time: 0.0029345
2026-07-09 00:28:55.494 15 INFO neutron.db.ovn_revision_numbers_db [None req-aac1371d-c9fa-4703-9c50-d60c308e69d8 - - - - - -] Successfully bumped revision number for resource 42e05ee7-6fb1-4d09-8b17-0e4f10d42e66 (type: security_groups) to 5
2026-07-09 00:28:55.494 15 INFO neutron.plugins.ml2.drivers.ovn.mech_driver.ovsdb.maintenance [None req-aac1371d-c9fa-4703-9c50-d60c308e69d8 - - - - - -] OVN maintenance task check_for_inconsistencies finished in 0.069 seconds
2026-07-09 00:29:01.493 9 INFO neutron.api.wsgi [-] 10.0.0.239 "GET / HTTP/1.1" status: 200 len: 247 time: 0.0028241
2026-07-09 00:29:01.496 9 INFO neutron.api.wsgi [-] 10.0.0.239 "GET / HTTP/1.1" status: 200 len: 247 time: 0.0019634
2026-07-09 00:29:16.491 10 INFO neutron.api.wsgi [-] 10.0.0.239 "GET / HTTP/1.1" status: 200 len: 247 time: 0.0017588
2026-07-09 00:29:16.494 9 INFO neutron.api.wsgi [-] 10.0.0.239 "GET / HTTP/1.1" status: 200 len: 247 time: 0.0038645
2026-07-09 00:29:30.566 10 INFO neutron.api.wsgi [None req-4cfdb7e1-9d32-4e9b-baae-9ba51642e255 21194a289b77496faff67688a8fd7b4b f3cf2f2864f8488f9ee1f2769b181541 - - default default] 10.0.0.37 "GET /v2.0/floatingips HTTP/1.1" status: 200 len: 193 time: 0.0713921
2026-07-09 00:29:30.609 10 INFO neutron.api.wsgi [None req-49bdd2ea-6158-4dac-aead-405012eab34a 21194a289b77496faff67688a8fd7b4b f3cf2f2864f8488f9ee1f2769b181541 - - default default] 10.0.0.37 "GET /v2.0/security-groups HTTP/1.1" status: 200 len: 17574 time: 0.0420759
2026-07-09 00:29:30.660 10 INFO neutron.api.wsgi [None req-b485ef10-27b5-4189-9190-d6b0651abff7 21194a289b77496faff67688a8fd7b4b f3cf2f2864f8488f9ee1f2769b181541 - - default default] 10.0.0.37 "GET /v2.0/ports HTTP/1.1" status: 200 len: 5347 time: 0.0449235
2026-07-09 00:29:30.679 10 INFO neutron.api.wsgi [None req-b247a463-d4f9-4a90-9092-4955556a73c4 21194a289b77496faff67688a8fd7b4b f3cf2f2864f8488f9ee1f2769b181541 - - default default] 10.0.0.37 "GET /v2.0/network-ip-availabilities HTTP/1.1" status: 200 len: 1280 time: 0.0155349
2026-07-09 00:29:30.712 10 INFO neutron.api.wsgi [None req-638f1969-b731-4eb5-ab86-7ad2f21f32d0 21194a289b77496faff67688a8fd7b4b f3cf2f2864f8488f9ee1f2769b181541 - - default default] 10.0.0.37 "GET /v2.0/subnets HTTP/1.1" status: 200 len: 1484 time: 0.0317037
2026-07-09 00:29:30.720 10 INFO neutron.api.wsgi [None req-ea08276d-07e3-4b02-a7b8-6962305c2119 21194a289b77496faff67688a8fd7b4b f3cf2f2864f8488f9ee1f2769b181541 - - default default] 10.0.0.37 "GET /v2.0/subnetpools HTTP/1.1" status: 200 len: 193 time: 0.0065062
2026-07-09 00:29:30.772 10 INFO neutron.api.wsgi [None req-1fa43ea1-e4c3-4efb-a90f-42e5e9e27f7e 21194a289b77496faff67688a8fd7b4b f3cf2f2864f8488f9ee1f2769b181541 - - default default] 10.0.0.37 "GET /v2.0/networks HTTP/1.1" status: 200 len: 2349 time: 0.0509832
2026-07-09 00:29:30.802 10 INFO neutron.api.wsgi [None req-1dca073f-8aaf-47ca-b419-28bf73bd8438 21194a289b77496faff67688a8fd7b4b f3cf2f2864f8488f9ee1f2769b181541 - - default default] 10.0.0.37 "GET /v2.0/subnets HTTP/1.1" status: 200 len: 1484 time: 0.0266459
2026-07-09 00:29:30.837 10 INFO neutron.api.wsgi [None req-b33c215d-cbe9-4b9b-a636-5e5b6460f086 21194a289b77496faff67688a8fd7b4b f3cf2f2864f8488f9ee1f2769b181541 - - default default] 10.0.0.37 "GET /v2.0/agents HTTP/1.1" status: 200 len: 1390 time: 0.0338943
2026-07-09 00:29:30.853 10 INFO neutron.api.wsgi [None req-628ca07b-d044-4c8a-b417-cac99a5fabde 21194a289b77496faff67688a8fd7b4b f3cf2f2864f8488f9ee1f2769b181541 - - default default] 10.0.0.37 "GET /v2.0/routers HTTP/1.1" status: 200 len: 189 time: 0.0138650
2026-07-09 00:29:30.868 10 INFO neutron.api.wsgi [None req-59f40e0d-490e-4eea-9e42-3feb3aff8f60 21194a289b77496faff67688a8fd7b4b f3cf2f2864f8488f9ee1f2769b181541 - - default default] 10.0.0.37 "GET /v2.0/agents?binary=ovn-controller HTTP/1.1" status: 200 len: 591 time: 0.0142016
2026-07-09 00:29:31.493 10 INFO neutron.api.wsgi [-] 10.0.0.239 "GET / HTTP/1.1" status: 200 len: 247 time: 0.0025561
2026-07-09 00:29:31.496 10 INFO neutron.api.wsgi [-] 10.0.0.239 "GET / HTTP/1.1" status: 200 len: 247 time: 0.0018380
2026-07-09 00:29:46.492 10 INFO neutron.api.wsgi [-] 10.0.0.239 "GET / HTTP/1.1" status: 200 len: 247 time: 0.0019999
2026-07-09 00:29:46.493 9 INFO neutron.api.wsgi [-] 10.0.0.239 "GET / HTTP/1.1" status: 200 len: 247 time: 0.0021784
2026-07-09 00:30:01.491 10 INFO neutron.api.wsgi [-] 10.0.0.239 "GET / HTTP/1.1" status: 200 len: 247 time: 0.0018406
2026-07-09 00:30:01.493 9 INFO neutron.api.wsgi [-] 10.0.0.239 "GET / HTTP/1.1" status: 200 len: 247 time: 0.0024796
2026-07-09 00:30:16.493 10 INFO neutron.api.wsgi [-] 10.0.0.239 "GET / HTTP/1.1" status: 200 len: 247 time: 0.0027134
2026-07-09 00:30:16.496 10 INFO neutron.api.wsgi [-] 10.0.0.239 "GET / HTTP/1.1" status: 200 len: 247 time: 0.0017109
2026-07-09 00:30:30.569 10 INFO neutron.api.wsgi [None req-c430de31-549a-45a9-8d83-13fe4a1b6948 21194a289b77496faff67688a8fd7b4b f3cf2f2864f8488f9ee1f2769b181541 - - default default] 10.0.0.37 "GET /v2.0/floatingips HTTP/1.1" status: 200 len: 193 time: 0.0642617
2026-07-09 00:30:30.609 10 INFO neutron.api.wsgi [None req-c4ada371-1a2b-47b6-a6d8-617c777a063f 21194a289b77496faff67688a8fd7b4b f3cf2f2864f8488f9ee1f2769b181541 - - default default] 10.0.0.37 "GET /v2.0/ports HTTP/1.1" status: 200 len: 5347 time: 0.0398622
2026-07-09 00:30:30.654 10 INFO neutron.api.wsgi [None req-466640b1-3f34-4d13-a786-6ac7aea2741f 21194a289b77496faff67688a8fd7b4b f3cf2f2864f8488f9ee1f2769b181541 - - default default] 10.0.0.37 "GET /v2.0/security-groups HTTP/1.1" status: 200 len: 17574 time: 0.0377703
2026-07-09 00:30:30.695 10 INFO neutron.api.wsgi [None req-a68c4b1f-5e53-4f0e-b684-e7f314c207b7 21194a289b77496faff67688a8fd7b4b f3cf2f2864f8488f9ee1f2769b181541 - - default default] 10.0.0.37 "GET /v2.0/agents HTTP/1.1" status: 200 len: 1390 time: 0.0330505
2026-07-09 00:30:30.719 10 INFO neutron.api.wsgi [None req-7ab9c2e0-9853-4997-b2e3-d91d56c8adf3 21194a289b77496faff67688a8fd7b4b f3cf2f2864f8488f9ee1f2769b181541 - - default default] 10.0.0.37 "GET /v2.0/subnets HTTP/1.1" status: 200 len: 1484 time: 0.0225570
2026-07-09 00:30:30.728 10 INFO neutron.api.wsgi [None req-1b7a1b5e-eebb-4b27-86f8-a1ca85cd2937 21194a289b77496faff67688a8fd7b4b f3cf2f2864f8488f9ee1f2769b181541 - - default default] 10.0.0.37 "GET /v2.0/subnetpools HTTP/1.1" status: 200 len: 193 time: 0.0075383
2026-07-09 00:30:30.750 10 INFO neutron.api.wsgi [None req-6f946b5d-4c25-421b-864f-b2043b5cda08 21194a289b77496faff67688a8fd7b4b f3cf2f2864f8488f9ee1f2769b181541 - - default default] 10.0.0.37 "GET /v2.0/subnets HTTP/1.1" status: 200 len: 1484 time: 0.0219340
2026-07-09 00:30:30.844 10 INFO neutron.api.wsgi [None req-809ef8f3-cf50-4e5f-8e95-8bdf59f41f49 21194a289b77496faff67688a8fd7b4b f3cf2f2864f8488f9ee1f2769b181541 - - default default] 10.0.0.37 "GET /v2.0/networks HTTP/1.1" status: 200 len: 2349 time: 0.0921197
2026-07-09 00:30:30.862 10 INFO neutron.api.wsgi [None req-60e8ae32-e12f-4840-a6d3-468c90c45252 21194a289b77496faff67688a8fd7b4b f3cf2f2864f8488f9ee1f2769b181541 - - default default] 10.0.0.37 "GET /v2.0/routers HTTP/1.1" status: 200 len: 189 time: 0.0146639
2026-07-09 00:30:30.878 10 INFO neutron.api.wsgi [None req-c4233b7d-2e94-4c97-9f59-2c21c691092f 21194a289b77496faff67688a8fd7b4b f3cf2f2864f8488f9ee1f2769b181541 - - default default] 10.0.0.37 "GET /v2.0/agents?binary=ovn-controller HTTP/1.1" status: 200 len: 591 time: 0.0151646
2026-07-09 00:30:30.888 10 INFO neutron.api.wsgi [None req-b095b3cf-8091-4a07-8460-9a95fa7a4f35 21194a289b77496faff67688a8fd7b4b f3cf2f2864f8488f9ee1f2769b181541 - - default default] 10.0.0.37 "GET /v2.0/network-ip-availabilities HTTP/1.1" status: 200 len: 1280 time: 0.0089991
2026-07-09 00:30:31.491 9 INFO neutron.api.wsgi [-] 10.0.0.239 "GET / HTTP/1.1" status: 200 len: 247 time: 0.0015516
2026-07-09 00:30:31.493 9 INFO neutron.api.wsgi [-] 10.0.0.239 "GET / HTTP/1.1" status: 200 len: 247 time: 0.0013604
2026-07-09 00:30:46.492 10 INFO neutron.api.wsgi [-] 10.0.0.239 "GET / HTTP/1.1" status: 200 len: 247 time: 0.0017223
2026-07-09 00:30:46.493 9 INFO neutron.api.wsgi [-] 10.0.0.239 "GET / HTTP/1.1" status: 200 len: 247 time: 0.0027747
2026-07-09 00:31:01.492 9 INFO neutron.api.wsgi [-] 10.0.0.239 "GET / HTTP/1.1" status: 200 len: 247 time: 0.0022843
2026-07-09 00:31:01.495 9 INFO neutron.api.wsgi [-] 10.0.0.239 "GET / HTTP/1.1" status: 200 len: 247 time: 0.0021589
2026-07-09 00:31:16.492 9 INFO neutron.api.wsgi [-] 10.0.0.239 "GET / HTTP/1.1" status: 200 len: 247 time: 0.0019627
2026-07-09 00:31:16.494 10 INFO neutron.api.wsgi [-] 10.0.0.239 "GET / HTTP/1.1" status: 200 len: 247 time: 0.0028694
2026-07-09 00:31:30.682 10 INFO neutron.api.wsgi [None req-570cd82f-6703-4faa-92ab-606b80d81806 21194a289b77496faff67688a8fd7b4b f3cf2f2864f8488f9ee1f2769b181541 - - default default] 10.0.0.37 "GET /v2.0/networks HTTP/1.1" status: 200 len: 2349 time: 0.0984254
2026-07-09 00:31:30.711 10 INFO neutron.api.wsgi [None req-93ce11ec-30b7-4044-9943-00ab501f5920 21194a289b77496faff67688a8fd7b4b f3cf2f2864f8488f9ee1f2769b181541 - - default default] 10.0.0.37 "GET /v2.0/security-groups HTTP/1.1" status: 200 len: 17574 time: 0.0268233
2026-07-09 00:31:30.753 10 INFO neutron.api.wsgi [None req-3e00c430-6ff4-4c6f-9a9d-1e05bbd8e1e8 21194a289b77496faff67688a8fd7b4b f3cf2f2864f8488f9ee1f2769b181541 - - default default] 10.0.0.37 "GET /v2.0/ports HTTP/1.1" status: 200 len: 5347 time: 0.0368178
2026-07-09 00:31:30.773 10 INFO neutron.api.wsgi [None req-d7eddcd8-6188-47d3-811d-4458359dfed1 21194a289b77496faff67688a8fd7b4b f3cf2f2864f8488f9ee1f2769b181541 - - default default] 10.0.0.37 "GET /v2.0/routers HTTP/1.1" status: 200 len: 189 time: 0.0126479
2026-07-09 00:31:30.791 10 INFO neutron.api.wsgi [None req-e104c98c-a0cb-4ca3-8406-086ccf961fd0 21194a289b77496faff67688a8fd7b4b f3cf2f2864f8488f9ee1f2769b181541 - - default default] 10.0.0.37 "GET /v2.0/agents?binary=ovn-controller HTTP/1.1" status: 200 len: 591 time: 0.0175848
2026-07-09 00:31:30.810 10 INFO neutron.api.wsgi [None req-a8714789-5e81-471e-a882-9456704dec9d 21194a289b77496faff67688a8fd7b4b f3cf2f2864f8488f9ee1f2769b181541 - - default default] 10.0.0.37 "GET /v2.0/network-ip-availabilities HTTP/1.1" status: 200 len: 1280 time: 0.0176737
2026-07-09 00:31:30.830 10 INFO neutron.api.wsgi [None req-cab561a6-4faf-442a-9e4d-7837ece1b146 21194a289b77496faff67688a8fd7b4b f3cf2f2864f8488f9ee1f2769b181541 - - default default] 10.0.0.37 "GET /v2.0/subnets HTTP/1.1" status: 200 len: 1484 time: 0.0191278
2026-07-09 00:31:30.836 10 INFO neutron.api.wsgi [None req-5ab7f2fa-a79b-483f-bee6-dea55ab00d77 21194a289b77496faff67688a8fd7b4b f3cf2f2864f8488f9ee1f2769b181541 - - default default] 10.0.0.37 "GET /v2.0/subnetpools HTTP/1.1" status: 200 len: 193 time: 0.0055139
2026-07-09 00:31:30.844 10 INFO neutron.api.wsgi [None req-57dfc16f-8b33-4506-8d34-94d836ca2504 21194a289b77496faff67688a8fd7b4b f3cf2f2864f8488f9ee1f2769b181541 - - default default] 10.0.0.37 "GET /v2.0/agents HTTP/1.1" status: 200 len: 1390 time: 0.0065651
2026-07-09 00:31:30.855 10 INFO neutron.api.wsgi [None req-3198df57-62be-4688-9d1d-75b6ced99361 21194a289b77496faff67688a8fd7b4b f3cf2f2864f8488f9ee1f2769b181541 - - default default] 10.0.0.37 "GET /v2.0/floatingips HTTP/1.1" status: 200 len: 193 time: 0.0106866
2026-07-09 00:31:30.875 10 INFO neutron.api.wsgi [None req-652b5bd5-8602-475e-afd8-002f498cf651 21194a289b77496faff67688a8fd7b4b f3cf2f2864f8488f9ee1f2769b181541 - - default default] 10.0.0.37 "GET /v2.0/subnets HTTP/1.1" status: 200 len: 1484 time: 0.0191216
2026-07-09 00:31:31.492 10 INFO neutron.api.wsgi [-] 10.0.0.239 "GET / HTTP/1.1" status: 200 len: 247 time: 0.0016613
2026-07-09 00:31:31.493 9 INFO neutron.api.wsgi [-] 10.0.0.239 "GET / HTTP/1.1" status: 200 len: 247 time: 0.0031610
2026-07-09 00:31:46.493 10 INFO neutron.api.wsgi [-] 10.0.0.239 "GET / HTTP/1.1" status: 200 len: 247 time: 0.0026019
2026-07-09 00:31:46.494 9 INFO neutron.api.wsgi [-] 10.0.0.239 "GET / HTTP/1.1" status: 200 len: 247 time: 0.0035088
2026-07-09 00:32:01.492 10 INFO neutron.api.wsgi [-] 10.0.0.239 "GET / HTTP/1.1" status: 200 len: 247 time: 0.0025661
2026-07-09 00:32:01.494 10 INFO neutron.api.wsgi [-] 10.0.0.239 "GET / HTTP/1.1" status: 200 len: 247 time: 0.0014997
2026-07-09 00:32:16.492 10 INFO neutron.api.wsgi [-] 10.0.0.239 "GET / HTTP/1.1" status: 200 len: 247 time: 0.0017321
2026-07-09 00:32:16.493 10 INFO neutron.api.wsgi [-] 10.0.0.239 "GET / HTTP/1.1" status: 200 len: 247 time: 0.0010405
2026-07-09 00:32:30.579 10 INFO neutron.api.wsgi [None req-adedefa0-b44f-48ab-851d-941b83ad6d0e 21194a289b77496faff67688a8fd7b4b f3cf2f2864f8488f9ee1f2769b181541 - - default default] 10.0.0.37 "GET /v2.0/agents HTTP/1.1" status: 200 len: 1390 time: 0.0781209
2026-07-09 00:32:30.618 10 INFO neutron.api.wsgi [None req-1ffadfce-d957-4532-8d20-d99ee27ba7e9 21194a289b77496faff67688a8fd7b4b f3cf2f2864f8488f9ee1f2769b181541 - - default default] 10.0.0.37 "GET /v2.0/subnets HTTP/1.1" status: 200 len: 1484 time: 0.0376577
2026-07-09 00:32:30.627 10 INFO neutron.api.wsgi [None req-d85a897f-0031-4750-b68e-e51240296dc5 21194a289b77496faff67688a8fd7b4b f3cf2f2864f8488f9ee1f2769b181541 - - default default] 10.0.0.37 "GET /v2.0/subnetpools HTTP/1.1" status: 200 len: 193 time: 0.0079305
2026-07-09 00:32:30.660 10 INFO neutron.api.wsgi [None req-e54dca72-a450-45cf-b69d-36e223d9939b 21194a289b77496faff67688a8fd7b4b f3cf2f2864f8488f9ee1f2769b181541 - - default default] 10.0.0.37 "GET /v2.0/security-groups HTTP/1.1" status: 200 len: 17574 time: 0.0317421
2026-07-09 00:32:30.697 10 INFO neutron.api.wsgi [None req-35d1d363-21a6-4a17-958c-45c143a0c0bf 21194a289b77496faff67688a8fd7b4b f3cf2f2864f8488f9ee1f2769b181541 - - default default] 10.0.0.37 "GET /v2.0/ports HTTP/1.1" status: 200 len: 5347 time: 0.0317848
2026-07-09 00:32:30.719 10 INFO neutron.api.wsgi [None req-d337eb5a-ba09-4061-a499-a51935429923 21194a289b77496faff67688a8fd7b4b f3cf2f2864f8488f9ee1f2769b181541 - - default default] 10.0.0.37 "GET /v2.0/routers HTTP/1.1" status: 200 len: 189 time: 0.0155559
2026-07-09 00:32:30.727 10 INFO neutron.api.wsgi [None req-b8506924-f045-4618-9be9-79b3bdbfa9f1 21194a289b77496faff67688a8fd7b4b f3cf2f2864f8488f9ee1f2769b181541 - - default default] 10.0.0.37 "GET /v2.0/agents?binary=ovn-controller HTTP/1.1" status: 200 len: 591 time: 0.0075316
2026-07-09 00:32:30.737 10 INFO neutron.api.wsgi [None req-5076f8c6-1b82-484b-a486-a43b7662af40 21194a289b77496faff67688a8fd7b4b f3cf2f2864f8488f9ee1f2769b181541 - - default default] 10.0.0.37 "GET /v2.0/network-ip-availabilities HTTP/1.1" status: 200 len: 1280 time: 0.0089903
2026-07-09 00:32:30.762 10 INFO neutron.api.wsgi [None req-c4dd5138-8157-432a-87cd-e753a76aa4e7 21194a289b77496faff67688a8fd7b4b f3cf2f2864f8488f9ee1f2769b181541 - - default default] 10.0.0.37 "GET /v2.0/floatingips HTTP/1.1" status: 200 len: 193 time: 0.0247719
2026-07-09 00:32:30.819 10 INFO neutron.api.wsgi [None req-d005f2a0-713a-4e35-a764-31ff193eef3b 21194a289b77496faff67688a8fd7b4b f3cf2f2864f8488f9ee1f2769b181541 - - default default] 10.0.0.37 "GET /v2.0/networks HTTP/1.1" status: 200 len: 2349 time: 0.0558577
