2026-07-09 00:41:05.076 10 INFO neutron.api.wsgi [None req-13f2fff7-7bf9-41fc-8365-215907b90b68 21194a289b77496faff67688a8fd7b4b f3cf2f2864f8488f9ee1f2769b181541 - - default default] 199.204.45.77,10.0.0.239 "GET /v2.0/security-groups/42e05ee7-6fb1-4d09-8b17-0e4f10d42e66?project_id=3d76cb75425c4c7789b8ea7099232f05 HTTP/1.1" status: 200 len: 4251 time: 0.0556362
2026-07-09 00:41:05.109 10 INFO neutron.api.wsgi [None req-54e0ce53-669a-4b13-a079-284f14e80303 21194a289b77496faff67688a8fd7b4b f3cf2f2864f8488f9ee1f2769b181541 - - default default] 199.204.45.77,10.0.0.239 "GET /v2.0/security-groups/42e05ee7-6fb1-4d09-8b17-0e4f10d42e66 HTTP/1.1" status: 200 len: 4251 time: 0.0289776
2026-07-09 00:41:05.132 10 INFO neutron.api.wsgi [None req-570171e6-c510-4b5f-bc44-3ade4fd2e5cb 21194a289b77496faff67688a8fd7b4b f3cf2f2864f8488f9ee1f2769b181541 - - default default] 199.204.45.77,10.0.0.239 "GET /v2.0/security-group-rules/1dea9bd2-6132-4dec-bda0-c98a45cb9d8e HTTP/1.1" status: 200 len: 772 time: 0.0180902
2026-07-09 00:41:06.099 10 INFO neutron.api.wsgi [None req-eb9e1b50-b15a-445e-b84b-8d786e1c9bfe 21194a289b77496faff67688a8fd7b4b f3cf2f2864f8488f9ee1f2769b181541 - - default default] 199.204.45.77,10.0.0.239 "GET /v2.0/security-groups/42e05ee7-6fb1-4d09-8b17-0e4f10d42e66?project_id=3d76cb75425c4c7789b8ea7099232f05 HTTP/1.1" status: 200 len: 4251 time: 0.0551424
2026-07-09 00:41:06.145 10 INFO neutron.api.wsgi [None req-1995617e-5aa3-4a04-bf9c-3bc14f14e5c6 21194a289b77496faff67688a8fd7b4b f3cf2f2864f8488f9ee1f2769b181541 - - default default] 199.204.45.77,10.0.0.239 "GET /v2.0/security-groups/42e05ee7-6fb1-4d09-8b17-0e4f10d42e66 HTTP/1.1" status: 200 len: 4251 time: 0.0376606
2026-07-09 00:41:06.175 10 INFO neutron.api.wsgi [None req-fb0399bf-cf6d-4122-896e-200b39846e5a 21194a289b77496faff67688a8fd7b4b f3cf2f2864f8488f9ee1f2769b181541 - - default default] 199.204.45.77,10.0.0.239 "GET /v2.0/security-group-rules/ee82b874-dddf-481d-a83b-2f80eb462bd7 HTTP/1.1" status: 200 len: 774 time: 0.0235231
2026-07-09 00:41:07.151 10 INFO neutron.api.wsgi [None req-b02545e9-38bf-45b7-884d-33977225eaaa 21194a289b77496faff67688a8fd7b4b f3cf2f2864f8488f9ee1f2769b181541 - - default default] 199.204.45.77,10.0.0.239 "GET /v2.0/security-groups/42e05ee7-6fb1-4d09-8b17-0e4f10d42e66?project_id=3d76cb75425c4c7789b8ea7099232f05 HTTP/1.1" status: 200 len: 4251 time: 0.0669439
2026-07-09 00:41:07.194 10 INFO neutron.api.wsgi [None req-fd438611-9633-41be-865e-bff1d39bc973 21194a289b77496faff67688a8fd7b4b f3cf2f2864f8488f9ee1f2769b181541 - - default default] 199.204.45.77,10.0.0.239 "GET /v2.0/security-groups/42e05ee7-6fb1-4d09-8b17-0e4f10d42e66 HTTP/1.1" status: 200 len: 4251 time: 0.0361228
2026-07-09 00:41:07.215 10 INFO neutron.api.wsgi [None req-4149662d-a044-4f23-a50a-49189af5cff5 21194a289b77496faff67688a8fd7b4b f3cf2f2864f8488f9ee1f2769b181541 - - default default] 199.204.45.77,10.0.0.239 "GET /v2.0/security-group-rules/0011dd4b-ba7a-4367-a4f1-e39cdc157b13 HTTP/1.1" status: 200 len: 776 time: 0.0144584
2026-07-09 00:41:08.231 10 INFO neutron.api.wsgi [None req-d394148e-d1cd-4f08-bb78-9d663d253d49 21194a289b77496faff67688a8fd7b4b f3cf2f2864f8488f9ee1f2769b181541 - - default default] 199.204.45.77,10.0.0.239 "GET /v2.0/security-groups/42e05ee7-6fb1-4d09-8b17-0e4f10d42e66?project_id=3d76cb75425c4c7789b8ea7099232f05 HTTP/1.1" status: 200 len: 4251 time: 0.0871944
2026-07-09 00:41:08.261 10 INFO neutron.api.wsgi [None req-2cfd2932-b8b2-4f95-8c26-a07d490e998e 21194a289b77496faff67688a8fd7b4b f3cf2f2864f8488f9ee1f2769b181541 - - default default] 199.204.45.77,10.0.0.239 "GET /v2.0/security-groups/42e05ee7-6fb1-4d09-8b17-0e4f10d42e66 HTTP/1.1" status: 200 len: 4251 time: 0.0252445
2026-07-09 00:41:08.281 10 INFO neutron.api.wsgi [None req-e60ae32b-0abf-44f5-9716-b36c4c30468f 21194a289b77496faff67688a8fd7b4b f3cf2f2864f8488f9ee1f2769b181541 - - default default] 199.204.45.77,10.0.0.239 "GET /v2.0/security-group-rules/64957c1e-c3ca-42b5-bdc6-87493f1e06bc HTTP/1.1" status: 200 len: 777 time: 0.0144274
2026-07-09 00:41:16.186 10 INFO neutron.api.wsgi [None req-1537ebc4-7805-41d0-a5c4-9c065eff2618 21194a289b77496faff67688a8fd7b4b f3cf2f2864f8488f9ee1f2769b181541 - - default default] 199.204.45.77,10.0.0.239 "GET /v2.0/quotas/3d76cb75425c4c7789b8ea7099232f05 HTTP/1.1" status: 200 len: 466 time: 0.0077078
2026-07-09 00:41:16.493 10 INFO neutron.api.wsgi [-] 10.0.0.239 "GET / HTTP/1.1" status: 200 len: 247 time: 0.0025995
2026-07-09 00:41:16.493 9 INFO neutron.api.wsgi [-] 10.0.0.239 "GET / HTTP/1.1" status: 200 len: 247 time: 0.0025885
2026-07-09 00:41:30.604 10 INFO neutron.api.wsgi [None req-bf16bf16-134c-4235-9c7c-9ab20a4874c5 21194a289b77496faff67688a8fd7b4b f3cf2f2864f8488f9ee1f2769b181541 - - default default] 10.0.0.37 "GET /v2.0/subnets HTTP/1.1" status: 200 len: 1484 time: 0.0763347
2026-07-09 00:41:30.620 10 INFO neutron.api.wsgi [None req-0f1bb2b3-611e-45f0-88cf-db0f63a3c4ac 21194a289b77496faff67688a8fd7b4b f3cf2f2864f8488f9ee1f2769b181541 - - default default] 10.0.0.37 "GET /v2.0/subnetpools HTTP/1.1" status: 200 len: 193 time: 0.0113032
2026-07-09 00:41:30.634 10 INFO neutron.api.wsgi [None req-ba0c91b9-1bdb-4733-8f47-d6bd60a2b57a 21194a289b77496faff67688a8fd7b4b f3cf2f2864f8488f9ee1f2769b181541 - - default default] 10.0.0.37 "GET /v2.0/routers HTTP/1.1" status: 200 len: 189 time: 0.0118537
2026-07-09 00:41:30.654 10 INFO neutron.api.wsgi [None req-ffe7cef4-bfff-48af-b950-08e1e9e39dba 21194a289b77496faff67688a8fd7b4b f3cf2f2864f8488f9ee1f2769b181541 - - default default] 10.0.0.37 "GET /v2.0/agents?binary=ovn-controller HTTP/1.1" status: 200 len: 591 time: 0.0198064
2026-07-09 00:41:30.665 10 INFO neutron.api.wsgi [None req-f7e05c71-951d-42a8-9437-e0ce59a093b3 21194a289b77496faff67688a8fd7b4b f3cf2f2864f8488f9ee1f2769b181541 - - default default] 10.0.0.37 "GET /v2.0/agents HTTP/1.1" status: 200 len: 1390 time: 0.0079184
2026-07-09 00:41:30.675 10 INFO neutron.api.wsgi [None req-59731f73-bfe8-4fe0-bb4a-1c22df6c5c58 21194a289b77496faff67688a8fd7b4b f3cf2f2864f8488f9ee1f2769b181541 - - default default] 10.0.0.37 "GET /v2.0/network-ip-availabilities HTTP/1.1" status: 200 len: 1280 time: 0.0086124
2026-07-09 00:41:30.711 10 INFO neutron.api.wsgi [None req-4a914a78-d864-4ac7-83bd-bb4106b3f603 21194a289b77496faff67688a8fd7b4b f3cf2f2864f8488f9ee1f2769b181541 - - default default] 10.0.0.37 "GET /v2.0/networks HTTP/1.1" status: 200 len: 2349 time: 0.0352545
2026-07-09 00:41:30.782 10 INFO neutron.api.wsgi [None req-199871b5-ee25-4d62-8eb6-9723bbc33ad3 21194a289b77496faff67688a8fd7b4b f3cf2f2864f8488f9ee1f2769b181541 - - default default] 10.0.0.37 "GET /v2.0/subnets HTTP/1.1" status: 200 len: 1484 time: 0.0701141
2026-07-09 00:41:30.823 10 INFO neutron.api.wsgi [None req-2a6f8b33-33bc-4ea1-ae49-9caef52b7cbb 21194a289b77496faff67688a8fd7b4b f3cf2f2864f8488f9ee1f2769b181541 - - default default] 10.0.0.37 "GET /v2.0/ports HTTP/1.1" status: 200 len: 5347 time: 0.0375607
2026-07-09 00:41:30.849 10 INFO neutron.api.wsgi [None req-44210a6b-fa6a-422a-9457-3a6edcec5125 21194a289b77496faff67688a8fd7b4b f3cf2f2864f8488f9ee1f2769b181541 - - default default] 10.0.0.37 "GET /v2.0/floatingips HTTP/1.1" status: 200 len: 193 time: 0.0235515
2026-07-09 00:41:30.892 10 INFO neutron.api.wsgi [None req-e5d70b09-87e1-4522-9649-512344d1a46f 21194a289b77496faff67688a8fd7b4b f3cf2f2864f8488f9ee1f2769b181541 - - default default] 10.0.0.37 "GET /v2.0/security-groups HTTP/1.1" status: 200 len: 17574 time: 0.0411749
2026-07-09 00:41:31.493 10 INFO neutron.api.wsgi [-] 10.0.0.239 "GET / HTTP/1.1" status: 200 len: 247 time: 0.0031037
2026-07-09 00:41:31.495 10 INFO neutron.api.wsgi [-] 10.0.0.239 "GET / HTTP/1.1" status: 200 len: 247 time: 0.0012720
2026-07-09 00:41:46.492 9 INFO neutron.api.wsgi [-] 10.0.0.239 "GET / HTTP/1.1" status: 200 len: 247 time: 0.0015407
2026-07-09 00:41:46.493 10 INFO neutron.api.wsgi [-] 10.0.0.239 "GET / HTTP/1.1" status: 200 len: 247 time: 0.0028396
2026-07-09 00:42:01.493 10 INFO neutron.api.wsgi [-] 10.0.0.239 "GET / HTTP/1.1" status: 200 len: 247 time: 0.0024762
2026-07-09 00:42:01.494 9 INFO neutron.api.wsgi [-] 10.0.0.239 "GET / HTTP/1.1" status: 200 len: 247 time: 0.0030057
2026-07-09 00:42:12.842 9 INFO neutron.api.wsgi [None req-e6607fb5-cdf2-4430-aab6-328ff9be9c99 21194a289b77496faff67688a8fd7b4b f3cf2f2864f8488f9ee1f2769b181541 - - default default] 199.204.45.77,10.0.0.239 "GET /v2.0/networks?name=public HTTP/1.1" status: 200 len: 928 time: 0.0952127
2026-07-09 00:42:16.492 9 INFO neutron.api.wsgi [-] 10.0.0.239 "GET / HTTP/1.1" status: 200 len: 247 time: 0.0018435
2026-07-09 00:42:16.493 10 INFO neutron.api.wsgi [-] 10.0.0.239 "GET / HTTP/1.1" status: 200 len: 247 time: 0.0028436
2026-07-09 00:42:30.583 10 INFO neutron.api.wsgi [None req-737187dc-d948-41a3-8a11-dcbe4b93c8f3 21194a289b77496faff67688a8fd7b4b f3cf2f2864f8488f9ee1f2769b181541 - - default default] 10.0.0.37 "GET /v2.0/subnets HTTP/1.1" status: 200 len: 1484 time: 0.0893440
2026-07-09 00:42:30.621 10 INFO neutron.api.wsgi [None req-1db95bb5-90cc-4dba-a5b6-70b6f35faab8 21194a289b77496faff67688a8fd7b4b f3cf2f2864f8488f9ee1f2769b181541 - - default default] 10.0.0.37 "GET /v2.0/ports HTTP/1.1" status: 200 len: 5347 time: 0.0358214
2026-07-09 00:42:30.724 10 INFO neutron.api.wsgi [None req-f1c5e2c8-8e98-404b-aebc-ca98efabe3f4 21194a289b77496faff67688a8fd7b4b f3cf2f2864f8488f9ee1f2769b181541 - - default default] 10.0.0.37 "GET /v2.0/agents HTTP/1.1" status: 200 len: 1390 time: 0.0979326
2026-07-09 00:42:30.738 10 INFO neutron.api.wsgi [None req-eca5e99c-99aa-4fdc-ba8c-5376c04fc7b8 21194a289b77496faff67688a8fd7b4b f3cf2f2864f8488f9ee1f2769b181541 - - default default] 10.0.0.37 "GET /v2.0/floatingips HTTP/1.1" status: 200 len: 193 time: 0.0129566
2026-07-09 00:42:30.767 10 INFO neutron.api.wsgi [None req-b9ed091e-52f7-49ec-abb9-570cb2b41018 21194a289b77496faff67688a8fd7b4b f3cf2f2864f8488f9ee1f2769b181541 - - default default] 10.0.0.37 "GET /v2.0/security-groups HTTP/1.1" status: 200 len: 17574 time: 0.0275505
2026-07-09 00:42:30.810 10 INFO neutron.api.wsgi [None req-69ed7dff-9627-41da-8950-8b754f637d6b 21194a289b77496faff67688a8fd7b4b f3cf2f2864f8488f9ee1f2769b181541 - - default default] 10.0.0.37 "GET /v2.0/networks HTTP/1.1" status: 200 len: 2349 time: 0.0392053
2026-07-09 00:42:30.827 10 INFO neutron.api.wsgi [None req-299a9024-19db-4142-8320-e938bdeeabe4 21194a289b77496faff67688a8fd7b4b f3cf2f2864f8488f9ee1f2769b181541 - - default default] 10.0.0.37 "GET /v2.0/routers HTTP/1.1" status: 200 len: 189 time: 0.0140023
2026-07-09 00:42:30.835 10 INFO neutron.api.wsgi [None req-6f4d0a92-680a-4d21-b6b2-4479cfffda34 21194a289b77496faff67688a8fd7b4b f3cf2f2864f8488f9ee1f2769b181541 - - default default] 10.0.0.37 "GET /v2.0/agents?binary=ovn-controller HTTP/1.1" status: 200 len: 591 time: 0.0078802
2026-07-09 00:42:30.843 10 INFO neutron.api.wsgi [None req-b3c2f61d-e6e2-4cdb-9787-8613c2f357b9 21194a289b77496faff67688a8fd7b4b f3cf2f2864f8488f9ee1f2769b181541 - - default default] 10.0.0.37 "GET /v2.0/network-ip-availabilities HTTP/1.1" status: 200 len: 1280 time: 0.0076470
2026-07-09 00:42:30.865 10 INFO neutron.api.wsgi [None req-9ade6175-488c-444c-81c7-45f0b842f61c 21194a289b77496faff67688a8fd7b4b f3cf2f2864f8488f9ee1f2769b181541 - - default default] 10.0.0.37 "GET /v2.0/subnets HTTP/1.1" status: 200 len: 1484 time: 0.0209637
2026-07-09 00:42:30.871 10 INFO neutron.api.wsgi [None req-30436544-e65f-454c-9907-aab2cd75f58e 21194a289b77496faff67688a8fd7b4b f3cf2f2864f8488f9ee1f2769b181541 - - default default] 10.0.0.37 "GET /v2.0/subnetpools HTTP/1.1" status: 200 len: 193 time: 0.0049098
2026-07-09 00:42:31.494 9 INFO neutron.api.wsgi [-] 10.0.0.239 "GET / HTTP/1.1" status: 200 len: 247 time: 0.0024643
2026-07-09 00:42:31.494 10 INFO neutron.api.wsgi [-] 10.0.0.239 "GET / HTTP/1.1" status: 200 len: 247 time: 0.0029457
2026-07-09 00:42:46.493 10 INFO neutron.api.wsgi [-] 10.0.0.239 "GET / HTTP/1.1" status: 200 len: 247 time: 0.0025151
2026-07-09 00:42:46.495 9 INFO neutron.api.wsgi [-] 10.0.0.239 "GET / HTTP/1.1" status: 200 len: 247 time: 0.0044320
2026-07-09 00:42:53.850 9 INFO neutron.api.wsgi [None req-8a66f416-81e6-411a-9c24-e0888428d63a 21194a289b77496faff67688a8fd7b4b f3cf2f2864f8488f9ee1f2769b181541 - - default default] 10.0.0.38 "GET /v2.0/networks HTTP/1.1" status: 200 len: 2368 time: 0.1632979
2026-07-09 00:42:54.980 9 INFO neutron.api.wsgi [None req-9748cfaa-2fd5-4d5c-8293-b0a83660cf95 21194a289b77496faff67688a8fd7b4b f3cf2f2864f8488f9ee1f2769b181541 - - default default] 10.0.0.38 "GET /v2.0/floatingips HTTP/1.1" status: 200 len: 212 time: 0.0312140
2026-07-09 00:42:55.080 9 INFO neutron.api.wsgi [None req-49c720a2-588f-4515-bfd9-fbf2a8ff04d6 21194a289b77496faff67688a8fd7b4b f3cf2f2864f8488f9ee1f2769b181541 - - default default] 10.0.0.38 "GET /v2.0/routers HTTP/1.1" status: 200 len: 208 time: 0.0955346
2026-07-09 00:42:55.122 9 INFO neutron.api.wsgi [None req-2bb72b45-da38-4220-bf13-194747bed2aa 21194a289b77496faff67688a8fd7b4b f3cf2f2864f8488f9ee1f2769b181541 - - default default] 10.0.0.38 "GET /v2.0/ports HTTP/1.1" status: 200 len: 5366 time: 0.0364277
2026-07-09 00:42:55.165 9 INFO neutron.api.wsgi [None req-255808fa-6573-4b7d-a0c0-b8764e932c31 21194a289b77496faff67688a8fd7b4b f3cf2f2864f8488f9ee1f2769b181541 - - default default] 10.0.0.38 "GET /v2.0/subnets HTTP/1.1" status: 200 len: 1503 time: 0.0390460
2026-07-09 00:42:55.238 10 INFO neutron.api.wsgi [None req-1c34c410-bf64-4617-94e3-2447ce5a52c5 21194a289b77496faff67688a8fd7b4b f3cf2f2864f8488f9ee1f2769b181541 - - default default] 10.0.0.38 "GET /v2.0/networks HTTP/1.1" status: 200 len: 2368 time: 0.0656662
2026-07-09 00:42:55.288 10 INFO neutron.api.wsgi [None req-6f3e88de-485c-4eb7-8a1b-6f17899b5f1a 21194a289b77496faff67688a8fd7b4b f3cf2f2864f8488f9ee1f2769b181541 - - default default] 10.0.0.38 "GET /v2.0/security-groups HTTP/1.1" status: 200 len: 17593 time: 0.0431015
2026-07-09 00:42:55.302 10 INFO neutron.api.wsgi [None req-f80a5135-156f-492e-9c45-9947aa54e5ca 21194a289b77496faff67688a8fd7b4b f3cf2f2864f8488f9ee1f2769b181541 - - default default] 10.0.0.38 "GET /v2.0/subnetpools HTTP/1.1" status: 200 len: 212 time: 0.0091612
2026-07-09 00:43:01.492 9 INFO neutron.api.wsgi [-] 10.0.0.239 "GET / HTTP/1.1" status: 200 len: 247 time: 0.0018160
2026-07-09 00:43:01.494 10 INFO neutron.api.wsgi [-] 10.0.0.239 "GET / HTTP/1.1" status: 200 len: 247 time: 0.0027790
2026-07-09 00:43:07.053 10 INFO neutron.db.ovn_revision_numbers_db [None req-2068c2fd-bba7-42ef-812a-8ef03ab02cfe 21194a289b77496faff67688a8fd7b4b f3cf2f2864f8488f9ee1f2769b181541 - - default default] Successfully bumped revision number for resource 3eb9f06f-3333-4f71-a5ff-efb752435d1e (type: security_groups) to 1
2026-07-09 00:43:07.065 10 INFO neutron.db.ovn_revision_numbers_db [None req-2068c2fd-bba7-42ef-812a-8ef03ab02cfe 21194a289b77496faff67688a8fd7b4b f3cf2f2864f8488f9ee1f2769b181541 - - default default] Successfully bumped revision number for resource 386b5e3b-a8fc-4ccd-98ee-ba3d7f7ffec6 (type: security_group_rules) to 0
2026-07-09 00:43:07.074 10 INFO neutron.db.ovn_revision_numbers_db [None req-2068c2fd-bba7-42ef-812a-8ef03ab02cfe 21194a289b77496faff67688a8fd7b4b f3cf2f2864f8488f9ee1f2769b181541 - - default default] Successfully bumped revision number for resource 5388f2cf-411f-4407-8f0e-bab28b307ff7 (type: security_group_rules) to 0
2026-07-09 00:43:07.086 10 INFO neutron.db.ovn_revision_numbers_db [None req-2068c2fd-bba7-42ef-812a-8ef03ab02cfe 21194a289b77496faff67688a8fd7b4b f3cf2f2864f8488f9ee1f2769b181541 - - default default] Successfully bumped revision number for resource e30674cd-a29c-46ef-9dae-763cfba001b8 (type: security_group_rules) to 0
2026-07-09 00:43:07.107 10 INFO neutron.db.ovn_revision_numbers_db [None req-2068c2fd-bba7-42ef-812a-8ef03ab02cfe 21194a289b77496faff67688a8fd7b4b f3cf2f2864f8488f9ee1f2769b181541 - - default default] Successfully bumped revision number for resource ffeed6d0-5d4d-4bdf-b467-f57e2fbfe9b2 (type: security_group_rules) to 0
2026-07-09 00:43:07.176 9 INFO neutron.db.ovn_revision_numbers_db [None req-94f0e92d-22e8-4030-ae87-41de8c9c93ec 21194a289b77496faff67688a8fd7b4b f3cf2f2864f8488f9ee1f2769b181541 - - default default] Successfully bumped revision number for resource d9cc27de-079d-4537-9565-3b4297eebcdc (type: security_groups) to 1
2026-07-09 00:43:07.202 9 INFO neutron.db.ovn_revision_numbers_db [None req-94f0e92d-22e8-4030-ae87-41de8c9c93ec 21194a289b77496faff67688a8fd7b4b f3cf2f2864f8488f9ee1f2769b181541 - - default default] Successfully bumped revision number for resource 24e02cf3-735a-43f6-b819-c1b8a7b2f81d (type: security_group_rules) to 0
2026-07-09 00:43:07.217 9 INFO neutron.db.ovn_revision_numbers_db [None req-445c4d96-3da0-4534-8e1e-79fb7ff54fa0 21194a289b77496faff67688a8fd7b4b f3cf2f2864f8488f9ee1f2769b181541 - - default default] Successfully bumped revision number for resource 3827755a-a114-4ca0-a3c1-f49c6a6f75e1 (type: security_groups) to 1
2026-07-09 00:43:07.227 9 INFO neutron.db.ovn_revision_numbers_db [None req-94f0e92d-22e8-4030-ae87-41de8c9c93ec 21194a289b77496faff67688a8fd7b4b f3cf2f2864f8488f9ee1f2769b181541 - - default default] Successfully bumped revision number for resource 3f1565ae-6c58-4fb4-8a51-ca4035891f9c (type: security_group_rules) to 0
2026-07-09 00:43:07.232 9 INFO neutron.db.ovn_revision_numbers_db [None req-445c4d96-3da0-4534-8e1e-79fb7ff54fa0 21194a289b77496faff67688a8fd7b4b f3cf2f2864f8488f9ee1f2769b181541 - - default default] Successfully bumped revision number for resource 0e2348ec-a863-4f44-990d-f4fe82c995e4 (type: security_group_rules) to 0
2026-07-09 00:43:07.234 10 INFO neutron.db.segments_db [None req-2068c2fd-bba7-42ef-812a-8ef03ab02cfe 21194a289b77496faff67688a8fd7b4b f3cf2f2864f8488f9ee1f2769b181541 - - default default] Added segment ba97f329-8960-4024-b453-8bff865cbe84 of type geneve for network 83f8e547-db66-4919-88a3-80d617f2d8a8
2026-07-09 00:43:07.244 9 INFO neutron.db.ovn_revision_numbers_db [None req-94f0e92d-22e8-4030-ae87-41de8c9c93ec 21194a289b77496faff67688a8fd7b4b f3cf2f2864f8488f9ee1f2769b181541 - - default default] Successfully bumped revision number for resource 4c494511-36fa-4a34-b381-59841519d4b6 (type: security_group_rules) to 0
2026-07-09 00:43:07.250 9 INFO neutron.db.ovn_revision_numbers_db [None req-445c4d96-3da0-4534-8e1e-79fb7ff54fa0 21194a289b77496faff67688a8fd7b4b f3cf2f2864f8488f9ee1f2769b181541 - - default default] Successfully bumped revision number for resource 5ba76b81-87ab-429d-b3fd-360c006dc928 (type: security_group_rules) to 0
2026-07-09 00:43:07.257 9 INFO neutron.db.ovn_revision_numbers_db [None req-94f0e92d-22e8-4030-ae87-41de8c9c93ec 21194a289b77496faff67688a8fd7b4b f3cf2f2864f8488f9ee1f2769b181541 - - default default] Successfully bumped revision number for resource 8c699958-2646-43db-8cd1-ca881895b302 (type: security_group_rules) to 0
2026-07-09 00:43:07.270 9 INFO neutron.db.ovn_revision_numbers_db [None req-445c4d96-3da0-4534-8e1e-79fb7ff54fa0 21194a289b77496faff67688a8fd7b4b f3cf2f2864f8488f9ee1f2769b181541 - - default default] Successfully bumped revision number for resource 8a42b8f7-0cd0-4281-b721-d52d1c3fdfdf (type: security_group_rules) to 0
2026-07-09 00:43:07.287 9 INFO neutron.db.ovn_revision_numbers_db [None req-445c4d96-3da0-4534-8e1e-79fb7ff54fa0 21194a289b77496faff67688a8fd7b4b f3cf2f2864f8488f9ee1f2769b181541 - - default default] Successfully bumped revision number for resource dee14517-0faf-4f05-b6c0-4084feaa5ed4 (type: security_group_rules) to 0
2026-07-09 00:43:07.346 9 INFO neutron.db.segments_db [None req-94f0e92d-22e8-4030-ae87-41de8c9c93ec 21194a289b77496faff67688a8fd7b4b f3cf2f2864f8488f9ee1f2769b181541 - - default default] Added segment c1f674d9-9f73-4d4e-945d-04262262cb88 of type geneve for network 82d79694-c05e-4d4f-a669-1db7b48ad242
2026-07-09 00:43:07.389 9 INFO neutron.db.segments_db [None req-445c4d96-3da0-4534-8e1e-79fb7ff54fa0 21194a289b77496faff67688a8fd7b4b f3cf2f2864f8488f9ee1f2769b181541 - - default default] Added segment c23536ba-b1b6-4cef-99a3-ee7101f240c1 of type geneve for network fe14f5f7-73d1-4d95-a87b-df92e88d5d56
2026-07-09 00:43:07.411 10 INFO neutron.db.ovn_revision_numbers_db [None req-2068c2fd-bba7-42ef-812a-8ef03ab02cfe 21194a289b77496faff67688a8fd7b4b f3cf2f2864f8488f9ee1f2769b181541 - - default default] Successfully bumped revision number for resource 83f8e547-db66-4919-88a3-80d617f2d8a8 (type: networks) to 1
2026-07-09 00:43:07.501 9 INFO neutron.db.ovn_revision_numbers_db [None req-94f0e92d-22e8-4030-ae87-41de8c9c93ec 21194a289b77496faff67688a8fd7b4b f3cf2f2864f8488f9ee1f2769b181541 - - default default] Successfully bumped revision number for resource 82d79694-c05e-4d4f-a669-1db7b48ad242 (type: networks) to 1
2026-07-09 00:43:07.540 9 INFO neutron.db.ovn_revision_numbers_db [None req-445c4d96-3da0-4534-8e1e-79fb7ff54fa0 21194a289b77496faff67688a8fd7b4b f3cf2f2864f8488f9ee1f2769b181541 - - default default] Successfully bumped revision number for resource fe14f5f7-73d1-4d95-a87b-df92e88d5d56 (type: networks) to 1
2026-07-09 00:43:07.591 10 WARNING neutron.scheduler.dhcp_agent_scheduler [None req-2068c2fd-bba7-42ef-812a-8ef03ab02cfe 21194a289b77496faff67688a8fd7b4b f3cf2f2864f8488f9ee1f2769b181541 - - default default] No more DHCP agents
2026-07-09 00:43:07.592 10 WARNING neutron.api.rpc.agentnotifiers.dhcp_rpc_agent_api [None req-2068c2fd-bba7-42ef-812a-8ef03ab02cfe 21194a289b77496faff67688a8fd7b4b f3cf2f2864f8488f9ee1f2769b181541 - - default default] Unable to schedule network 83f8e547-db66-4919-88a3-80d617f2d8a8: no agents available; will retry on subsequent port and subnet creation events.
2026-07-09 00:43:07.670 10 INFO neutron.db.ovn_revision_numbers_db [None req-2068c2fd-bba7-42ef-812a-8ef03ab02cfe 21194a289b77496faff67688a8fd7b4b f3cf2f2864f8488f9ee1f2769b181541 - - default default] Successfully bumped revision number for resource 9aff70e0-a32c-4dd3-8642-3c1656a71ecc (type: ports) to 1
2026-07-09 00:43:07.687 10 INFO neutron.api.wsgi [None req-2068c2fd-bba7-42ef-812a-8ef03ab02cfe 21194a289b77496faff67688a8fd7b4b f3cf2f2864f8488f9ee1f2769b181541 - - default default] 10.0.0.38 "POST /v2.0/networks HTTP/1.1" status: 201 len: 954 time: 0.9096901
2026-07-09 00:43:07.738 9 WARNING neutron.scheduler.dhcp_agent_scheduler [None req-94f0e92d-22e8-4030-ae87-41de8c9c93ec 21194a289b77496faff67688a8fd7b4b f3cf2f2864f8488f9ee1f2769b181541 - - default default] No more DHCP agents
2026-07-09 00:43:07.739 9 INFO neutron.db.ovn_revision_numbers_db [None req-40d003a3-046f-4afa-954b-755e245b07a2 21194a289b77496faff67688a8fd7b4b f3cf2f2864f8488f9ee1f2769b181541 - - default default] Successfully bumped revision number for resource c13f9199-3df9-43f8-83cb-058ff6878a4b (type: security_groups) to 1
2026-07-09 00:43:07.742 9 WARNING neutron.api.rpc.agentnotifiers.dhcp_rpc_agent_api [None req-94f0e92d-22e8-4030-ae87-41de8c9c93ec 21194a289b77496faff67688a8fd7b4b f3cf2f2864f8488f9ee1f2769b181541 - - default default] Unable to schedule network 82d79694-c05e-4d4f-a669-1db7b48ad242: no agents available; will retry on subsequent port and subnet creation events.
2026-07-09 00:43:07.761 9 INFO neutron.db.ovn_revision_numbers_db [None req-40d003a3-046f-4afa-954b-755e245b07a2 21194a289b77496faff67688a8fd7b4b f3cf2f2864f8488f9ee1f2769b181541 - - default default] Successfully bumped revision number for resource 0a5f43ce-e8c3-4f4d-9760-a0411a9c28f0 (type: security_group_rules) to 0
2026-07-09 00:43:07.780 9 INFO neutron.db.ovn_revision_numbers_db [None req-40d003a3-046f-4afa-954b-755e245b07a2 21194a289b77496faff67688a8fd7b4b f3cf2f2864f8488f9ee1f2769b181541 - - default default] Successfully bumped revision number for resource 3f37e82c-c96b-4a6a-bd01-b8949155bc03 (type: security_group_rules) to 0
2026-07-09 00:43:07.805 9 INFO neutron.db.ovn_revision_numbers_db [None req-40d003a3-046f-4afa-954b-755e245b07a2 21194a289b77496faff67688a8fd7b4b f3cf2f2864f8488f9ee1f2769b181541 - - default default] Successfully bumped revision number for resource 80185d71-a3fa-4a41-8215-0fc1965338a0 (type: security_group_rules) to 0
2026-07-09 00:43:07.813 9 WARNING neutron.scheduler.dhcp_agent_scheduler [None req-445c4d96-3da0-4534-8e1e-79fb7ff54fa0 21194a289b77496faff67688a8fd7b4b f3cf2f2864f8488f9ee1f2769b181541 - - default default] No more DHCP agents
2026-07-09 00:43:07.817 9 WARNING neutron.api.rpc.agentnotifiers.dhcp_rpc_agent_api [None req-445c4d96-3da0-4534-8e1e-79fb7ff54fa0 21194a289b77496faff67688a8fd7b4b f3cf2f2864f8488f9ee1f2769b181541 - - default default] Unable to schedule network fe14f5f7-73d1-4d95-a87b-df92e88d5d56: no agents available; will retry on subsequent port and subnet creation events.
2026-07-09 00:43:07.827 9 INFO neutron.db.ovn_revision_numbers_db [None req-40d003a3-046f-4afa-954b-755e245b07a2 21194a289b77496faff67688a8fd7b4b f3cf2f2864f8488f9ee1f2769b181541 - - default default] Successfully bumped revision number for resource 982fcdb9-adf9-4100-9fb1-f5822da35c3a (type: security_group_rules) to 0
2026-07-09 00:43:07.837 9 INFO neutron.db.ovn_revision_numbers_db [None req-94f0e92d-22e8-4030-ae87-41de8c9c93ec 21194a289b77496faff67688a8fd7b4b f3cf2f2864f8488f9ee1f2769b181541 - - default default] Successfully bumped revision number for resource 1861bd3c-b434-4ab9-8a45-6d9a068e3767 (type: ports) to 1
2026-07-09 00:43:07.846 10 WARNING neutron.scheduler.dhcp_agent_scheduler [None req-29524b07-8540-44b2-b7ab-f3b09fd5bb10 21194a289b77496faff67688a8fd7b4b f3cf2f2864f8488f9ee1f2769b181541 - - default default] No more DHCP agents
2026-07-09 00:43:07.847 10 WARNING neutron.api.rpc.agentnotifiers.dhcp_rpc_agent_api [None req-29524b07-8540-44b2-b7ab-f3b09fd5bb10 21194a289b77496faff67688a8fd7b4b f3cf2f2864f8488f9ee1f2769b181541 - - default default] Unable to schedule network 83f8e547-db66-4919-88a3-80d617f2d8a8: no agents available; will retry on subsequent port and subnet creation events.
2026-07-09 00:43:07.875 9 INFO neutron.api.wsgi [None req-94f0e92d-22e8-4030-ae87-41de8c9c93ec 21194a289b77496faff67688a8fd7b4b f3cf2f2864f8488f9ee1f2769b181541 - - default default] 10.0.0.38 "POST /v2.0/networks HTTP/1.1" status: 201 len: 946 time: 0.9480243
2026-07-09 00:43:07.886 9 INFO neutron.api.wsgi [None req-40d003a3-046f-4afa-954b-755e245b07a2 21194a289b77496faff67688a8fd7b4b f3cf2f2864f8488f9ee1f2769b181541 - - default default] 10.0.0.38 "GET /v2.0/security-groups?tenant_id=1722a48d42f44f67a24c4f37cd2346f5&name=default HTTP/1.1" status: 200 len: 3116 time: 0.4501524
2026-07-09 00:43:07.904 9 INFO neutron.db.ovn_revision_numbers_db [None req-445c4d96-3da0-4534-8e1e-79fb7ff54fa0 21194a289b77496faff67688a8fd7b4b f3cf2f2864f8488f9ee1f2769b181541 - - default default] Successfully bumped revision number for resource 6788d06e-7c72-405e-b441-5b9cf7ef1c65 (type: ports) to 1
2026-07-09 00:43:07.938 9 INFO neutron.api.wsgi [None req-445c4d96-3da0-4534-8e1e-79fb7ff54fa0 21194a289b77496faff67688a8fd7b4b f3cf2f2864f8488f9ee1f2769b181541 - - default default] 10.0.0.38 "POST /v2.0/networks HTTP/1.1" status: 201 len: 951 time: 0.9601071
2026-07-09 00:43:08.046 10 WARNING neutron.scheduler.dhcp_agent_scheduler [None req-2a504b41-403c-42c7-8eac-f02f74560118 21194a289b77496faff67688a8fd7b4b f3cf2f2864f8488f9ee1f2769b181541 - - default default] No more DHCP agents
2026-07-09 00:43:08.050 10 WARNING neutron.api.rpc.agentnotifiers.dhcp_rpc_agent_api [None req-2a504b41-403c-42c7-8eac-f02f74560118 21194a289b77496faff67688a8fd7b4b f3cf2f2864f8488f9ee1f2769b181541 - - default default] Unable to schedule network 82d79694-c05e-4d4f-a669-1db7b48ad242: no agents available; will retry on subsequent port and subnet creation events.
2026-07-09 00:43:08.136 9 INFO neutron.api.wsgi [None req-12ddc115-0f8f-40c0-b123-3a5206d52a35 21194a289b77496faff67688a8fd7b4b f3cf2f2864f8488f9ee1f2769b181541 - - default default] 10.0.0.38 "DELETE /v2.0/security-groups/c13f9199-3df9-43f8-83cb-058ff6878a4b HTTP/1.1" status: 204 len: 168 time: 0.2290449
2026-07-09 00:43:08.183 9 WARNING neutron.scheduler.dhcp_agent_scheduler [None req-6ece0f3c-bf48-4854-a28c-086858674a06 21194a289b77496faff67688a8fd7b4b f3cf2f2864f8488f9ee1f2769b181541 - - default default] No more DHCP agents
2026-07-09 00:43:08.184 9 WARNING neutron.api.rpc.agentnotifiers.dhcp_rpc_agent_api [None req-6ece0f3c-bf48-4854-a28c-086858674a06 21194a289b77496faff67688a8fd7b4b f3cf2f2864f8488f9ee1f2769b181541 - - default default] Unable to schedule network fe14f5f7-73d1-4d95-a87b-df92e88d5d56: no agents available; will retry on subsequent port and subnet creation events.
2026-07-09 00:43:08.366 10 INFO neutron.db.ovn_revision_numbers_db [None req-f8325419-b85a-4903-9136-eded8f9176b7 - - - - - -] Successfully bumped revision number for resource 9aff70e0-a32c-4dd3-8642-3c1656a71ecc (type: ports) to 2
2026-07-09 00:43:08.405 10 INFO neutron.db.ovn_revision_numbers_db [None req-f8325419-b85a-4903-9136-eded8f9176b7 - - - - - -] Successfully bumped revision number for resource 5c65cbac-d64d-4161-ab68-cf7c27096396 (type: subnets) to 0
2026-07-09 00:43:08.422 10 INFO neutron.api.wsgi [None req-29524b07-8540-44b2-b7ab-f3b09fd5bb10 21194a289b77496faff67688a8fd7b4b f3cf2f2864f8488f9ee1f2769b181541 - - default default] 10.0.0.38 "POST /v2.0/subnets HTTP/1.1" status: 201 len: 898 time: 0.7307856
2026-07-09 00:43:08.581 10 INFO neutron.db.ovn_revision_numbers_db [None req-02765e27-ede3-4e2a-a2f9-f735f97a2552 - - - - - -] Successfully bumped revision number for resource 1861bd3c-b434-4ab9-8a45-6d9a068e3767 (type: ports) to 2
2026-07-09 00:43:08.612 10 INFO neutron.db.ovn_revision_numbers_db [None req-02765e27-ede3-4e2a-a2f9-f735f97a2552 - - - - - -] Successfully bumped revision number for resource af3372d0-1286-4047-9a10-d557be669ee6 (type: subnets) to 0
2026-07-09 00:43:08.627 10 INFO neutron.api.wsgi [None req-2a504b41-403c-42c7-8eac-f02f74560118 21194a289b77496faff67688a8fd7b4b f3cf2f2864f8488f9ee1f2769b181541 - - default default] 10.0.0.38 "POST /v2.0/subnets HTTP/1.1" status: 201 len: 890 time: 0.7476196
2026-07-09 00:43:08.769 9 INFO neutron.db.ovn_revision_numbers_db [None req-e541f0cc-6abc-4a09-88b2-42d3b15d33f0 - - - - - -] Successfully bumped revision number for resource 6788d06e-7c72-405e-b441-5b9cf7ef1c65 (type: ports) to 2
2026-07-09 00:43:08.804 9 INFO neutron.db.ovn_revision_numbers_db [None req-e541f0cc-6abc-4a09-88b2-42d3b15d33f0 - - - - - -] Successfully bumped revision number for resource 6d4f5ccf-ab99-41ff-b310-37b68b757087 (type: subnets) to 0
2026-07-09 00:43:08.819 9 INFO neutron.api.wsgi [None req-6ece0f3c-bf48-4854-a28c-086858674a06 21194a289b77496faff67688a8fd7b4b f3cf2f2864f8488f9ee1f2769b181541 - - default default] 10.0.0.38 "POST /v2.0/subnets HTTP/1.1" status: 201 len: 895 time: 0.8750002
2026-07-09 00:43:09.208 9 WARNING neutron.scheduler.dhcp_agent_scheduler [None req-65b2059c-044b-4001-bf9d-100f84e92bed 21194a289b77496faff67688a8fd7b4b f3cf2f2864f8488f9ee1f2769b181541 - - default default] No more DHCP agents
2026-07-09 00:43:09.210 10 WARNING neutron.scheduler.dhcp_agent_scheduler [None req-1883b389-7b87-469a-bd5b-fd04af028b9e 21194a289b77496faff67688a8fd7b4b f3cf2f2864f8488f9ee1f2769b181541 - - default default] No more DHCP agents
2026-07-09 00:43:09.211 10 WARNING neutron.api.rpc.agentnotifiers.dhcp_rpc_agent_api [None req-1883b389-7b87-469a-bd5b-fd04af028b9e 21194a289b77496faff67688a8fd7b4b f3cf2f2864f8488f9ee1f2769b181541 - - default default] Unable to schedule network c0c9bd91-e1e7-4eaf-8008-8ac8d6e5deec: no agents available; will retry on subsequent port and subnet creation events.
2026-07-09 00:43:09.213 9 WARNING neutron.api.rpc.agentnotifiers.dhcp_rpc_agent_api [None req-65b2059c-044b-4001-bf9d-100f84e92bed 21194a289b77496faff67688a8fd7b4b f3cf2f2864f8488f9ee1f2769b181541 - - default default] Unable to schedule network c0c9bd91-e1e7-4eaf-8008-8ac8d6e5deec: no agents available; will retry on subsequent port and subnet creation events.
2026-07-09 00:43:09.331 10 INFO neutron.db.ovn_revision_numbers_db [None req-1883b389-7b87-469a-bd5b-fd04af028b9e 21194a289b77496faff67688a8fd7b4b f3cf2f2864f8488f9ee1f2769b181541 - - default default] Successfully bumped revision number for resource 8cac3e4a-3f9f-4418-89d9-b1d09ab7595f (type: ports) to 1
2026-07-09 00:43:09.340 9 INFO neutron.db.ovn_revision_numbers_db [None req-65b2059c-044b-4001-bf9d-100f84e92bed 21194a289b77496faff67688a8fd7b4b f3cf2f2864f8488f9ee1f2769b181541 - - default default] Successfully bumped revision number for resource d46e756a-8ccd-4c04-9e41-058583303223 (type: ports) to 1
2026-07-09 00:43:09.611 9 WARNING neutron.scheduler.dhcp_agent_scheduler [None req-cb9d183e-4c04-44be-aa8a-82329f952ecd 21194a289b77496faff67688a8fd7b4b f3cf2f2864f8488f9ee1f2769b181541 - - default default] No more DHCP agents
2026-07-09 00:43:09.615 9 WARNING neutron.api.rpc.agentnotifiers.dhcp_rpc_agent_api [None req-cb9d183e-4c04-44be-aa8a-82329f952ecd 21194a289b77496faff67688a8fd7b4b f3cf2f2864f8488f9ee1f2769b181541 - - default default] Unable to schedule network c0c9bd91-e1e7-4eaf-8008-8ac8d6e5deec: no agents available; will retry on subsequent port and subnet creation events.
2026-07-09 00:43:09.623 10 INFO neutron.plugins.ml2.drivers.ovn.mech_driver.ovsdb.extensions.qos [None req-1883b389-7b87-469a-bd5b-fd04af028b9e 21194a289b77496faff67688a8fd7b4b f3cf2f2864f8488f9ee1f2769b181541 - - default default] Starting OVNClientQosExtension
2026-07-09 00:43:09.699 9 INFO neutron.plugins.ml2.drivers.ovn.mech_driver.ovsdb.extensions.qos [None req-65b2059c-044b-4001-bf9d-100f84e92bed 21194a289b77496faff67688a8fd7b4b f3cf2f2864f8488f9ee1f2769b181541 - - default default] Starting OVNClientQosExtension
2026-07-09 00:43:09.756 9 INFO neutron.db.ovn_revision_numbers_db [None req-cb9d183e-4c04-44be-aa8a-82329f952ecd 21194a289b77496faff67688a8fd7b4b f3cf2f2864f8488f9ee1f2769b181541 - - default default] Successfully bumped revision number for resource 818b247c-709a-4f4f-af56-8f1a9a558d76 (type: ports) to 1
2026-07-09 00:43:09.907 10 INFO neutron.plugins.ml2.drivers.ovn.mech_driver.ovsdb.commands [None req-a40e6ebc-97bd-4872-81db-5f9a8f6b76e7 - - - - - -] Schedule LRP lrp-8cac3e4a-3f9f-4418-89d9-b1d09ab7595f on gateway b83027b7-4319-44dc-9490-cd8a537f60a6 with priority 1
2026-07-09 00:43:09.927 9 INFO neutron.plugins.ml2.drivers.ovn.mech_driver.mech_driver [None req-000279d4-5b55-47fe-86e2-579a44301b24 - - - - - -] OVN reports status up for port: 8cac3e4a-3f9f-4418-89d9-b1d09ab7595f
2026-07-09 00:43:09.931 10 INFO neutron.plugins.ml2.drivers.ovn.mech_driver.ovsdb.ovsdb_monitor [-] Router 49c1ff40-c9e9-4595-a630-799aec8c1795 is bound to host instance
2026-07-09 00:43:09.943 9 INFO neutron.plugins.ml2.plugin [None req-000279d4-5b55-47fe-86e2-579a44301b24 - - - - - -] Attempt 1 to provision port 8cac3e4a-3f9f-4418-89d9-b1d09ab7595f
2026-07-09 00:43:09.962 10 INFO neutron.db.ovn_revision_numbers_db [None req-1883b389-7b87-469a-bd5b-fd04af028b9e 21194a289b77496faff67688a8fd7b4b f3cf2f2864f8488f9ee1f2769b181541 - - default default] Successfully bumped revision number for resource 8cac3e4a-3f9f-4418-89d9-b1d09ab7595f (type: router_ports) to 1
2026-07-09 00:43:10.198 10 INFO neutron.db.ovn_revision_numbers_db [None req-1883b389-7b87-469a-bd5b-fd04af028b9e 21194a289b77496faff67688a8fd7b4b f3cf2f2864f8488f9ee1f2769b181541 - - default default] Successfully bumped revision number for resource 49c1ff40-c9e9-4595-a630-799aec8c1795 (type: routers) to 2
2026-07-09 00:43:10.218 10 INFO neutron.api.wsgi [None req-1883b389-7b87-469a-bd5b-fd04af028b9e 21194a289b77496faff67688a8fd7b4b f3cf2f2864f8488f9ee1f2769b181541 - - default default] 10.0.0.38 "POST /v2.0/routers HTTP/1.1" status: 201 len: 1168 time: 1.5837648
2026-07-09 00:43:10.297 9 INFO neutron.plugins.ml2.drivers.ovn.mech_driver.ovsdb.commands [None req-4b3c39b7-77e4-4111-b4b1-e6c6511a5d3f - - - - - -] Schedule LRP lrp-d46e756a-8ccd-4c04-9e41-058583303223 on gateway b83027b7-4319-44dc-9490-cd8a537f60a6 with priority 1
2026-07-09 00:43:10.333 10 INFO neutron.plugins.ml2.drivers.ovn.mech_driver.mech_driver [None req-4ef1c581-b61f-4f5d-8c43-71dc8c9e3be6 - - - - - -] OVN reports status up for port: d46e756a-8ccd-4c04-9e41-058583303223
2026-07-09 00:43:10.369 9 INFO neutron.db.ovn_revision_numbers_db [None req-65b2059c-044b-4001-bf9d-100f84e92bed 21194a289b77496faff67688a8fd7b4b f3cf2f2864f8488f9ee1f2769b181541 - - default default] Successfully bumped revision number for resource d46e756a-8ccd-4c04-9e41-058583303223 (type: router_ports) to 1
2026-07-09 00:43:10.378 10 INFO neutron.plugins.ml2.plugin [None req-4ef1c581-b61f-4f5d-8c43-71dc8c9e3be6 - - - - - -] Attempt 1 to provision port d46e756a-8ccd-4c04-9e41-058583303223
2026-07-09 00:43:10.408 9 INFO neutron.db.ovn_revision_numbers_db [None req-9da28ee4-d273-40ab-9ec8-fc12689021ac 21194a289b77496faff67688a8fd7b4b f3cf2f2864f8488f9ee1f2769b181541 - - default default] Successfully bumped revision number for resource 778bc66a-8dba-4a1e-948f-7c0ef529b9ef (type: security_groups) to 1
2026-07-09 00:43:10.429 9 INFO neutron.db.ovn_revision_numbers_db [None req-9da28ee4-d273-40ab-9ec8-fc12689021ac 21194a289b77496faff67688a8fd7b4b f3cf2f2864f8488f9ee1f2769b181541 - - default default] Successfully bumped revision number for resource 1d7ef841-b31a-4efb-9bbc-ae576fec7d8f (type: security_group_rules) to 0
2026-07-09 00:43:10.450 9 INFO neutron.db.ovn_revision_numbers_db [None req-9da28ee4-d273-40ab-9ec8-fc12689021ac 21194a289b77496faff67688a8fd7b4b f3cf2f2864f8488f9ee1f2769b181541 - - default default] Successfully bumped revision number for resource 43d526e1-adab-4842-bfaf-9259aae17a00 (type: security_group_rules) to 0
2026-07-09 00:43:10.452 9 INFO neutron.db.ovn_revision_numbers_db [None req-65b2059c-044b-4001-bf9d-100f84e92bed 21194a289b77496faff67688a8fd7b4b f3cf2f2864f8488f9ee1f2769b181541 - - default default] Successfully bumped revision number for resource e29236c1-b266-4222-99f8-6f6357348130 (type: routers) to 2
2026-07-09 00:43:10.471 9 INFO neutron.api.wsgi [None req-65b2059c-044b-4001-bf9d-100f84e92bed 21194a289b77496faff67688a8fd7b4b f3cf2f2864f8488f9ee1f2769b181541 - - default default] 10.0.0.38 "POST /v2.0/routers HTTP/1.1" status: 201 len: 1176 time: 2.0269656
2026-07-09 00:43:10.473 9 INFO neutron.db.ovn_revision_numbers_db [None req-9da28ee4-d273-40ab-9ec8-fc12689021ac 21194a289b77496faff67688a8fd7b4b f3cf2f2864f8488f9ee1f2769b181541 - - default default] Successfully bumped revision number for resource c3032486-725e-4a1d-aa41-be7639e6dc9a (type: security_group_rules) to 0
2026-07-09 00:43:10.487 9 INFO neutron.db.ovn_revision_numbers_db [None req-9da28ee4-d273-40ab-9ec8-fc12689021ac 21194a289b77496faff67688a8fd7b4b f3cf2f2864f8488f9ee1f2769b181541 - - default default] Successfully bumped revision number for resource ee4f6adf-b157-47a1-a2fc-10fb784903cd (type: security_group_rules) to 0
2026-07-09 00:43:10.568 9 INFO neutron.db.segments_db [None req-9da28ee4-d273-40ab-9ec8-fc12689021ac 21194a289b77496faff67688a8fd7b4b f3cf2f2864f8488f9ee1f2769b181541 - - default default] Added segment c3306e97-ab7b-4ae4-b95b-11c4ff36b84a of type geneve for network 506ec66e-5c14-4db7-8b41-c6b15b0ecf5f
2026-07-09 00:43:10.604 9 INFO neutron.plugins.ml2.drivers.ovn.mech_driver.ovsdb.commands [None req-4b3c39b7-77e4-4111-b4b1-e6c6511a5d3f - - - - - -] Schedule LRP lrp-818b247c-709a-4f4f-af56-8f1a9a558d76 on gateway b83027b7-4319-44dc-9490-cd8a537f60a6 with priority 1
2026-07-09 00:43:10.654 9 INFO neutron.db.ovn_revision_numbers_db [None req-cb9d183e-4c04-44be-aa8a-82329f952ecd 21194a289b77496faff67688a8fd7b4b f3cf2f2864f8488f9ee1f2769b181541 - - default default] Successfully bumped revision number for resource 818b247c-709a-4f4f-af56-8f1a9a558d76 (type: router_ports) to 1
2026-07-09 00:43:10.717 9 INFO neutron.db.ovn_revision_numbers_db [None req-9da28ee4-d273-40ab-9ec8-fc12689021ac 21194a289b77496faff67688a8fd7b4b f3cf2f2864f8488f9ee1f2769b181541 - - default default] Successfully bumped revision number for resource 506ec66e-5c14-4db7-8b41-c6b15b0ecf5f (type: networks) to 1
2026-07-09 00:43:10.731 9 INFO neutron.db.ovn_revision_numbers_db [None req-cb9d183e-4c04-44be-aa8a-82329f952ecd 21194a289b77496faff67688a8fd7b4b f3cf2f2864f8488f9ee1f2769b181541 - - default default] Successfully bumped revision number for resource eb945f72-46d3-4bbb-9054-caae2fdf315f (type: routers) to 2
2026-07-09 00:43:10.758 10 INFO neutron.db.ovn_revision_numbers_db [None req-3c3296d4-d08c-41bd-b651-1e736a67a950 - - - - - -] Successfully bumped revision number for resource 8cac3e4a-3f9f-4418-89d9-b1d09ab7595f (type: ports) to 1
2026-07-09 00:43:10.760 9 INFO neutron.api.wsgi [None req-cb9d183e-4c04-44be-aa8a-82329f952ecd 21194a289b77496faff67688a8fd7b4b f3cf2f2864f8488f9ee1f2769b181541 - - default default] 10.0.0.38 "POST /v2.0/routers HTTP/1.1" status: 201 len: 1173 time: 1.9334114
2026-07-09 00:43:10.912 9 WARNING neutron.scheduler.dhcp_agent_scheduler [None req-9da28ee4-d273-40ab-9ec8-fc12689021ac 21194a289b77496faff67688a8fd7b4b f3cf2f2864f8488f9ee1f2769b181541 - - default default] No more DHCP agents
2026-07-09 00:43:10.916 9 WARNING neutron.api.rpc.agentnotifiers.dhcp_rpc_agent_api [None req-9da28ee4-d273-40ab-9ec8-fc12689021ac 21194a289b77496faff67688a8fd7b4b f3cf2f2864f8488f9ee1f2769b181541 - - default default] Unable to schedule network 506ec66e-5c14-4db7-8b41-c6b15b0ecf5f: no agents available; will retry on subsequent port and subnet creation events.
2026-07-09 00:43:10.997 9 INFO neutron.db.ovn_revision_numbers_db [None req-9da28ee4-d273-40ab-9ec8-fc12689021ac 21194a289b77496faff67688a8fd7b4b f3cf2f2864f8488f9ee1f2769b181541 - - default default] Successfully bumped revision number for resource 191adb2c-0bce-485d-9acf-651f861e8667 (type: ports) to 1
2026-07-09 00:43:11.007 10 WARNING neutron.scheduler.dhcp_agent_scheduler [None req-ac724cb3-648c-4916-b45b-8836325f8ea6 21194a289b77496faff67688a8fd7b4b f3cf2f2864f8488f9ee1f2769b181541 - - default default] No more DHCP agents
2026-07-09 00:43:11.009 10 WARNING neutron.api.rpc.agentnotifiers.dhcp_rpc_agent_api [None req-ac724cb3-648c-4916-b45b-8836325f8ea6 21194a289b77496faff67688a8fd7b4b f3cf2f2864f8488f9ee1f2769b181541 - - default default] Unable to schedule network 82d79694-c05e-4d4f-a669-1db7b48ad242: no agents available; will retry on subsequent port and subnet creation events.
2026-07-09 00:43:11.018 9 INFO neutron.api.wsgi [None req-9da28ee4-d273-40ab-9ec8-fc12689021ac 21194a289b77496faff67688a8fd7b4b f3cf2f2864f8488f9ee1f2769b181541 - - default default] 10.0.0.38 "POST /v2.0/networks HTTP/1.1" status: 201 len: 947 time: 1.1205366
2026-07-09 00:43:11.197 9 WARNING neutron.scheduler.dhcp_agent_scheduler [None req-77b836b5-3e32-4575-b513-ddc2d4179c1e 21194a289b77496faff67688a8fd7b4b f3cf2f2864f8488f9ee1f2769b181541 - - default default] No more DHCP agents
2026-07-09 00:43:11.200 9 WARNING neutron.api.rpc.agentnotifiers.dhcp_rpc_agent_api [None req-77b836b5-3e32-4575-b513-ddc2d4179c1e 21194a289b77496faff67688a8fd7b4b f3cf2f2864f8488f9ee1f2769b181541 - - default default] Unable to schedule network 506ec66e-5c14-4db7-8b41-c6b15b0ecf5f: no agents available; will retry on subsequent port and subnet creation events.
2026-07-09 00:43:11.204 10 INFO neutron.db.ovn_revision_numbers_db [None req-ac724cb3-648c-4916-b45b-8836325f8ea6 21194a289b77496faff67688a8fd7b4b f3cf2f2864f8488f9ee1f2769b181541 - - default default] Successfully bumped revision number for resource 6713aca6-fa4e-4335-bac2-9926d05fff1d (type: ports) to 1
2026-07-09 00:43:11.258 9 WARNING neutron.scheduler.dhcp_agent_scheduler [None req-0d3416bd-0fe9-43c1-bdb1-03b70de6d851 21194a289b77496faff67688a8fd7b4b f3cf2f2864f8488f9ee1f2769b181541 - - default default] No more DHCP agents
2026-07-09 00:43:11.259 9 WARNING neutron.api.rpc.agentnotifiers.dhcp_rpc_agent_api [None req-0d3416bd-0fe9-43c1-bdb1-03b70de6d851 21194a289b77496faff67688a8fd7b4b f3cf2f2864f8488f9ee1f2769b181541 - - default default] Unable to schedule network fe14f5f7-73d1-4d95-a87b-df92e88d5d56: no agents available; will retry on subsequent port and subnet creation events.
2026-07-09 00:43:11.405 9 INFO neutron.db.ovn_revision_numbers_db [None req-0d3416bd-0fe9-43c1-bdb1-03b70de6d851 21194a289b77496faff67688a8fd7b4b f3cf2f2864f8488f9ee1f2769b181541 - - default default] Successfully bumped revision number for resource b4923b7b-8e8f-496f-85d7-ab2cb30d54b8 (type: ports) to 1
2026-07-09 00:43:11.571 10 WARNING neutron.scheduler.dhcp_agent_scheduler [None req-3dc147f6-03f3-4f9a-9868-0f6a4c0a59f6 21194a289b77496faff67688a8fd7b4b f3cf2f2864f8488f9ee1f2769b181541 - - default default] No more DHCP agents
2026-07-09 00:43:11.575 10 WARNING neutron.api.rpc.agentnotifiers.dhcp_rpc_agent_api [None req-3dc147f6-03f3-4f9a-9868-0f6a4c0a59f6 21194a289b77496faff67688a8fd7b4b f3cf2f2864f8488f9ee1f2769b181541 - - default default] Unable to schedule network 83f8e547-db66-4919-88a3-80d617f2d8a8: no agents available; will retry on subsequent port and subnet creation events.
2026-07-09 00:43:11.583 10 INFO neutron.db.ovn_revision_numbers_db [None req-3c3296d4-d08c-41bd-b651-1e736a67a950 - - - - - -] Successfully bumped revision number for resource 8cac3e4a-3f9f-4418-89d9-b1d09ab7595f (type: ports) to 4
2026-07-09 00:43:11.729 10 INFO neutron.db.ovn_revision_numbers_db [None req-3dc147f6-03f3-4f9a-9868-0f6a4c0a59f6 21194a289b77496faff67688a8fd7b4b f3cf2f2864f8488f9ee1f2769b181541 - - default default] Successfully bumped revision number for resource 03c8f1f0-1a84-41e9-853b-be870ee59c54 (type: ports) to 1
2026-07-09 00:43:11.758 9 INFO neutron.db.ovn_revision_numbers_db [None req-391df7c6-4f0d-4fd1-a0d6-4c12a198ab11 - - - - - -] Successfully bumped revision number for resource 191adb2c-0bce-485d-9acf-651f861e8667 (type: ports) to 2
2026-07-09 00:43:11.789 9 INFO neutron.db.ovn_revision_numbers_db [None req-391df7c6-4f0d-4fd1-a0d6-4c12a198ab11 - - - - - -] Successfully bumped revision number for resource 12f1942b-b430-4c6e-acb1-4fed64364b02 (type: subnets) to 0
2026-07-09 00:43:11.821 9 INFO neutron.api.wsgi [None req-77b836b5-3e32-4575-b513-ddc2d4179c1e 21194a289b77496faff67688a8fd7b4b f3cf2f2864f8488f9ee1f2769b181541 - - default default] 10.0.0.38 "POST /v2.0/subnets HTTP/1.1" status: 201 len: 891 time: 0.7984636
2026-07-09 00:43:12.161 10 INFO neutron.db.ovn_revision_numbers_db [None req-3c3296d4-d08c-41bd-b651-1e736a67a950 - - - - - -] Successfully bumped revision number for resource 8cac3e4a-3f9f-4418-89d9-b1d09ab7595f (type: ports) to 5
2026-07-09 00:43:12.264 10 INFO neutron.plugins.ml2.drivers.ovn.mech_driver.ovsdb.ovsdb_monitor [None req-3c3296d4-d08c-41bd-b651-1e736a67a950 - - - - - -] Router e29236c1-b266-4222-99f8-6f6357348130 is bound to host instance
2026-07-09 00:43:12.342 9 INFO neutron.db.ovn_revision_numbers_db [None req-0d3416bd-0fe9-43c1-bdb1-03b70de6d851 21194a289b77496faff67688a8fd7b4b f3cf2f2864f8488f9ee1f2769b181541 - - default default] Successfully bumped revision number for resource b4923b7b-8e8f-496f-85d7-ab2cb30d54b8 (type: ports) to 1
2026-07-09 00:43:12.441 9 WARNING neutron.scheduler.dhcp_agent_scheduler [None req-0d3416bd-0fe9-43c1-bdb1-03b70de6d851 21194a289b77496faff67688a8fd7b4b f3cf2f2864f8488f9ee1f2769b181541 - - default default] No more DHCP agents
2026-07-09 00:43:12.443 9 WARNING neutron.api.rpc.agentnotifiers.dhcp_rpc_agent_api [None req-0d3416bd-0fe9-43c1-bdb1-03b70de6d851 21194a289b77496faff67688a8fd7b4b f3cf2f2864f8488f9ee1f2769b181541 - - default default] Unable to schedule network fe14f5f7-73d1-4d95-a87b-df92e88d5d56: no agents available; will retry on subsequent port and subnet creation events.
2026-07-09 00:43:12.445 10 INFO neutron.db.ovn_revision_numbers_db [None req-ac724cb3-648c-4916-b45b-8836325f8ea6 21194a289b77496faff67688a8fd7b4b f3cf2f2864f8488f9ee1f2769b181541 - - default default] Successfully bumped revision number for resource 6713aca6-fa4e-4335-bac2-9926d05fff1d (type: ports) to 1
2026-07-09 00:43:12.526 10 WARNING neutron.scheduler.dhcp_agent_scheduler [None req-ac724cb3-648c-4916-b45b-8836325f8ea6 21194a289b77496faff67688a8fd7b4b f3cf2f2864f8488f9ee1f2769b181541 - - default default] No more DHCP agents
2026-07-09 00:43:12.528 10 WARNING neutron.api.rpc.agentnotifiers.dhcp_rpc_agent_api [None req-ac724cb3-648c-4916-b45b-8836325f8ea6 21194a289b77496faff67688a8fd7b4b f3cf2f2864f8488f9ee1f2769b181541 - - default default] Unable to schedule network 82d79694-c05e-4d4f-a669-1db7b48ad242: no agents available; will retry on subsequent port and subnet creation events.
2026-07-09 00:43:12.551 9 WARNING neutron.scheduler.dhcp_agent_scheduler [None req-f863a30e-4940-494a-9360-2367f5841e82 21194a289b77496faff67688a8fd7b4b f3cf2f2864f8488f9ee1f2769b181541 - - default default] No more DHCP agents
2026-07-09 00:43:12.554 9 WARNING neutron.api.rpc.agentnotifiers.dhcp_rpc_agent_api [None req-f863a30e-4940-494a-9360-2367f5841e82 21194a289b77496faff67688a8fd7b4b f3cf2f2864f8488f9ee1f2769b181541 - - default default] Unable to schedule network c0c9bd91-e1e7-4eaf-8008-8ac8d6e5deec: no agents available; will retry on subsequent port and subnet creation events.
2026-07-09 00:43:12.618 9 INFO neutron.plugins.ml2.drivers.ovn.mech_driver.mech_driver [None req-000279d4-5b55-47fe-86e2-579a44301b24 - - - - - -] OVN reports status up for port: b4923b7b-8e8f-496f-85d7-ab2cb30d54b8
2026-07-09 00:43:12.646 9 INFO neutron.plugins.ml2.plugin [None req-000279d4-5b55-47fe-86e2-579a44301b24 - - - - - -] Attempt 1 to provision port b4923b7b-8e8f-496f-85d7-ab2cb30d54b8
2026-07-09 00:43:12.678 10 INFO neutron.db.ovn_revision_numbers_db [None req-3dc147f6-03f3-4f9a-9868-0f6a4c0a59f6 21194a289b77496faff67688a8fd7b4b f3cf2f2864f8488f9ee1f2769b181541 - - default default] Successfully bumped revision number for resource 03c8f1f0-1a84-41e9-853b-be870ee59c54 (type: ports) to 1
2026-07-09 00:43:12.731 9 INFO neutron.db.ovn_revision_numbers_db [None req-f863a30e-4940-494a-9360-2367f5841e82 21194a289b77496faff67688a8fd7b4b f3cf2f2864f8488f9ee1f2769b181541 - - default default] Successfully bumped revision number for resource 3e683ac0-03dc-43bd-8e62-5173d17221fa (type: ports) to 1
