2026-07-09 00:43:20.550 9 INFO neutron.services.segments.plugin [-] Segment c1f674d9-9f73-4d4e-945d-04262262cb88 resource provider not found; error: Placement Client Error (4xx): {"errors": [{"status": 404, "title": "Not Found", "detail": "The resource could not be found.\n\n No resource provider with uuid c1f674d9-9f73-4d4e-945d-04262262cb88 found for delete ", "request_id": "req-4c5ecf42-e6f3-44b1-aaf9-a17e66beec18"}]}
2026-07-09 00:43:20.551 9 INFO neutron.services.segments.plugin [-] Segment c1f674d9-9f73-4d4e-945d-04262262cb88 resource provider aggregate not found
2026-07-09 00:43:20.565 9 INFO neutron.services.segments.plugin [-] Segment c1f674d9-9f73-4d4e-945d-04262262cb88 resource provider not found; error: Placement Client Error (4xx): {"errors": [{"status": 404, "title": "Not Found", "detail": "The resource could not be found.\n\n No resource provider with uuid c1f674d9-9f73-4d4e-945d-04262262cb88 found for delete ", "request_id": "req-d9c9127a-8977-493a-b78d-ea08ebadfb99"}]}
2026-07-09 00:43:20.590 10 INFO neutron.api.wsgi [req-6ab4647c-214d-4b16-8a9d-ab9fed28eb16 req-f1c7edfa-42a2-4e9b-a3f7-7e34822784bf ff091af945264cc48bc0505ec7ecaf8a bceedd94e43d4d2eb662afc1b9da2c8f - - default default] 10.0.0.31 "GET /v2.0/ports?device_id=53eabb90-4034-47c7-a092-29f863927631 HTTP/1.1" status: 200 len: 210 time: 0.0248899
2026-07-09 00:43:20.615 9 INFO neutron.api.wsgi [req-28ae0696-989d-4312-8c30-971e6e529aa0 req-e8e17489-cc49-4926-b5f1-0f789a54c49c 200a9e29034042af8140f74240ebed3e b9b30c88a43840ed9c4e231e22074a45 - - default default] 10.0.0.31 "GET /v2.0/ports?device_id=4d281ff4-e45f-4fdd-98de-366b5395e05e HTTP/1.1" status: 200 len: 210 time: 0.0287983
2026-07-09 00:43:20.632 9 INFO neutron.api.wsgi [None req-6aa8e56f-2020-4489-aadc-e4a48ef03827 21194a289b77496faff67688a8fd7b4b f3cf2f2864f8488f9ee1f2769b181541 - - default default] 10.0.0.38 "DELETE /v2.0/security-groups/d9cc27de-079d-4537-9565-3b4297eebcdc HTTP/1.1" status: 204 len: 168 time: 0.3450775
2026-07-09 00:43:20.729 9 INFO neutron.api.wsgi [None req-3a4480c3-1aaf-4e86-9d8e-3e3569a4ecdc 21194a289b77496faff67688a8fd7b4b f3cf2f2864f8488f9ee1f2769b181541 - - default default] 10.0.0.38 "DELETE /v2.0/subnets/6d4f5ccf-ab99-41ff-b310-37b68b757087 HTTP/1.1" status: 204 len: 168 time: 0.2546365
2026-07-09 00:43:21.082 9 INFO neutron.api.wsgi [None req-5aa7274f-7541-4dd7-990e-2a56f0143f55 21194a289b77496faff67688a8fd7b4b f3cf2f2864f8488f9ee1f2769b181541 - - default default] 10.0.0.38 "DELETE /v2.0/networks/fe14f5f7-73d1-4d95-a87b-df92e88d5d56 HTTP/1.1" status: 204 len: 168 time: 0.3474519
2026-07-09 00:43:21.329 9 INFO neutron.api.wsgi [None req-6d113e00-be66-44e3-bb38-79ab30c01b16 21194a289b77496faff67688a8fd7b4b f3cf2f2864f8488f9ee1f2769b181541 - - default default] 10.0.0.38 "GET /v2.0/security-groups?tenant_id=e903c643658a404daf5b5fc92cdc4ea1&name=default HTTP/1.1" status: 200 len: 3116 time: 0.0306094
2026-07-09 00:43:21.547 10 INFO neutron.api.wsgi [None req-e4776dd0-abd1-43b1-9b24-4474027a7e4d 21194a289b77496faff67688a8fd7b4b f3cf2f2864f8488f9ee1f2769b181541 - - default default] 10.0.0.38 "DELETE /v2.0/security-groups/3827755a-a114-4ca0-a3c1-f49c6a6f75e1 HTTP/1.1" status: 204 len: 168 time: 0.2115655
2026-07-09 00:43:21.685 10 INFO neutron.api.wsgi [req-da23633c-faa5-4f61-b2b0-d9a9e5b01787 req-8e4e3ce4-8880-41d4-a08b-0ced9a94f422 ff091af945264cc48bc0505ec7ecaf8a bceedd94e43d4d2eb662afc1b9da2c8f - - default default] 10.0.0.31 "GET /v2.0/ports?device_id=53eabb90-4034-47c7-a092-29f863927631 HTTP/1.1" status: 200 len: 210 time: 0.0283117
2026-07-09 00:43:21.715 9 INFO neutron.api.wsgi [req-cd6d54b8-6ce8-453c-b41a-9a4191fa2fd0 req-79870a0c-3bdf-42af-a281-7e37157c4b2a 200a9e29034042af8140f74240ebed3e b9b30c88a43840ed9c4e231e22074a45 - - default default] 10.0.0.31 "GET /v2.0/ports?device_id=4d281ff4-e45f-4fdd-98de-366b5395e05e HTTP/1.1" status: 200 len: 210 time: 0.0227816
2026-07-09 00:43:22.451 10 WARNING neutron.plugins.ml2.drivers.ovn.mech_driver.ovsdb.ovn_client [None req-04e76fa6-7f9f-40c9-be3f-478ee216d9f7 - - - - - -] No hosting information found for port 03c8f1f0-1a84-41e9-853b-be870ee59c54: RuntimeError: No hosting information found for port 03c8f1f0-1a84-41e9-853b-be870ee59c54
2026-07-09 00:43:22.530 10 INFO neutron.db.ovn_revision_numbers_db [None req-04e76fa6-7f9f-40c9-be3f-478ee216d9f7 - - - - - -] Successfully bumped revision number for resource 03c8f1f0-1a84-41e9-853b-be870ee59c54 (type: router_ports) to 2
2026-07-09 00:43:22.571 9 INFO neutron.services.segments.plugin [-] Segment c23536ba-b1b6-4cef-99a3-ee7101f240c1 resource provider aggregate not found
2026-07-09 00:43:22.583 9 INFO neutron.services.segments.plugin [-] Segment c23536ba-b1b6-4cef-99a3-ee7101f240c1 resource provider not found; error: Placement Client Error (4xx): {"errors": [{"status": 404, "title": "Not Found", "detail": "The resource could not be found.\n\n No resource provider with uuid c23536ba-b1b6-4cef-99a3-ee7101f240c1 found for delete ", "request_id": "req-786cc363-2eb6-4b79-8a98-ae2b89aa76aa"}]}
2026-07-09 00:43:22.584 9 INFO neutron.services.segments.plugin [-] Segment c23536ba-b1b6-4cef-99a3-ee7101f240c1 resource provider aggregate not found
2026-07-09 00:43:22.597 9 INFO neutron.services.segments.plugin [-] Segment c23536ba-b1b6-4cef-99a3-ee7101f240c1 resource provider not found; error: Placement Client Error (4xx): {"errors": [{"status": 404, "title": "Not Found", "detail": "The resource could not be found.\n\n No resource provider with uuid c23536ba-b1b6-4cef-99a3-ee7101f240c1 found for delete ", "request_id": "req-97c1cb91-870b-4fbf-b2cf-6f28cc9f971f"}]}
2026-07-09 00:43:22.825 10 INFO neutron.api.wsgi [req-ee99a22f-f676-4692-9703-1b51c1884328 req-48b5d2e0-e3c1-4cab-9c17-7740912b56b8 ff091af945264cc48bc0505ec7ecaf8a bceedd94e43d4d2eb662afc1b9da2c8f - - default default] 10.0.0.31 "GET /v2.0/ports?device_id=53eabb90-4034-47c7-a092-29f863927631 HTTP/1.1" status: 200 len: 210 time: 0.0205264
2026-07-09 00:43:22.887 10 INFO neutron.api.wsgi [req-f13ed1d7-efda-4bd2-b0d0-ad22b982b110 req-71235411-62a5-4dee-8a71-ead10853137e 200a9e29034042af8140f74240ebed3e b9b30c88a43840ed9c4e231e22074a45 - - default default] 10.0.0.31 "GET /v2.0/ports?device_id=4d281ff4-e45f-4fdd-98de-366b5395e05e HTTP/1.1" status: 200 len: 210 time: 0.0209982
2026-07-09 00:43:23.286 9 INFO neutron.api.wsgi [req-2add00e3-9eb7-40c9-a581-033addf3d17b req-aeba7fda-1837-4584-ae8d-b54d6c518850 200a9e29034042af8140f74240ebed3e b9b30c88a43840ed9c4e231e22074a45 - - default default] 199.204.45.77 "GET /v2.0/networks?id=506ec66e-5c14-4db7-8b41-c6b15b0ecf5f HTTP/1.1" status: 200 len: 876 time: 0.2798965
2026-07-09 00:43:23.308 9 WARNING neutron_lib.context [req-2add00e3-9eb7-40c9-a581-033addf3d17b req-73009f86-f88b-45c2-b088-0048abf769fe 200a9e29034042af8140f74240ebed3e b9b30c88a43840ed9c4e231e22074a45 - - default default] Method 'is_advsvc' is deprecated since 2023.2 release (neutron-lib 3.8.0) and will be removed once support for the old RBAC API policies will be removed from Neutron. Please use method 'is_service_role' instead.
2026-07-09 00:43:23.424 10 INFO neutron.db.ovn_revision_numbers_db [None req-20207d4a-62ab-4190-9609-ec3a5016d591 21194a289b77496faff67688a8fd7b4b f3cf2f2864f8488f9ee1f2769b181541 - - default default] Successfully bumped revision number for resource 8eb079d2-8542-4e6a-8d24-87cb6bd8535b (type: security_groups) to 1
2026-07-09 00:43:23.437 10 INFO neutron.db.ovn_revision_numbers_db [None req-20207d4a-62ab-4190-9609-ec3a5016d591 21194a289b77496faff67688a8fd7b4b f3cf2f2864f8488f9ee1f2769b181541 - - default default] Successfully bumped revision number for resource 24a96025-e4e9-4b60-936a-1beaf8b33bad (type: security_group_rules) to 0
2026-07-09 00:43:23.450 10 INFO neutron.db.ovn_revision_numbers_db [None req-20207d4a-62ab-4190-9609-ec3a5016d591 21194a289b77496faff67688a8fd7b4b f3cf2f2864f8488f9ee1f2769b181541 - - default default] Successfully bumped revision number for resource 3e336e9a-b274-4840-8818-b2e7617e4739 (type: security_group_rules) to 0
2026-07-09 00:43:23.468 10 INFO neutron.db.ovn_revision_numbers_db [None req-20207d4a-62ab-4190-9609-ec3a5016d591 21194a289b77496faff67688a8fd7b4b f3cf2f2864f8488f9ee1f2769b181541 - - default default] Successfully bumped revision number for resource 420d0497-f443-4b58-b2a3-c94eebec31f9 (type: security_group_rules) to 0
2026-07-09 00:43:23.480 10 INFO neutron.db.ovn_revision_numbers_db [None req-20207d4a-62ab-4190-9609-ec3a5016d591 21194a289b77496faff67688a8fd7b4b f3cf2f2864f8488f9ee1f2769b181541 - - default default] Successfully bumped revision number for resource 6df359e1-e292-4faf-8939-2b08603eee9c (type: security_group_rules) to 0
2026-07-09 00:43:23.553 10 INFO neutron.db.segments_db [None req-20207d4a-62ab-4190-9609-ec3a5016d591 21194a289b77496faff67688a8fd7b4b f3cf2f2864f8488f9ee1f2769b181541 - - default default] Added segment 066ca7fa-afd7-483e-ac02-e13754f5ebae of type geneve for network decb8b77-cb69-49c1-bb74-b3f4290811b0
2026-07-09 00:43:23.649 9 WARNING neutron.scheduler.dhcp_agent_scheduler [req-2add00e3-9eb7-40c9-a581-033addf3d17b req-73009f86-f88b-45c2-b088-0048abf769fe 200a9e29034042af8140f74240ebed3e b9b30c88a43840ed9c4e231e22074a45 - - default default] No more DHCP agents
2026-07-09 00:43:23.650 9 WARNING neutron.api.rpc.agentnotifiers.dhcp_rpc_agent_api [req-2add00e3-9eb7-40c9-a581-033addf3d17b req-73009f86-f88b-45c2-b088-0048abf769fe 200a9e29034042af8140f74240ebed3e b9b30c88a43840ed9c4e231e22074a45 - - default default] Unable to schedule network 506ec66e-5c14-4db7-8b41-c6b15b0ecf5f: no agents available; will retry on subsequent port and subnet creation events.
2026-07-09 00:43:23.661 10 INFO neutron.db.ovn_revision_numbers_db [None req-20207d4a-62ab-4190-9609-ec3a5016d591 21194a289b77496faff67688a8fd7b4b f3cf2f2864f8488f9ee1f2769b181541 - - default default] Successfully bumped revision number for resource decb8b77-cb69-49c1-bb74-b3f4290811b0 (type: networks) to 1 /var/lib/openstack/lib/python3.12/site-packages/pycadf/identifier.py:71: UserWarning: Invalid uuid: neutron. To ensure interoperability, identifiers should be a valid uuid. warnings.warn(('Invalid uuid: %s. To ensure interoperability, '
2026-07-09 00:43:23.797 9 INFO neutron.db.ovn_revision_numbers_db [req-2add00e3-9eb7-40c9-a581-033addf3d17b req-73009f86-f88b-45c2-b088-0048abf769fe 200a9e29034042af8140f74240ebed3e b9b30c88a43840ed9c4e231e22074a45 - - default default] Successfully bumped revision number for resource 0d9f2051-b5ee-49a7-bb7c-a896c00739da (type: ports) to 1
2026-07-09 00:43:23.816 10 WARNING neutron.scheduler.dhcp_agent_scheduler [None req-20207d4a-62ab-4190-9609-ec3a5016d591 21194a289b77496faff67688a8fd7b4b f3cf2f2864f8488f9ee1f2769b181541 - - default default] No more DHCP agents
2026-07-09 00:43:23.818 10 WARNING neutron.api.rpc.agentnotifiers.dhcp_rpc_agent_api [None req-20207d4a-62ab-4190-9609-ec3a5016d591 21194a289b77496faff67688a8fd7b4b f3cf2f2864f8488f9ee1f2769b181541 - - default default] Unable to schedule network decb8b77-cb69-49c1-bb74-b3f4290811b0: no agents available; will retry on subsequent port and subnet creation events.
2026-07-09 00:43:23.825 9 INFO neutron.api.wsgi [req-2add00e3-9eb7-40c9-a581-033addf3d17b req-73009f86-f88b-45c2-b088-0048abf769fe 200a9e29034042af8140f74240ebed3e b9b30c88a43840ed9c4e231e22074a45 - - default default] 199.204.45.77 "POST /v2.0/ports HTTP/1.1" status: 201 len: 1158 time: 0.5235868
2026-07-09 00:43:23.840 9 INFO neutron.api.wsgi [req-2add00e3-9eb7-40c9-a581-033addf3d17b req-4ae45d59-fb14-4978-b218-0c54b8a0752e 200a9e29034042af8140f74240ebed3e b9b30c88a43840ed9c4e231e22074a45 - - default default] 199.204.45.77 "GET /v2.0/extensions HTTP/1.1" status: 200 len: 19298 time: 0.0089018
2026-07-09 00:43:23.884 10 INFO neutron.db.ovn_revision_numbers_db [None req-20207d4a-62ab-4190-9609-ec3a5016d591 21194a289b77496faff67688a8fd7b4b f3cf2f2864f8488f9ee1f2769b181541 - - default default] Successfully bumped revision number for resource ba4e19a0-ee42-4c0b-ab1b-4eaf330ebebe (type: ports) to 1
2026-07-09 00:43:23.912 9 INFO neutron.db.ovn_revision_numbers_db [None req-8948eadf-52f2-4602-80d2-cec553b90551 21194a289b77496faff67688a8fd7b4b f3cf2f2864f8488f9ee1f2769b181541 - - default default] Successfully bumped revision number for resource e203d5a9-ecd7-4c5d-8363-30b68adde23a (type: security_groups) to 1
2026-07-09 00:43:23.916 10 INFO neutron.api.wsgi [None req-20207d4a-62ab-4190-9609-ec3a5016d591 21194a289b77496faff67688a8fd7b4b f3cf2f2864f8488f9ee1f2769b181541 - - default default] 10.0.0.38 "POST /v2.0/networks HTTP/1.1" status: 201 len: 945 time: 0.6926038
2026-07-09 00:43:23.917 10 INFO neutron.api.wsgi [req-4a9e1674-ee13-4414-8a2e-3b8791634323 req-02b3d0d0-6b5e-4eb8-a535-0c188a3b2809 ff091af945264cc48bc0505ec7ecaf8a bceedd94e43d4d2eb662afc1b9da2c8f - - default default] 10.0.0.31 "GET /v2.0/ports?device_id=53eabb90-4034-47c7-a092-29f863927631 HTTP/1.1" status: 200 len: 210 time: 0.0189130
2026-07-09 00:43:23.933 9 INFO neutron.db.ovn_revision_numbers_db [None req-8948eadf-52f2-4602-80d2-cec553b90551 21194a289b77496faff67688a8fd7b4b f3cf2f2864f8488f9ee1f2769b181541 - - default default] Successfully bumped revision number for resource 314b7e56-585e-4d0e-a0e4-111065dec815 (type: security_group_rules) to 0
2026-07-09 00:43:23.945 9 INFO neutron.db.ovn_revision_numbers_db [None req-8948eadf-52f2-4602-80d2-cec553b90551 21194a289b77496faff67688a8fd7b4b f3cf2f2864f8488f9ee1f2769b181541 - - default default] Successfully bumped revision number for resource 3ad3e964-fada-4dfe-8e7b-fd1508f3f251 (type: security_group_rules) to 0
2026-07-09 00:43:23.957 9 INFO neutron.db.ovn_revision_numbers_db [None req-8948eadf-52f2-4602-80d2-cec553b90551 21194a289b77496faff67688a8fd7b4b f3cf2f2864f8488f9ee1f2769b181541 - - default default] Successfully bumped revision number for resource 89087ac7-7870-4a97-ad22-3f5e9f4dbce8 (type: security_group_rules) to 0
2026-07-09 00:43:23.986 9 INFO neutron.db.ovn_revision_numbers_db [None req-8948eadf-52f2-4602-80d2-cec553b90551 21194a289b77496faff67688a8fd7b4b f3cf2f2864f8488f9ee1f2769b181541 - - default default] Successfully bumped revision number for resource fee0d690-ed3f-49fe-8f9d-a79546d8660b (type: security_group_rules) to 0
2026-07-09 00:43:24.023 9 INFO neutron.api.wsgi [None req-8948eadf-52f2-4602-80d2-cec553b90551 21194a289b77496faff67688a8fd7b4b f3cf2f2864f8488f9ee1f2769b181541 - - default default] 10.0.0.38 "GET /v2.0/security-groups?tenant_id=8b5247c4385b40cd8131890751d1640e&name=default HTTP/1.1" status: 200 len: 3120 time: 0.3442407
2026-07-09 00:43:24.044 9 INFO neutron.api.wsgi [req-0875e93d-e9d9-494f-a708-d07cde5c2aec req-e6bb78ad-1655-468f-b8c8-2d94e403ed05 200a9e29034042af8140f74240ebed3e b9b30c88a43840ed9c4e231e22074a45 - - default default] 10.0.0.31 "GET /v2.0/ports?device_id=4d281ff4-e45f-4fdd-98de-366b5395e05e HTTP/1.1" status: 200 len: 1156 time: 0.0839181
2026-07-09 00:43:24.083 10 WARNING neutron.scheduler.dhcp_agent_scheduler [None req-da5bfb5a-c174-4803-9b1b-1d51106a3daf 21194a289b77496faff67688a8fd7b4b f3cf2f2864f8488f9ee1f2769b181541 - - default default] No more DHCP agents
2026-07-09 00:43:24.085 10 WARNING neutron.api.rpc.agentnotifiers.dhcp_rpc_agent_api [None req-da5bfb5a-c174-4803-9b1b-1d51106a3daf 21194a289b77496faff67688a8fd7b4b f3cf2f2864f8488f9ee1f2769b181541 - - default default] Unable to schedule network decb8b77-cb69-49c1-bb74-b3f4290811b0: no agents available; will retry on subsequent port and subnet creation events.
2026-07-09 00:43:24.088 9 INFO neutron.api.wsgi [req-0875e93d-e9d9-494f-a708-d07cde5c2aec req-67dab812-496e-4e6a-a378-9ef36011ae67 200a9e29034042af8140f74240ebed3e b9b30c88a43840ed9c4e231e22074a45 - - default default] 10.0.0.31 "GET /v2.0/security-groups?id=778bc66a-8dba-4a1e-948f-7c0ef529b9ef&fields=id&fields=name HTTP/1.1" status: 200 len: 286 time: 0.0383403
2026-07-09 00:43:24.299 9 INFO neutron.api.wsgi [None req-f25d548e-1dc3-4c05-9c37-308c49b5d5a9 21194a289b77496faff67688a8fd7b4b f3cf2f2864f8488f9ee1f2769b181541 - - default default] 10.0.0.38 "DELETE /v2.0/security-groups/e203d5a9-ecd7-4c5d-8363-30b68adde23a HTTP/1.1" status: 204 len: 168 time: 0.2702472
2026-07-09 00:43:24.536 10 INFO neutron.db.ovn_revision_numbers_db [None req-cdcb0b76-1813-42e2-a0d8-2a8cec0fca40 - - - - - -] Successfully bumped revision number for resource ba4e19a0-ee42-4c0b-ab1b-4eaf330ebebe (type: ports) to 2
2026-07-09 00:43:24.568 10 INFO neutron.db.ovn_revision_numbers_db [None req-cdcb0b76-1813-42e2-a0d8-2a8cec0fca40 - - - - - -] Successfully bumped revision number for resource 12a28f85-0107-4083-abf4-4711686e3f3b (type: subnets) to 0
2026-07-09 00:43:24.577 9 INFO neutron.db.ovn_revision_numbers_db [req-2add00e3-9eb7-40c9-a581-033addf3d17b req-ce116e7f-04f3-4d39-915d-c94b7a2b8afc d6d4ae095f6a4cc2a76be4e7569ac5dc 3d76cb75425c4c7789b8ea7099232f05 - - a4c9ffe7ac2d4d0d817b6f5e32ccdf77 a4c9ffe7ac2d4d0d817b6f5e32ccdf77] Successfully bumped revision number for resource 0d9f2051-b5ee-49a7-bb7c-a896c00739da (type: ports) to 2
2026-07-09 00:43:24.581 10 INFO neutron.api.wsgi [None req-da5bfb5a-c174-4803-9b1b-1d51106a3daf 21194a289b77496faff67688a8fd7b4b f3cf2f2864f8488f9ee1f2769b181541 - - default default] 10.0.0.38 "POST /v2.0/subnets HTTP/1.1" status: 201 len: 889 time: 0.6541774 /var/lib/openstack/lib/python3.12/site-packages/pycadf/identifier.py:71: UserWarning: Invalid uuid: neutron. To ensure interoperability, identifiers should be a valid uuid. warnings.warn(('Invalid uuid: %s. To ensure interoperability, '
2026-07-09 00:43:24.798 9 INFO neutron.api.wsgi [req-d9bbe632-ef07-41f4-ac03-82439f85d8c8 req-e7360145-97a4-4334-9894-a5d34eb5e214 ff091af945264cc48bc0505ec7ecaf8a bceedd94e43d4d2eb662afc1b9da2c8f - - default default] 199.204.45.77 "GET /v2.0/networks?id=83f8e547-db66-4919-88a3-80d617f2d8a8 HTTP/1.1" status: 200 len: 883 time: 0.0602126
2026-07-09 00:43:24.819 9 INFO neutron.db.ovn_revision_numbers_db [req-2add00e3-9eb7-40c9-a581-033addf3d17b req-ce116e7f-04f3-4d39-915d-c94b7a2b8afc d6d4ae095f6a4cc2a76be4e7569ac5dc 3d76cb75425c4c7789b8ea7099232f05 - - a4c9ffe7ac2d4d0d817b6f5e32ccdf77 a4c9ffe7ac2d4d0d817b6f5e32ccdf77] Successfully bumped revision number for resource 0d9f2051-b5ee-49a7-bb7c-a896c00739da (type: ports) to 4
2026-07-09 00:43:24.844 9 INFO neutron.api.wsgi [req-2add00e3-9eb7-40c9-a581-033addf3d17b req-ce116e7f-04f3-4d39-915d-c94b7a2b8afc d6d4ae095f6a4cc2a76be4e7569ac5dc 3d76cb75425c4c7789b8ea7099232f05 - - a4c9ffe7ac2d4d0d817b6f5e32ccdf77 a4c9ffe7ac2d4d0d817b6f5e32ccdf77] 199.204.45.77 "PUT /v2.0/ports/0d9f2051-b5ee-49a7-bb7c-a896c00739da HTTP/1.1" status: 200 len: 1404 time: 0.6798079
2026-07-09 00:43:24.859 9 INFO neutron.api.wsgi [req-d9bbe632-ef07-41f4-ac03-82439f85d8c8 req-84472377-f56c-4f61-a243-ad174f859ca7 ff091af945264cc48bc0505ec7ecaf8a bceedd94e43d4d2eb662afc1b9da2c8f - - default default] 199.204.45.77 "GET /v2.0/security-groups?fields=id&fields=name&tenant_id=bceedd94e43d4d2eb662afc1b9da2c8f HTTP/1.1" status: 200 len: 379 time: 0.0468035
2026-07-09 00:43:24.868 9 WARNING neutron_lib.context [req-d9bbe632-ef07-41f4-ac03-82439f85d8c8 req-bda7e202-38f1-4973-9ef9-0bfd77c83a3b ff091af945264cc48bc0505ec7ecaf8a bceedd94e43d4d2eb662afc1b9da2c8f - - default default] Method 'is_advsvc' is deprecated since 2023.2 release (neutron-lib 3.8.0) and will be removed once support for the old RBAC API policies will be removed from Neutron. Please use method 'is_service_role' instead.
2026-07-09 00:43:25.008 10 INFO neutron.api.wsgi [req-556f03b6-02fa-4664-a06c-5418edd6c406 req-dd71177d-ef5a-4456-ab97-30de55f88de5 ff091af945264cc48bc0505ec7ecaf8a bceedd94e43d4d2eb662afc1b9da2c8f - - default default] 10.0.0.31 "GET /v2.0/ports?device_id=53eabb90-4034-47c7-a092-29f863927631 HTTP/1.1" status: 200 len: 210 time: 0.0294011
2026-07-09 00:43:25.029 10 WARNING neutron.scheduler.dhcp_agent_scheduler [None req-f3f1793f-70ee-40d2-8a25-52a594e4228a 21194a289b77496faff67688a8fd7b4b f3cf2f2864f8488f9ee1f2769b181541 - - default default] No more DHCP agents
2026-07-09 00:43:25.031 10 WARNING neutron.api.rpc.agentnotifiers.dhcp_rpc_agent_api [None req-f3f1793f-70ee-40d2-8a25-52a594e4228a 21194a289b77496faff67688a8fd7b4b f3cf2f2864f8488f9ee1f2769b181541 - - default default] Unable to schedule network c0c9bd91-e1e7-4eaf-8008-8ac8d6e5deec: no agents available; will retry on subsequent port and subnet creation events. /var/lib/openstack/lib/python3.12/site-packages/pycadf/identifier.py:71: UserWarning: Invalid uuid: neutron. To ensure interoperability, identifiers should be a valid uuid. warnings.warn(('Invalid uuid: %s. To ensure interoperability, '
2026-07-09 00:43:25.180 10 INFO neutron.db.ovn_revision_numbers_db [None req-f3f1793f-70ee-40d2-8a25-52a594e4228a 21194a289b77496faff67688a8fd7b4b f3cf2f2864f8488f9ee1f2769b181541 - - default default] Successfully bumped revision number for resource 8ba188fc-e12e-4738-8775-7896c55a81ab (type: ports) to 1
2026-07-09 00:43:25.216 9 INFO neutron.api.wsgi [req-8a741410-11e8-4261-9102-aa26c31c440f req-f7f68f09-639b-43c8-a14e-a372c2ee9b2b 200a9e29034042af8140f74240ebed3e b9b30c88a43840ed9c4e231e22074a45 - - default default] 10.0.0.31 "GET /v2.0/ports?device_id=4d281ff4-e45f-4fdd-98de-366b5395e05e HTTP/1.1" status: 200 len: 1168 time: 0.0477188
2026-07-09 00:43:25.219 9 WARNING neutron.scheduler.dhcp_agent_scheduler [req-d9bbe632-ef07-41f4-ac03-82439f85d8c8 req-bda7e202-38f1-4973-9ef9-0bfd77c83a3b ff091af945264cc48bc0505ec7ecaf8a bceedd94e43d4d2eb662afc1b9da2c8f - - default default] No more DHCP agents
2026-07-09 00:43:25.221 9 WARNING neutron.api.rpc.agentnotifiers.dhcp_rpc_agent_api [req-d9bbe632-ef07-41f4-ac03-82439f85d8c8 req-bda7e202-38f1-4973-9ef9-0bfd77c83a3b ff091af945264cc48bc0505ec7ecaf8a bceedd94e43d4d2eb662afc1b9da2c8f - - default default] Unable to schedule network 83f8e547-db66-4919-88a3-80d617f2d8a8: no agents available; will retry on subsequent port and subnet creation events. /var/lib/openstack/lib/python3.12/site-packages/pycadf/identifier.py:71: UserWarning: Invalid uuid: neutron. To ensure interoperability, identifiers should be a valid uuid. warnings.warn(('Invalid uuid: %s. To ensure interoperability, '
2026-07-09 00:43:25.271 9 INFO neutron.api.wsgi [req-8a741410-11e8-4261-9102-aa26c31c440f req-54db3d71-60bf-4a67-b8d8-3755d993a5c0 200a9e29034042af8140f74240ebed3e b9b30c88a43840ed9c4e231e22074a45 - - default default] 10.0.0.31 "GET /v2.0/security-groups?id=778bc66a-8dba-4a1e-948f-7c0ef529b9ef&fields=id&fields=name HTTP/1.1" status: 200 len: 286 time: 0.0481808
2026-07-09 00:43:25.510 9 WARNING neutron.plugins.ml2.drivers.ovn.mech_driver.ovsdb.ovn_client [None req-c51b3ff1-3ae1-49ab-befd-a9eb3291b8dd - - - - - -] No hosting information found for port 24c83f2b-fb8f-46d6-9ac2-546bbb5fd616: RuntimeError: No hosting information found for port 24c83f2b-fb8f-46d6-9ac2-546bbb5fd616
2026-07-09 00:43:25.538 9 INFO neutron.notifiers.nova [-] Nova event matching ['req-98be8383-75b3-4a91-8c7b-0ff284b3b6d8'] response: {'name': 'network-changed', 'server_uuid': '4d281ff4-e45f-4fdd-98de-366b5395e05e', 'tag': '0d9f2051-b5ee-49a7-bb7c-a896c00739da', 'status': 'completed', 'code': 200}
2026-07-09 00:43:25.562 9 INFO neutron.db.ovn_revision_numbers_db [req-d9bbe632-ef07-41f4-ac03-82439f85d8c8 req-bda7e202-38f1-4973-9ef9-0bfd77c83a3b ff091af945264cc48bc0505ec7ecaf8a bceedd94e43d4d2eb662afc1b9da2c8f - - default default] Successfully bumped revision number for resource dbde4a75-c0a6-4eae-8ffb-ec935aca884f (type: ports) to 1
2026-07-09 00:43:25.587 9 INFO neutron.api.wsgi [req-d9bbe632-ef07-41f4-ac03-82439f85d8c8 req-bda7e202-38f1-4973-9ef9-0bfd77c83a3b ff091af945264cc48bc0505ec7ecaf8a bceedd94e43d4d2eb662afc1b9da2c8f - - default default] 199.204.45.77 "POST /v2.0/ports HTTP/1.1" status: 201 len: 1158 time: 0.7246628
2026-07-09 00:43:25.610 9 INFO neutron.db.ovn_revision_numbers_db [None req-c51b3ff1-3ae1-49ab-befd-a9eb3291b8dd - - - - - -] Successfully bumped revision number for resource 24c83f2b-fb8f-46d6-9ac2-546bbb5fd616 (type: router_ports) to 2
2026-07-09 00:43:25.759 10 INFO neutron.plugins.ml2.drivers.ovn.mech_driver.ovsdb.commands [None req-a40e6ebc-97bd-4872-81db-5f9a8f6b76e7 - - - - - -] Schedule LRP lrp-8ba188fc-e12e-4738-8775-7896c55a81ab on gateway b83027b7-4319-44dc-9490-cd8a537f60a6 with priority 1
2026-07-09 00:43:25.769 9 INFO neutron.plugins.ml2.drivers.ovn.mech_driver.mech_driver [None req-c51b3ff1-3ae1-49ab-befd-a9eb3291b8dd - - - - - -] OVN reports status up for port: 8ba188fc-e12e-4738-8775-7896c55a81ab
2026-07-09 00:43:25.780 9 INFO neutron.plugins.ml2.plugin [None req-c51b3ff1-3ae1-49ab-befd-a9eb3291b8dd - - - - - -] Attempt 1 to provision port 8ba188fc-e12e-4738-8775-7896c55a81ab
2026-07-09 00:43:25.800 10 INFO neutron.db.ovn_revision_numbers_db [None req-f3f1793f-70ee-40d2-8a25-52a594e4228a 21194a289b77496faff67688a8fd7b4b f3cf2f2864f8488f9ee1f2769b181541 - - default default] Successfully bumped revision number for resource 8ba188fc-e12e-4738-8775-7896c55a81ab (type: router_ports) to 1
2026-07-09 00:43:25.811 9 INFO neutron.plugins.ml2.drivers.ovn.mech_driver.ovsdb.ovsdb_monitor [-] Router de0e7d0b-2dfc-41de-932d-4f1d7e882332 is bound to host instance
2026-07-09 00:43:25.874 10 INFO neutron.db.ovn_revision_numbers_db [None req-f3f1793f-70ee-40d2-8a25-52a594e4228a 21194a289b77496faff67688a8fd7b4b f3cf2f2864f8488f9ee1f2769b181541 - - default default] Successfully bumped revision number for resource de0e7d0b-2dfc-41de-932d-4f1d7e882332 (type: routers) to 2
2026-07-09 00:43:25.888 10 INFO neutron.api.wsgi [None req-f3f1793f-70ee-40d2-8a25-52a594e4228a 21194a289b77496faff67688a8fd7b4b f3cf2f2864f8488f9ee1f2769b181541 - - default default] 10.0.0.38 "POST /v2.0/routers HTTP/1.1" status: 201 len: 1167 time: 1.3021770
2026-07-09 00:43:25.946 9 INFO neutron.api.wsgi [req-2add00e3-9eb7-40c9-a581-033addf3d17b req-135cd910-7c4a-4c8b-b2e6-539ff5d784ab d6d4ae095f6a4cc2a76be4e7569ac5dc 3d76cb75425c4c7789b8ea7099232f05 - - a4c9ffe7ac2d4d0d817b6f5e32ccdf77 a4c9ffe7ac2d4d0d817b6f5e32ccdf77] 199.204.45.77 "GET /v2.0/ports?tenant_id=b9b30c88a43840ed9c4e231e22074a45&device_id=4d281ff4-e45f-4fdd-98de-366b5395e05e HTTP/1.1" status: 200 len: 1407 time: 0.0891373 /var/lib/openstack/lib/python3.12/site-packages/pycadf/identifier.py:71: UserWarning: Invalid uuid: neutron. To ensure interoperability, identifiers should be a valid uuid. warnings.warn(('Invalid uuid: %s. To ensure interoperability, '
2026-07-09 00:43:25.990 9 INFO neutron.api.wsgi [req-2add00e3-9eb7-40c9-a581-033addf3d17b req-49618822-3553-47a0-ad62-6ff4619583af d6d4ae095f6a4cc2a76be4e7569ac5dc 3d76cb75425c4c7789b8ea7099232f05 - - a4c9ffe7ac2d4d0d817b6f5e32ccdf77 a4c9ffe7ac2d4d0d817b6f5e32ccdf77] 199.204.45.77 "GET /v2.0/floatingips?fixed_ip_address=10.100.0.7&port_id=0d9f2051-b5ee-49a7-bb7c-a896c00739da HTTP/1.1" status: 200 len: 217 time: 0.0345800
2026-07-09 00:43:26.033 9 INFO neutron.api.wsgi [req-2add00e3-9eb7-40c9-a581-033addf3d17b req-e7f37756-b50a-4922-a885-67dd6cd39d64 d6d4ae095f6a4cc2a76be4e7569ac5dc 3d76cb75425c4c7789b8ea7099232f05 - - a4c9ffe7ac2d4d0d817b6f5e32ccdf77 a4c9ffe7ac2d4d0d817b6f5e32ccdf77] 199.204.45.77 "GET /v2.0/subnets?id=12f1942b-b430-4c6e-acb1-4fed64364b02 HTTP/1.1" status: 200 len: 894 time: 0.0372665
2026-07-09 00:43:26.068 9 INFO neutron.api.wsgi [req-2add00e3-9eb7-40c9-a581-033addf3d17b req-ed6833f0-2c26-4b89-8448-f355d1262d69 d6d4ae095f6a4cc2a76be4e7569ac5dc 3d76cb75425c4c7789b8ea7099232f05 - - a4c9ffe7ac2d4d0d817b6f5e32ccdf77 a4c9ffe7ac2d4d0d817b6f5e32ccdf77] 199.204.45.77 "GET /v2.0/ports?network_id=506ec66e-5c14-4db7-8b41-c6b15b0ecf5f&device_owner=network%3Adhcp HTTP/1.1" status: 200 len: 210 time: 0.0277090
2026-07-09 00:43:26.184 9 INFO neutron.api.wsgi [req-2add00e3-9eb7-40c9-a581-033addf3d17b req-5abbb1b5-1c11-40c6-83fe-ab5a846181a0 d6d4ae095f6a4cc2a76be4e7569ac5dc 3d76cb75425c4c7789b8ea7099232f05 - - a4c9ffe7ac2d4d0d817b6f5e32ccdf77 a4c9ffe7ac2d4d0d817b6f5e32ccdf77] 199.204.45.77 "GET /v2.0/networks/506ec66e-5c14-4db7-8b41-c6b15b0ecf5f?fields=segments HTTP/1.1" status: 200 len: 212 time: 0.1111100
2026-07-09 00:43:26.216 9 INFO neutron.db.ovn_revision_numbers_db [req-d9bbe632-ef07-41f4-ac03-82439f85d8c8 req-fd5f11b8-e1a3-488b-a798-1358e70fc985 d6d4ae095f6a4cc2a76be4e7569ac5dc 3d76cb75425c4c7789b8ea7099232f05 - - a4c9ffe7ac2d4d0d817b6f5e32ccdf77 a4c9ffe7ac2d4d0d817b6f5e32ccdf77] Successfully bumped revision number for resource dbde4a75-c0a6-4eae-8ffb-ec935aca884f (type: ports) to 2
2026-07-09 00:43:26.235 9 INFO neutron.api.wsgi [req-141158da-4b5f-4e2f-8f56-27b03a812c1a req-707fb71b-5b2e-4088-adb7-d091f836ba62 ff091af945264cc48bc0505ec7ecaf8a bceedd94e43d4d2eb662afc1b9da2c8f - - default default] 10.0.0.31 "GET /v2.0/ports?device_id=53eabb90-4034-47c7-a092-29f863927631 HTTP/1.1" status: 200 len: 1168 time: 0.1651828
2026-07-09 00:43:26.302 9 INFO neutron.api.wsgi [req-2add00e3-9eb7-40c9-a581-033addf3d17b req-6fb5d24f-1434-4d21-8cb0-bd0cba3e6155 d6d4ae095f6a4cc2a76be4e7569ac5dc 3d76cb75425c4c7789b8ea7099232f05 - - a4c9ffe7ac2d4d0d817b6f5e32ccdf77 a4c9ffe7ac2d4d0d817b6f5e32ccdf77] 199.204.45.77 "GET /v2.0/networks/506ec66e-5c14-4db7-8b41-c6b15b0ecf5f?fields=provider%3Aphysical_network&fields=provider%3Anetwork_type HTTP/1.1" status: 200 len: 277 time: 0.1098726
2026-07-09 00:43:26.325 10 WARNING neutron.scheduler.dhcp_agent_scheduler [None req-534c7c46-57d4-43d9-96c6-03c686bdcdab 21194a289b77496faff67688a8fd7b4b f3cf2f2864f8488f9ee1f2769b181541 - - default default] No more DHCP agents
2026-07-09 00:43:26.327 10 WARNING neutron.api.rpc.agentnotifiers.dhcp_rpc_agent_api [None req-534c7c46-57d4-43d9-96c6-03c686bdcdab 21194a289b77496faff67688a8fd7b4b f3cf2f2864f8488f9ee1f2769b181541 - - default default] Unable to schedule network decb8b77-cb69-49c1-bb74-b3f4290811b0: no agents available; will retry on subsequent port and subnet creation events.
2026-07-09 00:43:26.331 9 INFO neutron.api.wsgi [req-141158da-4b5f-4e2f-8f56-27b03a812c1a req-b94c06cb-de94-4b00-b19d-02a3682d0164 ff091af945264cc48bc0505ec7ecaf8a bceedd94e43d4d2eb662afc1b9da2c8f - - default default] 10.0.0.31 "GET /v2.0/security-groups?id=d55c3e4f-72a4-4e32-b1af-a4d0b1ae8f29&fields=id&fields=name HTTP/1.1" status: 200 len: 312 time: 0.0858335
2026-07-09 00:43:26.430 10 INFO neutron.api.wsgi [req-e9aafa24-2237-41d0-a1db-11b55422ee9b req-3b872fe9-31f8-4542-bc43-f6deae832be2 200a9e29034042af8140f74240ebed3e b9b30c88a43840ed9c4e231e22074a45 - - default default] 10.0.0.31 "GET /v2.0/ports?device_id=4d281ff4-e45f-4fdd-98de-366b5395e05e HTTP/1.1" status: 200 len: 1168 time: 0.0900309
2026-07-09 00:43:26.468 10 INFO neutron.db.ovn_revision_numbers_db [None req-534c7c46-57d4-43d9-96c6-03c686bdcdab 21194a289b77496faff67688a8fd7b4b f3cf2f2864f8488f9ee1f2769b181541 - - default default] Successfully bumped revision number for resource 02a531c0-fa6e-493d-b12d-02987fb0b9d0 (type: ports) to 1
2026-07-09 00:43:26.529 9 INFO neutron.db.ovn_revision_numbers_db [req-d9bbe632-ef07-41f4-ac03-82439f85d8c8 req-fd5f11b8-e1a3-488b-a798-1358e70fc985 d6d4ae095f6a4cc2a76be4e7569ac5dc 3d76cb75425c4c7789b8ea7099232f05 - - a4c9ffe7ac2d4d0d817b6f5e32ccdf77 a4c9ffe7ac2d4d0d817b6f5e32ccdf77] Successfully bumped revision number for resource dbde4a75-c0a6-4eae-8ffb-ec935aca884f (type: ports) to 4
2026-07-09 00:43:26.544 9 INFO neutron.api.wsgi [req-d9bbe632-ef07-41f4-ac03-82439f85d8c8 req-fd5f11b8-e1a3-488b-a798-1358e70fc985 d6d4ae095f6a4cc2a76be4e7569ac5dc 3d76cb75425c4c7789b8ea7099232f05 - - a4c9ffe7ac2d4d0d817b6f5e32ccdf77 a4c9ffe7ac2d4d0d817b6f5e32ccdf77] 199.204.45.77 "PUT /v2.0/ports/dbde4a75-c0a6-4eae-8ffb-ec935aca884f HTTP/1.1" status: 200 len: 1404 time: 0.9514303
2026-07-09 00:43:26.584 9 INFO neutron.db.ovn_revision_numbers_db [None req-23973507-1e1c-42bf-b068-d7539b7b72e0 - - - - - -] Successfully bumped revision number for resource 8ba188fc-e12e-4738-8775-7896c55a81ab (type: ports) to 1
2026-07-09 00:43:26.742 10 INFO neutron.api.wsgi [req-e9aafa24-2237-41d0-a1db-11b55422ee9b req-c67006ad-0ac3-44b5-84a5-525c73f1a533 200a9e29034042af8140f74240ebed3e b9b30c88a43840ed9c4e231e22074a45 - - default default] 10.0.0.31 "GET /v2.0/security-groups?id=778bc66a-8dba-4a1e-948f-7c0ef529b9ef&fields=id&fields=name HTTP/1.1" status: 200 len: 286 time: 0.3058286
2026-07-09 00:43:26.914 9 INFO neutron.db.ovn_revision_numbers_db [None req-23973507-1e1c-42bf-b068-d7539b7b72e0 - - - - - -] Successfully bumped revision number for resource 8ba188fc-e12e-4738-8775-7896c55a81ab (type: ports) to 4 /var/lib/openstack/lib/python3.12/site-packages/pycadf/identifier.py:71: UserWarning: Invalid uuid: neutron. To ensure interoperability, identifiers should be a valid uuid. warnings.warn(('Invalid uuid: %s. To ensure interoperability, '
2026-07-09 00:43:27.116 9 INFO neutron.db.ovn_revision_numbers_db [None req-7070fe5c-eb0f-45dd-9969-118534b2fed6 21194a289b77496faff67688a8fd7b4b f3cf2f2864f8488f9ee1f2769b181541 - - default default] Successfully bumped revision number for resource a946c0de-27d6-430a-98e7-4cbb58e49996 (type: security_groups) to 1
2026-07-09 00:43:27.138 9 INFO neutron.db.ovn_revision_numbers_db [None req-7070fe5c-eb0f-45dd-9969-118534b2fed6 21194a289b77496faff67688a8fd7b4b f3cf2f2864f8488f9ee1f2769b181541 - - default default] Successfully bumped revision number for resource 2786f75d-d0f1-4cf3-a1e9-c7a540d31553 (type: security_group_rules) to 0
2026-07-09 00:43:27.157 9 INFO neutron.db.ovn_revision_numbers_db [None req-7070fe5c-eb0f-45dd-9969-118534b2fed6 21194a289b77496faff67688a8fd7b4b f3cf2f2864f8488f9ee1f2769b181541 - - default default] Successfully bumped revision number for resource 4502c35d-99a9-42b7-aa63-ab92707f0bac (type: security_group_rules) to 0
2026-07-09 00:43:27.182 9 INFO neutron.db.ovn_revision_numbers_db [None req-7070fe5c-eb0f-45dd-9969-118534b2fed6 21194a289b77496faff67688a8fd7b4b f3cf2f2864f8488f9ee1f2769b181541 - - default default] Successfully bumped revision number for resource 4ef092f7-60ed-4794-9b36-f39d8a3e4afa (type: security_group_rules) to 0
2026-07-09 00:43:27.200 9 INFO neutron.db.ovn_revision_numbers_db [None req-7070fe5c-eb0f-45dd-9969-118534b2fed6 21194a289b77496faff67688a8fd7b4b f3cf2f2864f8488f9ee1f2769b181541 - - default default] Successfully bumped revision number for resource 59aaa33b-3dc6-49c3-8625-935f24c5dd4f (type: security_group_rules) to 0
2026-07-09 00:43:27.252 9 INFO neutron.api.wsgi [None req-7070fe5c-eb0f-45dd-9969-118534b2fed6 21194a289b77496faff67688a8fd7b4b f3cf2f2864f8488f9ee1f2769b181541 - - default default] 10.0.0.38 "GET /v2.0/security-groups?tenant_id=80943bd956094c46b2f451e8bd4a581d&name=default HTTP/1.1" status: 200 len: 3120 time: 0.4417815
2026-07-09 00:43:27.267 10 INFO neutron.db.ovn_revision_numbers_db [None req-534c7c46-57d4-43d9-96c6-03c686bdcdab 21194a289b77496faff67688a8fd7b4b f3cf2f2864f8488f9ee1f2769b181541 - - default default] Successfully bumped revision number for resource 02a531c0-fa6e-493d-b12d-02987fb0b9d0 (type: ports) to 1
2026-07-09 00:43:27.288 9 INFO neutron.db.ovn_revision_numbers_db [None req-23973507-1e1c-42bf-b068-d7539b7b72e0 - - - - - -] Successfully bumped revision number for resource 8ba188fc-e12e-4738-8775-7896c55a81ab (type: ports) to 5
2026-07-09 00:43:27.339 10 WARNING neutron.scheduler.dhcp_agent_scheduler [None req-534c7c46-57d4-43d9-96c6-03c686bdcdab 21194a289b77496faff67688a8fd7b4b f3cf2f2864f8488f9ee1f2769b181541 - - default default] No more DHCP agents
2026-07-09 00:43:27.340 10 WARNING neutron.api.rpc.agentnotifiers.dhcp_rpc_agent_api [None req-534c7c46-57d4-43d9-96c6-03c686bdcdab 21194a289b77496faff67688a8fd7b4b f3cf2f2864f8488f9ee1f2769b181541 - - default default] Unable to schedule network decb8b77-cb69-49c1-bb74-b3f4290811b0: no agents available; will retry on subsequent port and subnet creation events.
2026-07-09 00:43:27.367 9 INFO neutron.api.wsgi [req-dcabd359-8976-452b-83d5-bb648932a1be req-02e4e8a3-2422-48a8-b2d1-bf9cbb24190a d6d4ae095f6a4cc2a76be4e7569ac5dc 3d76cb75425c4c7789b8ea7099232f05 - - a4c9ffe7ac2d4d0d817b6f5e32ccdf77 a4c9ffe7ac2d4d0d817b6f5e32ccdf77] 199.204.45.77 "GET /v2.0/ports?tenant_id=b9b30c88a43840ed9c4e231e22074a45&device_id=4d281ff4-e45f-4fdd-98de-366b5395e05e HTTP/1.1" status: 200 len: 1407 time: 0.0503173
2026-07-09 00:43:27.449 9 INFO neutron.api.wsgi [req-dcabd359-8976-452b-83d5-bb648932a1be req-57fc05fc-4149-4639-adf7-69e3cd575a07 d6d4ae095f6a4cc2a76be4e7569ac5dc 3d76cb75425c4c7789b8ea7099232f05 - - a4c9ffe7ac2d4d0d817b6f5e32ccdf77 a4c9ffe7ac2d4d0d817b6f5e32ccdf77] 199.204.45.77 "GET /v2.0/networks?id=506ec66e-5c14-4db7-8b41-c6b15b0ecf5f HTTP/1.1" status: 200 len: 975 time: 0.0780385
2026-07-09 00:43:27.479 9 INFO neutron.api.wsgi [req-dcabd359-8976-452b-83d5-bb648932a1be req-f5bcaaa5-47b1-4b36-a38f-fc84bde4d83c d6d4ae095f6a4cc2a76be4e7569ac5dc 3d76cb75425c4c7789b8ea7099232f05 - - a4c9ffe7ac2d4d0d817b6f5e32ccdf77 a4c9ffe7ac2d4d0d817b6f5e32ccdf77] 199.204.45.77 "GET /v2.0/floatingips?fixed_ip_address=10.100.0.7&port_id=0d9f2051-b5ee-49a7-bb7c-a896c00739da HTTP/1.1" status: 200 len: 217 time: 0.0243764
2026-07-09 00:43:27.505 9 INFO neutron.api.wsgi [req-5585cd4b-a206-49ba-ac89-c23a81fab237 req-aad9fe4f-0d89-46a5-b4fb-de12fea06e2d ff091af945264cc48bc0505ec7ecaf8a bceedd94e43d4d2eb662afc1b9da2c8f - - default default] 10.0.0.31 "GET /v2.0/ports?device_id=53eabb90-4034-47c7-a092-29f863927631 HTTP/1.1" status: 200 len: 1168 time: 0.0982909
2026-07-09 00:43:27.531 9 INFO neutron.api.wsgi [req-dcabd359-8976-452b-83d5-bb648932a1be req-d7b0b6c8-29d8-4697-b0a5-ffc26a5f49ed d6d4ae095f6a4cc2a76be4e7569ac5dc 3d76cb75425c4c7789b8ea7099232f05 - - a4c9ffe7ac2d4d0d817b6f5e32ccdf77 a4c9ffe7ac2d4d0d817b6f5e32ccdf77] 199.204.45.77 "GET /v2.0/subnets?id=12f1942b-b430-4c6e-acb1-4fed64364b02 HTTP/1.1" status: 200 len: 894 time: 0.0468943
2026-07-09 00:43:27.563 9 INFO neutron.api.wsgi [req-dcabd359-8976-452b-83d5-bb648932a1be req-d151fc59-37fe-4721-8e6c-d8ec75a3e188 d6d4ae095f6a4cc2a76be4e7569ac5dc 3d76cb75425c4c7789b8ea7099232f05 - - a4c9ffe7ac2d4d0d817b6f5e32ccdf77 a4c9ffe7ac2d4d0d817b6f5e32ccdf77] 199.204.45.77 "GET /v2.0/ports?network_id=506ec66e-5c14-4db7-8b41-c6b15b0ecf5f&device_owner=network%3Adhcp HTTP/1.1" status: 200 len: 210 time: 0.0257626
2026-07-09 00:43:27.589 9 INFO neutron.notifiers.nova [-] Nova event matching ['req-0c3ad67e-bbd4-4a6d-bc04-0bb161787764'] response: {'name': 'network-changed', 'server_uuid': '53eabb90-4034-47c7-a092-29f863927631', 'tag': 'dbde4a75-c0a6-4eae-8ffb-ec935aca884f', 'status': 'completed', 'code': 200}
2026-07-09 00:43:27.620 9 INFO neutron.api.wsgi [req-5585cd4b-a206-49ba-ac89-c23a81fab237 req-b8b82723-883e-47bb-91f9-657dcd6b45ad ff091af945264cc48bc0505ec7ecaf8a bceedd94e43d4d2eb662afc1b9da2c8f - - default default] 10.0.0.31 "GET /v2.0/security-groups?id=d55c3e4f-72a4-4e32-b1af-a4d0b1ae8f29&fields=id&fields=name HTTP/1.1" status: 200 len: 312 time: 0.1062465
2026-07-09 00:43:27.630 9 INFO neutron.api.wsgi [req-d9bbe632-ef07-41f4-ac03-82439f85d8c8 req-83f122ef-8f2a-4822-86f4-e2a7356320f9 d6d4ae095f6a4cc2a76be4e7569ac5dc 3d76cb75425c4c7789b8ea7099232f05 - - a4c9ffe7ac2d4d0d817b6f5e32ccdf77 a4c9ffe7ac2d4d0d817b6f5e32ccdf77] 199.204.45.77 "GET /v2.0/ports?tenant_id=bceedd94e43d4d2eb662afc1b9da2c8f&device_id=53eabb90-4034-47c7-a092-29f863927631 HTTP/1.1" status: 200 len: 1407 time: 0.0656745
2026-07-09 00:43:27.662 9 INFO neutron.api.wsgi [req-d9bbe632-ef07-41f4-ac03-82439f85d8c8 req-063ae71c-4ec4-4309-abee-d9c075054b51 d6d4ae095f6a4cc2a76be4e7569ac5dc 3d76cb75425c4c7789b8ea7099232f05 - - a4c9ffe7ac2d4d0d817b6f5e32ccdf77 a4c9ffe7ac2d4d0d817b6f5e32ccdf77] 199.204.45.77 "GET /v2.0/floatingips?fixed_ip_address=10.100.0.8&port_id=dbde4a75-c0a6-4eae-8ffb-ec935aca884f HTTP/1.1" status: 200 len: 217 time: 0.0254118
2026-07-09 00:43:27.669 9 INFO neutron.api.wsgi [req-dcabd359-8976-452b-83d5-bb648932a1be req-7e00d78d-13da-431c-b371-16a72a535403 d6d4ae095f6a4cc2a76be4e7569ac5dc 3d76cb75425c4c7789b8ea7099232f05 - - a4c9ffe7ac2d4d0d817b6f5e32ccdf77 a4c9ffe7ac2d4d0d817b6f5e32ccdf77] 199.204.45.77 "GET /v2.0/networks/506ec66e-5c14-4db7-8b41-c6b15b0ecf5f?fields=segments HTTP/1.1" status: 200 len: 212 time: 0.0942788
2026-07-09 00:43:27.682 9 INFO neutron.api.wsgi [None req-f8220559-12cf-4a44-9d69-458a1bbb33b4 21194a289b77496faff67688a8fd7b4b f3cf2f2864f8488f9ee1f2769b181541 - - default default] 10.0.0.38 "DELETE /v2.0/security-groups/a946c0de-27d6-430a-98e7-4cbb58e49996 HTTP/1.1" status: 204 len: 168 time: 0.4231589
2026-07-09 00:43:27.716 9 INFO neutron.api.wsgi [req-d9bbe632-ef07-41f4-ac03-82439f85d8c8 req-7c9269d0-ce24-4e6e-a93d-c8f761208170 d6d4ae095f6a4cc2a76be4e7569ac5dc 3d76cb75425c4c7789b8ea7099232f05 - - a4c9ffe7ac2d4d0d817b6f5e32ccdf77 a4c9ffe7ac2d4d0d817b6f5e32ccdf77] 199.204.45.77 "GET /v2.0/subnets?id=5c65cbac-d64d-4161-ab68-cf7c27096396 HTTP/1.1" status: 200 len: 901 time: 0.0368826
2026-07-09 00:43:27.735 9 INFO neutron.api.wsgi [req-dcabd359-8976-452b-83d5-bb648932a1be req-752e5445-06a5-41cc-854b-738d1f4f5098 d6d4ae095f6a4cc2a76be4e7569ac5dc 3d76cb75425c4c7789b8ea7099232f05 - - a4c9ffe7ac2d4d0d817b6f5e32ccdf77 a4c9ffe7ac2d4d0d817b6f5e32ccdf77] 199.204.45.77 "GET /v2.0/networks/506ec66e-5c14-4db7-8b41-c6b15b0ecf5f?fields=provider%3Aphysical_network&fields=provider%3Anetwork_type HTTP/1.1" status: 200 len: 277 time: 0.0555508
2026-07-09 00:43:27.749 9 INFO neutron.api.wsgi [req-d9bbe632-ef07-41f4-ac03-82439f85d8c8 req-390e1b38-3c42-4c7e-a259-0c65e224901c d6d4ae095f6a4cc2a76be4e7569ac5dc 3d76cb75425c4c7789b8ea7099232f05 - - a4c9ffe7ac2d4d0d817b6f5e32ccdf77 a4c9ffe7ac2d4d0d817b6f5e32ccdf77] 199.204.45.77 "GET /v2.0/ports?network_id=83f8e547-db66-4919-88a3-80d617f2d8a8&device_owner=network%3Adhcp HTTP/1.1" status: 200 len: 210 time: 0.0183058
2026-07-09 00:43:27.799 9 INFO neutron.api.wsgi [req-d9bbe632-ef07-41f4-ac03-82439f85d8c8 req-540ce491-d938-4951-a171-ac830da091e1 d6d4ae095f6a4cc2a76be4e7569ac5dc 3d76cb75425c4c7789b8ea7099232f05 - - a4c9ffe7ac2d4d0d817b6f5e32ccdf77 a4c9ffe7ac2d4d0d817b6f5e32ccdf77] 199.204.45.77 "GET /v2.0/networks/83f8e547-db66-4919-88a3-80d617f2d8a8?fields=segments HTTP/1.1" status: 200 len: 212 time: 0.0353501
2026-07-09 00:43:27.853 9 INFO neutron.api.wsgi [req-d9bbe632-ef07-41f4-ac03-82439f85d8c8 req-402ad379-99cf-4838-807b-df26244572cf d6d4ae095f6a4cc2a76be4e7569ac5dc 3d76cb75425c4c7789b8ea7099232f05 - - a4c9ffe7ac2d4d0d817b6f5e32ccdf77 a4c9ffe7ac2d4d0d817b6f5e32ccdf77] 199.204.45.77 "GET /v2.0/networks/83f8e547-db66-4919-88a3-80d617f2d8a8?fields=provider%3Aphysical_network&fields=provider%3Anetwork_type HTTP/1.1" status: 200 len: 277 time: 0.0402517
2026-07-09 00:43:27.853 10 INFO neutron.api.wsgi [req-57b3b5b6-c8fd-41ed-92e4-7cf3f8f682fe req-04445662-7c61-42fe-8424-3b70d0b0af2b 200a9e29034042af8140f74240ebed3e b9b30c88a43840ed9c4e231e22074a45 - - default default] 10.0.0.31 "GET /v2.0/ports?device_id=4d281ff4-e45f-4fdd-98de-366b5395e05e HTTP/1.1" status: 200 len: 1168 time: 0.0424848
2026-07-09 00:43:27.895 10 INFO neutron.api.wsgi [req-57b3b5b6-c8fd-41ed-92e4-7cf3f8f682fe req-99bfd1fd-b9bb-4cb4-b234-639eccd26b10 200a9e29034042af8140f74240ebed3e b9b30c88a43840ed9c4e231e22074a45 - - default default] 10.0.0.31 "GET /v2.0/security-groups?id=778bc66a-8dba-4a1e-948f-7c0ef529b9ef&fields=id&fields=name HTTP/1.1" status: 200 len: 286 time: 0.0353446
2026-07-09 00:43:27.986 9 INFO neutron.plugins.ml2.drivers.ovn.mech_driver.mech_driver [None req-c51b3ff1-3ae1-49ab-befd-a9eb3291b8dd - - - - - -] OVN reports status up for port: 02a531c0-fa6e-493d-b12d-02987fb0b9d0
2026-07-09 00:43:27.991 9 INFO neutron.plugins.ml2.plugin [None req-c51b3ff1-3ae1-49ab-befd-a9eb3291b8dd - - - - - -] Attempt 1 to provision port 02a531c0-fa6e-493d-b12d-02987fb0b9d0
2026-07-09 00:43:28.038 10 INFO neutron.db.ovn_revision_numbers_db [None req-534c7c46-57d4-43d9-96c6-03c686bdcdab 21194a289b77496faff67688a8fd7b4b f3cf2f2864f8488f9ee1f2769b181541 - - default default] Successfully bumped revision number for resource 02a531c0-fa6e-493d-b12d-02987fb0b9d0 (type: router_ports) to 1
2026-07-09 00:43:28.044 10 INFO neutron.api.wsgi [None req-534c7c46-57d4-43d9-96c6-03c686bdcdab 21194a289b77496faff67688a8fd7b4b f3cf2f2864f8488f9ee1f2769b181541 - - default default] 10.0.0.38 "PUT /v2.0/routers/de0e7d0b-2dfc-41de-932d-4f1d7e882332/add_router_interface HTTP/1.1" status: 200 len: 503 time: 2.1504741
2026-07-09 00:43:28.509 9 INFO neutron.db.ovn_revision_numbers_db [None req-c51b3ff1-3ae1-49ab-befd-a9eb3291b8dd - - - - - -] Successfully bumped revision number for resource 02a531c0-fa6e-493d-b12d-02987fb0b9d0 (type: ports) to 2
2026-07-09 00:43:28.647 9 WARNING neutron_lib.context [None req-bc91270d-d2a2-4917-9e04-95e8509fc365 17c18e44e1704409972c48b603e94018 ea553c57e2074644bebe34c71e64af0d - - default default] Method 'is_advsvc' is deprecated since 2023.2 release (neutron-lib 3.8.0) and will be removed once support for the old RBAC API policies will be removed from Neutron. Please use method 'is_service_role' instead.
2026-07-09 00:43:28.753 10 INFO neutron.api.wsgi [req-a52f076a-92e3-45ce-b315-7b89a07e1926 req-c9746683-9b69-4d10-af61-bc8a18d639d0 ff091af945264cc48bc0505ec7ecaf8a bceedd94e43d4d2eb662afc1b9da2c8f - - default default] 10.0.0.31 "GET /v2.0/ports?device_id=53eabb90-4034-47c7-a092-29f863927631 HTTP/1.1" status: 200 len: 1168 time: 0.0664451
2026-07-09 00:43:28.776 9 INFO neutron.db.ovn_revision_numbers_db [None req-bc91270d-d2a2-4917-9e04-95e8509fc365 17c18e44e1704409972c48b603e94018 ea553c57e2074644bebe34c71e64af0d - - default default] Successfully bumped revision number for resource bfe8434a-0fa4-4ff0-acac-0ae811117acc (type: security_groups) to 1
2026-07-09 00:43:28.803 9 INFO neutron.db.ovn_revision_numbers_db [None req-bc91270d-d2a2-4917-9e04-95e8509fc365 17c18e44e1704409972c48b603e94018 ea553c57e2074644bebe34c71e64af0d - - default default] Successfully bumped revision number for resource 316ef0b5-0f31-42bc-9172-faa477c4eda2 (type: security_group_rules) to 0
2026-07-09 00:43:28.805 10 INFO neutron.api.wsgi [req-a52f076a-92e3-45ce-b315-7b89a07e1926 req-29bcf313-8dd4-4afc-a149-0f0d429ee64c ff091af945264cc48bc0505ec7ecaf8a bceedd94e43d4d2eb662afc1b9da2c8f - - default default] 10.0.0.31 "GET /v2.0/security-groups?id=d55c3e4f-72a4-4e32-b1af-a4d0b1ae8f29&fields=id&fields=name HTTP/1.1" status: 200 len: 312 time: 0.0439522
2026-07-09 00:43:28.816 9 INFO neutron.db.ovn_revision_numbers_db [None req-bc91270d-d2a2-4917-9e04-95e8509fc365 17c18e44e1704409972c48b603e94018 ea553c57e2074644bebe34c71e64af0d - - default default] Successfully bumped revision number for resource 35539e76-5f42-422a-a6c2-93f0baab36e3 (type: security_group_rules) to 0
2026-07-09 00:43:28.851 9 INFO neutron.api.wsgi [None req-bc91270d-d2a2-4917-9e04-95e8509fc365 17c18e44e1704409972c48b603e94018 ea553c57e2074644bebe34c71e64af0d - - default default] 10.0.0.38 "POST /v2.0/security-groups HTTP/1.1" status: 201 len: 1859 time: 0.2075040
2026-07-09 00:43:28.861 9 WARNING neutron_lib.context [None req-bd1ae50e-23cd-4802-ad8d-965a77e5cc4e 17c18e44e1704409972c48b603e94018 ea553c57e2074644bebe34c71e64af0d - - default default] Method 'is_advsvc' is deprecated since 2023.2 release (neutron-lib 3.8.0) and will be removed once support for the old RBAC API policies will be removed from Neutron. Please use method 'is_service_role' instead.
2026-07-09 00:43:28.997 9 INFO neutron.api.wsgi [req-5c189f74-3ea2-431a-8209-0444d7066809 req-afeb2de5-6c8a-4e32-b4aa-95e871deda33 200a9e29034042af8140f74240ebed3e b9b30c88a43840ed9c4e231e22074a45 - - default default] 10.0.0.31 "GET /v2.0/ports?device_id=4d281ff4-e45f-4fdd-98de-366b5395e05e HTTP/1.1" status: 200 len: 1168 time: 0.0389111
2026-07-09 00:43:29.023 9 INFO neutron.db.ovn_revision_numbers_db [None req-bd1ae50e-23cd-4802-ad8d-965a77e5cc4e 17c18e44e1704409972c48b603e94018 ea553c57e2074644bebe34c71e64af0d - - default default] Successfully bumped revision number for resource 592e6512-2320-4699-9570-48b9d40eb60c (type: security_group_rules) to 0
2026-07-09 00:43:29.036 9 INFO neutron.api.wsgi [req-5c189f74-3ea2-431a-8209-0444d7066809 req-04619d90-ca8f-472e-bbbf-bd074a1bdd29 200a9e29034042af8140f74240ebed3e b9b30c88a43840ed9c4e231e22074a45 - - default default] 10.0.0.31 "GET /v2.0/security-groups?id=778bc66a-8dba-4a1e-948f-7c0ef529b9ef&fields=id&fields=name HTTP/1.1" status: 200 len: 286 time: 0.0353048
2026-07-09 00:43:29.062 9 INFO neutron.api.wsgi [None req-bd1ae50e-23cd-4802-ad8d-965a77e5cc4e 17c18e44e1704409972c48b603e94018 ea553c57e2074644bebe34c71e64af0d - - default default] 10.0.0.38 "POST /v2.0/security-group-rules HTTP/1.1" status: 201 len: 796 time: 0.2058587
2026-07-09 00:43:29.068 9 INFO neutron.api.wsgi [req-6c93ff5a-7ac5-4009-b855-e411e0a5b213 req-25653e14-840e-4878-87eb-2017268dfe16 d6d4ae095f6a4cc2a76be4e7569ac5dc 3d76cb75425c4c7789b8ea7099232f05 - - a4c9ffe7ac2d4d0d817b6f5e32ccdf77 a4c9ffe7ac2d4d0d817b6f5e32ccdf77] 199.204.45.77 "GET /v2.0/ports?tenant_id=bceedd94e43d4d2eb662afc1b9da2c8f&device_id=53eabb90-4034-47c7-a092-29f863927631 HTTP/1.1" status: 200 len: 1407 time: 0.0289960
2026-07-09 00:43:29.075 10 WARNING neutron_lib.context [None req-9d28b6b5-d9b5-460b-8496-3029339c106d 17c18e44e1704409972c48b603e94018 ea553c57e2074644bebe34c71e64af0d - - default default] Method 'is_advsvc' is deprecated since 2023.2 release (neutron-lib 3.8.0) and will be removed once support for the old RBAC API policies will be removed from Neutron. Please use method 'is_service_role' instead.
2026-07-09 00:43:29.111 9 INFO neutron.api.wsgi [req-6c93ff5a-7ac5-4009-b855-e411e0a5b213 req-0509adc9-80cb-4b4d-88da-f4460b3c5e30 d6d4ae095f6a4cc2a76be4e7569ac5dc 3d76cb75425c4c7789b8ea7099232f05 - - a4c9ffe7ac2d4d0d817b6f5e32ccdf77 a4c9ffe7ac2d4d0d817b6f5e32ccdf77] 199.204.45.77 "GET /v2.0/networks?id=83f8e547-db66-4919-88a3-80d617f2d8a8 HTTP/1.1" status: 200 len: 982 time: 0.0368612
