2026-07-09 00:47:02.123 10 INFO neutron.api.wsgi [None req-b5066beb-a891-4b53-baf7-4aa76e862260 185dc85cd9e94b4fba0f4006de21f85a 56a768beb8124524b4da87efea02286f - - default default] 10.0.0.38 "DELETE /v2.0/networks/12f1a367-e987-4b95-b07f-74ae722946d2 HTTP/1.1" status: 204 len: 168 time: 0.3212285
2026-07-09 00:47:02.134 10 WARNING neutron_lib.context [None req-a620ae5d-a393-427d-88d5-0ef7d250ec93 185dc85cd9e94b4fba0f4006de21f85a 56a768beb8124524b4da87efea02286f - - default default] Method 'is_advsvc' is deprecated since 2023.2 release (neutron-lib 3.8.0) and will be removed once support for the old RBAC API policies will be removed from Neutron. Please use method 'is_service_role' instead.
2026-07-09 00:47:02.565 10 WARNING neutron.scheduler.dhcp_agent_scheduler [None req-a620ae5d-a393-427d-88d5-0ef7d250ec93 185dc85cd9e94b4fba0f4006de21f85a 56a768beb8124524b4da87efea02286f - - default default] No more DHCP agents
2026-07-09 00:47:02.566 10 WARNING neutron.api.rpc.agentnotifiers.dhcp_rpc_agent_api [None req-a620ae5d-a393-427d-88d5-0ef7d250ec93 185dc85cd9e94b4fba0f4006de21f85a 56a768beb8124524b4da87efea02286f - - default default] Unable to schedule network c0c9bd91-e1e7-4eaf-8008-8ac8d6e5deec: no agents available; will retry on subsequent port and subnet creation events.
2026-07-09 00:47:02.680 10 INFO neutron.db.ovn_revision_numbers_db [None req-a620ae5d-a393-427d-88d5-0ef7d250ec93 185dc85cd9e94b4fba0f4006de21f85a 56a768beb8124524b4da87efea02286f - - default default] Successfully bumped revision number for resource 7fe450cf-1581-4619-ae0a-175a9c9ccdd2 (type: ports) to 1
2026-07-09 00:47:02.772 10 INFO neutron.api.wsgi [None req-3ae4be2f-4251-4920-ad5f-5566c2999959 21194a289b77496faff67688a8fd7b4b f3cf2f2864f8488f9ee1f2769b181541 - - default default] 10.0.0.38 "GET /v2.0/security-groups?tenant_id=8c8c24342ba642c39db2dae248a819b8&name=default HTTP/1.1" status: 200 len: 3120 time: 0.2453370
2026-07-09 00:47:02.999 9 INFO neutron.services.segments.plugin [-] Segment e2545e53-c4f8-4e5e-962d-8a6d1de38791 resource provider aggregate not found
2026-07-09 00:47:03.008 9 INFO neutron.services.segments.plugin [-] Segment e2545e53-c4f8-4e5e-962d-8a6d1de38791 resource provider aggregate not found
2026-07-09 00:47:03.025 9 INFO neutron.services.segments.plugin [-] Segment e2545e53-c4f8-4e5e-962d-8a6d1de38791 resource provider not found; error: Placement Client Error (4xx): {"errors": [{"status": 404, "title": "Not Found", "detail": "The resource could not be found.\n\n No resource provider with uuid e2545e53-c4f8-4e5e-962d-8a6d1de38791 found for delete ", "request_id": "req-c464fefb-3d6c-4b99-a81c-54a87c74c4b9"}]}
2026-07-09 00:47:03.026 9 INFO neutron.services.segments.plugin [-] Segment e2545e53-c4f8-4e5e-962d-8a6d1de38791 resource provider not found; error: Placement Client Error (4xx): {"errors": [{"status": 404, "title": "Not Found", "detail": "The resource could not be found.\n\n No resource provider with uuid e2545e53-c4f8-4e5e-962d-8a6d1de38791 found for delete ", "request_id": "req-a0f6b3c4-60d1-4d72-9c42-b92a9db0280a"}]}
2026-07-09 00:47:03.054 10 INFO neutron.api.wsgi [None req-6ea64ff8-f543-47dd-a0c8-c7ae8658ad94 21194a289b77496faff67688a8fd7b4b f3cf2f2864f8488f9ee1f2769b181541 - - default default] 10.0.0.38 "DELETE /v2.0/security-groups/0062d763-ee96-4bff-951e-a58029963576 HTTP/1.1" status: 204 len: 168 time: 0.2765100
2026-07-09 00:47:03.310 9 INFO neutron.db.ovn_revision_numbers_db [None req-aec1d877-ce5f-4f52-83f9-c3b35f24c7d6 21194a289b77496faff67688a8fd7b4b f3cf2f2864f8488f9ee1f2769b181541 - - default default] Successfully bumped revision number for resource ab11b641-1b5c-49ef-a75a-ed95c02c8c63 (type: security_groups) to 1
2026-07-09 00:47:03.321 10 INFO neutron.plugins.ml2.drivers.ovn.mech_driver.ovsdb.commands [None req-a40e6ebc-97bd-4872-81db-5f9a8f6b76e7 - - - - - -] Schedule LRP lrp-7fe450cf-1581-4619-ae0a-175a9c9ccdd2 on gateway b83027b7-4319-44dc-9490-cd8a537f60a6 with priority 1
2026-07-09 00:47:03.333 9 INFO neutron.plugins.ml2.drivers.ovn.mech_driver.mech_driver [None req-f99700f0-eb56-4738-9989-72b224e45326 - - - - - -] OVN reports status up for port: 7fe450cf-1581-4619-ae0a-175a9c9ccdd2
2026-07-09 00:47:03.335 9 INFO neutron.db.ovn_revision_numbers_db [None req-aec1d877-ce5f-4f52-83f9-c3b35f24c7d6 21194a289b77496faff67688a8fd7b4b f3cf2f2864f8488f9ee1f2769b181541 - - default default] Successfully bumped revision number for resource 61bd633b-5fa0-421e-b634-7cf3ec32e9f6 (type: security_group_rules) to 0
2026-07-09 00:47:03.343 9 INFO neutron.plugins.ml2.plugin [None req-f99700f0-eb56-4738-9989-72b224e45326 - - - - - -] Attempt 1 to provision port 7fe450cf-1581-4619-ae0a-175a9c9ccdd2
2026-07-09 00:47:03.355 10 INFO neutron.db.ovn_revision_numbers_db [None req-a620ae5d-a393-427d-88d5-0ef7d250ec93 185dc85cd9e94b4fba0f4006de21f85a 56a768beb8124524b4da87efea02286f - - default default] Successfully bumped revision number for resource 7fe450cf-1581-4619-ae0a-175a9c9ccdd2 (type: router_ports) to 1
2026-07-09 00:47:03.358 9 INFO neutron.db.ovn_revision_numbers_db [None req-aec1d877-ce5f-4f52-83f9-c3b35f24c7d6 21194a289b77496faff67688a8fd7b4b f3cf2f2864f8488f9ee1f2769b181541 - - default default] Successfully bumped revision number for resource 652d11ab-40c2-47e3-8dd4-79506a866d7f (type: security_group_rules) to 0
2026-07-09 00:47:03.376 9 INFO neutron.db.ovn_revision_numbers_db [None req-aec1d877-ce5f-4f52-83f9-c3b35f24c7d6 21194a289b77496faff67688a8fd7b4b f3cf2f2864f8488f9ee1f2769b181541 - - default default] Successfully bumped revision number for resource 97d7643b-dd5f-44fc-a3d4-f28f18665542 (type: security_group_rules) to 0
2026-07-09 00:47:03.391 9 INFO neutron.db.ovn_revision_numbers_db [None req-aec1d877-ce5f-4f52-83f9-c3b35f24c7d6 21194a289b77496faff67688a8fd7b4b f3cf2f2864f8488f9ee1f2769b181541 - - default default] Successfully bumped revision number for resource ce40479a-5d97-438e-97e2-02f2bf4d2e62 (type: security_group_rules) to 0
2026-07-09 00:47:03.424 9 INFO neutron.api.wsgi [None req-aec1d877-ce5f-4f52-83f9-c3b35f24c7d6 21194a289b77496faff67688a8fd7b4b f3cf2f2864f8488f9ee1f2769b181541 - - default default] 10.0.0.38 "GET /v2.0/security-groups?tenant_id=2379b7ea60c642ec93e085ff4fe373d5&name=default HTTP/1.1" status: 200 len: 3120 time: 0.2573726
2026-07-09 00:47:03.437 10 INFO neutron.db.ovn_revision_numbers_db [None req-a620ae5d-a393-427d-88d5-0ef7d250ec93 185dc85cd9e94b4fba0f4006de21f85a 56a768beb8124524b4da87efea02286f - - default default] Successfully bumped revision number for resource d0b5f717-c0e3-4893-8886-1738215aeedf (type: routers) to 2
2026-07-09 00:47:03.462 10 INFO neutron.api.wsgi [None req-a620ae5d-a393-427d-88d5-0ef7d250ec93 185dc85cd9e94b4fba0f4006de21f85a 56a768beb8124524b4da87efea02286f - - default default] 10.0.0.38 "POST /v2.0/routers HTTP/1.1" status: 201 len: 1151 time: 1.3337064
2026-07-09 00:47:03.473 10 INFO neutron.services.segments.plugin [-] Segment 78071f33-26ca-45a6-9fc5-2e9f969896ae resource provider aggregate not found
2026-07-09 00:47:03.477 10 INFO neutron.services.segments.plugin [-] Segment 78071f33-26ca-45a6-9fc5-2e9f969896ae resource provider aggregate not found
2026-07-09 00:47:03.499 10 INFO neutron.services.segments.plugin [-] Segment 78071f33-26ca-45a6-9fc5-2e9f969896ae resource provider not found; error: Placement Client Error (4xx): {"errors": [{"status": 404, "title": "Not Found", "detail": "The resource could not be found.\n\n No resource provider with uuid 78071f33-26ca-45a6-9fc5-2e9f969896ae found for delete ", "request_id": "req-975f3020-5d5f-441d-b4d4-b4d1df842e1f"}]}
2026-07-09 00:47:03.511 10 INFO neutron.services.segments.plugin [-] Segment 78071f33-26ca-45a6-9fc5-2e9f969896ae resource provider not found; error: Placement Client Error (4xx): {"errors": [{"status": 404, "title": "Not Found", "detail": "The resource could not be found.\n\n No resource provider with uuid 78071f33-26ca-45a6-9fc5-2e9f969896ae found for delete ", "request_id": "req-46c00d89-2efa-408a-bea5-451b78bb436f"}]}
2026-07-09 00:47:03.530 10 INFO neutron.api.wsgi [None req-4030e13a-7dc6-454a-b2ec-77b826152ecb 185dc85cd9e94b4fba0f4006de21f85a 56a768beb8124524b4da87efea02286f - - default default] 10.0.0.38 "GET /v2.0/routers/d0b5f717-c0e3-4893-8886-1738215aeedf HTTP/1.1" status: 200 len: 1152 time: 0.0623081
2026-07-09 00:47:03.629 9 INFO neutron.api.wsgi [None req-60c00cd7-2ea1-44a8-ba43-a47499a87779 185dc85cd9e94b4fba0f4006de21f85a 56a768beb8124524b4da87efea02286f - - default default] 10.0.0.38 "GET /v2.0/routers HTTP/1.1" status: 200 len: 1155 time: 0.0913088
2026-07-09 00:47:03.732 9 INFO neutron.api.wsgi [None req-f5243236-bad0-49c3-a018-7039eb26c907 21194a289b77496faff67688a8fd7b4b f3cf2f2864f8488f9ee1f2769b181541 - - default default] 10.0.0.38 "DELETE /v2.0/security-groups/ab11b641-1b5c-49ef-a75a-ed95c02c8c63 HTTP/1.1" status: 204 len: 168 time: 0.3015902
2026-07-09 00:47:04.104 9 INFO neutron.db.ovn_revision_numbers_db [None req-b38c00c4-6b23-4906-ac71-198ae129e257 185dc85cd9e94b4fba0f4006de21f85a 56a768beb8124524b4da87efea02286f - - default default] Successfully bumped revision number for resource d0b5f717-c0e3-4893-8886-1738215aeedf (type: routers) to 3
2026-07-09 00:47:04.110 9 INFO neutron.api.wsgi [None req-b38c00c4-6b23-4906-ac71-198ae129e257 185dc85cd9e94b4fba0f4006de21f85a 56a768beb8124524b4da87efea02286f - - default default] 10.0.0.38 "PUT /v2.0/routers/d0b5f717-c0e3-4893-8886-1738215aeedf HTTP/1.1" status: 200 len: 1159 time: 0.4751396
2026-07-09 00:47:04.179 9 INFO neutron.api.wsgi [None req-07e91a1d-8884-4018-bc57-53be621fb153 185dc85cd9e94b4fba0f4006de21f85a 56a768beb8124524b4da87efea02286f - - default default] 10.0.0.38 "GET /v2.0/routers/d0b5f717-c0e3-4893-8886-1738215aeedf HTTP/1.1" status: 200 len: 1159 time: 0.0588198
2026-07-09 00:47:04.205 9 INFO neutron.api.wsgi [None req-3b53dd2d-ca04-41e0-9959-cdf5e56842cc 185dc85cd9e94b4fba0f4006de21f85a 56a768beb8124524b4da87efea02286f - - default default] 10.0.0.38 "GET /v2.0/ports?device_id=d0b5f717-c0e3-4893-8886-1738215aeedf HTTP/1.1" status: 200 len: 205 time: 0.0196161
2026-07-09 00:47:04.811 9 INFO neutron.api.wsgi [None req-b8c66716-f343-431a-9699-a857ac2302b1 185dc85cd9e94b4fba0f4006de21f85a 56a768beb8124524b4da87efea02286f - - default default] 10.0.0.38 "DELETE /v2.0/routers/d0b5f717-c0e3-4893-8886-1738215aeedf HTTP/1.1" status: 204 len: 168 time: 0.6017210
2026-07-09 00:47:04.834 9 INFO neutron.api.wsgi [None req-134c33fd-475a-4b02-b335-96c21001ecbe 185dc85cd9e94b4fba0f4006de21f85a 56a768beb8124524b4da87efea02286f - - default default] 10.0.0.38 "GET /v2.0/ports?device_id=d0b5f717-c0e3-4893-8886-1738215aeedf HTTP/1.1" status: 200 len: 205 time: 0.0164647
2026-07-09 00:47:04.853 9 INFO neutron.api.v2.resource [None req-84de45bf-f1a8-4a8b-97fb-208da5c00067 185dc85cd9e94b4fba0f4006de21f85a 56a768beb8124524b4da87efea02286f - - default default] delete failed (client error): The resource could not be found.
2026-07-09 00:47:04.854 9 INFO neutron.api.wsgi [None req-84de45bf-f1a8-4a8b-97fb-208da5c00067 185dc85cd9e94b4fba0f4006de21f85a 56a768beb8124524b4da87efea02286f - - default default] 10.0.0.38 "DELETE /v2.0/routers/d0b5f717-c0e3-4893-8886-1738215aeedf HTTP/1.1" status: 404 len: 336 time: 0.0154884
2026-07-09 00:47:04.885 9 INFO neutron.api.wsgi [None req-a7db3960-0c94-4e8a-a369-9fedb873c23f 185dc85cd9e94b4fba0f4006de21f85a 56a768beb8124524b4da87efea02286f - - default default] 10.0.0.38 "GET /v2.0/ports?device_id=acc4d34a-7cd3-48fb-b1e4-0ec3ed4a48c1 HTTP/1.1" status: 200 len: 205 time: 0.0245366
2026-07-09 00:47:04.905 9 INFO neutron.api.v2.resource [None req-9dcc5aeb-f37f-4f79-8f81-4cc5a4712eb4 185dc85cd9e94b4fba0f4006de21f85a 56a768beb8124524b4da87efea02286f - - default default] delete failed (client error): The resource could not be found.
2026-07-09 00:47:04.906 9 INFO neutron.api.wsgi [None req-9dcc5aeb-f37f-4f79-8f81-4cc5a4712eb4 185dc85cd9e94b4fba0f4006de21f85a 56a768beb8124524b4da87efea02286f - - default default] 10.0.0.38 "DELETE /v2.0/routers/acc4d34a-7cd3-48fb-b1e4-0ec3ed4a48c1 HTTP/1.1" status: 404 len: 336 time: 0.0165391
2026-07-09 00:47:04.925 9 INFO neutron.pecan_wsgi.hooks.translation [None req-217286c7-6d8d-440c-ba0c-2831dc9c4ab3 185dc85cd9e94b4fba0f4006de21f85a 56a768beb8124524b4da87efea02286f - - default default] DELETE failed (client error): The resource could not be found.
2026-07-09 00:47:04.927 9 INFO neutron.api.wsgi [None req-217286c7-6d8d-440c-ba0c-2831dc9c4ab3 185dc85cd9e94b4fba0f4006de21f85a 56a768beb8124524b4da87efea02286f - - default default] 10.0.0.38 "DELETE /v2.0/subnets/a4814f58-b7ee-45e2-b67e-890206c613d9 HTTP/1.1" status: 404 len: 337 time: 0.0159841
2026-07-09 00:47:04.948 9 INFO neutron.api.wsgi [None req-7ef67ec4-6dcf-429d-a8bc-edcd57f2ca47 185dc85cd9e94b4fba0f4006de21f85a 56a768beb8124524b4da87efea02286f - - default default] 10.0.0.38 "GET /v2.0/ports?device_id=bc63747c-2ec7-46ec-8dea-d000b470d816 HTTP/1.1" status: 200 len: 205 time: 0.0169694
2026-07-09 00:47:04.967 9 INFO neutron.api.v2.resource [None req-7752ecb5-014e-4e3c-89d0-faf0e08361cf 185dc85cd9e94b4fba0f4006de21f85a 56a768beb8124524b4da87efea02286f - - default default] delete failed (client error): The resource could not be found.
2026-07-09 00:47:04.968 9 INFO neutron.api.wsgi [None req-7752ecb5-014e-4e3c-89d0-faf0e08361cf 185dc85cd9e94b4fba0f4006de21f85a 56a768beb8124524b4da87efea02286f - - default default] 10.0.0.38 "DELETE /v2.0/routers/bc63747c-2ec7-46ec-8dea-d000b470d816 HTTP/1.1" status: 404 len: 336 time: 0.0157790
2026-07-09 00:47:04.980 9 INFO neutron.pecan_wsgi.hooks.translation [None req-19ede839-ad05-404b-b8e1-1f597e446269 185dc85cd9e94b4fba0f4006de21f85a 56a768beb8124524b4da87efea02286f - - default default] DELETE failed (client error): The resource could not be found.
2026-07-09 00:47:04.983 9 INFO neutron.api.wsgi [None req-19ede839-ad05-404b-b8e1-1f597e446269 185dc85cd9e94b4fba0f4006de21f85a 56a768beb8124524b4da87efea02286f - - default default] 10.0.0.38 "DELETE /v2.0/subnets/5e907360-71ee-4641-a26d-82b126d05ffe HTTP/1.1" status: 404 len: 337 time: 0.0119867
2026-07-09 00:47:05.005 9 INFO neutron.api.wsgi [None req-bad66be7-0827-45a4-86a3-66ff4a60a97b 185dc85cd9e94b4fba0f4006de21f85a 56a768beb8124524b4da87efea02286f - - default default] 10.0.0.38 "GET /v2.0/ports?device_id=332d9d2f-e526-4897-8f2b-1a62061578b6 HTTP/1.1" status: 200 len: 205 time: 0.0150831
2026-07-09 00:47:05.021 9 INFO neutron.api.v2.resource [None req-b18639c4-78e3-48d8-a4d5-d833d622bd50 185dc85cd9e94b4fba0f4006de21f85a 56a768beb8124524b4da87efea02286f - - default default] delete failed (client error): The resource could not be found.
2026-07-09 00:47:05.022 9 INFO neutron.api.wsgi [None req-b18639c4-78e3-48d8-a4d5-d833d622bd50 185dc85cd9e94b4fba0f4006de21f85a 56a768beb8124524b4da87efea02286f - - default default] 10.0.0.38 "DELETE /v2.0/routers/332d9d2f-e526-4897-8f2b-1a62061578b6 HTTP/1.1" status: 404 len: 336 time: 0.0138741
2026-07-09 00:47:05.039 9 INFO neutron.pecan_wsgi.hooks.translation [None req-ab96fcc6-7098-4cd3-9410-93e8928f4f1c 185dc85cd9e94b4fba0f4006de21f85a 56a768beb8124524b4da87efea02286f - - default default] DELETE failed (client error): The resource could not be found.
2026-07-09 00:47:05.043 9 INFO neutron.api.wsgi [None req-ab96fcc6-7098-4cd3-9410-93e8928f4f1c 185dc85cd9e94b4fba0f4006de21f85a 56a768beb8124524b4da87efea02286f - - default default] 10.0.0.38 "DELETE /v2.0/subnets/fb2fdc44-e0fd-464c-8035-f76c65d05e74 HTTP/1.1" status: 404 len: 337 time: 0.0158355
2026-07-09 00:47:05.056 9 INFO neutron.pecan_wsgi.hooks.translation [None req-60ba0dcd-a98a-45c8-baec-56742400c1ff 185dc85cd9e94b4fba0f4006de21f85a 56a768beb8124524b4da87efea02286f - - default default] DELETE failed (client error): The resource could not be found.
2026-07-09 00:47:05.059 9 INFO neutron.api.wsgi [None req-60ba0dcd-a98a-45c8-baec-56742400c1ff 185dc85cd9e94b4fba0f4006de21f85a 56a768beb8124524b4da87efea02286f - - default default] 10.0.0.38 "DELETE /v2.0/subnets/d816eed3-a1d9-4ea4-b23c-9b8f0073d3b0 HTTP/1.1" status: 404 len: 337 time: 0.0120602
2026-07-09 00:47:05.530 9 WARNING neutron_lib.context [None req-b8a350e9-352d-46e4-b3d7-a9fb700cce4b 12e2f43982d24fcebb850e58d7a75fe3 88d6f9bdee3c47dc97f15e648312053d - - default default] Method 'is_advsvc' is deprecated since 2023.2 release (neutron-lib 3.8.0) and will be removed once support for the old RBAC API policies will be removed from Neutron. Please use method 'is_service_role' instead.
2026-07-09 00:47:05.655 10 INFO neutron.api.wsgi [None req-e817e37e-2225-4409-919e-160cad7885d5 21194a289b77496faff67688a8fd7b4b f3cf2f2864f8488f9ee1f2769b181541 - - default default] 10.0.0.38 "GET /v2.0/security-groups?tenant_id=56a768beb8124524b4da87efea02286f&name=default HTTP/1.1" status: 200 len: 3120 time: 0.0768390
2026-07-09 00:47:05.668 9 INFO neutron.db.ovn_revision_numbers_db [None req-b8a350e9-352d-46e4-b3d7-a9fb700cce4b 12e2f43982d24fcebb850e58d7a75fe3 88d6f9bdee3c47dc97f15e648312053d - - default default] Successfully bumped revision number for resource 8ab742c1-26d0-4762-9162-7e4f00d6ccc2 (type: security_groups) to 1
2026-07-09 00:47:05.682 9 INFO neutron.db.ovn_revision_numbers_db [None req-b8a350e9-352d-46e4-b3d7-a9fb700cce4b 12e2f43982d24fcebb850e58d7a75fe3 88d6f9bdee3c47dc97f15e648312053d - - default default] Successfully bumped revision number for resource 1f5b4284-4694-44e4-ac06-a2e437a479e2 (type: security_group_rules) to 0
2026-07-09 00:47:05.695 9 INFO neutron.db.ovn_revision_numbers_db [None req-b8a350e9-352d-46e4-b3d7-a9fb700cce4b 12e2f43982d24fcebb850e58d7a75fe3 88d6f9bdee3c47dc97f15e648312053d - - default default] Successfully bumped revision number for resource 4fab7b96-6430-43cc-95ca-8ca1b3359140 (type: security_group_rules) to 0
2026-07-09 00:47:05.708 9 INFO neutron.db.ovn_revision_numbers_db [None req-b8a350e9-352d-46e4-b3d7-a9fb700cce4b 12e2f43982d24fcebb850e58d7a75fe3 88d6f9bdee3c47dc97f15e648312053d - - default default] Successfully bumped revision number for resource 67e8d643-969d-46c3-ac62-305ef75f45cf (type: security_group_rules) to 0
2026-07-09 00:47:05.720 9 INFO neutron.db.ovn_revision_numbers_db [None req-b8a350e9-352d-46e4-b3d7-a9fb700cce4b 12e2f43982d24fcebb850e58d7a75fe3 88d6f9bdee3c47dc97f15e648312053d - - default default] Successfully bumped revision number for resource b01a2b71-c650-464c-ad27-7bb787bc5760 (type: security_group_rules) to 0
2026-07-09 00:47:05.746 10 WARNING neutron.plugins.ml2.drivers.ovn.mech_driver.ovsdb.ovn_client [None req-5a7cd82f-5769-4013-88cb-a5d5ce09facb - - - - - -] No port found with ID a923952f-f6a5-4180-8c7b-bab853d75ee5: RuntimeError: No port found with ID a923952f-f6a5-4180-8c7b-bab853d75ee5
2026-07-09 00:47:05.791 9 INFO neutron.db.segments_db [None req-b8a350e9-352d-46e4-b3d7-a9fb700cce4b 12e2f43982d24fcebb850e58d7a75fe3 88d6f9bdee3c47dc97f15e648312053d - - default default] Added segment cc5081f4-f226-409f-bd91-c592922e731e of type geneve for network 789b7dd3-70d7-4ab7-adec-4ade9ce9b00b
2026-07-09 00:47:05.866 10 INFO neutron.api.wsgi [None req-a6753fdd-46ac-47ec-9689-95bc0e2f7d54 21194a289b77496faff67688a8fd7b4b f3cf2f2864f8488f9ee1f2769b181541 - - default default] 10.0.0.38 "DELETE /v2.0/security-groups/9e254e49-a3ee-4f8c-9119-33826fc9aaa0 HTTP/1.1" status: 204 len: 168 time: 0.2038577
2026-07-09 00:47:05.904 9 INFO neutron.db.ovn_revision_numbers_db [None req-b8a350e9-352d-46e4-b3d7-a9fb700cce4b 12e2f43982d24fcebb850e58d7a75fe3 88d6f9bdee3c47dc97f15e648312053d - - default default] Successfully bumped revision number for resource 789b7dd3-70d7-4ab7-adec-4ade9ce9b00b (type: networks) to 1
2026-07-09 00:47:06.511 9 INFO neutron.api.wsgi [req-17e1e392-57e9-4465-8094-8fb7e01959e5 req-33ef97bf-bbf6-4eb2-8d15-43bcff945c8a d6d4ae095f6a4cc2a76be4e7569ac5dc 3d76cb75425c4c7789b8ea7099232f05 - - a4c9ffe7ac2d4d0d817b6f5e32ccdf77 a4c9ffe7ac2d4d0d817b6f5e32ccdf77] 199.204.45.77 "GET /v2.0/ports?device_id=b0a0ccb5-376b-4f8d-a540-6ed945adab24&fields=binding%3Ahost_id&fields=binding%3Avif_type HTTP/1.1" status: 200 len: 265 time: 0.0344355
2026-07-09 00:47:06.520 9 WARNING neutron.scheduler.dhcp_agent_scheduler [None req-b8a350e9-352d-46e4-b3d7-a9fb700cce4b 12e2f43982d24fcebb850e58d7a75fe3 88d6f9bdee3c47dc97f15e648312053d - - default default] No more DHCP agents
2026-07-09 00:47:06.522 9 WARNING neutron.api.rpc.agentnotifiers.dhcp_rpc_agent_api [None req-b8a350e9-352d-46e4-b3d7-a9fb700cce4b 12e2f43982d24fcebb850e58d7a75fe3 88d6f9bdee3c47dc97f15e648312053d - - default default] Unable to schedule network 789b7dd3-70d7-4ab7-adec-4ade9ce9b00b: no agents available; will retry on subsequent port and subnet creation events.
2026-07-09 00:47:06.584 9 INFO neutron.db.ovn_revision_numbers_db [None req-b8a350e9-352d-46e4-b3d7-a9fb700cce4b 12e2f43982d24fcebb850e58d7a75fe3 88d6f9bdee3c47dc97f15e648312053d - - default default] Successfully bumped revision number for resource ca14a0f3-6f74-4587-a4c7-bdafbbd39fb4 (type: ports) to 1
2026-07-09 00:47:06.607 9 INFO neutron.api.wsgi [None req-b8a350e9-352d-46e4-b3d7-a9fb700cce4b 12e2f43982d24fcebb850e58d7a75fe3 88d6f9bdee3c47dc97f15e648312053d - - default default] 10.0.0.38 "POST /v2.0/networks HTTP/1.1" status: 201 len: 830 time: 1.2291296
2026-07-09 00:47:06.615 9 WARNING neutron_lib.context [None req-3898f220-f541-4080-8cc3-be8e4f1e078c 12e2f43982d24fcebb850e58d7a75fe3 88d6f9bdee3c47dc97f15e648312053d - - default default] Method 'is_advsvc' is deprecated since 2023.2 release (neutron-lib 3.8.0) and will be removed once support for the old RBAC API policies will be removed from Neutron. Please use method 'is_service_role' instead.
2026-07-09 00:47:06.884 9 WARNING neutron.scheduler.dhcp_agent_scheduler [None req-3898f220-f541-4080-8cc3-be8e4f1e078c 12e2f43982d24fcebb850e58d7a75fe3 88d6f9bdee3c47dc97f15e648312053d - - default default] No more DHCP agents
2026-07-09 00:47:06.886 9 WARNING neutron.api.rpc.agentnotifiers.dhcp_rpc_agent_api [None req-3898f220-f541-4080-8cc3-be8e4f1e078c 12e2f43982d24fcebb850e58d7a75fe3 88d6f9bdee3c47dc97f15e648312053d - - default default] Unable to schedule network 789b7dd3-70d7-4ab7-adec-4ade9ce9b00b: no agents available; will retry on subsequent port and subnet creation events.
2026-07-09 00:47:06.969 9 INFO neutron.db.ovn_revision_numbers_db [None req-3898f220-f541-4080-8cc3-be8e4f1e078c 12e2f43982d24fcebb850e58d7a75fe3 88d6f9bdee3c47dc97f15e648312053d - - default default] Successfully bumped revision number for resource d392e623-2e68-4803-b6da-c798b3d4427c (type: ports) to 1
2026-07-09 00:47:06.990 9 INFO neutron.api.wsgi [None req-3898f220-f541-4080-8cc3-be8e4f1e078c 12e2f43982d24fcebb850e58d7a75fe3 88d6f9bdee3c47dc97f15e648312053d - - default default] 10.0.0.38 "POST /v2.0/ports HTTP/1.1" status: 201 len: 942 time: 0.3790112
2026-07-09 00:47:07.002 10 WARNING neutron_lib.context [None req-25d19498-12cb-4740-8331-e04cf4c72977 12e2f43982d24fcebb850e58d7a75fe3 88d6f9bdee3c47dc97f15e648312053d - - default default] Method 'is_advsvc' is deprecated since 2023.2 release (neutron-lib 3.8.0) and will be removed once support for the old RBAC API policies will be removed from Neutron. Please use method 'is_service_role' instead. /var/lib/openstack/lib/python3.12/site-packages/pycadf/identifier.py:71: UserWarning: Invalid uuid: neutron. To ensure interoperability, identifiers should be a valid uuid. warnings.warn(('Invalid uuid: %s. To ensure interoperability, '
2026-07-09 00:47:07.565 9 INFO neutron.api.wsgi [req-17e1e392-57e9-4465-8094-8fb7e01959e5 req-73414729-32bc-45c1-b9f5-06be0c979ec2 d6d4ae095f6a4cc2a76be4e7569ac5dc 3d76cb75425c4c7789b8ea7099232f05 - - a4c9ffe7ac2d4d0d817b6f5e32ccdf77 a4c9ffe7ac2d4d0d817b6f5e32ccdf77] 199.204.45.77 "GET /v2.0/ports?tenant_id=ce5bf088d9914f6c9fbb3bea26d74e2e&device_id=b0a0ccb5-376b-4f8d-a540-6ed945adab24 HTTP/1.1" status: 200 len: 1409 time: 0.0396240
2026-07-09 00:47:07.577 10 INFO neutron.api.wsgi [req-07c7eecf-1986-44e1-8bcb-78abcfd40f43 req-ec054616-8970-4d67-bee3-0547a8b52a1e d6d4ae095f6a4cc2a76be4e7569ac5dc 3d76cb75425c4c7789b8ea7099232f05 - - a4c9ffe7ac2d4d0d817b6f5e32ccdf77 a4c9ffe7ac2d4d0d817b6f5e32ccdf77] 10.0.0.93 "GET /v2.0/ports?device_id=b0a0ccb5-376b-4f8d-a540-6ed945adab24 HTTP/1.1" status: 200 len: 1409 time: 0.5933278
2026-07-09 00:47:07.633 10 INFO neutron.api.wsgi [req-07c7eecf-1986-44e1-8bcb-78abcfd40f43 req-5f72a882-bf5a-4ed2-a348-071a581359f3 d6d4ae095f6a4cc2a76be4e7569ac5dc 3d76cb75425c4c7789b8ea7099232f05 - - a4c9ffe7ac2d4d0d817b6f5e32ccdf77 a4c9ffe7ac2d4d0d817b6f5e32ccdf77] 10.0.0.93 "GET /v2.0/security-groups?id=109e1d04-6ebd-4935-b1ab-137632f67b89&fields=id&fields=name HTTP/1.1" status: 200 len: 312 time: 0.0478306
2026-07-09 00:47:07.656 10 INFO neutron.api.wsgi [None req-25d19498-12cb-4740-8331-e04cf4c72977 12e2f43982d24fcebb850e58d7a75fe3 88d6f9bdee3c47dc97f15e648312053d - - default default] 10.0.0.38 "POST /v2.0/trunks HTTP/1.1" status: 201 len: 608 time: 0.6611502
2026-07-09 00:47:07.678 10 WARNING neutron_lib.context [None req-62cf5356-fc35-4fb8-95fc-692c9da74057 12e2f43982d24fcebb850e58d7a75fe3 88d6f9bdee3c47dc97f15e648312053d - - default default] Method 'is_advsvc' is deprecated since 2023.2 release (neutron-lib 3.8.0) and will be removed once support for the old RBAC API policies will be removed from Neutron. Please use method 'is_service_role' instead.
2026-07-09 00:47:07.699 10 WARNING neutron_lib.context [None req-e580a932-10b1-4039-ad6e-f7debc5d7c10 dde99a00985b454a80dad0e478e43b6a 391019ecf8d44d3d9b4b54ee5149732c - - default default] Method 'is_advsvc' is deprecated since 2023.2 release (neutron-lib 3.8.0) and will be removed once support for the old RBAC API policies will be removed from Neutron. Please use method 'is_service_role' instead.
2026-07-09 00:47:07.787 10 INFO neutron.db.segments_db [None req-62cf5356-fc35-4fb8-95fc-692c9da74057 12e2f43982d24fcebb850e58d7a75fe3 88d6f9bdee3c47dc97f15e648312053d - - default default] Added segment 48f89f0d-9517-4567-b0b7-d08ae6e5b387 of type geneve for network b5c0bd45-df76-4938-8bad-781f7b085cf8
2026-07-09 00:47:07.858 10 INFO neutron.db.ovn_revision_numbers_db [None req-e580a932-10b1-4039-ad6e-f7debc5d7c10 dde99a00985b454a80dad0e478e43b6a 391019ecf8d44d3d9b4b54ee5149732c - - default default] Successfully bumped revision number for resource 903f177c-b8e2-4d8b-a0d4-f8b6fd8970cf (type: security_groups) to 1
2026-07-09 00:47:07.876 10 INFO neutron.db.ovn_revision_numbers_db [None req-e580a932-10b1-4039-ad6e-f7debc5d7c10 dde99a00985b454a80dad0e478e43b6a 391019ecf8d44d3d9b4b54ee5149732c - - default default] Successfully bumped revision number for resource 45788e58-ca09-41c1-9c45-f9caa1127908 (type: security_group_rules) to 0
2026-07-09 00:47:07.894 10 INFO neutron.db.ovn_revision_numbers_db [None req-e580a932-10b1-4039-ad6e-f7debc5d7c10 dde99a00985b454a80dad0e478e43b6a 391019ecf8d44d3d9b4b54ee5149732c - - default default] Successfully bumped revision number for resource 9e06252c-0c18-4d23-8994-928e9d28ab44 (type: security_group_rules) to 0
2026-07-09 00:47:07.907 10 INFO neutron.db.ovn_revision_numbers_db [None req-e580a932-10b1-4039-ad6e-f7debc5d7c10 dde99a00985b454a80dad0e478e43b6a 391019ecf8d44d3d9b4b54ee5149732c - - default default] Successfully bumped revision number for resource cabce970-6272-4936-994c-988d94f37f34 (type: security_group_rules) to 0
2026-07-09 00:47:07.909 10 INFO neutron.db.ovn_revision_numbers_db [None req-62cf5356-fc35-4fb8-95fc-692c9da74057 12e2f43982d24fcebb850e58d7a75fe3 88d6f9bdee3c47dc97f15e648312053d - - default default] Successfully bumped revision number for resource b5c0bd45-df76-4938-8bad-781f7b085cf8 (type: networks) to 1
2026-07-09 00:47:07.924 10 INFO neutron.db.ovn_revision_numbers_db [None req-e580a932-10b1-4039-ad6e-f7debc5d7c10 dde99a00985b454a80dad0e478e43b6a 391019ecf8d44d3d9b4b54ee5149732c - - default default] Successfully bumped revision number for resource eabaaf53-2fc4-4302-b1ef-7c9c0cbc7404 (type: security_group_rules) to 0
2026-07-09 00:47:08.049 10 INFO neutron.db.ovn_revision_numbers_db [None req-e580a932-10b1-4039-ad6e-f7debc5d7c10 dde99a00985b454a80dad0e478e43b6a 391019ecf8d44d3d9b4b54ee5149732c - - default default] Successfully bumped revision number for resource 60cf1250-b98e-446a-984f-dcb5dfa6f2bb (type: security_groups) to 1
2026-07-09 00:47:08.066 10 INFO neutron.db.ovn_revision_numbers_db [None req-e580a932-10b1-4039-ad6e-f7debc5d7c10 dde99a00985b454a80dad0e478e43b6a 391019ecf8d44d3d9b4b54ee5149732c - - default default] Successfully bumped revision number for resource 2481fe9a-2579-4f34-927d-97b8f5e82e83 (type: security_group_rules) to 0
2026-07-09 00:47:08.085 10 INFO neutron.db.ovn_revision_numbers_db [None req-e580a932-10b1-4039-ad6e-f7debc5d7c10 dde99a00985b454a80dad0e478e43b6a 391019ecf8d44d3d9b4b54ee5149732c - - default default] Successfully bumped revision number for resource 84406ed1-a11b-454f-bcd7-68ed5bda777a (type: security_group_rules) to 0
2026-07-09 00:47:08.132 10 WARNING neutron.scheduler.dhcp_agent_scheduler [None req-62cf5356-fc35-4fb8-95fc-692c9da74057 12e2f43982d24fcebb850e58d7a75fe3 88d6f9bdee3c47dc97f15e648312053d - - default default] No more DHCP agents
2026-07-09 00:47:08.135 9 INFO neutron.api.wsgi [req-17e1e392-57e9-4465-8094-8fb7e01959e5 req-8d2e5f60-fc79-48ce-8fcc-e8d96d1129df d6d4ae095f6a4cc2a76be4e7569ac5dc 3d76cb75425c4c7789b8ea7099232f05 - - a4c9ffe7ac2d4d0d817b6f5e32ccdf77 a4c9ffe7ac2d4d0d817b6f5e32ccdf77] 199.204.45.77 "GET /v2.0/networks?id=44cd0316-c61e-4b6b-8372-07808f60004c HTTP/1.1" status: 200 len: 958 time: 0.0596378
2026-07-09 00:47:08.136 10 INFO neutron.api.wsgi [None req-e580a932-10b1-4039-ad6e-f7debc5d7c10 dde99a00985b454a80dad0e478e43b6a 391019ecf8d44d3d9b4b54ee5149732c - - default default] 10.0.0.38 "POST /v2.0/security-groups HTTP/1.1" status: 201 len: 1825 time: 0.5294712
2026-07-09 00:47:08.140 10 WARNING neutron.api.rpc.agentnotifiers.dhcp_rpc_agent_api [None req-62cf5356-fc35-4fb8-95fc-692c9da74057 12e2f43982d24fcebb850e58d7a75fe3 88d6f9bdee3c47dc97f15e648312053d - - default default] Unable to schedule network b5c0bd45-df76-4938-8bad-781f7b085cf8: no agents available; will retry on subsequent port and subnet creation events.
2026-07-09 00:47:08.194 9 INFO neutron.api.wsgi [req-17e1e392-57e9-4465-8094-8fb7e01959e5 req-69f408f7-0276-4652-b785-3fa1b80c0d59 d6d4ae095f6a4cc2a76be4e7569ac5dc 3d76cb75425c4c7789b8ea7099232f05 - - a4c9ffe7ac2d4d0d817b6f5e32ccdf77 a4c9ffe7ac2d4d0d817b6f5e32ccdf77] 199.204.45.77 "GET /v2.0/floatingips?fixed_ip_address=10.100.0.7&port_id=1e33ff15-0dd6-4e70-a1cc-028bc8c1c489 HTTP/1.1" status: 200 len: 1059 time: 0.0535333
2026-07-09 00:47:08.207 9 INFO neutron.api.wsgi [None req-3247bc81-ff77-4e88-ba98-0afd9e84d27b dde99a00985b454a80dad0e478e43b6a 391019ecf8d44d3d9b4b54ee5149732c - - default default] 10.0.0.38 "GET /v2.0/security-groups HTTP/1.1" status: 200 len: 4725 time: 0.0656378
2026-07-09 00:47:08.214 10 INFO neutron.db.ovn_revision_numbers_db [None req-62cf5356-fc35-4fb8-95fc-692c9da74057 12e2f43982d24fcebb850e58d7a75fe3 88d6f9bdee3c47dc97f15e648312053d - - default default] Successfully bumped revision number for resource 539fd208-ac4e-42ee-bd34-102d72432f96 (type: ports) to 1
2026-07-09 00:47:08.235 9 INFO neutron.api.wsgi [req-17e1e392-57e9-4465-8094-8fb7e01959e5 req-c7668714-f8c8-4dea-aba6-3c3b7a2a75f9 d6d4ae095f6a4cc2a76be4e7569ac5dc 3d76cb75425c4c7789b8ea7099232f05 - - a4c9ffe7ac2d4d0d817b6f5e32ccdf77 a4c9ffe7ac2d4d0d817b6f5e32ccdf77] 199.204.45.77 "GET /v2.0/subnets?id=549b38fa-8fd8-4210-a94b-40a72c5dbafd HTTP/1.1" status: 200 len: 876 time: 0.0362699
2026-07-09 00:47:08.250 9 WARNING neutron.plugins.ml2.drivers.ovn.mech_driver.ovsdb.ovn_client [None req-f99700f0-eb56-4738-9989-72b224e45326 - - - - - -] No port found with ID 7fe450cf-1581-4619-ae0a-175a9c9ccdd2: RuntimeError: No port found with ID 7fe450cf-1581-4619-ae0a-175a9c9ccdd2
2026-07-09 00:47:08.259 10 INFO neutron.api.wsgi [None req-62cf5356-fc35-4fb8-95fc-692c9da74057 12e2f43982d24fcebb850e58d7a75fe3 88d6f9bdee3c47dc97f15e648312053d - - default default] 10.0.0.38 "POST /v2.0/networks HTTP/1.1" status: 201 len: 831 time: 0.5874403
2026-07-09 00:47:08.270 9 WARNING neutron_lib.context [None req-dd5b07ea-304b-434e-9b76-184a2c0d0a46 12e2f43982d24fcebb850e58d7a75fe3 88d6f9bdee3c47dc97f15e648312053d - - default default] Method 'is_advsvc' is deprecated since 2023.2 release (neutron-lib 3.8.0) and will be removed once support for the old RBAC API policies will be removed from Neutron. Please use method 'is_service_role' instead.
2026-07-09 00:47:08.275 9 INFO neutron.api.wsgi [req-17e1e392-57e9-4465-8094-8fb7e01959e5 req-5f137a50-2674-45cf-b9f8-29c5ba95d9e1 d6d4ae095f6a4cc2a76be4e7569ac5dc 3d76cb75425c4c7789b8ea7099232f05 - - a4c9ffe7ac2d4d0d817b6f5e32ccdf77 a4c9ffe7ac2d4d0d817b6f5e32ccdf77] 199.204.45.77 "GET /v2.0/ports?network_id=44cd0316-c61e-4b6b-8372-07808f60004c&device_owner=network%3Adhcp HTTP/1.1" status: 200 len: 210 time: 0.0277739
2026-07-09 00:47:08.302 10 INFO neutron.db.ovn_revision_numbers_db [None req-4869c52e-0663-457e-9428-6e7d369b8389 dde99a00985b454a80dad0e478e43b6a 391019ecf8d44d3d9b4b54ee5149732c - - default default] Successfully bumped revision number for resource 60cf1250-b98e-446a-984f-dcb5dfa6f2bb (type: security_groups) to 2
2026-07-09 00:47:08.328 10 INFO neutron.api.wsgi [None req-4869c52e-0663-457e-9428-6e7d369b8389 dde99a00985b454a80dad0e478e43b6a 391019ecf8d44d3d9b4b54ee5149732c - - default default] 10.0.0.38 "PUT /v2.0/security-groups/60cf1250-b98e-446a-984f-dcb5dfa6f2bb HTTP/1.1" status: 200 len: 1858 time: 0.1147780
2026-07-09 00:47:08.355 10 INFO neutron.api.wsgi [None req-b29df805-be04-4e06-a0ae-567c15c8f8d2 dde99a00985b454a80dad0e478e43b6a 391019ecf8d44d3d9b4b54ee5149732c - - default default] 10.0.0.38 "GET /v2.0/security-groups/60cf1250-b98e-446a-984f-dcb5dfa6f2bb HTTP/1.1" status: 200 len: 1858 time: 0.0209396
2026-07-09 00:47:08.355 9 INFO neutron.api.wsgi [req-17e1e392-57e9-4465-8094-8fb7e01959e5 req-b62c1dd1-7f33-4b32-b77f-7ae70679252c d6d4ae095f6a4cc2a76be4e7569ac5dc 3d76cb75425c4c7789b8ea7099232f05 - - a4c9ffe7ac2d4d0d817b6f5e32ccdf77 a4c9ffe7ac2d4d0d817b6f5e32ccdf77] 199.204.45.77 "GET /v2.0/networks/44cd0316-c61e-4b6b-8372-07808f60004c?fields=segments HTTP/1.1" status: 200 len: 212 time: 0.0701838
2026-07-09 00:47:08.424 9 INFO neutron.api.wsgi [req-17e1e392-57e9-4465-8094-8fb7e01959e5 req-452ead14-0178-40db-8104-df4d0ab37d3a d6d4ae095f6a4cc2a76be4e7569ac5dc 3d76cb75425c4c7789b8ea7099232f05 - - a4c9ffe7ac2d4d0d817b6f5e32ccdf77 a4c9ffe7ac2d4d0d817b6f5e32ccdf77] 199.204.45.77 "GET /v2.0/networks/44cd0316-c61e-4b6b-8372-07808f60004c?fields=provider%3Aphysical_network&fields=provider%3Anetwork_type HTTP/1.1" status: 200 len: 277 time: 0.0593517
2026-07-09 00:47:08.457 10 INFO neutron.api.wsgi [None req-a788e0cc-b773-4a1a-a67b-90e14674d0e4 dde99a00985b454a80dad0e478e43b6a 391019ecf8d44d3d9b4b54ee5149732c - - default default] 10.0.0.38 "DELETE /v2.0/security-groups/60cf1250-b98e-446a-984f-dcb5dfa6f2bb HTTP/1.1" status: 204 len: 168 time: 0.0951815
2026-07-09 00:47:08.522 10 INFO neutron.api.wsgi [None req-b1debfc7-fc3f-46a2-9b8b-e228caa29730 dde99a00985b454a80dad0e478e43b6a 391019ecf8d44d3d9b4b54ee5149732c - - default default] 10.0.0.38 "GET /v2.0/security-groups HTTP/1.1" status: 200 len: 3120 time: 0.0610719
2026-07-09 00:47:08.543 10 INFO neutron.api.v2.resource [None req-7f4a60fa-fc2e-4e08-9e35-56ff6dd29d85 dde99a00985b454a80dad0e478e43b6a 391019ecf8d44d3d9b4b54ee5149732c - - default default] delete failed (client error): The resource could not be found.
2026-07-09 00:47:08.543 9 WARNING neutron.scheduler.dhcp_agent_scheduler [None req-dd5b07ea-304b-434e-9b76-184a2c0d0a46 12e2f43982d24fcebb850e58d7a75fe3 88d6f9bdee3c47dc97f15e648312053d - - default default] No more DHCP agents
2026-07-09 00:47:08.544 10 INFO neutron.api.wsgi [None req-7f4a60fa-fc2e-4e08-9e35-56ff6dd29d85 dde99a00985b454a80dad0e478e43b6a 391019ecf8d44d3d9b4b54ee5149732c - - default default] 10.0.0.38 "DELETE /v2.0/security-groups/60cf1250-b98e-446a-984f-dcb5dfa6f2bb HTTP/1.1" status: 404 len: 347 time: 0.0161796
2026-07-09 00:47:08.547 9 WARNING neutron.api.rpc.agentnotifiers.dhcp_rpc_agent_api [None req-dd5b07ea-304b-434e-9b76-184a2c0d0a46 12e2f43982d24fcebb850e58d7a75fe3 88d6f9bdee3c47dc97f15e648312053d - - default default] Unable to schedule network b5c0bd45-df76-4938-8bad-781f7b085cf8: no agents available; will retry on subsequent port and subnet creation events.
2026-07-09 00:47:08.560 10 WARNING neutron_lib.context [None req-a675f1ce-714e-4685-802c-baf67902adf6 dde99a00985b454a80dad0e478e43b6a 391019ecf8d44d3d9b4b54ee5149732c - - default default] Method 'is_advsvc' is deprecated since 2023.2 release (neutron-lib 3.8.0) and will be removed once support for the old RBAC API policies will be removed from Neutron. Please use method 'is_service_role' instead.
2026-07-09 00:47:08.617 9 INFO neutron.db.ovn_revision_numbers_db [None req-dd5b07ea-304b-434e-9b76-184a2c0d0a46 12e2f43982d24fcebb850e58d7a75fe3 88d6f9bdee3c47dc97f15e648312053d - - default default] Successfully bumped revision number for resource 570d6632-5ed9-43fc-a37b-2dd0552f4c4f (type: ports) to 1
2026-07-09 00:47:08.640 9 INFO neutron.api.wsgi [None req-dd5b07ea-304b-434e-9b76-184a2c0d0a46 12e2f43982d24fcebb850e58d7a75fe3 88d6f9bdee3c47dc97f15e648312053d - - default default] 10.0.0.38 "POST /v2.0/ports HTTP/1.1" status: 201 len: 942 time: 0.3755732 /var/lib/openstack/lib/python3.12/site-packages/pycadf/identifier.py:71: UserWarning: Invalid uuid: neutron. To ensure interoperability, identifiers should be a valid uuid. warnings.warn(('Invalid uuid: %s. To ensure interoperability, '
2026-07-09 00:47:08.651 9 WARNING neutron_lib.context [None req-e27cabd9-f7fd-422a-a488-a58aa9828aa2 12e2f43982d24fcebb850e58d7a75fe3 88d6f9bdee3c47dc97f15e648312053d - - default default] Method 'is_advsvc' is deprecated since 2023.2 release (neutron-lib 3.8.0) and will be removed once support for the old RBAC API policies will be removed from Neutron. Please use method 'is_service_role' instead.
2026-07-09 00:47:08.661 10 INFO neutron.db.ovn_revision_numbers_db [None req-a675f1ce-714e-4685-802c-baf67902adf6 dde99a00985b454a80dad0e478e43b6a 391019ecf8d44d3d9b4b54ee5149732c - - default default] Successfully bumped revision number for resource c3e0e518-d9eb-413e-b143-4220004fb158 (type: security_groups) to 1
2026-07-09 00:47:08.673 10 INFO neutron.db.ovn_revision_numbers_db [None req-a675f1ce-714e-4685-802c-baf67902adf6 dde99a00985b454a80dad0e478e43b6a 391019ecf8d44d3d9b4b54ee5149732c - - default default] Successfully bumped revision number for resource 3c11cab9-659d-46ce-9d5c-d61b9285a71e (type: security_group_rules) to 0
2026-07-09 00:47:08.686 10 INFO neutron.db.ovn_revision_numbers_db [None req-a675f1ce-714e-4685-802c-baf67902adf6 dde99a00985b454a80dad0e478e43b6a 391019ecf8d44d3d9b4b54ee5149732c - - default default] Successfully bumped revision number for resource 6406da9d-9475-4795-b63c-135c135fadc2 (type: security_group_rules) to 0
2026-07-09 00:47:08.720 10 INFO neutron.api.wsgi [None req-a675f1ce-714e-4685-802c-baf67902adf6 dde99a00985b454a80dad0e478e43b6a 391019ecf8d44d3d9b4b54ee5149732c - - default default] 10.0.0.38 "POST /v2.0/security-groups HTTP/1.1" status: 201 len: 1824 time: 0.1654510
2026-07-09 00:47:08.730 9 WARNING neutron_lib.context [None req-21808c3c-9d39-4abb-9c5a-f1596c00903f dde99a00985b454a80dad0e478e43b6a 391019ecf8d44d3d9b4b54ee5149732c - - default default] Method 'is_advsvc' is deprecated since 2023.2 release (neutron-lib 3.8.0) and will be removed once support for the old RBAC API policies will be removed from Neutron. Please use method 'is_service_role' instead.
2026-07-09 00:47:08.879 9 INFO neutron.api.wsgi [None req-e27cabd9-f7fd-422a-a488-a58aa9828aa2 12e2f43982d24fcebb850e58d7a75fe3 88d6f9bdee3c47dc97f15e648312053d - - default default] 10.0.0.38 "POST /v2.0/trunks HTTP/1.1" status: 201 len: 608 time: 0.2330456
2026-07-09 00:47:08.893 10 WARNING neutron_lib.context [None req-06da8ed7-f911-493f-be93-5a09a28ac3f0 12e2f43982d24fcebb850e58d7a75fe3 88d6f9bdee3c47dc97f15e648312053d - - default default] Method 'is_advsvc' is deprecated since 2023.2 release (neutron-lib 3.8.0) and will be removed once support for the old RBAC API policies will be removed from Neutron. Please use method 'is_service_role' instead.
2026-07-09 00:47:08.906 9 INFO neutron.db.ovn_revision_numbers_db [None req-21808c3c-9d39-4abb-9c5a-f1596c00903f dde99a00985b454a80dad0e478e43b6a 391019ecf8d44d3d9b4b54ee5149732c - - default default] Successfully bumped revision number for resource 3d4fe416-2f6e-466e-a461-a487418dd352 (type: security_group_rules) to 0
2026-07-09 00:47:08.942 9 INFO neutron.api.wsgi [None req-21808c3c-9d39-4abb-9c5a-f1596c00903f dde99a00985b454a80dad0e478e43b6a 391019ecf8d44d3d9b4b54ee5149732c - - default default] 10.0.0.38 "POST /v2.0/security-group-rules HTTP/1.1" status: 201 len: 800 time: 0.2164915
2026-07-09 00:47:08.978 10 INFO neutron.api.wsgi [None req-8e698f2f-10fc-40fc-8954-2688e95113f4 dde99a00985b454a80dad0e478e43b6a 391019ecf8d44d3d9b4b54ee5149732c - - default default] 10.0.0.38 "GET /v2.0/security-group-rules/3d4fe416-2f6e-466e-a461-a487418dd352 HTTP/1.1" status: 200 len: 795 time: 0.0299733
2026-07-09 00:47:08.981 10 INFO neutron.db.segments_db [None req-06da8ed7-f911-493f-be93-5a09a28ac3f0 12e2f43982d24fcebb850e58d7a75fe3 88d6f9bdee3c47dc97f15e648312053d - - default default] Added segment efcbf730-8bf1-45d1-8c8c-27355b7234f9 of type geneve for network 3c55e7de-57a7-41f8-8fc7-a6d3edb521d8
2026-07-09 00:47:09.057 10 INFO neutron.api.wsgi [None req-fd670b17-b6c5-44f2-9343-05eaab234d2c dde99a00985b454a80dad0e478e43b6a 391019ecf8d44d3d9b4b54ee5149732c - - default default] 10.0.0.38 "GET /v2.0/security-group-rules HTTP/1.1" status: 200 len: 4333 time: 0.0743134
2026-07-09 00:47:09.119 10 INFO neutron.db.ovn_revision_numbers_db [None req-06da8ed7-f911-493f-be93-5a09a28ac3f0 12e2f43982d24fcebb850e58d7a75fe3 88d6f9bdee3c47dc97f15e648312053d - - default default] Successfully bumped revision number for resource 3c55e7de-57a7-41f8-8fc7-a6d3edb521d8 (type: networks) to 1
2026-07-09 00:47:09.204 9 INFO neutron.api.wsgi [None req-fe409996-9ac9-4c6c-86f5-4d2b78db683d 4362d86dda4346b5a785ba313284256d 1560d7675ca94dc6866124db144487b8 - - default default] 10.0.0.38 "GET /v2.0/ports?project_id=ce5bf088d9914f6c9fbb3bea26d74e2e&network_id=44cd0316-c61e-4b6b-8372-07808f60004c HTTP/1.1" status: 200 len: 3510 time: 0.0675344
2026-07-09 00:47:09.212 10 INFO neutron.api.wsgi [None req-fa7d3952-d997-44e5-b016-530ea4b513a0 dde99a00985b454a80dad0e478e43b6a 391019ecf8d44d3d9b4b54ee5149732c - - default default] 10.0.0.38 "DELETE /v2.0/security-group-rules/3d4fe416-2f6e-466e-a461-a487418dd352 HTTP/1.1" status: 204 len: 168 time: 0.1492794
2026-07-09 00:47:09.281 9 INFO neutron.api.wsgi [None req-65a93eaf-daa2-465d-b547-1eb1220dda2a dde99a00985b454a80dad0e478e43b6a 391019ecf8d44d3d9b4b54ee5149732c - - default default] 10.0.0.38 "GET /v2.0/security-group-rules HTTP/1.1" status: 200 len: 3755 time: 0.0631301
2026-07-09 00:47:09.288 9 WARNING neutron_lib.context [None req-41d9b484-9076-451a-a5c4-59ee40b236f0 dde99a00985b454a80dad0e478e43b6a 391019ecf8d44d3d9b4b54ee5149732c - - default default] Method 'is_advsvc' is deprecated since 2023.2 release (neutron-lib 3.8.0) and will be removed once support for the old RBAC API policies will be removed from Neutron. Please use method 'is_service_role' instead.
2026-07-09 00:47:09.307 10 WARNING neutron.scheduler.dhcp_agent_scheduler [None req-06da8ed7-f911-493f-be93-5a09a28ac3f0 12e2f43982d24fcebb850e58d7a75fe3 88d6f9bdee3c47dc97f15e648312053d - - default default] No more DHCP agents
2026-07-09 00:47:09.309 10 WARNING neutron.api.rpc.agentnotifiers.dhcp_rpc_agent_api [None req-06da8ed7-f911-493f-be93-5a09a28ac3f0 12e2f43982d24fcebb850e58d7a75fe3 88d6f9bdee3c47dc97f15e648312053d - - default default] Unable to schedule network 3c55e7de-57a7-41f8-8fc7-a6d3edb521d8: no agents available; will retry on subsequent port and subnet creation events.
2026-07-09 00:47:09.380 10 INFO neutron.db.ovn_revision_numbers_db [None req-06da8ed7-f911-493f-be93-5a09a28ac3f0 12e2f43982d24fcebb850e58d7a75fe3 88d6f9bdee3c47dc97f15e648312053d - - default default] Successfully bumped revision number for resource ad646b01-7684-4504-94e2-6fc9bbcaaf66 (type: ports) to 1
2026-07-09 00:47:09.401 9 INFO neutron.db.ovn_revision_numbers_db [None req-41d9b484-9076-451a-a5c4-59ee40b236f0 dde99a00985b454a80dad0e478e43b6a 391019ecf8d44d3d9b4b54ee5149732c - - default default] Successfully bumped revision number for resource dbd893e7-2e25-4b21-b1b6-17a3b5e976cb (type: security_group_rules) to 0
2026-07-09 00:47:09.402 10 INFO neutron.api.wsgi [None req-06da8ed7-f911-493f-be93-5a09a28ac3f0 12e2f43982d24fcebb850e58d7a75fe3 88d6f9bdee3c47dc97f15e648312053d - - default default] 10.0.0.38 "POST /v2.0/networks HTTP/1.1" status: 201 len: 831 time: 0.5156994
2026-07-09 00:47:09.412 10 WARNING neutron_lib.context [None req-95a9f34c-e563-416e-8904-461ef5fe2971 12e2f43982d24fcebb850e58d7a75fe3 88d6f9bdee3c47dc97f15e648312053d - - default default] Method 'is_advsvc' is deprecated since 2023.2 release (neutron-lib 3.8.0) and will be removed once support for the old RBAC API policies will be removed from Neutron. Please use method 'is_service_role' instead.
2026-07-09 00:47:09.433 9 INFO neutron.api.wsgi [None req-41d9b484-9076-451a-a5c4-59ee40b236f0 dde99a00985b454a80dad0e478e43b6a 391019ecf8d44d3d9b4b54ee5149732c - - default default] 10.0.0.38 "POST /v2.0/security-group-rules HTTP/1.1" status: 201 len: 800 time: 0.1478033
2026-07-09 00:47:09.455 9 INFO neutron.api.wsgi [None req-19a5a7c1-4784-470a-921e-7917860f3f3d dde99a00985b454a80dad0e478e43b6a 391019ecf8d44d3d9b4b54ee5149732c - - default default] 10.0.0.38 "GET /v2.0/security-group-rules/dbd893e7-2e25-4b21-b1b6-17a3b5e976cb HTTP/1.1" status: 200 len: 795 time: 0.0161436
2026-07-09 00:47:09.483 9 INFO neutron.api.wsgi [None req-4b9a409f-052f-45f4-a960-42c3a45a8879 4362d86dda4346b5a785ba313284256d 1560d7675ca94dc6866124db144487b8 - - default default] 10.0.0.38 "GET /v2.0/subnets?network_id=c0c9bd91-e1e7-4eaf-8008-8ac8d6e5deec HTTP/1.1" status: 200 len: 861 time: 0.0249817
2026-07-09 00:47:09.533 10 INFO neutron.api.wsgi [None req-308d3baf-9163-4942-89a5-937f75c56599 dde99a00985b454a80dad0e478e43b6a 391019ecf8d44d3d9b4b54ee5149732c - - default default] 10.0.0.38 "GET /v2.0/security-group-rules HTTP/1.1" status: 200 len: 4333 time: 0.0704324 /var/lib/openstack/lib/python3.12/site-packages/pycadf/identifier.py:71: UserWarning: Invalid uuid: neutron. To ensure interoperability, identifiers should be a valid uuid. warnings.warn(('Invalid uuid: %s. To ensure interoperability, '
2026-07-09 00:47:09.675 9 INFO neutron.api.wsgi [None req-025a74cf-4b94-433a-af91-ab9c2d872162 dde99a00985b454a80dad0e478e43b6a 391019ecf8d44d3d9b4b54ee5149732c - - default default] 10.0.0.38 "DELETE /v2.0/security-group-rules/dbd893e7-2e25-4b21-b1b6-17a3b5e976cb HTTP/1.1" status: 204 len: 168 time: 0.1374779
2026-07-09 00:47:09.693 10 WARNING neutron.scheduler.dhcp_agent_scheduler [None req-95a9f34c-e563-416e-8904-461ef5fe2971 12e2f43982d24fcebb850e58d7a75fe3 88d6f9bdee3c47dc97f15e648312053d - - default default] No more DHCP agents
2026-07-09 00:47:09.695 10 WARNING neutron.api.rpc.agentnotifiers.dhcp_rpc_agent_api [None req-95a9f34c-e563-416e-8904-461ef5fe2971 12e2f43982d24fcebb850e58d7a75fe3 88d6f9bdee3c47dc97f15e648312053d - - default default] Unable to schedule network 3c55e7de-57a7-41f8-8fc7-a6d3edb521d8: no agents available; will retry on subsequent port and subnet creation events.
2026-07-09 00:47:09.725 9 INFO neutron.api.wsgi [None req-fa736a5c-40a1-4cdd-9c34-c63fada161a1 dde99a00985b454a80dad0e478e43b6a 391019ecf8d44d3d9b4b54ee5149732c - - default default] 10.0.0.38 "GET /v2.0/security-group-rules HTTP/1.1" status: 200 len: 3755 time: 0.0445714
2026-07-09 00:47:09.735 9 WARNING neutron_lib.context [None req-8d65fe12-239c-4721-898a-3bc2a47d47b9 dde99a00985b454a80dad0e478e43b6a 391019ecf8d44d3d9b4b54ee5149732c - - default default] Method 'is_advsvc' is deprecated since 2023.2 release (neutron-lib 3.8.0) and will be removed once support for the old RBAC API policies will be removed from Neutron. Please use method 'is_service_role' instead.
2026-07-09 00:47:09.766 9 INFO neutron.db.securitygroups_db [None req-8d65fe12-239c-4721-898a-3bc2a47d47b9 dde99a00985b454a80dad0e478e43b6a 391019ecf8d44d3d9b4b54ee5149732c - - default default] Project 391019ecf8d44d3d9b4b54ee5149732c added a security group rule with legacy IPv6 ICMP protocol name icmp, ipv6-icmp should be used instead. It was automatically converted.
2026-07-09 00:47:09.773 10 INFO neutron.db.ovn_revision_numbers_db [None req-95a9f34c-e563-416e-8904-461ef5fe2971 12e2f43982d24fcebb850e58d7a75fe3 88d6f9bdee3c47dc97f15e648312053d - - default default] Successfully bumped revision number for resource 9eb935db-cb81-47f2-bca8-b3e337db74a1 (type: ports) to 1
2026-07-09 00:47:09.804 10 INFO neutron.api.wsgi [None req-95a9f34c-e563-416e-8904-461ef5fe2971 12e2f43982d24fcebb850e58d7a75fe3 88d6f9bdee3c47dc97f15e648312053d - - default default] 10.0.0.38 "POST /v2.0/ports HTTP/1.1" status: 201 len: 942 time: 0.3966708
2026-07-09 00:47:09.805 10 INFO neutron.db.ovn_revision_numbers_db [None req-e866b65d-caca-42b9-a259-086ad51db8b2 a988b9cbb1a94682bf5b884c0c537762 ce5bf088d9914f6c9fbb3bea26d74e2e - - default default] Successfully bumped revision number for resource f10ff936-a8c7-439f-bd52-976dc2ba6a21 (type: floatingips) to 2 /var/lib/openstack/lib/python3.12/site-packages/pycadf/identifier.py:71: UserWarning: Invalid uuid: neutron. To ensure interoperability, identifiers should be a valid uuid. warnings.warn(('Invalid uuid: %s. To ensure interoperability, '
