2026-07-09 00:44:37.667 9 INFO neutron.api.wsgi [req-6dfa2e55-37c3-427a-91c7-b022e2110561 req-efa4bda3-53d5-464d-9242-0a670da2d398 cf1270e005b34c1abca4173cf7870ca8 67f22b9b1cb74370884d1dfb9e6da0ef - - default default] 10.0.0.31 "GET /v2.0/ports?device_id=afc1aff1-1291-4e29-bb09-f38aa84aa567 HTTP/1.1" status: 200 len: 1170 time: 0.0328839
2026-07-09 00:44:37.709 9 INFO neutron.api.wsgi [req-6dfa2e55-37c3-427a-91c7-b022e2110561 req-cea78658-f8c5-4065-a6ac-57548618c9b6 cf1270e005b34c1abca4173cf7870ca8 67f22b9b1cb74370884d1dfb9e6da0ef - - default default] 10.0.0.31 "GET /v2.0/security-groups?id=9a718a5b-dd34-4ca4-9b1a-86d6d7601a08&fields=id&fields=name HTTP/1.1" status: 200 len: 313 time: 0.0337098
2026-07-09 00:44:37.997 10 INFO neutron.db.ovn_revision_numbers_db [None req-5949e1a2-d195-45fb-94c9-f22d07bf7f2e - - - - - -] Successfully bumped revision number for resource 6235442d-3b6f-4be6-8cc9-f24a9f885a25 (type: ports) to 2
2026-07-09 00:44:38.024 10 INFO neutron.db.ovn_revision_numbers_db [None req-5949e1a2-d195-45fb-94c9-f22d07bf7f2e - - - - - -] Successfully bumped revision number for resource db282c6d-1448-46bd-9f12-d43138e441a3 (type: subnets) to 0
2026-07-09 00:44:38.037 9 INFO neutron.api.wsgi [req-0c3e8bf1-1ece-42b1-af8d-8253a09c67da req-4811d2f5-034d-468b-9edf-35708881c020 d6d4ae095f6a4cc2a76be4e7569ac5dc 3d76cb75425c4c7789b8ea7099232f05 - - a4c9ffe7ac2d4d0d817b6f5e32ccdf77 a4c9ffe7ac2d4d0d817b6f5e32ccdf77] 199.204.45.77 "GET /v2.0/ports?tenant_id=67f22b9b1cb74370884d1dfb9e6da0ef&device_id=afc1aff1-1291-4e29-bb09-f38aa84aa567 HTTP/1.1" status: 200 len: 1409 time: 0.0325458
2026-07-09 00:44:38.039 10 INFO neutron.api.wsgi [None req-8143726b-da3d-4eb9-b55d-4b13711c99d3 af65d79a63b34bf5aebb9d2e53f45bf1 49e325faecb149a8b0acf760f003c8ab - - default default] 10.0.0.38 "POST /v2.0/subnets HTTP/1.1" status: 201 len: 846 time: 0.6856132
2026-07-09 00:44:38.091 9 INFO neutron.api.wsgi [req-0c3e8bf1-1ece-42b1-af8d-8253a09c67da req-3d696f80-f99c-4d3e-9dfc-e72765264e5a d6d4ae095f6a4cc2a76be4e7569ac5dc 3d76cb75425c4c7789b8ea7099232f05 - - a4c9ffe7ac2d4d0d817b6f5e32ccdf77 a4c9ffe7ac2d4d0d817b6f5e32ccdf77] 199.204.45.77 "GET /v2.0/networks?id=424e184d-f032-4d3d-a6b3-3b5c678502a4 HTTP/1.1" status: 200 len: 973 time: 0.0512681
2026-07-09 00:44:38.149 9 INFO neutron.api.wsgi [req-0c3e8bf1-1ece-42b1-af8d-8253a09c67da req-9002c5d5-3a71-4a91-92a2-e953dbe6dbb2 d6d4ae095f6a4cc2a76be4e7569ac5dc 3d76cb75425c4c7789b8ea7099232f05 - - a4c9ffe7ac2d4d0d817b6f5e32ccdf77 a4c9ffe7ac2d4d0d817b6f5e32ccdf77] 199.204.45.77 "GET /v2.0/floatingips?fixed_ip_address=10.100.0.8&port_id=c4dd457f-41fc-4563-a94a-fe6d8dd1dbf9 HTTP/1.1" status: 200 len: 1059 time: 0.0525067
2026-07-09 00:44:38.192 9 INFO neutron.api.wsgi [req-0c3e8bf1-1ece-42b1-af8d-8253a09c67da req-5eff8b0a-eeac-4e93-bd05-b7a2b66bb4d2 d6d4ae095f6a4cc2a76be4e7569ac5dc 3d76cb75425c4c7789b8ea7099232f05 - - a4c9ffe7ac2d4d0d817b6f5e32ccdf77 a4c9ffe7ac2d4d0d817b6f5e32ccdf77] 199.204.45.77 "GET /v2.0/subnets?id=eb2befe7-a1d8-4baf-96bb-3356244c99de HTTP/1.1" status: 200 len: 892 time: 0.0356157
2026-07-09 00:44:38.230 9 INFO neutron.api.wsgi [req-0c3e8bf1-1ece-42b1-af8d-8253a09c67da req-35572e4f-f711-48a7-a999-3cd02e3fd08f d6d4ae095f6a4cc2a76be4e7569ac5dc 3d76cb75425c4c7789b8ea7099232f05 - - a4c9ffe7ac2d4d0d817b6f5e32ccdf77 a4c9ffe7ac2d4d0d817b6f5e32ccdf77] 199.204.45.77 "GET /v2.0/ports?network_id=424e184d-f032-4d3d-a6b3-3b5c678502a4&device_owner=network%3Adhcp HTTP/1.1" status: 200 len: 210 time: 0.0271375
2026-07-09 00:44:38.295 9 INFO neutron.api.wsgi [req-0c3e8bf1-1ece-42b1-af8d-8253a09c67da req-d49a95f1-829c-4926-a2d6-83a67944cb5d d6d4ae095f6a4cc2a76be4e7569ac5dc 3d76cb75425c4c7789b8ea7099232f05 - - a4c9ffe7ac2d4d0d817b6f5e32ccdf77 a4c9ffe7ac2d4d0d817b6f5e32ccdf77] 199.204.45.77 "GET /v2.0/networks/424e184d-f032-4d3d-a6b3-3b5c678502a4?fields=segments HTTP/1.1" status: 200 len: 212 time: 0.0585089
2026-07-09 00:44:38.363 9 INFO neutron.api.wsgi [req-0c3e8bf1-1ece-42b1-af8d-8253a09c67da req-29815663-75ca-4181-88b5-294a70359d95 d6d4ae095f6a4cc2a76be4e7569ac5dc 3d76cb75425c4c7789b8ea7099232f05 - - a4c9ffe7ac2d4d0d817b6f5e32ccdf77 a4c9ffe7ac2d4d0d817b6f5e32ccdf77] 199.204.45.77 "GET /v2.0/networks/424e184d-f032-4d3d-a6b3-3b5c678502a4?fields=provider%3Aphysical_network&fields=provider%3Anetwork_type HTTP/1.1" status: 200 len: 277 time: 0.0611551
2026-07-09 00:44:38.371 9 INFO neutron.api.wsgi [None req-826a03dc-782f-4f40-bed1-9c8edf38b46c af65d79a63b34bf5aebb9d2e53f45bf1 49e325faecb149a8b0acf760f003c8ab - - default default] 10.0.0.38 "POST /v2.0/rbac-policies HTTP/1.1" status: 201 len: 523 time: 0.3249145
2026-07-09 00:44:38.410 10 INFO neutron.db.ovn_revision_numbers_db [None req-bfb64221-9e8d-4845-8872-0451bd1fbb2f 21194a289b77496faff67688a8fd7b4b f3cf2f2864f8488f9ee1f2769b181541 - - default default] Successfully bumped revision number for resource bf70bcd9-8d87-4878-bcfb-4302f4013299 (type: security_groups) to 1
2026-07-09 00:44:38.426 10 INFO neutron.db.ovn_revision_numbers_db [None req-bfb64221-9e8d-4845-8872-0451bd1fbb2f 21194a289b77496faff67688a8fd7b4b f3cf2f2864f8488f9ee1f2769b181541 - - default default] Successfully bumped revision number for resource 1685caca-3573-4f8a-b203-8fd2aa3c15ce (type: security_group_rules) to 0
2026-07-09 00:44:38.440 10 INFO neutron.db.ovn_revision_numbers_db [None req-bfb64221-9e8d-4845-8872-0451bd1fbb2f 21194a289b77496faff67688a8fd7b4b f3cf2f2864f8488f9ee1f2769b181541 - - default default] Successfully bumped revision number for resource 8bc709a8-28f1-4346-a366-89351e10eaf6 (type: security_group_rules) to 0
2026-07-09 00:44:38.453 10 INFO neutron.db.ovn_revision_numbers_db [None req-bfb64221-9e8d-4845-8872-0451bd1fbb2f 21194a289b77496faff67688a8fd7b4b f3cf2f2864f8488f9ee1f2769b181541 - - default default] Successfully bumped revision number for resource b91a4bee-7245-4833-8257-bffefb87b759 (type: security_group_rules) to 0
2026-07-09 00:44:38.468 10 INFO neutron.db.ovn_revision_numbers_db [None req-bfb64221-9e8d-4845-8872-0451bd1fbb2f 21194a289b77496faff67688a8fd7b4b f3cf2f2864f8488f9ee1f2769b181541 - - default default] Successfully bumped revision number for resource e7acdc32-47db-44bb-b455-30d2d12917c1 (type: security_group_rules) to 0
2026-07-09 00:44:38.513 10 INFO neutron.api.wsgi [None req-bfb64221-9e8d-4845-8872-0451bd1fbb2f 21194a289b77496faff67688a8fd7b4b f3cf2f2864f8488f9ee1f2769b181541 - - default default] 10.0.0.38 "GET /v2.0/security-groups?tenant_id=c1f16986bcde4f789b26bb9d8f011a30&name=default HTTP/1.1" status: 200 len: 3120 time: 0.3998203
2026-07-09 00:44:38.616 10 INFO neutron.api.wsgi [req-6c02dcde-32d5-428c-9cea-02029876beb7 req-6fd296f3-7d49-42eb-8514-8eaf358c3df6 841f9473db5442daa3ecf6c9c0fe8e86 efd612e022504c64b0f9653481499ed9 - - default default] 10.0.0.31 "GET /v2.0/ports?device_id=64537d55-0161-4a84-a4fa-c38ea2627e2b HTTP/1.1" status: 200 len: 1168 time: 0.0488396
2026-07-09 00:44:38.670 10 INFO neutron.api.wsgi [req-6c02dcde-32d5-428c-9cea-02029876beb7 req-3678a515-d891-4cc6-b073-f3a30fae685f 841f9473db5442daa3ecf6c9c0fe8e86 efd612e022504c64b0f9653481499ed9 - - default default] 10.0.0.31 "GET /v2.0/security-groups?id=483c8f4f-01d6-402a-9575-b045b346ac4a&fields=id&fields=name HTTP/1.1" status: 200 len: 313 time: 0.0483873
2026-07-09 00:44:38.755 10 INFO neutron.api.wsgi [None req-c982c355-6d73-46e5-a1ee-cde825ad3e81 21194a289b77496faff67688a8fd7b4b f3cf2f2864f8488f9ee1f2769b181541 - - default default] 10.0.0.38 "DELETE /v2.0/security-groups/bf70bcd9-8d87-4878-bcfb-4302f4013299 HTTP/1.1" status: 204 len: 168 time: 0.2356155
2026-07-09 00:44:38.828 9 INFO neutron.api.wsgi [req-8964e0cf-66db-4b50-b0f1-bd5443bd82fc req-964ff521-c057-4882-85bf-b45a0dc3213b cf1270e005b34c1abca4173cf7870ca8 67f22b9b1cb74370884d1dfb9e6da0ef - - default default] 10.0.0.31 "GET /v2.0/ports?device_id=afc1aff1-1291-4e29-bb09-f38aa84aa567 HTTP/1.1" status: 200 len: 1170 time: 0.0491803
2026-07-09 00:44:38.846 10 INFO neutron.api.wsgi [None req-3114f699-8f6c-48d0-b7c9-eff4ab6d79d2 70b7005918d84062b2120378861b3bac 044d40da233841deaeb04c57583e98f8 - - default default] 10.0.0.38 "GET /v2.0/networks/0c69c537-be40-463f-83cd-540a4bfb9362 HTTP/1.1" status: 200 len: 849 time: 0.0879490
2026-07-09 00:44:38.862 9 INFO neutron.api.wsgi [req-8964e0cf-66db-4b50-b0f1-bd5443bd82fc req-cd6eee0c-3906-460f-b885-93866ddb6935 cf1270e005b34c1abca4173cf7870ca8 67f22b9b1cb74370884d1dfb9e6da0ef - - default default] 10.0.0.31 "GET /v2.0/security-groups?id=9a718a5b-dd34-4ca4-9b1a-86d6d7601a08&fields=id&fields=name HTTP/1.1" status: 200 len: 313 time: 0.0269339
2026-07-09 00:44:39.337 10 INFO neutron.pecan_wsgi.hooks.translation [None req-60dcac94-14da-449d-ae33-b3f1250d9464 89c9cc01876d48578d275d17d09da08e 8af05f7067984e7d854cbb1bdc02234d - - default default] GET failed (client error): The resource could not be found.
2026-07-09 00:44:39.338 10 INFO neutron.api.wsgi [None req-60dcac94-14da-449d-ae33-b3f1250d9464 89c9cc01876d48578d275d17d09da08e 8af05f7067984e7d854cbb1bdc02234d - - default default] 10.0.0.38 "GET /v2.0/networks/0c69c537-be40-463f-83cd-540a4bfb9362 HTTP/1.1" status: 404 len: 339 time: 0.1164742
2026-07-09 00:44:39.662 9 INFO neutron.plugins.ml2.drivers.ovn.mech_driver.mech_driver [None req-b67f4535-80f9-44f3-8abf-63bd4d2c6232 - - - - - -] OVN reports status up for port: 78fc472d-0381-4ad2-bab5-5a33c2a21870
2026-07-09 00:44:39.675 9 INFO neutron.plugins.ml2.plugin [None req-b67f4535-80f9-44f3-8abf-63bd4d2c6232 - - - - - -] Attempt 1 to provision port 78fc472d-0381-4ad2-bab5-5a33c2a21870
2026-07-09 00:44:39.795 10 INFO neutron.api.wsgi [req-7c44c0f1-c6e1-4946-8d25-3201a72ec377 req-aa45a4b4-a7ea-40bb-ae1d-0c225751d841 841f9473db5442daa3ecf6c9c0fe8e86 efd612e022504c64b0f9653481499ed9 - - default default] 10.0.0.31 "GET /v2.0/ports?device_id=64537d55-0161-4a84-a4fa-c38ea2627e2b HTTP/1.1" status: 200 len: 1168 time: 0.0435960
2026-07-09 00:44:39.818 9 INFO neutron.notifiers.nova [-] Nova event matching ['req-f50a9788-a8d8-480f-973a-5381131dd775'] response: {'server_uuid': '64537d55-0161-4a84-a4fa-c38ea2627e2b', 'name': 'network-vif-plugged', 'status': 'completed', 'tag': '78fc472d-0381-4ad2-bab5-5a33c2a21870', 'code': 200}
2026-07-09 00:44:39.853 10 INFO neutron.api.wsgi [req-7c44c0f1-c6e1-4946-8d25-3201a72ec377 req-9253443f-dd56-424e-a205-f883516e32db 841f9473db5442daa3ecf6c9c0fe8e86 efd612e022504c64b0f9653481499ed9 - - default default] 10.0.0.31 "GET /v2.0/security-groups?id=483c8f4f-01d6-402a-9575-b045b346ac4a&fields=id&fields=name HTTP/1.1" status: 200 len: 313 time: 0.0510397
2026-07-09 00:44:39.856 10 INFO neutron.services.segments.plugin [-] Segment 258e20a8-841b-4ec5-a47c-9018703d64c1 resource provider aggregate not found
2026-07-09 00:44:39.860 10 INFO neutron.services.segments.plugin [-] Segment 258e20a8-841b-4ec5-a47c-9018703d64c1 resource provider aggregate not found
2026-07-09 00:44:39.874 10 INFO neutron.services.segments.plugin [-] Segment 258e20a8-841b-4ec5-a47c-9018703d64c1 resource provider not found; error: Placement Client Error (4xx): {"errors": [{"status": 404, "title": "Not Found", "detail": "The resource could not be found.\n\n No resource provider with uuid 258e20a8-841b-4ec5-a47c-9018703d64c1 found for delete ", "request_id": "req-ea489624-73a0-40dc-a629-f9247702bf8e"}]}
2026-07-09 00:44:39.880 10 INFO neutron.services.segments.plugin [-] Segment 258e20a8-841b-4ec5-a47c-9018703d64c1 resource provider not found; error: Placement Client Error (4xx): {"errors": [{"status": 404, "title": "Not Found", "detail": "The resource could not be found.\n\n No resource provider with uuid 258e20a8-841b-4ec5-a47c-9018703d64c1 found for delete ", "request_id": "req-5ea73ffb-22a2-42e5-b5f8-f6635aa072ea"}]}
2026-07-09 00:44:39.915 10 INFO neutron.api.wsgi [None req-a83d87db-7e8b-49a3-8258-8e6f5596cc3d af65d79a63b34bf5aebb9d2e53f45bf1 49e325faecb149a8b0acf760f003c8ab - - default default] 10.0.0.38 "DELETE /v2.0/networks/0c69c537-be40-463f-83cd-540a4bfb9362 HTTP/1.1" status: 204 len: 168 time: 0.5698502
2026-07-09 00:44:39.944 10 INFO neutron.pecan_wsgi.hooks.translation [None req-fc65fd9f-4a4d-4666-85a1-33e3caf156c9 af65d79a63b34bf5aebb9d2e53f45bf1 49e325faecb149a8b0acf760f003c8ab - - default default] DELETE failed (client error): The resource could not be found.
2026-07-09 00:44:39.948 10 INFO neutron.api.wsgi [None req-fc65fd9f-4a4d-4666-85a1-33e3caf156c9 af65d79a63b34bf5aebb9d2e53f45bf1 49e325faecb149a8b0acf760f003c8ab - - default default] 10.0.0.38 "DELETE /v2.0/subnets/4f278f6a-58e6-4540-8565-681c1ba463f4 HTTP/1.1" status: 404 len: 337 time: 0.0211115
2026-07-09 00:44:39.968 10 INFO neutron.pecan_wsgi.hooks.translation [None req-5d5000b5-3279-49f0-b26d-6916c5057bac af65d79a63b34bf5aebb9d2e53f45bf1 49e325faecb149a8b0acf760f003c8ab - - default default] DELETE failed (client error): The resource could not be found.
2026-07-09 00:44:39.970 10 INFO neutron.api.wsgi [None req-5d5000b5-3279-49f0-b26d-6916c5057bac af65d79a63b34bf5aebb9d2e53f45bf1 49e325faecb149a8b0acf760f003c8ab - - default default] 10.0.0.38 "DELETE /v2.0/subnets/b530e74d-f489-4a5c-a2bd-0005cc149e52 HTTP/1.1" status: 404 len: 337 time: 0.0116456
2026-07-09 00:44:39.997 10 INFO neutron.pecan_wsgi.hooks.translation [None req-af7ebe88-a7d8-4793-a506-dd25f391230b af65d79a63b34bf5aebb9d2e53f45bf1 49e325faecb149a8b0acf760f003c8ab - - default default] DELETE failed (client error): The resource could not be found.
2026-07-09 00:44:39.999 10 INFO neutron.api.wsgi [None req-af7ebe88-a7d8-4793-a506-dd25f391230b af65d79a63b34bf5aebb9d2e53f45bf1 49e325faecb149a8b0acf760f003c8ab - - default default] 10.0.0.38 "DELETE /v2.0/subnets/db282c6d-1448-46bd-9f12-d43138e441a3 HTTP/1.1" status: 404 len: 337 time: 0.0150647
2026-07-09 00:44:40.008 9 INFO neutron.api.wsgi [req-d4377e55-3dc1-407a-a567-3384a6630bee req-4434dcf9-74e0-4b24-ac00-1488cd8cdef5 cf1270e005b34c1abca4173cf7870ca8 67f22b9b1cb74370884d1dfb9e6da0ef - - default default] 10.0.0.31 "GET /v2.0/ports?device_id=afc1aff1-1291-4e29-bb09-f38aa84aa567 HTTP/1.1" status: 200 len: 1170 time: 0.0575318
2026-07-09 00:44:40.015 10 INFO neutron.plugins.ml2.drivers.ovn.mech_driver.mech_driver [None req-31304267-29bb-4e4a-a0f6-cf8e8e5c76b5 - - - - - -] OVN reports status down for port: c4dd457f-41fc-4563-a94a-fe6d8dd1dbf9
2026-07-09 00:44:40.021 9 INFO neutron.db.ovn_revision_numbers_db [None req-b67f4535-80f9-44f3-8abf-63bd4d2c6232 - - - - - -] Successfully bumped revision number for resource 78fc472d-0381-4ad2-bab5-5a33c2a21870 (type: ports) to 5
2026-07-09 00:44:40.085 9 INFO neutron.api.wsgi [req-d4377e55-3dc1-407a-a567-3384a6630bee req-05ac00a9-6660-4520-b5c2-debc2cd32c1b cf1270e005b34c1abca4173cf7870ca8 67f22b9b1cb74370884d1dfb9e6da0ef - - default default] 10.0.0.31 "GET /v2.0/security-groups?id=9a718a5b-dd34-4ca4-9b1a-86d6d7601a08&fields=id&fields=name HTTP/1.1" status: 200 len: 313 time: 0.0666139
2026-07-09 00:44:40.192 10 INFO neutron.notifiers.nova [-] Nova event matching ['req-e6bb6d9a-6a3a-4430-a36f-6b1461070587'] response: {'server_uuid': 'afc1aff1-1291-4e29-bb09-f38aa84aa567', 'name': 'network-vif-unplugged', 'status': 'completed', 'tag': 'c4dd457f-41fc-4563-a94a-fe6d8dd1dbf9', 'code': 200}
2026-07-09 00:44:40.342 10 INFO neutron.db.ovn_revision_numbers_db [None req-31304267-29bb-4e4a-a0f6-cf8e8e5c76b5 - - - - - -] Successfully bumped revision number for resource c4dd457f-41fc-4563-a94a-fe6d8dd1dbf9 (type: ports) to 6 /var/lib/openstack/lib/python3.12/site-packages/pycadf/identifier.py:71: UserWarning: Invalid uuid: neutron. To ensure interoperability, identifiers should be a valid uuid. warnings.warn(('Invalid uuid: %s. To ensure interoperability, ' /var/lib/openstack/lib/python3.12/site-packages/pycadf/identifier.py:71: UserWarning: Invalid uuid: neutron. To ensure interoperability, identifiers should be a valid uuid. warnings.warn(('Invalid uuid: %s. To ensure interoperability, '
2026-07-09 00:44:41.064 9 INFO neutron.api.wsgi [req-26473e6a-3d44-4645-a5fe-d8ada0052bf5 req-e16451a1-459f-4abb-ad64-bf7182b056b3 841f9473db5442daa3ecf6c9c0fe8e86 efd612e022504c64b0f9653481499ed9 - - default default] 10.0.0.31 "GET /v2.0/ports?device_id=64537d55-0161-4a84-a4fa-c38ea2627e2b HTTP/1.1" status: 200 len: 1170 time: 0.1103220
2026-07-09 00:44:41.067 9 INFO neutron.api.wsgi [None req-7dedd143-e671-42ee-807b-b4846b2e41cf 21194a289b77496faff67688a8fd7b4b f3cf2f2864f8488f9ee1f2769b181541 - - default default] 10.0.0.38 "GET /v2.0/security-groups?tenant_id=49e325faecb149a8b0acf760f003c8ab&name=default HTTP/1.1" status: 200 len: 3120 time: 0.1186829
2026-07-09 00:44:41.110 9 INFO neutron.api.wsgi [req-26473e6a-3d44-4645-a5fe-d8ada0052bf5 req-edb0f5de-d627-4981-96e3-4aecb724ba6c 841f9473db5442daa3ecf6c9c0fe8e86 efd612e022504c64b0f9653481499ed9 - - default default] 10.0.0.31 "GET /v2.0/security-groups?id=483c8f4f-01d6-402a-9575-b045b346ac4a&fields=id&fields=name HTTP/1.1" status: 200 len: 313 time: 0.0395901
2026-07-09 00:44:41.172 10 INFO neutron.db.ovn_revision_numbers_db [None req-cc7b0e98-ddf3-44c4-b23d-0adba1428ed0 21194a289b77496faff67688a8fd7b4b f3cf2f2864f8488f9ee1f2769b181541 - - default default] Successfully bumped revision number for resource 72c147dc-48ab-41d1-9f0c-a18261fcb712 (type: security_groups) to 1
2026-07-09 00:44:41.197 10 INFO neutron.db.ovn_revision_numbers_db [None req-cc7b0e98-ddf3-44c4-b23d-0adba1428ed0 21194a289b77496faff67688a8fd7b4b f3cf2f2864f8488f9ee1f2769b181541 - - default default] Successfully bumped revision number for resource 07149aa0-532f-400c-9f20-22540fb9bc0e (type: security_group_rules) to 0
2026-07-09 00:44:41.220 10 INFO neutron.db.ovn_revision_numbers_db [None req-cc7b0e98-ddf3-44c4-b23d-0adba1428ed0 21194a289b77496faff67688a8fd7b4b f3cf2f2864f8488f9ee1f2769b181541 - - default default] Successfully bumped revision number for resource 42815096-be4a-41ba-8ad4-7619e5ea8a21 (type: security_group_rules) to 0
2026-07-09 00:44:41.242 10 INFO neutron.db.ovn_revision_numbers_db [None req-cc7b0e98-ddf3-44c4-b23d-0adba1428ed0 21194a289b77496faff67688a8fd7b4b f3cf2f2864f8488f9ee1f2769b181541 - - default default] Successfully bumped revision number for resource a4b07972-dfcf-4ec0-a67c-176623978553 (type: security_group_rules) to 0
2026-07-09 00:44:41.265 10 INFO neutron.db.ovn_revision_numbers_db [None req-cc7b0e98-ddf3-44c4-b23d-0adba1428ed0 21194a289b77496faff67688a8fd7b4b f3cf2f2864f8488f9ee1f2769b181541 - - default default] Successfully bumped revision number for resource abe9a5db-8000-4d56-ae90-b65317b055ed (type: security_group_rules) to 0
2026-07-09 00:44:41.278 10 INFO neutron.api.wsgi [req-6f32dabf-cbb6-4272-85f4-62a0d1f1337f req-b71f3054-cc3a-4cf6-8056-a9c683944f75 cf1270e005b34c1abca4173cf7870ca8 67f22b9b1cb74370884d1dfb9e6da0ef - - default default] 10.0.0.31 "GET /v2.0/ports?device_id=afc1aff1-1291-4e29-bb09-f38aa84aa567 HTTP/1.1" status: 200 len: 1168 time: 0.1002452
2026-07-09 00:44:41.323 10 INFO neutron.api.wsgi [req-6f32dabf-cbb6-4272-85f4-62a0d1f1337f req-29abfef8-c1ea-402c-98cc-60dff4c50083 cf1270e005b34c1abca4173cf7870ca8 67f22b9b1cb74370884d1dfb9e6da0ef - - default default] 10.0.0.31 "GET /v2.0/security-groups?id=9a718a5b-dd34-4ca4-9b1a-86d6d7601a08&fields=id&fields=name HTTP/1.1" status: 200 len: 313 time: 0.0368927
2026-07-09 00:44:41.340 10 INFO neutron.api.wsgi [None req-0990c6fb-84ac-484f-a7da-c46ddf93dcf6 21194a289b77496faff67688a8fd7b4b f3cf2f2864f8488f9ee1f2769b181541 - - default default] 10.0.0.38 "DELETE /v2.0/security-groups/cd3a9b07-def4-468f-8979-5fa84761ef9c HTTP/1.1" status: 204 len: 168 time: 0.2672429
2026-07-09 00:44:41.350 10 INFO neutron.db.segments_db [None req-cc7b0e98-ddf3-44c4-b23d-0adba1428ed0 21194a289b77496faff67688a8fd7b4b f3cf2f2864f8488f9ee1f2769b181541 - - default default] Added segment 1471051c-c343-4ad7-909c-e13677fd29bb of type geneve for network 3cf3414d-e185-4a44-b3a6-daf00f4e114a
2026-07-09 00:44:41.492 10 INFO neutron.db.ovn_revision_numbers_db [None req-cc7b0e98-ddf3-44c4-b23d-0adba1428ed0 21194a289b77496faff67688a8fd7b4b f3cf2f2864f8488f9ee1f2769b181541 - - default default] Successfully bumped revision number for resource 3cf3414d-e185-4a44-b3a6-daf00f4e114a (type: networks) to 1
2026-07-09 00:44:41.604 10 INFO neutron.db.ovn_revision_numbers_db [None req-6523535c-9f07-410a-9843-eed2cb1c79e8 21194a289b77496faff67688a8fd7b4b f3cf2f2864f8488f9ee1f2769b181541 - - default default] Successfully bumped revision number for resource 7198a399-dfdb-490e-936a-7625bcc5459d (type: security_groups) to 1
2026-07-09 00:44:41.622 10 INFO neutron.db.ovn_revision_numbers_db [None req-6523535c-9f07-410a-9843-eed2cb1c79e8 21194a289b77496faff67688a8fd7b4b f3cf2f2864f8488f9ee1f2769b181541 - - default default] Successfully bumped revision number for resource b10b5b26-501a-4c92-baab-6377507b4e0e (type: security_group_rules) to 0
2026-07-09 00:44:41.641 10 INFO neutron.db.ovn_revision_numbers_db [None req-6523535c-9f07-410a-9843-eed2cb1c79e8 21194a289b77496faff67688a8fd7b4b f3cf2f2864f8488f9ee1f2769b181541 - - default default] Successfully bumped revision number for resource c004c5f2-f3d2-4070-b35f-10e2674f3196 (type: security_group_rules) to 0
2026-07-09 00:44:41.651 10 WARNING neutron.scheduler.dhcp_agent_scheduler [None req-cc7b0e98-ddf3-44c4-b23d-0adba1428ed0 21194a289b77496faff67688a8fd7b4b f3cf2f2864f8488f9ee1f2769b181541 - - default default] No more DHCP agents
2026-07-09 00:44:41.653 10 WARNING neutron.api.rpc.agentnotifiers.dhcp_rpc_agent_api [None req-cc7b0e98-ddf3-44c4-b23d-0adba1428ed0 21194a289b77496faff67688a8fd7b4b f3cf2f2864f8488f9ee1f2769b181541 - - default default] Unable to schedule network 3cf3414d-e185-4a44-b3a6-daf00f4e114a: no agents available; will retry on subsequent port and subnet creation events.
2026-07-09 00:44:41.657 10 INFO neutron.db.ovn_revision_numbers_db [None req-6523535c-9f07-410a-9843-eed2cb1c79e8 21194a289b77496faff67688a8fd7b4b f3cf2f2864f8488f9ee1f2769b181541 - - default default] Successfully bumped revision number for resource c7e87488-95cc-4a9d-a4bb-62f099d489c4 (type: security_group_rules) to 0
2026-07-09 00:44:41.672 10 INFO neutron.db.ovn_revision_numbers_db [None req-6523535c-9f07-410a-9843-eed2cb1c79e8 21194a289b77496faff67688a8fd7b4b f3cf2f2864f8488f9ee1f2769b181541 - - default default] Successfully bumped revision number for resource d1ede5f7-42dc-4d46-bade-a1b6f8f11674 (type: security_group_rules) to 0
2026-07-09 00:44:41.713 10 INFO neutron.api.wsgi [None req-6523535c-9f07-410a-9843-eed2cb1c79e8 21194a289b77496faff67688a8fd7b4b f3cf2f2864f8488f9ee1f2769b181541 - - default default] 10.0.0.38 "GET /v2.0/security-groups?tenant_id=044d40da233841deaeb04c57583e98f8&name=default HTTP/1.1" status: 200 len: 3120 time: 0.2522745
2026-07-09 00:44:41.723 10 INFO neutron.db.ovn_revision_numbers_db [None req-cc7b0e98-ddf3-44c4-b23d-0adba1428ed0 21194a289b77496faff67688a8fd7b4b f3cf2f2864f8488f9ee1f2769b181541 - - default default] Successfully bumped revision number for resource 436c4641-9696-4eec-a5e2-781b308fe42a (type: ports) to 1
2026-07-09 00:44:41.750 10 INFO neutron.api.wsgi [None req-cc7b0e98-ddf3-44c4-b23d-0adba1428ed0 21194a289b77496faff67688a8fd7b4b f3cf2f2864f8488f9ee1f2769b181541 - - default default] 10.0.0.38 "POST /v2.0/networks HTTP/1.1" status: 201 len: 942 time: 1.1295087
2026-07-09 00:44:41.855 9 INFO neutron.notifiers.nova [-] Nova event matching ['req-01c3e8d5-b72b-4d25-97ea-609c332446e5'] response: {'server_uuid': '64537d55-0161-4a84-a4fa-c38ea2627e2b', 'name': 'network-vif-plugged', 'status': 'completed', 'tag': '78fc472d-0381-4ad2-bab5-5a33c2a21870', 'code': 200}
2026-07-09 00:44:41.989 10 INFO neutron.api.wsgi [None req-5685fd5e-38a8-450b-8919-0a71d6a72d4d 21194a289b77496faff67688a8fd7b4b f3cf2f2864f8488f9ee1f2769b181541 - - default default] 10.0.0.38 "DELETE /v2.0/security-groups/7198a399-dfdb-490e-936a-7625bcc5459d HTTP/1.1" status: 204 len: 168 time: 0.2714593
2026-07-09 00:44:42.234 10 INFO neutron.notifiers.nova [-] Nova event matching ['req-e9d4a27b-0fa6-4535-bb8a-c8d240ebc5ed'] response: {'server_uuid': 'afc1aff1-1291-4e29-bb09-f38aa84aa567', 'name': 'network-vif-unplugged', 'status': 'completed', 'tag': 'c4dd457f-41fc-4563-a94a-fe6d8dd1dbf9', 'code': 200}
2026-07-09 00:44:42.297 10 INFO neutron.api.wsgi [req-6ccab016-7409-4e36-86f0-755abc1d5e06 req-c32501c3-4839-4d1c-bec9-7b0272332812 841f9473db5442daa3ecf6c9c0fe8e86 efd612e022504c64b0f9653481499ed9 - - default default] 10.0.0.31 "GET /v2.0/ports?device_id=64537d55-0161-4a84-a4fa-c38ea2627e2b HTTP/1.1" status: 200 len: 1170 time: 0.1120956
2026-07-09 00:44:42.343 10 INFO neutron.api.wsgi [req-6ccab016-7409-4e36-86f0-755abc1d5e06 req-d4e1f2fa-7de9-4bef-ada8-1ce4b1843bdb 841f9473db5442daa3ecf6c9c0fe8e86 efd612e022504c64b0f9653481499ed9 - - default default] 10.0.0.31 "GET /v2.0/security-groups?id=483c8f4f-01d6-402a-9575-b045b346ac4a&fields=id&fields=name HTTP/1.1" status: 200 len: 313 time: 0.0397718
2026-07-09 00:44:42.353 9 WARNING neutron.scheduler.dhcp_agent_scheduler [None req-b1c83b67-a05c-4adb-a938-2a35dbecfc43 21194a289b77496faff67688a8fd7b4b f3cf2f2864f8488f9ee1f2769b181541 - - default default] No more DHCP agents
2026-07-09 00:44:42.354 9 WARNING neutron.api.rpc.agentnotifiers.dhcp_rpc_agent_api [None req-b1c83b67-a05c-4adb-a938-2a35dbecfc43 21194a289b77496faff67688a8fd7b4b f3cf2f2864f8488f9ee1f2769b181541 - - default default] Unable to schedule network 3cf3414d-e185-4a44-b3a6-daf00f4e114a: no agents available; will retry on subsequent port and subnet creation events.
2026-07-09 00:44:42.362 10 INFO neutron.db.ovn_revision_numbers_db [None req-387ae079-4d75-4144-9fa7-202fba9b8b79 21194a289b77496faff67688a8fd7b4b f3cf2f2864f8488f9ee1f2769b181541 - - default default] Successfully bumped revision number for resource f832deb5-39f5-4591-a964-e35a3a4163d3 (type: security_groups) to 1
2026-07-09 00:44:42.378 10 INFO neutron.db.ovn_revision_numbers_db [None req-387ae079-4d75-4144-9fa7-202fba9b8b79 21194a289b77496faff67688a8fd7b4b f3cf2f2864f8488f9ee1f2769b181541 - - default default] Successfully bumped revision number for resource 15a32321-41f3-4780-80c0-81634cf320dd (type: security_group_rules) to 0
2026-07-09 00:44:42.391 10 INFO neutron.db.ovn_revision_numbers_db [None req-387ae079-4d75-4144-9fa7-202fba9b8b79 21194a289b77496faff67688a8fd7b4b f3cf2f2864f8488f9ee1f2769b181541 - - default default] Successfully bumped revision number for resource 50b6c1d1-43dc-4b96-ac03-dd89cbd3c46a (type: security_group_rules) to 0
2026-07-09 00:44:42.413 10 INFO neutron.db.ovn_revision_numbers_db [None req-387ae079-4d75-4144-9fa7-202fba9b8b79 21194a289b77496faff67688a8fd7b4b f3cf2f2864f8488f9ee1f2769b181541 - - default default] Successfully bumped revision number for resource ac98aa39-b5e4-4d00-8c1d-b55fef95b9a0 (type: security_group_rules) to 0
2026-07-09 00:44:42.432 10 INFO neutron.db.ovn_revision_numbers_db [None req-387ae079-4d75-4144-9fa7-202fba9b8b79 21194a289b77496faff67688a8fd7b4b f3cf2f2864f8488f9ee1f2769b181541 - - default default] Successfully bumped revision number for resource cf9bc945-f8dc-4e54-9170-e86a1e5396d4 (type: security_group_rules) to 0
2026-07-09 00:44:42.445 10 INFO neutron.api.wsgi [req-287cb3e7-ba46-4e17-bf2a-5bda7e3c84f9 req-a0ed2c48-c7b5-49e1-bb3c-d022e2e69221 841f9473db5442daa3ecf6c9c0fe8e86 efd612e022504c64b0f9653481499ed9 - - default default] 10.0.0.31 "GET /v2.0/ports?device_id=64537d55-0161-4a84-a4fa-c38ea2627e2b HTTP/1.1" status: 200 len: 1170 time: 0.0404809
2026-07-09 00:44:42.469 9 INFO neutron.api.wsgi [req-3f7f092d-d8c9-4523-a600-fc1cec7e470c req-3a3c22e7-d699-4118-b84a-a6ed8d3f9445 cf1270e005b34c1abca4173cf7870ca8 67f22b9b1cb74370884d1dfb9e6da0ef - - default default] 10.0.0.31 "GET /v2.0/ports?device_id=afc1aff1-1291-4e29-bb09-f38aa84aa567 HTTP/1.1" status: 200 len: 1168 time: 0.0813653
2026-07-09 00:44:42.478 10 INFO neutron.api.wsgi [None req-387ae079-4d75-4144-9fa7-202fba9b8b79 21194a289b77496faff67688a8fd7b4b f3cf2f2864f8488f9ee1f2769b181541 - - default default] 10.0.0.38 "GET /v2.0/security-groups?tenant_id=8af05f7067984e7d854cbb1bdc02234d&name=default HTTP/1.1" status: 200 len: 3120 time: 0.2761288
2026-07-09 00:44:42.539 9 INFO neutron.api.wsgi [req-3f7f092d-d8c9-4523-a600-fc1cec7e470c req-eb101c82-8413-45bf-8f8b-ac493d655b0f cf1270e005b34c1abca4173cf7870ca8 67f22b9b1cb74370884d1dfb9e6da0ef - - default default] 10.0.0.31 "GET /v2.0/security-groups?id=9a718a5b-dd34-4ca4-9b1a-86d6d7601a08&fields=id&fields=name HTTP/1.1" status: 200 len: 313 time: 0.0608740
2026-07-09 00:44:42.752 9 INFO neutron.api.wsgi [None req-912d8dec-5b0a-4321-8048-962faa055eac 21194a289b77496faff67688a8fd7b4b f3cf2f2864f8488f9ee1f2769b181541 - - default default] 10.0.0.38 "DELETE /v2.0/security-groups/f832deb5-39f5-4591-a964-e35a3a4163d3 HTTP/1.1" status: 204 len: 168 time: 0.2618399
2026-07-09 00:44:42.875 9 INFO neutron.db.ovn_revision_numbers_db [None req-4dab1d22-00ff-4667-8c18-3b256a1d248c - - - - - -] Successfully bumped revision number for resource 436c4641-9696-4eec-a5e2-781b308fe42a (type: ports) to 2
2026-07-09 00:44:42.923 9 INFO neutron.db.ovn_revision_numbers_db [None req-4dab1d22-00ff-4667-8c18-3b256a1d248c - - - - - -] Successfully bumped revision number for resource e1a0de53-8f9f-41ea-9f65-3f555ab7b5a2 (type: subnets) to 0
2026-07-09 00:44:42.967 10 INFO neutron.db.ovn_revision_numbers_db [None req-86e1f3e5-ac4c-4d53-9a18-f84005cbeada 841f9473db5442daa3ecf6c9c0fe8e86 efd612e022504c64b0f9653481499ed9 - - default default] Successfully bumped revision number for resource 30c298e2-3a8e-4937-ad81-09c7c97f7fec (type: floatingips) to 1
2026-07-09 00:44:42.972 9 INFO neutron.api.wsgi [None req-b1c83b67-a05c-4adb-a938-2a35dbecfc43 21194a289b77496faff67688a8fd7b4b f3cf2f2864f8488f9ee1f2769b181541 - - default default] 10.0.0.38 "POST /v2.0/subnets HTTP/1.1" status: 201 len: 887 time: 1.2149591 /var/lib/openstack/lib/python3.12/site-packages/pycadf/identifier.py:71: UserWarning: Invalid uuid: neutron. To ensure interoperability, identifiers should be a valid uuid. warnings.warn(('Invalid uuid: %s. To ensure interoperability, '
2026-07-09 00:44:43.076 10 INFO neutron.db.ovn_revision_numbers_db [None req-86e1f3e5-ac4c-4d53-9a18-f84005cbeada 841f9473db5442daa3ecf6c9c0fe8e86 efd612e022504c64b0f9653481499ed9 - - default default] Successfully bumped revision number for resource 30c298e2-3a8e-4937-ad81-09c7c97f7fec (type: floatingips) to 2
2026-07-09 00:44:43.077 10 INFO neutron.db.l3_db [None req-86e1f3e5-ac4c-4d53-9a18-f84005cbeada 841f9473db5442daa3ecf6c9c0fe8e86 efd612e022504c64b0f9653481499ed9 - - default default] Floating IP 30c298e2-3a8e-4937-ad81-09c7c97f7fec associated. External IP: 10.96.250.216, port: 78fc472d-0381-4ad2-bab5-5a33c2a21870.
2026-07-09 00:44:43.125 10 INFO neutron.api.wsgi [None req-86e1f3e5-ac4c-4d53-9a18-f84005cbeada 841f9473db5442daa3ecf6c9c0fe8e86 efd612e022504c64b0f9653481499ed9 - - default default] 10.0.0.38 "PUT /v2.0/floatingips/30c298e2-3a8e-4937-ad81-09c7c97f7fec HTTP/1.1" status: 200 len: 1049 time: 0.6667824
2026-07-09 00:44:43.132 10 INFO neutron.plugins.ml2.drivers.ovn.mech_driver.mech_driver [None req-ae06d0d9-5641-4c7d-802a-82e15aed3e2d - - - - - -] OVN reports status up for port: c4dd457f-41fc-4563-a94a-fe6d8dd1dbf9
2026-07-09 00:44:43.147 10 INFO neutron.plugins.ml2.plugin [None req-ae06d0d9-5641-4c7d-802a-82e15aed3e2d - - - - - -] Attempt 1 to provision port c4dd457f-41fc-4563-a94a-fe6d8dd1dbf9
2026-07-09 00:44:43.228 10 INFO neutron.api.wsgi [req-10a926e8-0930-4505-9fd8-bef1bfa436b3 req-0138ab83-f18d-4a55-bacc-6a143f17d034 841f9473db5442daa3ecf6c9c0fe8e86 efd612e022504c64b0f9653481499ed9 - - default default] 10.0.0.31 "GET /v2.0/ports?device_id=64537d55-0161-4a84-a4fa-c38ea2627e2b HTTP/1.1" status: 200 len: 1170 time: 0.0464156
2026-07-09 00:44:43.275 10 INFO neutron.api.wsgi [req-10a926e8-0930-4505-9fd8-bef1bfa436b3 req-63a5a359-81aa-458f-b59f-db38fb230254 841f9473db5442daa3ecf6c9c0fe8e86 efd612e022504c64b0f9653481499ed9 - - default default] 10.0.0.31 "GET /v2.0/security-groups?id=483c8f4f-01d6-402a-9575-b045b346ac4a&fields=id&fields=name HTTP/1.1" status: 200 len: 313 time: 0.0412502
2026-07-09 00:44:43.442 10 INFO neutron.db.ovn_revision_numbers_db [None req-ae06d0d9-5641-4c7d-802a-82e15aed3e2d - - - - - -] Successfully bumped revision number for resource c4dd457f-41fc-4563-a94a-fe6d8dd1dbf9 (type: ports) to 7
2026-07-09 00:44:43.487 9 WARNING neutron.scheduler.dhcp_agent_scheduler [None req-6194e22f-1fe8-4a19-9485-21b4ffb08842 21194a289b77496faff67688a8fd7b4b f3cf2f2864f8488f9ee1f2769b181541 - - default default] No more DHCP agents
2026-07-09 00:44:43.489 9 WARNING neutron.api.rpc.agentnotifiers.dhcp_rpc_agent_api [None req-6194e22f-1fe8-4a19-9485-21b4ffb08842 21194a289b77496faff67688a8fd7b4b f3cf2f2864f8488f9ee1f2769b181541 - - default default] Unable to schedule network c0c9bd91-e1e7-4eaf-8008-8ac8d6e5deec: no agents available; will retry on subsequent port and subnet creation events. /var/lib/openstack/lib/python3.12/site-packages/pycadf/identifier.py:71: UserWarning: Invalid uuid: neutron. To ensure interoperability, identifiers should be a valid uuid. warnings.warn(('Invalid uuid: %s. To ensure interoperability, '
2026-07-09 00:44:43.633 9 INFO neutron.db.ovn_revision_numbers_db [None req-6194e22f-1fe8-4a19-9485-21b4ffb08842 21194a289b77496faff67688a8fd7b4b f3cf2f2864f8488f9ee1f2769b181541 - - default default] Successfully bumped revision number for resource 935cf660-88ae-470c-b04a-66f3f3926e9c (type: ports) to 1
2026-07-09 00:44:43.650 10 INFO neutron.api.wsgi [req-c66fefb2-4d80-435c-b381-92ce3e3f9c43 req-88583444-f9b5-41fd-9788-18b4a76f9549 cf1270e005b34c1abca4173cf7870ca8 67f22b9b1cb74370884d1dfb9e6da0ef - - default default] 10.0.0.31 "GET /v2.0/ports?device_id=afc1aff1-1291-4e29-bb09-f38aa84aa567 HTTP/1.1" status: 200 len: 1170 time: 0.0359991
2026-07-09 00:44:43.703 10 INFO neutron.api.wsgi [req-c66fefb2-4d80-435c-b381-92ce3e3f9c43 req-2f7140c5-5017-47a8-ab51-1fddb059b1dd cf1270e005b34c1abca4173cf7870ca8 67f22b9b1cb74370884d1dfb9e6da0ef - - default default] 10.0.0.31 "GET /v2.0/security-groups?id=9a718a5b-dd34-4ca4-9b1a-86d6d7601a08&fields=id&fields=name HTTP/1.1" status: 200 len: 313 time: 0.0482814
2026-07-09 00:44:43.882 10 INFO neutron.api.wsgi [req-9fbfffb4-2918-40fe-add3-86acf0230cc5 req-86ca951b-3ddd-4950-bc16-bd7b0e0b93f6 841f9473db5442daa3ecf6c9c0fe8e86 efd612e022504c64b0f9653481499ed9 - - default default] 10.0.0.31 "GET /v2.0/ports?device_id=64537d55-0161-4a84-a4fa-c38ea2627e2b HTTP/1.1" status: 200 len: 1170 time: 0.0364306
2026-07-09 00:44:43.930 10 INFO neutron.api.wsgi [req-9fbfffb4-2918-40fe-add3-86acf0230cc5 req-73284fb6-bde0-486e-ba54-715675eece47 841f9473db5442daa3ecf6c9c0fe8e86 efd612e022504c64b0f9653481499ed9 - - default default] 10.0.0.31 "GET /v2.0/security-groups?id=483c8f4f-01d6-402a-9575-b045b346ac4a&fields=id&fields=name HTTP/1.1" status: 200 len: 313 time: 0.0426855
2026-07-09 00:44:44.290 10 INFO neutron.notifiers.nova [-] Nova event matching ['req-b7ad86d0-d060-4669-afc3-3e2709e91994'] response: {'name': 'network-changed', 'server_uuid': '64537d55-0161-4a84-a4fa-c38ea2627e2b', 'tag': '78fc472d-0381-4ad2-bab5-5a33c2a21870', 'status': 'completed', 'code': 200}
2026-07-09 00:44:44.291 10 INFO neutron.notifiers.nova [-] Nova event matching ['req-b7ad86d0-d060-4669-afc3-3e2709e91994'] response: {'server_uuid': 'afc1aff1-1291-4e29-bb09-f38aa84aa567', 'name': 'network-vif-plugged', 'status': 'completed', 'tag': 'c4dd457f-41fc-4563-a94a-fe6d8dd1dbf9', 'code': 200}
2026-07-09 00:44:44.291 10 INFO neutron.notifiers.nova [-] Nova event matching ['req-b7ad86d0-d060-4669-afc3-3e2709e91994'] response: {'server_uuid': 'afc1aff1-1291-4e29-bb09-f38aa84aa567', 'name': 'network-vif-plugged', 'status': 'completed', 'tag': 'c4dd457f-41fc-4563-a94a-fe6d8dd1dbf9', 'code': 200}
2026-07-09 00:44:44.334 9 INFO neutron.plugins.ml2.drivers.ovn.mech_driver.ovsdb.commands [None req-4b3c39b7-77e4-4111-b4b1-e6c6511a5d3f - - - - - -] Schedule LRP lrp-935cf660-88ae-470c-b04a-66f3f3926e9c on gateway b83027b7-4319-44dc-9490-cd8a537f60a6 with priority 1
2026-07-09 00:44:44.356 9 INFO neutron.plugins.ml2.drivers.ovn.mech_driver.mech_driver [None req-44c0badd-4f12-4319-badb-3a0341b12051 - - - - - -] OVN reports status up for port: 935cf660-88ae-470c-b04a-66f3f3926e9c
2026-07-09 00:44:44.368 9 INFO neutron.plugins.ml2.plugin [None req-44c0badd-4f12-4319-badb-3a0341b12051 - - - - - -] Attempt 1 to provision port 935cf660-88ae-470c-b04a-66f3f3926e9c
2026-07-09 00:44:44.379 9 INFO neutron.plugins.ml2.drivers.ovn.mech_driver.ovsdb.ovsdb_monitor [None req-7dc4a059-58cf-49a4-935c-150ecd742a1d - - - - - -] Router 77e8e31b-e616-4c74-b1a6-1869eb4fdc59 is bound to host instance
2026-07-09 00:44:44.393 9 INFO neutron.db.ovn_revision_numbers_db [None req-6194e22f-1fe8-4a19-9485-21b4ffb08842 21194a289b77496faff67688a8fd7b4b f3cf2f2864f8488f9ee1f2769b181541 - - default default] Successfully bumped revision number for resource 935cf660-88ae-470c-b04a-66f3f3926e9c (type: router_ports) to 1
2026-07-09 00:44:44.501 9 INFO neutron.db.ovn_revision_numbers_db [None req-6194e22f-1fe8-4a19-9485-21b4ffb08842 21194a289b77496faff67688a8fd7b4b f3cf2f2864f8488f9ee1f2769b181541 - - default default] Successfully bumped revision number for resource 77e8e31b-e616-4c74-b1a6-1869eb4fdc59 (type: routers) to 2
2026-07-09 00:44:44.536 9 INFO neutron.api.wsgi [None req-6194e22f-1fe8-4a19-9485-21b4ffb08842 21194a289b77496faff67688a8fd7b4b f3cf2f2864f8488f9ee1f2769b181541 - - default default] 10.0.0.38 "POST /v2.0/routers HTTP/1.1" status: 201 len: 1165 time: 1.5589728
2026-07-09 00:44:44.831 10 INFO neutron.api.wsgi [req-d33e67b6-40ee-4fe8-a48d-86aac9325645 req-45301348-ec4e-40f1-ba57-a75a6c45db0b cf1270e005b34c1abca4173cf7870ca8 67f22b9b1cb74370884d1dfb9e6da0ef - - default default] 10.0.0.31 "GET /v2.0/ports?device_id=afc1aff1-1291-4e29-bb09-f38aa84aa567 HTTP/1.1" status: 200 len: 1170 time: 0.0451827
2026-07-09 00:44:44.843 9 INFO neutron.api.wsgi [req-9903c549-ad46-45de-8235-8d49da170100 req-0c203466-54c3-4bf2-97aa-e344990d81ff d6d4ae095f6a4cc2a76be4e7569ac5dc 3d76cb75425c4c7789b8ea7099232f05 - - a4c9ffe7ac2d4d0d817b6f5e32ccdf77 a4c9ffe7ac2d4d0d817b6f5e32ccdf77] 199.204.45.77 "GET /v2.0/ports?tenant_id=efd612e022504c64b0f9653481499ed9&device_id=64537d55-0161-4a84-a4fa-c38ea2627e2b HTTP/1.1" status: 200 len: 1409 time: 0.0485837
2026-07-09 00:44:44.870 10 INFO neutron.api.wsgi [req-d33e67b6-40ee-4fe8-a48d-86aac9325645 req-880af142-6347-4a1b-aa8f-e7c8dd1c3e01 cf1270e005b34c1abca4173cf7870ca8 67f22b9b1cb74370884d1dfb9e6da0ef - - default default] 10.0.0.31 "GET /v2.0/security-groups?id=9a718a5b-dd34-4ca4-9b1a-86d6d7601a08&fields=id&fields=name HTTP/1.1" status: 200 len: 313 time: 0.0318666
2026-07-09 00:44:44.917 9 INFO neutron.api.wsgi [req-9903c549-ad46-45de-8235-8d49da170100 req-695fb0f6-21cc-46e3-a770-9cf5461d64a5 d6d4ae095f6a4cc2a76be4e7569ac5dc 3d76cb75425c4c7789b8ea7099232f05 - - a4c9ffe7ac2d4d0d817b6f5e32ccdf77 a4c9ffe7ac2d4d0d817b6f5e32ccdf77] 199.204.45.77 "GET /v2.0/networks?id=ec88fb92-7c74-4347-883a-70672334d019 HTTP/1.1" status: 200 len: 975 time: 0.0683300
2026-07-09 00:44:45.004 9 INFO neutron.api.wsgi [req-9903c549-ad46-45de-8235-8d49da170100 req-82e3c691-8768-4691-8aee-cab6f4385594 d6d4ae095f6a4cc2a76be4e7569ac5dc 3d76cb75425c4c7789b8ea7099232f05 - - a4c9ffe7ac2d4d0d817b6f5e32ccdf77 a4c9ffe7ac2d4d0d817b6f5e32ccdf77] 199.204.45.77 "GET /v2.0/floatingips?fixed_ip_address=10.100.0.4&port_id=78fc472d-0381-4ad2-bab5-5a33c2a21870 HTTP/1.1" status: 200 len: 1059 time: 0.0779996
2026-07-09 00:44:45.066 9 INFO neutron.db.ovn_revision_numbers_db [None req-2c7a481a-4240-4071-a6bc-dc2a179c7441 - - - - - -] Successfully bumped revision number for resource 935cf660-88ae-470c-b04a-66f3f3926e9c (type: ports) to 1
2026-07-09 00:44:45.075 9 INFO neutron.api.wsgi [req-d7d837e6-eff0-4b22-a2bf-50f9aa9f922e req-11a7e6e1-5327-4c18-8b0a-afee0f4017e6 841f9473db5442daa3ecf6c9c0fe8e86 efd612e022504c64b0f9653481499ed9 - - default default] 10.0.0.31 "GET /v2.0/ports?device_id=64537d55-0161-4a84-a4fa-c38ea2627e2b HTTP/1.1" status: 200 len: 1170 time: 0.0699220
2026-07-09 00:44:45.079 9 INFO neutron.api.wsgi [req-9903c549-ad46-45de-8235-8d49da170100 req-c2a0733f-4ada-44d8-9792-68c3b13408a3 d6d4ae095f6a4cc2a76be4e7569ac5dc 3d76cb75425c4c7789b8ea7099232f05 - - a4c9ffe7ac2d4d0d817b6f5e32ccdf77 a4c9ffe7ac2d4d0d817b6f5e32ccdf77] 199.204.45.77 "GET /v2.0/subnets?id=b9f44032-0f5d-441f-9aa4-2e97a4ffa60a HTTP/1.1" status: 200 len: 896 time: 0.0606179
2026-07-09 00:44:45.124 9 INFO neutron.api.wsgi [req-9903c549-ad46-45de-8235-8d49da170100 req-110a7704-4d3b-4c1d-9cd3-0a801fd59983 d6d4ae095f6a4cc2a76be4e7569ac5dc 3d76cb75425c4c7789b8ea7099232f05 - - a4c9ffe7ac2d4d0d817b6f5e32ccdf77 a4c9ffe7ac2d4d0d817b6f5e32ccdf77] 199.204.45.77 "GET /v2.0/ports?network_id=ec88fb92-7c74-4347-883a-70672334d019&device_owner=network%3Adhcp HTTP/1.1" status: 200 len: 210 time: 0.0386171
2026-07-09 00:44:45.179 9 INFO neutron.api.wsgi [req-d7d837e6-eff0-4b22-a2bf-50f9aa9f922e req-a2a81347-6a06-442d-8f98-0e515976b8bc 841f9473db5442daa3ecf6c9c0fe8e86 efd612e022504c64b0f9653481499ed9 - - default default] 10.0.0.31 "GET /v2.0/security-groups?id=483c8f4f-01d6-402a-9575-b045b346ac4a&fields=id&fields=name HTTP/1.1" status: 200 len: 313 time: 0.0967894
2026-07-09 00:44:45.217 9 WARNING neutron.scheduler.dhcp_agent_scheduler [None req-fc714b62-4dea-4dad-a302-60d93ecd0efb 21194a289b77496faff67688a8fd7b4b f3cf2f2864f8488f9ee1f2769b181541 - - default default] No more DHCP agents
2026-07-09 00:44:45.222 9 INFO neutron.api.wsgi [req-9903c549-ad46-45de-8235-8d49da170100 req-6e46cc90-caf2-407e-add0-26c654290835 d6d4ae095f6a4cc2a76be4e7569ac5dc 3d76cb75425c4c7789b8ea7099232f05 - - a4c9ffe7ac2d4d0d817b6f5e32ccdf77 a4c9ffe7ac2d4d0d817b6f5e32ccdf77] 199.204.45.77 "GET /v2.0/networks/ec88fb92-7c74-4347-883a-70672334d019?fields=segments HTTP/1.1" status: 200 len: 212 time: 0.0817437
2026-07-09 00:44:45.224 9 WARNING neutron.api.rpc.agentnotifiers.dhcp_rpc_agent_api [None req-fc714b62-4dea-4dad-a302-60d93ecd0efb 21194a289b77496faff67688a8fd7b4b f3cf2f2864f8488f9ee1f2769b181541 - - default default] Unable to schedule network 3cf3414d-e185-4a44-b3a6-daf00f4e114a: no agents available; will retry on subsequent port and subnet creation events.
2026-07-09 00:44:45.312 9 INFO neutron.api.wsgi [req-9903c549-ad46-45de-8235-8d49da170100 req-cc19c61c-b0f7-4542-a58b-e8329e459f36 d6d4ae095f6a4cc2a76be4e7569ac5dc 3d76cb75425c4c7789b8ea7099232f05 - - a4c9ffe7ac2d4d0d817b6f5e32ccdf77 a4c9ffe7ac2d4d0d817b6f5e32ccdf77] 199.204.45.77 "GET /v2.0/networks/ec88fb92-7c74-4347-883a-70672334d019?fields=provider%3Aphysical_network&fields=provider%3Anetwork_type HTTP/1.1" status: 200 len: 277 time: 0.0842252
2026-07-09 00:44:45.413 9 INFO neutron.db.ovn_revision_numbers_db [None req-fc714b62-4dea-4dad-a302-60d93ecd0efb 21194a289b77496faff67688a8fd7b4b f3cf2f2864f8488f9ee1f2769b181541 - - default default] Successfully bumped revision number for resource 4965c67c-9843-4d7f-a967-c49e5664eb9c (type: ports) to 1
2026-07-09 00:44:45.651 9 INFO neutron.api.wsgi [req-d879e695-1ced-494b-909f-8cfe436543fe req-469e8520-3886-4182-af37-58b51d11ae44 841f9473db5442daa3ecf6c9c0fe8e86 efd612e022504c64b0f9653481499ed9 - - default default] 199.204.45.77 "GET /v2.0/ports?device_id=64537d55-0161-4a84-a4fa-c38ea2627e2b HTTP/1.1" status: 200 len: 1170 time: 0.0502412
2026-07-09 00:44:45.683 9 INFO neutron.db.ovn_revision_numbers_db [None req-2c7a481a-4240-4071-a6bc-dc2a179c7441 - - - - - -] Successfully bumped revision number for resource 935cf660-88ae-470c-b04a-66f3f3926e9c (type: ports) to 4
2026-07-09 00:44:46.131 9 INFO neutron.db.l3_db [req-d879e695-1ced-494b-909f-8cfe436543fe req-a28cb646-939b-48b0-aaf1-1ac5c4c482e2 841f9473db5442daa3ecf6c9c0fe8e86 efd612e022504c64b0f9653481499ed9 - - default default] Floating IP 30c298e2-3a8e-4937-ad81-09c7c97f7fec disassociated. External IP: 10.96.250.216, port: 78fc472d-0381-4ad2-bab5-5a33c2a21870.
2026-07-09 00:44:46.241 9 INFO neutron.db.ovn_revision_numbers_db [None req-2c7a481a-4240-4071-a6bc-dc2a179c7441 - - - - - -] Successfully bumped revision number for resource 935cf660-88ae-470c-b04a-66f3f3926e9c (type: ports) to 5
2026-07-09 00:44:46.276 10 INFO neutron.api.wsgi [req-76b20ba8-f64c-4ad4-bbd6-2c51fc1fb5b7 req-f79c6bb8-fa33-4e03-86c5-cf3f09ecaa4c 841f9473db5442daa3ecf6c9c0fe8e86 efd612e022504c64b0f9653481499ed9 - - default default] 10.0.0.31 "GET /v2.0/ports?device_id=64537d55-0161-4a84-a4fa-c38ea2627e2b HTTP/1.1" status: 200 len: 210 time: 0.0203655
2026-07-09 00:44:46.329 9 INFO neutron.api.wsgi [req-d879e695-1ced-494b-909f-8cfe436543fe req-a28cb646-939b-48b0-aaf1-1ac5c4c482e2 841f9473db5442daa3ecf6c9c0fe8e86 efd612e022504c64b0f9653481499ed9 - - default default] 199.204.45.77 "DELETE /v2.0/ports/78fc472d-0381-4ad2-bab5-5a33c2a21870 HTTP/1.1" status: 204 len: 173 time: 0.6733210
2026-07-09 00:44:46.345 10 INFO neutron.plugins.ml2.drivers.ovn.mech_driver.mech_driver [None req-e510034b-8a08-4e0a-92c8-e90994352f7e - - - - - -] OVN reports status up for port: 4965c67c-9843-4d7f-a967-c49e5664eb9c
2026-07-09 00:44:46.356 10 INFO neutron.plugins.ml2.plugin [None req-e510034b-8a08-4e0a-92c8-e90994352f7e - - - - - -] Attempt 1 to provision port 4965c67c-9843-4d7f-a967-c49e5664eb9c
2026-07-09 00:44:46.365 9 INFO neutron.notifiers.nova [-] Nova event matching ['req-0b7b3d9e-278e-4221-9288-dc4a3c38e6c3'] response: {'server_uuid': '64537d55-0161-4a84-a4fa-c38ea2627e2b', 'name': 'network-vif-deleted', 'tag': '78fc472d-0381-4ad2-bab5-5a33c2a21870', 'status': 'completed', 'code': 200}
2026-07-09 00:44:46.379 9 INFO neutron.db.ovn_revision_numbers_db [None req-fc714b62-4dea-4dad-a302-60d93ecd0efb 21194a289b77496faff67688a8fd7b4b f3cf2f2864f8488f9ee1f2769b181541 - - default default] Successfully bumped revision number for resource 4965c67c-9843-4d7f-a967-c49e5664eb9c (type: ports) to 1
2026-07-09 00:44:46.449 9 WARNING neutron.scheduler.dhcp_agent_scheduler [None req-fc714b62-4dea-4dad-a302-60d93ecd0efb 21194a289b77496faff67688a8fd7b4b f3cf2f2864f8488f9ee1f2769b181541 - - default default] No more DHCP agents
2026-07-09 00:44:46.450 9 WARNING neutron.api.rpc.agentnotifiers.dhcp_rpc_agent_api [None req-fc714b62-4dea-4dad-a302-60d93ecd0efb 21194a289b77496faff67688a8fd7b4b f3cf2f2864f8488f9ee1f2769b181541 - - default default] Unable to schedule network 3cf3414d-e185-4a44-b3a6-daf00f4e114a: no agents available; will retry on subsequent port and subnet creation events.
2026-07-09 00:44:46.493 10 INFO neutron.api.wsgi [-] 10.0.0.239 "GET / HTTP/1.1" status: 200 len: 247 time: 0.0025439
2026-07-09 00:44:46.495 10 INFO neutron.api.wsgi [-] 10.0.0.239 "GET / HTTP/1.1" status: 200 len: 247 time: 0.0013919
2026-07-09 00:44:46.720 9 INFO neutron.plugins.ml2.drivers.ovn.mech_driver.mech_driver [None req-44c0badd-4f12-4319-badb-3a0341b12051 - - - - - -] OVN reports status down for port: 78fc472d-0381-4ad2-bab5-5a33c2a21870
2026-07-09 00:44:46.746 10 INFO neutron.db.ovn_revision_numbers_db [None req-e510034b-8a08-4e0a-92c8-e90994352f7e - - - - - -] Successfully bumped revision number for resource 4965c67c-9843-4d7f-a967-c49e5664eb9c (type: ports) to 2
2026-07-09 00:44:47.163 9 INFO neutron.db.ovn_revision_numbers_db [None req-fc714b62-4dea-4dad-a302-60d93ecd0efb 21194a289b77496faff67688a8fd7b4b f3cf2f2864f8488f9ee1f2769b181541 - - default default] Successfully bumped revision number for resource 4965c67c-9843-4d7f-a967-c49e5664eb9c (type: router_ports) to 1
2026-07-09 00:44:47.170 9 INFO neutron.api.wsgi [None req-fc714b62-4dea-4dad-a302-60d93ecd0efb 21194a289b77496faff67688a8fd7b4b f3cf2f2864f8488f9ee1f2769b181541 - - default default] 10.0.0.38 "PUT /v2.0/routers/77e8e31b-e616-4c74-b1a6-1869eb4fdc59/add_router_interface HTTP/1.1" status: 200 len: 503 time: 2.6286705
2026-07-09 00:44:47.363 10 INFO neutron.api.wsgi [req-95e6a389-5c4c-4a56-b98e-5c4480ee10d4 req-a275779f-de25-42b9-bfb2-8a47fc10bb3f 841f9473db5442daa3ecf6c9c0fe8e86 efd612e022504c64b0f9653481499ed9 - - default default] 10.0.0.31 "GET /v2.0/ports?device_id=64537d55-0161-4a84-a4fa-c38ea2627e2b HTTP/1.1" status: 200 len: 210 time: 0.0255015 /var/lib/openstack/lib/python3.12/site-packages/pycadf/identifier.py:71: UserWarning: Invalid uuid: neutron. To ensure interoperability, identifiers should be a valid uuid. warnings.warn(('Invalid uuid: %s. To ensure interoperability, '
2026-07-09 00:44:47.411 9 WARNING neutron_lib.context [None req-c2dafbb3-db5f-46df-8e1a-38f66058b0ee af3a2e89bfc945eaac9e95c2dbc230ac 47a0a9e890e946e0aaf34497259bbcf7 - - default default] Method 'is_advsvc' is deprecated since 2023.2 release (neutron-lib 3.8.0) and will be removed once support for the old RBAC API policies will be removed from Neutron. Please use method 'is_service_role' instead.
2026-07-09 00:44:47.569 9 INFO neutron.db.ovn_revision_numbers_db [None req-c2dafbb3-db5f-46df-8e1a-38f66058b0ee af3a2e89bfc945eaac9e95c2dbc230ac 47a0a9e890e946e0aaf34497259bbcf7 - - default default] Successfully bumped revision number for resource 63084d9f-9e43-420b-8492-434b3e0babbe (type: security_groups) to 1
2026-07-09 00:44:47.580 9 INFO neutron.db.ovn_revision_numbers_db [None req-c2dafbb3-db5f-46df-8e1a-38f66058b0ee af3a2e89bfc945eaac9e95c2dbc230ac 47a0a9e890e946e0aaf34497259bbcf7 - - default default] Successfully bumped revision number for resource 2c7f1452-497b-4f33-b6af-14f44cc9321c (type: security_group_rules) to 0
2026-07-09 00:44:47.598 9 INFO neutron.db.ovn_revision_numbers_db [None req-c2dafbb3-db5f-46df-8e1a-38f66058b0ee af3a2e89bfc945eaac9e95c2dbc230ac 47a0a9e890e946e0aaf34497259bbcf7 - - default default] Successfully bumped revision number for resource 509145d6-3088-498f-831c-2a42cf753881 (type: security_group_rules) to 0
2026-07-09 00:44:47.613 9 INFO neutron.db.ovn_revision_numbers_db [None req-c2dafbb3-db5f-46df-8e1a-38f66058b0ee af3a2e89bfc945eaac9e95c2dbc230ac 47a0a9e890e946e0aaf34497259bbcf7 - - default default] Successfully bumped revision number for resource 647efb05-5827-492f-b5ba-915941068b42 (type: security_group_rules) to 0
