2026-07-09 00:43:29.137 9 INFO neutron.api.wsgi [req-6c93ff5a-7ac5-4009-b855-e411e0a5b213 req-61d4c0a9-3156-486c-8054-103b71b954ef d6d4ae095f6a4cc2a76be4e7569ac5dc 3d76cb75425c4c7789b8ea7099232f05 - - a4c9ffe7ac2d4d0d817b6f5e32ccdf77 a4c9ffe7ac2d4d0d817b6f5e32ccdf77] 199.204.45.77 "GET /v2.0/floatingips?fixed_ip_address=10.100.0.8&port_id=dbde4a75-c0a6-4eae-8ffb-ec935aca884f HTTP/1.1" status: 200 len: 217 time: 0.0182581
2026-07-09 00:43:29.162 9 INFO neutron.api.wsgi [req-6c93ff5a-7ac5-4009-b855-e411e0a5b213 req-3f0d69f8-8b86-4207-b511-3e89d83c3207 d6d4ae095f6a4cc2a76be4e7569ac5dc 3d76cb75425c4c7789b8ea7099232f05 - - a4c9ffe7ac2d4d0d817b6f5e32ccdf77 a4c9ffe7ac2d4d0d817b6f5e32ccdf77] 199.204.45.77 "GET /v2.0/subnets?id=5c65cbac-d64d-4161-ab68-cf7c27096396 HTTP/1.1" status: 200 len: 901 time: 0.0199106
2026-07-09 00:43:29.180 9 INFO neutron.api.wsgi [req-6c93ff5a-7ac5-4009-b855-e411e0a5b213 req-c8f26459-4541-4ba5-aa40-f4c29774e1b4 d6d4ae095f6a4cc2a76be4e7569ac5dc 3d76cb75425c4c7789b8ea7099232f05 - - a4c9ffe7ac2d4d0d817b6f5e32ccdf77 a4c9ffe7ac2d4d0d817b6f5e32ccdf77] 199.204.45.77 "GET /v2.0/ports?network_id=83f8e547-db66-4919-88a3-80d617f2d8a8&device_owner=network%3Adhcp HTTP/1.1" status: 200 len: 210 time: 0.0139437
2026-07-09 00:43:29.196 10 INFO neutron.db.ovn_revision_numbers_db [None req-9d28b6b5-d9b5-460b-8496-3029339c106d 17c18e44e1704409972c48b603e94018 ea553c57e2074644bebe34c71e64af0d - - default default] Successfully bumped revision number for resource 94d8d917-fae3-4d78-9d81-0981eae4f238 (type: security_group_rules) to 0
2026-07-09 00:43:29.225 9 INFO neutron.api.wsgi [req-6c93ff5a-7ac5-4009-b855-e411e0a5b213 req-2d6b9267-a0df-4d48-aae3-c0e18062063a d6d4ae095f6a4cc2a76be4e7569ac5dc 3d76cb75425c4c7789b8ea7099232f05 - - a4c9ffe7ac2d4d0d817b6f5e32ccdf77 a4c9ffe7ac2d4d0d817b6f5e32ccdf77] 199.204.45.77 "GET /v2.0/networks/83f8e547-db66-4919-88a3-80d617f2d8a8?fields=segments HTTP/1.1" status: 200 len: 212 time: 0.0380661
2026-07-09 00:43:29.227 10 INFO neutron.api.wsgi [None req-9d28b6b5-d9b5-460b-8496-3029339c106d 17c18e44e1704409972c48b603e94018 ea553c57e2074644bebe34c71e64af0d - - default default] 10.0.0.38 "POST /v2.0/security-group-rules HTTP/1.1" status: 201 len: 801 time: 0.1589487
2026-07-09 00:43:29.240 10 WARNING neutron_lib.context [None req-173e0087-3250-4665-bbe0-1309124c0ce5 17c18e44e1704409972c48b603e94018 ea553c57e2074644bebe34c71e64af0d - - default default] Method 'is_advsvc' is deprecated since 2023.2 release (neutron-lib 3.8.0) and will be removed once support for the old RBAC API policies will be removed from Neutron. Please use method 'is_service_role' instead.
2026-07-09 00:43:29.271 9 INFO neutron.api.wsgi [req-6c93ff5a-7ac5-4009-b855-e411e0a5b213 req-a6e1f21d-4840-482d-9c3e-5f9df7d60b4d d6d4ae095f6a4cc2a76be4e7569ac5dc 3d76cb75425c4c7789b8ea7099232f05 - - a4c9ffe7ac2d4d0d817b6f5e32ccdf77 a4c9ffe7ac2d4d0d817b6f5e32ccdf77] 199.204.45.77 "GET /v2.0/networks/83f8e547-db66-4919-88a3-80d617f2d8a8?fields=provider%3Aphysical_network&fields=provider%3Anetwork_type HTTP/1.1" status: 200 len: 277 time: 0.0400515
2026-07-09 00:43:29.415 10 WARNING neutron.scheduler.dhcp_agent_scheduler [None req-173e0087-3250-4665-bbe0-1309124c0ce5 17c18e44e1704409972c48b603e94018 ea553c57e2074644bebe34c71e64af0d - - default default] No more DHCP agents
2026-07-09 00:43:29.416 10 WARNING neutron.api.rpc.agentnotifiers.dhcp_rpc_agent_api [None req-173e0087-3250-4665-bbe0-1309124c0ce5 17c18e44e1704409972c48b603e94018 ea553c57e2074644bebe34c71e64af0d - - default default] Unable to schedule network c0c9bd91-e1e7-4eaf-8008-8ac8d6e5deec: no agents available; will retry on subsequent port and subnet creation events.
2026-07-09 00:43:29.631 10 INFO neutron.api.wsgi [None req-173e0087-3250-4665-bbe0-1309124c0ce5 17c18e44e1704409972c48b603e94018 ea553c57e2074644bebe34c71e64af0d - - default default] 10.0.0.38 "POST /v2.0/floatingips HTTP/1.1" status: 201 len: 751 time: 0.3965576
2026-07-09 00:43:29.647 9 WARNING neutron_lib.context [None req-5b18aad1-32a4-4377-b583-dae9d17b5ba2 4514ee5b4a39411ca538dd4e262e5f96 fb16613ec7f042098178faf9e2d32471 - - default default] Method 'is_advsvc' is deprecated since 2023.2 release (neutron-lib 3.8.0) and will be removed once support for the old RBAC API policies will be removed from Neutron. Please use method 'is_service_role' instead.
2026-07-09 00:43:29.792 9 INFO neutron.db.ovn_revision_numbers_db [None req-5b18aad1-32a4-4377-b583-dae9d17b5ba2 4514ee5b4a39411ca538dd4e262e5f96 fb16613ec7f042098178faf9e2d32471 - - default default] Successfully bumped revision number for resource 68b4d316-c6c3-4ae2-94bc-166471c3e77d (type: security_groups) to 1
2026-07-09 00:43:29.802 9 INFO neutron.db.ovn_revision_numbers_db [None req-5b18aad1-32a4-4377-b583-dae9d17b5ba2 4514ee5b4a39411ca538dd4e262e5f96 fb16613ec7f042098178faf9e2d32471 - - default default] Successfully bumped revision number for resource 1d61b956-0b02-4477-8570-e311fc0aa910 (type: security_group_rules) to 0
2026-07-09 00:43:29.814 9 INFO neutron.db.ovn_revision_numbers_db [None req-5b18aad1-32a4-4377-b583-dae9d17b5ba2 4514ee5b4a39411ca538dd4e262e5f96 fb16613ec7f042098178faf9e2d32471 - - default default] Successfully bumped revision number for resource 99321a84-b146-47e6-bbde-dd4fcad82408 (type: security_group_rules) to 0
2026-07-09 00:43:29.824 9 INFO neutron.db.ovn_revision_numbers_db [None req-5b18aad1-32a4-4377-b583-dae9d17b5ba2 4514ee5b4a39411ca538dd4e262e5f96 fb16613ec7f042098178faf9e2d32471 - - default default] Successfully bumped revision number for resource c322a252-a0de-4904-8d25-e41c4467a7bc (type: security_group_rules) to 0
2026-07-09 00:43:29.839 9 INFO neutron.db.ovn_revision_numbers_db [None req-5b18aad1-32a4-4377-b583-dae9d17b5ba2 4514ee5b4a39411ca538dd4e262e5f96 fb16613ec7f042098178faf9e2d32471 - - default default] Successfully bumped revision number for resource c6d53968-51a0-4b28-a6c9-f79b3bcd4139 (type: security_group_rules) to 0
2026-07-09 00:43:29.906 10 INFO neutron.api.wsgi [req-099ada61-a9eb-4302-92b9-2f4b99d53433 req-0c1f4069-74e5-4b29-a7ef-7df645dd366e ff091af945264cc48bc0505ec7ecaf8a bceedd94e43d4d2eb662afc1b9da2c8f - - default default] 10.0.0.31 "GET /v2.0/ports?device_id=53eabb90-4034-47c7-a092-29f863927631 HTTP/1.1" status: 200 len: 1168 time: 0.0381818
2026-07-09 00:43:29.907 9 INFO neutron.db.segments_db [None req-5b18aad1-32a4-4377-b583-dae9d17b5ba2 4514ee5b4a39411ca538dd4e262e5f96 fb16613ec7f042098178faf9e2d32471 - - default default] Added segment 3b8ffa23-617e-4e06-9454-b170163d6c31 of type geneve for network d6ef9fb5-a423-4b57-986d-d46cd78cc012
2026-07-09 00:43:29.938 10 INFO neutron.api.wsgi [req-099ada61-a9eb-4302-92b9-2f4b99d53433 req-e5c20842-757d-49f3-bdb8-ad4394b716b0 ff091af945264cc48bc0505ec7ecaf8a bceedd94e43d4d2eb662afc1b9da2c8f - - default default] 10.0.0.31 "GET /v2.0/security-groups?id=d55c3e4f-72a4-4e32-b1af-a4d0b1ae8f29&fields=id&fields=name HTTP/1.1" status: 200 len: 312 time: 0.0264206
2026-07-09 00:43:30.128 10 INFO neutron.api.wsgi [req-f8c104a2-73a3-4bd1-90ac-c04337f3b016 req-8e9644ac-b6eb-4eb4-8d59-16182807d60a 200a9e29034042af8140f74240ebed3e b9b30c88a43840ed9c4e231e22074a45 - - default default] 10.0.0.31 "GET /v2.0/ports?device_id=4d281ff4-e45f-4fdd-98de-366b5395e05e HTTP/1.1" status: 200 len: 1168 time: 0.0359941
2026-07-09 00:43:30.153 9 INFO neutron.api.wsgi [req-b8627bb3-c5b4-4825-90e7-df46c998e30c req-6b1ffb5b-f9d0-4107-a410-770ec5827140 17c18e44e1704409972c48b603e94018 ea553c57e2074644bebe34c71e64af0d - - default default] 10.0.0.31 "GET /v2.0/security-groups?name=tempest-securitygroup--585307052&fields=id&tenant_id=ea553c57e2074644bebe34c71e64af0d HTTP/1.1" status: 200 len: 267 time: 0.0493419
2026-07-09 00:43:30.173 10 INFO neutron.api.wsgi [req-f8c104a2-73a3-4bd1-90ac-c04337f3b016 req-df3eecd6-e484-4ef7-960d-2db47caa633c 200a9e29034042af8140f74240ebed3e b9b30c88a43840ed9c4e231e22074a45 - - default default] 10.0.0.31 "GET /v2.0/security-groups?id=778bc66a-8dba-4a1e-948f-7c0ef529b9ef&fields=id&fields=name HTTP/1.1" status: 200 len: 286 time: 0.0383821
2026-07-09 00:43:30.210 9 INFO neutron.api.wsgi [req-b8627bb3-c5b4-4825-90e7-df46c998e30c req-9662e2d1-b67d-4d01-b0a5-815e14740f34 17c18e44e1704409972c48b603e94018 ea553c57e2074644bebe34c71e64af0d - - default default] 10.0.0.31 "GET /v2.0/networks?id=decb8b77-cb69-49c1-bb74-b3f4290811b0 HTTP/1.1" status: 200 len: 874 time: 0.0451317
2026-07-09 00:43:30.224 9 INFO neutron.db.ovn_revision_numbers_db [None req-5b18aad1-32a4-4377-b583-dae9d17b5ba2 4514ee5b4a39411ca538dd4e262e5f96 fb16613ec7f042098178faf9e2d32471 - - default default] Successfully bumped revision number for resource d6ef9fb5-a423-4b57-986d-d46cd78cc012 (type: networks) to 1
2026-07-09 00:43:30.248 9 INFO neutron.api.wsgi [req-b8627bb3-c5b4-4825-90e7-df46c998e30c req-8ccd9d0e-dd1a-4d51-93ce-026bf56971bc 17c18e44e1704409972c48b603e94018 ea553c57e2074644bebe34c71e64af0d - - default default] 10.0.0.31 "GET /v2.0/quotas/ea553c57e2074644bebe34c71e64af0d HTTP/1.1" status: 200 len: 491 time: 0.0312190
2026-07-09 00:43:30.338 9 INFO neutron.api.wsgi [req-b8627bb3-c5b4-4825-90e7-df46c998e30c req-d7d81ca0-7c22-4b26-a191-b3e86d0f750c 17c18e44e1704409972c48b603e94018 ea553c57e2074644bebe34c71e64af0d - - default default] 10.0.0.31 "GET /v2.0/ports?tenant_id=ea553c57e2074644bebe34c71e64af0d&fields=id HTTP/1.1" status: 200 len: 302 time: 0.0820639
2026-07-09 00:43:30.398 9 INFO neutron.api.wsgi [req-b8627bb3-c5b4-4825-90e7-df46c998e30c req-6b4bed73-3b8b-4dc4-92fd-15de28c63d15 d6d4ae095f6a4cc2a76be4e7569ac5dc 3d76cb75425c4c7789b8ea7099232f05 - - a4c9ffe7ac2d4d0d817b6f5e32ccdf77 a4c9ffe7ac2d4d0d817b6f5e32ccdf77] 10.0.0.31 "GET /v2.0/networks/decb8b77-cb69-49c1-bb74-b3f4290811b0?fields=segments HTTP/1.1" status: 200 len: 212 time: 0.0432594
2026-07-09 00:43:30.435 9 WARNING neutron.scheduler.dhcp_agent_scheduler [None req-5b18aad1-32a4-4377-b583-dae9d17b5ba2 4514ee5b4a39411ca538dd4e262e5f96 fb16613ec7f042098178faf9e2d32471 - - default default] No more DHCP agents
2026-07-09 00:43:30.437 9 WARNING neutron.api.rpc.agentnotifiers.dhcp_rpc_agent_api [None req-5b18aad1-32a4-4377-b583-dae9d17b5ba2 4514ee5b4a39411ca538dd4e262e5f96 fb16613ec7f042098178faf9e2d32471 - - default default] Unable to schedule network d6ef9fb5-a423-4b57-986d-d46cd78cc012: no agents available; will retry on subsequent port and subnet creation events.
2026-07-09 00:43:30.443 9 INFO neutron.api.wsgi [req-b8627bb3-c5b4-4825-90e7-df46c998e30c req-ae032b7f-5457-47bd-991f-60bd7a5f597c d6d4ae095f6a4cc2a76be4e7569ac5dc 3d76cb75425c4c7789b8ea7099232f05 - - a4c9ffe7ac2d4d0d817b6f5e32ccdf77 a4c9ffe7ac2d4d0d817b6f5e32ccdf77] 10.0.0.31 "GET /v2.0/networks/decb8b77-cb69-49c1-bb74-b3f4290811b0?fields=provider%3Aphysical_network&fields=provider%3Anetwork_type HTTP/1.1" status: 200 len: 277 time: 0.0377548
2026-07-09 00:43:30.499 9 INFO neutron.db.ovn_revision_numbers_db [None req-5b18aad1-32a4-4377-b583-dae9d17b5ba2 4514ee5b4a39411ca538dd4e262e5f96 fb16613ec7f042098178faf9e2d32471 - - default default] Successfully bumped revision number for resource 3715baf4-3971-4327-becc-0f3b6183b787 (type: ports) to 1
2026-07-09 00:43:30.520 9 INFO neutron.api.wsgi [None req-5b18aad1-32a4-4377-b583-dae9d17b5ba2 4514ee5b4a39411ca538dd4e262e5f96 fb16613ec7f042098178faf9e2d32471 - - default default] 10.0.0.38 "POST /v2.0/networks HTTP/1.1" status: 201 len: 843 time: 1.0278690
2026-07-09 00:43:30.565 9 WARNING neutron_lib.context [None req-3cd3cad7-6001-455c-b330-8eb224738ec8 4514ee5b4a39411ca538dd4e262e5f96 fb16613ec7f042098178faf9e2d32471 - - default default] Method 'is_advsvc' is deprecated since 2023.2 release (neutron-lib 3.8.0) and will be removed once support for the old RBAC API policies will be removed from Neutron. Please use method 'is_service_role' instead.
2026-07-09 00:43:30.617 10 INFO neutron.api.wsgi [req-5c5310fe-e0f2-4439-8661-9860f7828864 req-161896db-b988-4e61-b281-0fd7d1a082ef 17c18e44e1704409972c48b603e94018 ea553c57e2074644bebe34c71e64af0d - - default default] 10.0.0.31 "GET /v2.0/ports?device_id=f164ac93-16bb-46d6-bcfc-180808d590ba HTTP/1.1" status: 200 len: 210 time: 0.0175819
2026-07-09 00:43:30.709 10 INFO neutron.api.wsgi [None req-7203c491-29b8-4490-bdf0-664f12f80347 21194a289b77496faff67688a8fd7b4b f3cf2f2864f8488f9ee1f2769b181541 - - default default] 10.0.0.37 "GET /v2.0/routers HTTP/1.1" status: 200 len: 3092 time: 0.1358249
2026-07-09 00:43:30.752 10 INFO neutron.api.wsgi [None req-ae5c0f1f-817b-4dd9-9970-e57a44ea1765 21194a289b77496faff67688a8fd7b4b f3cf2f2864f8488f9ee1f2769b181541 - - default default] 10.0.0.37 "GET /v2.0/agents?binary=ovn-controller HTTP/1.1" status: 200 len: 591 time: 0.0187125
2026-07-09 00:43:30.771 10 INFO neutron.api.wsgi [None req-2ebe6456-bfd6-4374-b0b2-485fa0f9d8c7 21194a289b77496faff67688a8fd7b4b f3cf2f2864f8488f9ee1f2769b181541 - - default default] 10.0.0.37 "GET /v2.0/agents HTTP/1.1" status: 200 len: 1390 time: 0.0128946
2026-07-09 00:43:30.804 9 WARNING neutron.scheduler.dhcp_agent_scheduler [None req-3cd3cad7-6001-455c-b330-8eb224738ec8 4514ee5b4a39411ca538dd4e262e5f96 fb16613ec7f042098178faf9e2d32471 - - default default] No more DHCP agents
2026-07-09 00:43:30.805 9 WARNING neutron.api.rpc.agentnotifiers.dhcp_rpc_agent_api [None req-3cd3cad7-6001-455c-b330-8eb224738ec8 4514ee5b4a39411ca538dd4e262e5f96 fb16613ec7f042098178faf9e2d32471 - - default default] Unable to schedule network d6ef9fb5-a423-4b57-986d-d46cd78cc012: no agents available; will retry on subsequent port and subnet creation events.
2026-07-09 00:43:30.827 10 INFO neutron.api.wsgi [None req-0260d4c8-3176-45c8-94f6-b1dabafd70aa 21194a289b77496faff67688a8fd7b4b f3cf2f2864f8488f9ee1f2769b181541 - - default default] 10.0.0.37 "GET /v2.0/subnets HTTP/1.1" status: 200 len: 4184 time: 0.0544817
2026-07-09 00:43:30.914 10 INFO neutron.api.wsgi [None req-037fce05-69aa-44b8-9f00-5d634abd3c1b 21194a289b77496faff67688a8fd7b4b f3cf2f2864f8488f9ee1f2769b181541 - - default default] 10.0.0.37 "GET /v2.0/ports HTTP/1.1" status: 200 len: 20279 time: 0.0684404
2026-07-09 00:43:30.940 10 INFO neutron.api.wsgi [None req-2d61a8ad-5f43-4f26-bc57-aa9a177d6bf2 21194a289b77496faff67688a8fd7b4b f3cf2f2864f8488f9ee1f2769b181541 - - default default] 10.0.0.37 "GET /v2.0/network-ip-availabilities HTTP/1.1" status: 200 len: 3161 time: 0.0139678
2026-07-09 00:43:31.008 10 INFO neutron.api.wsgi [None req-e75fc3f2-b1b2-49df-9634-0593a1fc20fb 21194a289b77496faff67688a8fd7b4b f3cf2f2864f8488f9ee1f2769b181541 - - default default] 10.0.0.37 "GET /v2.0/networks HTTP/1.1" status: 200 len: 5397 time: 0.0648580
2026-07-09 00:43:31.057 9 INFO neutron.api.wsgi [req-b4fcdb4d-3a33-4ec8-904f-6344ae0fd973 req-97c82e80-7b0a-430f-9318-d63be64a44c6 ff091af945264cc48bc0505ec7ecaf8a bceedd94e43d4d2eb662afc1b9da2c8f - - default default] 10.0.0.31 "GET /v2.0/ports?device_id=53eabb90-4034-47c7-a092-29f863927631 HTTP/1.1" status: 200 len: 1168 time: 0.0355933
2026-07-09 00:43:31.074 10 INFO neutron.api.wsgi [None req-a3d0fada-c47b-4f8f-b503-c865ec3943d0 21194a289b77496faff67688a8fd7b4b f3cf2f2864f8488f9ee1f2769b181541 - - default default] 10.0.0.37 "GET /v2.0/security-groups HTTP/1.1" status: 200 len: 34911 time: 0.0633788
2026-07-09 00:43:31.095 9 INFO neutron.api.wsgi [req-b4fcdb4d-3a33-4ec8-904f-6344ae0fd973 req-67508329-bfae-4eb2-a1ab-21b4fa3d8448 ff091af945264cc48bc0505ec7ecaf8a bceedd94e43d4d2eb662afc1b9da2c8f - - default default] 10.0.0.31 "GET /v2.0/security-groups?id=d55c3e4f-72a4-4e32-b1af-a4d0b1ae8f29&fields=id&fields=name HTTP/1.1" status: 200 len: 312 time: 0.0332191
2026-07-09 00:43:31.123 10 INFO neutron.api.wsgi [None req-9c62ebad-8628-4daf-94c5-8708b95003ad 21194a289b77496faff67688a8fd7b4b f3cf2f2864f8488f9ee1f2769b181541 - - default default] 10.0.0.37 "GET /v2.0/subnets HTTP/1.1" status: 200 len: 4184 time: 0.0357165
2026-07-09 00:43:31.134 10 INFO neutron.api.wsgi [None req-86493bd3-3dab-4221-bc5a-18fff58715b5 21194a289b77496faff67688a8fd7b4b f3cf2f2864f8488f9ee1f2769b181541 - - default default] 10.0.0.37 "GET /v2.0/subnetpools HTTP/1.1" status: 200 len: 193 time: 0.0086992
2026-07-09 00:43:31.162 10 INFO neutron.api.wsgi [None req-45dd3c36-bb43-4748-943c-2143f9dbb926 21194a289b77496faff67688a8fd7b4b f3cf2f2864f8488f9ee1f2769b181541 - - default default] 10.0.0.37 "GET /v2.0/floatingips HTTP/1.1" status: 200 len: 1269 time: 0.0277700
2026-07-09 00:43:31.318 9 INFO neutron.db.ovn_revision_numbers_db [None req-e0c826a6-5a8e-4843-bcd1-73d16c71f44e - - - - - -] Successfully bumped revision number for resource 3715baf4-3971-4327-becc-0f3b6183b787 (type: ports) to 2
2026-07-09 00:43:31.326 10 INFO neutron.api.wsgi [req-31fd6590-6ad3-44a8-9240-0fede2e76a23 req-0ab323a2-3d0e-46b4-894c-0e42124420bf 200a9e29034042af8140f74240ebed3e b9b30c88a43840ed9c4e231e22074a45 - - default default] 10.0.0.31 "GET /v2.0/ports?device_id=4d281ff4-e45f-4fdd-98de-366b5395e05e HTTP/1.1" status: 200 len: 1168 time: 0.0568011
2026-07-09 00:43:31.344 9 INFO neutron.db.ovn_revision_numbers_db [None req-e0c826a6-5a8e-4843-bcd1-73d16c71f44e - - - - - -] Successfully bumped revision number for resource 17c5cefb-6ac0-4ca3-9685-728f4a1eb93d (type: subnets) to 0
2026-07-09 00:43:31.374 10 INFO neutron.api.wsgi [req-31fd6590-6ad3-44a8-9240-0fede2e76a23 req-d08ff19b-2a39-4bbd-b1b9-b3b8b333a471 200a9e29034042af8140f74240ebed3e b9b30c88a43840ed9c4e231e22074a45 - - default default] 10.0.0.31 "GET /v2.0/security-groups?id=778bc66a-8dba-4a1e-948f-7c0ef529b9ef&fields=id&fields=name HTTP/1.1" status: 200 len: 286 time: 0.0436835
2026-07-09 00:43:31.379 9 INFO neutron.api.wsgi [None req-3cd3cad7-6001-455c-b330-8eb224738ec8 4514ee5b4a39411ca538dd4e262e5f96 fb16613ec7f042098178faf9e2d32471 - - default default] 10.0.0.38 "POST /v2.0/subnets HTTP/1.1" status: 201 len: 840 time: 0.8198113
2026-07-09 00:43:31.389 9 WARNING neutron_lib.context [None req-0ea5a658-9d2a-436b-9e1f-038b5751131d 4514ee5b4a39411ca538dd4e262e5f96 fb16613ec7f042098178faf9e2d32471 - - default default] Method 'is_advsvc' is deprecated since 2023.2 release (neutron-lib 3.8.0) and will be removed once support for the old RBAC API policies will be removed from Neutron. Please use method 'is_service_role' instead.
2026-07-09 00:43:31.487 9 INFO neutron.db.segments_db [None req-0ea5a658-9d2a-436b-9e1f-038b5751131d 4514ee5b4a39411ca538dd4e262e5f96 fb16613ec7f042098178faf9e2d32471 - - default default] Added segment 2a4f1ab2-b171-4f83-96b1-f4ae1cf2d363 of type geneve for network 664d7519-f507-424b-87c4-97c99064dd2d
2026-07-09 00:43:31.491 9 INFO neutron.api.wsgi [-] 10.0.0.239 "GET / HTTP/1.1" status: 200 len: 247 time: 0.0016646
2026-07-09 00:43:31.496 10 INFO neutron.api.wsgi [-] 10.0.0.239 "GET / HTTP/1.1" status: 200 len: 247 time: 0.0062089
2026-07-09 00:43:31.614 9 INFO neutron.db.ovn_revision_numbers_db [None req-0ea5a658-9d2a-436b-9e1f-038b5751131d 4514ee5b4a39411ca538dd4e262e5f96 fb16613ec7f042098178faf9e2d32471 - - default default] Successfully bumped revision number for resource 664d7519-f507-424b-87c4-97c99064dd2d (type: networks) to 1
2026-07-09 00:43:31.699 9 INFO neutron.api.wsgi [req-81dc185c-6a6e-478b-81eb-37bbd19c87da req-df61a022-a738-4a93-9134-d6c826daa3f9 17c18e44e1704409972c48b603e94018 ea553c57e2074644bebe34c71e64af0d - - default default] 10.0.0.31 "GET /v2.0/ports?device_id=f164ac93-16bb-46d6-bcfc-180808d590ba HTTP/1.1" status: 200 len: 210 time: 0.0179422
2026-07-09 00:43:31.757 9 WARNING neutron.scheduler.dhcp_agent_scheduler [None req-0ea5a658-9d2a-436b-9e1f-038b5751131d 4514ee5b4a39411ca538dd4e262e5f96 fb16613ec7f042098178faf9e2d32471 - - default default] No more DHCP agents
2026-07-09 00:43:31.759 9 WARNING neutron.api.rpc.agentnotifiers.dhcp_rpc_agent_api [None req-0ea5a658-9d2a-436b-9e1f-038b5751131d 4514ee5b4a39411ca538dd4e262e5f96 fb16613ec7f042098178faf9e2d32471 - - default default] Unable to schedule network 664d7519-f507-424b-87c4-97c99064dd2d: no agents available; will retry on subsequent port and subnet creation events.
2026-07-09 00:43:31.823 9 INFO neutron.db.ovn_revision_numbers_db [None req-0ea5a658-9d2a-436b-9e1f-038b5751131d 4514ee5b4a39411ca538dd4e262e5f96 fb16613ec7f042098178faf9e2d32471 - - default default] Successfully bumped revision number for resource e6d083bd-de5d-4d67-88b3-69bef4f8bad8 (type: ports) to 1
2026-07-09 00:43:31.844 9 INFO neutron.api.wsgi [None req-0ea5a658-9d2a-436b-9e1f-038b5751131d 4514ee5b4a39411ca538dd4e262e5f96 fb16613ec7f042098178faf9e2d32471 - - default default] 10.0.0.38 "POST /v2.0/networks HTTP/1.1" status: 201 len: 842 time: 0.4592235
2026-07-09 00:43:31.980 9 INFO neutron.db.ovn_revision_numbers_db [None req-0d122552-8fe2-482a-89d8-f804ce3dc150 4514ee5b4a39411ca538dd4e262e5f96 fb16613ec7f042098178faf9e2d32471 - - default default] Successfully bumped revision number for resource 664d7519-f507-424b-87c4-97c99064dd2d (type: networks) to 2
2026-07-09 00:43:31.984 9 INFO neutron.api.wsgi [None req-0d122552-8fe2-482a-89d8-f804ce3dc150 4514ee5b4a39411ca538dd4e262e5f96 fb16613ec7f042098178faf9e2d32471 - - default default] 10.0.0.38 "PUT /v2.0/networks/664d7519-f507-424b-87c4-97c99064dd2d HTTP/1.1" status: 200 len: 792 time: 0.1338463
2026-07-09 00:43:31.994 9 WARNING neutron_lib.context [None req-a64adaa7-ad92-45c2-8592-51c08db770a3 4514ee5b4a39411ca538dd4e262e5f96 fb16613ec7f042098178faf9e2d32471 - - default default] Method 'is_advsvc' is deprecated since 2023.2 release (neutron-lib 3.8.0) and will be removed once support for the old RBAC API policies will be removed from Neutron. Please use method 'is_service_role' instead.
2026-07-09 00:43:32.236 10 INFO neutron.api.wsgi [req-c5c7ae70-a5ac-49e9-b804-aa35897608a6 req-2285c122-201d-437b-9752-e683d694db6b ff091af945264cc48bc0505ec7ecaf8a bceedd94e43d4d2eb662afc1b9da2c8f - - default default] 10.0.0.31 "GET /v2.0/ports?device_id=53eabb90-4034-47c7-a092-29f863927631 HTTP/1.1" status: 200 len: 1168 time: 0.0548692
2026-07-09 00:43:32.241 9 WARNING neutron.scheduler.dhcp_agent_scheduler [None req-a64adaa7-ad92-45c2-8592-51c08db770a3 4514ee5b4a39411ca538dd4e262e5f96 fb16613ec7f042098178faf9e2d32471 - - default default] No more DHCP agents
2026-07-09 00:43:32.245 9 WARNING neutron.api.rpc.agentnotifiers.dhcp_rpc_agent_api [None req-a64adaa7-ad92-45c2-8592-51c08db770a3 4514ee5b4a39411ca538dd4e262e5f96 fb16613ec7f042098178faf9e2d32471 - - default default] Unable to schedule network 664d7519-f507-424b-87c4-97c99064dd2d: no agents available; will retry on subsequent port and subnet creation events.
2026-07-09 00:43:32.284 10 INFO neutron.api.wsgi [req-c5c7ae70-a5ac-49e9-b804-aa35897608a6 req-d49d79d2-634e-42fa-a56f-c2bbc8d45e6a ff091af945264cc48bc0505ec7ecaf8a bceedd94e43d4d2eb662afc1b9da2c8f - - default default] 10.0.0.31 "GET /v2.0/security-groups?id=d55c3e4f-72a4-4e32-b1af-a4d0b1ae8f29&fields=id&fields=name HTTP/1.1" status: 200 len: 312 time: 0.0414104
2026-07-09 00:43:32.556 9 INFO neutron.api.wsgi [req-883f71a7-d39e-4ef5-9704-4ac0d792b437 req-f9f12e5c-bae3-4deb-8c1a-62ce37c709eb 200a9e29034042af8140f74240ebed3e b9b30c88a43840ed9c4e231e22074a45 - - default default] 10.0.0.31 "GET /v2.0/ports?device_id=4d281ff4-e45f-4fdd-98de-366b5395e05e HTTP/1.1" status: 200 len: 1168 time: 0.0904050
2026-07-09 00:43:32.600 9 INFO neutron.api.wsgi [req-883f71a7-d39e-4ef5-9704-4ac0d792b437 req-209d5bbe-7c39-4cff-a541-bbfc8c46377a 200a9e29034042af8140f74240ebed3e b9b30c88a43840ed9c4e231e22074a45 - - default default] 10.0.0.31 "GET /v2.0/security-groups?id=778bc66a-8dba-4a1e-948f-7c0ef529b9ef&fields=id&fields=name HTTP/1.1" status: 200 len: 286 time: 0.0375209
2026-07-09 00:43:32.726 9 INFO neutron.db.ovn_revision_numbers_db [None req-76a29651-9be1-4dc7-bc2e-715f7392fd30 - - - - - -] Successfully bumped revision number for resource e6d083bd-de5d-4d67-88b3-69bef4f8bad8 (type: ports) to 2
2026-07-09 00:43:32.752 9 INFO neutron.db.ovn_revision_numbers_db [None req-76a29651-9be1-4dc7-bc2e-715f7392fd30 - - - - - -] Successfully bumped revision number for resource ceaee867-8d01-4dab-bc1a-83c250c61772 (type: subnets) to 0
2026-07-09 00:43:32.770 9 INFO neutron.api.wsgi [None req-a64adaa7-ad92-45c2-8592-51c08db770a3 4514ee5b4a39411ca538dd4e262e5f96 fb16613ec7f042098178faf9e2d32471 - - default default] 10.0.0.38 "POST /v2.0/subnets HTTP/1.1" status: 201 len: 825 time: 0.7806709
2026-07-09 00:43:32.786 10 INFO neutron.api.wsgi [req-bc41b18b-9984-42d6-aca4-e4da8edd1c94 req-4e7e728f-b39e-462f-9b81-25f1e84941b1 17c18e44e1704409972c48b603e94018 ea553c57e2074644bebe34c71e64af0d - - default default] 10.0.0.31 "GET /v2.0/ports?device_id=f164ac93-16bb-46d6-bcfc-180808d590ba HTTP/1.1" status: 200 len: 210 time: 0.0173123
2026-07-09 00:43:32.999 9 INFO neutron.db.ovn_revision_numbers_db [None req-c701531f-6240-47ad-b339-e110180aeda6 4514ee5b4a39411ca538dd4e262e5f96 fb16613ec7f042098178faf9e2d32471 - - default default] Successfully bumped revision number for resource ceaee867-8d01-4dab-bc1a-83c250c61772 (type: subnets) to 1
2026-07-09 00:43:33.003 9 INFO neutron.api.wsgi [None req-c701531f-6240-47ad-b339-e110180aeda6 4514ee5b4a39411ca538dd4e262e5f96 fb16613ec7f042098178faf9e2d32471 - - default default] 10.0.0.38 "PUT /v2.0/subnets/ceaee867-8d01-4dab-bc1a-83c250c61772 HTTP/1.1" status: 200 len: 830 time: 0.2254243
2026-07-09 00:43:33.420 9 INFO neutron.api.wsgi [req-cc67c4c1-6323-4825-9edf-9767de024907 req-5f283dd5-2604-4b17-a872-d4c75a2fcbe3 ff091af945264cc48bc0505ec7ecaf8a bceedd94e43d4d2eb662afc1b9da2c8f - - default default] 10.0.0.31 "GET /v2.0/ports?device_id=53eabb90-4034-47c7-a092-29f863927631 HTTP/1.1" status: 200 len: 1168 time: 0.0751262
2026-07-09 00:43:33.473 9 INFO neutron.api.wsgi [req-cc67c4c1-6323-4825-9edf-9767de024907 req-b719b35b-1519-455c-bd3e-6f0968a8e6fa ff091af945264cc48bc0505ec7ecaf8a bceedd94e43d4d2eb662afc1b9da2c8f - - default default] 10.0.0.31 "GET /v2.0/security-groups?id=d55c3e4f-72a4-4e32-b1af-a4d0b1ae8f29&fields=id&fields=name HTTP/1.1" status: 200 len: 312 time: 0.0474772
2026-07-09 00:43:33.479 9 INFO neutron.services.segments.plugin [-] Segment 2a4f1ab2-b171-4f83-96b1-f4ae1cf2d363 resource provider aggregate not found
2026-07-09 00:43:33.483 9 INFO neutron.services.segments.plugin [-] Segment 2a4f1ab2-b171-4f83-96b1-f4ae1cf2d363 resource provider aggregate not found
2026-07-09 00:43:33.491 9 INFO neutron.services.segments.plugin [-] Segment 2a4f1ab2-b171-4f83-96b1-f4ae1cf2d363 resource provider not found; error: Placement Client Error (4xx): {"errors": [{"status": 404, "title": "Not Found", "detail": "The resource could not be found.\n\n No resource provider with uuid 2a4f1ab2-b171-4f83-96b1-f4ae1cf2d363 found for delete ", "request_id": "req-82a56d14-97a3-482a-9f10-a270d91de30f"}]}
2026-07-09 00:43:33.494 9 INFO neutron.services.segments.plugin [-] Segment 2a4f1ab2-b171-4f83-96b1-f4ae1cf2d363 resource provider not found; error: Placement Client Error (4xx): {"errors": [{"status": 404, "title": "Not Found", "detail": "The resource could not be found.\n\n No resource provider with uuid 2a4f1ab2-b171-4f83-96b1-f4ae1cf2d363 found for delete ", "request_id": "req-195cbc1d-f2c7-419f-9c38-ce3f9c395db9"}]}
2026-07-09 00:43:33.509 9 INFO neutron.api.wsgi [None req-778e50cc-2b5e-4e20-b0c7-5144f7eac179 4514ee5b4a39411ca538dd4e262e5f96 fb16613ec7f042098178faf9e2d32471 - - default default] 10.0.0.38 "DELETE /v2.0/networks/664d7519-f507-424b-87c4-97c99064dd2d HTTP/1.1" status: 204 len: 168 time: 0.5006800
2026-07-09 00:43:33.522 9 INFO neutron.pecan_wsgi.hooks.translation [None req-e213b0d4-1341-4a15-aef5-d8e77ec87ca5 4514ee5b4a39411ca538dd4e262e5f96 fb16613ec7f042098178faf9e2d32471 - - default default] DELETE failed (client error): The resource could not be found.
2026-07-09 00:43:33.525 9 INFO neutron.api.wsgi [None req-e213b0d4-1341-4a15-aef5-d8e77ec87ca5 4514ee5b4a39411ca538dd4e262e5f96 fb16613ec7f042098178faf9e2d32471 - - default default] 10.0.0.38 "DELETE /v2.0/networks/664d7519-f507-424b-87c4-97c99064dd2d HTTP/1.1" status: 404 len: 339 time: 0.0110979
2026-07-09 00:43:33.583 9 INFO neutron.api.wsgi [None req-a022bd3e-aa5f-4f07-b684-2a73f2d58fcf 4514ee5b4a39411ca538dd4e262e5f96 fb16613ec7f042098178faf9e2d32471 - - default default] 10.0.0.38 "GET /v2.0/networks?router%3Aexternal=True HTTP/1.1" status: 200 len: 845 time: 0.0545442
2026-07-09 00:43:33.619 9 INFO neutron.api.wsgi [None req-7d8ae970-a89f-4728-b4ce-0aa793372273 4514ee5b4a39411ca538dd4e262e5f96 fb16613ec7f042098178faf9e2d32471 - - default default] 10.0.0.38 "GET /v2.0/subnets?network_id=c0c9bd91-e1e7-4eaf-8008-8ac8d6e5deec HTTP/1.1" status: 200 len: 843 time: 0.0311537
2026-07-09 00:43:33.627 9 INFO neutron.api.wsgi [None req-0108780b-9f6c-4970-abd6-d1b5a5d13afe 4514ee5b4a39411ca538dd4e262e5f96 fb16613ec7f042098178faf9e2d32471 - - default default] 10.0.0.38 "GET /v2.0/extensions HTTP/1.1" status: 200 len: 19293 time: 0.0045500
2026-07-09 00:43:33.683 9 INFO neutron.api.wsgi [None req-741662d3-a055-41fa-9ec7-dda6fc6528d3 4514ee5b4a39411ca538dd4e262e5f96 fb16613ec7f042098178faf9e2d32471 - - default default] 10.0.0.38 "GET /v2.0/networks HTTP/1.1" status: 200 len: 1504 time: 0.0510538
2026-07-09 00:43:33.721 9 INFO neutron.api.wsgi [None req-b0df2c1a-5452-4c62-917d-2431dbb0fa5b 4514ee5b4a39411ca538dd4e262e5f96 fb16613ec7f042098178faf9e2d32471 - - default default] 10.0.0.38 "GET /v2.0/subnets HTTP/1.1" status: 200 len: 1475 time: 0.0323308
2026-07-09 00:43:33.737 10 INFO neutron.api.wsgi [req-af759df7-d213-4431-af20-c9221672a40b req-c3df2343-db46-490e-bbf7-83440811dbef 200a9e29034042af8140f74240ebed3e b9b30c88a43840ed9c4e231e22074a45 - - default default] 10.0.0.31 "GET /v2.0/ports?device_id=4d281ff4-e45f-4fdd-98de-366b5395e05e HTTP/1.1" status: 200 len: 1168 time: 0.0737000
2026-07-09 00:43:33.766 9 INFO neutron.api.wsgi [None req-30589f50-73a2-452f-bc6f-0349314ec24d 4514ee5b4a39411ca538dd4e262e5f96 fb16613ec7f042098178faf9e2d32471 - - default default] 10.0.0.38 "GET /v2.0/networks/d6ef9fb5-a423-4b57-986d-d46cd78cc012 HTTP/1.1" status: 200 len: 863 time: 0.0401554
2026-07-09 00:43:33.774 10 INFO neutron.api.wsgi [req-af759df7-d213-4431-af20-c9221672a40b req-b2bcb547-6710-4bca-bc60-7226189a3bf4 200a9e29034042af8140f74240ebed3e b9b30c88a43840ed9c4e231e22074a45 - - default default] 10.0.0.31 "GET /v2.0/security-groups?id=778bc66a-8dba-4a1e-948f-7c0ef529b9ef&fields=id&fields=name HTTP/1.1" status: 200 len: 286 time: 0.0295062
2026-07-09 00:43:33.798 9 INFO neutron.api.wsgi [None req-9b42d5ab-3ebf-46e8-a44a-4aa94cfe0da6 4514ee5b4a39411ca538dd4e262e5f96 fb16613ec7f042098178faf9e2d32471 - - default default] 10.0.0.38 "GET /v2.0/subnets/17c5cefb-6ac0-4ca3-9685-728f4a1eb93d HTTP/1.1" status: 200 len: 835 time: 0.0260520
2026-07-09 00:43:33.811 9 INFO neutron.pecan_wsgi.hooks.translation [None req-72222b03-5a48-4649-8996-1aa95db89c76 4514ee5b4a39411ca538dd4e262e5f96 fb16613ec7f042098178faf9e2d32471 - - default default] DELETE failed (client error): The resource could not be found.
2026-07-09 00:43:33.813 9 INFO neutron.api.wsgi [None req-72222b03-5a48-4649-8996-1aa95db89c76 4514ee5b4a39411ca538dd4e262e5f96 fb16613ec7f042098178faf9e2d32471 - - default default] 10.0.0.38 "DELETE /v2.0/subnets/ceaee867-8d01-4dab-bc1a-83c250c61772 HTTP/1.1" status: 404 len: 337 time: 0.0115776
2026-07-09 00:43:33.826 9 INFO neutron.pecan_wsgi.hooks.translation [None req-de44e102-8579-4048-8033-b5cd88e1ddd0 4514ee5b4a39411ca538dd4e262e5f96 fb16613ec7f042098178faf9e2d32471 - - default default] DELETE failed (client error): The resource could not be found.
2026-07-09 00:43:33.829 9 INFO neutron.api.wsgi [None req-de44e102-8579-4048-8033-b5cd88e1ddd0 4514ee5b4a39411ca538dd4e262e5f96 fb16613ec7f042098178faf9e2d32471 - - default default] 10.0.0.38 "DELETE /v2.0/networks/664d7519-f507-424b-87c4-97c99064dd2d HTTP/1.1" status: 404 len: 339 time: 0.0123305
2026-07-09 00:43:33.865 9 INFO neutron.api.wsgi [req-e34db914-d5f9-405d-9de6-fc40cab7dc00 req-5d202483-6e3e-48ef-b444-70cdd780491c 17c18e44e1704409972c48b603e94018 ea553c57e2074644bebe34c71e64af0d - - default default] 10.0.0.31 "GET /v2.0/ports?device_id=f164ac93-16bb-46d6-bcfc-180808d590ba HTTP/1.1" status: 200 len: 210 time: 0.0156293
2026-07-09 00:43:33.983 9 INFO neutron.api.wsgi [None req-b5b8792b-b1e0-456c-94af-e0cb2cf5fffc 4514ee5b4a39411ca538dd4e262e5f96 fb16613ec7f042098178faf9e2d32471 - - default default] 10.0.0.38 "DELETE /v2.0/subnets/17c5cefb-6ac0-4ca3-9685-728f4a1eb93d HTTP/1.1" status: 204 len: 168 time: 0.1476369
2026-07-09 00:43:34.307 9 INFO neutron.api.wsgi [None req-c5b8ee7d-1509-4f85-bb27-f843006548c8 4514ee5b4a39411ca538dd4e262e5f96 fb16613ec7f042098178faf9e2d32471 - - default default] 10.0.0.38 "DELETE /v2.0/networks/d6ef9fb5-a423-4b57-986d-d46cd78cc012 HTTP/1.1" status: 204 len: 168 time: 0.3190081
2026-07-09 00:43:34.315 9 WARNING neutron.plugins.ml2.drivers.ovn.mech_driver.ovsdb.ovn_client [None req-20a68287-f215-4f6e-adbb-b058377e81e7 - - - - - -] No hosting information found for port 02a531c0-fa6e-493d-b12d-02987fb0b9d0: RuntimeError: No hosting information found for port 02a531c0-fa6e-493d-b12d-02987fb0b9d0
2026-07-09 00:43:34.384 9 INFO neutron.db.ovn_revision_numbers_db [None req-20a68287-f215-4f6e-adbb-b058377e81e7 - - - - - -] Successfully bumped revision number for resource 02a531c0-fa6e-493d-b12d-02987fb0b9d0 (type: router_ports) to 2
2026-07-09 00:43:34.423 9 INFO neutron.plugins.ml2.drivers.ovn.mech_driver.mech_driver [None req-20a68287-f215-4f6e-adbb-b058377e81e7 - - - - - -] OVN reports status up for port: 0d9f2051-b5ee-49a7-bb7c-a896c00739da
2026-07-09 00:43:34.433 9 INFO neutron.plugins.ml2.plugin [None req-20a68287-f215-4f6e-adbb-b058377e81e7 - - - - - -] Attempt 1 to provision port 0d9f2051-b5ee-49a7-bb7c-a896c00739da
2026-07-09 00:43:34.553 9 INFO neutron.notifiers.nova [-] Nova event matching ['req-d765d44e-592c-42cc-9bbf-44d6c572f984'] response: {'server_uuid': '4d281ff4-e45f-4fdd-98de-366b5395e05e', 'name': 'network-vif-plugged', 'status': 'completed', 'tag': '0d9f2051-b5ee-49a7-bb7c-a896c00739da', 'code': 200}
2026-07-09 00:43:34.618 10 INFO neutron.api.wsgi [req-a5acd4bb-ceff-4787-a512-6d083de2fe95 req-af0b181e-f275-47a8-bb76-bee6a31572fa ff091af945264cc48bc0505ec7ecaf8a bceedd94e43d4d2eb662afc1b9da2c8f - - default default] 10.0.0.31 "GET /v2.0/ports?device_id=53eabb90-4034-47c7-a092-29f863927631 HTTP/1.1" status: 200 len: 1168 time: 0.0837026
2026-07-09 00:43:34.620 9 INFO neutron.db.ovn_revision_numbers_db [None req-20a68287-f215-4f6e-adbb-b058377e81e7 - - - - - -] Successfully bumped revision number for resource 0d9f2051-b5ee-49a7-bb7c-a896c00739da (type: ports) to 5
2026-07-09 00:43:34.681 10 INFO neutron.api.wsgi [req-a5acd4bb-ceff-4787-a512-6d083de2fe95 req-8ce75e58-8d4d-407a-bead-c8dbcc19b00d ff091af945264cc48bc0505ec7ecaf8a bceedd94e43d4d2eb662afc1b9da2c8f - - default default] 10.0.0.31 "GET /v2.0/security-groups?id=d55c3e4f-72a4-4e32-b1af-a4d0b1ae8f29&fields=id&fields=name HTTP/1.1" status: 200 len: 312 time: 0.0546265
2026-07-09 00:43:34.697 9 INFO neutron.plugins.ml2.drivers.ovn.mech_driver.mech_driver [None req-d52d599e-2084-4d0a-b691-494b4655e221 - - - - - -] OVN reports status up for port: dbde4a75-c0a6-4eae-8ffb-ec935aca884f
2026-07-09 00:43:34.708 9 INFO neutron.plugins.ml2.plugin [None req-d52d599e-2084-4d0a-b691-494b4655e221 - - - - - -] Attempt 1 to provision port dbde4a75-c0a6-4eae-8ffb-ec935aca884f /var/lib/openstack/lib/python3.12/site-packages/pycadf/identifier.py:71: UserWarning: Invalid uuid: neutron. To ensure interoperability, identifiers should be a valid uuid. warnings.warn(('Invalid uuid: %s. To ensure interoperability, '
2026-07-09 00:43:34.872 9 INFO neutron.api.wsgi [req-1f5a1aeb-fa1b-4679-8e1c-149015f029a3 req-49e0c673-a20e-4365-a2e3-4ec06395a304 200a9e29034042af8140f74240ebed3e b9b30c88a43840ed9c4e231e22074a45 - - default default] 10.0.0.31 "GET /v2.0/ports?device_id=4d281ff4-e45f-4fdd-98de-366b5395e05e HTTP/1.1" status: 200 len: 1170 time: 0.0282879
2026-07-09 00:43:34.877 10 INFO neutron.api.wsgi [None req-1c2564ff-652a-445b-a997-7aba714e895d 21194a289b77496faff67688a8fd7b4b f3cf2f2864f8488f9ee1f2769b181541 - - default default] 10.0.0.38 "GET /v2.0/security-groups?tenant_id=fb16613ec7f042098178faf9e2d32471&name=default HTTP/1.1" status: 200 len: 3120 time: 0.1231790
2026-07-09 00:43:34.917 9 INFO neutron.api.wsgi [req-1f5a1aeb-fa1b-4679-8e1c-149015f029a3 req-7104acb7-97b5-46fc-82dd-7ecbe7aef367 200a9e29034042af8140f74240ebed3e b9b30c88a43840ed9c4e231e22074a45 - - default default] 10.0.0.31 "GET /v2.0/security-groups?id=778bc66a-8dba-4a1e-948f-7c0ef529b9ef&fields=id&fields=name HTTP/1.1" status: 200 len: 286 time: 0.0373669
2026-07-09 00:43:34.955 10 INFO neutron.api.wsgi [req-93c04e0c-c3c8-4879-bc60-dc04e43fe5eb req-79e0c710-4ab2-4c73-b900-bf9ef123ee39 17c18e44e1704409972c48b603e94018 ea553c57e2074644bebe34c71e64af0d - - default default] 10.0.0.31 "GET /v2.0/ports?device_id=f164ac93-16bb-46d6-bcfc-180808d590ba HTTP/1.1" status: 200 len: 210 time: 0.0189717
2026-07-09 00:43:34.979 9 INFO neutron.db.ovn_revision_numbers_db [None req-d52d599e-2084-4d0a-b691-494b4655e221 - - - - - -] Successfully bumped revision number for resource dbde4a75-c0a6-4eae-8ffb-ec935aca884f (type: ports) to 5
2026-07-09 00:43:34.989 9 INFO neutron.api.wsgi [req-b8627bb3-c5b4-4825-90e7-df46c998e30c req-34fcf907-9e3d-4a8c-8a79-86c85879ef2e 17c18e44e1704409972c48b603e94018 ea553c57e2074644bebe34c71e64af0d - - default default] 199.204.45.77 "GET /v2.0/networks?id=decb8b77-cb69-49c1-bb74-b3f4290811b0 HTTP/1.1" status: 200 len: 874 time: 0.0600502
2026-07-09 00:43:35.047 9 INFO neutron.api.wsgi [req-b8627bb3-c5b4-4825-90e7-df46c998e30c req-bf6e525f-8f19-4fc0-a1c0-43cab2bcf572 17c18e44e1704409972c48b603e94018 ea553c57e2074644bebe34c71e64af0d - - default default] 199.204.45.77 "GET /v2.0/security-groups?fields=id&fields=name&tenant_id=ea553c57e2074644bebe34c71e64af0d HTTP/1.1" status: 200 len: 379 time: 0.0473447 /var/lib/openstack/lib/python3.12/site-packages/pycadf/identifier.py:71: UserWarning: Invalid uuid: neutron. To ensure interoperability, identifiers should be a valid uuid. warnings.warn(('Invalid uuid: %s. To ensure interoperability, '
2026-07-09 00:43:35.059 9 WARNING neutron_lib.context [req-b8627bb3-c5b4-4825-90e7-df46c998e30c req-fccd9659-6a45-4461-bfa2-b03fb78603ec 17c18e44e1704409972c48b603e94018 ea553c57e2074644bebe34c71e64af0d - - default default] Method 'is_advsvc' is deprecated since 2023.2 release (neutron-lib 3.8.0) and will be removed once support for the old RBAC API policies will be removed from Neutron. Please use method 'is_service_role' instead.
2026-07-09 00:43:35.071 10 INFO neutron.api.wsgi [None req-be8304a8-bf6f-44a6-bae2-3759119711cd 21194a289b77496faff67688a8fd7b4b f3cf2f2864f8488f9ee1f2769b181541 - - default default] 10.0.0.38 "DELETE /v2.0/security-groups/68b4d316-c6c3-4ae2-94bc-166471c3e77d HTTP/1.1" status: 204 len: 168 time: 0.1886826
2026-07-09 00:43:35.383 9 WARNING neutron.scheduler.dhcp_agent_scheduler [req-b8627bb3-c5b4-4825-90e7-df46c998e30c req-fccd9659-6a45-4461-bfa2-b03fb78603ec 17c18e44e1704409972c48b603e94018 ea553c57e2074644bebe34c71e64af0d - - default default] No more DHCP agents
2026-07-09 00:43:35.385 9 WARNING neutron.api.rpc.agentnotifiers.dhcp_rpc_agent_api [req-b8627bb3-c5b4-4825-90e7-df46c998e30c req-fccd9659-6a45-4461-bfa2-b03fb78603ec 17c18e44e1704409972c48b603e94018 ea553c57e2074644bebe34c71e64af0d - - default default] Unable to schedule network decb8b77-cb69-49c1-bb74-b3f4290811b0: no agents available; will retry on subsequent port and subnet creation events.
2026-07-09 00:43:35.527 9 INFO neutron.services.segments.plugin [-] Segment 3b8ffa23-617e-4e06-9454-b170163d6c31 resource provider aggregate not found
2026-07-09 00:43:35.533 9 INFO neutron.services.segments.plugin [-] Segment 3b8ffa23-617e-4e06-9454-b170163d6c31 resource provider aggregate not found
2026-07-09 00:43:35.540 9 INFO neutron.services.segments.plugin [-] Segment 3b8ffa23-617e-4e06-9454-b170163d6c31 resource provider not found; error: Placement Client Error (4xx): {"errors": [{"status": 404, "title": "Not Found", "detail": "The resource could not be found.\n\n No resource provider with uuid 3b8ffa23-617e-4e06-9454-b170163d6c31 found for delete ", "request_id": "req-f710c31b-3f0c-487f-8d75-bbe9c9606db6"}]}
2026-07-09 00:43:35.546 9 INFO neutron.services.segments.plugin [-] Segment 3b8ffa23-617e-4e06-9454-b170163d6c31 resource provider not found; error: Placement Client Error (4xx): {"errors": [{"status": 404, "title": "Not Found", "detail": "The resource could not be found.\n\n No resource provider with uuid 3b8ffa23-617e-4e06-9454-b170163d6c31 found for delete ", "request_id": "req-0c304e87-a891-46d3-8c8f-817a0a0539b1"}]}
2026-07-09 00:43:35.552 9 INFO neutron.db.ovn_revision_numbers_db [req-b8627bb3-c5b4-4825-90e7-df46c998e30c req-fccd9659-6a45-4461-bfa2-b03fb78603ec 17c18e44e1704409972c48b603e94018 ea553c57e2074644bebe34c71e64af0d - - default default] Successfully bumped revision number for resource 1ceca301-b956-418d-9ef1-1646e5c8b8b2 (type: ports) to 1
2026-07-09 00:43:35.572 9 INFO neutron.api.wsgi [req-b8627bb3-c5b4-4825-90e7-df46c998e30c req-fccd9659-6a45-4461-bfa2-b03fb78603ec 17c18e44e1704409972c48b603e94018 ea553c57e2074644bebe34c71e64af0d - - default default] 199.204.45.77 "POST /v2.0/ports HTTP/1.1" status: 201 len: 1158 time: 0.5176587 /var/lib/openstack/lib/python3.12/site-packages/pycadf/identifier.py:71: UserWarning: Invalid uuid: neutron. To ensure interoperability, identifiers should be a valid uuid. warnings.warn(('Invalid uuid: %s. To ensure interoperability, '
2026-07-09 00:43:35.813 9 INFO neutron.api.wsgi [req-c1d7bec5-bcea-4eb6-bf39-0b10bd7a5a52 req-d7357925-2b4a-4117-95e6-1c4029ae2d53 ff091af945264cc48bc0505ec7ecaf8a bceedd94e43d4d2eb662afc1b9da2c8f - - default default] 10.0.0.31 "GET /v2.0/ports?device_id=53eabb90-4034-47c7-a092-29f863927631 HTTP/1.1" status: 200 len: 1170 time: 0.0598223
2026-07-09 00:43:35.854 9 INFO neutron.api.wsgi [req-c1d7bec5-bcea-4eb6-bf39-0b10bd7a5a52 req-cce0cbb8-6fa3-4037-be04-86f1687ca0cb ff091af945264cc48bc0505ec7ecaf8a bceedd94e43d4d2eb662afc1b9da2c8f - - default default] 10.0.0.31 "GET /v2.0/security-groups?id=d55c3e4f-72a4-4e32-b1af-a4d0b1ae8f29&fields=id&fields=name HTTP/1.1" status: 200 len: 312 time: 0.0343034
2026-07-09 00:43:35.986 9 INFO neutron.db.ovn_revision_numbers_db [req-b8627bb3-c5b4-4825-90e7-df46c998e30c req-18707ae9-2a8c-430b-a72c-4c3dc7c28ebc d6d4ae095f6a4cc2a76be4e7569ac5dc 3d76cb75425c4c7789b8ea7099232f05 - - a4c9ffe7ac2d4d0d817b6f5e32ccdf77 a4c9ffe7ac2d4d0d817b6f5e32ccdf77] Successfully bumped revision number for resource 1ceca301-b956-418d-9ef1-1646e5c8b8b2 (type: ports) to 2
2026-07-09 00:43:36.031 10 INFO neutron.api.wsgi [req-3e5d8590-b34e-4969-b5cf-28b7c8f21d7f req-9dfb0e84-7b8f-4496-9f66-b4596e90d5de 200a9e29034042af8140f74240ebed3e b9b30c88a43840ed9c4e231e22074a45 - - default default] 10.0.0.31 "GET /v2.0/ports?device_id=4d281ff4-e45f-4fdd-98de-366b5395e05e HTTP/1.1" status: 200 len: 1170 time: 0.0428722 /var/lib/openstack/lib/python3.12/site-packages/pycadf/identifier.py:71: UserWarning: Invalid uuid: neutron. To ensure interoperability, identifiers should be a valid uuid. warnings.warn(('Invalid uuid: %s. To ensure interoperability, '
2026-07-09 00:43:36.076 10 INFO neutron.api.wsgi [req-3e5d8590-b34e-4969-b5cf-28b7c8f21d7f req-9832bc22-0990-4d8e-ba1c-dc45bbe744b3 200a9e29034042af8140f74240ebed3e b9b30c88a43840ed9c4e231e22074a45 - - default default] 10.0.0.31 "GET /v2.0/security-groups?id=778bc66a-8dba-4a1e-948f-7c0ef529b9ef&fields=id&fields=name HTTP/1.1" status: 200 len: 286 time: 0.0398402
2026-07-09 00:43:36.125 9 INFO neutron.api.wsgi [req-740caa2f-509e-4b57-9d4a-7c31b2781503 req-30e0f171-b2aa-4181-b6d4-268e5c1d9c5b 17c18e44e1704409972c48b603e94018 ea553c57e2074644bebe34c71e64af0d - - default default] 10.0.0.31 "GET /v2.0/ports?device_id=f164ac93-16bb-46d6-bcfc-180808d590ba HTTP/1.1" status: 200 len: 1168 time: 0.0950956 /var/lib/openstack/lib/python3.12/site-packages/pycadf/identifier.py:71: UserWarning: Invalid uuid: neutron. To ensure interoperability, identifiers should be a valid uuid. warnings.warn(('Invalid uuid: %s. To ensure interoperability, '
2026-07-09 00:43:36.174 9 INFO neutron.api.wsgi [req-740caa2f-509e-4b57-9d4a-7c31b2781503 req-53376950-3284-41fa-87fa-5b65f675a970 17c18e44e1704409972c48b603e94018 ea553c57e2074644bebe34c71e64af0d - - default default] 10.0.0.31 "GET /v2.0/security-groups?id=bfe8434a-0fa4-4ff0-acac-0ae811117acc&fields=id&fields=name HTTP/1.1" status: 200 len: 312 time: 0.0396829
2026-07-09 00:43:36.254 9 INFO neutron.db.ovn_revision_numbers_db [req-b8627bb3-c5b4-4825-90e7-df46c998e30c req-18707ae9-2a8c-430b-a72c-4c3dc7c28ebc d6d4ae095f6a4cc2a76be4e7569ac5dc 3d76cb75425c4c7789b8ea7099232f05 - - a4c9ffe7ac2d4d0d817b6f5e32ccdf77 a4c9ffe7ac2d4d0d817b6f5e32ccdf77] Successfully bumped revision number for resource 1ceca301-b956-418d-9ef1-1646e5c8b8b2 (type: ports) to 4
2026-07-09 00:43:36.270 9 INFO neutron.api.wsgi [req-b8627bb3-c5b4-4825-90e7-df46c998e30c req-18707ae9-2a8c-430b-a72c-4c3dc7c28ebc d6d4ae095f6a4cc2a76be4e7569ac5dc 3d76cb75425c4c7789b8ea7099232f05 - - a4c9ffe7ac2d4d0d817b6f5e32ccdf77 a4c9ffe7ac2d4d0d817b6f5e32ccdf77] 199.204.45.77 "PUT /v2.0/ports/1ceca301-b956-418d-9ef1-1646e5c8b8b2 HTTP/1.1" status: 200 len: 1404 time: 0.6912169
2026-07-09 00:43:36.537 9 INFO neutron.api.wsgi [req-29cf0f61-8ac8-4967-888e-422639d0fc25 req-3687f8b2-ab8a-4937-b0e2-de2558ce13b8 200a9e29034042af8140f74240ebed3e b9b30c88a43840ed9c4e231e22074a45 - - default default] 10.0.0.31 "GET /v2.0/ports?device_id=4d281ff4-e45f-4fdd-98de-366b5395e05e HTTP/1.1" status: 200 len: 1170 time: 0.0345554
2026-07-09 00:43:36.581 9 INFO neutron.api.wsgi [req-29cf0f61-8ac8-4967-888e-422639d0fc25 req-5b96646f-09f3-4520-8c41-d5a75385fe6f 200a9e29034042af8140f74240ebed3e b9b30c88a43840ed9c4e231e22074a45 - - default default] 10.0.0.31 "GET /v2.0/security-groups?id=778bc66a-8dba-4a1e-948f-7c0ef529b9ef&fields=id&fields=name HTTP/1.1" status: 200 len: 286 time: 0.0362484
2026-07-09 00:43:36.597 9 INFO neutron.notifiers.nova [-] Nova event matching ['req-33b3172f-7c17-4a76-bb29-2fb0c77db2df'] response: {'server_uuid': '4d281ff4-e45f-4fdd-98de-366b5395e05e', 'name': 'network-vif-plugged', 'status': 'completed', 'tag': '0d9f2051-b5ee-49a7-bb7c-a896c00739da', 'code': 200}
2026-07-09 00:43:36.597 9 INFO neutron.notifiers.nova [-] Nova event matching ['req-33b3172f-7c17-4a76-bb29-2fb0c77db2df'] response: {'server_uuid': '53eabb90-4034-47c7-a092-29f863927631', 'name': 'network-vif-plugged', 'status': 'completed', 'tag': 'dbde4a75-c0a6-4eae-8ffb-ec935aca884f', 'code': 200}
2026-07-09 00:43:36.597 9 INFO neutron.notifiers.nova [-] Nova event matching ['req-33b3172f-7c17-4a76-bb29-2fb0c77db2df'] response: {'server_uuid': '53eabb90-4034-47c7-a092-29f863927631', 'name': 'network-vif-plugged', 'status': 'completed', 'tag': 'dbde4a75-c0a6-4eae-8ffb-ec935aca884f', 'code': 200}
2026-07-09 00:43:36.598 9 INFO neutron.notifiers.nova [-] Nova event matching ['req-33b3172f-7c17-4a76-bb29-2fb0c77db2df'] response: {'name': 'network-changed', 'server_uuid': 'f164ac93-16bb-46d6-bcfc-180808d590ba', 'tag': '1ceca301-b956-418d-9ef1-1646e5c8b8b2', 'status': 'completed', 'code': 200}
2026-07-09 00:43:36.968 9 INFO neutron.api.wsgi [req-ecfee787-5af4-4856-a9ee-63e7533e578c req-41e80814-0607-4c71-b197-608d3a6e7093 ff091af945264cc48bc0505ec7ecaf8a bceedd94e43d4d2eb662afc1b9da2c8f - - default default] 10.0.0.31 "GET /v2.0/ports?device_id=53eabb90-4034-47c7-a092-29f863927631 HTTP/1.1" status: 200 len: 1170 time: 0.0545177
2026-07-09 00:43:36.991 10 WARNING neutron_lib.context [None req-6b723cb1-24c6-4eba-ad6d-9310d9b3967c 75122befc30a461fba9aeda7f724980a 68455214b6db4eba8bcb3a0b7a1d3848 - - default default] Method 'is_advsvc' is deprecated since 2023.2 release (neutron-lib 3.8.0) and will be removed once support for the old RBAC API policies will be removed from Neutron. Please use method 'is_service_role' instead.
2026-07-09 00:43:37.031 9 INFO neutron.plugins.ml2.drivers.ovn.mech_driver.mech_driver [None req-22556cf3-62c1-4d05-9096-7d26e8001c93 - - - - - -] OVN reports status down for port: 0d9f2051-b5ee-49a7-bb7c-a896c00739da
2026-07-09 00:43:37.036 9 INFO neutron.api.wsgi [req-ecfee787-5af4-4856-a9ee-63e7533e578c req-6a71c262-e6fd-4a59-83e2-cbb105f46433 ff091af945264cc48bc0505ec7ecaf8a bceedd94e43d4d2eb662afc1b9da2c8f - - default default] 10.0.0.31 "GET /v2.0/security-groups?id=d55c3e4f-72a4-4e32-b1af-a4d0b1ae8f29&fields=id&fields=name HTTP/1.1" status: 200 len: 312 time: 0.0581579
2026-07-09 00:43:37.189 9 INFO neutron.api.wsgi [req-ca2b166a-2247-4f05-bab3-d39f2464846c req-98873c81-a36c-4219-9b9a-93f844e2b776 d6d4ae095f6a4cc2a76be4e7569ac5dc 3d76cb75425c4c7789b8ea7099232f05 - - a4c9ffe7ac2d4d0d817b6f5e32ccdf77 a4c9ffe7ac2d4d0d817b6f5e32ccdf77] 199.204.45.77 "GET /v2.0/ports?tenant_id=ea553c57e2074644bebe34c71e64af0d&device_id=f164ac93-16bb-46d6-bcfc-180808d590ba HTTP/1.1" status: 200 len: 1407 time: 0.0798848
2026-07-09 00:43:37.267 10 INFO neutron.db.ovn_revision_numbers_db [None req-6b723cb1-24c6-4eba-ad6d-9310d9b3967c 75122befc30a461fba9aeda7f724980a 68455214b6db4eba8bcb3a0b7a1d3848 - - default default] Successfully bumped revision number for resource e1155dba-944d-42b3-808b-4eb36bd8958c (type: security_groups) to 1
2026-07-09 00:43:37.281 9 INFO neutron.api.wsgi [req-ca2b166a-2247-4f05-bab3-d39f2464846c req-d1abfcad-e093-46c6-97ab-b1839b822d98 d6d4ae095f6a4cc2a76be4e7569ac5dc 3d76cb75425c4c7789b8ea7099232f05 - - a4c9ffe7ac2d4d0d817b6f5e32ccdf77 a4c9ffe7ac2d4d0d817b6f5e32ccdf77] 199.204.45.77 "GET /v2.0/networks?tenant_id=ea553c57e2074644bebe34c71e64af0d&shared=False HTTP/1.1" status: 200 len: 973 time: 0.0821457
2026-07-09 00:43:37.295 10 INFO neutron.db.ovn_revision_numbers_db [None req-6b723cb1-24c6-4eba-ad6d-9310d9b3967c 75122befc30a461fba9aeda7f724980a 68455214b6db4eba8bcb3a0b7a1d3848 - - default default] Successfully bumped revision number for resource 1fd88d9b-7c9f-4c4c-b014-d78a312e2baf (type: security_group_rules) to 0
