2026-07-09 00:46:54.038 9 INFO neutron.db.ovn_revision_numbers_db [None req-719dfe4f-887c-458c-916f-0b823dcfb0b8 db6676647704402a87f3b9b36e05f5f0 8c8c24342ba642c39db2dae248a819b8 - - default default] Successfully bumped revision number for resource 659d43ce-7102-4b6d-bf5a-f7147077863b (type: routers) to 5
2026-07-09 00:46:54.044 9 INFO neutron.api.wsgi [None req-719dfe4f-887c-458c-916f-0b823dcfb0b8 db6676647704402a87f3b9b36e05f5f0 8c8c24342ba642c39db2dae248a819b8 - - default default] 10.0.0.38 "PUT /v2.0/routers/659d43ce-7102-4b6d-bf5a-f7147077863b HTTP/1.1" status: 200 len: 1137 time: 0.9154377 /var/lib/openstack/lib/python3.12/site-packages/pycadf/identifier.py:71: UserWarning: Invalid uuid: neutron. To ensure interoperability, identifiers should be a valid uuid. warnings.warn(('Invalid uuid: %s. To ensure interoperability, '
2026-07-09 00:46:54.049 10 WARNING neutron_lib.context [None req-7b70555b-b702-497d-acfa-f860ca65bb17 c6d2002bfc714fadb03ad7a044055973 ef950a1bcad34ab5bda3cdcb84085a6e - - default default] Method 'is_advsvc' is deprecated since 2023.2 release (neutron-lib 3.8.0) and will be removed once support for the old RBAC API policies will be removed from Neutron. Please use method 'is_service_role' instead.
2026-07-09 00:46:54.109 9 INFO neutron.plugins.ml2.drivers.ovn.mech_driver.mech_driver [None req-f99700f0-eb56-4738-9989-72b224e45326 - - - - - -] OVN reports status up for port: 6e7c3da3-5989-41a4-b52a-4c879a46a4ec
2026-07-09 00:46:54.124 9 INFO neutron.api.wsgi [None req-dec034fc-5c3e-4f70-b79f-8833f61e5e28 db6676647704402a87f3b9b36e05f5f0 8c8c24342ba642c39db2dae248a819b8 - - default default] 10.0.0.38 "GET /v2.0/ports?device_id=659d43ce-7102-4b6d-bf5a-f7147077863b HTTP/1.1" status: 200 len: 1144 time: 0.0756781 /var/lib/openstack/lib/python3.12/site-packages/pycadf/identifier.py:71: UserWarning: Invalid uuid: neutron. To ensure interoperability, identifiers should be a valid uuid. warnings.warn(('Invalid uuid: %s. To ensure interoperability, '
2026-07-09 00:46:54.140 10 INFO neutron.db.ovn_revision_numbers_db [None req-732a42a9-97c8-4b2c-9c08-365ecf5a38a1 185dc85cd9e94b4fba0f4006de21f85a 56a768beb8124524b4da87efea02286f - - default default] Successfully bumped revision number for resource d6dd2edf-48bc-4c0f-aeac-4aff21e434ad (type: ports) to 1
2026-07-09 00:46:54.190 10 INFO neutron.api.wsgi [None req-732a42a9-97c8-4b2c-9c08-365ecf5a38a1 185dc85cd9e94b4fba0f4006de21f85a 56a768beb8124524b4da87efea02286f - - default default] 10.0.0.38 "POST /v2.0/ports HTTP/1.1" status: 201 len: 1163 time: 0.5271230
2026-07-09 00:46:54.233 10 INFO neutron.api.wsgi [req-8336d2fb-233f-43e4-8416-28382a0411b3 req-5364fc41-451c-4391-bdba-3ba768f06d9f a988b9cbb1a94682bf5b884c0c537762 ce5bf088d9914f6c9fbb3bea26d74e2e - - default default] 10.0.0.31 "GET /v2.0/ports?device_id=b0a0ccb5-376b-4f8d-a540-6ed945adab24 HTTP/1.1" status: 200 len: 1170 time: 0.0687275
2026-07-09 00:46:54.291 10 INFO neutron.api.wsgi [req-8336d2fb-233f-43e4-8416-28382a0411b3 req-2f3e4305-30f4-459e-be89-7dbc23234b5c a988b9cbb1a94682bf5b884c0c537762 ce5bf088d9914f6c9fbb3bea26d74e2e - - default default] 10.0.0.31 "GET /v2.0/security-groups?id=109e1d04-6ebd-4935-b1ab-137632f67b89&fields=id&fields=name HTTP/1.1" status: 200 len: 312 time: 0.0447612
2026-07-09 00:46:54.367 10 WARNING neutron.scheduler.dhcp_agent_scheduler [None req-7b70555b-b702-497d-acfa-f860ca65bb17 c6d2002bfc714fadb03ad7a044055973 ef950a1bcad34ab5bda3cdcb84085a6e - - default default] No more DHCP agents
2026-07-09 00:46:54.369 10 WARNING neutron.api.rpc.agentnotifiers.dhcp_rpc_agent_api [None req-7b70555b-b702-497d-acfa-f860ca65bb17 c6d2002bfc714fadb03ad7a044055973 ef950a1bcad34ab5bda3cdcb84085a6e - - default default] Unable to schedule network c0c9bd91-e1e7-4eaf-8008-8ac8d6e5deec: no agents available; will retry on subsequent port and subnet creation events.
2026-07-09 00:46:54.706 10 INFO neutron.api.wsgi [None req-7b70555b-b702-497d-acfa-f860ca65bb17 c6d2002bfc714fadb03ad7a044055973 ef950a1bcad34ab5bda3cdcb84085a6e - - default default] 10.0.0.38 "POST /v2.0/floatingips HTTP/1.1" status: 201 len: 751 time: 0.6624200
2026-07-09 00:46:54.746 10 INFO neutron.plugins.ml2.drivers.ovn.mech_driver.mech_driver [None req-50801585-4a39-4ab1-8242-c452679e9735 - - - - - -] OVN reports status up for port: d6dd2edf-48bc-4c0f-aeac-4aff21e434ad
2026-07-09 00:46:54.759 9 INFO neutron.db.ovn_revision_numbers_db [None req-d271e5bb-9627-4f31-a903-67616ca61bd1 185dc85cd9e94b4fba0f4006de21f85a 56a768beb8124524b4da87efea02286f - - default default] Successfully bumped revision number for resource d6dd2edf-48bc-4c0f-aeac-4aff21e434ad (type: ports) to 2
2026-07-09 00:46:54.762 10 INFO neutron.plugins.ml2.plugin [None req-50801585-4a39-4ab1-8242-c452679e9735 - - - - - -] Attempt 1 to provision port d6dd2edf-48bc-4c0f-aeac-4aff21e434ad
2026-07-09 00:46:54.771 10 INFO neutron.api.wsgi [None req-d42acf5b-03d7-439b-b6b0-31d9575d813a c6d2002bfc714fadb03ad7a044055973 ef950a1bcad34ab5bda3cdcb84085a6e - - default default] 10.0.0.38 "PUT /v2.0/floatingips/a032e674-1cf4-4cea-96df-224fdc74dc26/tags HTTP/1.1" status: 200 len: 210 time: 0.0568852
2026-07-09 00:46:54.821 10 INFO neutron.api.wsgi [None req-3aec9c59-06bf-4c52-aaf7-62f6cb6ba27c c6d2002bfc714fadb03ad7a044055973 ef950a1bcad34ab5bda3cdcb84085a6e - - default default] 10.0.0.38 "PUT /v2.0/floatingips/04dccc17-3864-439a-879f-9b75e1c33c79/tags HTTP/1.1" status: 200 len: 218 time: 0.0438554
2026-07-09 00:46:54.862 10 INFO neutron.api.wsgi [None req-c524f99b-db75-41d8-bbd0-272e41d083ea c6d2002bfc714fadb03ad7a044055973 ef950a1bcad34ab5bda3cdcb84085a6e - - default default] 10.0.0.38 "PUT /v2.0/floatingips/3813cf12-fcad-408c-9be1-c59c21ec6c23/tags HTTP/1.1" status: 200 len: 227 time: 0.0364189
2026-07-09 00:46:54.928 10 INFO neutron.api.wsgi [None req-1bd958b0-ce0d-4daa-879e-b6aba0228620 c6d2002bfc714fadb03ad7a044055973 ef950a1bcad34ab5bda3cdcb84085a6e - - default default] 10.0.0.38 "PUT /v2.0/floatingips/82f718de-c3f0-47cc-9f3c-6706801d4b53/tags HTTP/1.1" status: 200 len: 212 time: 0.0621419
2026-07-09 00:46:54.973 10 INFO neutron.api.wsgi [None req-34679bb1-cec2-47a2-8e66-bf0a8dc343f2 c6d2002bfc714fadb03ad7a044055973 ef950a1bcad34ab5bda3cdcb84085a6e - - default default] 10.0.0.38 "GET /v2.0/floatingips?tags=red HTTP/1.1" status: 200 len: 1866 time: 0.0401688
2026-07-09 00:46:55.017 10 INFO neutron.api.wsgi [None req-fe400f09-7e16-4a77-9632-0f7c214130b3 c6d2002bfc714fadb03ad7a044055973 ef950a1bcad34ab5bda3cdcb84085a6e - - default default] 10.0.0.38 "GET /v2.0/floatingips?tags=red%2Cblue HTTP/1.1" status: 200 len: 1323 time: 0.0393789 /var/lib/openstack/lib/python3.12/site-packages/pycadf/identifier.py:71: UserWarning: Invalid uuid: neutron. To ensure interoperability, identifiers should be a valid uuid. warnings.warn(('Invalid uuid: %s. To ensure interoperability, '
2026-07-09 00:46:55.065 9 INFO neutron.api.wsgi [None req-70e7f797-43f6-4e3a-8625-84a4ea0b81b8 c6d2002bfc714fadb03ad7a044055973 ef950a1bcad34ab5bda3cdcb84085a6e - - default default] 10.0.0.38 "GET /v2.0/floatingips?tags-any=blue HTTP/1.1" status: 200 len: 1323 time: 0.0415106
2026-07-09 00:46:55.113 10 INFO neutron.api.wsgi [None req-c5b9d071-00d1-4d06-9f05-48a8a7a1cfb3 c6d2002bfc714fadb03ad7a044055973 ef950a1bcad34ab5bda3cdcb84085a6e - - default default] 10.0.0.38 "GET /v2.0/floatingips?tags-any=red%2Cblue HTTP/1.1" status: 200 len: 1866 time: 0.0428660
2026-07-09 00:46:55.189 10 INFO neutron.api.wsgi [None req-cfae7150-0168-4b48-8724-9ace4f09e26c c6d2002bfc714fadb03ad7a044055973 ef950a1bcad34ab5bda3cdcb84085a6e - - default default] 10.0.0.38 "GET /v2.0/floatingips?not-tags=red HTTP/1.1" status: 200 len: 1295 time: 0.0672412
2026-07-09 00:46:55.240 10 INFO neutron.api.wsgi [None req-ae2c023e-af37-4ef1-8283-6ff289970a64 c6d2002bfc714fadb03ad7a044055973 ef950a1bcad34ab5bda3cdcb84085a6e - - default default] 10.0.0.38 "GET /v2.0/floatingips?not-tags=red%2Cblue HTTP/1.1" status: 200 len: 1838 time: 0.0469453
2026-07-09 00:46:55.244 9 INFO neutron.api.wsgi [None req-2d994323-b442-40d2-9208-0d49bfccb051 db6676647704402a87f3b9b36e05f5f0 8c8c24342ba642c39db2dae248a819b8 - - default default] 10.0.0.38 "PUT /v2.0/routers/659d43ce-7102-4b6d-bf5a-f7147077863b/remove_router_interface HTTP/1.1" status: 200 len: 503 time: 1.1151323 /var/lib/openstack/lib/python3.12/site-packages/pycadf/identifier.py:71: UserWarning: Invalid uuid: neutron. To ensure interoperability, identifiers should be a valid uuid. warnings.warn(('Invalid uuid: %s. To ensure interoperability, '
2026-07-09 00:46:55.292 10 INFO neutron.api.wsgi [None req-d995e420-06b5-411c-9d11-d939cd72abcc c6d2002bfc714fadb03ad7a044055973 ef950a1bcad34ab5bda3cdcb84085a6e - - default default] 10.0.0.38 "GET /v2.0/floatingips?not-tags-any=blue HTTP/1.1" status: 200 len: 1838 time: 0.0478473
2026-07-09 00:46:55.315 10 INFO neutron.api.wsgi [None req-20633555-9a0a-4e0a-9285-16cf655a89a3 c6d2002bfc714fadb03ad7a044055973 ef950a1bcad34ab5bda3cdcb84085a6e - - default default] 10.0.0.38 "GET /v2.0/floatingips?not-tags-any=red%2Cblue HTTP/1.1" status: 200 len: 1295 time: 0.0180402
2026-07-09 00:46:55.316 10 INFO neutron.db.ovn_revision_numbers_db [None req-50801585-4a39-4ab1-8242-c452679e9735 - - - - - -] Successfully bumped revision number for resource d6dd2edf-48bc-4c0f-aeac-4aff21e434ad (type: ports) to 3 /var/lib/openstack/lib/python3.12/site-packages/pycadf/identifier.py:71: UserWarning: Invalid uuid: neutron. To ensure interoperability, identifiers should be a valid uuid. warnings.warn(('Invalid uuid: %s. To ensure interoperability, '
2026-07-09 00:46:55.407 9 INFO neutron.api.wsgi [req-e4035eeb-5866-42d4-a0bd-0914d9fbaaa2 req-5a993b77-4721-49bb-a684-5a6cd6a0591b a988b9cbb1a94682bf5b884c0c537762 ce5bf088d9914f6c9fbb3bea26d74e2e - - default default] 10.0.0.31 "GET /v2.0/ports?device_id=b0a0ccb5-376b-4f8d-a540-6ed945adab24 HTTP/1.1" status: 200 len: 1170 time: 0.0473037
2026-07-09 00:46:55.475 9 INFO neutron.api.wsgi [req-e4035eeb-5866-42d4-a0bd-0914d9fbaaa2 req-5bda681c-0e12-434f-aa80-bd587c8859ec a988b9cbb1a94682bf5b884c0c537762 ce5bf088d9914f6c9fbb3bea26d74e2e - - default default] 10.0.0.31 "GET /v2.0/security-groups?id=109e1d04-6ebd-4935-b1ab-137632f67b89&fields=id&fields=name HTTP/1.1" status: 200 len: 312 time: 0.0622971
2026-07-09 00:46:55.533 9 INFO neutron.db.ovn_revision_numbers_db [None req-d271e5bb-9627-4f31-a903-67616ca61bd1 185dc85cd9e94b4fba0f4006de21f85a 56a768beb8124524b4da87efea02286f - - default default] Successfully bumped revision number for resource d6dd2edf-48bc-4c0f-aeac-4aff21e434ad (type: ports) to 3 /var/lib/openstack/lib/python3.12/site-packages/pycadf/identifier.py:71: UserWarning: Invalid uuid: neutron. To ensure interoperability, identifiers should be a valid uuid. warnings.warn(('Invalid uuid: %s. To ensure interoperability, '
2026-07-09 00:46:55.600 9 WARNING neutron.scheduler.dhcp_agent_scheduler [None req-d271e5bb-9627-4f31-a903-67616ca61bd1 185dc85cd9e94b4fba0f4006de21f85a 56a768beb8124524b4da87efea02286f - - default default] No more DHCP agents
2026-07-09 00:46:55.600 10 INFO neutron.api.wsgi [req-56598c4c-81c5-4eba-8c97-16549b480d6e req-473000ae-d530-4e88-be72-6258e247ed03 a988b9cbb1a94682bf5b884c0c537762 ce5bf088d9914f6c9fbb3bea26d74e2e - - default default] 10.0.0.31 "GET /v2.0/ports?device_id=b0a0ccb5-376b-4f8d-a540-6ed945adab24 HTTP/1.1" status: 200 len: 1170 time: 0.0462384
2026-07-09 00:46:55.602 9 WARNING neutron.api.rpc.agentnotifiers.dhcp_rpc_agent_api [None req-d271e5bb-9627-4f31-a903-67616ca61bd1 185dc85cd9e94b4fba0f4006de21f85a 56a768beb8124524b4da87efea02286f - - default default] Unable to schedule network 708c8408-3b6e-4bfb-8673-52858ce5342a: no agents available; will retry on subsequent port and subnet creation events.
2026-07-09 00:46:55.646 10 INFO neutron.api.wsgi [req-56598c4c-81c5-4eba-8c97-16549b480d6e req-e69b6e04-3e3f-4b7b-b6d3-3e2b65a3acb9 a988b9cbb1a94682bf5b884c0c537762 ce5bf088d9914f6c9fbb3bea26d74e2e - - default default] 10.0.0.31 "GET /v2.0/security-groups?id=109e1d04-6ebd-4935-b1ab-137632f67b89&fields=id&fields=name HTTP/1.1" status: 200 len: 312 time: 0.0395150
2026-07-09 00:46:55.703 10 INFO neutron.api.wsgi [None req-5436bf77-c249-448b-b67f-008884105eb8 c6d2002bfc714fadb03ad7a044055973 ef950a1bcad34ab5bda3cdcb84085a6e - - default default] 10.0.0.38 "DELETE /v2.0/floatingips/a032e674-1cf4-4cea-96df-224fdc74dc26 HTTP/1.1" status: 204 len: 168 time: 0.3825319
2026-07-09 00:46:55.733 10 INFO neutron.api.wsgi [None req-0d4a7a23-6bf5-4718-b338-6348148771a6 4362d86dda4346b5a785ba313284256d 1560d7675ca94dc6866124db144487b8 - - default default] 10.0.0.38 "GET /v2.0/ports?device_id=b0a0ccb5-376b-4f8d-a540-6ed945adab24 HTTP/1.1" status: 200 len: 1404 time: 0.0564923
2026-07-09 00:46:55.744 10 WARNING neutron_lib.context [None req-cadfc9dc-1288-42ea-b7b2-06e09819db5f a988b9cbb1a94682bf5b884c0c537762 ce5bf088d9914f6c9fbb3bea26d74e2e - - default default] Method 'is_advsvc' is deprecated since 2023.2 release (neutron-lib 3.8.0) and will be removed once support for the old RBAC API policies will be removed from Neutron. Please use method 'is_service_role' instead.
2026-07-09 00:46:55.819 9 INFO neutron.db.ovn_revision_numbers_db [None req-d271e5bb-9627-4f31-a903-67616ca61bd1 185dc85cd9e94b4fba0f4006de21f85a 56a768beb8124524b4da87efea02286f - - default default] Successfully bumped revision number for resource d6dd2edf-48bc-4c0f-aeac-4aff21e434ad (type: router_ports) to 3
2026-07-09 00:46:55.824 9 INFO neutron.api.wsgi [None req-d271e5bb-9627-4f31-a903-67616ca61bd1 185dc85cd9e94b4fba0f4006de21f85a 56a768beb8124524b4da87efea02286f - - default default] 10.0.0.38 "PUT /v2.0/routers/bc63747c-2ec7-46ec-8dea-d000b470d816/add_router_interface HTTP/1.1" status: 200 len: 503 time: 1.6280637
2026-07-09 00:46:55.888 9 INFO neutron.notifiers.nova [-] Nova event matching ['req-5447fd26-7b0a-4ad3-afab-5f524f977b21'] response: {'server_uuid': 'b0a0ccb5-376b-4f8d-a540-6ed945adab24', 'name': 'network-vif-plugged', 'status': 'completed', 'tag': '1e33ff15-0dd6-4e70-a1cc-028bc8c1c489', 'code': 200}
2026-07-09 00:46:55.944 10 INFO neutron.api.wsgi [None req-5944c8b6-0699-4504-a60f-4bdbd0bd55ff 185dc85cd9e94b4fba0f4006de21f85a 56a768beb8124524b4da87efea02286f - - default default] 10.0.0.38 "GET /v2.0/ports/d6dd2edf-48bc-4c0f-aeac-4aff21e434ad HTTP/1.1" status: 200 len: 1221 time: 0.1125813
2026-07-09 00:46:56.115 10 INFO neutron.api.wsgi [None req-7d9570ab-da8e-490a-b3d1-ccac35c7a542 c6d2002bfc714fadb03ad7a044055973 ef950a1bcad34ab5bda3cdcb84085a6e - - default default] 10.0.0.38 "DELETE /v2.0/floatingips/04dccc17-3864-439a-879f-9b75e1c33c79 HTTP/1.1" status: 204 len: 168 time: 0.4072154
2026-07-09 00:46:56.115 10 WARNING neutron.scheduler.dhcp_agent_scheduler [None req-cadfc9dc-1288-42ea-b7b2-06e09819db5f a988b9cbb1a94682bf5b884c0c537762 ce5bf088d9914f6c9fbb3bea26d74e2e - - default default] No more DHCP agents /var/lib/openstack/lib/python3.12/site-packages/pycadf/identifier.py:71: UserWarning: Invalid uuid: neutron. To ensure interoperability, identifiers should be a valid uuid. warnings.warn(('Invalid uuid: %s. To ensure interoperability, '
2026-07-09 00:46:56.123 10 WARNING neutron.api.rpc.agentnotifiers.dhcp_rpc_agent_api [None req-cadfc9dc-1288-42ea-b7b2-06e09819db5f a988b9cbb1a94682bf5b884c0c537762 ce5bf088d9914f6c9fbb3bea26d74e2e - - default default] Unable to schedule network c0c9bd91-e1e7-4eaf-8008-8ac8d6e5deec: no agents available; will retry on subsequent port and subnet creation events.
2026-07-09 00:46:56.162 9 INFO neutron.api.wsgi [None req-31f04608-069e-44cc-97f2-4b23c1a50774 db6676647704402a87f3b9b36e05f5f0 8c8c24342ba642c39db2dae248a819b8 - - default default] 10.0.0.38 "DELETE /v2.0/routers/659d43ce-7102-4b6d-bf5a-f7147077863b HTTP/1.1" status: 204 len: 168 time: 0.9107630
2026-07-09 00:46:56.277 10 INFO neutron.api.wsgi [None req-9525812a-f214-41d9-9977-afb91b1ec439 db6676647704402a87f3b9b36e05f5f0 8c8c24342ba642c39db2dae248a819b8 - - default default] 10.0.0.38 "GET /v2.0/routers/6c34a825-b8d5-4b37-8b34-4e78e805bba6 HTTP/1.1" status: 200 len: 1137 time: 0.1092672
2026-07-09 00:46:56.890 9 INFO neutron.api.wsgi [None req-695389ee-fb74-4a5b-8ea0-d6b4d4835c74 c6d2002bfc714fadb03ad7a044055973 ef950a1bcad34ab5bda3cdcb84085a6e - - default default] 10.0.0.38 "DELETE /v2.0/floatingips/3813cf12-fcad-408c-9be1-c59c21ec6c23 HTTP/1.1" status: 204 len: 168 time: 0.7690172
2026-07-09 00:46:57.047 9 INFO neutron.api.wsgi [None req-00fa276a-159f-4903-bca8-2aba5cee9ce5 185dc85cd9e94b4fba0f4006de21f85a 56a768beb8124524b4da87efea02286f - - default default] 10.0.0.38 "PUT /v2.0/routers/bc63747c-2ec7-46ec-8dea-d000b470d816/remove_router_interface HTTP/1.1" status: 200 len: 503 time: 1.0969718 /var/lib/openstack/lib/python3.12/site-packages/pycadf/identifier.py:71: UserWarning: Invalid uuid: neutron. To ensure interoperability, identifiers should be a valid uuid. warnings.warn(('Invalid uuid: %s. To ensure interoperability, '
2026-07-09 00:46:57.109 9 INFO neutron.api.v2.resource [None req-beea4f46-3e86-4855-b8f0-74dab7fa9b7d 185dc85cd9e94b4fba0f4006de21f85a 56a768beb8124524b4da87efea02286f - - default default] remove_router_interface failed (client error): The resource could not be found.
2026-07-09 00:46:57.110 9 INFO neutron.api.wsgi [None req-beea4f46-3e86-4855-b8f0-74dab7fa9b7d 185dc85cd9e94b4fba0f4006de21f85a 56a768beb8124524b4da87efea02286f - - default default] 10.0.0.38 "PUT /v2.0/routers/bc63747c-2ec7-46ec-8dea-d000b470d816/remove_router_interface HTTP/1.1" status: 404 len: 398 time: 0.0545785
2026-07-09 00:46:57.148 9 INFO neutron.api.wsgi [None req-2ab5b940-ffbe-45b1-9c5a-f50eb48f86f3 185dc85cd9e94b4fba0f4006de21f85a 56a768beb8124524b4da87efea02286f - - default default] 10.0.0.38 "GET /v2.0/ports?device_id=bc63747c-2ec7-46ec-8dea-d000b470d816 HTTP/1.1" status: 200 len: 205 time: 0.0326462
2026-07-09 00:46:57.363 9 INFO neutron.api.wsgi [None req-71a217e4-7a21-401f-8e38-f202789726eb 185dc85cd9e94b4fba0f4006de21f85a 56a768beb8124524b4da87efea02286f - - default default] 10.0.0.38 "DELETE /v2.0/routers/bc63747c-2ec7-46ec-8dea-d000b470d816 HTTP/1.1" status: 204 len: 168 time: 0.2061992
2026-07-09 00:46:57.425 9 INFO neutron.api.wsgi [None req-12478f0b-2064-4ada-ac82-4ca3991fdf67 c6d2002bfc714fadb03ad7a044055973 ef950a1bcad34ab5bda3cdcb84085a6e - - default default] 10.0.0.38 "DELETE /v2.0/floatingips/82f718de-c3f0-47cc-9f3c-6706801d4b53 HTTP/1.1" status: 204 len: 168 time: 0.5269830
2026-07-09 00:46:57.577 9 INFO neutron.api.wsgi [None req-52185aaf-f596-4325-b568-61fb00ef71db 185dc85cd9e94b4fba0f4006de21f85a 56a768beb8124524b4da87efea02286f - - default default] 10.0.0.38 "DELETE /v2.0/subnets/5e907360-71ee-4641-a26d-82b126d05ffe HTTP/1.1" status: 204 len: 168 time: 0.2072542
2026-07-09 00:46:57.709 10 INFO neutron.db.ovn_revision_numbers_db [None req-cadfc9dc-1288-42ea-b7b2-06e09819db5f a988b9cbb1a94682bf5b884c0c537762 ce5bf088d9914f6c9fbb3bea26d74e2e - - default default] Successfully bumped revision number for resource f10ff936-a8c7-439f-bd52-976dc2ba6a21 (type: floatingips) to -1
2026-07-09 00:46:57.816 10 INFO neutron.db.ovn_revision_numbers_db [None req-ddeec062-97a9-4ca1-9afa-ab23413ca251 db6676647704402a87f3b9b36e05f5f0 8c8c24342ba642c39db2dae248a819b8 - - default default] Successfully bumped revision number for resource 6c34a825-b8d5-4b37-8b34-4e78e805bba6 (type: routers) to 5
2026-07-09 00:46:57.822 10 INFO neutron.api.wsgi [None req-ddeec062-97a9-4ca1-9afa-ab23413ca251 db6676647704402a87f3b9b36e05f5f0 8c8c24342ba642c39db2dae248a819b8 - - default default] 10.0.0.38 "PUT /v2.0/routers/6c34a825-b8d5-4b37-8b34-4e78e805bba6 HTTP/1.1" status: 200 len: 1137 time: 1.5235188 /var/lib/openstack/lib/python3.12/site-packages/pycadf/identifier.py:71: UserWarning: Invalid uuid: neutron. To ensure interoperability, identifiers should be a valid uuid. warnings.warn(('Invalid uuid: %s. To ensure interoperability, '
2026-07-09 00:46:57.859 10 INFO neutron.db.ovn_revision_numbers_db [None req-cadfc9dc-1288-42ea-b7b2-06e09819db5f a988b9cbb1a94682bf5b884c0c537762 ce5bf088d9914f6c9fbb3bea26d74e2e - - default default] Successfully bumped revision number for resource f10ff936-a8c7-439f-bd52-976dc2ba6a21 (type: floatingips) to 1
2026-07-09 00:46:57.860 10 INFO neutron.db.l3_db [None req-cadfc9dc-1288-42ea-b7b2-06e09819db5f a988b9cbb1a94682bf5b884c0c537762 ce5bf088d9914f6c9fbb3bea26d74e2e - - default default] Floating IP f10ff936-a8c7-439f-bd52-976dc2ba6a21 associated. External IP: 10.96.250.216, port: 1e33ff15-0dd6-4e70-a1cc-028bc8c1c489.
2026-07-09 00:46:57.904 10 INFO neutron.api.wsgi [None req-cadfc9dc-1288-42ea-b7b2-06e09819db5f a988b9cbb1a94682bf5b884c0c537762 ce5bf088d9914f6c9fbb3bea26d74e2e - - default default] 10.0.0.38 "POST /v2.0/floatingips HTTP/1.1" status: 201 len: 1054 time: 2.1632166
2026-07-09 00:46:57.921 9 INFO neutron.api.wsgi [None req-e43441c4-a8dd-4663-9e89-a45f0879c74e db6676647704402a87f3b9b36e05f5f0 8c8c24342ba642c39db2dae248a819b8 - - default default] 10.0.0.38 "GET /v2.0/ports?device_id=6c34a825-b8d5-4b37-8b34-4e78e805bba6 HTTP/1.1" status: 200 len: 1144 time: 0.0924423
2026-07-09 00:46:57.944 9 INFO neutron.api.wsgi [None req-ee80d209-ee22-4b37-86c7-c6b241f31527 c6d2002bfc714fadb03ad7a044055973 ef950a1bcad34ab5bda3cdcb84085a6e - - default default] 10.0.0.38 "DELETE /v2.0/floatingips/25ea6509-d21f-4d30-afb6-c70bd650d5eb HTTP/1.1" status: 204 len: 168 time: 0.4897373
2026-07-09 00:46:57.950 10 INFO neutron.notifiers.nova [-] Nova event matching ['req-9a4cfbca-420d-44fe-b1c6-b4133527d20c'] response: {'name': 'network-changed', 'server_uuid': 'b0a0ccb5-376b-4f8d-a540-6ed945adab24', 'tag': '1e33ff15-0dd6-4e70-a1cc-028bc8c1c489', 'status': 'completed', 'code': 200}
2026-07-09 00:46:57.965 10 INFO neutron.api.wsgi [None req-cfe45522-1e24-46e8-ad10-c5739fb06292 a988b9cbb1a94682bf5b884c0c537762 ce5bf088d9914f6c9fbb3bea26d74e2e - - default default] 10.0.0.38 "GET /v2.0/floatingips/f10ff936-a8c7-439f-bd52-976dc2ba6a21 HTTP/1.1" status: 200 len: 1051 time: 0.0452394
2026-07-09 00:46:58.028 9 INFO neutron.services.segments.plugin [-] Segment 9779e60f-0965-420f-ad39-bdb796450f68 resource provider aggregate not found
2026-07-09 00:46:58.031 9 INFO neutron.services.segments.plugin [-] Segment 9779e60f-0965-420f-ad39-bdb796450f68 resource provider aggregate not found
2026-07-09 00:46:58.049 9 INFO neutron.services.segments.plugin [-] Segment 9779e60f-0965-420f-ad39-bdb796450f68 resource provider not found; error: Placement Client Error (4xx): {"errors": [{"status": 404, "title": "Not Found", "detail": "The resource could not be found.\n\n No resource provider with uuid 9779e60f-0965-420f-ad39-bdb796450f68 found for delete ", "request_id": "req-c516a986-2acf-4d04-b2c5-eb1bef40d7eb"}]}
2026-07-09 00:46:58.052 9 INFO neutron.services.segments.plugin [-] Segment 9779e60f-0965-420f-ad39-bdb796450f68 resource provider not found; error: Placement Client Error (4xx): {"errors": [{"status": 404, "title": "Not Found", "detail": "The resource could not be found.\n\n No resource provider with uuid 9779e60f-0965-420f-ad39-bdb796450f68 found for delete ", "request_id": "req-d69c3549-77b5-45e5-acd4-e301c6514c5b"}]}
2026-07-09 00:46:58.066 9 INFO neutron.api.wsgi [None req-5b8ef631-4ce6-4f7f-bf2c-798a4ec02a4e 185dc85cd9e94b4fba0f4006de21f85a 56a768beb8124524b4da87efea02286f - - default default] 10.0.0.38 "DELETE /v2.0/networks/708c8408-3b6e-4bfb-8673-52858ce5342a HTTP/1.1" status: 204 len: 168 time: 0.4831948
2026-07-09 00:46:58.079 10 WARNING neutron_lib.context [None req-db85af7a-15b2-43c6-8133-05b106936604 185dc85cd9e94b4fba0f4006de21f85a 56a768beb8124524b4da87efea02286f - - default default] Method 'is_advsvc' is deprecated since 2023.2 release (neutron-lib 3.8.0) and will be removed once support for the old RBAC API policies will be removed from Neutron. Please use method 'is_service_role' instead.
2026-07-09 00:46:58.181 10 INFO neutron.db.segments_db [None req-db85af7a-15b2-43c6-8133-05b106936604 185dc85cd9e94b4fba0f4006de21f85a 56a768beb8124524b4da87efea02286f - - default default] Added segment 78071f33-26ca-45a6-9fc5-2e9f969896ae of type geneve for network 12f1a367-e987-4b95-b07f-74ae722946d2
2026-07-09 00:46:58.323 10 INFO neutron.db.ovn_revision_numbers_db [None req-db85af7a-15b2-43c6-8133-05b106936604 185dc85cd9e94b4fba0f4006de21f85a 56a768beb8124524b4da87efea02286f - - default default] Successfully bumped revision number for resource 12f1a367-e987-4b95-b07f-74ae722946d2 (type: networks) to 1
2026-07-09 00:46:58.488 10 WARNING neutron.scheduler.dhcp_agent_scheduler [None req-db85af7a-15b2-43c6-8133-05b106936604 185dc85cd9e94b4fba0f4006de21f85a 56a768beb8124524b4da87efea02286f - - default default] No more DHCP agents
2026-07-09 00:46:58.490 10 WARNING neutron.api.rpc.agentnotifiers.dhcp_rpc_agent_api [None req-db85af7a-15b2-43c6-8133-05b106936604 185dc85cd9e94b4fba0f4006de21f85a 56a768beb8124524b4da87efea02286f - - default default] Unable to schedule network 12f1a367-e987-4b95-b07f-74ae722946d2: no agents available; will retry on subsequent port and subnet creation events.
2026-07-09 00:46:58.495 9 INFO neutron.api.wsgi [req-55c1b7d7-e466-4a06-8582-d29fa985ad64 req-e553d961-f974-454a-8f20-77778e8493da d6d4ae095f6a4cc2a76be4e7569ac5dc 3d76cb75425c4c7789b8ea7099232f05 - - a4c9ffe7ac2d4d0d817b6f5e32ccdf77 a4c9ffe7ac2d4d0d817b6f5e32ccdf77] 199.204.45.77 "GET /v2.0/ports?tenant_id=ce5bf088d9914f6c9fbb3bea26d74e2e&device_id=b0a0ccb5-376b-4f8d-a540-6ed945adab24 HTTP/1.1" status: 200 len: 1409 time: 0.0354166
2026-07-09 00:46:58.561 9 INFO neutron.api.wsgi [req-55c1b7d7-e466-4a06-8582-d29fa985ad64 req-099ce988-3975-48de-8a42-8c950498dde8 d6d4ae095f6a4cc2a76be4e7569ac5dc 3d76cb75425c4c7789b8ea7099232f05 - - a4c9ffe7ac2d4d0d817b6f5e32ccdf77 a4c9ffe7ac2d4d0d817b6f5e32ccdf77] 199.204.45.77 "GET /v2.0/networks?id=44cd0316-c61e-4b6b-8372-07808f60004c HTTP/1.1" status: 200 len: 958 time: 0.0586181
2026-07-09 00:46:58.569 10 INFO neutron.db.ovn_revision_numbers_db [None req-db85af7a-15b2-43c6-8133-05b106936604 185dc85cd9e94b4fba0f4006de21f85a 56a768beb8124524b4da87efea02286f - - default default] Successfully bumped revision number for resource 449c78dc-71db-4219-9f7b-4d625cb01bd6 (type: ports) to 1
2026-07-09 00:46:58.598 10 INFO neutron.api.wsgi [None req-db85af7a-15b2-43c6-8133-05b106936604 185dc85cd9e94b4fba0f4006de21f85a 56a768beb8124524b4da87efea02286f - - default default] 10.0.0.38 "POST /v2.0/networks HTTP/1.1" status: 201 len: 833 time: 0.5242627
2026-07-09 00:46:58.605 9 INFO neutron.api.wsgi [req-55c1b7d7-e466-4a06-8582-d29fa985ad64 req-321824d2-ffce-44a5-a693-060386b42f42 d6d4ae095f6a4cc2a76be4e7569ac5dc 3d76cb75425c4c7789b8ea7099232f05 - - a4c9ffe7ac2d4d0d817b6f5e32ccdf77 a4c9ffe7ac2d4d0d817b6f5e32ccdf77] 199.204.45.77 "GET /v2.0/floatingips?fixed_ip_address=10.100.0.7&port_id=1e33ff15-0dd6-4e70-a1cc-028bc8c1c489 HTTP/1.1" status: 200 len: 1059 time: 0.0384216
2026-07-09 00:46:58.617 9 WARNING neutron_lib.context [None req-e3186e6e-d5ee-48f2-ab2a-099c843fc7b6 185dc85cd9e94b4fba0f4006de21f85a 56a768beb8124524b4da87efea02286f - - default default] Method 'is_advsvc' is deprecated since 2023.2 release (neutron-lib 3.8.0) and will be removed once support for the old RBAC API policies will be removed from Neutron. Please use method 'is_service_role' instead.
2026-07-09 00:46:58.668 9 INFO neutron.api.wsgi [req-55c1b7d7-e466-4a06-8582-d29fa985ad64 req-ae09cd30-0de4-48e1-a520-227ee8428591 d6d4ae095f6a4cc2a76be4e7569ac5dc 3d76cb75425c4c7789b8ea7099232f05 - - a4c9ffe7ac2d4d0d817b6f5e32ccdf77 a4c9ffe7ac2d4d0d817b6f5e32ccdf77] 199.204.45.77 "GET /v2.0/subnets?id=549b38fa-8fd8-4210-a94b-40a72c5dbafd HTTP/1.1" status: 200 len: 876 time: 0.0490670
2026-07-09 00:46:58.699 9 INFO neutron.api.wsgi [req-55c1b7d7-e466-4a06-8582-d29fa985ad64 req-5dca34af-c5a4-4cc4-9b04-219c9ccdef01 d6d4ae095f6a4cc2a76be4e7569ac5dc 3d76cb75425c4c7789b8ea7099232f05 - - a4c9ffe7ac2d4d0d817b6f5e32ccdf77 a4c9ffe7ac2d4d0d817b6f5e32ccdf77] 199.204.45.77 "GET /v2.0/ports?network_id=44cd0316-c61e-4b6b-8372-07808f60004c&device_owner=network%3Adhcp HTTP/1.1" status: 200 len: 210 time: 0.0254159
2026-07-09 00:46:58.783 9 INFO neutron.api.wsgi [req-55c1b7d7-e466-4a06-8582-d29fa985ad64 req-3a114032-fbb4-4e81-8f34-47d88c720d46 d6d4ae095f6a4cc2a76be4e7569ac5dc 3d76cb75425c4c7789b8ea7099232f05 - - a4c9ffe7ac2d4d0d817b6f5e32ccdf77 a4c9ffe7ac2d4d0d817b6f5e32ccdf77] 199.204.45.77 "GET /v2.0/networks/44cd0316-c61e-4b6b-8372-07808f60004c?fields=segments HTTP/1.1" status: 200 len: 212 time: 0.0715010
2026-07-09 00:46:58.878 9 INFO neutron.api.wsgi [req-55c1b7d7-e466-4a06-8582-d29fa985ad64 req-ce629a63-87e4-4966-8873-9110fde6f2ad d6d4ae095f6a4cc2a76be4e7569ac5dc 3d76cb75425c4c7789b8ea7099232f05 - - a4c9ffe7ac2d4d0d817b6f5e32ccdf77 a4c9ffe7ac2d4d0d817b6f5e32ccdf77] 199.204.45.77 "GET /v2.0/networks/44cd0316-c61e-4b6b-8372-07808f60004c?fields=provider%3Aphysical_network&fields=provider%3Anetwork_type HTTP/1.1" status: 200 len: 277 time: 0.0878160
2026-07-09 00:46:58.996 9 INFO neutron.api.wsgi [None req-38e5fa95-96e6-4fa2-a70a-41e42ea5c7e0 db6676647704402a87f3b9b36e05f5f0 8c8c24342ba642c39db2dae248a819b8 - - default default] 10.0.0.38 "PUT /v2.0/routers/6c34a825-b8d5-4b37-8b34-4e78e805bba6/remove_router_interface HTTP/1.1" status: 200 len: 503 time: 1.0640719
2026-07-09 00:46:59.003 9 WARNING neutron.scheduler.dhcp_agent_scheduler [None req-e3186e6e-d5ee-48f2-ab2a-099c843fc7b6 185dc85cd9e94b4fba0f4006de21f85a 56a768beb8124524b4da87efea02286f - - default default] No more DHCP agents
2026-07-09 00:46:59.004 9 WARNING neutron.api.rpc.agentnotifiers.dhcp_rpc_agent_api [None req-e3186e6e-d5ee-48f2-ab2a-099c843fc7b6 185dc85cd9e94b4fba0f4006de21f85a 56a768beb8124524b4da87efea02286f - - default default] Unable to schedule network 12f1a367-e987-4b95-b07f-74ae722946d2: no agents available; will retry on subsequent port and subnet creation events.
2026-07-09 00:46:59.035 9 INFO neutron.db.ovn_revision_numbers_db [None req-e3186e6e-d5ee-48f2-ab2a-099c843fc7b6 185dc85cd9e94b4fba0f4006de21f85a 56a768beb8124524b4da87efea02286f - - default default] Successfully bumped revision number for resource a4814f58-b7ee-45e2-b67e-890206c613d9 (type: subnets) to 0
2026-07-09 00:46:59.055 9 INFO neutron.api.wsgi [None req-e3186e6e-d5ee-48f2-ab2a-099c843fc7b6 185dc85cd9e94b4fba0f4006de21f85a 56a768beb8124524b4da87efea02286f - - default default] 10.0.0.38 "POST /v2.0/subnets HTTP/1.1" status: 201 len: 845 time: 0.4475689 /var/lib/openstack/lib/python3.12/site-packages/pycadf/identifier.py:71: UserWarning: Invalid uuid: neutron. To ensure interoperability, identifiers should be a valid uuid. warnings.warn(('Invalid uuid: %s. To ensure interoperability, '
2026-07-09 00:46:59.070 9 WARNING neutron_lib.context [None req-4a6c499f-3bde-4719-a4bc-279fd4f9bea4 185dc85cd9e94b4fba0f4006de21f85a 56a768beb8124524b4da87efea02286f - - default default] Method 'is_advsvc' is deprecated since 2023.2 release (neutron-lib 3.8.0) and will be removed once support for the old RBAC API policies will be removed from Neutron. Please use method 'is_service_role' instead.
2026-07-09 00:46:59.145 10 INFO neutron.db.ovn_revision_numbers_db [None req-0ce28e0c-dc38-4018-902b-ff93c6c13652 21194a289b77496faff67688a8fd7b4b f3cf2f2864f8488f9ee1f2769b181541 - - default default] Successfully bumped revision number for resource 7563f03b-21f6-4242-8b5d-6d233576f58a (type: security_groups) to 1
2026-07-09 00:46:59.180 10 INFO neutron.db.ovn_revision_numbers_db [None req-0ce28e0c-dc38-4018-902b-ff93c6c13652 21194a289b77496faff67688a8fd7b4b f3cf2f2864f8488f9ee1f2769b181541 - - default default] Successfully bumped revision number for resource 1ff8d91b-4773-4229-a2b2-9108f66341ba (type: security_group_rules) to 0
2026-07-09 00:46:59.197 9 INFO neutron.db.ovn_revision_numbers_db [None req-4a6c499f-3bde-4719-a4bc-279fd4f9bea4 185dc85cd9e94b4fba0f4006de21f85a 56a768beb8124524b4da87efea02286f - - default default] Successfully bumped revision number for resource acc4d34a-7cd3-48fb-b1e4-0ec3ed4a48c1 (type: routers) to 1
2026-07-09 00:46:59.206 10 INFO neutron.db.ovn_revision_numbers_db [None req-0ce28e0c-dc38-4018-902b-ff93c6c13652 21194a289b77496faff67688a8fd7b4b f3cf2f2864f8488f9ee1f2769b181541 - - default default] Successfully bumped revision number for resource 30cbe861-b074-462d-920e-8fb6c8f5275b (type: security_group_rules) to 0
2026-07-09 00:46:59.212 9 INFO neutron.api.wsgi [None req-4a6c499f-3bde-4719-a4bc-279fd4f9bea4 185dc85cd9e94b4fba0f4006de21f85a 56a768beb8124524b4da87efea02286f - - default default] 10.0.0.38 "POST /v2.0/routers HTTP/1.1" status: 201 len: 806 time: 0.1500735
2026-07-09 00:46:59.240 10 INFO neutron.db.ovn_revision_numbers_db [None req-0ce28e0c-dc38-4018-902b-ff93c6c13652 21194a289b77496faff67688a8fd7b4b f3cf2f2864f8488f9ee1f2769b181541 - - default default] Successfully bumped revision number for resource b5ab3c3a-489c-4b09-8efa-80a01221fb63 (type: security_group_rules) to 0
2026-07-09 00:46:59.263 10 INFO neutron.db.ovn_revision_numbers_db [None req-0ce28e0c-dc38-4018-902b-ff93c6c13652 21194a289b77496faff67688a8fd7b4b f3cf2f2864f8488f9ee1f2769b181541 - - default default] Successfully bumped revision number for resource e321ec7e-80a4-4725-a757-300a285e3b5d (type: security_group_rules) to 0
2026-07-09 00:46:59.311 10 INFO neutron.api.wsgi [None req-0ce28e0c-dc38-4018-902b-ff93c6c13652 21194a289b77496faff67688a8fd7b4b f3cf2f2864f8488f9ee1f2769b181541 - - default default] 10.0.0.38 "GET /v2.0/security-groups?tenant_id=ef950a1bcad34ab5bda3cdcb84085a6e&name=default HTTP/1.1" status: 200 len: 3120 time: 0.5062678
2026-07-09 00:46:59.600 9 INFO neutron.api.wsgi [None req-26ac4e97-2cc6-4309-939b-d0f445dc56c2 21194a289b77496faff67688a8fd7b4b f3cf2f2864f8488f9ee1f2769b181541 - - default default] 10.0.0.38 "DELETE /v2.0/security-groups/7563f03b-21f6-4242-8b5d-6d233576f58a HTTP/1.1" status: 204 len: 168 time: 0.2825158
2026-07-09 00:46:59.620 9 WARNING neutron.scheduler.dhcp_agent_scheduler [None req-a8ce4805-1461-498d-bde7-27b7742f4562 185dc85cd9e94b4fba0f4006de21f85a 56a768beb8124524b4da87efea02286f - - default default] No more DHCP agents
2026-07-09 00:46:59.622 9 WARNING neutron.api.rpc.agentnotifiers.dhcp_rpc_agent_api [None req-a8ce4805-1461-498d-bde7-27b7742f4562 185dc85cd9e94b4fba0f4006de21f85a 56a768beb8124524b4da87efea02286f - - default default] Unable to schedule network 12f1a367-e987-4b95-b07f-74ae722946d2: no agents available; will retry on subsequent port and subnet creation events.
2026-07-09 00:46:59.689 10 INFO neutron.api.wsgi [None req-904c1e0a-d555-49b2-9ad9-67ce07cc9fd5 db6676647704402a87f3b9b36e05f5f0 8c8c24342ba642c39db2dae248a819b8 - - default default] 10.0.0.38 "DELETE /v2.0/routers/6c34a825-b8d5-4b37-8b34-4e78e805bba6 HTTP/1.1" status: 204 len: 168 time: 0.6872003
2026-07-09 00:46:59.711 9 INFO neutron.api.v2.resource [None req-4b996be1-1cbd-469c-b301-1b7464d18357 db6676647704402a87f3b9b36e05f5f0 8c8c24342ba642c39db2dae248a819b8 - - default default] show failed (client error): The resource could not be found.
2026-07-09 00:46:59.712 9 INFO neutron.api.wsgi [None req-4b996be1-1cbd-469c-b301-1b7464d18357 db6676647704402a87f3b9b36e05f5f0 8c8c24342ba642c39db2dae248a819b8 - - default default] 10.0.0.38 "GET /v2.0/routers/7aa2c248-376f-46af-80f3-c677097fa3d3 HTTP/1.1" status: 404 len: 336 time: 0.0182724
2026-07-09 00:46:59.728 9 INFO neutron.db.ovn_revision_numbers_db [None req-a8ce4805-1461-498d-bde7-27b7742f4562 185dc85cd9e94b4fba0f4006de21f85a 56a768beb8124524b4da87efea02286f - - default default] Successfully bumped revision number for resource a923952f-f6a5-4180-8c7b-bab853d75ee5 (type: ports) to 1
2026-07-09 00:46:59.833 10 INFO neutron.db.ovn_revision_numbers_db [None req-2ee77c52-f4d1-4878-9e2f-0dd54582cf82 21194a289b77496faff67688a8fd7b4b f3cf2f2864f8488f9ee1f2769b181541 - - default default] Successfully bumped revision number for resource 206a02d9-01a9-4b7c-852e-af264cdee865 (type: security_groups) to 1
2026-07-09 00:46:59.850 10 INFO neutron.db.ovn_revision_numbers_db [None req-2ee77c52-f4d1-4878-9e2f-0dd54582cf82 21194a289b77496faff67688a8fd7b4b f3cf2f2864f8488f9ee1f2769b181541 - - default default] Successfully bumped revision number for resource 32c7d484-b07a-4d8b-8080-c464716ea5b8 (type: security_group_rules) to 0
2026-07-09 00:46:59.869 10 INFO neutron.db.ovn_revision_numbers_db [None req-2ee77c52-f4d1-4878-9e2f-0dd54582cf82 21194a289b77496faff67688a8fd7b4b f3cf2f2864f8488f9ee1f2769b181541 - - default default] Successfully bumped revision number for resource 8851db4c-9334-44c5-af00-c94e0b2418d0 (type: security_group_rules) to 0
2026-07-09 00:46:59.885 10 INFO neutron.db.ovn_revision_numbers_db [None req-2ee77c52-f4d1-4878-9e2f-0dd54582cf82 21194a289b77496faff67688a8fd7b4b f3cf2f2864f8488f9ee1f2769b181541 - - default default] Successfully bumped revision number for resource 90c82f97-1aa7-4439-ac4a-d790ea7c6c3d (type: security_group_rules) to 0
2026-07-09 00:46:59.901 10 INFO neutron.db.ovn_revision_numbers_db [None req-2ee77c52-f4d1-4878-9e2f-0dd54582cf82 21194a289b77496faff67688a8fd7b4b f3cf2f2864f8488f9ee1f2769b181541 - - default default] Successfully bumped revision number for resource e0c88b2c-ad3b-4349-a285-eeafbdef03d1 (type: security_group_rules) to 0
2026-07-09 00:46:59.947 9 INFO neutron.api.wsgi [None req-a3799e31-1ad3-4ab5-bcfd-ec7b691c1a43 db6676647704402a87f3b9b36e05f5f0 8c8c24342ba642c39db2dae248a819b8 - - default default] 10.0.0.38 "DELETE /v2.0/subnets/01090cca-a87a-4a32-8af0-bd8007bb7eda HTTP/1.1" status: 204 len: 168 time: 0.2273636
2026-07-09 00:46:59.952 10 INFO neutron.api.wsgi [None req-2ee77c52-f4d1-4878-9e2f-0dd54582cf82 21194a289b77496faff67688a8fd7b4b f3cf2f2864f8488f9ee1f2769b181541 - - default default] 10.0.0.38 "GET /v2.0/security-groups?tenant_id=cd75f38dc94644988834cf23ca0c3fd8&name=default HTTP/1.1" status: 200 len: 3120 time: 0.2504151
2026-07-09 00:47:00.166 10 INFO neutron.api.wsgi [None req-d0bbf7df-6c9a-4b31-82d7-0215f94aaa27 db6676647704402a87f3b9b36e05f5f0 8c8c24342ba642c39db2dae248a819b8 - - default default] 10.0.0.38 "DELETE /v2.0/subnets/51b7a7b8-99d2-46e2-898a-1ed6bdda20c7 HTTP/1.1" status: 204 len: 168 time: 0.2103508
2026-07-09 00:47:00.242 10 INFO neutron.api.wsgi [None req-1c1cfcc1-5c61-4f07-9d9a-dd2c576a6fa4 21194a289b77496faff67688a8fd7b4b f3cf2f2864f8488f9ee1f2769b181541 - - default default] 10.0.0.38 "DELETE /v2.0/security-groups/206a02d9-01a9-4b7c-852e-af264cdee865 HTTP/1.1" status: 204 len: 168 time: 0.2811656
2026-07-09 00:47:00.273 9 INFO neutron.db.ovn_revision_numbers_db [None req-a8ce4805-1461-498d-bde7-27b7742f4562 185dc85cd9e94b4fba0f4006de21f85a 56a768beb8124524b4da87efea02286f - - default default] Successfully bumped revision number for resource a923952f-f6a5-4180-8c7b-bab853d75ee5 (type: ports) to 1
2026-07-09 00:47:00.321 10 WARNING neutron.plugins.ml2.drivers.ovn.mech_driver.ovsdb.ovn_client [None req-24d97bbf-6e48-4a04-9d01-4cbc21b4ab0d - - - - - -] No port found with ID d6dd2edf-48bc-4c0f-aeac-4aff21e434ad: RuntimeError: No port found with ID d6dd2edf-48bc-4c0f-aeac-4aff21e434ad
2026-07-09 00:47:00.328 10 INFO neutron.plugins.ml2.drivers.ovn.mech_driver.mech_driver [None req-24d97bbf-6e48-4a04-9d01-4cbc21b4ab0d - - - - - -] OVN reports status up for port: a923952f-f6a5-4180-8c7b-bab853d75ee5
2026-07-09 00:47:00.330 9 WARNING neutron.scheduler.dhcp_agent_scheduler [None req-a8ce4805-1461-498d-bde7-27b7742f4562 185dc85cd9e94b4fba0f4006de21f85a 56a768beb8124524b4da87efea02286f - - default default] No more DHCP agents
2026-07-09 00:47:00.331 9 WARNING neutron.api.rpc.agentnotifiers.dhcp_rpc_agent_api [None req-a8ce4805-1461-498d-bde7-27b7742f4562 185dc85cd9e94b4fba0f4006de21f85a 56a768beb8124524b4da87efea02286f - - default default] Unable to schedule network 12f1a367-e987-4b95-b07f-74ae722946d2: no agents available; will retry on subsequent port and subnet creation events.
2026-07-09 00:47:00.338 10 INFO neutron.plugins.ml2.plugin [None req-24d97bbf-6e48-4a04-9d01-4cbc21b4ab0d - - - - - -] Attempt 1 to provision port a923952f-f6a5-4180-8c7b-bab853d75ee5
2026-07-09 00:47:00.406 10 INFO neutron.api.wsgi [None req-0b32a846-73d7-4d4d-a8ce-cb5f4c8d7807 db6676647704402a87f3b9b36e05f5f0 8c8c24342ba642c39db2dae248a819b8 - - default default] 10.0.0.38 "DELETE /v2.0/subnets/91fefc5f-ab0e-4ef4-8aee-4e441e57cfc2 HTTP/1.1" status: 204 len: 168 time: 0.2323477
2026-07-09 00:47:00.435 10 INFO neutron.pecan_wsgi.hooks.translation [None req-d170be0e-6bc2-4fc4-8769-b4ead31996bf db6676647704402a87f3b9b36e05f5f0 8c8c24342ba642c39db2dae248a819b8 - - default default] DELETE failed (client error): The resource could not be found.
2026-07-09 00:47:00.438 10 INFO neutron.api.wsgi [None req-d170be0e-6bc2-4fc4-8769-b4ead31996bf db6676647704402a87f3b9b36e05f5f0 8c8c24342ba642c39db2dae248a819b8 - - default default] 10.0.0.38 "DELETE /v2.0/subnets/58937979-f742-4655-a8f6-75e75365da3d HTTP/1.1" status: 404 len: 337 time: 0.0266132
2026-07-09 00:47:00.529 9 INFO neutron.db.ovn_revision_numbers_db [None req-a8ce4805-1461-498d-bde7-27b7742f4562 185dc85cd9e94b4fba0f4006de21f85a 56a768beb8124524b4da87efea02286f - - default default] Successfully bumped revision number for resource a923952f-f6a5-4180-8c7b-bab853d75ee5 (type: router_ports) to 1
2026-07-09 00:47:00.536 9 INFO neutron.api.wsgi [None req-a8ce4805-1461-498d-bde7-27b7742f4562 185dc85cd9e94b4fba0f4006de21f85a 56a768beb8124524b4da87efea02286f - - default default] 10.0.0.38 "PUT /v2.0/routers/acc4d34a-7cd3-48fb-b1e4-0ec3ed4a48c1/add_router_interface HTTP/1.1" status: 200 len: 503 time: 1.3176448
2026-07-09 00:47:00.588 9 INFO neutron.api.wsgi [None req-10dd29a4-d03b-4503-99d0-bae209295615 185dc85cd9e94b4fba0f4006de21f85a 56a768beb8124524b4da87efea02286f - - default default] 10.0.0.38 "GET /v2.0/ports/a923952f-f6a5-4180-8c7b-bab853d75ee5 HTTP/1.1" status: 200 len: 1141 time: 0.0460405
2026-07-09 00:47:00.615 10 INFO neutron.db.ovn_revision_numbers_db [None req-1eeedaca-8717-499a-8a9a-58e4b0e5bf4b 21194a289b77496faff67688a8fd7b4b f3cf2f2864f8488f9ee1f2769b181541 - - default default] Successfully bumped revision number for resource 77a1dec4-30c6-47c2-b081-a8578e11f363 (type: security_groups) to 1
2026-07-09 00:47:00.662 10 INFO neutron.db.ovn_revision_numbers_db [None req-1eeedaca-8717-499a-8a9a-58e4b0e5bf4b 21194a289b77496faff67688a8fd7b4b f3cf2f2864f8488f9ee1f2769b181541 - - default default] Successfully bumped revision number for resource 13eb85e2-14d1-42ce-bcbc-23639bf5f5a5 (type: security_group_rules) to 0
2026-07-09 00:47:00.674 9 INFO neutron.api.wsgi [None req-ecfd5c4e-5163-468d-b358-9e103aa9c28b 185dc85cd9e94b4fba0f4006de21f85a 56a768beb8124524b4da87efea02286f - - default default] 10.0.0.38 "GET /v2.0/ports/a923952f-f6a5-4180-8c7b-bab853d75ee5 HTTP/1.1" status: 200 len: 1141 time: 0.0782726
2026-07-09 00:47:00.688 10 INFO neutron.db.ovn_revision_numbers_db [None req-1eeedaca-8717-499a-8a9a-58e4b0e5bf4b 21194a289b77496faff67688a8fd7b4b f3cf2f2864f8488f9ee1f2769b181541 - - default default] Successfully bumped revision number for resource 1942dfac-d909-4022-9a25-8fa888e2078b (type: security_group_rules) to 0
2026-07-09 00:47:00.708 10 INFO neutron.db.ovn_revision_numbers_db [None req-1eeedaca-8717-499a-8a9a-58e4b0e5bf4b 21194a289b77496faff67688a8fd7b4b f3cf2f2864f8488f9ee1f2769b181541 - - default default] Successfully bumped revision number for resource 8f7b4453-a0c7-4cab-b86f-2aef794ca864 (type: security_group_rules) to 0
2026-07-09 00:47:00.724 10 INFO neutron.db.ovn_revision_numbers_db [None req-1eeedaca-8717-499a-8a9a-58e4b0e5bf4b 21194a289b77496faff67688a8fd7b4b f3cf2f2864f8488f9ee1f2769b181541 - - default default] Successfully bumped revision number for resource b4db6d93-f07d-4ba1-a3fc-c52b31b6650a (type: security_group_rules) to 0
2026-07-09 00:47:00.771 10 INFO neutron.api.wsgi [None req-1eeedaca-8717-499a-8a9a-58e4b0e5bf4b 21194a289b77496faff67688a8fd7b4b f3cf2f2864f8488f9ee1f2769b181541 - - default default] 10.0.0.38 "GET /v2.0/security-groups?tenant_id=a500854276674400be1be507175ca92f&name=default HTTP/1.1" status: 200 len: 3120 time: 0.3777440
2026-07-09 00:47:00.854 10 INFO neutron.db.ovn_revision_numbers_db [None req-24d97bbf-6e48-4a04-9d01-4cbc21b4ab0d - - - - - -] Successfully bumped revision number for resource a923952f-f6a5-4180-8c7b-bab853d75ee5 (type: ports) to 2
2026-07-09 00:47:00.951 9 INFO neutron.services.segments.plugin [-] Segment 3550dfe7-57ad-497e-9468-c682cd98b243 resource provider aggregate not found
2026-07-09 00:47:00.958 9 INFO neutron.services.segments.plugin [-] Segment 3550dfe7-57ad-497e-9468-c682cd98b243 resource provider aggregate not found
2026-07-09 00:47:00.967 9 INFO neutron.services.segments.plugin [-] Segment 3550dfe7-57ad-497e-9468-c682cd98b243 resource provider not found; error: Placement Client Error (4xx): {"errors": [{"status": 404, "title": "Not Found", "detail": "The resource could not be found.\n\n No resource provider with uuid 3550dfe7-57ad-497e-9468-c682cd98b243 found for delete ", "request_id": "req-dc721c14-e60f-48fc-b251-b75c1f3c4f7f"}]}
2026-07-09 00:47:00.977 9 INFO neutron.services.segments.plugin [-] Segment 3550dfe7-57ad-497e-9468-c682cd98b243 resource provider not found; error: Placement Client Error (4xx): {"errors": [{"status": 404, "title": "Not Found", "detail": "The resource could not be found.\n\n No resource provider with uuid 3550dfe7-57ad-497e-9468-c682cd98b243 found for delete ", "request_id": "req-e0bc6bcb-be61-433b-94a4-3a8f80ce1041"}]}
2026-07-09 00:47:01.016 9 INFO neutron.api.wsgi [None req-673c747d-7329-4766-add8-7872bb4c6adb db6676647704402a87f3b9b36e05f5f0 8c8c24342ba642c39db2dae248a819b8 - - default default] 10.0.0.38 "DELETE /v2.0/networks/214960d0-3525-497e-8d44-b5583a6d4eb3 HTTP/1.1" status: 204 len: 168 time: 0.5688264
2026-07-09 00:47:01.070 9 INFO neutron.api.wsgi [None req-a033a791-90c1-4501-8593-a2a52c4937e4 21194a289b77496faff67688a8fd7b4b f3cf2f2864f8488f9ee1f2769b181541 - - default default] 10.0.0.38 "DELETE /v2.0/security-groups/77a1dec4-30c6-47c2-b081-a8578e11f363 HTTP/1.1" status: 204 len: 168 time: 0.2922454
2026-07-09 00:47:01.413 9 INFO neutron.api.wsgi [None req-1d8db669-9d3c-4a59-ae9c-2e67cac71320 185dc85cd9e94b4fba0f4006de21f85a 56a768beb8124524b4da87efea02286f - - default default] 10.0.0.38 "PUT /v2.0/routers/acc4d34a-7cd3-48fb-b1e4-0ec3ed4a48c1/remove_router_interface HTTP/1.1" status: 200 len: 503 time: 0.7311625
2026-07-09 00:47:01.426 10 INFO neutron.services.segments.plugin [-] Segment 98d404e8-0c4f-4648-beea-112ae3969469 resource provider aggregate not found
2026-07-09 00:47:01.430 10 INFO neutron.services.segments.plugin [-] Segment 98d404e8-0c4f-4648-beea-112ae3969469 resource provider aggregate not found
2026-07-09 00:47:01.442 10 INFO neutron.services.segments.plugin [-] Segment 98d404e8-0c4f-4648-beea-112ae3969469 resource provider not found; error: Placement Client Error (4xx): {"errors": [{"status": 404, "title": "Not Found", "detail": "The resource could not be found.\n\n No resource provider with uuid 98d404e8-0c4f-4648-beea-112ae3969469 found for delete ", "request_id": "req-f9108b50-e67a-4bb9-896b-bd71001c0ff7"}]}
2026-07-09 00:47:01.445 10 INFO neutron.api.wsgi [None req-2ef02b6a-b591-4d0b-b7c3-2b7d6165fb90 185dc85cd9e94b4fba0f4006de21f85a 56a768beb8124524b4da87efea02286f - - default default] 10.0.0.38 "GET /v2.0/ports?device_id=acc4d34a-7cd3-48fb-b1e4-0ec3ed4a48c1 HTTP/1.1" status: 200 len: 205 time: 0.0279868
2026-07-09 00:47:01.446 10 INFO neutron.services.segments.plugin [-] Segment 98d404e8-0c4f-4648-beea-112ae3969469 resource provider not found; error: Placement Client Error (4xx): {"errors": [{"status": 404, "title": "Not Found", "detail": "The resource could not be found.\n\n No resource provider with uuid 98d404e8-0c4f-4648-beea-112ae3969469 found for delete ", "request_id": "req-e764d7d2-158e-412a-97e9-6b5a2fc0000f"}]}
2026-07-09 00:47:01.494 10 INFO neutron.api.wsgi [None req-c4c877c4-13d8-4370-9993-157a15b347b8 db6676647704402a87f3b9b36e05f5f0 8c8c24342ba642c39db2dae248a819b8 - - default default] 10.0.0.38 "DELETE /v2.0/networks/8391607a-e908-4d37-a85a-26046a0bc09c HTTP/1.1" status: 204 len: 168 time: 0.4719849
2026-07-09 00:47:01.494 9 INFO neutron.api.wsgi [-] 10.0.0.239 "GET / HTTP/1.1" status: 200 len: 247 time: 0.0041697
2026-07-09 00:47:01.499 9 INFO neutron.api.wsgi [-] 10.0.0.239 "GET / HTTP/1.1" status: 200 len: 247 time: 0.0026672 /var/lib/openstack/lib/python3.12/site-packages/pycadf/identifier.py:71: UserWarning: Invalid uuid: neutron. To ensure interoperability, identifiers should be a valid uuid. warnings.warn(('Invalid uuid: %s. To ensure interoperability, '
2026-07-09 00:47:01.640 10 INFO neutron.api.wsgi [None req-b30c33b2-2bc3-4397-8ef2-e188118b17c7 185dc85cd9e94b4fba0f4006de21f85a 56a768beb8124524b4da87efea02286f - - default default] 10.0.0.38 "DELETE /v2.0/routers/acc4d34a-7cd3-48fb-b1e4-0ec3ed4a48c1 HTTP/1.1" status: 204 len: 168 time: 0.1896958
2026-07-09 00:47:01.797 10 INFO neutron.api.wsgi [None req-fb0cffd4-fd48-43c9-a745-399a340b2d38 185dc85cd9e94b4fba0f4006de21f85a 56a768beb8124524b4da87efea02286f - - default default] 10.0.0.38 "DELETE /v2.0/subnets/a4814f58-b7ee-45e2-b67e-890206c613d9 HTTP/1.1" status: 204 len: 168 time: 0.1510687
2026-07-09 00:47:01.889 9 INFO neutron.api.wsgi [None req-01c5877e-242a-4974-8bd8-584af884b552 db6676647704402a87f3b9b36e05f5f0 8c8c24342ba642c39db2dae248a819b8 - - default default] 10.0.0.38 "DELETE /v2.0/networks/6c05307b-223c-4150-9615-04fd38c8abe8 HTTP/1.1" status: 204 len: 168 time: 0.3897407
2026-07-09 00:47:01.907 10 INFO neutron.pecan_wsgi.hooks.translation [None req-52e22bd5-a7a3-49c4-b98d-71658015a36b db6676647704402a87f3b9b36e05f5f0 8c8c24342ba642c39db2dae248a819b8 - - default default] DELETE failed (client error): The resource could not be found.
2026-07-09 00:47:01.909 10 INFO neutron.api.wsgi [None req-52e22bd5-a7a3-49c4-b98d-71658015a36b db6676647704402a87f3b9b36e05f5f0 8c8c24342ba642c39db2dae248a819b8 - - default default] 10.0.0.38 "DELETE /v2.0/networks/f59d0389-958d-4f91-a4c1-588e56b47194 HTTP/1.1" status: 404 len: 339 time: 0.0143781
