2026-07-09 00:47:09.831 9 WARNING neutron_lib.context [None req-0125fa88-54d5-4bbe-899b-26eb8ee83c5c 12e2f43982d24fcebb850e58d7a75fe3 88d6f9bdee3c47dc97f15e648312053d - - default default] Method 'is_advsvc' is deprecated since 2023.2 release (neutron-lib 3.8.0) and will be removed once support for the old RBAC API policies will be removed from Neutron. Please use method 'is_service_role' instead.
2026-07-09 00:47:09.853 10 INFO neutron.db.l3_db [None req-e866b65d-caca-42b9-a259-086ad51db8b2 a988b9cbb1a94682bf5b884c0c537762 ce5bf088d9914f6c9fbb3bea26d74e2e - - default default] Floating IP f10ff936-a8c7-439f-bd52-976dc2ba6a21 disassociated. External IP: 10.96.250.216, port: 1e33ff15-0dd6-4e70-a1cc-028bc8c1c489.
2026-07-09 00:47:09.880 10 INFO neutron.api.wsgi [None req-e866b65d-caca-42b9-a259-086ad51db8b2 a988b9cbb1a94682bf5b884c0c537762 ce5bf088d9914f6c9fbb3bea26d74e2e - - default default] 10.0.0.38 "PUT /v2.0/floatingips/f10ff936-a8c7-439f-bd52-976dc2ba6a21 HTTP/1.1" status: 200 len: 748 time: 0.2439840
2026-07-09 00:47:09.915 10 INFO neutron.notifiers.nova [-] Nova event matching ['req-d0a12fca-5664-4c6f-9a22-61dd7cb1b140'] response: {'name': 'network-changed', 'server_uuid': 'b0a0ccb5-376b-4f8d-a540-6ed945adab24', 'tag': '1e33ff15-0dd6-4e70-a1cc-028bc8c1c489', 'status': 'completed', 'code': 200}
2026-07-09 00:47:09.926 9 INFO neutron.api.wsgi [None req-407dba16-e527-4fa1-a52f-40c8d479dce9 a988b9cbb1a94682bf5b884c0c537762 ce5bf088d9914f6c9fbb3bea26d74e2e - - default default] 10.0.0.38 "GET /v2.0/floatingips/f10ff936-a8c7-439f-bd52-976dc2ba6a21 HTTP/1.1" status: 200 len: 746 time: 0.0391908
2026-07-09 00:47:09.929 9 INFO neutron.db.ovn_revision_numbers_db [None req-8d65fe12-239c-4721-898a-3bc2a47d47b9 dde99a00985b454a80dad0e478e43b6a 391019ecf8d44d3d9b4b54ee5149732c - - default default] Successfully bumped revision number for resource b867c342-1b4b-429f-9b66-5c87f697773f (type: security_group_rules) to 0
2026-07-09 00:47:09.968 9 INFO neutron.api.wsgi [None req-8d65fe12-239c-4721-898a-3bc2a47d47b9 dde99a00985b454a80dad0e478e43b6a 391019ecf8d44d3d9b4b54ee5149732c - - default default] 10.0.0.38 "POST /v2.0/security-group-rules HTTP/1.1" status: 201 len: 806 time: 0.2372451 /var/lib/openstack/lib/python3.12/site-packages/pycadf/identifier.py:71: UserWarning: Invalid uuid: neutron. To ensure interoperability, identifiers should be a valid uuid. warnings.warn(('Invalid uuid: %s. To ensure interoperability, '
2026-07-09 00:47:09.991 10 INFO neutron.api.wsgi [None req-feac6e45-a5e3-42a3-82d1-573da22608dd dde99a00985b454a80dad0e478e43b6a 391019ecf8d44d3d9b4b54ee5149732c - - default default] 10.0.0.38 "GET /v2.0/security-group-rules/b867c342-1b4b-429f-9b66-5c87f697773f HTTP/1.1" status: 200 len: 801 time: 0.0183425
2026-07-09 00:47:10.036 9 INFO neutron.api.wsgi [None req-0125fa88-54d5-4bbe-899b-26eb8ee83c5c 12e2f43982d24fcebb850e58d7a75fe3 88d6f9bdee3c47dc97f15e648312053d - - default default] 10.0.0.38 "POST /v2.0/trunks HTTP/1.1" status: 201 len: 608 time: 0.2143304
2026-07-09 00:47:10.046 9 WARNING neutron_lib.context [None req-7e4473c7-551d-4187-8ee5-e04d5fdf8d9f 12e2f43982d24fcebb850e58d7a75fe3 88d6f9bdee3c47dc97f15e648312053d - - default default] Method 'is_advsvc' is deprecated since 2023.2 release (neutron-lib 3.8.0) and will be removed once support for the old RBAC API policies will be removed from Neutron. Please use method 'is_service_role' instead.
2026-07-09 00:47:10.053 10 INFO neutron.api.wsgi [None req-6fb2f54d-ad98-4893-aa37-7293dc3b4f93 dde99a00985b454a80dad0e478e43b6a 391019ecf8d44d3d9b4b54ee5149732c - - default default] 10.0.0.38 "GET /v2.0/security-group-rules HTTP/1.1" status: 200 len: 4339 time: 0.0579989
2026-07-09 00:47:10.127 9 INFO neutron.db.segments_db [None req-7e4473c7-551d-4187-8ee5-e04d5fdf8d9f 12e2f43982d24fcebb850e58d7a75fe3 88d6f9bdee3c47dc97f15e648312053d - - default default] Added segment 91803ced-4e4e-41d2-acba-616f0361bd37 of type geneve for network 3102caa9-42a9-4355-b60b-562bdecdc848
2026-07-09 00:47:10.192 10 INFO neutron.api.wsgi [None req-91d4e271-26e4-4e23-9d67-84cd025c981d dde99a00985b454a80dad0e478e43b6a 391019ecf8d44d3d9b4b54ee5149732c - - default default] 10.0.0.38 "DELETE /v2.0/security-group-rules/b867c342-1b4b-429f-9b66-5c87f697773f HTTP/1.1" status: 204 len: 168 time: 0.1351471
2026-07-09 00:47:10.275 10 INFO neutron.api.wsgi [None req-1e0995a3-01de-4873-85da-d1ebdff42c8f dde99a00985b454a80dad0e478e43b6a 391019ecf8d44d3d9b4b54ee5149732c - - default default] 10.0.0.38 "GET /v2.0/security-group-rules HTTP/1.1" status: 200 len: 3755 time: 0.0772719
2026-07-09 00:47:10.288 9 INFO neutron.db.ovn_revision_numbers_db [None req-7e4473c7-551d-4187-8ee5-e04d5fdf8d9f 12e2f43982d24fcebb850e58d7a75fe3 88d6f9bdee3c47dc97f15e648312053d - - default default] Successfully bumped revision number for resource 3102caa9-42a9-4355-b60b-562bdecdc848 (type: networks) to 1
2026-07-09 00:47:10.425 9 INFO neutron.api.wsgi [None req-4e81b694-6398-4651-8b0b-1c252ee7fef7 dde99a00985b454a80dad0e478e43b6a 391019ecf8d44d3d9b4b54ee5149732c - - default default] 10.0.0.38 "DELETE /v2.0/security-groups/c3e0e518-d9eb-413e-b143-4220004fb158 HTTP/1.1" status: 204 len: 168 time: 0.1445227
2026-07-09 00:47:10.466 10 INFO neutron.api.wsgi [None req-222ae39c-0c20-40f5-856c-0cb54baa5bc4 dde99a00985b454a80dad0e478e43b6a 391019ecf8d44d3d9b4b54ee5149732c - - default default] 10.0.0.38 "GET /v2.0/security-groups HTTP/1.1" status: 200 len: 3120 time: 0.0318687
2026-07-09 00:47:10.467 9 INFO neutron.api.wsgi [req-95254844-d9b1-4a18-9e15-acf3b384f834 req-1d7ce892-09ab-4b5e-859e-2ae8a072b3b7 d6d4ae095f6a4cc2a76be4e7569ac5dc 3d76cb75425c4c7789b8ea7099232f05 - - a4c9ffe7ac2d4d0d817b6f5e32ccdf77 a4c9ffe7ac2d4d0d817b6f5e32ccdf77] 199.204.45.77 "GET /v2.0/ports?tenant_id=ce5bf088d9914f6c9fbb3bea26d74e2e&device_id=b0a0ccb5-376b-4f8d-a540-6ed945adab24 HTTP/1.1" status: 200 len: 1409 time: 0.0326126
2026-07-09 00:47:10.474 9 WARNING neutron.scheduler.dhcp_agent_scheduler [None req-7e4473c7-551d-4187-8ee5-e04d5fdf8d9f 12e2f43982d24fcebb850e58d7a75fe3 88d6f9bdee3c47dc97f15e648312053d - - default default] No more DHCP agents
2026-07-09 00:47:10.479 9 WARNING neutron.api.rpc.agentnotifiers.dhcp_rpc_agent_api [None req-7e4473c7-551d-4187-8ee5-e04d5fdf8d9f 12e2f43982d24fcebb850e58d7a75fe3 88d6f9bdee3c47dc97f15e648312053d - - default default] Unable to schedule network 3102caa9-42a9-4355-b60b-562bdecdc848: no agents available; will retry on subsequent port and subnet creation events.
2026-07-09 00:47:10.503 10 INFO neutron.api.wsgi [None req-b81cc3be-e601-4416-9401-92877d1df8c3 dde99a00985b454a80dad0e478e43b6a 391019ecf8d44d3d9b4b54ee5149732c - - default default] 10.0.0.38 "GET /v2.0/security-groups HTTP/1.1" status: 200 len: 3120 time: 0.0306659
2026-07-09 00:47:10.527 9 INFO neutron.api.wsgi [req-95254844-d9b1-4a18-9e15-acf3b384f834 req-de0dc752-ae1a-401d-ac4f-ae74c8ac4641 d6d4ae095f6a4cc2a76be4e7569ac5dc 3d76cb75425c4c7789b8ea7099232f05 - - a4c9ffe7ac2d4d0d817b6f5e32ccdf77 a4c9ffe7ac2d4d0d817b6f5e32ccdf77] 199.204.45.77 "GET /v2.0/networks?id=44cd0316-c61e-4b6b-8372-07808f60004c HTTP/1.1" status: 200 len: 958 time: 0.0558035
2026-07-09 00:47:10.554 9 INFO neutron.api.wsgi [req-95254844-d9b1-4a18-9e15-acf3b384f834 req-8eba4887-01f8-4f0c-a50d-350674c0b1c5 d6d4ae095f6a4cc2a76be4e7569ac5dc 3d76cb75425c4c7789b8ea7099232f05 - - a4c9ffe7ac2d4d0d817b6f5e32ccdf77 a4c9ffe7ac2d4d0d817b6f5e32ccdf77] 199.204.45.77 "GET /v2.0/floatingips?fixed_ip_address=10.100.0.7&port_id=1e33ff15-0dd6-4e70-a1cc-028bc8c1c489 HTTP/1.1" status: 200 len: 217 time: 0.0174489
2026-07-09 00:47:10.570 9 INFO neutron.db.ovn_revision_numbers_db [None req-7e4473c7-551d-4187-8ee5-e04d5fdf8d9f 12e2f43982d24fcebb850e58d7a75fe3 88d6f9bdee3c47dc97f15e648312053d - - default default] Successfully bumped revision number for resource 0fd38dab-868d-452e-89e0-0d10c1b279e0 (type: ports) to 1
2026-07-09 00:47:10.585 9 INFO neutron.api.wsgi [req-95254844-d9b1-4a18-9e15-acf3b384f834 req-75da5346-b222-4532-8a42-1b5cae7baa65 d6d4ae095f6a4cc2a76be4e7569ac5dc 3d76cb75425c4c7789b8ea7099232f05 - - a4c9ffe7ac2d4d0d817b6f5e32ccdf77 a4c9ffe7ac2d4d0d817b6f5e32ccdf77] 199.204.45.77 "GET /v2.0/subnets?id=549b38fa-8fd8-4210-a94b-40a72c5dbafd HTTP/1.1" status: 200 len: 876 time: 0.0260808
2026-07-09 00:47:10.595 9 INFO neutron.api.wsgi [None req-7e4473c7-551d-4187-8ee5-e04d5fdf8d9f 12e2f43982d24fcebb850e58d7a75fe3 88d6f9bdee3c47dc97f15e648312053d - - default default] 10.0.0.38 "POST /v2.0/networks HTTP/1.1" status: 201 len: 831 time: 0.5544674
2026-07-09 00:47:10.601 9 INFO neutron.api.wsgi [req-95254844-d9b1-4a18-9e15-acf3b384f834 req-3f0c9513-e071-46af-a83a-fff7712b922b d6d4ae095f6a4cc2a76be4e7569ac5dc 3d76cb75425c4c7789b8ea7099232f05 - - a4c9ffe7ac2d4d0d817b6f5e32ccdf77 a4c9ffe7ac2d4d0d817b6f5e32ccdf77] 199.204.45.77 "GET /v2.0/ports?network_id=44cd0316-c61e-4b6b-8372-07808f60004c&device_owner=network%3Adhcp HTTP/1.1" status: 200 len: 210 time: 0.0123878
2026-07-09 00:47:10.604 9 WARNING neutron_lib.context [None req-401a82b7-4c11-4608-a4fc-157fbf4eaeea 12e2f43982d24fcebb850e58d7a75fe3 88d6f9bdee3c47dc97f15e648312053d - - default default] Method 'is_advsvc' is deprecated since 2023.2 release (neutron-lib 3.8.0) and will be removed once support for the old RBAC API policies will be removed from Neutron. Please use method 'is_service_role' instead.
2026-07-09 00:47:10.648 9 INFO neutron.api.wsgi [req-95254844-d9b1-4a18-9e15-acf3b384f834 req-0fc6a9a2-b5e9-4b45-874e-73f4f25b1e90 d6d4ae095f6a4cc2a76be4e7569ac5dc 3d76cb75425c4c7789b8ea7099232f05 - - a4c9ffe7ac2d4d0d817b6f5e32ccdf77 a4c9ffe7ac2d4d0d817b6f5e32ccdf77] 199.204.45.77 "GET /v2.0/networks/44cd0316-c61e-4b6b-8372-07808f60004c?fields=segments HTTP/1.1" status: 200 len: 212 time: 0.0420487
2026-07-09 00:47:10.707 9 INFO neutron.api.wsgi [req-95254844-d9b1-4a18-9e15-acf3b384f834 req-b425d329-4de2-4dbc-bef9-d9005b06e130 d6d4ae095f6a4cc2a76be4e7569ac5dc 3d76cb75425c4c7789b8ea7099232f05 - - a4c9ffe7ac2d4d0d817b6f5e32ccdf77 a4c9ffe7ac2d4d0d817b6f5e32ccdf77] 199.204.45.77 "GET /v2.0/networks/44cd0316-c61e-4b6b-8372-07808f60004c?fields=provider%3Aphysical_network&fields=provider%3Anetwork_type HTTP/1.1" status: 200 len: 277 time: 0.0523140
2026-07-09 00:47:10.859 9 WARNING neutron.scheduler.dhcp_agent_scheduler [None req-401a82b7-4c11-4608-a4fc-157fbf4eaeea 12e2f43982d24fcebb850e58d7a75fe3 88d6f9bdee3c47dc97f15e648312053d - - default default] No more DHCP agents
2026-07-09 00:47:10.861 9 WARNING neutron.api.rpc.agentnotifiers.dhcp_rpc_agent_api [None req-401a82b7-4c11-4608-a4fc-157fbf4eaeea 12e2f43982d24fcebb850e58d7a75fe3 88d6f9bdee3c47dc97f15e648312053d - - default default] Unable to schedule network 3102caa9-42a9-4355-b60b-562bdecdc848: no agents available; will retry on subsequent port and subnet creation events.
2026-07-09 00:47:10.934 9 INFO neutron.db.ovn_revision_numbers_db [None req-401a82b7-4c11-4608-a4fc-157fbf4eaeea 12e2f43982d24fcebb850e58d7a75fe3 88d6f9bdee3c47dc97f15e648312053d - - default default] Successfully bumped revision number for resource 33fab2cf-6c5d-4254-91f3-3e218c804af4 (type: ports) to 1
2026-07-09 00:47:10.960 9 INFO neutron.api.wsgi [None req-401a82b7-4c11-4608-a4fc-157fbf4eaeea 12e2f43982d24fcebb850e58d7a75fe3 88d6f9bdee3c47dc97f15e648312053d - - default default] 10.0.0.38 "POST /v2.0/ports HTTP/1.1" status: 201 len: 942 time: 0.3586838
2026-07-09 00:47:10.974 10 WARNING neutron_lib.context [None req-1bea4535-9f36-45c5-93ad-66ae2f38c534 12e2f43982d24fcebb850e58d7a75fe3 88d6f9bdee3c47dc97f15e648312053d - - default default] Method 'is_advsvc' is deprecated since 2023.2 release (neutron-lib 3.8.0) and will be removed once support for the old RBAC API policies will be removed from Neutron. Please use method 'is_service_role' instead.
2026-07-09 00:47:11.003 10 WARNING neutron_lib.context [None req-f74924c4-bc1e-4360-bda3-fdf1ae4c53e4 a988b9cbb1a94682bf5b884c0c537762 ce5bf088d9914f6c9fbb3bea26d74e2e - - default default] Method 'is_advsvc' is deprecated since 2023.2 release (neutron-lib 3.8.0) and will be removed once support for the old RBAC API policies will be removed from Neutron. Please use method 'is_service_role' instead.
2026-07-09 00:47:11.158 10 INFO neutron.api.wsgi [None req-0fd8a0a7-740e-41a2-9934-151896687415 21194a289b77496faff67688a8fd7b4b f3cf2f2864f8488f9ee1f2769b181541 - - default default] 10.0.0.38 "GET /v2.0/security-groups?tenant_id=391019ecf8d44d3d9b4b54ee5149732c&name=default HTTP/1.1" status: 200 len: 3120 time: 0.1379142 /var/lib/openstack/lib/python3.12/site-packages/pycadf/identifier.py:71: UserWarning: Invalid uuid: neutron. To ensure interoperability, identifiers should be a valid uuid. warnings.warn(('Invalid uuid: %s. To ensure interoperability, '
2026-07-09 00:47:11.169 10 INFO neutron.db.ovn_revision_numbers_db [None req-f74924c4-bc1e-4360-bda3-fdf1ae4c53e4 a988b9cbb1a94682bf5b884c0c537762 ce5bf088d9914f6c9fbb3bea26d74e2e - - default default] Successfully bumped revision number for resource 324686ab-9e98-4e41-8c8c-21ae837cbcfa (type: security_groups) to 1
2026-07-09 00:47:11.186 10 INFO neutron.db.ovn_revision_numbers_db [None req-f74924c4-bc1e-4360-bda3-fdf1ae4c53e4 a988b9cbb1a94682bf5b884c0c537762 ce5bf088d9914f6c9fbb3bea26d74e2e - - default default] Successfully bumped revision number for resource 8b672e48-b45a-45c1-973c-9522c065e0fe (type: security_group_rules) to 0
2026-07-09 00:47:11.190 10 INFO neutron.api.wsgi [None req-1bea4535-9f36-45c5-93ad-66ae2f38c534 12e2f43982d24fcebb850e58d7a75fe3 88d6f9bdee3c47dc97f15e648312053d - - default default] 10.0.0.38 "POST /v2.0/trunks HTTP/1.1" status: 201 len: 608 time: 0.2207391
2026-07-09 00:47:11.204 10 WARNING neutron_lib.context [None req-b031499f-ec3f-43de-9171-d5f25e93ad2c 12e2f43982d24fcebb850e58d7a75fe3 88d6f9bdee3c47dc97f15e648312053d - - default default] Method 'is_advsvc' is deprecated since 2023.2 release (neutron-lib 3.8.0) and will be removed once support for the old RBAC API policies will be removed from Neutron. Please use method 'is_service_role' instead.
2026-07-09 00:47:11.212 10 INFO neutron.db.ovn_revision_numbers_db [None req-f74924c4-bc1e-4360-bda3-fdf1ae4c53e4 a988b9cbb1a94682bf5b884c0c537762 ce5bf088d9914f6c9fbb3bea26d74e2e - - default default] Successfully bumped revision number for resource abb1f0ef-7864-485b-bc41-6a9044a59682 (type: security_group_rules) to 0
2026-07-09 00:47:11.264 10 INFO neutron.api.wsgi [None req-f74924c4-bc1e-4360-bda3-fdf1ae4c53e4 a988b9cbb1a94682bf5b884c0c537762 ce5bf088d9914f6c9fbb3bea26d74e2e - - default default] 10.0.0.38 "POST /v2.0/security-groups HTTP/1.1" status: 201 len: 1873 time: 0.2654045
2026-07-09 00:47:11.272 10 WARNING neutron_lib.context [None req-e6dd6203-98f1-4666-a5a3-2b34a29d9128 a988b9cbb1a94682bf5b884c0c537762 ce5bf088d9914f6c9fbb3bea26d74e2e - - default default] Method 'is_advsvc' is deprecated since 2023.2 release (neutron-lib 3.8.0) and will be removed once support for the old RBAC API policies will be removed from Neutron. Please use method 'is_service_role' instead.
2026-07-09 00:47:11.309 10 INFO neutron.db.segments_db [None req-b031499f-ec3f-43de-9171-d5f25e93ad2c 12e2f43982d24fcebb850e58d7a75fe3 88d6f9bdee3c47dc97f15e648312053d - - default default] Added segment e02d02d5-a58d-4f03-99fa-c7ebaf2f59eb of type geneve for network d8f39769-ec9b-45aa-893e-ef557c5c8b59
2026-07-09 00:47:11.416 9 INFO neutron.api.wsgi [None req-94d5bb96-a044-4e21-9fac-452b86acee4a 21194a289b77496faff67688a8fd7b4b f3cf2f2864f8488f9ee1f2769b181541 - - default default] 10.0.0.38 "DELETE /v2.0/security-groups/903f177c-b8e2-4d8b-a0d4-f8b6fd8970cf HTTP/1.1" status: 204 len: 168 time: 0.2516456
2026-07-09 00:47:11.427 10 INFO neutron.db.ovn_revision_numbers_db [None req-e6dd6203-98f1-4666-a5a3-2b34a29d9128 a988b9cbb1a94682bf5b884c0c537762 ce5bf088d9914f6c9fbb3bea26d74e2e - - default default] Successfully bumped revision number for resource 212184e9-e65d-44a3-ab2f-9844bc470a91 (type: security_group_rules) to 0
2026-07-09 00:47:11.442 10 INFO neutron.db.ovn_revision_numbers_db [None req-b031499f-ec3f-43de-9171-d5f25e93ad2c 12e2f43982d24fcebb850e58d7a75fe3 88d6f9bdee3c47dc97f15e648312053d - - default default] Successfully bumped revision number for resource d8f39769-ec9b-45aa-893e-ef557c5c8b59 (type: networks) to 1
2026-07-09 00:47:11.459 10 INFO neutron.api.wsgi [None req-e6dd6203-98f1-4666-a5a3-2b34a29d9128 a988b9cbb1a94682bf5b884c0c537762 ce5bf088d9914f6c9fbb3bea26d74e2e - - default default] 10.0.0.38 "POST /v2.0/security-group-rules HTTP/1.1" status: 201 len: 796 time: 0.1905029
2026-07-09 00:47:11.468 10 WARNING neutron_lib.context [None req-47a578ce-4924-4366-8d20-1fe27f7882e1 a988b9cbb1a94682bf5b884c0c537762 ce5bf088d9914f6c9fbb3bea26d74e2e - - default default] Method 'is_advsvc' is deprecated since 2023.2 release (neutron-lib 3.8.0) and will be removed once support for the old RBAC API policies will be removed from Neutron. Please use method 'is_service_role' instead.
2026-07-09 00:47:11.604 10 WARNING neutron.scheduler.dhcp_agent_scheduler [None req-b031499f-ec3f-43de-9171-d5f25e93ad2c 12e2f43982d24fcebb850e58d7a75fe3 88d6f9bdee3c47dc97f15e648312053d - - default default] No more DHCP agents
2026-07-09 00:47:11.607 10 WARNING neutron.api.rpc.agentnotifiers.dhcp_rpc_agent_api [None req-b031499f-ec3f-43de-9171-d5f25e93ad2c 12e2f43982d24fcebb850e58d7a75fe3 88d6f9bdee3c47dc97f15e648312053d - - default default] Unable to schedule network d8f39769-ec9b-45aa-893e-ef557c5c8b59: no agents available; will retry on subsequent port and subnet creation events.
2026-07-09 00:47:11.609 10 INFO neutron.db.ovn_revision_numbers_db [None req-47a578ce-4924-4366-8d20-1fe27f7882e1 a988b9cbb1a94682bf5b884c0c537762 ce5bf088d9914f6c9fbb3bea26d74e2e - - default default] Successfully bumped revision number for resource c9b6fafd-b077-412e-bb1f-1275458cbace (type: security_group_rules) to 0
2026-07-09 00:47:11.648 10 INFO neutron.api.wsgi [None req-47a578ce-4924-4366-8d20-1fe27f7882e1 a988b9cbb1a94682bf5b884c0c537762 ce5bf088d9914f6c9fbb3bea26d74e2e - - default default] 10.0.0.38 "POST /v2.0/security-group-rules HTTP/1.1" status: 201 len: 795 time: 0.1837399
2026-07-09 00:47:11.658 10 WARNING neutron_lib.context [None req-5ca85d4b-e6a1-457e-a878-1d0b402b76da a988b9cbb1a94682bf5b884c0c537762 ce5bf088d9914f6c9fbb3bea26d74e2e - - default default] Method 'is_advsvc' is deprecated since 2023.2 release (neutron-lib 3.8.0) and will be removed once support for the old RBAC API policies will be removed from Neutron. Please use method 'is_service_role' instead.
2026-07-09 00:47:11.691 10 INFO neutron.db.ovn_revision_numbers_db [None req-b031499f-ec3f-43de-9171-d5f25e93ad2c 12e2f43982d24fcebb850e58d7a75fe3 88d6f9bdee3c47dc97f15e648312053d - - default default] Successfully bumped revision number for resource 09bc9c97-9298-4ce5-86c5-5fc87fc64fab (type: ports) to 1
2026-07-09 00:47:11.715 10 INFO neutron.api.wsgi [None req-b031499f-ec3f-43de-9171-d5f25e93ad2c 12e2f43982d24fcebb850e58d7a75fe3 88d6f9bdee3c47dc97f15e648312053d - - default default] 10.0.0.38 "POST /v2.0/networks HTTP/1.1" status: 201 len: 830 time: 0.5159883
2026-07-09 00:47:11.730 10 WARNING neutron_lib.context [None req-b6854ed4-e375-482e-930e-11d7bc27e872 12e2f43982d24fcebb850e58d7a75fe3 88d6f9bdee3c47dc97f15e648312053d - - default default] Method 'is_advsvc' is deprecated since 2023.2 release (neutron-lib 3.8.0) and will be removed once support for the old RBAC API policies will be removed from Neutron. Please use method 'is_service_role' instead.
2026-07-09 00:47:11.833 10 INFO neutron.db.ovn_revision_numbers_db [None req-5ca85d4b-e6a1-457e-a878-1d0b402b76da a988b9cbb1a94682bf5b884c0c537762 ce5bf088d9914f6c9fbb3bea26d74e2e - - default default] Successfully bumped revision number for resource fdc81338-4a11-4768-8701-bacb22032018 (type: security_group_rules) to 0
2026-07-09 00:47:11.866 10 INFO neutron.api.wsgi [None req-5ca85d4b-e6a1-457e-a878-1d0b402b76da a988b9cbb1a94682bf5b884c0c537762 ce5bf088d9914f6c9fbb3bea26d74e2e - - default default] 10.0.0.38 "POST /v2.0/security-group-rules HTTP/1.1" status: 201 len: 801 time: 0.2117295
2026-07-09 00:47:11.875 10 WARNING neutron_lib.context [None req-39d915d3-1ace-418f-85ff-00e6c48c8547 a988b9cbb1a94682bf5b884c0c537762 ce5bf088d9914f6c9fbb3bea26d74e2e - - default default] Method 'is_advsvc' is deprecated since 2023.2 release (neutron-lib 3.8.0) and will be removed once support for the old RBAC API policies will be removed from Neutron. Please use method 'is_service_role' instead.
2026-07-09 00:47:12.030 10 WARNING neutron.scheduler.dhcp_agent_scheduler [None req-b6854ed4-e375-482e-930e-11d7bc27e872 12e2f43982d24fcebb850e58d7a75fe3 88d6f9bdee3c47dc97f15e648312053d - - default default] No more DHCP agents
2026-07-09 00:47:12.031 10 WARNING neutron.api.rpc.agentnotifiers.dhcp_rpc_agent_api [None req-b6854ed4-e375-482e-930e-11d7bc27e872 12e2f43982d24fcebb850e58d7a75fe3 88d6f9bdee3c47dc97f15e648312053d - - default default] Unable to schedule network d8f39769-ec9b-45aa-893e-ef557c5c8b59: no agents available; will retry on subsequent port and subnet creation events.
2026-07-09 00:47:12.034 10 INFO neutron.db.ovn_revision_numbers_db [None req-39d915d3-1ace-418f-85ff-00e6c48c8547 a988b9cbb1a94682bf5b884c0c537762 ce5bf088d9914f6c9fbb3bea26d74e2e - - default default] Successfully bumped revision number for resource dcaf1140-4608-4a79-ae14-8ef9c5eb30d8 (type: security_group_rules) to 0
2026-07-09 00:47:12.085 10 INFO neutron.api.wsgi [None req-39d915d3-1ace-418f-85ff-00e6c48c8547 a988b9cbb1a94682bf5b884c0c537762 ce5bf088d9914f6c9fbb3bea26d74e2e - - default default] 10.0.0.38 "POST /v2.0/security-group-rules HTTP/1.1" status: 201 len: 800 time: 0.2138770
2026-07-09 00:47:12.095 9 WARNING neutron_lib.context [None req-1fc593b4-310e-434e-9a37-f9c16e04b49d a988b9cbb1a94682bf5b884c0c537762 ce5bf088d9914f6c9fbb3bea26d74e2e - - default default] Method 'is_advsvc' is deprecated since 2023.2 release (neutron-lib 3.8.0) and will be removed once support for the old RBAC API policies will be removed from Neutron. Please use method 'is_service_role' instead.
2026-07-09 00:47:12.103 10 INFO neutron.db.ovn_revision_numbers_db [None req-b6854ed4-e375-482e-930e-11d7bc27e872 12e2f43982d24fcebb850e58d7a75fe3 88d6f9bdee3c47dc97f15e648312053d - - default default] Successfully bumped revision number for resource bb2545db-4bf6-4b6f-afbd-cf2ed35a540e (type: ports) to 1
2026-07-09 00:47:12.131 10 INFO neutron.api.wsgi [None req-b6854ed4-e375-482e-930e-11d7bc27e872 12e2f43982d24fcebb850e58d7a75fe3 88d6f9bdee3c47dc97f15e648312053d - - default default] 10.0.0.38 "POST /v2.0/ports HTTP/1.1" status: 201 len: 942 time: 0.4112236 /var/lib/openstack/lib/python3.12/site-packages/pycadf/identifier.py:71: UserWarning: Invalid uuid: neutron. To ensure interoperability, identifiers should be a valid uuid. warnings.warn(('Invalid uuid: %s. To ensure interoperability, '
2026-07-09 00:47:12.144 10 WARNING neutron_lib.context [None req-a67db679-f59a-46a6-ad7d-eca70b3d42af 12e2f43982d24fcebb850e58d7a75fe3 88d6f9bdee3c47dc97f15e648312053d - - default default] Method 'is_advsvc' is deprecated since 2023.2 release (neutron-lib 3.8.0) and will be removed once support for the old RBAC API policies will be removed from Neutron. Please use method 'is_service_role' instead.
2026-07-09 00:47:12.161 9 INFO neutron.db.securitygroups_db [None req-1fc593b4-310e-434e-9a37-f9c16e04b49d a988b9cbb1a94682bf5b884c0c537762 ce5bf088d9914f6c9fbb3bea26d74e2e - - default default] Project ce5bf088d9914f6c9fbb3bea26d74e2e added a security group rule with legacy IPv6 ICMP protocol name icmp, ipv6-icmp should be used instead. It was automatically converted.
2026-07-09 00:47:12.290 9 INFO neutron.db.ovn_revision_numbers_db [None req-1fc593b4-310e-434e-9a37-f9c16e04b49d a988b9cbb1a94682bf5b884c0c537762 ce5bf088d9914f6c9fbb3bea26d74e2e - - default default] Successfully bumped revision number for resource 7e261301-5777-4ec1-8cdf-dc77c643b1c7 (type: security_group_rules) to 0
2026-07-09 00:47:12.321 9 INFO neutron.api.wsgi [None req-1fc593b4-310e-434e-9a37-f9c16e04b49d a988b9cbb1a94682bf5b884c0c537762 ce5bf088d9914f6c9fbb3bea26d74e2e - - default default] 10.0.0.38 "POST /v2.0/security-group-rules HTTP/1.1" status: 201 len: 806 time: 0.2318428
2026-07-09 00:47:12.332 9 WARNING neutron_lib.context [None req-45bf3096-d7a2-4da4-8847-9f40e002474f a988b9cbb1a94682bf5b884c0c537762 ce5bf088d9914f6c9fbb3bea26d74e2e - - default default] Method 'is_advsvc' is deprecated since 2023.2 release (neutron-lib 3.8.0) and will be removed once support for the old RBAC API policies will be removed from Neutron. Please use method 'is_service_role' instead.
2026-07-09 00:47:12.340 10 INFO neutron.api.wsgi [None req-a67db679-f59a-46a6-ad7d-eca70b3d42af 12e2f43982d24fcebb850e58d7a75fe3 88d6f9bdee3c47dc97f15e648312053d - - default default] 10.0.0.38 "POST /v2.0/trunks HTTP/1.1" status: 201 len: 608 time: 0.2007740
2026-07-09 00:47:12.371 9 INFO neutron.db.securitygroups_db [None req-45bf3096-d7a2-4da4-8847-9f40e002474f a988b9cbb1a94682bf5b884c0c537762 ce5bf088d9914f6c9fbb3bea26d74e2e - - default default] Project ce5bf088d9914f6c9fbb3bea26d74e2e added a security group rule with legacy IPv6 ICMP protocol name icmp, ipv6-icmp should be used instead. It was automatically converted.
2026-07-09 00:47:12.375 9 INFO neutron.api.wsgi [None req-3c81ec1f-7bc8-4707-ae10-3c8b2e8f0f66 12e2f43982d24fcebb850e58d7a75fe3 88d6f9bdee3c47dc97f15e648312053d - - default default] 10.0.0.38 "PUT /v2.0/trunks/da343eb0-eb0a-46dd-b2da-3dbf4630f24c/tags HTTP/1.1" status: 200 len: 210 time: 0.0300462
2026-07-09 00:47:12.421 10 INFO neutron.api.wsgi [None req-af993de2-ef9c-466d-9846-ca9a276f6452 12e2f43982d24fcebb850e58d7a75fe3 88d6f9bdee3c47dc97f15e648312053d - - default default] 10.0.0.38 "PUT /v2.0/trunks/c1089511-b261-4750-88c1-001509c1a782/tags HTTP/1.1" status: 200 len: 218 time: 0.0364034
2026-07-09 00:47:12.461 10 INFO neutron.api.wsgi [None req-2bca9a89-be6d-4dfa-8332-adeaea53cfac 12e2f43982d24fcebb850e58d7a75fe3 88d6f9bdee3c47dc97f15e648312053d - - default default] 10.0.0.38 "PUT /v2.0/trunks/5c7c31ff-9119-4ae1-a02f-14ebf386c6c5/tags HTTP/1.1" status: 200 len: 227 time: 0.0308607
2026-07-09 00:47:12.487 9 INFO neutron.db.ovn_revision_numbers_db [None req-45bf3096-d7a2-4da4-8847-9f40e002474f a988b9cbb1a94682bf5b884c0c537762 ce5bf088d9914f6c9fbb3bea26d74e2e - - default default] Successfully bumped revision number for resource 48720fd7-5f9c-46a0-93fd-a78233e78b90 (type: security_group_rules) to 0
2026-07-09 00:47:12.509 10 INFO neutron.api.wsgi [None req-bd777700-9b92-4708-978a-69b051b59f64 12e2f43982d24fcebb850e58d7a75fe3 88d6f9bdee3c47dc97f15e648312053d - - default default] 10.0.0.38 "PUT /v2.0/trunks/eecda3f5-0fda-4d31-9de1-7bcf0d337cba/tags HTTP/1.1" status: 200 len: 212 time: 0.0406256
2026-07-09 00:47:12.531 9 INFO neutron.api.wsgi [None req-45bf3096-d7a2-4da4-8847-9f40e002474f a988b9cbb1a94682bf5b884c0c537762 ce5bf088d9914f6c9fbb3bea26d74e2e - - default default] 10.0.0.38 "POST /v2.0/security-group-rules HTTP/1.1" status: 201 len: 805 time: 0.2026417
2026-07-09 00:47:12.540 10 INFO neutron.api.wsgi [None req-52ec26a8-aa0c-478d-9b6c-052271dc36a9 12e2f43982d24fcebb850e58d7a75fe3 88d6f9bdee3c47dc97f15e648312053d - - default default] 10.0.0.38 "GET /v2.0/trunks?tags=red HTTP/1.1" status: 200 len: 1447 time: 0.0224197
2026-07-09 00:47:12.562 10 INFO neutron.api.wsgi [None req-30d33cb8-21ea-4575-beef-3330720220f4 12e2f43982d24fcebb850e58d7a75fe3 88d6f9bdee3c47dc97f15e648312053d - - default default] 10.0.0.38 "GET /v2.0/trunks?tags=red%2Cblue HTTP/1.1" status: 200 len: 1041 time: 0.0171173
2026-07-09 00:47:12.583 10 INFO neutron.api.wsgi [None req-8f1c7144-147c-4224-92b7-217c3b3e3c35 12e2f43982d24fcebb850e58d7a75fe3 88d6f9bdee3c47dc97f15e648312053d - - default default] 10.0.0.38 "GET /v2.0/trunks?tags-any=blue HTTP/1.1" status: 200 len: 1041 time: 0.0149317
2026-07-09 00:47:12.606 10 INFO neutron.api.wsgi [None req-5ada4781-3b63-4ce7-b788-e97e946763fa 12e2f43982d24fcebb850e58d7a75fe3 88d6f9bdee3c47dc97f15e648312053d - - default default] 10.0.0.38 "GET /v2.0/trunks?tags-any=red%2Cblue HTTP/1.1" status: 200 len: 1447 time: 0.0190921
2026-07-09 00:47:12.627 10 INFO neutron.api.wsgi [None req-fb5ac5d6-74f0-4d62-ba20-1323778739aa 12e2f43982d24fcebb850e58d7a75fe3 88d6f9bdee3c47dc97f15e648312053d - - default default] 10.0.0.38 "GET /v2.0/trunks?not-tags=red HTTP/1.1" status: 200 len: 1013 time: 0.0164888
2026-07-09 00:47:12.649 10 INFO neutron.api.wsgi [None req-3360fb4a-92b4-4c4e-bd9e-39e695ded88e 12e2f43982d24fcebb850e58d7a75fe3 88d6f9bdee3c47dc97f15e648312053d - - default default] 10.0.0.38 "GET /v2.0/trunks?not-tags=red%2Cblue HTTP/1.1" status: 200 len: 1419 time: 0.0172434
2026-07-09 00:47:12.674 10 INFO neutron.api.wsgi [None req-ceb28acf-814b-4f59-abbe-3d38677d1d16 12e2f43982d24fcebb850e58d7a75fe3 88d6f9bdee3c47dc97f15e648312053d - - default default] 10.0.0.38 "GET /v2.0/trunks?not-tags-any=blue HTTP/1.1" status: 200 len: 1419 time: 0.0194516
2026-07-09 00:47:12.701 10 INFO neutron.api.wsgi [None req-05448195-7fd5-4fba-bef8-6e546a6e7817 12e2f43982d24fcebb850e58d7a75fe3 88d6f9bdee3c47dc97f15e648312053d - - default default] 10.0.0.38 "GET /v2.0/trunks?not-tags-any=red%2Cblue HTTP/1.1" status: 200 len: 1013 time: 0.0165572
2026-07-09 00:47:12.722 10 INFO neutron.api.wsgi [None req-bde14973-6e6e-4898-b807-72ee5e396149 12e2f43982d24fcebb850e58d7a75fe3 88d6f9bdee3c47dc97f15e648312053d - - default default] 10.0.0.38 "GET /v2.0/trunks/da343eb0-eb0a-46dd-b2da-3dbf4630f24c HTTP/1.1" status: 200 len: 608 time: 0.0125916
2026-07-09 00:47:12.824 10 INFO neutron.api.wsgi [None req-71d1d659-451c-4458-af2e-297cc9da45ce 12e2f43982d24fcebb850e58d7a75fe3 88d6f9bdee3c47dc97f15e648312053d - - default default] 10.0.0.38 "GET /v2.0/ports/d392e623-2e68-4803-b6da-c798b3d4427c HTTP/1.1" status: 200 len: 1020 time: 0.0980437
2026-07-09 00:47:12.885 10 INFO neutron.api.wsgi [None req-da472906-d1c9-499a-9d5c-5571a9cf5616 12e2f43982d24fcebb850e58d7a75fe3 88d6f9bdee3c47dc97f15e648312053d - - default default] 10.0.0.38 "DELETE /v2.0/trunks/da343eb0-eb0a-46dd-b2da-3dbf4630f24c HTTP/1.1" status: 204 len: 168 time: 0.0542755
2026-07-09 00:47:12.910 9 INFO neutron.api.wsgi [None req-6574dfac-f1f1-48bd-b002-561a8e2eeab3 12e2f43982d24fcebb850e58d7a75fe3 88d6f9bdee3c47dc97f15e648312053d - - default default] 10.0.0.38 "GET /v2.0/trunks/c1089511-b261-4750-88c1-001509c1a782 HTTP/1.1" status: 200 len: 616 time: 0.0164473
2026-07-09 00:47:13.005 9 INFO neutron.api.wsgi [None req-b18f340e-26d8-4f9b-9217-21fed367b587 12e2f43982d24fcebb850e58d7a75fe3 88d6f9bdee3c47dc97f15e648312053d - - default default] 10.0.0.38 "GET /v2.0/ports/570d6632-5ed9-43fc-a37b-2dd0552f4c4f HTTP/1.1" status: 200 len: 1020 time: 0.0884223
2026-07-09 00:47:13.066 9 INFO neutron.api.wsgi [None req-9f31cabd-2947-4e3a-9ae9-7a601311c9e9 12e2f43982d24fcebb850e58d7a75fe3 88d6f9bdee3c47dc97f15e648312053d - - default default] 10.0.0.38 "DELETE /v2.0/trunks/c1089511-b261-4750-88c1-001509c1a782 HTTP/1.1" status: 204 len: 168 time: 0.0556211
2026-07-09 00:47:13.089 9 INFO neutron.api.wsgi [None req-4e68098c-fa7d-4ba1-bbe6-bdb502268a23 12e2f43982d24fcebb850e58d7a75fe3 88d6f9bdee3c47dc97f15e648312053d - - default default] 10.0.0.38 "GET /v2.0/trunks/5c7c31ff-9119-4ae1-a02f-14ebf386c6c5 HTTP/1.1" status: 200 len: 625 time: 0.0177586
2026-07-09 00:47:13.102 10 INFO neutron.api.wsgi [None req-af16bc24-0fa1-47c4-844a-47a2b5026fbe a988b9cbb1a94682bf5b884c0c537762 ce5bf088d9914f6c9fbb3bea26d74e2e - - default default] 10.0.0.38 "GET /v2.0/networks HTTP/1.1" status: 200 len: 1493 time: 0.2253118
2026-07-09 00:47:13.193 9 INFO neutron.api.wsgi [None req-b5df87ad-1f77-4727-a2f8-d4366c2fa092 12e2f43982d24fcebb850e58d7a75fe3 88d6f9bdee3c47dc97f15e648312053d - - default default] 10.0.0.38 "GET /v2.0/ports/9eb935db-cb81-47f2-bca8-b3e337db74a1 HTTP/1.1" status: 200 len: 1020 time: 0.0982254
2026-07-09 00:47:13.216 9 WARNING neutron_lib.context [None req-6d570a91-f60f-4c27-ac2d-381c6dbeb6df 9c1ae87dea2f43f48526b2d60dae8c50 72012219efaf4f21be7d499e60fc9fff - - default default] Method 'is_advsvc' is deprecated since 2023.2 release (neutron-lib 3.8.0) and will be removed once support for the old RBAC API policies will be removed from Neutron. Please use method 'is_service_role' instead.
2026-07-09 00:47:13.249 9 INFO neutron.api.wsgi [req-fbd9cbe8-309c-4401-af0b-32361adbfb2c req-faa71e54-afbc-4fac-a4b2-faadf71bbe9e a988b9cbb1a94682bf5b884c0c537762 ce5bf088d9914f6c9fbb3bea26d74e2e - - default default] 10.0.0.31 "GET /v2.0/security-groups?name=tempest-secgroup-smoke-941961640&fields=id&tenant_id=ce5bf088d9914f6c9fbb3bea26d74e2e HTTP/1.1" status: 200 len: 267 time: 0.0549223
2026-07-09 00:47:13.290 9 INFO neutron.api.wsgi [None req-6d570a91-f60f-4c27-ac2d-381c6dbeb6df 9c1ae87dea2f43f48526b2d60dae8c50 72012219efaf4f21be7d499e60fc9fff - - default default] 10.0.0.38 "POST /v2.0/subnetpools HTTP/1.1" status: 201 len: 748 time: 0.1340084
2026-07-09 00:47:13.290 10 INFO neutron.api.wsgi [None req-e30e2d1d-a0a6-4dba-bc23-37b9878d9348 12e2f43982d24fcebb850e58d7a75fe3 88d6f9bdee3c47dc97f15e648312053d - - default default] 10.0.0.38 "DELETE /v2.0/trunks/5c7c31ff-9119-4ae1-a02f-14ebf386c6c5 HTTP/1.1" status: 204 len: 168 time: 0.0891099
2026-07-09 00:47:13.306 9 INFO neutron.api.wsgi [req-fbd9cbe8-309c-4401-af0b-32361adbfb2c req-ca1e54ba-0432-4b6f-9bbc-9f988e3e51a5 a988b9cbb1a94682bf5b884c0c537762 ce5bf088d9914f6c9fbb3bea26d74e2e - - default default] 10.0.0.31 "GET /v2.0/networks?id=44cd0316-c61e-4b6b-8372-07808f60004c HTTP/1.1" status: 200 len: 860 time: 0.0477316
2026-07-09 00:47:13.319 9 INFO neutron.api.wsgi [req-fbd9cbe8-309c-4401-af0b-32361adbfb2c req-ef8968cf-72bb-4006-ae29-35075edbd3f3 a988b9cbb1a94682bf5b884c0c537762 ce5bf088d9914f6c9fbb3bea26d74e2e - - default default] 10.0.0.31 "GET /v2.0/quotas/ce5bf088d9914f6c9fbb3bea26d74e2e HTTP/1.1" status: 200 len: 491 time: 0.0089564
2026-07-09 00:47:13.320 10 INFO neutron.api.wsgi [None req-e3085b79-3e17-4b8a-b29f-cc5725114d60 12e2f43982d24fcebb850e58d7a75fe3 88d6f9bdee3c47dc97f15e648312053d - - default default] 10.0.0.38 "GET /v2.0/trunks/eecda3f5-0fda-4d31-9de1-7bcf0d337cba HTTP/1.1" status: 200 len: 610 time: 0.0235491
2026-07-09 00:47:13.323 10 INFO neutron.api.wsgi [None req-c7c7016c-2f79-4948-a130-1f1fcb12224c 9c1ae87dea2f43f48526b2d60dae8c50 72012219efaf4f21be7d499e60fc9fff - - default default] 10.0.0.38 "GET /v2.0/subnetpools/65a5773c-d880-48cb-88eb-0be2ac6a0551 HTTP/1.1" status: 200 len: 743 time: 0.0264945
2026-07-09 00:47:13.392 10 INFO neutron.api.wsgi [None req-bf3aeb21-67b4-4165-8d75-054c71316cc6 12e2f43982d24fcebb850e58d7a75fe3 88d6f9bdee3c47dc97f15e648312053d - - default default] 10.0.0.38 "GET /v2.0/ports/33fab2cf-6c5d-4254-91f3-3e218c804af4 HTTP/1.1" status: 200 len: 1020 time: 0.0674474
2026-07-09 00:47:13.395 10 INFO neutron.api.wsgi [None req-117290eb-9fca-4bed-a2b2-fff601e4372a 9c1ae87dea2f43f48526b2d60dae8c50 72012219efaf4f21be7d499e60fc9fff - - default default] 10.0.0.38 "PUT /v2.0/subnetpools/65a5773c-d880-48cb-88eb-0be2ac6a0551 HTTP/1.1" status: 200 len: 695 time: 0.0657182
2026-07-09 00:47:13.421 9 INFO neutron.api.wsgi [req-fbd9cbe8-309c-4401-af0b-32361adbfb2c req-cf0cba07-a874-4890-9f17-855d2f7183cf a988b9cbb1a94682bf5b884c0c537762 ce5bf088d9914f6c9fbb3bea26d74e2e - - default default] 10.0.0.31 "GET /v2.0/ports?tenant_id=ce5bf088d9914f6c9fbb3bea26d74e2e&fields=id HTTP/1.1" status: 200 len: 348 time: 0.0974042
2026-07-09 00:47:13.448 10 INFO neutron.api.wsgi [None req-cbe7e7b9-f1ae-4b01-8c4f-985ca0d6c238 12e2f43982d24fcebb850e58d7a75fe3 88d6f9bdee3c47dc97f15e648312053d - - default default] 10.0.0.38 "DELETE /v2.0/trunks/eecda3f5-0fda-4d31-9de1-7bcf0d337cba HTTP/1.1" status: 204 len: 168 time: 0.0511985
2026-07-09 00:47:13.465 10 INFO neutron.api.wsgi [None req-d943877c-a83a-4187-8527-af4a7e983b40 12e2f43982d24fcebb850e58d7a75fe3 88d6f9bdee3c47dc97f15e648312053d - - default default] 10.0.0.38 "GET /v2.0/trunks/5220dc93-ea8e-487d-82ff-088d4868e8cd HTTP/1.1" status: 200 len: 603 time: 0.0117700
2026-07-09 00:47:13.469 9 INFO neutron.api.wsgi [None req-83d05555-3975-41b8-983d-57237366085d 9c1ae87dea2f43f48526b2d60dae8c50 72012219efaf4f21be7d499e60fc9fff - - default default] 10.0.0.38 "DELETE /v2.0/subnetpools/65a5773c-d880-48cb-88eb-0be2ac6a0551 HTTP/1.1" status: 204 len: 168 time: 0.0686660
2026-07-09 00:47:13.482 9 INFO neutron.api.wsgi [req-fbd9cbe8-309c-4401-af0b-32361adbfb2c req-8a92aa93-8399-4e7c-b62a-a0f578174608 d6d4ae095f6a4cc2a76be4e7569ac5dc 3d76cb75425c4c7789b8ea7099232f05 - - a4c9ffe7ac2d4d0d817b6f5e32ccdf77 a4c9ffe7ac2d4d0d817b6f5e32ccdf77] 10.0.0.31 "GET /v2.0/networks/44cd0316-c61e-4b6b-8372-07808f60004c?fields=segments HTTP/1.1" status: 200 len: 212 time: 0.0487545
2026-07-09 00:47:13.484 10 INFO neutron.api.v2.resource [None req-46c13111-6bf6-487a-a27a-f03c87d48735 9c1ae87dea2f43f48526b2d60dae8c50 72012219efaf4f21be7d499e60fc9fff - - default default] show failed (client error): The resource could not be found.
2026-07-09 00:47:13.485 10 INFO neutron.api.wsgi [None req-46c13111-6bf6-487a-a27a-f03c87d48735 9c1ae87dea2f43f48526b2d60dae8c50 72012219efaf4f21be7d499e60fc9fff - - default default] 10.0.0.38 "GET /v2.0/subnetpools/65a5773c-d880-48cb-88eb-0be2ac6a0551 HTTP/1.1" status: 404 len: 346 time: 0.0111139
2026-07-09 00:47:13.510 9 INFO neutron.api.v2.resource [None req-ec0b5136-f802-499b-b9b5-942d885e1ec7 9c1ae87dea2f43f48526b2d60dae8c50 72012219efaf4f21be7d499e60fc9fff - - default default] delete failed (client error): The resource could not be found.
2026-07-09 00:47:13.511 9 INFO neutron.api.wsgi [None req-ec0b5136-f802-499b-b9b5-942d885e1ec7 9c1ae87dea2f43f48526b2d60dae8c50 72012219efaf4f21be7d499e60fc9fff - - default default] 10.0.0.38 "DELETE /v2.0/subnetpools/65a5773c-d880-48cb-88eb-0be2ac6a0551 HTTP/1.1" status: 404 len: 346 time: 0.0208013
2026-07-09 00:47:13.525 10 INFO neutron.api.wsgi [None req-eb0bdb68-ba8d-4155-999a-a34e6b6c250c 12e2f43982d24fcebb850e58d7a75fe3 88d6f9bdee3c47dc97f15e648312053d - - default default] 10.0.0.38 "GET /v2.0/ports/bb2545db-4bf6-4b6f-afbd-cf2ed35a540e HTTP/1.1" status: 200 len: 1020 time: 0.0564957
2026-07-09 00:47:13.550 9 INFO neutron.api.wsgi [req-fbd9cbe8-309c-4401-af0b-32361adbfb2c req-04ad99d8-a1af-4f7e-a175-62cb1b326ba5 d6d4ae095f6a4cc2a76be4e7569ac5dc 3d76cb75425c4c7789b8ea7099232f05 - - a4c9ffe7ac2d4d0d817b6f5e32ccdf77 a4c9ffe7ac2d4d0d817b6f5e32ccdf77] 10.0.0.31 "GET /v2.0/networks/44cd0316-c61e-4b6b-8372-07808f60004c?fields=provider%3Aphysical_network&fields=provider%3Anetwork_type HTTP/1.1" status: 200 len: 277 time: 0.0593517
2026-07-09 00:47:13.577 10 INFO neutron.api.wsgi [None req-a219b079-8c0c-47a6-a3fa-a4ba60076db0 12e2f43982d24fcebb850e58d7a75fe3 88d6f9bdee3c47dc97f15e648312053d - - default default] 10.0.0.38 "DELETE /v2.0/trunks/5220dc93-ea8e-487d-82ff-088d4868e8cd HTTP/1.1" status: 204 len: 168 time: 0.0476172
2026-07-09 00:47:13.681 10 INFO neutron.api.wsgi [req-6bdb8230-5066-49d3-902c-3452ef3e9aa3 req-d746849c-f770-48b8-8a02-b4c7043b44e5 a988b9cbb1a94682bf5b884c0c537762 ce5bf088d9914f6c9fbb3bea26d74e2e - - default default] 10.0.0.31 "GET /v2.0/ports?device_id=e4b3c11d-8135-4cb3-ac5a-625315f441d9 HTTP/1.1" status: 200 len: 210 time: 0.0212858
2026-07-09 00:47:13.806 10 INFO neutron.api.wsgi [None req-f89f1b8b-f82a-4874-8093-df7d22a6cd81 12e2f43982d24fcebb850e58d7a75fe3 88d6f9bdee3c47dc97f15e648312053d - - default default] 10.0.0.38 "DELETE /v2.0/ports/d392e623-2e68-4803-b6da-c798b3d4427c HTTP/1.1" status: 204 len: 168 time: 0.2226000
2026-07-09 00:47:14.090 10 INFO neutron.api.wsgi [None req-505d1640-a4cf-4ee7-a770-783989fdbf46 12e2f43982d24fcebb850e58d7a75fe3 88d6f9bdee3c47dc97f15e648312053d - - default default] 10.0.0.38 "DELETE /v2.0/ports/570d6632-5ed9-43fc-a37b-2dd0552f4c4f HTTP/1.1" status: 204 len: 168 time: 0.2633481
2026-07-09 00:47:14.249 9 INFO neutron.db.ovn_revision_numbers_db [None req-0ddd3c0e-962f-4c8f-ae3a-76f29c130b25 21194a289b77496faff67688a8fd7b4b f3cf2f2864f8488f9ee1f2769b181541 - - default default] Successfully bumped revision number for resource fa9ce8da-6f2f-48c2-96b2-fa9b34f21df1 (type: security_groups) to 1
2026-07-09 00:47:14.267 9 INFO neutron.db.ovn_revision_numbers_db [None req-0ddd3c0e-962f-4c8f-ae3a-76f29c130b25 21194a289b77496faff67688a8fd7b4b f3cf2f2864f8488f9ee1f2769b181541 - - default default] Successfully bumped revision number for resource 0c8d3476-3bfa-408e-ab9d-f256ef12a5dd (type: security_group_rules) to 0
2026-07-09 00:47:14.284 9 INFO neutron.db.ovn_revision_numbers_db [None req-0ddd3c0e-962f-4c8f-ae3a-76f29c130b25 21194a289b77496faff67688a8fd7b4b f3cf2f2864f8488f9ee1f2769b181541 - - default default] Successfully bumped revision number for resource 9e354616-854f-433a-a628-e5650b49ed43 (type: security_group_rules) to 0
2026-07-09 00:47:14.297 9 INFO neutron.db.ovn_revision_numbers_db [None req-0ddd3c0e-962f-4c8f-ae3a-76f29c130b25 21194a289b77496faff67688a8fd7b4b f3cf2f2864f8488f9ee1f2769b181541 - - default default] Successfully bumped revision number for resource afcad25f-a261-4a53-aa0d-596d3559d3e1 (type: security_group_rules) to 0
2026-07-09 00:47:14.311 9 INFO neutron.db.ovn_revision_numbers_db [None req-0ddd3c0e-962f-4c8f-ae3a-76f29c130b25 21194a289b77496faff67688a8fd7b4b f3cf2f2864f8488f9ee1f2769b181541 - - default default] Successfully bumped revision number for resource e704efa2-ef87-4b51-bbcd-4afa84e719b6 (type: security_group_rules) to 0
2026-07-09 00:47:14.347 9 INFO neutron.api.wsgi [None req-0ddd3c0e-962f-4c8f-ae3a-76f29c130b25 21194a289b77496faff67688a8fd7b4b f3cf2f2864f8488f9ee1f2769b181541 - - default default] 10.0.0.38 "GET /v2.0/security-groups?tenant_id=72012219efaf4f21be7d499e60fc9fff&name=default HTTP/1.1" status: 200 len: 3120 time: 0.3093994
2026-07-09 00:47:14.368 10 INFO neutron.api.wsgi [None req-91b07a46-0eb3-47d3-a098-ba1311516d67 12e2f43982d24fcebb850e58d7a75fe3 88d6f9bdee3c47dc97f15e648312053d - - default default] 10.0.0.38 "DELETE /v2.0/ports/9eb935db-cb81-47f2-bca8-b3e337db74a1 HTTP/1.1" status: 204 len: 168 time: 0.2731993
2026-07-09 00:47:14.549 9 INFO neutron.api.wsgi [None req-bad3d3f7-3018-422d-b10a-05852ac43bae 21194a289b77496faff67688a8fd7b4b f3cf2f2864f8488f9ee1f2769b181541 - - default default] 10.0.0.38 "DELETE /v2.0/security-groups/fa9ce8da-6f2f-48c2-96b2-fa9b34f21df1 HTTP/1.1" status: 204 len: 168 time: 0.1955702
2026-07-09 00:47:14.563 10 INFO neutron.api.wsgi [None req-df8afba6-5591-4b5a-b2d5-664bee9bfd9b 12e2f43982d24fcebb850e58d7a75fe3 88d6f9bdee3c47dc97f15e648312053d - - default default] 10.0.0.38 "DELETE /v2.0/ports/33fab2cf-6c5d-4254-91f3-3e218c804af4 HTTP/1.1" status: 204 len: 168 time: 0.1847677
2026-07-09 00:47:14.776 9 INFO neutron.api.wsgi [req-e97d909d-bc26-4702-bb52-37d3c99d3dfe req-4f37bdcd-572b-49be-92ba-4381ea6eca57 a988b9cbb1a94682bf5b884c0c537762 ce5bf088d9914f6c9fbb3bea26d74e2e - - default default] 10.0.0.31 "GET /v2.0/ports?device_id=e4b3c11d-8135-4cb3-ac5a-625315f441d9 HTTP/1.1" status: 200 len: 210 time: 0.0281487
2026-07-09 00:47:14.777 10 INFO neutron.api.wsgi [None req-52003c55-5bbf-4c38-9267-9751b6d07425 12e2f43982d24fcebb850e58d7a75fe3 88d6f9bdee3c47dc97f15e648312053d - - default default] 10.0.0.38 "DELETE /v2.0/ports/bb2545db-4bf6-4b6f-afbd-cf2ed35a540e HTTP/1.1" status: 204 len: 168 time: 0.2101917
2026-07-09 00:47:15.093 10 INFO neutron.services.segments.plugin [-] Segment cc5081f4-f226-409f-bd91-c592922e731e resource provider aggregate not found
2026-07-09 00:47:15.099 10 INFO neutron.services.segments.plugin [-] Segment cc5081f4-f226-409f-bd91-c592922e731e resource provider aggregate not found
2026-07-09 00:47:15.111 10 INFO neutron.services.segments.plugin [-] Segment cc5081f4-f226-409f-bd91-c592922e731e resource provider not found; error: Placement Client Error (4xx): {"errors": [{"status": 404, "title": "Not Found", "detail": "The resource could not be found.\n\n No resource provider with uuid cc5081f4-f226-409f-bd91-c592922e731e found for delete ", "request_id": "req-c5944bb5-1bf2-4a15-90d6-1ad7c09a52ca"}]}
2026-07-09 00:47:15.112 10 INFO neutron.services.segments.plugin [-] Segment cc5081f4-f226-409f-bd91-c592922e731e resource provider not found; error: Placement Client Error (4xx): {"errors": [{"status": 404, "title": "Not Found", "detail": "The resource could not be found.\n\n No resource provider with uuid cc5081f4-f226-409f-bd91-c592922e731e found for delete ", "request_id": "req-018ef10f-5f5c-4a84-8e5c-b2d75f664d59"}]}
2026-07-09 00:47:15.131 10 INFO neutron.api.wsgi [None req-a2e5b070-3aa7-4843-9f8c-b2edbb32163a 12e2f43982d24fcebb850e58d7a75fe3 88d6f9bdee3c47dc97f15e648312053d - - default default] 10.0.0.38 "DELETE /v2.0/networks/789b7dd3-70d7-4ab7-adec-4ade9ce9b00b HTTP/1.1" status: 204 len: 168 time: 0.3496208
2026-07-09 00:47:15.460 10 INFO neutron.api.wsgi [None req-36fa30ca-e50c-4829-847f-12c3a567fe61 12e2f43982d24fcebb850e58d7a75fe3 88d6f9bdee3c47dc97f15e648312053d - - default default] 10.0.0.38 "DELETE /v2.0/networks/b5c0bd45-df76-4938-8bad-781f7b085cf8 HTTP/1.1" status: 204 len: 168 time: 0.3238406
2026-07-09 00:47:15.778 10 INFO neutron.api.wsgi [None req-8ca307b9-c6aa-4ed5-8f0d-5b395b7c4482 12e2f43982d24fcebb850e58d7a75fe3 88d6f9bdee3c47dc97f15e648312053d - - default default] 10.0.0.38 "DELETE /v2.0/networks/3c55e7de-57a7-41f8-8fc7-a6d3edb521d8 HTTP/1.1" status: 204 len: 168 time: 0.3115361
2026-07-09 00:47:15.865 10 INFO neutron.api.wsgi [req-64f2fb0b-4206-4858-8772-21a392cdac98 req-cde8f2a0-548e-49c0-9fba-1c16b0bffaac a988b9cbb1a94682bf5b884c0c537762 ce5bf088d9914f6c9fbb3bea26d74e2e - - default default] 10.0.0.31 "GET /v2.0/ports?device_id=e4b3c11d-8135-4cb3-ac5a-625315f441d9 HTTP/1.1" status: 200 len: 210 time: 0.0228326
2026-07-09 00:47:16.109 10 INFO neutron.api.wsgi [None req-b396d2a2-c960-4a7b-bab8-4c351fd149e5 12e2f43982d24fcebb850e58d7a75fe3 88d6f9bdee3c47dc97f15e648312053d - - default default] 10.0.0.38 "DELETE /v2.0/networks/3102caa9-42a9-4355-b60b-562bdecdc848 HTTP/1.1" status: 204 len: 168 time: 0.3250310
2026-07-09 00:47:16.478 10 INFO neutron.api.wsgi [None req-0adc34f3-0e3f-44ba-9383-aba4e6ec16d2 12e2f43982d24fcebb850e58d7a75fe3 88d6f9bdee3c47dc97f15e648312053d - - default default] 10.0.0.38 "DELETE /v2.0/networks/d8f39769-ec9b-45aa-893e-ef557c5c8b59 HTTP/1.1" status: 204 len: 168 time: 0.3624110
2026-07-09 00:47:16.492 9 INFO neutron.api.wsgi [-] 10.0.0.239 "GET / HTTP/1.1" status: 200 len: 247 time: 0.0017762
2026-07-09 00:47:16.492 10 INFO neutron.api.wsgi [-] 10.0.0.239 "GET / HTTP/1.1" status: 200 len: 247 time: 0.0019007
2026-07-09 00:47:16.951 9 INFO neutron.api.wsgi [req-e9ddcfe2-0161-411e-8e54-8b996859bf72 req-2d42192c-0ff9-4dde-9271-f0e78194eda6 a988b9cbb1a94682bf5b884c0c537762 ce5bf088d9914f6c9fbb3bea26d74e2e - - default default] 10.0.0.31 "GET /v2.0/ports?device_id=e4b3c11d-8135-4cb3-ac5a-625315f441d9 HTTP/1.1" status: 200 len: 210 time: 0.0181332
2026-07-09 00:47:17.146 10 INFO neutron.services.segments.plugin [-] Segment 48f89f0d-9517-4567-b0b7-d08ae6e5b387 resource provider aggregate not found
2026-07-09 00:47:17.150 10 INFO neutron.services.segments.plugin [-] Segment 48f89f0d-9517-4567-b0b7-d08ae6e5b387 resource provider aggregate not found
2026-07-09 00:47:17.172 10 INFO neutron.services.segments.plugin [-] Segment 48f89f0d-9517-4567-b0b7-d08ae6e5b387 resource provider not found; error: Placement Client Error (4xx): {"errors": [{"status": 404, "title": "Not Found", "detail": "The resource could not be found.\n\n No resource provider with uuid 48f89f0d-9517-4567-b0b7-d08ae6e5b387 found for delete ", "request_id": "req-46c57a4b-d61a-4cc9-85f9-7413d59e972a"}]}
2026-07-09 00:47:17.177 10 INFO neutron.services.segments.plugin [-] Segment 48f89f0d-9517-4567-b0b7-d08ae6e5b387 resource provider not found; error: Placement Client Error (4xx): {"errors": [{"status": 404, "title": "Not Found", "detail": "The resource could not be found.\n\n No resource provider with uuid 48f89f0d-9517-4567-b0b7-d08ae6e5b387 found for delete ", "request_id": "req-57ef0fb2-029f-47f7-9413-b817b7589159"}]}
2026-07-09 00:47:17.186 10 INFO neutron.services.segments.plugin [-] Segment efcbf730-8bf1-45d1-8c8c-27355b7234f9 resource provider aggregate not found
2026-07-09 00:47:17.199 10 INFO neutron.services.segments.plugin [-] Segment efcbf730-8bf1-45d1-8c8c-27355b7234f9 resource provider aggregate not found
2026-07-09 00:47:17.212 10 INFO neutron.services.segments.plugin [-] Segment efcbf730-8bf1-45d1-8c8c-27355b7234f9 resource provider not found; error: Placement Client Error (4xx): {"errors": [{"status": 404, "title": "Not Found", "detail": "The resource could not be found.\n\n No resource provider with uuid efcbf730-8bf1-45d1-8c8c-27355b7234f9 found for delete ", "request_id": "req-f9a86471-860c-4dbe-85a2-b8757bf346d3"}]}
2026-07-09 00:47:17.218 10 INFO neutron.services.segments.plugin [-] Segment efcbf730-8bf1-45d1-8c8c-27355b7234f9 resource provider not found; error: Placement Client Error (4xx): {"errors": [{"status": 404, "title": "Not Found", "detail": "The resource could not be found.\n\n No resource provider with uuid efcbf730-8bf1-45d1-8c8c-27355b7234f9 found for delete ", "request_id": "req-20c88ece-c235-4856-b410-706181f85d66"}]}
2026-07-09 00:47:17.234 10 INFO neutron.services.segments.plugin [-] Segment 91803ced-4e4e-41d2-acba-616f0361bd37 resource provider aggregate not found
2026-07-09 00:47:17.239 10 INFO neutron.services.segments.plugin [-] Segment 91803ced-4e4e-41d2-acba-616f0361bd37 resource provider aggregate not found
2026-07-09 00:47:17.246 10 INFO neutron.services.segments.plugin [-] Segment 91803ced-4e4e-41d2-acba-616f0361bd37 resource provider not found; error: Placement Client Error (4xx): {"errors": [{"status": 404, "title": "Not Found", "detail": "The resource could not be found.\n\n No resource provider with uuid 91803ced-4e4e-41d2-acba-616f0361bd37 found for delete ", "request_id": "req-ab1ce65c-b753-49de-9638-fe301d05e2fd"}]}
