Jun 17 17:11:42.375857 np0000181242 devstack@neutron-api.service[107517]: INFO neutron.api.extensions [None req-305c4bba-a384-4dfe-b53d-9c36583deed2 None None] Loaded extension: fip-port-details
Jun 17 17:11:42.375881 np0000181242 devstack@neutron-api.service[107519]: DEBUG neutron_lib.callbacks.manager [None req-726fd5c1-6e21-4ee4-8df5-be244659e921 None None] Subscribe: > address_group after_create 55550000, False {{(pid=107519) subscribe /opt/stack/data/venv/lib/python3.12/site-packages/neutron_lib/callbacks/manager.py:52}}
Jun 17 17:11:42.375975 np0000181242 devstack@neutron-api.service[107517]: DEBUG neutron.api.extensions [None req-305c4bba-a384-4dfe-b53d-9c36583deed2 None None] Loading extension file: flavors.py {{(pid=107517) _load_all_extensions_from_path /opt/stack/neutron/neutron/api/extensions.py:449}}
Jun 17 17:11:42.376026 np0000181242 devstack@neutron-api.service[107519]: DEBUG neutron_lib.callbacks.manager [None req-726fd5c1-6e21-4ee4-8df5-be244659e921 None None] Subscribe: > address_group after_update 55550000, False {{(pid=107519) subscribe /opt/stack/data/venv/lib/python3.12/site-packages/neutron_lib/callbacks/manager.py:52}}
Jun 17 17:11:42.376127 np0000181242 devstack@neutron-api.service[107519]: DEBUG neutron_lib.callbacks.manager [None req-726fd5c1-6e21-4ee4-8df5-be244659e921 None None] Subscribe: > address_group after_delete 55550000, False {{(pid=107519) subscribe /opt/stack/data/venv/lib/python3.12/site-packages/neutron_lib/callbacks/manager.py:52}}
Jun 17 17:11:42.376276 np0000181242 devstack@neutron-api.service[107519]: DEBUG neutron.plugins.ml2.ovo_rpc [None req-726fd5c1-6e21-4ee4-8df5-be244659e921 None None] ML2 OVO RPC backend initialized. {{(pid=107519) __init__ /opt/stack/neutron/neutron/plugins/ml2/ovo_rpc.py:117}}
Jun 17 17:11:42.376319 np0000181242 devstack@neutron-api.service[107517]: DEBUG neutron.api.extensions [None req-305c4bba-a384-4dfe-b53d-9c36583deed2 None None] Ext name="Neutron Service Flavors" alias="flavors" description="Flavor specification for Neutron advanced services." updated="2015-09-17T10:00:00-00:00" {{(pid=107517) _check_extension /opt/stack/neutron/neutron/api/extensions.py:415}}
Jun 17 17:11:42.376549 np0000181242 devstack@neutron-api.service[107517]: INFO neutron.api.extensions [None req-305c4bba-a384-4dfe-b53d-9c36583deed2 None None] Loaded extension: flavors
Jun 17 17:11:42.376669 np0000181242 devstack@neutron-api.service[107517]: DEBUG neutron.api.extensions [None req-305c4bba-a384-4dfe-b53d-9c36583deed2 None None] Loading extension file: floating_ip_port_forwarding.py {{(pid=107517) _load_all_extensions_from_path /opt/stack/neutron/neutron/api/extensions.py:449}}
Jun 17 17:11:42.377110 np0000181242 devstack@neutron-api.service[107517]: DEBUG neutron.api.extensions [None req-305c4bba-a384-4dfe-b53d-9c36583deed2 None None] Ext name="Floating IP Port Forwarding" alias="floating-ip-port-forwarding" description="Allow port forwarding from floating IP port to an internal port" updated="2018-01-19T10:00:00-00:00" {{(pid=107517) _check_extension /opt/stack/neutron/neutron/api/extensions.py:415}}
Jun 17 17:11:42.377161 np0000181242 devstack@neutron-api.service[107519]: INFO neutron.quota [None req-726fd5c1-6e21-4ee4-8df5-be244659e921 None None] Loaded quota_driver: .
Jun 17 17:11:42.377236 np0000181242 devstack@neutron-api.service[107519]: INFO neutron.plugins.ml2.plugin [None req-726fd5c1-6e21-4ee4-8df5-be244659e921 None None] Modular L2 Plugin initialization complete
Jun 17 17:11:42.377332 np0000181242 devstack@neutron-api.service[107517]: INFO neutron.api.extensions [None req-305c4bba-a384-4dfe-b53d-9c36583deed2 None None] Extension floating-ip-port-forwarding not supported by any of loaded plugins
Jun 17 17:11:42.377372 np0000181242 devstack@neutron-api.service[107519]: DEBUG neutron.manager [None req-726fd5c1-6e21-4ee4-8df5-be244659e921 None None] Loading services supported by the core plugin {{(pid=107519) _load_services_from_core_plugin /opt/stack/neutron/neutron/manager.py:170}}
Jun 17 17:11:42.377453 np0000181242 devstack@neutron-api.service[107517]: DEBUG neutron.api.extensions [None req-305c4bba-a384-4dfe-b53d-9c36583deed2 None None] Loading extension file: floatingip_pools.py {{(pid=107517) _load_all_extensions_from_path /opt/stack/neutron/neutron/api/extensions.py:449}}
Jun 17 17:11:42.377484 np0000181242 devstack@neutron-api.service[107519]: INFO neutron.plugins.ml2.managers [None req-726fd5c1-6e21-4ee4-8df5-be244659e921 None None] Got port-security extension from driver 'port_security'
Jun 17 17:11:42.377758 np0000181242 devstack@neutron-api.service[107519]: DEBUG neutron.manager [None req-726fd5c1-6e21-4ee4-8df5-be244659e921 None None] Loading service plugins: ['ovn-router', 'auto_allocate', 'tag', 'timestamp', 'network_ip_availability', 'flavors', 'revisions'] {{(pid=107519) _load_service_plugins /opt/stack/neutron/neutron/manager.py:195}}
Jun 17 17:11:42.377805 np0000181242 devstack@neutron-api.service[107517]: DEBUG neutron.api.extensions [None req-305c4bba-a384-4dfe-b53d-9c36583deed2 None None] Ext name="Floating IP Pools Extension" alias="floatingip-pools" description="Provides a floating IP pools API." updated="2018-03-21T10:00:00-00:00" {{(pid=107517) _check_extension /opt/stack/neutron/neutron/api/extensions.py:415}}
Jun 17 17:11:42.377870 np0000181242 devstack@neutron-api.service[107519]: INFO neutron.manager [None req-726fd5c1-6e21-4ee4-8df5-be244659e921 None None] Loading Plugin: ovn-router
Jun 17 17:11:42.378003 np0000181242 devstack@neutron-api.service[107517]: INFO neutron.api.extensions [None req-305c4bba-a384-4dfe-b53d-9c36583deed2 None None] Loaded extension: floatingip-pools
Jun 17 17:11:42.378128 np0000181242 devstack@neutron-api.service[107517]: DEBUG neutron.api.extensions [None req-305c4bba-a384-4dfe-b53d-9c36583deed2 None None] Loading extension file: ip_allocation.py {{(pid=107517) _load_all_extensions_from_path /opt/stack/neutron/neutron/api/extensions.py:449}}
Jun 17 17:11:42.378381 np0000181242 devstack@neutron-api.service[107517]: DEBUG neutron.api.extensions [None req-305c4bba-a384-4dfe-b53d-9c36583deed2 None None] Ext name="IP Allocation" alias="ip_allocation" description="IP allocation extension." updated="2016-06-10T23:00:00-00:00" {{(pid=107517) _check_extension /opt/stack/neutron/neutron/api/extensions.py:415}}
Jun 17 17:11:42.378572 np0000181242 devstack@neutron-api.service[107517]: INFO neutron.api.extensions [None req-305c4bba-a384-4dfe-b53d-9c36583deed2 None None] Extension ip_allocation not supported by any of loaded plugins
Jun 17 17:11:42.378671 np0000181242 devstack@neutron-api.service[107517]: DEBUG neutron.api.extensions [None req-305c4bba-a384-4dfe-b53d-9c36583deed2 None None] Loading extension file: ip_substring_port_filtering.py {{(pid=107517) _load_all_extensions_from_path /opt/stack/neutron/neutron/api/extensions.py:449}}
Jun 17 17:11:42.378935 np0000181242 devstack@neutron-api.service[107517]: DEBUG neutron.api.extensions [None req-305c4bba-a384-4dfe-b53d-9c36583deed2 None None] Ext name="IP address substring filtering" alias="ip-substring-filtering" description="Provides IP address substring filtering when listing ports" updated="2017-11-28T09:00:00-00:00" {{(pid=107517) _check_extension /opt/stack/neutron/neutron/api/extensions.py:415}}
Jun 17 17:11:42.379183 np0000181242 devstack@neutron-api.service[107517]: INFO neutron.api.extensions [None req-305c4bba-a384-4dfe-b53d-9c36583deed2 None None] Extension ip-substring-filtering not supported by any of loaded plugins
Jun 17 17:11:42.379271 np0000181242 devstack@neutron-api.service[107517]: DEBUG neutron.api.extensions [None req-305c4bba-a384-4dfe-b53d-9c36583deed2 None None] Loading extension file: l2_adjacency.py {{(pid=107517) _load_all_extensions_from_path /opt/stack/neutron/neutron/api/extensions.py:449}}
Jun 17 17:11:42.379537 np0000181242 devstack@neutron-api.service[107517]: DEBUG neutron.api.extensions [None req-305c4bba-a384-4dfe-b53d-9c36583deed2 None None] Ext name="L2 Adjacency" alias="l2_adjacency" description="Display L2 Adjacency for Neutron Networks." updated="2016-04-12T16:00:00-00:00" {{(pid=107517) _check_extension /opt/stack/neutron/neutron/api/extensions.py:415}}
Jun 17 17:11:42.379734 np0000181242 devstack@neutron-api.service[107517]: INFO neutron.api.extensions [None req-305c4bba-a384-4dfe-b53d-9c36583deed2 None None] Extension l2_adjacency not supported by any of loaded plugins
Jun 17 17:11:42.379829 np0000181242 devstack@neutron-api.service[107517]: DEBUG neutron.api.extensions [None req-305c4bba-a384-4dfe-b53d-9c36583deed2 None None] Loading extension file: l3.py {{(pid=107517) _load_all_extensions_from_path /opt/stack/neutron/neutron/api/extensions.py:449}}
Jun 17 17:11:42.380333 np0000181242 devstack@neutron-api.service[107517]: DEBUG neutron.api.extensions [None req-305c4bba-a384-4dfe-b53d-9c36583deed2 None None] Ext name="Neutron L3 Router" alias="router" description="Router abstraction for basic L3 forwarding between L2 Neutron networks and access to external networks via a NAT gateway." updated="2012-07-20T10:00:00-00:00" {{(pid=107517) _check_extension /opt/stack/neutron/neutron/api/extensions.py:415}}
Jun 17 17:11:42.380538 np0000181242 devstack@neutron-api.service[107517]: INFO neutron.api.extensions [None req-305c4bba-a384-4dfe-b53d-9c36583deed2 None None] Loaded extension: router
Jun 17 17:11:42.380649 np0000181242 devstack@neutron-api.service[107517]: DEBUG neutron.api.extensions [None req-305c4bba-a384-4dfe-b53d-9c36583deed2 None None] Loading extension file: l3_agent_scheduler_ha_chassis_priority.py {{(pid=107517) _load_all_extensions_from_path /opt/stack/neutron/neutron/api/extensions.py:449}}
Jun 17 17:11:42.380913 np0000181242 devstack@neutron-api.service[107517]: DEBUG neutron.api.extensions [None req-305c4bba-a384-4dfe-b53d-9c36583deed2 None None] Ext name="L3 Agent Scheduler HA Chassis Priority" alias="l3-agent-scheduler-ha-chassis-priority" description="Exposes the HA_Chassis priority in the L3 Agent Scheduler API responses and allows setting priority when scheduling a router to a chassis." updated="2026-03-31T00:00:00-00:00" {{(pid=107517) _check_extension /opt/stack/neutron/neutron/api/extensions.py:415}}
Jun 17 17:11:42.381128 np0000181242 devstack@neutron-api.service[107517]: INFO neutron.api.extensions [None req-305c4bba-a384-4dfe-b53d-9c36583deed2 None None] Loaded extension: l3-agent-scheduler-ha-chassis-priority
Jun 17 17:11:42.381232 np0000181242 devstack@neutron-api.service[107517]: DEBUG neutron.api.extensions [None req-305c4bba-a384-4dfe-b53d-9c36583deed2 None None] Loading extension file: l3_conntrack_helper.py {{(pid=107517) _load_all_extensions_from_path /opt/stack/neutron/neutron/api/extensions.py:449}}
Jun 17 17:11:42.381884 np0000181242 devstack@neutron-api.service[107517]: DEBUG neutron.api.extensions [None req-305c4bba-a384-4dfe-b53d-9c36583deed2 None None] Ext name="L3 Conntrack helper" alias="l3-conntrack-helper" description="Allow adding CT target rules for conntrack helper" updated="2019-04-04T10:00:00-00:00" {{(pid=107517) _check_extension /opt/stack/neutron/neutron/api/extensions.py:415}}
Jun 17 17:11:42.382114 np0000181242 devstack@neutron-api.service[107517]: INFO neutron.api.extensions [None req-305c4bba-a384-4dfe-b53d-9c36583deed2 None None] Extension l3-conntrack-helper not supported by any of loaded plugins
Jun 17 17:11:42.382225 np0000181242 devstack@neutron-api.service[107517]: DEBUG neutron.api.extensions [None req-305c4bba-a384-4dfe-b53d-9c36583deed2 None None] Loading extension file: l3_enable_default_route_bfd.py {{(pid=107517) _load_all_extensions_from_path /opt/stack/neutron/neutron/api/extensions.py:449}}
Jun 17 17:11:42.382495 np0000181242 devstack@neutron-api.service[107517]: DEBUG neutron.api.extensions [None req-305c4bba-a384-4dfe-b53d-9c36583deed2 None None] Ext name="Enable Default Route BFD" alias="enable-default-route-bfd" description="Enables configurable BFD behavior for default routes" updated="2023-02-27T00:00:00-00:00" {{(pid=107517) _check_extension /opt/stack/neutron/neutron/api/extensions.py:415}}
Jun 17 17:11:42.382688 np0000181242 devstack@neutron-api.service[107517]: INFO neutron.api.extensions [None req-305c4bba-a384-4dfe-b53d-9c36583deed2 None None] Loaded extension: enable-default-route-bfd
Jun 17 17:11:42.382801 np0000181242 devstack@neutron-api.service[107517]: DEBUG neutron.api.extensions [None req-305c4bba-a384-4dfe-b53d-9c36583deed2 None None] Loading extension file: l3_enable_default_route_ecmp.py {{(pid=107517) _load_all_extensions_from_path /opt/stack/neutron/neutron/api/extensions.py:449}}
Jun 17 17:11:42.383118 np0000181242 devstack@neutron-api.service[107517]: DEBUG neutron.api.extensions [None req-305c4bba-a384-4dfe-b53d-9c36583deed2 None None] Ext name="Enable Default Route ECMP" alias="enable-default-route-ecmp" description="Enables configurable ECMP behavior for default routes" updated="2023-02-27T00:00:00-00:00" {{(pid=107517) _check_extension /opt/stack/neutron/neutron/api/extensions.py:415}}
Jun 17 17:11:42.383289 np0000181242 devstack@neutron-api.service[107517]: INFO neutron.api.extensions [None req-305c4bba-a384-4dfe-b53d-9c36583deed2 None None] Loaded extension: enable-default-route-ecmp
Jun 17 17:11:42.383397 np0000181242 devstack@neutron-api.service[107517]: DEBUG neutron.api.extensions [None req-305c4bba-a384-4dfe-b53d-9c36583deed2 None None] Loading extension file: l3_ext_gw_mode.py {{(pid=107517) _load_all_extensions_from_path /opt/stack/neutron/neutron/api/extensions.py:449}}
Jun 17 17:11:42.383683 np0000181242 devstack@neutron-api.service[107517]: DEBUG neutron.api.extensions [None req-305c4bba-a384-4dfe-b53d-9c36583deed2 None None] Ext name="Neutron L3 Configurable external gateway mode" alias="ext-gw-mode" description="Extension of the router abstraction for specifying whether SNAT should occur on the external gateway" updated="2013-03-28T10:00:00-00:00" {{(pid=107517) _check_extension /opt/stack/neutron/neutron/api/extensions.py:415}}
Jun 17 17:11:42.383832 np0000181242 devstack@neutron-api.service[107517]: INFO neutron.api.extensions [None req-305c4bba-a384-4dfe-b53d-9c36583deed2 None None] Loaded extension: ext-gw-mode
Jun 17 17:11:42.383958 np0000181242 devstack@neutron-api.service[107517]: DEBUG neutron.api.extensions [None req-305c4bba-a384-4dfe-b53d-9c36583deed2 None None] Loading extension file: l3_ext_ha_mode.py {{(pid=107517) _load_all_extensions_from_path /opt/stack/neutron/neutron/api/extensions.py:449}}
Jun 17 17:11:42.384232 np0000181242 devstack@neutron-api.service[107517]: DEBUG neutron.api.extensions [None req-305c4bba-a384-4dfe-b53d-9c36583deed2 None None] Ext name="HA Router extension" alias="l3-ha" description="Adds HA capability to routers." updated="2014-04-26T00:00:00-00:00" {{(pid=107517) _check_extension /opt/stack/neutron/neutron/api/extensions.py:415}}
Jun 17 17:11:42.384415 np0000181242 devstack@neutron-api.service[107517]: INFO neutron.api.extensions [None req-305c4bba-a384-4dfe-b53d-9c36583deed2 None None] Loaded extension: l3-ha
Jun 17 17:11:42.384509 np0000181242 devstack@neutron-api.service[107517]: DEBUG neutron.api.extensions [None req-305c4bba-a384-4dfe-b53d-9c36583deed2 None None] Loading extension file: l3_ext_ndp_proxy.py {{(pid=107517) _load_all_extensions_from_path /opt/stack/neutron/neutron/api/extensions.py:449}}
Jun 17 17:11:42.384768 np0000181242 devstack@neutron-api.service[107517]: DEBUG neutron.api.extensions [None req-305c4bba-a384-4dfe-b53d-9c36583deed2 None None] Ext name="Router support to enable NDP proxy" alias="l3-ext-ndp-proxy" description="Router extension to enable ndp proxy" updated="2020-08-25T00:00:00-00:00" {{(pid=107517) _check_extension /opt/stack/neutron/neutron/api/extensions.py:415}}
Jun 17 17:11:42.384957 np0000181242 devstack@neutron-api.service[107517]: INFO neutron.api.extensions [None req-305c4bba-a384-4dfe-b53d-9c36583deed2 None None] Extension l3-ext-ndp-proxy not supported by any of loaded plugins
Jun 17 17:11:42.385097 np0000181242 devstack@neutron-api.service[107517]: DEBUG neutron.api.extensions [None req-305c4bba-a384-4dfe-b53d-9c36583deed2 None None] Loading extension file: l3_extra_gws.py {{(pid=107517) _load_all_extensions_from_path /opt/stack/neutron/neutron/api/extensions.py:449}}
Jun 17 17:11:42.385352 np0000181242 devstack@neutron-api.service[107517]: DEBUG neutron.api.extensions [None req-305c4bba-a384-4dfe-b53d-9c36583deed2 None None] Ext name="Neutron L3 External Gateway Multihoming" alias="external-gateway-multihoming" description="Allow multiple external gateway ports per router" updated="2023-01-18T00:00:00-00:00" {{(pid=107517) _check_extension /opt/stack/neutron/neutron/api/extensions.py:415}}
Jun 17 17:11:42.386564 np0000181242 devstack@neutron-api.service[107517]: INFO neutron.api.extensions [None req-305c4bba-a384-4dfe-b53d-9c36583deed2 None None] Loaded extension: external-gateway-multihoming
Jun 17 17:11:42.386671 np0000181242 devstack@neutron-api.service[107517]: DEBUG neutron.api.extensions [None req-305c4bba-a384-4dfe-b53d-9c36583deed2 None None] Loading extension file: l3_flavors.py {{(pid=107517) _load_all_extensions_from_path /opt/stack/neutron/neutron/api/extensions.py:449}}
Jun 17 17:11:42.386929 np0000181242 devstack@neutron-api.service[107517]: DEBUG neutron.api.extensions [None req-305c4bba-a384-4dfe-b53d-9c36583deed2 None None] Ext name="Router Flavor Extension" alias="l3-flavors" description="Flavor support for routers." updated="2016-05-17T00:00:00-00:00" {{(pid=107517) _check_extension /opt/stack/neutron/neutron/api/extensions.py:415}}
Jun 17 17:11:42.387191 np0000181242 devstack@neutron-api.service[107517]: INFO neutron.api.extensions [None req-305c4bba-a384-4dfe-b53d-9c36583deed2 None None] Loaded extension: l3-flavors
Jun 17 17:11:42.387290 np0000181242 devstack@neutron-api.service[107517]: DEBUG neutron.api.extensions [None req-305c4bba-a384-4dfe-b53d-9c36583deed2 None None] Loading extension file: l3_ndp_proxy.py {{(pid=107517) _load_all_extensions_from_path /opt/stack/neutron/neutron/api/extensions.py:449}}
Jun 17 17:11:42.387624 np0000181242 devstack@neutron-api.service[107517]: DEBUG neutron.api.extensions [None req-305c4bba-a384-4dfe-b53d-9c36583deed2 None None] Ext name="name" alias="l3-ndp-proxy" description="description" updated="2021-06-29T10:00:00-00:00" {{(pid=107517) _check_extension /opt/stack/neutron/neutron/api/extensions.py:415}}
Jun 17 17:11:42.387826 np0000181242 devstack@neutron-api.service[107517]: INFO neutron.api.extensions [None req-305c4bba-a384-4dfe-b53d-9c36583deed2 None None] Extension l3-ndp-proxy not supported by any of loaded plugins
Jun 17 17:11:42.387933 np0000181242 devstack@neutron-api.service[107517]: DEBUG neutron.api.extensions [None req-305c4bba-a384-4dfe-b53d-9c36583deed2 None None] Loading extension file: l3_port_ip_change_not_allowed.py {{(pid=107517) _load_all_extensions_from_path /opt/stack/neutron/neutron/api/extensions.py:449}}
Jun 17 17:11:42.387966 np0000181242 devstack@neutron-api.service[107519]: DEBUG neutron_lib.callbacks.manager [None req-726fd5c1-6e21-4ee4-8df5-be244659e921 None None] Subscribe: > router before_delete 55550000, False {{(pid=107519) subscribe /opt/stack/data/venv/lib/python3.12/site-packages/neutron_lib/callbacks/manager.py:52}}
Jun 17 17:11:42.388136 np0000181242 devstack@neutron-api.service[107519]: DEBUG neutron_lib.callbacks.manager [None req-726fd5c1-6e21-4ee4-8df5-be244659e921 None None] Subscribe: port before_update 55550000, False {{(pid=107519) subscribe /opt/stack/data/venv/lib/python3.12/site-packages/neutron_lib/callbacks/manager.py:52}}
Jun 17 17:11:42.388215 np0000181242 devstack@neutron-api.service[107517]: DEBUG neutron.api.extensions [None req-305c4bba-a384-4dfe-b53d-9c36583deed2 None None] Ext name="Prevent L3 router ports IP address change extension" alias="l3-port-ip-change-not-allowed" description="Prevent change of IP address for some L3 router ports" updated="2018-10-09T10:00:00-00:00" {{(pid=107517) _check_extension /opt/stack/neutron/neutron/api/extensions.py:415}}
Jun 17 17:11:42.388258 np0000181242 devstack@neutron-api.service[107519]: DEBUG neutron_lib.callbacks.manager [None req-726fd5c1-6e21-4ee4-8df5-be244659e921 None None] Subscribe: port after_update 55550000, False {{(pid=107519) subscribe /opt/stack/data/venv/lib/python3.12/site-packages/neutron_lib/callbacks/manager.py:52}}
Jun 17 17:11:42.388324 np0000181242 devstack@neutron-api.service[107519]: DEBUG neutron_lib.callbacks.manager [None req-726fd5c1-6e21-4ee4-8df5-be244659e921 None None] Subscribe: > port precommit_delete 55550000, False {{(pid=107519) subscribe /opt/stack/data/venv/lib/python3.12/site-packages/neutron_lib/callbacks/manager.py:52}}
Jun 17 17:11:42.388442 np0000181242 devstack@neutron-api.service[107519]: DEBUG neutron_lib.callbacks.manager [None req-726fd5c1-6e21-4ee4-8df5-be244659e921 None None] Subscribe: port before_update 55550000, False {{(pid=107519) subscribe /opt/stack/data/venv/lib/python3.12/site-packages/neutron_lib/callbacks/manager.py:52}}
Jun 17 17:11:42.388477 np0000181242 devstack@neutron-api.service[107517]: INFO neutron.api.extensions [None req-305c4bba-a384-4dfe-b53d-9c36583deed2 None None] Extension l3-port-ip-change-not-allowed not supported by any of loaded plugins
Jun 17 17:11:42.388543 np0000181242 devstack@neutron-api.service[107519]: DEBUG neutron_lib.callbacks.manager [None req-726fd5c1-6e21-4ee4-8df5-be244659e921 None None] Subscribe: port before_delete 55550000, False {{(pid=107519) subscribe /opt/stack/data/venv/lib/python3.12/site-packages/neutron_lib/callbacks/manager.py:52}}
Jun 17 17:11:42.388593 np0000181242 devstack@neutron-api.service[107517]: DEBUG neutron.api.extensions [None req-305c4bba-a384-4dfe-b53d-9c36583deed2 None None] Loading extension file: l3agentscheduler.py {{(pid=107517) _load_all_extensions_from_path /opt/stack/neutron/neutron/api/extensions.py:449}}
Jun 17 17:11:42.388645 np0000181242 devstack@neutron-api.service[107519]: DEBUG neutron_lib.callbacks.manager [None req-726fd5c1-6e21-4ee4-8df5-be244659e921 None None] Subscribe: > router precommit_create 55550000, False {{(pid=107519) subscribe /opt/stack/data/venv/lib/python3.12/site-packages/neutron_lib/callbacks/manager.py:52}}
Jun 17 17:11:42.388863 np0000181242 devstack@neutron-api.service[107519]: DEBUG neutron_lib.callbacks.manager [None req-726fd5c1-6e21-4ee4-8df5-be244659e921 None None] Subscribe: > router precommit_create 55550000, False {{(pid=107519) subscribe /opt/stack/data/venv/lib/python3.12/site-packages/neutron_lib/callbacks/manager.py:52}}
Jun 17 17:11:42.388863 np0000181242 devstack@neutron-api.service[107519]: DEBUG neutron_lib.callbacks.manager [None req-726fd5c1-6e21-4ee4-8df5-be244659e921 None None] Subscribe: > router precommit_update 55550000, False {{(pid=107519) subscribe /opt/stack/data/venv/lib/python3.12/site-packages/neutron_lib/callbacks/manager.py:52}}
Jun 17 17:11:42.388949 np0000181242 devstack@neutron-api.service[107519]: DEBUG neutron_lib.callbacks.manager [None req-726fd5c1-6e21-4ee4-8df5-be244659e921 None None] Subscribe: subnet after_update 55550000, False {{(pid=107519) subscribe /opt/stack/data/venv/lib/python3.12/site-packages/neutron_lib/callbacks/manager.py:52}}
Jun 17 17:11:42.389173 np0000181242 devstack@neutron-api.service[107519]: DEBUG neutron.quota.resource_registry [None req-726fd5c1-6e21-4ee4-8df5-be244659e921 None None] Tracking information for resource: router configured {{(pid=107519) set_tracked_resource /opt/stack/neutron/neutron/quota/resource_registry.py:203}}
Jun 17 17:11:42.389263 np0000181242 devstack@neutron-api.service[107519]: DEBUG neutron.quota.resource_registry [None req-726fd5c1-6e21-4ee4-8df5-be244659e921 None None] Tracking information for resource: floatingip configured {{(pid=107519) set_tracked_resource /opt/stack/neutron/neutron/quota/resource_registry.py:203}}
Jun 17 17:11:42.389345 np0000181242 devstack@neutron-api.service[107517]: DEBUG neutron.api.extensions [None req-305c4bba-a384-4dfe-b53d-9c36583deed2 None None] Ext name="L3 Agent Scheduler" alias="l3_agent_scheduler" description="Schedule routers among l3 agents" updated="2013-02-07T10:00:00-00:00" {{(pid=107517) _check_extension /opt/stack/neutron/neutron/api/extensions.py:415}}
Jun 17 17:11:42.389417 np0000181242 devstack@neutron-api.service[107519]: INFO neutron.services.ovn_l3.plugin [None req-726fd5c1-6e21-4ee4-8df5-be244659e921 None None] Starting OVNL3RouterPlugin
Jun 17 17:11:42.389562 np0000181242 devstack@neutron-api.service[107517]: INFO neutron.api.extensions [None req-305c4bba-a384-4dfe-b53d-9c36583deed2 None None] Loaded extension: l3_agent_scheduler
Jun 17 17:11:42.389607 np0000181242 devstack@neutron-api.service[107519]: DEBUG neutron_lib.callbacks.manager [None req-726fd5c1-6e21-4ee4-8df5-be244659e921 None None] Subscribe: > port_forwarding_plugin after_init 55550000, False {{(pid=107519) subscribe /opt/stack/data/venv/lib/python3.12/site-packages/neutron_lib/callbacks/manager.py:52}}
Jun 17 17:11:42.389683 np0000181242 devstack@neutron-api.service[107517]: DEBUG neutron.api.extensions [None req-305c4bba-a384-4dfe-b53d-9c36583deed2 None None] Loading extension file: local_ip.py {{(pid=107517) _load_all_extensions_from_path /opt/stack/neutron/neutron/api/extensions.py:449}}
Jun 17 17:11:42.389751 np0000181242 devstack@neutron-api.service[107519]: DEBUG neutron_lib.callbacks.manager [None req-726fd5c1-6e21-4ee4-8df5-be244659e921 None None] Subscribe: > router before_create 55550100, False {{(pid=107519) subscribe /opt/stack/data/venv/lib/python3.12/site-packages/neutron_lib/callbacks/manager.py:52}}
Jun 17 17:11:42.389871 np0000181242 devstack@neutron-api.service[107519]: DEBUG neutron_lib.callbacks.manager [None req-726fd5c1-6e21-4ee4-8df5-be244659e921 None None] Subscribe: > router precommit_delete 55550100, False {{(pid=107519) subscribe /opt/stack/data/venv/lib/python3.12/site-packages/neutron_lib/callbacks/manager.py:52}}
Jun 17 17:11:42.389975 np0000181242 devstack@neutron-api.service[107519]: DEBUG neutron_lib.callbacks.manager [None req-726fd5c1-6e21-4ee4-8df5-be244659e921 None None] Subscribe: > router precommit_create 55550100, False {{(pid=107519) subscribe /opt/stack/data/venv/lib/python3.12/site-packages/neutron_lib/callbacks/manager.py:52}}
Jun 17 17:11:42.390096 np0000181242 devstack@neutron-api.service[107519]: DEBUG neutron_lib.callbacks.manager [None req-726fd5c1-6e21-4ee4-8df5-be244659e921 None None] Subscribe: > router precommit_update 55550100, False {{(pid=107519) subscribe /opt/stack/data/venv/lib/python3.12/site-packages/neutron_lib/callbacks/manager.py:52}}
Jun 17 17:11:42.390165 np0000181242 devstack@neutron-api.service[107517]: DEBUG neutron.api.extensions [None req-305c4bba-a384-4dfe-b53d-9c36583deed2 None None] Ext name="Local IP" alias="local_ip" description="Support Node Local Virtual IP" updated="2021-07-26T10:00:00-00:00" {{(pid=107517) _check_extension /opt/stack/neutron/neutron/api/extensions.py:415}}
Jun 17 17:11:42.390327 np0000181242 devstack@neutron-api.service[107517]: INFO neutron.api.extensions [None req-305c4bba-a384-4dfe-b53d-9c36583deed2 None None] Extension local_ip not supported by any of loaded plugins
Jun 17 17:11:42.390446 np0000181242 devstack@neutron-api.service[107517]: DEBUG neutron.api.extensions [None req-305c4bba-a384-4dfe-b53d-9c36583deed2 None None] Loading extension file: logging.py {{(pid=107517) _load_all_extensions_from_path /opt/stack/neutron/neutron/api/extensions.py:449}}
Jun 17 17:11:42.390823 np0000181242 devstack@neutron-api.service[107517]: DEBUG neutron.api.extensions [None req-305c4bba-a384-4dfe-b53d-9c36583deed2 None None] Ext name="Logging API Extension" alias="logging" description="Provides a logging API for resources such as security group and firewall." updated="2017-01-01T10:00:00-00:00" {{(pid=107517) _check_extension /opt/stack/neutron/neutron/api/extensions.py:415}}
Jun 17 17:11:42.391021 np0000181242 devstack@neutron-api.service[107517]: INFO neutron.api.extensions [None req-305c4bba-a384-4dfe-b53d-9c36583deed2 None None] Extension logging not supported by any of loaded plugins
Jun 17 17:11:42.391177 np0000181242 devstack@neutron-api.service[107517]: DEBUG neutron.api.extensions [None req-305c4bba-a384-4dfe-b53d-9c36583deed2 None None] Loading extension file: metering.py {{(pid=107517) _load_all_extensions_from_path /opt/stack/neutron/neutron/api/extensions.py:449}}
Jun 17 17:11:42.391532 np0000181242 devstack@neutron-api.service[107517]: DEBUG neutron.api.extensions [None req-305c4bba-a384-4dfe-b53d-9c36583deed2 None None] Ext name="Neutron Metering" alias="metering" description="Neutron Metering extension." updated="2013-06-12T10:00:00-00:00" {{(pid=107517) _check_extension /opt/stack/neutron/neutron/api/extensions.py:415}}
Jun 17 17:11:42.391721 np0000181242 devstack@neutron-api.service[107517]: INFO neutron.api.extensions [None req-305c4bba-a384-4dfe-b53d-9c36583deed2 None None] Extension metering not supported by any of loaded plugins
Jun 17 17:11:42.391817 np0000181242 devstack@neutron-api.service[107517]: DEBUG neutron.api.extensions [None req-305c4bba-a384-4dfe-b53d-9c36583deed2 None None] Loading extension file: metering_source_and_destination_fields.py {{(pid=107517) _load_all_extensions_from_path /opt/stack/neutron/neutron/api/extensions.py:449}}
Jun 17 17:11:42.392139 np0000181242 devstack@neutron-api.service[107517]: DEBUG neutron.api.extensions [None req-305c4bba-a384-4dfe-b53d-9c36583deed2 None None] Ext name="Neutron Metering with source and destination filtering" alias="metering_source_and_destination_fields" description="Neutron Metering extension that enables the use of source and destination IP prefixes to create metering label rules." updated="2020-08-21T08:12:00-00:00" {{(pid=107517) _check_extension /opt/stack/neutron/neutron/api/extensions.py:415}}
Jun 17 17:11:42.392297 np0000181242 devstack@neutron-api.service[107517]: INFO neutron.api.extensions [None req-305c4bba-a384-4dfe-b53d-9c36583deed2 None None] Extension metering_source_and_destination_fields not supported by any of loaded plugins
Jun 17 17:11:42.392405 np0000181242 devstack@neutron-api.service[107517]: DEBUG neutron.api.extensions [None req-305c4bba-a384-4dfe-b53d-9c36583deed2 None None] Loading extension file: multiprovidernet.py {{(pid=107517) _load_all_extensions_from_path /opt/stack/neutron/neutron/api/extensions.py:449}}
Jun 17 17:11:42.392674 np0000181242 devstack@neutron-api.service[107517]: DEBUG neutron.api.extensions [None req-305c4bba-a384-4dfe-b53d-9c36583deed2 None None] Ext name="Multi Provider Network" alias="multi-provider" description="Expose mapping of virtual networks to multiple physical networks" updated="2013-06-27T10:00:00-00:00" {{(pid=107517) _check_extension /opt/stack/neutron/neutron/api/extensions.py:415}}
Jun 17 17:11:42.392852 np0000181242 devstack@neutron-api.service[107517]: INFO neutron.api.extensions [None req-305c4bba-a384-4dfe-b53d-9c36583deed2 None None] Loaded extension: multi-provider
Jun 17 17:11:42.392953 np0000181242 devstack@neutron-api.service[107517]: DEBUG neutron.api.extensions [None req-305c4bba-a384-4dfe-b53d-9c36583deed2 None None] Loading extension file: netmtu.py {{(pid=107517) _load_all_extensions_from_path /opt/stack/neutron/neutron/api/extensions.py:449}}
Jun 17 17:11:42.393235 np0000181242 devstack@neutron-api.service[107517]: DEBUG neutron.api.extensions [None req-305c4bba-a384-4dfe-b53d-9c36583deed2 None None] Ext name="Network MTU" alias="net-mtu" description="Provides MTU attribute for a network resource." updated="2015-03-25T10:00:00-00:00" {{(pid=107517) _check_extension /opt/stack/neutron/neutron/api/extensions.py:415}}
Jun 17 17:11:42.393418 np0000181242 devstack@neutron-api.service[107517]: INFO neutron.api.extensions [None req-305c4bba-a384-4dfe-b53d-9c36583deed2 None None] Loaded extension: net-mtu
Jun 17 17:11:42.393515 np0000181242 devstack@neutron-api.service[107517]: DEBUG neutron.api.extensions [None req-305c4bba-a384-4dfe-b53d-9c36583deed2 None None] Loading extension file: netmtu_writable.py {{(pid=107517) _load_all_extensions_from_path /opt/stack/neutron/neutron/api/extensions.py:449}}
Jun 17 17:11:42.393651 np0000181242 devstack@neutron-api.service[107519]: DEBUG neutron.services.provider_configuration [None req-726fd5c1-6e21-4ee4-8df5-be244659e921 None None] Service providers = [] {{(pid=107519) parse_service_provider_opt /opt/stack/neutron/neutron/services/provider_configuration.py:170}}
Jun 17 17:11:42.393763 np0000181242 devstack@neutron-api.service[107519]: DEBUG neutron.db.servicetype_db [None req-726fd5c1-6e21-4ee4-8df5-be244659e921 None None] Adding provider configuration for service L3_ROUTER_NAT {{(pid=107519) add_provider_configuration /opt/stack/neutron/neutron/db/servicetype_db.py:45}}
Jun 17 17:11:42.393810 np0000181242 devstack@neutron-api.service[107517]: DEBUG neutron.api.extensions [None req-305c4bba-a384-4dfe-b53d-9c36583deed2 None None] Ext name="Network MTU (writable)" alias="net-mtu-writable" description="Provides a writable MTU attribute for a network resource." updated="2017-07-12T00:00:00-00:00" {{(pid=107517) _check_extension /opt/stack/neutron/neutron/api/extensions.py:415}}
Jun 17 17:11:42.394009 np0000181242 devstack@neutron-api.service[107517]: INFO neutron.api.extensions [None req-305c4bba-a384-4dfe-b53d-9c36583deed2 None None] Loaded extension: net-mtu-writable
Jun 17 17:11:42.394113 np0000181242 devstack@neutron-api.service[107517]: DEBUG neutron.api.extensions [None req-305c4bba-a384-4dfe-b53d-9c36583deed2 None None] Loading extension file: network_availability_zone.py {{(pid=107517) _load_all_extensions_from_path /opt/stack/neutron/neutron/api/extensions.py:449}}
Jun 17 17:11:42.394450 np0000181242 devstack@neutron-api.service[107517]: DEBUG neutron.api.extensions [None req-305c4bba-a384-4dfe-b53d-9c36583deed2 None None] Ext name="Network Availability Zone" alias="network_availability_zone" description="Availability zone support for network." updated="2015-01-01T10:00:00-00:00" {{(pid=107517) _check_extension /opt/stack/neutron/neutron/api/extensions.py:415}}
Jun 17 17:11:42.394680 np0000181242 devstack@neutron-api.service[107517]: INFO neutron.api.extensions [None req-305c4bba-a384-4dfe-b53d-9c36583deed2 None None] Loaded extension: network_availability_zone
Jun 17 17:11:42.394791 np0000181242 devstack@neutron-api.service[107517]: DEBUG neutron.api.extensions [None req-305c4bba-a384-4dfe-b53d-9c36583deed2 None None] Loading extension file: network_ha.py {{(pid=107517) _load_all_extensions_from_path /opt/stack/neutron/neutron/api/extensions.py:449}}
Jun 17 17:11:42.394965 np0000181242 devstack@neutron-api.service[107519]: DEBUG neutron_lib.callbacks.manager [None req-726fd5c1-6e21-4ee4-8df5-be244659e921 None None] Subscribe: > router precommit_create 55549900, False {{(pid=107519) subscribe /opt/stack/data/venv/lib/python3.12/site-packages/neutron_lib/callbacks/manager.py:52}}
Jun 17 17:11:42.395095 np0000181242 devstack@neutron-api.service[107517]: DEBUG neutron.api.extensions [None req-305c4bba-a384-4dfe-b53d-9c36583deed2 None None] Ext name="Network HA creation flag" alias="network_ha" description="Network high availability creation flag." updated="2023-04-27T10:00:00-00:00" {{(pid=107517) _check_extension /opt/stack/neutron/neutron/api/extensions.py:415}}
Jun 17 17:11:42.395148 np0000181242 devstack@neutron-api.service[107519]: DEBUG neutron_lib.callbacks.manager [None req-726fd5c1-6e21-4ee4-8df5-be244659e921 None None] Subscribe: > router_interface after_create 55550000, False {{(pid=107519) subscribe /opt/stack/data/venv/lib/python3.12/site-packages/neutron_lib/callbacks/manager.py:52}}
Jun 17 17:11:42.395245 np0000181242 devstack@neutron-api.service[107519]: DEBUG neutron_lib.callbacks.manager [None req-726fd5c1-6e21-4ee4-8df5-be244659e921 None None] Subscribe: > floatingip after_create 55550000, False {{(pid=107519) subscribe /opt/stack/data/venv/lib/python3.12/site-packages/neutron_lib/callbacks/manager.py:52}}
Jun 17 17:11:42.395325 np0000181242 devstack@neutron-api.service[107519]: DEBUG neutron_lib.callbacks.manager [None req-726fd5c1-6e21-4ee4-8df5-be244659e921 None None] Subscribe: > floatingip precommit_create 55550000, False {{(pid=107519) subscribe /opt/stack/data/venv/lib/python3.12/site-packages/neutron_lib/callbacks/manager.py:52}}
Jun 17 17:11:42.395410 np0000181242 devstack@neutron-api.service[107517]: INFO neutron.api.extensions [None req-305c4bba-a384-4dfe-b53d-9c36583deed2 None None] Extension network_ha not supported by any of loaded plugins
Jun 17 17:11:42.395457 np0000181242 devstack@neutron-api.service[107519]: DEBUG neutron_lib.callbacks.manager [None req-726fd5c1-6e21-4ee4-8df5-be244659e921 None None] Subscribe: > floatingip precommit_update 55550000, False {{(pid=107519) subscribe /opt/stack/data/venv/lib/python3.12/site-packages/neutron_lib/callbacks/manager.py:52}}
Jun 17 17:11:42.395494 np0000181242 devstack@neutron-api.service[107517]: DEBUG neutron.api.extensions [None req-305c4bba-a384-4dfe-b53d-9c36583deed2 None None] Loading extension file: network_ip_availability.py {{(pid=107517) _load_all_extensions_from_path /opt/stack/neutron/neutron/api/extensions.py:449}}
Jun 17 17:11:42.395553 np0000181242 devstack@neutron-api.service[107519]: DEBUG neutron_lib.callbacks.manager [None req-726fd5c1-6e21-4ee4-8df5-be244659e921 None None] Subscribe: > floatingip after_delete 55550000, False {{(pid=107519) subscribe /opt/stack/data/venv/lib/python3.12/site-packages/neutron_lib/callbacks/manager.py:52}}
Jun 17 17:11:42.395618 np0000181242 devstack@neutron-api.service[107519]: DEBUG neutron_lib.callbacks.manager [None req-726fd5c1-6e21-4ee4-8df5-be244659e921 None None] Subscribe: > floatingip after_status_update 55550000, False {{(pid=107519) subscribe /opt/stack/data/venv/lib/python3.12/site-packages/neutron_lib/callbacks/manager.py:52}}
Jun 17 17:11:42.395776 np0000181242 devstack@neutron-api.service[107519]: DEBUG neutron_lib.callbacks.manager [None req-726fd5c1-6e21-4ee4-8df5-be244659e921 None None] Subscribe: > floatingip after_update 55550000, False {{(pid=107519) subscribe /opt/stack/data/venv/lib/python3.12/site-packages/neutron_lib/callbacks/manager.py:52}}
Jun 17 17:11:42.395885 np0000181242 devstack@neutron-api.service[107517]: DEBUG neutron.api.extensions [None req-305c4bba-a384-4dfe-b53d-9c36583deed2 None None] Ext name="Network IP Availability" alias="network-ip-availability" description="Provides IP availability data for each network and subnet." updated="2015-09-24T00:00:00-00:00" {{(pid=107517) _check_extension /opt/stack/neutron/neutron/api/extensions.py:415}}
Jun 17 17:11:42.395981 np0000181242 devstack@neutron-api.service[107519]: DEBUG neutron_lib.callbacks.manager [None req-726fd5c1-6e21-4ee4-8df5-be244659e921 None None] Subscribe: > port_forwarding after_create 55550000, False {{(pid=107519) subscribe /opt/stack/data/venv/lib/python3.12/site-packages/neutron_lib/callbacks/manager.py:52}}
Jun 17 17:11:42.395981 np0000181242 devstack@neutron-api.service[107519]: DEBUG neutron_lib.callbacks.manager [None req-726fd5c1-6e21-4ee4-8df5-be244659e921 None None] Subscribe: > router_interface after_delete 55550000, False {{(pid=107519) subscribe /opt/stack/data/venv/lib/python3.12/site-packages/neutron_lib/callbacks/manager.py:52}}
Jun 17 17:11:42.396170 np0000181242 devstack@neutron-api.service[107517]: INFO neutron.api.extensions [None req-305c4bba-a384-4dfe-b53d-9c36583deed2 None None] Loaded extension: network-ip-availability
Jun 17 17:11:42.396286 np0000181242 devstack@neutron-api.service[107519]: DEBUG neutron_lib.callbacks.manager [None req-726fd5c1-6e21-4ee4-8df5-be244659e921 None None] Subscribe: > router after_create 55550000, False {{(pid=107519) subscribe /opt/stack/data/venv/lib/python3.12/site-packages/neutron_lib/callbacks/manager.py:52}}
Jun 17 17:11:42.396381 np0000181242 devstack@neutron-api.service[107517]: DEBUG neutron.api.extensions [None req-305c4bba-a384-4dfe-b53d-9c36583deed2 None None] Loading extension file: network_ip_availability_details.py {{(pid=107517) _load_all_extensions_from_path /opt/stack/neutron/neutron/api/extensions.py:449}}
Jun 17 17:11:42.396430 np0000181242 devstack@neutron-api.service[107519]: DEBUG neutron_lib.callbacks.manager [None req-726fd5c1-6e21-4ee4-8df5-be244659e921 None None] Subscribe: > router precommit_create 55550000, False {{(pid=107519) subscribe /opt/stack/data/venv/lib/python3.12/site-packages/neutron_lib/callbacks/manager.py:52}}
Jun 17 17:11:42.396430 np0000181242 devstack@neutron-api.service[107519]: DEBUG neutron_lib.callbacks.manager [None req-726fd5c1-6e21-4ee4-8df5-be244659e921 None None] Subscribe: > router after_delete 55550000, False {{(pid=107519) subscribe /opt/stack/data/venv/lib/python3.12/site-packages/neutron_lib/callbacks/manager.py:52}}
Jun 17 17:11:42.396430 np0000181242 devstack@neutron-api.service[107519]: DEBUG neutron_lib.callbacks.manager [None req-726fd5c1-6e21-4ee4-8df5-be244659e921 None None] Subscribe: > router after_update 55550000, False {{(pid=107519) subscribe /opt/stack/data/venv/lib/python3.12/site-packages/neutron_lib/callbacks/manager.py:52}}
Jun 17 17:11:42.396625 np0000181242 devstack@neutron-api.service[107517]: DEBUG neutron.api.extensions [None req-305c4bba-a384-4dfe-b53d-9c36583deed2 None None] Ext name="Network IP Availability Details Extension" alias="network-ip-availability-details" description="Add ip_availability_details attribute to network-ip-availabilities resource." updated="2025-10-31T00:00:00-00:00" {{(pid=107517) _check_extension /opt/stack/neutron/neutron/api/extensions.py:415}}
Jun 17 17:11:42.396661 np0000181242 devstack@neutron-api.service[107519]: DEBUG neutron.services.service_base [None req-726fd5c1-6e21-4ee4-8df5-be244659e921 None None] Loaded 'neutron.services.ovn_l3.service_providers.ovn.OvnDriver' provider for service L3_ROUTER_NAT {{(pid=107519) load_drivers /opt/stack/neutron/neutron/services/service_base.py:49}}
Jun 17 17:11:42.396661 np0000181242 devstack@neutron-api.service[107519]: DEBUG neutron_lib.callbacks.manager [None req-726fd5c1-6e21-4ee4-8df5-be244659e921 None None] Subscribe: > process after_init 55550001, True {{(pid=107519) subscribe /opt/stack/data/venv/lib/python3.12/site-packages/neutron_lib/callbacks/manager.py:52}}
Jun 17 17:11:42.396727 np0000181242 devstack@neutron-api.service[107517]: INFO neutron.api.extensions [None req-305c4bba-a384-4dfe-b53d-9c36583deed2 None None] Loaded extension: network-ip-availability-details
Jun 17 17:11:42.396727 np0000181242 devstack@neutron-api.service[107517]: DEBUG neutron.api.extensions [None req-305c4bba-a384-4dfe-b53d-9c36583deed2 None None] Loading extension file: network_segment_range.py {{(pid=107517) _load_all_extensions_from_path /opt/stack/neutron/neutron/api/extensions.py:449}}
Jun 17 17:11:42.396797 np0000181242 devstack@neutron-api.service[107519]: DEBUG neutron.manager [None req-726fd5c1-6e21-4ee4-8df5-be244659e921 None None] Successfully loaded L3_ROUTER_NAT plugin. Description: L3 Router Service Plugin for basic L3 forwarding using OVN {{(pid=107519) _create_and_add_service_plugin /opt/stack/neutron/neutron/manager.py:239}}
Jun 17 17:11:42.396797 np0000181242 devstack@neutron-api.service[107519]: INFO neutron.manager [None req-726fd5c1-6e21-4ee4-8df5-be244659e921 None None] Loading Plugin: auto_allocate
Jun 17 17:11:42.397027 np0000181242 devstack@neutron-api.service[107517]: DEBUG neutron.api.extensions [None req-305c4bba-a384-4dfe-b53d-9c36583deed2 None None] Ext name="Neutron Network Segment Range" alias="network-segment-range" description="Provides support for the network segment range management" updated="2018-11-29T00:00:00-00:00" {{(pid=107517) _check_extension /opt/stack/neutron/neutron/api/extensions.py:415}}
Jun 17 17:11:42.397241 np0000181242 devstack@neutron-api.service[107517]: INFO neutron.api.extensions [None req-305c4bba-a384-4dfe-b53d-9c36583deed2 None None] Extension network-segment-range not supported by any of loaded plugins
Jun 17 17:11:42.397347 np0000181242 devstack@neutron-api.service[107517]: DEBUG neutron.api.extensions [None req-305c4bba-a384-4dfe-b53d-9c36583deed2 None None] Loading extension file: pagination.py {{(pid=107517) _load_all_extensions_from_path /opt/stack/neutron/neutron/api/extensions.py:449}}
Jun 17 17:11:42.397594 np0000181242 devstack@neutron-api.service[107517]: DEBUG neutron.api.extensions [None req-305c4bba-a384-4dfe-b53d-9c36583deed2 None None] Ext name="Pagination support" alias="pagination" description="Extension that indicates that pagination is enabled." updated="2016-06-12T00:00:00-00:00" {{(pid=107517) _check_extension /opt/stack/neutron/neutron/api/extensions.py:415}}
Jun 17 17:11:42.397689 np0000181242 devstack@neutron-api.service[107519]: DEBUG neutron_lib.callbacks.manager [None req-726fd5c1-6e21-4ee4-8df5-be244659e921 None None] Subscribe: network precommit_update 55550000, False {{(pid=107519) subscribe /opt/stack/data/venv/lib/python3.12/site-packages/neutron_lib/callbacks/manager.py:52}}
Jun 17 17:11:42.397738 np0000181242 devstack@neutron-api.service[107517]: INFO neutron.api.extensions [None req-305c4bba-a384-4dfe-b53d-9c36583deed2 None None] Loaded extension: pagination
Jun 17 17:11:42.397779 np0000181242 devstack@neutron-api.service[107517]: DEBUG neutron.api.extensions [None req-305c4bba-a384-4dfe-b53d-9c36583deed2 None None] Loading extension file: port_device_profile.py {{(pid=107517) _load_all_extensions_from_path /opt/stack/neutron/neutron/api/extensions.py:449}}
Jun 17 17:11:42.397808 np0000181242 devstack@neutron-api.service[107519]: DEBUG neutron_lib.callbacks.manager [None req-726fd5c1-6e21-4ee4-8df5-be244659e921 None None] Subscribe: network precommit_create 55550000, False {{(pid=107519) subscribe /opt/stack/data/venv/lib/python3.12/site-packages/neutron_lib/callbacks/manager.py:52}}
Jun 17 17:11:42.398040 np0000181242 devstack@neutron-api.service[107519]: DEBUG neutron.manager [None req-726fd5c1-6e21-4ee4-8df5-be244659e921 None None] Successfully loaded auto-allocated-topology plugin. Description: Auto Allocated Topology - aka get me a network. {{(pid=107519) _create_and_add_service_plugin /opt/stack/neutron/neutron/manager.py:239}}
Jun 17 17:11:42.398087 np0000181242 devstack@neutron-api.service[107517]: DEBUG neutron.api.extensions [None req-305c4bba-a384-4dfe-b53d-9c36583deed2 None None] Ext name="Port device profile" alias="port-device-profile" description="Expose the port device profile (Cyborg)" updated="2020-12-17T10:00:00-00:00" {{(pid=107517) _check_extension /opt/stack/neutron/neutron/api/extensions.py:415}}
Jun 17 17:11:42.398112 np0000181242 devstack@neutron-api.service[107519]: INFO neutron.manager [None req-726fd5c1-6e21-4ee4-8df5-be244659e921 None None] Loading Plugin: tag
Jun 17 17:11:42.398249 np0000181242 devstack@neutron-api.service[107517]: INFO neutron.api.extensions [None req-305c4bba-a384-4dfe-b53d-9c36583deed2 None None] Loaded extension: port-device-profile
Jun 17 17:11:42.398363 np0000181242 devstack@neutron-api.service[107517]: DEBUG neutron.api.extensions [None req-305c4bba-a384-4dfe-b53d-9c36583deed2 None None] Loading extension file: port_hardware_offload_type.py {{(pid=107517) _load_all_extensions_from_path /opt/stack/neutron/neutron/api/extensions.py:449}}
Jun 17 17:11:42.398628 np0000181242 devstack@neutron-api.service[107517]: DEBUG neutron.api.extensions [None req-305c4bba-a384-4dfe-b53d-9c36583deed2 None None] Ext name="Port hardware offload" alias="port-hardware-offload-type" description="Expose port hardware offload extension" updated="2023-05-09T10:00:00-00:00" {{(pid=107517) _check_extension /opt/stack/neutron/neutron/api/extensions.py:415}}
Jun 17 17:11:42.398805 np0000181242 devstack@neutron-api.service[107517]: INFO neutron.api.extensions [None req-305c4bba-a384-4dfe-b53d-9c36583deed2 None None] Extension port-hardware-offload-type not supported by any of loaded plugins
Jun 17 17:11:42.398912 np0000181242 devstack@neutron-api.service[107517]: DEBUG neutron.api.extensions [None req-305c4bba-a384-4dfe-b53d-9c36583deed2 None None] Loading extension file: port_hint_ovs_tx_steering.py {{(pid=107517) _load_all_extensions_from_path /opt/stack/neutron/neutron/api/extensions.py:449}}
Jun 17 17:11:42.399201 np0000181242 devstack@neutron-api.service[107517]: DEBUG neutron.api.extensions [None req-305c4bba-a384-4dfe-b53d-9c36583deed2 None None] Ext name="Port hint: Open vSwitch Tx steering" alias="port-hint-ovs-tx-steering" description="Enable Port hint: Open vSwitch Tx steering" updated="2023-01-01T00:00:00-00:00" {{(pid=107517) _check_extension /opt/stack/neutron/neutron/api/extensions.py:415}}
Jun 17 17:11:42.399383 np0000181242 devstack@neutron-api.service[107517]: INFO neutron.api.extensions [None req-305c4bba-a384-4dfe-b53d-9c36583deed2 None None] Extension port-hint-ovs-tx-steering not supported by any of loaded plugins
Jun 17 17:11:42.399484 np0000181242 devstack@neutron-api.service[107517]: DEBUG neutron.api.extensions [None req-305c4bba-a384-4dfe-b53d-9c36583deed2 None None] Loading extension file: port_hints.py {{(pid=107517) _load_all_extensions_from_path /opt/stack/neutron/neutron/api/extensions.py:449}}
Jun 17 17:11:42.399946 np0000181242 devstack@neutron-api.service[107517]: DEBUG neutron.api.extensions [None req-305c4bba-a384-4dfe-b53d-9c36583deed2 None None] Ext name="Port hints" alias="port-hints" description="Backend specific port hints to allow backend specific tuning" updated="2023-01-01T00:00:00-00:00" {{(pid=107517) _check_extension /opt/stack/neutron/neutron/api/extensions.py:415}}
Jun 17 17:11:42.400161 np0000181242 devstack@neutron-api.service[107517]: INFO neutron.api.extensions [None req-305c4bba-a384-4dfe-b53d-9c36583deed2 None None] Extension port-hints not supported by any of loaded plugins
