Jun 17 17:12:23.428130 np0000181242 nova-conductor[114981]: DEBUG cotyledon.oslo_config_glue [-] vnc.server_proxyclient_address = 127.0.0.1 {{(pid=114981) log_opt_values /opt/stack/data/venv/lib/python3.12/site-packages/oslo_config/cfg.py:3253}}
Jun 17 17:12:23.428130 np0000181242 nova-conductor[114981]: DEBUG cotyledon.oslo_config_glue [-] vnc.vencrypt_ca_certs = None {{(pid=114981) log_opt_values /opt/stack/data/venv/lib/python3.12/site-packages/oslo_config/cfg.py:3253}}
Jun 17 17:12:23.428130 np0000181242 nova-conductor[114981]: DEBUG cotyledon.oslo_config_glue [-] vnc.vencrypt_client_cert = None {{(pid=114981) log_opt_values /opt/stack/data/venv/lib/python3.12/site-packages/oslo_config/cfg.py:3253}}
Jun 17 17:12:23.428130 np0000181242 nova-conductor[114981]: DEBUG cotyledon.oslo_config_glue [-] vnc.vencrypt_client_key = None {{(pid=114981) log_opt_values /opt/stack/data/venv/lib/python3.12/site-packages/oslo_config/cfg.py:3253}}
Jun 17 17:12:23.428130 np0000181242 nova-conductor[114981]: DEBUG cotyledon.oslo_config_glue [-] workarounds.disable_compute_service_check_for_ffu = False {{(pid=114981) log_opt_values /opt/stack/data/venv/lib/python3.12/site-packages/oslo_config/cfg.py:3253}}
Jun 17 17:12:23.428130 np0000181242 nova-conductor[114981]: DEBUG cotyledon.oslo_config_glue [-] workarounds.disable_deep_image_inspection = False {{(pid=114981) log_opt_values /opt/stack/data/venv/lib/python3.12/site-packages/oslo_config/cfg.py:3253}}
Jun 17 17:12:23.428130 np0000181242 nova-conductor[114981]: DEBUG cotyledon.oslo_config_glue [-] workarounds.disable_fallback_pcpu_query = False {{(pid=114981) log_opt_values /opt/stack/data/venv/lib/python3.12/site-packages/oslo_config/cfg.py:3253}}
Jun 17 17:12:23.428356 np0000181242 nova-conductor[114981]: DEBUG cotyledon.oslo_config_glue [-] workarounds.disable_group_policy_check_upcall = False {{(pid=114981) log_opt_values /opt/stack/data/venv/lib/python3.12/site-packages/oslo_config/cfg.py:3253}}
Jun 17 17:12:23.428356 np0000181242 nova-conductor[114981]: DEBUG cotyledon.oslo_config_glue [-] workarounds.disable_libvirt_livesnapshot = False {{(pid=114981) log_opt_values /opt/stack/data/venv/lib/python3.12/site-packages/oslo_config/cfg.py:3253}}
Jun 17 17:12:23.428356 np0000181242 nova-conductor[114981]: DEBUG cotyledon.oslo_config_glue [-] workarounds.disable_rootwrap = False {{(pid=114981) log_opt_values /opt/stack/data/venv/lib/python3.12/site-packages/oslo_config/cfg.py:3253}}
Jun 17 17:12:23.428356 np0000181242 nova-conductor[114981]: DEBUG cotyledon.oslo_config_glue [-] workarounds.enable_numa_live_migration = False {{(pid=114981) log_opt_values /opt/stack/data/venv/lib/python3.12/site-packages/oslo_config/cfg.py:3253}}
Jun 17 17:12:23.428356 np0000181242 nova-conductor[114981]: DEBUG cotyledon.oslo_config_glue [-] workarounds.enable_qemu_monitor_announce_self = False {{(pid=114981) log_opt_values /opt/stack/data/venv/lib/python3.12/site-packages/oslo_config/cfg.py:3253}}
Jun 17 17:12:23.428356 np0000181242 nova-conductor[114981]: DEBUG cotyledon.oslo_config_glue [-] workarounds.ensure_libvirt_rbd_instance_dir_cleanup = False {{(pid=114981) log_opt_values /opt/stack/data/venv/lib/python3.12/site-packages/oslo_config/cfg.py:3253}}
Jun 17 17:12:23.428356 np0000181242 nova-conductor[114981]: DEBUG cotyledon.oslo_config_glue [-] workarounds.handle_virt_lifecycle_events = True {{(pid=114981) log_opt_values /opt/stack/data/venv/lib/python3.12/site-packages/oslo_config/cfg.py:3253}}
Jun 17 17:12:23.428356 np0000181242 nova-conductor[114981]: DEBUG cotyledon.oslo_config_glue [-] workarounds.libvirt_disable_apic = False {{(pid=114981) log_opt_values /opt/stack/data/venv/lib/python3.12/site-packages/oslo_config/cfg.py:3253}}
Jun 17 17:12:23.428356 np0000181242 nova-conductor[114981]: DEBUG cotyledon.oslo_config_glue [-] workarounds.never_download_image_if_on_rbd = False {{(pid=114981) log_opt_values /opt/stack/data/venv/lib/python3.12/site-packages/oslo_config/cfg.py:3253}}
Jun 17 17:12:23.428576 np0000181242 nova-conductor[114975]: INFO dbcounter [None req-9fc04e5d-0988-4899-8b9c-e6aa01dcab32 None None] Registered counter for database nova_cell0
Jun 17 17:12:23.428603 np0000181242 nova-conductor[114981]: DEBUG cotyledon.oslo_config_glue [-] workarounds.qemu_monitor_announce_self_count = 3 {{(pid=114981) log_opt_values /opt/stack/data/venv/lib/python3.12/site-packages/oslo_config/cfg.py:3253}}
Jun 17 17:12:23.428603 np0000181242 nova-conductor[114981]: DEBUG cotyledon.oslo_config_glue [-] workarounds.qemu_monitor_announce_self_interval = 1 {{(pid=114981) log_opt_values /opt/stack/data/venv/lib/python3.12/site-packages/oslo_config/cfg.py:3253}}
Jun 17 17:12:23.428603 np0000181242 nova-conductor[114981]: DEBUG cotyledon.oslo_config_glue [-] workarounds.reserve_disk_resource_for_image_cache = False {{(pid=114981) log_opt_values /opt/stack/data/venv/lib/python3.12/site-packages/oslo_config/cfg.py:3253}}
Jun 17 17:12:23.428603 np0000181242 nova-conductor[114981]: DEBUG cotyledon.oslo_config_glue [-] workarounds.skip_cpu_compare_at_startup = False {{(pid=114981) log_opt_values /opt/stack/data/venv/lib/python3.12/site-packages/oslo_config/cfg.py:3253}}
Jun 17 17:12:23.428603 np0000181242 nova-conductor[114981]: DEBUG cotyledon.oslo_config_glue [-] workarounds.skip_cpu_compare_on_dest = False {{(pid=114981) log_opt_values /opt/stack/data/venv/lib/python3.12/site-packages/oslo_config/cfg.py:3253}}
Jun 17 17:12:23.428603 np0000181242 nova-conductor[114981]: DEBUG cotyledon.oslo_config_glue [-] workarounds.skip_hypervisor_version_check_on_lm = False {{(pid=114981) log_opt_values /opt/stack/data/venv/lib/python3.12/site-packages/oslo_config/cfg.py:3253}}
Jun 17 17:12:23.428603 np0000181242 nova-conductor[114981]: DEBUG cotyledon.oslo_config_glue [-] workarounds.skip_reserve_in_use_ironic_nodes = False {{(pid=114981) log_opt_values /opt/stack/data/venv/lib/python3.12/site-packages/oslo_config/cfg.py:3253}}
Jun 17 17:12:23.428603 np0000181242 nova-conductor[114981]: DEBUG cotyledon.oslo_config_glue [-] workarounds.unified_limits_count_pcpu_as_vcpu = False {{(pid=114981) log_opt_values /opt/stack/data/venv/lib/python3.12/site-packages/oslo_config/cfg.py:3253}}
Jun 17 17:12:23.428800 np0000181242 nova-conductor[114981]: DEBUG cotyledon.oslo_config_glue [-] workarounds.wait_for_vif_plugged_event_during_hard_reboot = [] {{(pid=114981) log_opt_values /opt/stack/data/venv/lib/python3.12/site-packages/oslo_config/cfg.py:3253}}
Jun 17 17:12:23.428800 np0000181242 nova-conductor[114981]: DEBUG cotyledon.oslo_config_glue [-] wsgi.api_paste_config = /etc/nova/api-paste.ini {{(pid=114981) log_opt_values /opt/stack/data/venv/lib/python3.12/site-packages/oslo_config/cfg.py:3253}}
Jun 17 17:12:23.428800 np0000181242 nova-conductor[114981]: DEBUG cotyledon.oslo_config_glue [-] wsgi.secure_proxy_ssl_header = None {{(pid=114981) log_opt_values /opt/stack/data/venv/lib/python3.12/site-packages/oslo_config/cfg.py:3253}}
Jun 17 17:12:23.428800 np0000181242 nova-conductor[114981]: DEBUG cotyledon.oslo_config_glue [-] zvm.ca_file = None {{(pid=114981) log_opt_values /opt/stack/data/venv/lib/python3.12/site-packages/oslo_config/cfg.py:3253}}
Jun 17 17:12:23.428800 np0000181242 nova-conductor[114981]: DEBUG cotyledon.oslo_config_glue [-] zvm.cloud_connector_url = None {{(pid=114981) log_opt_values /opt/stack/data/venv/lib/python3.12/site-packages/oslo_config/cfg.py:3253}}
Jun 17 17:12:23.428800 np0000181242 nova-conductor[114981]: DEBUG cotyledon.oslo_config_glue [-] zvm.image_tmp_path = /opt/stack/data/nova/images {{(pid=114981) log_opt_values /opt/stack/data/venv/lib/python3.12/site-packages/oslo_config/cfg.py:3253}}
Jun 17 17:12:23.428800 np0000181242 nova-conductor[114981]: DEBUG cotyledon.oslo_config_glue [-] zvm.reachable_timeout = 300 {{(pid=114981) log_opt_values /opt/stack/data/venv/lib/python3.12/site-packages/oslo_config/cfg.py:3253}}
Jun 17 17:12:23.428800 np0000181242 nova-conductor[114981]: DEBUG cotyledon.oslo_config_glue [-] oslo_versionedobjects.fatal_exception_format_errors = False {{(pid=114981) log_opt_values /opt/stack/data/venv/lib/python3.12/site-packages/oslo_config/cfg.py:3253}}
Jun 17 17:12:23.428800 np0000181242 nova-conductor[114981]: DEBUG cotyledon.oslo_config_glue [-] oslo_middleware.http_basic_auth_user_file = /etc/htpasswd {{(pid=114981) log_opt_values /opt/stack/data/venv/lib/python3.12/site-packages/oslo_config/cfg.py:3253}}
Jun 17 17:12:23.429033 np0000181242 nova-conductor[114981]: DEBUG cotyledon.oslo_config_glue [-] profiler.connection_string = messaging:// {{(pid=114981) log_opt_values /opt/stack/data/venv/lib/python3.12/site-packages/oslo_config/cfg.py:3253}}
Jun 17 17:12:23.429033 np0000181242 nova-conductor[114981]: DEBUG cotyledon.oslo_config_glue [-] profiler.enabled = False {{(pid=114981) log_opt_values /opt/stack/data/venv/lib/python3.12/site-packages/oslo_config/cfg.py:3253}}
Jun 17 17:12:23.429033 np0000181242 nova-conductor[114981]: DEBUG cotyledon.oslo_config_glue [-] profiler.es_doc_type = notification {{(pid=114981) log_opt_values /opt/stack/data/venv/lib/python3.12/site-packages/oslo_config/cfg.py:3253}}
Jun 17 17:12:23.429033 np0000181242 nova-conductor[114981]: DEBUG cotyledon.oslo_config_glue [-] profiler.es_scroll_size = 10000 {{(pid=114981) log_opt_values /opt/stack/data/venv/lib/python3.12/site-packages/oslo_config/cfg.py:3253}}
Jun 17 17:12:23.429033 np0000181242 nova-conductor[114981]: DEBUG cotyledon.oslo_config_glue [-] profiler.es_scroll_time = 2m {{(pid=114981) log_opt_values /opt/stack/data/venv/lib/python3.12/site-packages/oslo_config/cfg.py:3253}}
Jun 17 17:12:23.429033 np0000181242 nova-conductor[114981]: DEBUG cotyledon.oslo_config_glue [-] profiler.filter_error_trace = False {{(pid=114981) log_opt_values /opt/stack/data/venv/lib/python3.12/site-packages/oslo_config/cfg.py:3253}}
Jun 17 17:12:23.429033 np0000181242 nova-conductor[114981]: DEBUG cotyledon.oslo_config_glue [-] profiler.hmac_keys = **** {{(pid=114981) log_opt_values /opt/stack/data/venv/lib/python3.12/site-packages/oslo_config/cfg.py:3253}}
Jun 17 17:12:23.429033 np0000181242 nova-conductor[114981]: DEBUG cotyledon.oslo_config_glue [-] profiler.sentinel_service_name = mymaster {{(pid=114981) log_opt_values /opt/stack/data/venv/lib/python3.12/site-packages/oslo_config/cfg.py:3253}}
Jun 17 17:12:23.429033 np0000181242 nova-conductor[114981]: DEBUG cotyledon.oslo_config_glue [-] profiler.socket_timeout = 0.1 {{(pid=114981) log_opt_values /opt/stack/data/venv/lib/python3.12/site-packages/oslo_config/cfg.py:3253}}
Jun 17 17:12:23.429240 np0000181242 nova-conductor[114981]: DEBUG cotyledon.oslo_config_glue [-] profiler.trace_requests = False {{(pid=114981) log_opt_values /opt/stack/data/venv/lib/python3.12/site-packages/oslo_config/cfg.py:3253}}
Jun 17 17:12:23.429240 np0000181242 nova-conductor[114981]: DEBUG cotyledon.oslo_config_glue [-] profiler.trace_sqlalchemy = False {{(pid=114981) log_opt_values /opt/stack/data/venv/lib/python3.12/site-packages/oslo_config/cfg.py:3253}}
Jun 17 17:12:23.429240 np0000181242 nova-conductor[114981]: DEBUG cotyledon.oslo_config_glue [-] profiler_jaeger.process_tags = {} {{(pid=114981) log_opt_values /opt/stack/data/venv/lib/python3.12/site-packages/oslo_config/cfg.py:3253}}
Jun 17 17:12:23.429240 np0000181242 nova-conductor[114981]: DEBUG cotyledon.oslo_config_glue [-] profiler_jaeger.service_name_prefix = None {{(pid=114981) log_opt_values /opt/stack/data/venv/lib/python3.12/site-packages/oslo_config/cfg.py:3253}}
Jun 17 17:12:23.429240 np0000181242 nova-conductor[114981]: DEBUG cotyledon.oslo_config_glue [-] profiler_otlp.service_name_prefix = None {{(pid=114981) log_opt_values /opt/stack/data/venv/lib/python3.12/site-packages/oslo_config/cfg.py:3253}}
Jun 17 17:12:23.429240 np0000181242 nova-conductor[114981]: DEBUG cotyledon.oslo_config_glue [-] oslo_messaging_rabbit.amqp_auto_delete = False {{(pid=114981) log_opt_values /opt/stack/data/venv/lib/python3.12/site-packages/oslo_config/cfg.py:3253}}
Jun 17 17:12:23.429240 np0000181242 nova-conductor[114981]: DEBUG cotyledon.oslo_config_glue [-] oslo_messaging_rabbit.amqp_durable_queues = False {{(pid=114981) log_opt_values /opt/stack/data/venv/lib/python3.12/site-packages/oslo_config/cfg.py:3253}}
Jun 17 17:12:23.429240 np0000181242 nova-conductor[114981]: DEBUG cotyledon.oslo_config_glue [-] oslo_messaging_rabbit.conn_pool_min_size = 2 {{(pid=114981) log_opt_values /opt/stack/data/venv/lib/python3.12/site-packages/oslo_config/cfg.py:3253}}
Jun 17 17:12:23.429240 np0000181242 nova-conductor[114981]: DEBUG cotyledon.oslo_config_glue [-] oslo_messaging_rabbit.conn_pool_ttl = 1200 {{(pid=114981) log_opt_values /opt/stack/data/venv/lib/python3.12/site-packages/oslo_config/cfg.py:3253}}
Jun 17 17:12:23.429491 np0000181242 nova-conductor[114981]: DEBUG cotyledon.oslo_config_glue [-] oslo_messaging_rabbit.direct_mandatory_flag = True {{(pid=114981) log_opt_values /opt/stack/data/venv/lib/python3.12/site-packages/oslo_config/cfg.py:3253}}
Jun 17 17:12:23.429491 np0000181242 nova-conductor[114981]: DEBUG cotyledon.oslo_config_glue [-] oslo_messaging_rabbit.enable_cancel_on_failover = False {{(pid=114981) log_opt_values /opt/stack/data/venv/lib/python3.12/site-packages/oslo_config/cfg.py:3253}}
Jun 17 17:12:23.429491 np0000181242 nova-conductor[114981]: DEBUG cotyledon.oslo_config_glue [-] oslo_messaging_rabbit.heartbeat_rate = 3 {{(pid=114981) log_opt_values /opt/stack/data/venv/lib/python3.12/site-packages/oslo_config/cfg.py:3253}}
Jun 17 17:12:23.429491 np0000181242 nova-conductor[114981]: DEBUG cotyledon.oslo_config_glue [-] oslo_messaging_rabbit.heartbeat_timeout_threshold = 60 {{(pid=114981) log_opt_values /opt/stack/data/venv/lib/python3.12/site-packages/oslo_config/cfg.py:3253}}
Jun 17 17:12:23.429491 np0000181242 nova-conductor[114981]: DEBUG cotyledon.oslo_config_glue [-] oslo_messaging_rabbit.hostname = np0000181242 {{(pid=114981) log_opt_values /opt/stack/data/venv/lib/python3.12/site-packages/oslo_config/cfg.py:3253}}
Jun 17 17:12:23.429491 np0000181242 nova-conductor[114981]: DEBUG cotyledon.oslo_config_glue [-] oslo_messaging_rabbit.kombu_compression = None {{(pid=114981) log_opt_values /opt/stack/data/venv/lib/python3.12/site-packages/oslo_config/cfg.py:3253}}
Jun 17 17:12:23.429491 np0000181242 nova-conductor[114981]: DEBUG cotyledon.oslo_config_glue [-] oslo_messaging_rabbit.kombu_failover_strategy = round-robin {{(pid=114981) log_opt_values /opt/stack/data/venv/lib/python3.12/site-packages/oslo_config/cfg.py:3253}}
Jun 17 17:12:23.429491 np0000181242 nova-conductor[114981]: DEBUG cotyledon.oslo_config_glue [-] oslo_messaging_rabbit.kombu_missing_consumer_retry_timeout = 60 {{(pid=114981) log_opt_values /opt/stack/data/venv/lib/python3.12/site-packages/oslo_config/cfg.py:3253}}
Jun 17 17:12:23.429707 np0000181242 nova-conductor[114981]: DEBUG cotyledon.oslo_config_glue [-] oslo_messaging_rabbit.kombu_reconnect_delay = 1.0 {{(pid=114981) log_opt_values /opt/stack/data/venv/lib/python3.12/site-packages/oslo_config/cfg.py:3253}}
Jun 17 17:12:23.429707 np0000181242 nova-conductor[114981]: DEBUG cotyledon.oslo_config_glue [-] oslo_messaging_rabbit.kombu_reconnect_splay = 0.0 {{(pid=114981) log_opt_values /opt/stack/data/venv/lib/python3.12/site-packages/oslo_config/cfg.py:3253}}
Jun 17 17:12:23.429707 np0000181242 nova-conductor[114981]: DEBUG cotyledon.oslo_config_glue [-] oslo_messaging_rabbit.processname = nova-conductor {{(pid=114981) log_opt_values /opt/stack/data/venv/lib/python3.12/site-packages/oslo_config/cfg.py:3253}}
Jun 17 17:12:23.429707 np0000181242 nova-conductor[114981]: DEBUG cotyledon.oslo_config_glue [-] oslo_messaging_rabbit.rabbit_ha_queues = False {{(pid=114981) log_opt_values /opt/stack/data/venv/lib/python3.12/site-packages/oslo_config/cfg.py:3253}}
Jun 17 17:12:23.429707 np0000181242 nova-conductor[114981]: DEBUG cotyledon.oslo_config_glue [-] oslo_messaging_rabbit.rabbit_interval_max = 30 {{(pid=114981) log_opt_values /opt/stack/data/venv/lib/python3.12/site-packages/oslo_config/cfg.py:3253}}
Jun 17 17:12:23.429707 np0000181242 nova-conductor[114981]: DEBUG cotyledon.oslo_config_glue [-] oslo_messaging_rabbit.rabbit_login_method = AMQPLAIN {{(pid=114981) log_opt_values /opt/stack/data/venv/lib/python3.12/site-packages/oslo_config/cfg.py:3253}}
Jun 17 17:12:23.429707 np0000181242 nova-conductor[114981]: DEBUG cotyledon.oslo_config_glue [-] oslo_messaging_rabbit.rabbit_qos_prefetch_count = 0 {{(pid=114981) log_opt_values /opt/stack/data/venv/lib/python3.12/site-packages/oslo_config/cfg.py:3253}}
Jun 17 17:12:23.429707 np0000181242 nova-conductor[114981]: DEBUG cotyledon.oslo_config_glue [-] oslo_messaging_rabbit.rabbit_quorum_delivery_limit = 0 {{(pid=114981) log_opt_values /opt/stack/data/venv/lib/python3.12/site-packages/oslo_config/cfg.py:3253}}
Jun 17 17:12:23.429707 np0000181242 nova-conductor[114981]: DEBUG cotyledon.oslo_config_glue [-] oslo_messaging_rabbit.rabbit_quorum_max_memory_bytes = 0 {{(pid=114981) log_opt_values /opt/stack/data/venv/lib/python3.12/site-packages/oslo_config/cfg.py:3253}}
Jun 17 17:12:23.429934 np0000181242 nova-conductor[114981]: DEBUG cotyledon.oslo_config_glue [-] oslo_messaging_rabbit.rabbit_quorum_max_memory_length = 0 {{(pid=114981) log_opt_values /opt/stack/data/venv/lib/python3.12/site-packages/oslo_config/cfg.py:3253}}
Jun 17 17:12:23.429934 np0000181242 nova-conductor[114981]: DEBUG cotyledon.oslo_config_glue [-] oslo_messaging_rabbit.rabbit_quorum_queue = False {{(pid=114981) log_opt_values /opt/stack/data/venv/lib/python3.12/site-packages/oslo_config/cfg.py:3253}}
Jun 17 17:12:23.429934 np0000181242 nova-conductor[114981]: DEBUG cotyledon.oslo_config_glue [-] oslo_messaging_rabbit.rabbit_retry_backoff = 2 {{(pid=114981) log_opt_values /opt/stack/data/venv/lib/python3.12/site-packages/oslo_config/cfg.py:3253}}
Jun 17 17:12:23.429934 np0000181242 nova-conductor[114981]: DEBUG cotyledon.oslo_config_glue [-] oslo_messaging_rabbit.rabbit_retry_interval = 1 {{(pid=114981) log_opt_values /opt/stack/data/venv/lib/python3.12/site-packages/oslo_config/cfg.py:3253}}
Jun 17 17:12:23.429934 np0000181242 nova-conductor[114981]: DEBUG cotyledon.oslo_config_glue [-] oslo_messaging_rabbit.rabbit_stream_fanout = False {{(pid=114981) log_opt_values /opt/stack/data/venv/lib/python3.12/site-packages/oslo_config/cfg.py:3253}}
Jun 17 17:12:23.429934 np0000181242 nova-conductor[114981]: DEBUG cotyledon.oslo_config_glue [-] oslo_messaging_rabbit.rabbit_transient_queues_ttl = 1800 {{(pid=114981) log_opt_values /opt/stack/data/venv/lib/python3.12/site-packages/oslo_config/cfg.py:3253}}
Jun 17 17:12:23.429934 np0000181242 nova-conductor[114981]: DEBUG cotyledon.oslo_config_glue [-] oslo_messaging_rabbit.rabbit_transient_quorum_queue = False {{(pid=114981) log_opt_values /opt/stack/data/venv/lib/python3.12/site-packages/oslo_config/cfg.py:3253}}
Jun 17 17:12:23.429934 np0000181242 nova-conductor[114981]: DEBUG cotyledon.oslo_config_glue [-] oslo_messaging_rabbit.rpc_conn_pool_size = 30 {{(pid=114981) log_opt_values /opt/stack/data/venv/lib/python3.12/site-packages/oslo_config/cfg.py:3253}}
Jun 17 17:12:23.429934 np0000181242 nova-conductor[114981]: DEBUG cotyledon.oslo_config_glue [-] oslo_messaging_rabbit.ssl = False {{(pid=114981) log_opt_values /opt/stack/data/venv/lib/python3.12/site-packages/oslo_config/cfg.py:3253}}
Jun 17 17:12:23.430161 np0000181242 nova-conductor[114981]: DEBUG cotyledon.oslo_config_glue [-] oslo_messaging_rabbit.ssl_ca_file = {{(pid=114981) log_opt_values /opt/stack/data/venv/lib/python3.12/site-packages/oslo_config/cfg.py:3253}}
Jun 17 17:12:23.430161 np0000181242 nova-conductor[114981]: DEBUG cotyledon.oslo_config_glue [-] oslo_messaging_rabbit.ssl_cert_file = {{(pid=114981) log_opt_values /opt/stack/data/venv/lib/python3.12/site-packages/oslo_config/cfg.py:3253}}
Jun 17 17:12:23.430161 np0000181242 nova-conductor[114981]: DEBUG cotyledon.oslo_config_glue [-] oslo_messaging_rabbit.ssl_enforce_fips_mode = False {{(pid=114981) log_opt_values /opt/stack/data/venv/lib/python3.12/site-packages/oslo_config/cfg.py:3253}}
Jun 17 17:12:23.430161 np0000181242 nova-conductor[114981]: DEBUG cotyledon.oslo_config_glue [-] oslo_messaging_rabbit.ssl_enforce_hostname_verification = True {{(pid=114981) log_opt_values /opt/stack/data/venv/lib/python3.12/site-packages/oslo_config/cfg.py:3253}}
Jun 17 17:12:23.430161 np0000181242 nova-conductor[114981]: DEBUG cotyledon.oslo_config_glue [-] oslo_messaging_rabbit.ssl_key_file = {{(pid=114981) log_opt_values /opt/stack/data/venv/lib/python3.12/site-packages/oslo_config/cfg.py:3253}}
Jun 17 17:12:23.430161 np0000181242 nova-conductor[114981]: DEBUG cotyledon.oslo_config_glue [-] oslo_messaging_rabbit.ssl_version = {{(pid=114981) log_opt_values /opt/stack/data/venv/lib/python3.12/site-packages/oslo_config/cfg.py:3253}}
Jun 17 17:12:23.430161 np0000181242 nova-conductor[114981]: DEBUG cotyledon.oslo_config_glue [-] oslo_messaging_rabbit.use_queue_manager = False {{(pid=114981) log_opt_values /opt/stack/data/venv/lib/python3.12/site-packages/oslo_config/cfg.py:3253}}
Jun 17 17:12:23.430161 np0000181242 nova-conductor[114981]: DEBUG cotyledon.oslo_config_glue [-] oslo_messaging_notifications.driver = ['messagingv2'] {{(pid=114981) log_opt_values /opt/stack/data/venv/lib/python3.12/site-packages/oslo_config/cfg.py:3253}}
Jun 17 17:12:23.430161 np0000181242 nova-conductor[114981]: DEBUG cotyledon.oslo_config_glue [-] oslo_messaging_notifications.retry = -1 {{(pid=114981) log_opt_values /opt/stack/data/venv/lib/python3.12/site-packages/oslo_config/cfg.py:3253}}
Jun 17 17:12:23.430382 np0000181242 nova-conductor[114981]: DEBUG cotyledon.oslo_config_glue [-] oslo_messaging_notifications.topics = ['notifications'] {{(pid=114981) log_opt_values /opt/stack/data/venv/lib/python3.12/site-packages/oslo_config/cfg.py:3253}}
Jun 17 17:12:23.430382 np0000181242 nova-conductor[114981]: DEBUG cotyledon.oslo_config_glue [-] oslo_messaging_notifications.transport_url = **** {{(pid=114981) log_opt_values /opt/stack/data/venv/lib/python3.12/site-packages/oslo_config/cfg.py:3253}}
Jun 17 17:12:23.430382 np0000181242 nova-conductor[114981]: DEBUG cotyledon.oslo_config_glue [-] oslo_limit.auth_section = None {{(pid=114981) log_opt_values /opt/stack/data/venv/lib/python3.12/site-packages/oslo_config/cfg.py:3253}}
Jun 17 17:12:23.430382 np0000181242 nova-conductor[114981]: DEBUG cotyledon.oslo_config_glue [-] oslo_limit.auth_type = None {{(pid=114981) log_opt_values /opt/stack/data/venv/lib/python3.12/site-packages/oslo_config/cfg.py:3253}}
Jun 17 17:12:23.430382 np0000181242 nova-conductor[114981]: DEBUG cotyledon.oslo_config_glue [-] oslo_limit.cafile = None {{(pid=114981) log_opt_values /opt/stack/data/venv/lib/python3.12/site-packages/oslo_config/cfg.py:3253}}
Jun 17 17:12:23.430382 np0000181242 nova-conductor[114981]: DEBUG cotyledon.oslo_config_glue [-] oslo_limit.certfile = None {{(pid=114981) log_opt_values /opt/stack/data/venv/lib/python3.12/site-packages/oslo_config/cfg.py:3253}}
Jun 17 17:12:23.430382 np0000181242 nova-conductor[114981]: DEBUG cotyledon.oslo_config_glue [-] oslo_limit.collect_timing = False {{(pid=114981) log_opt_values /opt/stack/data/venv/lib/python3.12/site-packages/oslo_config/cfg.py:3253}}
Jun 17 17:12:23.430382 np0000181242 nova-conductor[114981]: DEBUG cotyledon.oslo_config_glue [-] oslo_limit.connect_retries = None {{(pid=114981) log_opt_values /opt/stack/data/venv/lib/python3.12/site-packages/oslo_config/cfg.py:3253}}
Jun 17 17:12:23.430382 np0000181242 nova-conductor[114981]: DEBUG cotyledon.oslo_config_glue [-] oslo_limit.connect_retry_delay = None {{(pid=114981) log_opt_values /opt/stack/data/venv/lib/python3.12/site-packages/oslo_config/cfg.py:3253}}
Jun 17 17:12:23.430590 np0000181242 nova-conductor[114981]: DEBUG cotyledon.oslo_config_glue [-] oslo_limit.endpoint_id = None {{(pid=114981) log_opt_values /opt/stack/data/venv/lib/python3.12/site-packages/oslo_config/cfg.py:3253}}
Jun 17 17:12:23.430590 np0000181242 nova-conductor[114981]: DEBUG cotyledon.oslo_config_glue [-] oslo_limit.endpoint_interface = public {{(pid=114981) log_opt_values /opt/stack/data/venv/lib/python3.12/site-packages/oslo_config/cfg.py:3253}}
Jun 17 17:12:23.430590 np0000181242 nova-conductor[114981]: DEBUG cotyledon.oslo_config_glue [-] oslo_limit.endpoint_override = None {{(pid=114981) log_opt_values /opt/stack/data/venv/lib/python3.12/site-packages/oslo_config/cfg.py:3253}}
Jun 17 17:12:23.430590 np0000181242 nova-conductor[114981]: DEBUG cotyledon.oslo_config_glue [-] oslo_limit.endpoint_region_name = None {{(pid=114981) log_opt_values /opt/stack/data/venv/lib/python3.12/site-packages/oslo_config/cfg.py:3253}}
Jun 17 17:12:23.430590 np0000181242 nova-conductor[114981]: DEBUG cotyledon.oslo_config_glue [-] oslo_limit.endpoint_service_name = None {{(pid=114981) log_opt_values /opt/stack/data/venv/lib/python3.12/site-packages/oslo_config/cfg.py:3253}}
Jun 17 17:12:23.430590 np0000181242 nova-conductor[114981]: DEBUG cotyledon.oslo_config_glue [-] oslo_limit.endpoint_service_type = None {{(pid=114981) log_opt_values /opt/stack/data/venv/lib/python3.12/site-packages/oslo_config/cfg.py:3253}}
Jun 17 17:12:23.430590 np0000181242 nova-conductor[114981]: DEBUG cotyledon.oslo_config_glue [-] oslo_limit.insecure = False {{(pid=114981) log_opt_values /opt/stack/data/venv/lib/python3.12/site-packages/oslo_config/cfg.py:3253}}
Jun 17 17:12:23.430590 np0000181242 nova-conductor[114981]: DEBUG cotyledon.oslo_config_glue [-] oslo_limit.keyfile = None {{(pid=114981) log_opt_values /opt/stack/data/venv/lib/python3.12/site-packages/oslo_config/cfg.py:3253}}
Jun 17 17:12:23.430590 np0000181242 nova-conductor[114981]: DEBUG cotyledon.oslo_config_glue [-] oslo_limit.max_version = None {{(pid=114981) log_opt_values /opt/stack/data/venv/lib/python3.12/site-packages/oslo_config/cfg.py:3253}}
Jun 17 17:12:23.430800 np0000181242 nova-conductor[114981]: DEBUG cotyledon.oslo_config_glue [-] oslo_limit.min_version = None {{(pid=114981) log_opt_values /opt/stack/data/venv/lib/python3.12/site-packages/oslo_config/cfg.py:3253}}
Jun 17 17:12:23.430800 np0000181242 nova-conductor[114981]: DEBUG cotyledon.oslo_config_glue [-] oslo_limit.region_name = None {{(pid=114981) log_opt_values /opt/stack/data/venv/lib/python3.12/site-packages/oslo_config/cfg.py:3253}}
Jun 17 17:12:23.430800 np0000181242 nova-conductor[114981]: DEBUG cotyledon.oslo_config_glue [-] oslo_limit.retriable_status_codes = None {{(pid=114981) log_opt_values /opt/stack/data/venv/lib/python3.12/site-packages/oslo_config/cfg.py:3253}}
Jun 17 17:12:23.430800 np0000181242 nova-conductor[114981]: DEBUG cotyledon.oslo_config_glue [-] oslo_limit.service_name = None {{(pid=114981) log_opt_values /opt/stack/data/venv/lib/python3.12/site-packages/oslo_config/cfg.py:3253}}
Jun 17 17:12:23.430800 np0000181242 nova-conductor[114981]: DEBUG cotyledon.oslo_config_glue [-] oslo_limit.service_type = None {{(pid=114981) log_opt_values /opt/stack/data/venv/lib/python3.12/site-packages/oslo_config/cfg.py:3253}}
Jun 17 17:12:23.430800 np0000181242 nova-conductor[114981]: DEBUG cotyledon.oslo_config_glue [-] oslo_limit.split_loggers = False {{(pid=114981) log_opt_values /opt/stack/data/venv/lib/python3.12/site-packages/oslo_config/cfg.py:3253}}
Jun 17 17:12:23.430800 np0000181242 nova-conductor[114981]: DEBUG cotyledon.oslo_config_glue [-] oslo_limit.status_code_retries = None {{(pid=114981) log_opt_values /opt/stack/data/venv/lib/python3.12/site-packages/oslo_config/cfg.py:3253}}
Jun 17 17:12:23.430800 np0000181242 nova-conductor[114981]: DEBUG cotyledon.oslo_config_glue [-] oslo_limit.status_code_retry_delay = None {{(pid=114981) log_opt_values /opt/stack/data/venv/lib/python3.12/site-packages/oslo_config/cfg.py:3253}}
Jun 17 17:12:23.430800 np0000181242 nova-conductor[114981]: DEBUG cotyledon.oslo_config_glue [-] oslo_limit.timeout = None {{(pid=114981) log_opt_values /opt/stack/data/venv/lib/python3.12/site-packages/oslo_config/cfg.py:3253}}
Jun 17 17:12:23.431025 np0000181242 nova-conductor[114981]: DEBUG cotyledon.oslo_config_glue [-] oslo_limit.valid_interfaces = None {{(pid=114981) log_opt_values /opt/stack/data/venv/lib/python3.12/site-packages/oslo_config/cfg.py:3253}}
Jun 17 17:12:23.431025 np0000181242 nova-conductor[114981]: DEBUG cotyledon.oslo_config_glue [-] oslo_limit.version = None {{(pid=114981) log_opt_values /opt/stack/data/venv/lib/python3.12/site-packages/oslo_config/cfg.py:3253}}
Jun 17 17:12:23.431025 np0000181242 nova-conductor[114981]: DEBUG cotyledon.oslo_config_glue [-] oslo_reports.file_event_handler = None {{(pid=114981) log_opt_values /opt/stack/data/venv/lib/python3.12/site-packages/oslo_config/cfg.py:3253}}
Jun 17 17:12:23.431025 np0000181242 nova-conductor[114981]: DEBUG cotyledon.oslo_config_glue [-] oslo_reports.file_event_handler_interval = 1 {{(pid=114981) log_opt_values /opt/stack/data/venv/lib/python3.12/site-packages/oslo_config/cfg.py:3253}}
Jun 17 17:12:23.431025 np0000181242 nova-conductor[114981]: DEBUG cotyledon.oslo_config_glue [-] oslo_reports.log_dir = None {{(pid=114981) log_opt_values /opt/stack/data/venv/lib/python3.12/site-packages/oslo_config/cfg.py:3253}}
Jun 17 17:12:23.431025 np0000181242 nova-conductor[114981]: DEBUG cotyledon.oslo_config_glue [-] ******************************************************************************** {{(pid=114981) log_opt_values /opt/stack/data/venv/lib/python3.12/site-packages/oslo_config/cfg.py:3260}}
Jun 17 17:12:23.431025 np0000181242 nova-conductor[114981]: DEBUG cotyledon._service_worker [-] Run service ServiceWrapper(3) [114981] {{(pid=114981) wait_forever /opt/stack/data/venv/lib/python3.12/site-packages/cotyledon/_service_worker.py:218}}
Jun 17 17:12:23.431025 np0000181242 nova-conductor[114981]: INFO nova.service [-] Starting conductor node (version 33.1.0)
Jun 17 17:12:23.434254 np0000181242 nova-conductor[114981]: INFO dbcounter [None req-bc88de98-7043-44e1-9727-259abe198458 None None] Registered counter for database nova_cell0
Jun 17 17:12:23.452387 np0000181242 nova-conductor[114957]: DEBUG oslo_db.sqlalchemy.engines [None req-1a64c826-3ade-48ae-8527-3cf4a88e3be4 None None] MySQL server mode set to STRICT_TRANS_TABLES,STRICT_ALL_TABLES,NO_ZERO_IN_DATE,NO_ZERO_DATE,ERROR_FOR_DIVISION_BY_ZERO,TRADITIONAL,NO_ENGINE_SUBSTITUTION {{(pid=114957) _check_effective_sql_mode /opt/stack/data/venv/lib/python3.12/site-packages/oslo_db/sqlalchemy/engines.py:325}}
Jun 17 17:12:23.458574 np0000181242 nova-conductor[114968]: DEBUG oslo_db.sqlalchemy.engines [None req-d2237e66-9409-4db3-95a6-cbc51f24c08a None None] MySQL server mode set to STRICT_TRANS_TABLES,STRICT_ALL_TABLES,NO_ZERO_IN_DATE,NO_ZERO_DATE,ERROR_FOR_DIVISION_BY_ZERO,TRADITIONAL,NO_ENGINE_SUBSTITUTION {{(pid=114968) _check_effective_sql_mode /opt/stack/data/venv/lib/python3.12/site-packages/oslo_db/sqlalchemy/engines.py:325}}
Jun 17 17:12:23.463191 np0000181242 nova-conductor[114957]: DEBUG dbcounter [-] [114957] Writer thread running {{(pid=114957) stat_writer /opt/stack/data/venv/lib/python3.12/site-packages/dbcounter.py:102}}
Jun 17 17:12:23.471879 np0000181242 nova-conductor[114975]: DEBUG oslo_db.sqlalchemy.engines [None req-9fc04e5d-0988-4899-8b9c-e6aa01dcab32 None None] MySQL server mode set to STRICT_TRANS_TABLES,STRICT_ALL_TABLES,NO_ZERO_IN_DATE,NO_ZERO_DATE,ERROR_FOR_DIVISION_BY_ZERO,TRADITIONAL,NO_ENGINE_SUBSTITUTION {{(pid=114975) _check_effective_sql_mode /opt/stack/data/venv/lib/python3.12/site-packages/oslo_db/sqlalchemy/engines.py:325}}
Jun 17 17:12:23.472756 np0000181242 nova-conductor[114968]: DEBUG dbcounter [-] [114968] Writer thread running {{(pid=114968) stat_writer /opt/stack/data/venv/lib/python3.12/site-packages/dbcounter.py:102}}
Jun 17 17:12:23.480681 np0000181242 nova-conductor[114981]: DEBUG oslo_db.sqlalchemy.engines [None req-bc88de98-7043-44e1-9727-259abe198458 None None] MySQL server mode set to STRICT_TRANS_TABLES,STRICT_ALL_TABLES,NO_ZERO_IN_DATE,NO_ZERO_DATE,ERROR_FOR_DIVISION_BY_ZERO,TRADITIONAL,NO_ENGINE_SUBSTITUTION {{(pid=114981) _check_effective_sql_mode /opt/stack/data/venv/lib/python3.12/site-packages/oslo_db/sqlalchemy/engines.py:325}}
Jun 17 17:12:23.481667 np0000181242 nova-conductor[114975]: DEBUG dbcounter [-] [114975] Writer thread running {{(pid=114975) stat_writer /opt/stack/data/venv/lib/python3.12/site-packages/dbcounter.py:102}}
Jun 17 17:12:23.486841 np0000181242 nova-conductor[114957]: DEBUG nova.service [None req-1a64c826-3ade-48ae-8527-3cf4a88e3be4 None None] Creating RPC server for service: nova-conductor on topic: conductor {{(pid=114957) start /opt/stack/nova/nova/service.py:196}}
Jun 17 17:12:23.493616 np0000181242 nova-conductor[114981]: DEBUG dbcounter [-] [114981] Writer thread running {{(pid=114981) stat_writer /opt/stack/data/venv/lib/python3.12/site-packages/dbcounter.py:102}}
Jun 17 17:12:23.494608 np0000181242 nova-conductor[114968]: DEBUG nova.service [None req-d2237e66-9409-4db3-95a6-cbc51f24c08a None None] Creating RPC server for service: nova-conductor on topic: conductor {{(pid=114968) start /opt/stack/nova/nova/service.py:196}}
Jun 17 17:12:23.498821 np0000181242 nova-conductor[114981]: DEBUG nova.service [None req-bc88de98-7043-44e1-9727-259abe198458 None None] Creating RPC server for service: nova-conductor on topic: conductor {{(pid=114981) start /opt/stack/nova/nova/service.py:196}}
Jun 17 17:12:23.507121 np0000181242 nova-conductor[114975]: DEBUG nova.service [None req-9fc04e5d-0988-4899-8b9c-e6aa01dcab32 None None] Creating RPC server for service: nova-conductor on topic: conductor {{(pid=114975) start /opt/stack/nova/nova/service.py:196}}
Jun 17 17:12:23.512660 np0000181242 nova-conductor[114957]: DEBUG nova.service [None req-1a64c826-3ade-48ae-8527-3cf4a88e3be4 None None] Join ServiceGroup membership for this service conductor {{(pid=114957) start /opt/stack/nova/nova/service.py:222}}
Jun 17 17:12:23.513051 np0000181242 nova-conductor[114957]: DEBUG nova.servicegroup.drivers.db [None req-1a64c826-3ade-48ae-8527-3cf4a88e3be4 None None] DB_Driver: join new ServiceGroup member np0000181242 to the conductor group, service = {{(pid=114957) join /opt/stack/nova/nova/servicegroup/drivers/db.py:44}}
Jun 17 17:12:23.527359 np0000181242 nova-conductor[114968]: DEBUG nova.service [None req-d2237e66-9409-4db3-95a6-cbc51f24c08a None None] Join ServiceGroup membership for this service conductor {{(pid=114968) start /opt/stack/nova/nova/service.py:222}}
Jun 17 17:12:23.527533 np0000181242 nova-conductor[114968]: DEBUG nova.servicegroup.drivers.db [None req-d2237e66-9409-4db3-95a6-cbc51f24c08a None None] DB_Driver: join new ServiceGroup member np0000181242 to the conductor group, service = {{(pid=114968) join /opt/stack/nova/nova/servicegroup/drivers/db.py:44}}
Jun 17 17:12:23.531571 np0000181242 nova-conductor[114975]: DEBUG nova.service [None req-9fc04e5d-0988-4899-8b9c-e6aa01dcab32 None None] Join ServiceGroup membership for this service conductor {{(pid=114975) start /opt/stack/nova/nova/service.py:222}}
Jun 17 17:12:23.531571 np0000181242 nova-conductor[114975]: DEBUG nova.servicegroup.drivers.db [None req-9fc04e5d-0988-4899-8b9c-e6aa01dcab32 None None] DB_Driver: join new ServiceGroup member np0000181242 to the conductor group, service = {{(pid=114975) join /opt/stack/nova/nova/servicegroup/drivers/db.py:44}}
Jun 17 17:12:23.532760 np0000181242 nova-conductor[114981]: DEBUG nova.service [None req-bc88de98-7043-44e1-9727-259abe198458 None None] Join ServiceGroup membership for this service conductor {{(pid=114981) start /opt/stack/nova/nova/service.py:222}}
Jun 17 17:12:23.533216 np0000181242 nova-conductor[114981]: DEBUG nova.servicegroup.drivers.db [None req-bc88de98-7043-44e1-9727-259abe198458 None None] DB_Driver: join new ServiceGroup member np0000181242 to the conductor group, service = {{(pid=114981) join /opt/stack/nova/nova/servicegroup/drivers/db.py:44}}
Jun 17 17:12:28.531735 np0000181242 nova-conductor[114957]: DEBUG oslo.service.backend._threading.loopingcall [-] Fixed interval looping call 'nova.servicegroup.drivers.db.DbDriver._report_state' sleeping for 119.98 seconds {{(pid=114957) _run_loop /opt/stack/data/venv/lib/python3.12/site-packages/oslo_service/backend/_threading/loopingcall.py:125}}
Jun 17 17:12:28.538205 np0000181242 nova-conductor[114968]: DEBUG oslo.service.backend._threading.loopingcall [-] Fixed interval looping call 'nova.servicegroup.drivers.db.DbDriver._report_state' sleeping for 119.99 seconds {{(pid=114968) _run_loop /opt/stack/data/venv/lib/python3.12/site-packages/oslo_service/backend/_threading/loopingcall.py:125}}
Jun 17 17:12:28.540209 np0000181242 nova-conductor[114975]: DEBUG oslo.service.backend._threading.loopingcall [-] Fixed interval looping call 'nova.servicegroup.drivers.db.DbDriver._report_state' sleeping for 119.99 seconds {{(pid=114975) _run_loop /opt/stack/data/venv/lib/python3.12/site-packages/oslo_service/backend/_threading/loopingcall.py:125}}
Jun 17 17:12:28.550114 np0000181242 nova-conductor[114981]: DEBUG oslo.service.backend._threading.loopingcall [-] Fixed interval looping call 'nova.servicegroup.drivers.db.DbDriver._report_state' sleeping for 119.99 seconds {{(pid=114981) _run_loop /opt/stack/data/venv/lib/python3.12/site-packages/oslo_service/backend/_threading/loopingcall.py:125}}
Jun 17 17:12:30.530460 np0000181242 nova-conductor[114968]: DEBUG oslo.service.backend._threading.loopingcall [None req-53bbd862-cc9c-42c8-91ee-b08cdbf558af None None] Dynamic interval looping call 'nova.service.Service.periodic_tasks' sleeping for 60.00 seconds {{(pid=114968) _run_loop /opt/stack/data/venv/lib/python3.12/site-packages/oslo_service/backend/_threading/loopingcall.py:125}}
Jun 17 17:12:31.986774 np0000181242 nova-conductor[114136]: DEBUG dbcounter [-] [114136] Writing DB stats nova_api:SELECT=1 {{(pid=114136) stat_writer /opt/stack/data/venv/lib/python3.12/site-packages/dbcounter.py:115}}
Jun 17 17:12:32.115970 np0000181242 nova-conductor[114136]: DEBUG dbcounter [-] [114136] Writing DB stats nova_cell0:SELECT=1 {{(pid=114136) stat_writer /opt/stack/data/venv/lib/python3.12/site-packages/dbcounter.py:115}}
Jun 17 17:12:32.128765 np0000181242 nova-conductor[114136]: DEBUG dbcounter [-] [114136] Writing DB stats nova_cell1:SELECT=1 {{(pid=114136) stat_writer /opt/stack/data/venv/lib/python3.12/site-packages/dbcounter.py:115}}
Jun 17 17:12:38.525818 np0000181242 nova-conductor[114957]: DEBUG dbcounter [-] [114957] Writing DB stats nova_cell0:SELECT=4,nova_cell0:INSERT=1,nova_cell0:UPDATE=1 {{(pid=114957) stat_writer /opt/stack/data/venv/lib/python3.12/site-packages/dbcounter.py:115}}
Jun 17 17:12:38.537017 np0000181242 nova-conductor[114968]: DEBUG dbcounter [-] [114968] Writing DB stats nova_cell0:SELECT=5,nova_cell0:INSERT=1 {{(pid=114968) stat_writer /opt/stack/data/venv/lib/python3.12/site-packages/dbcounter.py:115}}
Jun 17 17:12:38.537699 np0000181242 nova-conductor[114975]: DEBUG dbcounter [-] [114975] Writing DB stats nova_cell0:SELECT=4,nova_cell0:INSERT=1 {{(pid=114975) stat_writer /opt/stack/data/venv/lib/python3.12/site-packages/dbcounter.py:115}}
Jun 17 17:12:38.546062 np0000181242 nova-conductor[114981]: DEBUG dbcounter [-] [114981] Writing DB stats nova_cell0:SELECT=3 {{(pid=114981) stat_writer /opt/stack/data/venv/lib/python3.12/site-packages/dbcounter.py:115}}
Jun 17 17:12:46.534417 np0000181242 nova-conductor[114975]: DEBUG oslo.service.backend._threading.loopingcall [None req-3b6af7d1-d0e2-49ba-a61d-5c2ace3b63f1 None None] Dynamic interval looping call 'nova.service.Service.periodic_tasks' sleeping for 60.00 seconds {{(pid=114975) _run_loop /opt/stack/data/venv/lib/python3.12/site-packages/oslo_service/backend/_threading/loopingcall.py:125}}
Jun 17 17:13:00.516176 np0000181242 nova-conductor[114957]: DEBUG oslo.service.backend._threading.loopingcall [None req-a2d6a208-da94-408a-a102-13e241570bdc None None] Dynamic interval looping call 'nova.service.Service.periodic_tasks' sleeping for 60.00 seconds {{(pid=114957) _run_loop /opt/stack/data/venv/lib/python3.12/site-packages/oslo_service/backend/_threading/loopingcall.py:125}}
Jun 17 17:13:22.535853 np0000181242 nova-conductor[114981]: DEBUG oslo.service.backend._threading.loopingcall [None req-ccddad68-5c33-4f37-a370-0a66eb8d069c None None] Dynamic interval looping call 'nova.service.Service.periodic_tasks' sleeping for 60.00 seconds {{(pid=114981) _run_loop /opt/stack/data/venv/lib/python3.12/site-packages/oslo_service/backend/_threading/loopingcall.py:125}}
Jun 17 17:13:30.531694 np0000181242 nova-conductor[114968]: DEBUG oslo.service.backend._threading.loopingcall [None req-53bbd862-cc9c-42c8-91ee-b08cdbf558af None None] Dynamic interval looping call 'nova.service.Service.periodic_tasks' sleeping for 60.00 seconds {{(pid=114968) _run_loop /opt/stack/data/venv/lib/python3.12/site-packages/oslo_service/backend/_threading/loopingcall.py:125}}
Jun 17 17:13:46.535437 np0000181242 nova-conductor[114975]: DEBUG oslo.service.backend._threading.loopingcall [None req-3b6af7d1-d0e2-49ba-a61d-5c2ace3b63f1 None None] Dynamic interval looping call 'nova.service.Service.periodic_tasks' sleeping for 60.00 seconds {{(pid=114975) _run_loop /opt/stack/data/venv/lib/python3.12/site-packages/oslo_service/backend/_threading/loopingcall.py:125}}
Jun 17 17:14:00.516972 np0000181242 nova-conductor[114957]: DEBUG oslo.service.backend._threading.loopingcall [None req-a2d6a208-da94-408a-a102-13e241570bdc None None] Dynamic interval looping call 'nova.service.Service.periodic_tasks' sleeping for 60.00 seconds {{(pid=114957) _run_loop /opt/stack/data/venv/lib/python3.12/site-packages/oslo_service/backend/_threading/loopingcall.py:125}}
Jun 17 17:14:22.536702 np0000181242 nova-conductor[114981]: DEBUG oslo.service.backend._threading.loopingcall [None req-ccddad68-5c33-4f37-a370-0a66eb8d069c None None] Dynamic interval looping call 'nova.service.Service.periodic_tasks' sleeping for 60.00 seconds {{(pid=114981) _run_loop /opt/stack/data/venv/lib/python3.12/site-packages/oslo_service/backend/_threading/loopingcall.py:125}}
Jun 17 17:14:28.524277 np0000181242 nova-conductor[114957]: DEBUG oslo.service.backend._threading.loopingcall [-] Fixed interval looping call 'nova.servicegroup.drivers.db.DbDriver._report_state' sleeping for 119.99 seconds {{(pid=114957) _run_loop /opt/stack/data/venv/lib/python3.12/site-packages/oslo_service/backend/_threading/loopingcall.py:125}}
Jun 17 17:14:28.537038 np0000181242 nova-conductor[114968]: DEBUG oslo.service.backend._threading.loopingcall [-] Fixed interval looping call 'nova.servicegroup.drivers.db.DbDriver._report_state' sleeping for 119.99 seconds {{(pid=114968) _run_loop /opt/stack/data/venv/lib/python3.12/site-packages/oslo_service/backend/_threading/loopingcall.py:125}}
Jun 17 17:14:28.539769 np0000181242 nova-conductor[114975]: DEBUG oslo.service.backend._threading.loopingcall [-] Fixed interval looping call 'nova.servicegroup.drivers.db.DbDriver._report_state' sleeping for 119.99 seconds {{(pid=114975) _run_loop /opt/stack/data/venv/lib/python3.12/site-packages/oslo_service/backend/_threading/loopingcall.py:125}}
Jun 17 17:14:28.545211 np0000181242 nova-conductor[114981]: DEBUG oslo.service.backend._threading.loopingcall [-] Fixed interval looping call 'nova.servicegroup.drivers.db.DbDriver._report_state' sleeping for 120.00 seconds {{(pid=114981) _run_loop /opt/stack/data/venv/lib/python3.12/site-packages/oslo_service/backend/_threading/loopingcall.py:125}}
Jun 17 17:14:30.532551 np0000181242 nova-conductor[114968]: DEBUG oslo.service.backend._threading.loopingcall [None req-53bbd862-cc9c-42c8-91ee-b08cdbf558af None None] Dynamic interval looping call 'nova.service.Service.periodic_tasks' sleeping for 60.00 seconds {{(pid=114968) _run_loop /opt/stack/data/venv/lib/python3.12/site-packages/oslo_service/backend/_threading/loopingcall.py:125}}
Jun 17 17:14:38.518457 np0000181242 nova-conductor[114957]: DEBUG dbcounter [-] [114957] Writing DB stats nova_cell0:SELECT=1,nova_cell0:UPDATE=1 {{(pid=114957) stat_writer /opt/stack/data/venv/lib/python3.12/site-packages/dbcounter.py:115}}
Jun 17 17:14:38.531421 np0000181242 nova-conductor[114968]: DEBUG dbcounter [-] [114968] Writing DB stats nova_cell0:SELECT=1 {{(pid=114968) stat_writer /opt/stack/data/venv/lib/python3.12/site-packages/dbcounter.py:115}}
Jun 17 17:14:38.532771 np0000181242 nova-conductor[114975]: DEBUG dbcounter [-] [114975] Writing DB stats nova_cell0:SELECT=1 {{(pid=114975) stat_writer /opt/stack/data/venv/lib/python3.12/site-packages/dbcounter.py:115}}
Jun 17 17:14:38.542618 np0000181242 nova-conductor[114981]: DEBUG dbcounter [-] [114981] Writing DB stats nova_cell0:SELECT=1 {{(pid=114981) stat_writer /opt/stack/data/venv/lib/python3.12/site-packages/dbcounter.py:115}}
Jun 17 17:14:46.536638 np0000181242 nova-conductor[114975]: DEBUG oslo.service.backend._threading.loopingcall [None req-3b6af7d1-d0e2-49ba-a61d-5c2ace3b63f1 None None] Dynamic interval looping call 'nova.service.Service.periodic_tasks' sleeping for 60.00 seconds {{(pid=114975) _run_loop /opt/stack/data/venv/lib/python3.12/site-packages/oslo_service/backend/_threading/loopingcall.py:125}}
Jun 17 17:15:00.518221 np0000181242 nova-conductor[114957]: DEBUG oslo.service.backend._threading.loopingcall [None req-a2d6a208-da94-408a-a102-13e241570bdc None None] Dynamic interval looping call 'nova.service.Service.periodic_tasks' sleeping for 60.00 seconds {{(pid=114957) _run_loop /opt/stack/data/venv/lib/python3.12/site-packages/oslo_service/backend/_threading/loopingcall.py:125}}
Jun 17 17:15:22.537616 np0000181242 nova-conductor[114981]: DEBUG oslo.service.backend._threading.loopingcall [None req-ccddad68-5c33-4f37-a370-0a66eb8d069c None None] Dynamic interval looping call 'nova.service.Service.periodic_tasks' sleeping for 60.00 seconds {{(pid=114981) _run_loop /opt/stack/data/venv/lib/python3.12/site-packages/oslo_service/backend/_threading/loopingcall.py:125}}
Jun 17 17:15:30.533399 np0000181242 nova-conductor[114968]: DEBUG oslo.service.backend._threading.loopingcall [None req-53bbd862-cc9c-42c8-91ee-b08cdbf558af None None] Dynamic interval looping call 'nova.service.Service.periodic_tasks' sleeping for 60.00 seconds {{(pid=114968) _run_loop /opt/stack/data/venv/lib/python3.12/site-packages/oslo_service/backend/_threading/loopingcall.py:125}}
Jun 17 17:15:46.537647 np0000181242 nova-conductor[114975]: DEBUG oslo.service.backend._threading.loopingcall [None req-3b6af7d1-d0e2-49ba-a61d-5c2ace3b63f1 None None] Dynamic interval looping call 'nova.service.Service.periodic_tasks' sleeping for 60.00 seconds {{(pid=114975) _run_loop /opt/stack/data/venv/lib/python3.12/site-packages/oslo_service/backend/_threading/loopingcall.py:125}}
Jun 17 17:16:00.519072 np0000181242 nova-conductor[114957]: DEBUG oslo.service.backend._threading.loopingcall [None req-a2d6a208-da94-408a-a102-13e241570bdc None None] Dynamic interval looping call 'nova.service.Service.periodic_tasks' sleeping for 60.00 seconds {{(pid=114957) _run_loop /opt/stack/data/venv/lib/python3.12/site-packages/oslo_service/backend/_threading/loopingcall.py:125}}
Jun 17 17:16:22.538426 np0000181242 nova-conductor[114981]: DEBUG oslo.service.backend._threading.loopingcall [None req-ccddad68-5c33-4f37-a370-0a66eb8d069c None None] Dynamic interval looping call 'nova.service.Service.periodic_tasks' sleeping for 60.00 seconds {{(pid=114981) _run_loop /opt/stack/data/venv/lib/python3.12/site-packages/oslo_service/backend/_threading/loopingcall.py:125}}
Jun 17 17:16:28.525507 np0000181242 nova-conductor[114957]: DEBUG oslo.service.backend._threading.loopingcall [-] Fixed interval looping call 'nova.servicegroup.drivers.db.DbDriver._report_state' sleeping for 119.99 seconds {{(pid=114957) _run_loop /opt/stack/data/venv/lib/python3.12/site-packages/oslo_service/backend/_threading/loopingcall.py:125}}
Jun 17 17:16:28.531602 np0000181242 nova-conductor[114968]: DEBUG oslo.service.backend._threading.loopingcall [-] Fixed interval looping call 'nova.servicegroup.drivers.db.DbDriver._report_state' sleeping for 120.00 seconds {{(pid=114968) _run_loop /opt/stack/data/venv/lib/python3.12/site-packages/oslo_service/backend/_threading/loopingcall.py:125}}
Jun 17 17:16:28.535901 np0000181242 nova-conductor[114975]: DEBUG oslo.service.backend._threading.loopingcall [-] Fixed interval looping call 'nova.servicegroup.drivers.db.DbDriver._report_state' sleeping for 119.99 seconds {{(pid=114975) _run_loop /opt/stack/data/venv/lib/python3.12/site-packages/oslo_service/backend/_threading/loopingcall.py:125}}
Jun 17 17:16:28.551334 np0000181242 nova-conductor[114981]: DEBUG oslo.service.backend._threading.loopingcall [-] Fixed interval looping call 'nova.servicegroup.drivers.db.DbDriver._report_state' sleeping for 119.99 seconds {{(pid=114981) _run_loop /opt/stack/data/venv/lib/python3.12/site-packages/oslo_service/backend/_threading/loopingcall.py:125}}
Jun 17 17:16:30.534274 np0000181242 nova-conductor[114968]: DEBUG oslo.service.backend._threading.loopingcall [None req-53bbd862-cc9c-42c8-91ee-b08cdbf558af None None] Dynamic interval looping call 'nova.service.Service.periodic_tasks' sleeping for 60.00 seconds {{(pid=114968) _run_loop /opt/stack/data/venv/lib/python3.12/site-packages/oslo_service/backend/_threading/loopingcall.py:125}}
Jun 17 17:16:38.519726 np0000181242 nova-conductor[114957]: DEBUG dbcounter [-] [114957] Writing DB stats nova_cell0:SELECT=1,nova_cell0:UPDATE=1 {{(pid=114957) stat_writer /opt/stack/data/venv/lib/python3.12/site-packages/dbcounter.py:115}}
Jun 17 17:16:38.529181 np0000181242 nova-conductor[114968]: DEBUG dbcounter [-] [114968] Writing DB stats nova_cell0:SELECT=1 {{(pid=114968) stat_writer /opt/stack/data/venv/lib/python3.12/site-packages/dbcounter.py:115}}
Jun 17 17:16:38.533082 np0000181242 nova-conductor[114975]: DEBUG dbcounter [-] [114975] Writing DB stats nova_cell0:SELECT=1 {{(pid=114975) stat_writer /opt/stack/data/venv/lib/python3.12/site-packages/dbcounter.py:115}}
