2026-04-02 18:07:03.479 7 INFO placement.requestlog [req-e050261d-e376-41fc-bb47-1a6b68019a45 req-f174e40a-848a-44cd-9502-2bc15ea3a2a2 1002864932024f2e856f02eef8915387 9d457e9b1545497490ddcf4334f155ee - - 32e29f54ce8444eaa73db14064ef4e52 32e29f54ce8444eaa73db14064ef4e52] 199.19.213.139 "GET /allocations/13440d58-0af2-4e26-acf9-0916b8ebb546" status: 200 len: 258 microversion: 1.28 [pid: 7|app: 0|req: 611/1241] 199.19.213.139 () {34 vars in 863 bytes} [Thu Apr 2 18:07:03 2026] GET /allocations/13440d58-0af2-4e26-acf9-0916b8ebb546 => generated 258 bytes in 17 msecs (HTTP/1.1 200) 8 headers in 296 bytes (1 switches on core 0)
2026-04-02 18:07:03.501 8 INFO placement.requestlog [req-e050261d-e376-41fc-bb47-1a6b68019a45 req-d21c9901-0a59-4fc5-8e29-c445b0a1a04e 1002864932024f2e856f02eef8915387 9d457e9b1545497490ddcf4334f155ee - - 32e29f54ce8444eaa73db14064ef4e52 32e29f54ce8444eaa73db14064ef4e52] 199.19.213.139 "GET /allocations/c72c8e8a-2670-48ae-bdbd-4143523b0021" status: 200 len: 245 microversion: 1.28 [pid: 8|app: 0|req: 631/1242] 199.19.213.139 () {34 vars in 863 bytes} [Thu Apr 2 18:07:03 2026] GET /allocations/c72c8e8a-2670-48ae-bdbd-4143523b0021 => generated 245 bytes in 15 msecs (HTTP/1.1 200) 8 headers in 296 bytes (1 switches on core 0)
2026-04-02 18:07:03.870 8 INFO placement.requestlog [None req-aaad9a62-1a3d-4366-b540-dcbe53329e25 - - - - - -] 10.0.0.129 "GET /" status: 200 len: 136 microversion: 1.0
2026-04-02 18:07:03.870 7 INFO placement.requestlog [None req-b5c5f55c-3f41-43d9-86df-b17c6ef8b1d4 - - - - - -] 10.0.0.129 "GET /" status: 200 len: 136 microversion: 1.0
2026-04-02 18:07:13.870 8 INFO placement.requestlog [None req-482ea66b-1be3-4409-b7df-ae266d37f471 - - - - - -] 10.0.0.129 "GET /" status: 200 len: 136 microversion: 1.0
2026-04-02 18:07:13.870 7 INFO placement.requestlog [None req-29390537-f508-444a-8931-d8d7db7b2b70 - - - - - -] 10.0.0.129 "GET /" status: 200 len: 136 microversion: 1.0
2026-04-02 18:07:23.870 8 INFO placement.requestlog [None req-56abf6ef-c907-4fd0-aa21-e850c948323f - - - - - -] 10.0.0.129 "GET /" status: 200 len: 136 microversion: 1.0
2026-04-02 18:07:23.871 7 INFO placement.requestlog [None req-b3e63413-abe3-4d7c-91d7-ecb092541254 - - - - - -] 10.0.0.129 "GET /" status: 200 len: 136 microversion: 1.0
2026-04-02 18:07:33.870 7 INFO placement.requestlog [None req-301fd9c2-06ee-422f-b28f-96d86c2f55e4 - - - - - -] 10.0.0.129 "GET /" status: 200 len: 136 microversion: 1.0
2026-04-02 18:07:33.871 8 INFO placement.requestlog [None req-851c3bb8-b947-4369-9641-97c44f6f2aca - - - - - -] 10.0.0.129 "GET /" status: 200 len: 136 microversion: 1.0
2026-04-02 18:07:43.869 7 INFO placement.requestlog [None req-3c807bff-059d-4ea9-a235-fa665328278f - - - - - -] 10.0.0.129 "GET /" status: 200 len: 136 microversion: 1.0
2026-04-02 18:07:43.870 8 INFO placement.requestlog [None req-58ab92ee-a549-4c76-8090-b74042e98f99 - - - - - -] 10.0.0.129 "GET /" status: 200 len: 136 microversion: 1.0
2026-04-02 18:07:53.871 8 INFO placement.requestlog [None req-bb322453-4065-4088-9bc6-15fe86488379 - - - - - -] 10.0.0.129 "GET /" status: 200 len: 136 microversion: 1.0
2026-04-02 18:07:53.871 7 INFO placement.requestlog [None req-09a59d3e-cc85-4f3a-be93-cd530ad59aac - - - - - -] 10.0.0.129 "GET /" status: 200 len: 136 microversion: 1.0
2026-04-02 18:08:03.870 8 INFO placement.requestlog [None req-9d32ea3f-161a-4f2b-abdf-2136e15f965d - - - - - -] 10.0.0.129 "GET /" status: 200 len: 136 microversion: 1.0
2026-04-02 18:08:03.870 7 INFO placement.requestlog [None req-1f87fda4-f3da-4fbd-84d2-0e4ae2431907 - - - - - -] 10.0.0.129 "GET /" status: 200 len: 136 microversion: 1.0
2026-04-02 18:08:04.507 7 INFO placement.requestlog [req-9a74a524-bb83-4ea3-a997-9ff38e23abaf req-62fd0a87-0629-4b31-a455-a4e1c6901888 1002864932024f2e856f02eef8915387 9d457e9b1545497490ddcf4334f155ee - - 32e29f54ce8444eaa73db14064ef4e52 32e29f54ce8444eaa73db14064ef4e52] 199.19.213.139 "GET /resource_providers/577a10c7-fad0-44f1-a572-98a3b046544d/allocations" status: 200 len: 340 microversion: 1.0 [pid: 7|app: 0|req: 619/1257] 199.19.213.139 () {32 vars in 857 bytes} [Thu Apr 2 18:08:04 2026] GET /resource_providers/577a10c7-fad0-44f1-a572-98a3b046544d/allocations => generated 340 bytes in 23 msecs (HTTP/1.1 200) 6 headers in 224 bytes (1 switches on core 0)
2026-04-02 18:08:04.548 8 INFO placement.requestlog [req-9a74a524-bb83-4ea3-a997-9ff38e23abaf req-9482e354-d5e6-4641-91d9-ebe516a8a354 1002864932024f2e856f02eef8915387 9d457e9b1545497490ddcf4334f155ee - - 32e29f54ce8444eaa73db14064ef4e52 32e29f54ce8444eaa73db14064ef4e52] 199.19.213.139 "GET /resource_providers/577a10c7-fad0-44f1-a572-98a3b046544d/allocations" status: 200 len: 340 microversion: 1.0 [pid: 8|app: 0|req: 639/1258] 199.19.213.139 () {32 vars in 857 bytes} [Thu Apr 2 18:08:04 2026] GET /resource_providers/577a10c7-fad0-44f1-a572-98a3b046544d/allocations => generated 340 bytes in 31 msecs (HTTP/1.1 200) 6 headers in 224 bytes (1 switches on core 0)
2026-04-02 18:08:04.581 7 INFO placement.requestlog [req-9a74a524-bb83-4ea3-a997-9ff38e23abaf req-a77f5ba5-fd57-4afc-8226-1d07e33c0603 1002864932024f2e856f02eef8915387 9d457e9b1545497490ddcf4334f155ee - - 32e29f54ce8444eaa73db14064ef4e52 32e29f54ce8444eaa73db14064ef4e52] 199.19.213.139 "GET /allocations/2190802b-196c-41c4-b092-99c5f6b83317" status: 200 len: 258 microversion: 1.28 [pid: 7|app: 0|req: 620/1259] 199.19.213.139 () {34 vars in 863 bytes} [Thu Apr 2 18:08:04 2026] GET /allocations/2190802b-196c-41c4-b092-99c5f6b83317 => generated 258 bytes in 19 msecs (HTTP/1.1 200) 8 headers in 296 bytes (1 switches on core 0)
2026-04-02 18:08:04.612 8 INFO placement.requestlog [req-9a74a524-bb83-4ea3-a997-9ff38e23abaf req-e812eabd-5cb0-4935-a4c7-031893a5ed60 1002864932024f2e856f02eef8915387 9d457e9b1545497490ddcf4334f155ee - - 32e29f54ce8444eaa73db14064ef4e52 32e29f54ce8444eaa73db14064ef4e52] 199.19.213.139 "GET /allocations/13440d58-0af2-4e26-acf9-0916b8ebb546" status: 200 len: 258 microversion: 1.28 [pid: 8|app: 0|req: 640/1260] 199.19.213.139 () {34 vars in 863 bytes} [Thu Apr 2 18:08:04 2026] GET /allocations/13440d58-0af2-4e26-acf9-0916b8ebb546 => generated 258 bytes in 20 msecs (HTTP/1.1 200) 8 headers in 296 bytes (1 switches on core 0)
2026-04-02 18:08:04.636 7 INFO placement.requestlog [req-9a74a524-bb83-4ea3-a997-9ff38e23abaf req-3dedf298-df04-4055-b58e-5ed9c0b1b30f 1002864932024f2e856f02eef8915387 9d457e9b1545497490ddcf4334f155ee - - 32e29f54ce8444eaa73db14064ef4e52 32e29f54ce8444eaa73db14064ef4e52] 199.19.213.139 "GET /allocations/c72c8e8a-2670-48ae-bdbd-4143523b0021" status: 200 len: 245 microversion: 1.28 [pid: 7|app: 0|req: 621/1261] 199.19.213.139 () {34 vars in 863 bytes} [Thu Apr 2 18:08:04 2026] GET /allocations/c72c8e8a-2670-48ae-bdbd-4143523b0021 => generated 245 bytes in 15 msecs (HTTP/1.1 200) 8 headers in 296 bytes (1 switches on core 0)
2026-04-02 18:08:13.870 7 INFO placement.requestlog [None req-cb9735ed-a5d2-4418-add2-49bce4e9d1e5 - - - - - -] 10.0.0.129 "GET /" status: 200 len: 136 microversion: 1.0
2026-04-02 18:08:13.870 8 INFO placement.requestlog [None req-1c3c149b-e1b9-4136-9fe1-b55fe1d59d4b - - - - - -] 10.0.0.129 "GET /" status: 200 len: 136 microversion: 1.0
2026-04-02 18:08:23.869 7 INFO placement.requestlog [None req-cdcf8a52-011d-4f72-ada4-7697d94bbcdf - - - - - -] 10.0.0.129 "GET /" status: 200 len: 136 microversion: 1.0
2026-04-02 18:08:23.871 8 INFO placement.requestlog [None req-941fe2fb-babf-4f3d-958f-bc51c88d9112 - - - - - -] 10.0.0.129 "GET /" status: 200 len: 136 microversion: 1.0
2026-04-02 18:08:33.871 8 INFO placement.requestlog [None req-1cc30052-59df-48f0-b52c-2fdd3833fa32 - - - - - -] 10.0.0.129 "GET /" status: 200 len: 136 microversion: 1.0
2026-04-02 18:08:33.872 7 INFO placement.requestlog [None req-e0041af5-4612-4ec6-bafd-d038e17ca43f - - - - - -] 10.0.0.129 "GET /" status: 200 len: 136 microversion: 1.0
2026-04-02 18:08:43.871 8 INFO placement.requestlog [None req-5cdd8d60-50d9-4966-8e11-99acb7684c24 - - - - - -] 10.0.0.129 "GET /" status: 200 len: 136 microversion: 1.0
2026-04-02 18:08:43.871 7 INFO placement.requestlog [None req-1f082ca5-2149-4ed2-ae3f-c1742b0fd19f - - - - - -] 10.0.0.129 "GET /" status: 200 len: 136 microversion: 1.0
2026-04-02 18:08:48.603 8 INFO placement.requestlog [req-a4c3a13c-5fec-439c-9114-b5a86a29b4ce req-87762464-fcf0-46ac-b0c7-db17b686379f 1002864932024f2e856f02eef8915387 9d457e9b1545497490ddcf4334f155ee - - 32e29f54ce8444eaa73db14064ef4e52 32e29f54ce8444eaa73db14064ef4e52] 199.19.213.139 "GET /resource_providers/577a10c7-fad0-44f1-a572-98a3b046544d/allocations" status: 200 len: 340 microversion: 1.0 [pid: 8|app: 0|req: 645/1270] 199.19.213.139 () {32 vars in 857 bytes} [Thu Apr 2 18:08:48 2026] GET /resource_providers/577a10c7-fad0-44f1-a572-98a3b046544d/allocations => generated 340 bytes in 22 msecs (HTTP/1.1 200) 6 headers in 224 bytes (1 switches on core 0)
2026-04-02 18:08:48.634 7 INFO placement.requestlog [req-a4c3a13c-5fec-439c-9114-b5a86a29b4ce req-4c39d602-4ed7-4280-962a-6885c1057e25 1002864932024f2e856f02eef8915387 9d457e9b1545497490ddcf4334f155ee - - 32e29f54ce8444eaa73db14064ef4e52 32e29f54ce8444eaa73db14064ef4e52] 199.19.213.139 "GET /allocations/2190802b-196c-41c4-b092-99c5f6b83317" status: 200 len: 258 microversion: 1.28 [pid: 7|app: 0|req: 626/1271] 199.19.213.139 () {34 vars in 863 bytes} [Thu Apr 2 18:08:48 2026] GET /allocations/2190802b-196c-41c4-b092-99c5f6b83317 => generated 258 bytes in 22 msecs (HTTP/1.1 200) 8 headers in 296 bytes (1 switches on core 0)
2026-04-02 18:08:48.663 8 INFO placement.requestlog [req-a4c3a13c-5fec-439c-9114-b5a86a29b4ce req-c6813c28-d06d-4cc3-9ed4-39998941475a 1002864932024f2e856f02eef8915387 9d457e9b1545497490ddcf4334f155ee - - 32e29f54ce8444eaa73db14064ef4e52 32e29f54ce8444eaa73db14064ef4e52] 199.19.213.139 "GET /allocations/13440d58-0af2-4e26-acf9-0916b8ebb546" status: 200 len: 258 microversion: 1.28 [pid: 8|app: 0|req: 646/1272] 199.19.213.139 () {34 vars in 863 bytes} [Thu Apr 2 18:08:48 2026] GET /allocations/13440d58-0af2-4e26-acf9-0916b8ebb546 => generated 258 bytes in 20 msecs (HTTP/1.1 200) 8 headers in 296 bytes (1 switches on core 0)
2026-04-02 18:08:48.693 7 INFO placement.requestlog [req-a4c3a13c-5fec-439c-9114-b5a86a29b4ce req-319d0d82-741e-4490-ad7f-c1a9e0f7685e 1002864932024f2e856f02eef8915387 9d457e9b1545497490ddcf4334f155ee - - 32e29f54ce8444eaa73db14064ef4e52 32e29f54ce8444eaa73db14064ef4e52] 199.19.213.139 "GET /allocations/c72c8e8a-2670-48ae-bdbd-4143523b0021" status: 200 len: 245 microversion: 1.28 [pid: 7|app: 0|req: 627/1273] 199.19.213.139 () {34 vars in 863 bytes} [Thu Apr 2 18:08:48 2026] GET /allocations/c72c8e8a-2670-48ae-bdbd-4143523b0021 => generated 245 bytes in 20 msecs (HTTP/1.1 200) 8 headers in 296 bytes (1 switches on core 0)
2026-04-02 18:08:48.793 8 INFO placement.requestlog [req-a4c3a13c-5fec-439c-9114-b5a86a29b4ce req-1933de16-1f56-421b-85ba-bb002169e12c 1002864932024f2e856f02eef8915387 9d457e9b1545497490ddcf4334f155ee - - 32e29f54ce8444eaa73db14064ef4e52 32e29f54ce8444eaa73db14064ef4e52] 199.19.213.139 "DELETE /allocations/c72c8e8a-2670-48ae-bdbd-4143523b0021" status: 204 len: 0 microversion: 1.0 [pid: 8|app: 0|req: 647/1274] 199.19.213.139 () {34 vars in 841 bytes} [Thu Apr 2 18:08:48 2026] DELETE /allocations/c72c8e8a-2670-48ae-bdbd-4143523b0021 => generated 0 bytes in 32 msecs (HTTP/1.1 204) 5 headers in 198 bytes (1 switches on core 0)
2026-04-02 18:08:51.211 7 INFO placement.requestlog [req-eeed2b36-ba42-4e26-83a1-6838e84abf29 req-48e597eb-b63c-45e6-b918-6b3af8c8124b 1002864932024f2e856f02eef8915387 9d457e9b1545497490ddcf4334f155ee - - 32e29f54ce8444eaa73db14064ef4e52 32e29f54ce8444eaa73db14064ef4e52] 199.19.213.139 "GET /resource_providers/577a10c7-fad0-44f1-a572-98a3b046544d/allocations" status: 200 len: 253 microversion: 1.0 [pid: 7|app: 0|req: 628/1275] 199.19.213.139 () {32 vars in 857 bytes} [Thu Apr 2 18:08:51 2026] GET /resource_providers/577a10c7-fad0-44f1-a572-98a3b046544d/allocations => generated 253 bytes in 40 msecs (HTTP/1.1 200) 6 headers in 224 bytes (1 switches on core 0)
2026-04-02 18:08:51.236 8 INFO placement.requestlog [req-eeed2b36-ba42-4e26-83a1-6838e84abf29 req-08f17e85-3b7c-4a04-91d8-8d02907fde14 1002864932024f2e856f02eef8915387 9d457e9b1545497490ddcf4334f155ee - - 32e29f54ce8444eaa73db14064ef4e52 32e29f54ce8444eaa73db14064ef4e52] 199.19.213.139 "GET /allocations/2190802b-196c-41c4-b092-99c5f6b83317" status: 200 len: 258 microversion: 1.28 [pid: 8|app: 0|req: 648/1276] 199.19.213.139 () {34 vars in 863 bytes} [Thu Apr 2 18:08:51 2026] GET /allocations/2190802b-196c-41c4-b092-99c5f6b83317 => generated 258 bytes in 15 msecs (HTTP/1.1 200) 8 headers in 296 bytes (1 switches on core 0)
2026-04-02 18:08:51.269 7 INFO placement.requestlog [req-eeed2b36-ba42-4e26-83a1-6838e84abf29 req-94e9442f-5a16-4382-b2fa-0e2deceb3f97 1002864932024f2e856f02eef8915387 9d457e9b1545497490ddcf4334f155ee - - 32e29f54ce8444eaa73db14064ef4e52 32e29f54ce8444eaa73db14064ef4e52] 199.19.213.139 "GET /allocations/13440d58-0af2-4e26-acf9-0916b8ebb546" status: 200 len: 258 microversion: 1.28 [pid: 7|app: 0|req: 629/1277] 199.19.213.139 () {34 vars in 863 bytes} [Thu Apr 2 18:08:51 2026] GET /allocations/13440d58-0af2-4e26-acf9-0916b8ebb546 => generated 258 bytes in 23 msecs (HTTP/1.1 200) 8 headers in 296 bytes (1 switches on core 0)
2026-04-02 18:08:51.349 8 INFO placement.requestlog [req-eeed2b36-ba42-4e26-83a1-6838e84abf29 req-de5872e1-e1ee-467c-a8f2-bf5723155813 1002864932024f2e856f02eef8915387 9d457e9b1545497490ddcf4334f155ee - - 32e29f54ce8444eaa73db14064ef4e52 32e29f54ce8444eaa73db14064ef4e52] 199.19.213.139 "DELETE /allocations/2190802b-196c-41c4-b092-99c5f6b83317" status: 204 len: 0 microversion: 1.0 [pid: 8|app: 0|req: 649/1278] 199.19.213.139 () {34 vars in 841 bytes} [Thu Apr 2 18:08:51 2026] DELETE /allocations/2190802b-196c-41c4-b092-99c5f6b83317 => generated 0 bytes in 20 msecs (HTTP/1.1 204) 5 headers in 198 bytes (1 switches on core 0)
2026-04-02 18:08:53.870 8 INFO placement.requestlog [None req-eca17c6d-0f28-4129-92d7-c40d35467aa1 - - - - - -] 10.0.0.129 "GET /" status: 200 len: 136 microversion: 1.0
2026-04-02 18:08:53.870 7 INFO placement.requestlog [None req-7e230095-95b3-4d45-b7c3-ad2fbf54c597 - - - - - -] 10.0.0.129 "GET /" status: 200 len: 136 microversion: 1.0
2026-04-02 18:08:57.398 8 INFO placement.requestlog [req-2a37da5a-a55e-4bd5-b2dc-a4756c3bdfff req-b4ca9379-e7e6-4d0f-b73c-ef5df475e936 1002864932024f2e856f02eef8915387 9d457e9b1545497490ddcf4334f155ee - - 32e29f54ce8444eaa73db14064ef4e52 32e29f54ce8444eaa73db14064ef4e52] 199.19.213.139 "GET /resource_providers/577a10c7-fad0-44f1-a572-98a3b046544d/allocations" status: 200 len: 153 microversion: 1.0 [pid: 8|app: 0|req: 651/1281] 199.19.213.139 () {32 vars in 857 bytes} [Thu Apr 2 18:08:57 2026] GET /resource_providers/577a10c7-fad0-44f1-a572-98a3b046544d/allocations => generated 153 bytes in 19 msecs (HTTP/1.1 200) 6 headers in 224 bytes (1 switches on core 0)
2026-04-02 18:08:57.422 7 INFO placement.requestlog [req-2a37da5a-a55e-4bd5-b2dc-a4756c3bdfff req-5fd9ee38-e43b-4936-80a9-832d72d42905 1002864932024f2e856f02eef8915387 9d457e9b1545497490ddcf4334f155ee - - 32e29f54ce8444eaa73db14064ef4e52 32e29f54ce8444eaa73db14064ef4e52] 199.19.213.139 "GET /allocations/13440d58-0af2-4e26-acf9-0916b8ebb546" status: 200 len: 258 microversion: 1.28 [pid: 7|app: 0|req: 631/1282] 199.19.213.139 () {34 vars in 863 bytes} [Thu Apr 2 18:08:57 2026] GET /allocations/13440d58-0af2-4e26-acf9-0916b8ebb546 => generated 258 bytes in 16 msecs (HTTP/1.1 200) 8 headers in 296 bytes (1 switches on core 0)
2026-04-02 18:08:57.512 8 INFO placement.requestlog [req-2a37da5a-a55e-4bd5-b2dc-a4756c3bdfff req-7373bf42-56c3-4ec1-8e0d-54de8509c4d8 1002864932024f2e856f02eef8915387 9d457e9b1545497490ddcf4334f155ee - - 32e29f54ce8444eaa73db14064ef4e52 32e29f54ce8444eaa73db14064ef4e52] 199.19.213.139 "DELETE /allocations/13440d58-0af2-4e26-acf9-0916b8ebb546" status: 204 len: 0 microversion: 1.0 [pid: 8|app: 0|req: 652/1283] 199.19.213.139 () {34 vars in 841 bytes} [Thu Apr 2 18:08:57 2026] DELETE /allocations/13440d58-0af2-4e26-acf9-0916b8ebb546 => generated 0 bytes in 29 msecs (HTTP/1.1 204) 5 headers in 198 bytes (1 switches on core 0)
2026-04-02 18:09:03.870 8 INFO placement.requestlog [None req-93800606-be6b-4ef9-ae15-b58bb3748cbd - - - - - -] 10.0.0.129 "GET /" status: 200 len: 136 microversion: 1.0
2026-04-02 18:09:03.871 7 INFO placement.requestlog [None req-b6870f30-efc5-4092-b44c-876830f397c8 - - - - - -] 10.0.0.129 "GET /" status: 200 len: 136 microversion: 1.0
2026-04-02 18:09:04.961 8 INFO placement.requestlog [req-b6aae6d8-ab91-40c4-a6fd-96d4ebbe68d8 req-0f144f91-edfc-468e-b6cd-e0ab5b8aab0e 1002864932024f2e856f02eef8915387 9d457e9b1545497490ddcf4334f155ee - - 32e29f54ce8444eaa73db14064ef4e52 32e29f54ce8444eaa73db14064ef4e52] 199.19.213.139 "GET /resource_providers/577a10c7-fad0-44f1-a572-98a3b046544d/allocations" status: 200 len: 55 microversion: 1.0 [pid: 8|app: 0|req: 654/1286] 199.19.213.139 () {32 vars in 857 bytes} [Thu Apr 2 18:09:04 2026] GET /resource_providers/577a10c7-fad0-44f1-a572-98a3b046544d/allocations => generated 55 bytes in 16 msecs (HTTP/1.1 200) 6 headers in 223 bytes (1 switches on core 0)
2026-04-02 18:09:04.983 7 INFO placement.requestlog [req-b6aae6d8-ab91-40c4-a6fd-96d4ebbe68d8 req-107e4a96-b458-4ffc-b9d0-eee007914174 1002864932024f2e856f02eef8915387 9d457e9b1545497490ddcf4334f155ee - - 32e29f54ce8444eaa73db14064ef4e52 32e29f54ce8444eaa73db14064ef4e52] 199.19.213.139 "GET /resource_providers/577a10c7-fad0-44f1-a572-98a3b046544d/allocations" status: 200 len: 55 microversion: 1.0 [pid: 7|app: 0|req: 633/1287] 199.19.213.139 () {32 vars in 857 bytes} [Thu Apr 2 18:09:04 2026] GET /resource_providers/577a10c7-fad0-44f1-a572-98a3b046544d/allocations => generated 55 bytes in 14 msecs (HTTP/1.1 200) 6 headers in 223 bytes (1 switches on core 0)
2026-04-02 18:09:09.003 8 INFO placement.requestlog [None req-eed89f0a-d3ee-41c0-88ef-ecbc2111c962 c9bf2eada0cb49a8a94a7cef2f242097 9d457e9b1545497490ddcf4334f155ee - - 32e29f54ce8444eaa73db14064ef4e52 32e29f54ce8444eaa73db14064ef4e52] 10.0.0.61 "GET /resource_providers/32b2e11d-a078-4dae-b05c-598a435edbda/aggregates" status: 404 len: 235 microversion: 1.1 [pid: 8|app: 0|req: 655/1288] 10.0.0.61 () {32 vars in 815 bytes} [Thu Apr 2 18:09:08 2026] GET /resource_providers/32b2e11d-a078-4dae-b05c-598a435edbda/aggregates => generated 235 bytes in 67 msecs (HTTP/1.1 404) 5 headers in 202 bytes (1 switches on core 0)
2026-04-02 18:09:09.023 7 INFO placement.requestlog [None req-d91d3ba2-54a7-4147-8498-ef48ab72f475 c9bf2eada0cb49a8a94a7cef2f242097 9d457e9b1545497490ddcf4334f155ee - - 32e29f54ce8444eaa73db14064ef4e52 32e29f54ce8444eaa73db14064ef4e52] 10.0.0.61 "GET /resource_providers/32b2e11d-a078-4dae-b05c-598a435edbda/aggregates" status: 404 len: 235 microversion: 1.1 [pid: 7|app: 0|req: 634/1289] 10.0.0.61 () {32 vars in 815 bytes} [Thu Apr 2 18:09:08 2026] GET /resource_providers/32b2e11d-a078-4dae-b05c-598a435edbda/aggregates => generated 235 bytes in 83 msecs (HTTP/1.1 404) 5 headers in 202 bytes (1 switches on core 0)
2026-04-02 18:09:09.071 8 INFO placement.requestlog [None req-1300d92b-ada2-45bb-a282-9bac278bfdf0 c9bf2eada0cb49a8a94a7cef2f242097 9d457e9b1545497490ddcf4334f155ee - - 32e29f54ce8444eaa73db14064ef4e52 32e29f54ce8444eaa73db14064ef4e52] 10.0.0.61 "DELETE /resource_providers/32b2e11d-a078-4dae-b05c-598a435edbda" status: 404 len: 246 microversion: 1.1
2026-04-02 18:09:09.071 7 INFO placement.requestlog [None req-618d430f-9967-4501-8e5f-968ac677397a c9bf2eada0cb49a8a94a7cef2f242097 9d457e9b1545497490ddcf4334f155ee - - 32e29f54ce8444eaa73db14064ef4e52 32e29f54ce8444eaa73db14064ef4e52] 10.0.0.61 "DELETE /resource_providers/32b2e11d-a078-4dae-b05c-598a435edbda" status: 404 len: 246 microversion: 1.1 [pid: 8|app: 0|req: 656/1290] 10.0.0.61 () {34 vars in 815 bytes} [Thu Apr 2 18:09:09 2026] DELETE /resource_providers/32b2e11d-a078-4dae-b05c-598a435edbda => generated 246 bytes in 12 msecs (HTTP/1.1 404) 6 headers in 231 bytes (1 switches on core 0) [pid: 7|app: 0|req: 635/1291] 10.0.0.61 () {34 vars in 815 bytes} [Thu Apr 2 18:09:09 2026] DELETE /resource_providers/32b2e11d-a078-4dae-b05c-598a435edbda => generated 246 bytes in 12 msecs (HTTP/1.1 404) 6 headers in 231 bytes (1 switches on core 0)
2026-04-02 18:09:11.098 7 INFO placement.requestlog [None req-88e79570-358b-4c2f-aaeb-7f56cc618030 c9bf2eada0cb49a8a94a7cef2f242097 9d457e9b1545497490ddcf4334f155ee - - 32e29f54ce8444eaa73db14064ef4e52 32e29f54ce8444eaa73db14064ef4e52] 10.0.0.61 "GET /resource_providers/e311e378-6be5-4072-adf4-c5988d0a6b49/aggregates" status: 404 len: 235 microversion: 1.1
2026-04-02 18:09:11.099 8 INFO placement.requestlog [None req-796dc338-6f94-4329-9f5e-f6515a18765f c9bf2eada0cb49a8a94a7cef2f242097 9d457e9b1545497490ddcf4334f155ee - - 32e29f54ce8444eaa73db14064ef4e52 32e29f54ce8444eaa73db14064ef4e52] 10.0.0.61 "GET /resource_providers/e311e378-6be5-4072-adf4-c5988d0a6b49/aggregates" status: 404 len: 235 microversion: 1.1 [pid: 7|app: 0|req: 636/1292] 10.0.0.61 () {32 vars in 815 bytes} [Thu Apr 2 18:09:11 2026] GET /resource_providers/e311e378-6be5-4072-adf4-c5988d0a6b49/aggregates => generated 235 bytes in 12 msecs (HTTP/1.1 404) 5 headers in 202 bytes (1 switches on core 0) [pid: 8|app: 0|req: 657/1293] 10.0.0.61 () {32 vars in 815 bytes} [Thu Apr 2 18:09:11 2026] GET /resource_providers/e311e378-6be5-4072-adf4-c5988d0a6b49/aggregates => generated 235 bytes in 13 msecs (HTTP/1.1 404) 5 headers in 202 bytes (1 switches on core 0)
2026-04-02 18:09:11.126 7 INFO placement.requestlog [None req-f16f86fe-c881-40ea-8ebe-5225b615b0c2 c9bf2eada0cb49a8a94a7cef2f242097 9d457e9b1545497490ddcf4334f155ee - - 32e29f54ce8444eaa73db14064ef4e52 32e29f54ce8444eaa73db14064ef4e52] 10.0.0.61 "DELETE /resource_providers/e311e378-6be5-4072-adf4-c5988d0a6b49" status: 404 len: 246 microversion: 1.1 [pid: 7|app: 0|req: 637/1294] 10.0.0.61 () {34 vars in 815 bytes} [Thu Apr 2 18:09:11 2026] DELETE /resource_providers/e311e378-6be5-4072-adf4-c5988d0a6b49 => generated 246 bytes in 13 msecs (HTTP/1.1 404) 6 headers in 231 bytes (1 switches on core 0)
2026-04-02 18:09:11.128 8 INFO placement.requestlog [None req-49aa5b5d-3e9e-4724-91f8-2a5a0970fafd c9bf2eada0cb49a8a94a7cef2f242097 9d457e9b1545497490ddcf4334f155ee - - 32e29f54ce8444eaa73db14064ef4e52 32e29f54ce8444eaa73db14064ef4e52] 10.0.0.61 "DELETE /resource_providers/e311e378-6be5-4072-adf4-c5988d0a6b49" status: 404 len: 246 microversion: 1.1 [pid: 8|app: 0|req: 658/1295] 10.0.0.61 () {34 vars in 815 bytes} [Thu Apr 2 18:09:11 2026] DELETE /resource_providers/e311e378-6be5-4072-adf4-c5988d0a6b49 => generated 246 bytes in 14 msecs (HTTP/1.1 404) 6 headers in 231 bytes (1 switches on core 0)
2026-04-02 18:09:11.152 7 INFO placement.requestlog [None req-50a27f66-4758-47d0-9670-7146d416172d c9bf2eada0cb49a8a94a7cef2f242097 9d457e9b1545497490ddcf4334f155ee - - 32e29f54ce8444eaa73db14064ef4e52 32e29f54ce8444eaa73db14064ef4e52] 10.0.0.61 "GET /resource_providers/3f8b64af-9d2d-4ec4-a844-edd7c9c6316b/aggregates" status: 404 len: 235 microversion: 1.1 [pid: 7|app: 0|req: 638/1296] 10.0.0.61 () {32 vars in 815 bytes} [Thu Apr 2 18:09:11 2026] GET /resource_providers/3f8b64af-9d2d-4ec4-a844-edd7c9c6316b/aggregates => generated 235 bytes in 9 msecs (HTTP/1.1 404) 5 headers in 202 bytes (1 switches on core 0)
2026-04-02 18:09:11.161 8 INFO placement.requestlog [None req-a1db7326-d56e-4bfb-bceb-fb1206afcf5d c9bf2eada0cb49a8a94a7cef2f242097 9d457e9b1545497490ddcf4334f155ee - - 32e29f54ce8444eaa73db14064ef4e52 32e29f54ce8444eaa73db14064ef4e52] 10.0.0.61 "GET /resource_providers/3f8b64af-9d2d-4ec4-a844-edd7c9c6316b/aggregates" status: 404 len: 235 microversion: 1.1 [pid: 8|app: 0|req: 659/1297] 10.0.0.61 () {32 vars in 815 bytes} [Thu Apr 2 18:09:11 2026] GET /resource_providers/3f8b64af-9d2d-4ec4-a844-edd7c9c6316b/aggregates => generated 235 bytes in 12 msecs (HTTP/1.1 404) 5 headers in 202 bytes (1 switches on core 0)
2026-04-02 18:09:11.169 7 INFO placement.requestlog [None req-e6d13574-b56f-4ce2-89c0-b251c94177b6 c9bf2eada0cb49a8a94a7cef2f242097 9d457e9b1545497490ddcf4334f155ee - - 32e29f54ce8444eaa73db14064ef4e52 32e29f54ce8444eaa73db14064ef4e52] 10.0.0.61 "DELETE /resource_providers/3f8b64af-9d2d-4ec4-a844-edd7c9c6316b" status: 404 len: 246 microversion: 1.1 [pid: 7|app: 0|req: 639/1298] 10.0.0.61 () {34 vars in 815 bytes} [Thu Apr 2 18:09:11 2026] DELETE /resource_providers/3f8b64af-9d2d-4ec4-a844-edd7c9c6316b => generated 246 bytes in 10 msecs (HTTP/1.1 404) 6 headers in 231 bytes (1 switches on core 0)
2026-04-02 18:09:11.177 8 INFO placement.requestlog [None req-6238b56c-f5c5-49c6-b332-9d0e12827270 c9bf2eada0cb49a8a94a7cef2f242097 9d457e9b1545497490ddcf4334f155ee - - 32e29f54ce8444eaa73db14064ef4e52 32e29f54ce8444eaa73db14064ef4e52] 10.0.0.61 "DELETE /resource_providers/3f8b64af-9d2d-4ec4-a844-edd7c9c6316b" status: 404 len: 246 microversion: 1.1 [pid: 8|app: 0|req: 660/1299] 10.0.0.61 () {34 vars in 815 bytes} [Thu Apr 2 18:09:11 2026] DELETE /resource_providers/3f8b64af-9d2d-4ec4-a844-edd7c9c6316b => generated 246 bytes in 9 msecs (HTTP/1.1 404) 6 headers in 231 bytes (1 switches on core 0)
2026-04-02 18:09:13.870 7 INFO placement.requestlog [None req-d813c4b5-254f-412f-9413-0fc308047f11 - - - - - -] 10.0.0.129 "GET /" status: 200 len: 136 microversion: 1.0
2026-04-02 18:09:13.877 8 INFO placement.requestlog [None req-601244a5-bbe5-4d1c-82d5-a887575dde8d - - - - - -] 10.0.0.129 "GET /" status: 200 len: 136 microversion: 1.0
2026-04-02 18:09:14.894 8 INFO placement.requestlog [None req-0be7b857-a303-46cd-960f-3b8848807d7f c9bf2eada0cb49a8a94a7cef2f242097 9d457e9b1545497490ddcf4334f155ee - - 32e29f54ce8444eaa73db14064ef4e52 32e29f54ce8444eaa73db14064ef4e52] 10.0.0.61 "GET /resource_providers/e9e69a06-6450-4d6a-ab7a-f04bb066f8ba/aggregates" status: 404 len: 235 microversion: 1.1 [pid: 8|app: 0|req: 662/1302] 10.0.0.61 () {32 vars in 815 bytes} [Thu Apr 2 18:09:14 2026] GET /resource_providers/e9e69a06-6450-4d6a-ab7a-f04bb066f8ba/aggregates => generated 235 bytes in 12 msecs (HTTP/1.1 404) 5 headers in 202 bytes (1 switches on core 0)
2026-04-02 18:09:14.895 7 INFO placement.requestlog [None req-de424802-85cf-410a-85b8-178996db371f c9bf2eada0cb49a8a94a7cef2f242097 9d457e9b1545497490ddcf4334f155ee - - 32e29f54ce8444eaa73db14064ef4e52 32e29f54ce8444eaa73db14064ef4e52] 10.0.0.61 "GET /resource_providers/e9e69a06-6450-4d6a-ab7a-f04bb066f8ba/aggregates" status: 404 len: 235 microversion: 1.1 [pid: 7|app: 0|req: 641/1303] 10.0.0.61 () {32 vars in 815 bytes} [Thu Apr 2 18:09:14 2026] GET /resource_providers/e9e69a06-6450-4d6a-ab7a-f04bb066f8ba/aggregates => generated 235 bytes in 13 msecs (HTTP/1.1 404) 5 headers in 202 bytes (1 switches on core 0)
2026-04-02 18:09:14.918 7 INFO placement.requestlog [None req-db6a6657-9a98-4263-a2aa-5a2e9a1bf242 c9bf2eada0cb49a8a94a7cef2f242097 9d457e9b1545497490ddcf4334f155ee - - 32e29f54ce8444eaa73db14064ef4e52 32e29f54ce8444eaa73db14064ef4e52] 10.0.0.61 "DELETE /resource_providers/e9e69a06-6450-4d6a-ab7a-f04bb066f8ba" status: 404 len: 246 microversion: 1.1 [pid: 7|app: 0|req: 642/1304] 10.0.0.61 () {34 vars in 815 bytes} [Thu Apr 2 18:09:14 2026] DELETE /resource_providers/e9e69a06-6450-4d6a-ab7a-f04bb066f8ba => generated 246 bytes in 12 msecs (HTTP/1.1 404) 6 headers in 231 bytes (1 switches on core 0)
2026-04-02 18:09:14.921 8 INFO placement.requestlog [None req-2ce7d8f6-9e08-4bc5-b7c0-c7a0daa4c268 c9bf2eada0cb49a8a94a7cef2f242097 9d457e9b1545497490ddcf4334f155ee - - 32e29f54ce8444eaa73db14064ef4e52 32e29f54ce8444eaa73db14064ef4e52] 10.0.0.61 "DELETE /resource_providers/e9e69a06-6450-4d6a-ab7a-f04bb066f8ba" status: 404 len: 246 microversion: 1.1 [pid: 8|app: 0|req: 663/1305] 10.0.0.61 () {34 vars in 815 bytes} [Thu Apr 2 18:09:14 2026] DELETE /resource_providers/e9e69a06-6450-4d6a-ab7a-f04bb066f8ba => generated 246 bytes in 17 msecs (HTTP/1.1 404) 6 headers in 231 bytes (1 switches on core 0)
2026-04-02 18:09:23.870 7 INFO placement.requestlog [None req-37291f58-b0a8-41ca-9a56-25685e15f3ea - - - - - -] 10.0.0.129 "GET /" status: 200 len: 136 microversion: 1.0
2026-04-02 18:09:23.871 8 INFO placement.requestlog [None req-dd7b3ba9-c03c-4a28-97f9-e61042fecfdf - - - - - -] 10.0.0.129 "GET /" status: 200 len: 136 microversion: 1.0
2026-04-02 18:09:33.870 7 INFO placement.requestlog [None req-12897249-459b-499a-a4f7-938c4cb53ad0 - - - - - -] 10.0.0.129 "GET /" status: 200 len: 136 microversion: 1.0
2026-04-02 18:09:33.870 8 INFO placement.requestlog [None req-260ad512-17c9-4852-a6eb-883cb2d2061f - - - - - -] 10.0.0.129 "GET /" status: 200 len: 136 microversion: 1.0
2026-04-02 18:09:36.559 7 INFO placement.requestlog [None req-ee272852-b595-4849-92d5-0c3164b2e27a c9bf2eada0cb49a8a94a7cef2f242097 9d457e9b1545497490ddcf4334f155ee - - 32e29f54ce8444eaa73db14064ef4e52 32e29f54ce8444eaa73db14064ef4e52] 10.0.0.61 "GET /resource_providers/49b1c300-9c49-4fa2-864c-4810263ca391/aggregates" status: 404 len: 235 microversion: 1.1 [pid: 7|app: 0|req: 645/1310] 10.0.0.61 () {32 vars in 815 bytes} [Thu Apr 2 18:09:36 2026] GET /resource_providers/49b1c300-9c49-4fa2-864c-4810263ca391/aggregates => generated 235 bytes in 13 msecs (HTTP/1.1 404) 5 headers in 202 bytes (1 switches on core 0)
2026-04-02 18:09:36.563 8 INFO placement.requestlog [None req-638e1a4c-2769-4f7c-b1ca-60de01f011f6 c9bf2eada0cb49a8a94a7cef2f242097 9d457e9b1545497490ddcf4334f155ee - - 32e29f54ce8444eaa73db14064ef4e52 32e29f54ce8444eaa73db14064ef4e52] 10.0.0.61 "GET /resource_providers/49b1c300-9c49-4fa2-864c-4810263ca391/aggregates" status: 404 len: 235 microversion: 1.1 [pid: 8|app: 0|req: 666/1311] 10.0.0.61 () {32 vars in 815 bytes} [Thu Apr 2 18:09:36 2026] GET /resource_providers/49b1c300-9c49-4fa2-864c-4810263ca391/aggregates => generated 235 bytes in 12 msecs (HTTP/1.1 404) 5 headers in 202 bytes (1 switches on core 0)
2026-04-02 18:09:36.575 7 INFO placement.requestlog [None req-c444591a-f47c-4a25-9e60-29be396054e5 c9bf2eada0cb49a8a94a7cef2f242097 9d457e9b1545497490ddcf4334f155ee - - 32e29f54ce8444eaa73db14064ef4e52 32e29f54ce8444eaa73db14064ef4e52] 10.0.0.61 "DELETE /resource_providers/49b1c300-9c49-4fa2-864c-4810263ca391" status: 404 len: 246 microversion: 1.1 [pid: 7|app: 0|req: 646/1312] 10.0.0.61 () {34 vars in 815 bytes} [Thu Apr 2 18:09:36 2026] DELETE /resource_providers/49b1c300-9c49-4fa2-864c-4810263ca391 => generated 246 bytes in 8 msecs (HTTP/1.1 404) 6 headers in 231 bytes (1 switches on core 0)
2026-04-02 18:09:36.584 8 INFO placement.requestlog [None req-c6c851f5-d858-4634-bb03-43dd5e4e283a c9bf2eada0cb49a8a94a7cef2f242097 9d457e9b1545497490ddcf4334f155ee - - 32e29f54ce8444eaa73db14064ef4e52 32e29f54ce8444eaa73db14064ef4e52] 10.0.0.61 "DELETE /resource_providers/49b1c300-9c49-4fa2-864c-4810263ca391" status: 404 len: 246 microversion: 1.1 [pid: 8|app: 0|req: 667/1313] 10.0.0.61 () {34 vars in 815 bytes} [Thu Apr 2 18:09:36 2026] DELETE /resource_providers/49b1c300-9c49-4fa2-864c-4810263ca391 => generated 246 bytes in 11 msecs (HTTP/1.1 404) 6 headers in 231 bytes (1 switches on core 0)
2026-04-02 18:09:43.869 7 INFO placement.requestlog [None req-257b805e-d2cb-41d1-b19a-38f9b280617c - - - - - -] 10.0.0.129 "GET /" status: 200 len: 136 microversion: 1.0
2026-04-02 18:09:43.869 8 INFO placement.requestlog [None req-e14576c5-e65f-4171-87c5-03a74a43cafd - - - - - -] 10.0.0.129 "GET /" status: 200 len: 136 microversion: 1.0
2026-04-02 18:09:53.870 7 INFO placement.requestlog [None req-4278c11b-81c8-41c1-a243-34a2592d203a - - - - - -] 10.0.0.129 "GET /" status: 200 len: 136 microversion: 1.0
2026-04-02 18:09:53.870 8 INFO placement.requestlog [None req-f94d487a-908b-4bda-bcad-2afaf84da451 - - - - - -] 10.0.0.129 "GET /" status: 200 len: 136 microversion: 1.0
2026-04-02 18:09:59.130 8 INFO placement.requestlog [None req-da442c6e-8b41-442b-834a-a8bd578da31c c9bf2eada0cb49a8a94a7cef2f242097 9d457e9b1545497490ddcf4334f155ee - - 32e29f54ce8444eaa73db14064ef4e52 32e29f54ce8444eaa73db14064ef4e52] 10.0.0.61 "GET /resource_providers/52923883-48e9-4fd8-ae9a-4cbb88371a51/aggregates" status: 404 len: 235 microversion: 1.1 [pid: 8|app: 0|req: 670/1318] 10.0.0.61 () {32 vars in 815 bytes} [Thu Apr 2 18:09:58 2026] GET /resource_providers/52923883-48e9-4fd8-ae9a-4cbb88371a51/aggregates => generated 235 bytes in 142 msecs (HTTP/1.1 404) 5 headers in 202 bytes (1 switches on core 0)
2026-04-02 18:09:59.131 7 INFO placement.requestlog [None req-8ab42b26-c706-4155-ac50-7bed8f764c55 c9bf2eada0cb49a8a94a7cef2f242097 9d457e9b1545497490ddcf4334f155ee - - 32e29f54ce8444eaa73db14064ef4e52 32e29f54ce8444eaa73db14064ef4e52] 10.0.0.61 "GET /resource_providers/52923883-48e9-4fd8-ae9a-4cbb88371a51/aggregates" status: 404 len: 235 microversion: 1.1 [pid: 7|app: 0|req: 649/1319] 10.0.0.61 () {32 vars in 815 bytes} [Thu Apr 2 18:09:58 2026] GET /resource_providers/52923883-48e9-4fd8-ae9a-4cbb88371a51/aggregates => generated 235 bytes in 143 msecs (HTTP/1.1 404) 5 headers in 202 bytes (1 switches on core 0)
2026-04-02 18:09:59.243 7 INFO placement.requestlog [None req-47ab1cc4-3b6a-4c0a-ac04-8198117fd905 c9bf2eada0cb49a8a94a7cef2f242097 9d457e9b1545497490ddcf4334f155ee - - 32e29f54ce8444eaa73db14064ef4e52 32e29f54ce8444eaa73db14064ef4e52] 10.0.0.61 "GET /resource_providers/e77b1482-e77e-424d-a2ae-59995a0ba4f0/aggregates" status: 404 len: 235 microversion: 1.1 [pid: 7|app: 0|req: 650/1320] 10.0.0.61 () {32 vars in 815 bytes} [Thu Apr 2 18:09:59 2026] GET /resource_providers/e77b1482-e77e-424d-a2ae-59995a0ba4f0/aggregates => generated 235 bytes in 11 msecs (HTTP/1.1 404) 5 headers in 202 bytes (1 switches on core 0)
2026-04-02 18:09:59.245 8 INFO placement.requestlog [None req-8a1d7776-3e6b-441e-989c-bbf501133959 c9bf2eada0cb49a8a94a7cef2f242097 9d457e9b1545497490ddcf4334f155ee - - 32e29f54ce8444eaa73db14064ef4e52 32e29f54ce8444eaa73db14064ef4e52] 10.0.0.61 "GET /resource_providers/e77b1482-e77e-424d-a2ae-59995a0ba4f0/aggregates" status: 404 len: 235 microversion: 1.1 [pid: 8|app: 0|req: 671/1321] 10.0.0.61 () {32 vars in 815 bytes} [Thu Apr 2 18:09:59 2026] GET /resource_providers/e77b1482-e77e-424d-a2ae-59995a0ba4f0/aggregates => generated 235 bytes in 13 msecs (HTTP/1.1 404) 5 headers in 202 bytes (1 switches on core 0)
2026-04-02 18:09:59.270 7 INFO placement.requestlog [None req-7ed5ab3a-3460-428a-bc7d-10df92f8fb08 c9bf2eada0cb49a8a94a7cef2f242097 9d457e9b1545497490ddcf4334f155ee - - 32e29f54ce8444eaa73db14064ef4e52 32e29f54ce8444eaa73db14064ef4e52] 10.0.0.61 "DELETE /resource_providers/e77b1482-e77e-424d-a2ae-59995a0ba4f0" status: 404 len: 246 microversion: 1.1 [pid: 7|app: 0|req: 651/1322] 10.0.0.61 () {34 vars in 815 bytes} [Thu Apr 2 18:09:59 2026] DELETE /resource_providers/e77b1482-e77e-424d-a2ae-59995a0ba4f0 => generated 246 bytes in 10 msecs (HTTP/1.1 404) 6 headers in 231 bytes (1 switches on core 0)
2026-04-02 18:09:59.278 8 INFO placement.requestlog [None req-154995dd-6be1-45f5-a9ea-5b4938a680bf c9bf2eada0cb49a8a94a7cef2f242097 9d457e9b1545497490ddcf4334f155ee - - 32e29f54ce8444eaa73db14064ef4e52 32e29f54ce8444eaa73db14064ef4e52] 10.0.0.61 "DELETE /resource_providers/e77b1482-e77e-424d-a2ae-59995a0ba4f0" status: 404 len: 246 microversion: 1.1 [pid: 8|app: 0|req: 672/1323] 10.0.0.61 () {34 vars in 815 bytes} [Thu Apr 2 18:09:59 2026] DELETE /resource_providers/e77b1482-e77e-424d-a2ae-59995a0ba4f0 => generated 246 bytes in 15 msecs (HTTP/1.1 404) 6 headers in 231 bytes (1 switches on core 0)
2026-04-02 18:09:59.342 8 INFO placement.requestlog [None req-f226f141-2c34-4c7e-9248-98e9916124ba c9bf2eada0cb49a8a94a7cef2f242097 9d457e9b1545497490ddcf4334f155ee - - 32e29f54ce8444eaa73db14064ef4e52 32e29f54ce8444eaa73db14064ef4e52] 10.0.0.61 "DELETE /resource_providers/52923883-48e9-4fd8-ae9a-4cbb88371a51" status: 404 len: 246 microversion: 1.1 [pid: 8|app: 0|req: 673/1324] 10.0.0.61 () {34 vars in 815 bytes} [Thu Apr 2 18:09:59 2026] DELETE /resource_providers/52923883-48e9-4fd8-ae9a-4cbb88371a51 => generated 246 bytes in 14 msecs (HTTP/1.1 404) 6 headers in 231 bytes (1 switches on core 0)
2026-04-02 18:09:59.342 7 INFO placement.requestlog [None req-f6bd1d62-9a8c-4189-9cbb-a9f056418bfc c9bf2eada0cb49a8a94a7cef2f242097 9d457e9b1545497490ddcf4334f155ee - - 32e29f54ce8444eaa73db14064ef4e52 32e29f54ce8444eaa73db14064ef4e52] 10.0.0.61 "DELETE /resource_providers/52923883-48e9-4fd8-ae9a-4cbb88371a51" status: 404 len: 246 microversion: 1.1 [pid: 7|app: 0|req: 652/1325] 10.0.0.61 () {34 vars in 815 bytes} [Thu Apr 2 18:09:59 2026] DELETE /resource_providers/52923883-48e9-4fd8-ae9a-4cbb88371a51 => generated 246 bytes in 15 msecs (HTTP/1.1 404) 6 headers in 231 bytes (1 switches on core 0)
2026-04-02 18:10:01.312 8 INFO placement.requestlog [None req-d27e8eb6-6fee-45ed-8835-5a051f6e7cfa c9bf2eada0cb49a8a94a7cef2f242097 9d457e9b1545497490ddcf4334f155ee - - 32e29f54ce8444eaa73db14064ef4e52 32e29f54ce8444eaa73db14064ef4e52] 10.0.0.61 "GET /resource_providers/57832bf8-dfca-4aa7-8842-09c509bb9bd9/aggregates" status: 404 len: 235 microversion: 1.1 [pid: 8|app: 0|req: 674/1326] 10.0.0.61 () {32 vars in 815 bytes} [Thu Apr 2 18:10:01 2026] GET /resource_providers/57832bf8-dfca-4aa7-8842-09c509bb9bd9/aggregates => generated 235 bytes in 29 msecs (HTTP/1.1 404) 5 headers in 202 bytes (1 switches on core 0)
2026-04-02 18:10:01.315 7 INFO placement.requestlog [None req-7c181577-5723-456c-8dfc-fe15e9cedc39 c9bf2eada0cb49a8a94a7cef2f242097 9d457e9b1545497490ddcf4334f155ee - - 32e29f54ce8444eaa73db14064ef4e52 32e29f54ce8444eaa73db14064ef4e52] 10.0.0.61 "GET /resource_providers/57832bf8-dfca-4aa7-8842-09c509bb9bd9/aggregates" status: 404 len: 235 microversion: 1.1 [pid: 7|app: 0|req: 653/1327] 10.0.0.61 () {32 vars in 815 bytes} [Thu Apr 2 18:10:01 2026] GET /resource_providers/57832bf8-dfca-4aa7-8842-09c509bb9bd9/aggregates => generated 235 bytes in 18 msecs (HTTP/1.1 404) 5 headers in 202 bytes (1 switches on core 0)
2026-04-02 18:10:01.329 8 INFO placement.requestlog [None req-8a304851-9c72-4231-bd47-257886318ad7 c9bf2eada0cb49a8a94a7cef2f242097 9d457e9b1545497490ddcf4334f155ee - - 32e29f54ce8444eaa73db14064ef4e52 32e29f54ce8444eaa73db14064ef4e52] 10.0.0.61 "DELETE /resource_providers/57832bf8-dfca-4aa7-8842-09c509bb9bd9" status: 404 len: 246 microversion: 1.1 [pid: 8|app: 0|req: 675/1328] 10.0.0.61 () {34 vars in 815 bytes} [Thu Apr 2 18:10:01 2026] DELETE /resource_providers/57832bf8-dfca-4aa7-8842-09c509bb9bd9 => generated 246 bytes in 10 msecs (HTTP/1.1 404) 6 headers in 231 bytes (1 switches on core 0)
2026-04-02 18:10:01.333 7 INFO placement.requestlog [None req-cfcf351f-8d4d-43cc-be35-b5904e021c31 c9bf2eada0cb49a8a94a7cef2f242097 9d457e9b1545497490ddcf4334f155ee - - 32e29f54ce8444eaa73db14064ef4e52 32e29f54ce8444eaa73db14064ef4e52] 10.0.0.61 "DELETE /resource_providers/57832bf8-dfca-4aa7-8842-09c509bb9bd9" status: 404 len: 246 microversion: 1.1 [pid: 7|app: 0|req: 654/1329] 10.0.0.61 () {34 vars in 815 bytes} [Thu Apr 2 18:10:01 2026] DELETE /resource_providers/57832bf8-dfca-4aa7-8842-09c509bb9bd9 => generated 246 bytes in 9 msecs (HTTP/1.1 404) 6 headers in 231 bytes (1 switches on core 0)
2026-04-02 18:10:01.429 8 INFO placement.requestlog [None req-87e55cc4-826f-472a-beb5-ae0bb26c7fb6 c9bf2eada0cb49a8a94a7cef2f242097 9d457e9b1545497490ddcf4334f155ee - - 32e29f54ce8444eaa73db14064ef4e52 32e29f54ce8444eaa73db14064ef4e52] 10.0.0.61 "GET /resource_providers/5bd3d6c5-9462-499b-8fec-8c1937ba62a8/aggregates" status: 404 len: 235 microversion: 1.1 [pid: 8|app: 0|req: 676/1330] 10.0.0.61 () {32 vars in 815 bytes} [Thu Apr 2 18:10:01 2026] GET /resource_providers/5bd3d6c5-9462-499b-8fec-8c1937ba62a8/aggregates => generated 235 bytes in 12 msecs (HTTP/1.1 404) 5 headers in 202 bytes (1 switches on core 0)
2026-04-02 18:10:01.430 7 INFO placement.requestlog [None req-9527709a-08bf-45ba-b909-86c738367c23 c9bf2eada0cb49a8a94a7cef2f242097 9d457e9b1545497490ddcf4334f155ee - - 32e29f54ce8444eaa73db14064ef4e52 32e29f54ce8444eaa73db14064ef4e52] 10.0.0.61 "GET /resource_providers/5bd3d6c5-9462-499b-8fec-8c1937ba62a8/aggregates" status: 404 len: 235 microversion: 1.1 [pid: 7|app: 0|req: 655/1331] 10.0.0.61 () {32 vars in 815 bytes} [Thu Apr 2 18:10:01 2026] GET /resource_providers/5bd3d6c5-9462-499b-8fec-8c1937ba62a8/aggregates => generated 235 bytes in 13 msecs (HTTP/1.1 404) 5 headers in 202 bytes (1 switches on core 0)
2026-04-02 18:10:01.454 7 INFO placement.requestlog [None req-123a3ece-c295-4fd2-8003-f65e03ac7cb2 c9bf2eada0cb49a8a94a7cef2f242097 9d457e9b1545497490ddcf4334f155ee - - 32e29f54ce8444eaa73db14064ef4e52 32e29f54ce8444eaa73db14064ef4e52] 10.0.0.61 "DELETE /resource_providers/5bd3d6c5-9462-499b-8fec-8c1937ba62a8" status: 404 len: 246 microversion: 1.1 [pid: 7|app: 0|req: 656/1332] 10.0.0.61 () {34 vars in 815 bytes} [Thu Apr 2 18:10:01 2026] DELETE /resource_providers/5bd3d6c5-9462-499b-8fec-8c1937ba62a8 => generated 246 bytes in 10 msecs (HTTP/1.1 404) 6 headers in 231 bytes (1 switches on core 0)
2026-04-02 18:10:01.456 8 INFO placement.requestlog [None req-7ef79825-cc94-4f3d-b5d5-b4a284d27a84 c9bf2eada0cb49a8a94a7cef2f242097 9d457e9b1545497490ddcf4334f155ee - - 32e29f54ce8444eaa73db14064ef4e52 32e29f54ce8444eaa73db14064ef4e52] 10.0.0.61 "DELETE /resource_providers/5bd3d6c5-9462-499b-8fec-8c1937ba62a8" status: 404 len: 246 microversion: 1.1 [pid: 8|app: 0|req: 677/1333] 10.0.0.61 () {34 vars in 815 bytes} [Thu Apr 2 18:10:01 2026] DELETE /resource_providers/5bd3d6c5-9462-499b-8fec-8c1937ba62a8 => generated 246 bytes in 12 msecs (HTTP/1.1 404) 6 headers in 231 bytes (1 switches on core 0)
2026-04-02 18:10:01.475 7 INFO placement.requestlog [None req-38130f03-e29f-4332-aae1-c7fed871c8a8 c9bf2eada0cb49a8a94a7cef2f242097 9d457e9b1545497490ddcf4334f155ee - - 32e29f54ce8444eaa73db14064ef4e52 32e29f54ce8444eaa73db14064ef4e52] 10.0.0.61 "GET /resource_providers/a4c7f13d-8470-4293-b76b-c5d24669e35c/aggregates" status: 404 len: 235 microversion: 1.1 [pid: 7|app: 0|req: 657/1334] 10.0.0.61 () {32 vars in 815 bytes} [Thu Apr 2 18:10:01 2026] GET /resource_providers/a4c7f13d-8470-4293-b76b-c5d24669e35c/aggregates => generated 235 bytes in 11 msecs (HTTP/1.1 404) 5 headers in 202 bytes (1 switches on core 0)
2026-04-02 18:10:01.483 8 INFO placement.requestlog [None req-7a248e43-ada7-499f-8b54-e59fe6a533d2 c9bf2eada0cb49a8a94a7cef2f242097 9d457e9b1545497490ddcf4334f155ee - - 32e29f54ce8444eaa73db14064ef4e52 32e29f54ce8444eaa73db14064ef4e52] 10.0.0.61 "GET /resource_providers/a4c7f13d-8470-4293-b76b-c5d24669e35c/aggregates" status: 404 len: 235 microversion: 1.1 [pid: 8|app: 0|req: 678/1335] 10.0.0.61 () {32 vars in 815 bytes} [Thu Apr 2 18:10:01 2026] GET /resource_providers/a4c7f13d-8470-4293-b76b-c5d24669e35c/aggregates => generated 235 bytes in 11 msecs (HTTP/1.1 404) 5 headers in 202 bytes (1 switches on core 0)
2026-04-02 18:10:01.494 7 INFO placement.requestlog [None req-0d5608ca-ac5e-4227-9398-bee590bc156f c9bf2eada0cb49a8a94a7cef2f242097 9d457e9b1545497490ddcf4334f155ee - - 32e29f54ce8444eaa73db14064ef4e52 32e29f54ce8444eaa73db14064ef4e52] 10.0.0.61 "DELETE /resource_providers/a4c7f13d-8470-4293-b76b-c5d24669e35c" status: 404 len: 246 microversion: 1.1 [pid: 7|app: 0|req: 658/1336] 10.0.0.61 () {34 vars in 815 bytes} [Thu Apr 2 18:10:01 2026] DELETE /resource_providers/a4c7f13d-8470-4293-b76b-c5d24669e35c => generated 246 bytes in 12 msecs (HTTP/1.1 404) 6 headers in 231 bytes (1 switches on core 0)
2026-04-02 18:10:01.498 8 INFO placement.requestlog [None req-8cd9cc95-9cd6-4c12-951e-6033a26e290b c9bf2eada0cb49a8a94a7cef2f242097 9d457e9b1545497490ddcf4334f155ee - - 32e29f54ce8444eaa73db14064ef4e52 32e29f54ce8444eaa73db14064ef4e52] 10.0.0.61 "DELETE /resource_providers/a4c7f13d-8470-4293-b76b-c5d24669e35c" status: 404 len: 246 microversion: 1.1 [pid: 8|app: 0|req: 679/1337] 10.0.0.61 () {34 vars in 815 bytes} [Thu Apr 2 18:10:01 2026] DELETE /resource_providers/a4c7f13d-8470-4293-b76b-c5d24669e35c => generated 246 bytes in 7 msecs (HTTP/1.1 404) 6 headers in 231 bytes (1 switches on core 0)
2026-04-02 18:10:03.871 7 INFO placement.requestlog [None req-cf7d0af2-e91d-44bf-a673-ca0cd78fca73 - - - - - -] 10.0.0.129 "GET /" status: 200 len: 136 microversion: 1.0
2026-04-02 18:10:03.872 8 INFO placement.requestlog [None req-e1418e69-bc2b-4698-b0cd-e6fdc756ba48 - - - - - -] 10.0.0.129 "GET /" status: 200 len: 136 microversion: 1.0
2026-04-02 18:10:05.184 7 INFO placement.requestlog [req-67dfbb10-7992-4ea1-a5c0-d402d3f9f398 req-926d2c84-e5e3-4c77-8ceb-1711a4435382 1002864932024f2e856f02eef8915387 9d457e9b1545497490ddcf4334f155ee - - 32e29f54ce8444eaa73db14064ef4e52 32e29f54ce8444eaa73db14064ef4e52] 199.19.213.139 "GET /resource_providers/577a10c7-fad0-44f1-a572-98a3b046544d/allocations" status: 200 len: 55 microversion: 1.0 [pid: 7|app: 0|req: 660/1340] 199.19.213.139 () {32 vars in 857 bytes} [Thu Apr 2 18:10:04 2026] GET /resource_providers/577a10c7-fad0-44f1-a572-98a3b046544d/allocations => generated 55 bytes in 185 msecs (HTTP/1.1 200) 6 headers in 223 bytes (1 switches on core 0)
2026-04-02 18:10:05.213 8 INFO placement.requestlog [req-67dfbb10-7992-4ea1-a5c0-d402d3f9f398 req-660fba95-0512-4906-871a-2c18bd72880f 1002864932024f2e856f02eef8915387 9d457e9b1545497490ddcf4334f155ee - - 32e29f54ce8444eaa73db14064ef4e52 32e29f54ce8444eaa73db14064ef4e52] 199.19.213.139 "GET /resource_providers?in_tree=577a10c7-fad0-44f1-a572-98a3b046544d" status: 200 len: 798 microversion: 1.14 [pid: 8|app: 0|req: 681/1341] 199.19.213.139 () {34 vars in 892 bytes} [Thu Apr 2 18:10:05 2026] GET /resource_providers?in_tree=577a10c7-fad0-44f1-a572-98a3b046544d => generated 798 bytes in 19 msecs (HTTP/1.1 200) 6 headers in 225 bytes (1 switches on core 0)
2026-04-02 18:10:05.249 7 INFO placement.requestlog [req-67dfbb10-7992-4ea1-a5c0-d402d3f9f398 req-ae238b68-2ff6-47e3-9c0f-8299dde41d7b 1002864932024f2e856f02eef8915387 9d457e9b1545497490ddcf4334f155ee - - 32e29f54ce8444eaa73db14064ef4e52 32e29f54ce8444eaa73db14064ef4e52] 199.19.213.139 "GET /resource_providers/577a10c7-fad0-44f1-a572-98a3b046544d/inventories" status: 200 len: 401 microversion: 1.0 [pid: 7|app: 0|req: 661/1342] 199.19.213.139 () {32 vars in 857 bytes} [Thu Apr 2 18:10:05 2026] GET /resource_providers/577a10c7-fad0-44f1-a572-98a3b046544d/inventories => generated 401 bytes in 27 msecs (HTTP/1.1 200) 6 headers in 224 bytes (1 switches on core 0)
2026-04-02 18:10:05.274 8 INFO placement.requestlog [req-67dfbb10-7992-4ea1-a5c0-d402d3f9f398 req-99457ffb-9623-42d4-830c-e0841a4dbc2b 1002864932024f2e856f02eef8915387 9d457e9b1545497490ddcf4334f155ee - - 32e29f54ce8444eaa73db14064ef4e52 32e29f54ce8444eaa73db14064ef4e52] 199.19.213.139 "GET /resource_providers/577a10c7-fad0-44f1-a572-98a3b046544d/aggregates" status: 200 len: 54 microversion: 1.19 [pid: 8|app: 0|req: 682/1343] 199.19.213.139 () {34 vars in 899 bytes} [Thu Apr 2 18:10:05 2026] GET /resource_providers/577a10c7-fad0-44f1-a572-98a3b046544d/aggregates => generated 54 bytes in 15 msecs (HTTP/1.1 200) 8 headers in 295 bytes (1 switches on core 0)
2026-04-02 18:10:05.315 7 INFO placement.requestlog [req-67dfbb10-7992-4ea1-a5c0-d402d3f9f398 req-006ee322-4bb1-445f-a94c-6bffb2f09968 1002864932024f2e856f02eef8915387 9d457e9b1545497490ddcf4334f155ee - - 32e29f54ce8444eaa73db14064ef4e52 32e29f54ce8444eaa73db14064ef4e52] 199.19.213.139 "GET /resource_providers/577a10c7-fad0-44f1-a572-98a3b046544d/traits" status: 200 len: 1683 microversion: 1.6 [pid: 7|app: 0|req: 662/1344] 199.19.213.139 () {34 vars in 890 bytes} [Thu Apr 2 18:10:05 2026] GET /resource_providers/577a10c7-fad0-44f1-a572-98a3b046544d/traits => generated 1683 bytes in 30 msecs (HTTP/1.1 200) 6 headers in 225 bytes (1 switches on core 0)
2026-04-02 18:10:05.341 8 INFO placement.requestlog [req-67dfbb10-7992-4ea1-a5c0-d402d3f9f398 req-04d6ebc5-f99c-457c-83fa-42bbb7fce501 1002864932024f2e856f02eef8915387 9d457e9b1545497490ddcf4334f155ee - - 32e29f54ce8444eaa73db14064ef4e52 32e29f54ce8444eaa73db14064ef4e52] 199.19.213.139 "GET /resource_providers/577a10c7-fad0-44f1-a572-98a3b046544d/allocations" status: 200 len: 55 microversion: 1.0 [pid: 8|app: 0|req: 683/1345] 199.19.213.139 () {32 vars in 857 bytes} [Thu Apr 2 18:10:05 2026] GET /resource_providers/577a10c7-fad0-44f1-a572-98a3b046544d/allocations => generated 55 bytes in 17 msecs (HTTP/1.1 200) 6 headers in 223 bytes (1 switches on core 0)
2026-04-02 18:10:13.871 8 INFO placement.requestlog [None req-b580f0b1-0137-4673-b71e-1dde99ef6fbd - - - - - -] 10.0.0.129 "GET /" status: 200 len: 136 microversion: 1.0
2026-04-02 18:10:13.870 7 INFO placement.requestlog [None req-3b3fa7f1-1a08-475e-ade7-8169d5cb6c52 - - - - - -] 10.0.0.129 "GET /" status: 200 len: 136 microversion: 1.0
2026-04-02 18:10:23.870 7 INFO placement.requestlog [None req-39546cd5-04ee-4dcd-8b4e-bc3b47342db8 - - - - - -] 10.0.0.129 "GET /" status: 200 len: 136 microversion: 1.0
2026-04-02 18:10:23.870 8 INFO placement.requestlog [None req-52ea23f8-4703-46fd-b0f3-cc323fda636b - - - - - -] 10.0.0.129 "GET /" status: 200 len: 136 microversion: 1.0
2026-04-02 18:10:33.869 7 INFO placement.requestlog [None req-0a6a1ed0-02d4-40d1-aea4-0c43d6269675 - - - - - -] 10.0.0.129 "GET /" status: 200 len: 136 microversion: 1.0
2026-04-02 18:10:33.870 8 INFO placement.requestlog [None req-15c000d9-38bb-49be-bf79-e1a03b398102 - - - - - -] 10.0.0.129 "GET /" status: 200 len: 136 microversion: 1.0
2026-04-02 18:10:43.870 8 INFO placement.requestlog [None req-0ae8032b-d34f-433c-9e00-4babdb678239 - - - - - -] 10.0.0.129 "GET /" status: 200 len: 136 microversion: 1.0
2026-04-02 18:10:43.871 7 INFO placement.requestlog [None req-660656a7-a10c-41b5-9f47-cc9fa0d959cf - - - - - -] 10.0.0.129 "GET /" status: 200 len: 136 microversion: 1.0
2026-04-02 18:10:53.870 8 INFO placement.requestlog [None req-00f33d22-4dea-4855-8cc4-7bac3da14b2c - - - - - -] 10.0.0.129 "GET /" status: 200 len: 136 microversion: 1.0
