2026-06-26 05:46:30.076 8 INFO placement.requestlog [req-df6fc057-a604-430a-aff0-01e3801d3829 req-3a42e428-ddbc-4061-8182-7fcc74d9322e 8521693657bd420fb87f53c6eaa74d32 a81d40e6bf8546ce97e56c7f85448940 - - 5f83aad1d87d4a0f94d5ec3aa83db3d6 5f83aad1d87d4a0f94d5ec3aa83db3d6] 199.204.45.77 "GET /resource_providers/c086ad16-e932-443e-a8c2-252b7f957cdb/allocations" status: 200 len: 54 microversion: 1.0 [pid: 8|app: 0|req: 293/582] 199.204.45.77 () {32 vars in 855 bytes} [Fri Jun 26 05:46:29 2026] GET /resource_providers/c086ad16-e932-443e-a8c2-252b7f957cdb/allocations => generated 54 bytes in 137 msecs (HTTP/1.1 200) 6 headers in 223 bytes (1 switches on core 0)
2026-06-26 05:46:30.102 7 INFO placement.requestlog [req-df6fc057-a604-430a-aff0-01e3801d3829 req-f258a91d-3820-48d1-a221-818447337386 8521693657bd420fb87f53c6eaa74d32 a81d40e6bf8546ce97e56c7f85448940 - - 5f83aad1d87d4a0f94d5ec3aa83db3d6 5f83aad1d87d4a0f94d5ec3aa83db3d6] 199.204.45.77 "GET /resource_providers?in_tree=c086ad16-e932-443e-a8c2-252b7f957cdb" status: 200 len: 797 microversion: 1.14 [pid: 7|app: 0|req: 290/583] 199.204.45.77 () {34 vars in 890 bytes} [Fri Jun 26 05:46:30 2026] GET /resource_providers?in_tree=c086ad16-e932-443e-a8c2-252b7f957cdb => generated 797 bytes in 20 msecs (HTTP/1.1 200) 6 headers in 225 bytes (1 switches on core 0)
2026-06-26 05:46:30.123 8 INFO placement.requestlog [req-df6fc057-a604-430a-aff0-01e3801d3829 req-9b94bd25-8d3e-4f3f-b8ea-c87d5c371701 8521693657bd420fb87f53c6eaa74d32 a81d40e6bf8546ce97e56c7f85448940 - - 5f83aad1d87d4a0f94d5ec3aa83db3d6 5f83aad1d87d4a0f94d5ec3aa83db3d6] 199.204.45.77 "GET /resource_providers/c086ad16-e932-443e-a8c2-252b7f957cdb/inventories" status: 200 len: 400 microversion: 1.0 [pid: 8|app: 0|req: 294/584] 199.204.45.77 () {32 vars in 855 bytes} [Fri Jun 26 05:46:30 2026] GET /resource_providers/c086ad16-e932-443e-a8c2-252b7f957cdb/inventories => generated 400 bytes in 15 msecs (HTTP/1.1 200) 6 headers in 224 bytes (1 switches on core 0)
2026-06-26 05:46:30.138 7 INFO placement.requestlog [req-df6fc057-a604-430a-aff0-01e3801d3829 req-823bbd49-6bd1-4c3a-8231-49cf405ede02 8521693657bd420fb87f53c6eaa74d32 a81d40e6bf8546ce97e56c7f85448940 - - 5f83aad1d87d4a0f94d5ec3aa83db3d6 5f83aad1d87d4a0f94d5ec3aa83db3d6] 199.204.45.77 "GET /resource_providers/c086ad16-e932-443e-a8c2-252b7f957cdb/aggregates" status: 200 len: 53 microversion: 1.19 [pid: 7|app: 0|req: 291/585] 199.204.45.77 () {34 vars in 897 bytes} [Fri Jun 26 05:46:30 2026] GET /resource_providers/c086ad16-e932-443e-a8c2-252b7f957cdb/aggregates => generated 53 bytes in 10 msecs (HTTP/1.1 200) 8 headers in 295 bytes (1 switches on core 0)
2026-06-26 05:46:30.166 8 INFO placement.requestlog [req-df6fc057-a604-430a-aff0-01e3801d3829 req-6fa006d8-c7b7-4acd-a5d3-119646a205d2 8521693657bd420fb87f53c6eaa74d32 a81d40e6bf8546ce97e56c7f85448940 - - 5f83aad1d87d4a0f94d5ec3aa83db3d6 5f83aad1d87d4a0f94d5ec3aa83db3d6] 199.204.45.77 "GET /resource_providers/c086ad16-e932-443e-a8c2-252b7f957cdb/traits" status: 200 len: 2175 microversion: 1.6 [pid: 8|app: 0|req: 295/586] 199.204.45.77 () {34 vars in 888 bytes} [Fri Jun 26 05:46:30 2026] GET /resource_providers/c086ad16-e932-443e-a8c2-252b7f957cdb/traits => generated 2175 bytes in 24 msecs (HTTP/1.1 200) 6 headers in 225 bytes (1 switches on core 0)
2026-06-26 05:46:30.186 7 INFO placement.requestlog [req-df6fc057-a604-430a-aff0-01e3801d3829 req-d5c81204-6429-46db-ad48-e2d79d5319cb 8521693657bd420fb87f53c6eaa74d32 a81d40e6bf8546ce97e56c7f85448940 - - 5f83aad1d87d4a0f94d5ec3aa83db3d6 5f83aad1d87d4a0f94d5ec3aa83db3d6] 199.204.45.77 "GET /resource_providers/c086ad16-e932-443e-a8c2-252b7f957cdb/allocations" status: 200 len: 54 microversion: 1.0 [pid: 7|app: 0|req: 292/587] 199.204.45.77 () {32 vars in 855 bytes} [Fri Jun 26 05:46:30 2026] GET /resource_providers/c086ad16-e932-443e-a8c2-252b7f957cdb/allocations => generated 54 bytes in 14 msecs (HTTP/1.1 200) 6 headers in 223 bytes (1 switches on core 0)
2026-06-26 05:46:33.863 8 INFO placement.requestlog [None req-ecb8e045-800a-4a6c-87d3-2e5285a19414 - - - - - -] 10.0.0.72 "GET /" status: 200 len: 136 microversion: 1.0
2026-06-26 05:46:33.864 7 INFO placement.requestlog [None req-f40ab663-4735-4db3-9a45-6642d2422a40 - - - - - -] 10.0.0.72 "GET /" status: 200 len: 136 microversion: 1.0
2026-06-26 05:46:43.868 7 INFO placement.requestlog [None req-7e4b05c8-818e-4f16-8b85-e15afd0809f8 - - - - - -] 10.0.0.72 "GET /" status: 200 len: 136 microversion: 1.0
2026-06-26 05:46:43.869 8 INFO placement.requestlog [None req-2003c73a-96fc-4c09-8eeb-eecfcbc93329 - - - - - -] 10.0.0.72 "GET /" status: 200 len: 136 microversion: 1.0
2026-06-26 05:46:53.863 7 INFO placement.requestlog [None req-045dfb93-af72-4988-9a13-9ada3d5314e2 - - - - - -] 10.0.0.72 "GET /" status: 200 len: 136 microversion: 1.0
2026-06-26 05:46:53.864 8 INFO placement.requestlog [None req-4a956996-14eb-4389-a3f7-207336990474 - - - - - -] 10.0.0.72 "GET /" status: 200 len: 136 microversion: 1.0
2026-06-26 05:47:03.863 7 INFO placement.requestlog [None req-7f202db7-225a-47e7-9c41-4675b6af7f22 - - - - - -] 10.0.0.72 "GET /" status: 200 len: 136 microversion: 1.0
2026-06-26 05:47:03.863 8 INFO placement.requestlog [None req-aaba4b82-a08e-4bc0-99c0-6861af185ff1 - - - - - -] 10.0.0.72 "GET /" status: 200 len: 136 microversion: 1.0
2026-06-26 05:47:13.864 7 INFO placement.requestlog [None req-3a7ba50a-22af-426c-80ec-a1ca7f8f7c3b - - - - - -] 10.0.0.72 "GET /" status: 200 len: 136 microversion: 1.0
2026-06-26 05:47:13.864 8 INFO placement.requestlog [None req-6a3fb5e4-97ff-4d19-8f55-30540f921503 - - - - - -] 10.0.0.72 "GET /" status: 200 len: 136 microversion: 1.0
2026-06-26 05:47:23.863 7 INFO placement.requestlog [None req-7bc18d3a-6665-43e6-bdb1-1fa50c0da25e - - - - - -] 10.0.0.72 "GET /" status: 200 len: 136 microversion: 1.0
2026-06-26 05:47:23.864 8 INFO placement.requestlog [None req-85ba0f47-7833-4dff-a410-10841a48cb55 - - - - - -] 10.0.0.72 "GET /" status: 200 len: 136 microversion: 1.0
2026-06-26 05:47:31.002 7 INFO placement.requestlog [req-21b78254-896d-4be7-816e-da6f7c6f6da1 req-80bd155d-0de4-4a58-81f0-7db1c4581a28 8521693657bd420fb87f53c6eaa74d32 a81d40e6bf8546ce97e56c7f85448940 - - 5f83aad1d87d4a0f94d5ec3aa83db3d6 5f83aad1d87d4a0f94d5ec3aa83db3d6] 199.204.45.77 "GET /resource_providers/c086ad16-e932-443e-a8c2-252b7f957cdb/allocations" status: 200 len: 54 microversion: 1.0 [pid: 7|app: 0|req: 299/600] 199.204.45.77 () {32 vars in 855 bytes} [Fri Jun 26 05:47:30 2026] GET /resource_providers/c086ad16-e932-443e-a8c2-252b7f957cdb/allocations => generated 54 bytes in 29 msecs (HTTP/1.1 200) 6 headers in 223 bytes (1 switches on core 0)
2026-06-26 05:47:31.021 8 INFO placement.requestlog [req-21b78254-896d-4be7-816e-da6f7c6f6da1 req-542080a5-043c-45e4-853f-9b492cb38f65 8521693657bd420fb87f53c6eaa74d32 a81d40e6bf8546ce97e56c7f85448940 - - 5f83aad1d87d4a0f94d5ec3aa83db3d6 5f83aad1d87d4a0f94d5ec3aa83db3d6] 199.204.45.77 "GET /resource_providers/c086ad16-e932-443e-a8c2-252b7f957cdb/allocations" status: 200 len: 54 microversion: 1.0 [pid: 8|app: 0|req: 302/601] 199.204.45.77 () {32 vars in 855 bytes} [Fri Jun 26 05:47:31 2026] GET /resource_providers/c086ad16-e932-443e-a8c2-252b7f957cdb/allocations => generated 54 bytes in 15 msecs (HTTP/1.1 200) 6 headers in 223 bytes (1 switches on core 0)
2026-06-26 05:47:33.864 7 INFO placement.requestlog [None req-6a191541-b89b-4c34-8dc8-42e9bcdb82b6 - - - - - -] 10.0.0.72 "GET /" status: 200 len: 136 microversion: 1.0
2026-06-26 05:47:33.864 8 INFO placement.requestlog [None req-d09feda9-15c8-4de5-9595-e0a9ffff0196 - - - - - -] 10.0.0.72 "GET /" status: 200 len: 136 microversion: 1.0
2026-06-26 05:47:43.863 7 INFO placement.requestlog [None req-6c53c9e0-c44b-4e4a-9d99-4c1087706b7a - - - - - -] 10.0.0.72 "GET /" status: 200 len: 136 microversion: 1.0
2026-06-26 05:47:43.864 8 INFO placement.requestlog [None req-f99f00bc-6a4c-4a27-9193-7b1b7f423fba - - - - - -] 10.0.0.72 "GET /" status: 200 len: 136 microversion: 1.0
2026-06-26 05:47:49.833 7 INFO placement.requestlog [req-4177b3d0-cedd-4fe2-bacb-0244da280d57 req-7f3d0ee9-7773-4f77-ae99-8f50b4d87129 8521693657bd420fb87f53c6eaa74d32 a81d40e6bf8546ce97e56c7f85448940 - - 5f83aad1d87d4a0f94d5ec3aa83db3d6 5f83aad1d87d4a0f94d5ec3aa83db3d6] 10.0.0.134 "GET /allocation_candidates?limit=1000&resources=DISK_GB%3A1%2CMEMORY_MB%3A512%2CVCPU%3A1&root_required=%21COMPUTE_STATUS_DISABLED" status: 200 len: 2640 microversion: 1.36 [pid: 7|app: 0|req: 302/606] 10.0.0.134 () {34 vars in 1011 bytes} [Fri Jun 26 05:47:49 2026] GET /allocation_candidates?limit=1000&resources=DISK_GB%3A1%2CMEMORY_MB%3A512%2CVCPU%3A1&root_required=%21COMPUTE_STATUS_DISABLED => generated 2640 bytes in 155 msecs (HTTP/1.1 200) 8 headers in 297 bytes (1 switches on core 0)
2026-06-26 05:47:49.864 8 INFO placement.requestlog [req-4177b3d0-cedd-4fe2-bacb-0244da280d57 req-0820e530-f41b-4af4-8d33-6231252c5e25 8521693657bd420fb87f53c6eaa74d32 a81d40e6bf8546ce97e56c7f85448940 - - 5f83aad1d87d4a0f94d5ec3aa83db3d6 5f83aad1d87d4a0f94d5ec3aa83db3d6] 10.0.0.134 "GET /allocations/fdc69d9b-84d4-4b9d-8dc9-20f178d97418" status: 200 len: 19 microversion: 1.28 [pid: 8|app: 0|req: 305/607] 10.0.0.134 () {34 vars in 860 bytes} [Fri Jun 26 05:47:49 2026] GET /allocations/fdc69d9b-84d4-4b9d-8dc9-20f178d97418 => generated 19 bytes in 11 msecs (HTTP/1.1 200) 8 headers in 295 bytes (1 switches on core 0)
2026-06-26 05:47:49.935 7 INFO placement.requestlog [req-4177b3d0-cedd-4fe2-bacb-0244da280d57 req-d1c97dfb-44cf-43f3-80c4-b92200f0316b 8521693657bd420fb87f53c6eaa74d32 a81d40e6bf8546ce97e56c7f85448940 - - 5f83aad1d87d4a0f94d5ec3aa83db3d6 5f83aad1d87d4a0f94d5ec3aa83db3d6] 10.0.0.134 "PUT /allocations/fdc69d9b-84d4-4b9d-8dc9-20f178d97418" status: 204 len: 0 microversion: 1.36 [pid: 7|app: 0|req: 303/608] 10.0.0.134 () {38 vars in 913 bytes} [Fri Jun 26 05:47:49 2026] PUT /allocations/fdc69d9b-84d4-4b9d-8dc9-20f178d97418 => generated 0 bytes in 66 msecs (HTTP/1.1 204) 5 headers in 199 bytes (1 switches on core 0)
2026-06-26 05:47:50.198 8 INFO placement.requestlog [req-8f711f6b-4db7-4cf0-a2d5-30170b0cd5ee req-bf2d6e82-4016-4bcf-bb99-979478d226bc 8521693657bd420fb87f53c6eaa74d32 a81d40e6bf8546ce97e56c7f85448940 - - 5f83aad1d87d4a0f94d5ec3aa83db3d6 5f83aad1d87d4a0f94d5ec3aa83db3d6] 10.0.0.134 "GET /allocation_candidates?limit=1000&resources=DISK_GB%3A1%2CMEMORY_MB%3A512%2CVCPU%3A1&root_required=%21COMPUTE_STATUS_DISABLED" status: 200 len: 2642 microversion: 1.36 [pid: 8|app: 0|req: 306/609] 10.0.0.134 () {34 vars in 1011 bytes} [Fri Jun 26 05:47:50 2026] GET /allocation_candidates?limit=1000&resources=DISK_GB%3A1%2CMEMORY_MB%3A512%2CVCPU%3A1&root_required=%21COMPUTE_STATUS_DISABLED => generated 2642 bytes in 53 msecs (HTTP/1.1 200) 8 headers in 297 bytes (1 switches on core 0)
2026-06-26 05:47:50.234 7 INFO placement.requestlog [req-8f711f6b-4db7-4cf0-a2d5-30170b0cd5ee req-79893a23-062d-40b7-93f8-5d462e498e5b 8521693657bd420fb87f53c6eaa74d32 a81d40e6bf8546ce97e56c7f85448940 - - 5f83aad1d87d4a0f94d5ec3aa83db3d6 5f83aad1d87d4a0f94d5ec3aa83db3d6] 10.0.0.134 "GET /allocations/58ad9313-59a4-4b86-97b6-74d01e64ae3f" status: 200 len: 19 microversion: 1.28 [pid: 7|app: 0|req: 304/610] 10.0.0.134 () {34 vars in 860 bytes} [Fri Jun 26 05:47:50 2026] GET /allocations/58ad9313-59a4-4b86-97b6-74d01e64ae3f => generated 19 bytes in 14 msecs (HTTP/1.1 200) 8 headers in 295 bytes (1 switches on core 0)
2026-06-26 05:47:50.300 8 INFO placement.requestlog [req-8f711f6b-4db7-4cf0-a2d5-30170b0cd5ee req-5d6ec4aa-ee34-41db-b4a0-7a8e08de6675 8521693657bd420fb87f53c6eaa74d32 a81d40e6bf8546ce97e56c7f85448940 - - 5f83aad1d87d4a0f94d5ec3aa83db3d6 5f83aad1d87d4a0f94d5ec3aa83db3d6] 10.0.0.134 "PUT /allocations/58ad9313-59a4-4b86-97b6-74d01e64ae3f" status: 204 len: 0 microversion: 1.36 [pid: 8|app: 0|req: 307/611] 10.0.0.134 () {38 vars in 913 bytes} [Fri Jun 26 05:47:50 2026] PUT /allocations/58ad9313-59a4-4b86-97b6-74d01e64ae3f => generated 0 bytes in 62 msecs (HTTP/1.1 204) 5 headers in 199 bytes (1 switches on core 0)
2026-06-26 05:47:50.503 7 INFO placement.requestlog [req-57369eb7-4b27-4d2c-9212-482fb625e811 req-b08023e0-968f-48b4-b73d-f22c64104861 8521693657bd420fb87f53c6eaa74d32 a81d40e6bf8546ce97e56c7f85448940 - - 5f83aad1d87d4a0f94d5ec3aa83db3d6 5f83aad1d87d4a0f94d5ec3aa83db3d6] 10.0.0.134 "GET /allocation_candidates?limit=1000&resources=DISK_GB%3A1%2CMEMORY_MB%3A512%2CVCPU%3A1&root_required=%21COMPUTE_STATUS_DISABLED" status: 200 len: 2643 microversion: 1.36 [pid: 7|app: 0|req: 305/612] 10.0.0.134 () {34 vars in 1011 bytes} [Fri Jun 26 05:47:50 2026] GET /allocation_candidates?limit=1000&resources=DISK_GB%3A1%2CMEMORY_MB%3A512%2CVCPU%3A1&root_required=%21COMPUTE_STATUS_DISABLED => generated 2643 bytes in 63 msecs (HTTP/1.1 200) 8 headers in 297 bytes (1 switches on core 0)
2026-06-26 05:47:50.526 8 INFO placement.requestlog [req-57369eb7-4b27-4d2c-9212-482fb625e811 req-6241d905-66cc-4dce-9882-2be314bb561f 8521693657bd420fb87f53c6eaa74d32 a81d40e6bf8546ce97e56c7f85448940 - - 5f83aad1d87d4a0f94d5ec3aa83db3d6 5f83aad1d87d4a0f94d5ec3aa83db3d6] 10.0.0.134 "GET /allocations/c5bfc7de-2c73-4076-8342-bc7f44605783" status: 200 len: 19 microversion: 1.28 [pid: 8|app: 0|req: 308/613] 10.0.0.134 () {34 vars in 860 bytes} [Fri Jun 26 05:47:50 2026] GET /allocations/c5bfc7de-2c73-4076-8342-bc7f44605783 => generated 19 bytes in 9 msecs (HTTP/1.1 200) 8 headers in 295 bytes (1 switches on core 0)
2026-06-26 05:47:50.595 7 INFO placement.requestlog [req-57369eb7-4b27-4d2c-9212-482fb625e811 req-1ef3fd77-0af0-4d31-a8af-9505bc540ab9 8521693657bd420fb87f53c6eaa74d32 a81d40e6bf8546ce97e56c7f85448940 - - 5f83aad1d87d4a0f94d5ec3aa83db3d6 5f83aad1d87d4a0f94d5ec3aa83db3d6] 10.0.0.134 "PUT /allocations/c5bfc7de-2c73-4076-8342-bc7f44605783" status: 204 len: 0 microversion: 1.36 [pid: 7|app: 0|req: 306/614] 10.0.0.134 () {38 vars in 913 bytes} [Fri Jun 26 05:47:50 2026] PUT /allocations/c5bfc7de-2c73-4076-8342-bc7f44605783 => generated 0 bytes in 66 msecs (HTTP/1.1 204) 5 headers in 199 bytes (1 switches on core 0)
2026-06-26 05:47:51.469 8 INFO placement.requestlog [req-4177b3d0-cedd-4fe2-bacb-0244da280d57 req-89aad82d-c282-47fd-aae0-e121627a1e75 8521693657bd420fb87f53c6eaa74d32 a81d40e6bf8546ce97e56c7f85448940 - - 5f83aad1d87d4a0f94d5ec3aa83db3d6 5f83aad1d87d4a0f94d5ec3aa83db3d6] 199.204.45.77 "GET /allocations/fdc69d9b-84d4-4b9d-8dc9-20f178d97418" status: 200 len: 257 microversion: 1.28 [pid: 8|app: 0|req: 309/615] 199.204.45.77 () {34 vars in 861 bytes} [Fri Jun 26 05:47:51 2026] GET /allocations/fdc69d9b-84d4-4b9d-8dc9-20f178d97418 => generated 257 bytes in 12 msecs (HTTP/1.1 200) 8 headers in 296 bytes (1 switches on core 0)
2026-06-26 05:47:51.892 7 INFO placement.requestlog [req-8f711f6b-4db7-4cf0-a2d5-30170b0cd5ee req-db4beebf-968c-4c7e-b151-33d167274c4f 8521693657bd420fb87f53c6eaa74d32 a81d40e6bf8546ce97e56c7f85448940 - - 5f83aad1d87d4a0f94d5ec3aa83db3d6 5f83aad1d87d4a0f94d5ec3aa83db3d6] 199.204.45.77 "GET /allocations/58ad9313-59a4-4b86-97b6-74d01e64ae3f" status: 200 len: 257 microversion: 1.28 [pid: 7|app: 0|req: 307/616] 199.204.45.77 () {34 vars in 861 bytes} [Fri Jun 26 05:47:51 2026] GET /allocations/58ad9313-59a4-4b86-97b6-74d01e64ae3f => generated 257 bytes in 13 msecs (HTTP/1.1 200) 8 headers in 296 bytes (1 switches on core 0)
2026-06-26 05:47:52.071 8 INFO placement.requestlog [req-57369eb7-4b27-4d2c-9212-482fb625e811 req-7090f64e-70dc-4678-b031-f05f3454217e 8521693657bd420fb87f53c6eaa74d32 a81d40e6bf8546ce97e56c7f85448940 - - 5f83aad1d87d4a0f94d5ec3aa83db3d6 5f83aad1d87d4a0f94d5ec3aa83db3d6] 199.204.45.77 "GET /allocations/c5bfc7de-2c73-4076-8342-bc7f44605783" status: 200 len: 257 microversion: 1.28 [pid: 8|app: 0|req: 310/617] 199.204.45.77 () {34 vars in 861 bytes} [Fri Jun 26 05:47:52 2026] GET /allocations/c5bfc7de-2c73-4076-8342-bc7f44605783 => generated 257 bytes in 9 msecs (HTTP/1.1 200) 8 headers in 296 bytes (1 switches on core 0)
2026-06-26 05:47:52.507 7 INFO placement.requestlog [req-4177b3d0-cedd-4fe2-bacb-0244da280d57 req-a3510741-9c88-4049-994c-1b842ce0cdc0 8521693657bd420fb87f53c6eaa74d32 a81d40e6bf8546ce97e56c7f85448940 - - 5f83aad1d87d4a0f94d5ec3aa83db3d6 5f83aad1d87d4a0f94d5ec3aa83db3d6] 199.204.45.77 "GET /resource_providers/c086ad16-e932-443e-a8c2-252b7f957cdb/allocations" status: 200 len: 352 microversion: 1.0 [pid: 7|app: 0|req: 308/618] 199.204.45.77 () {32 vars in 855 bytes} [Fri Jun 26 05:47:52 2026] GET /resource_providers/c086ad16-e932-443e-a8c2-252b7f957cdb/allocations => generated 352 bytes in 16 msecs (HTTP/1.1 200) 6 headers in 224 bytes (1 switches on core 0)
2026-06-26 05:47:52.526 8 INFO placement.requestlog [req-4177b3d0-cedd-4fe2-bacb-0244da280d57 req-0e111b29-f5e7-4c32-b613-aa51af52fc08 8521693657bd420fb87f53c6eaa74d32 a81d40e6bf8546ce97e56c7f85448940 - - 5f83aad1d87d4a0f94d5ec3aa83db3d6 5f83aad1d87d4a0f94d5ec3aa83db3d6] 199.204.45.77 "GET /allocations/c5bfc7de-2c73-4076-8342-bc7f44605783" status: 200 len: 257 microversion: 1.28 [pid: 8|app: 0|req: 311/619] 199.204.45.77 () {34 vars in 861 bytes} [Fri Jun 26 05:47:52 2026] GET /allocations/c5bfc7de-2c73-4076-8342-bc7f44605783 => generated 257 bytes in 13 msecs (HTTP/1.1 200) 8 headers in 296 bytes (1 switches on core 0)
2026-06-26 05:47:52.547 7 INFO placement.requestlog [req-4177b3d0-cedd-4fe2-bacb-0244da280d57 req-413002d2-e8ce-4d1e-a1d2-84092b30a1b5 8521693657bd420fb87f53c6eaa74d32 a81d40e6bf8546ce97e56c7f85448940 - - 5f83aad1d87d4a0f94d5ec3aa83db3d6 5f83aad1d87d4a0f94d5ec3aa83db3d6] 199.204.45.77 "GET /allocations/fdc69d9b-84d4-4b9d-8dc9-20f178d97418" status: 200 len: 257 microversion: 1.28 [pid: 7|app: 0|req: 309/620] 199.204.45.77 () {34 vars in 861 bytes} [Fri Jun 26 05:47:52 2026] GET /allocations/fdc69d9b-84d4-4b9d-8dc9-20f178d97418 => generated 257 bytes in 13 msecs (HTTP/1.1 200) 8 headers in 296 bytes (1 switches on core 0)
2026-06-26 05:47:52.566 8 INFO placement.requestlog [req-4177b3d0-cedd-4fe2-bacb-0244da280d57 req-b8dbd2ab-1e5f-49ab-9774-c60f28d7fa8a 8521693657bd420fb87f53c6eaa74d32 a81d40e6bf8546ce97e56c7f85448940 - - 5f83aad1d87d4a0f94d5ec3aa83db3d6 5f83aad1d87d4a0f94d5ec3aa83db3d6] 199.204.45.77 "GET /allocations/58ad9313-59a4-4b86-97b6-74d01e64ae3f" status: 200 len: 257 microversion: 1.28 [pid: 8|app: 0|req: 312/621] 199.204.45.77 () {34 vars in 861 bytes} [Fri Jun 26 05:47:52 2026] GET /allocations/58ad9313-59a4-4b86-97b6-74d01e64ae3f => generated 257 bytes in 14 msecs (HTTP/1.1 200) 8 headers in 296 bytes (1 switches on core 0)
2026-06-26 05:47:53.863 7 INFO placement.requestlog [None req-1e263117-87eb-4c8d-9eda-768485ba9d06 - - - - - -] 10.0.0.72 "GET /" status: 200 len: 136 microversion: 1.0
2026-06-26 05:47:53.863 8 INFO placement.requestlog [None req-1e87f029-d34c-40e5-a259-9c00fb533d8c - - - - - -] 10.0.0.72 "GET /" status: 200 len: 136 microversion: 1.0
2026-06-26 05:47:54.610 7 INFO placement.requestlog [None req-98f23aac-7e15-4fa3-aa7e-f68290c7a19e 02bc8a6d6ece4dc88d08d55439098575 a81d40e6bf8546ce97e56c7f85448940 - - 5f83aad1d87d4a0f94d5ec3aa83db3d6 5f83aad1d87d4a0f94d5ec3aa83db3d6] 10.0.0.40 "GET /resource_providers/9db6ccc5-3ec9-4d78-be59-8a2e51e5bf12/aggregates" status: 404 len: 235 microversion: 1.1 [pid: 7|app: 0|req: 311/624] 10.0.0.40 () {32 vars in 814 bytes} [Fri Jun 26 05:47:54 2026] GET /resource_providers/9db6ccc5-3ec9-4d78-be59-8a2e51e5bf12/aggregates => generated 235 bytes in 155 msecs (HTTP/1.1 404) 5 headers in 202 bytes (1 switches on core 0)
2026-06-26 05:47:54.646 7 INFO placement.requestlog [req-8f711f6b-4db7-4cf0-a2d5-30170b0cd5ee req-732fb2e9-fbb7-4a36-a53b-67996388c357 8521693657bd420fb87f53c6eaa74d32 a81d40e6bf8546ce97e56c7f85448940 - - 5f83aad1d87d4a0f94d5ec3aa83db3d6 5f83aad1d87d4a0f94d5ec3aa83db3d6] 199.204.45.77 "GET /resource_providers/c086ad16-e932-443e-a8c2-252b7f957cdb/allocations" status: 200 len: 352 microversion: 1.0 [pid: 7|app: 0|req: 312/625] 199.204.45.77 () {32 vars in 855 bytes} [Fri Jun 26 05:47:54 2026] GET /resource_providers/c086ad16-e932-443e-a8c2-252b7f957cdb/allocations => generated 352 bytes in 30 msecs (HTTP/1.1 200) 6 headers in 224 bytes (1 switches on core 0)
2026-06-26 05:47:54.648 8 INFO placement.requestlog [None req-7054cada-ba39-48f2-a8b8-210efd7a922f 02bc8a6d6ece4dc88d08d55439098575 a81d40e6bf8546ce97e56c7f85448940 - - 5f83aad1d87d4a0f94d5ec3aa83db3d6 5f83aad1d87d4a0f94d5ec3aa83db3d6] 10.0.0.40 "GET /resource_providers/9db6ccc5-3ec9-4d78-be59-8a2e51e5bf12/aggregates" status: 404 len: 235 microversion: 1.1 [pid: 8|app: 0|req: 314/626] 10.0.0.40 () {32 vars in 814 bytes} [Fri Jun 26 05:47:54 2026] GET /resource_providers/9db6ccc5-3ec9-4d78-be59-8a2e51e5bf12/aggregates => generated 235 bytes in 131 msecs (HTTP/1.1 404) 5 headers in 202 bytes (1 switches on core 0)
2026-06-26 05:47:54.660 7 INFO placement.requestlog [None req-bd8b3e08-428a-43ca-8982-36e62472eac9 02bc8a6d6ece4dc88d08d55439098575 a81d40e6bf8546ce97e56c7f85448940 - - 5f83aad1d87d4a0f94d5ec3aa83db3d6 5f83aad1d87d4a0f94d5ec3aa83db3d6] 10.0.0.40 "DELETE /resource_providers/9db6ccc5-3ec9-4d78-be59-8a2e51e5bf12" status: 404 len: 246 microversion: 1.1 [pid: 7|app: 0|req: 313/627] 10.0.0.40 () {34 vars in 814 bytes} [Fri Jun 26 05:47:54 2026] DELETE /resource_providers/9db6ccc5-3ec9-4d78-be59-8a2e51e5bf12 => generated 246 bytes in 14 msecs (HTTP/1.1 404) 6 headers in 231 bytes (1 switches on core 0)
2026-06-26 05:47:54.665 8 INFO placement.requestlog [req-8f711f6b-4db7-4cf0-a2d5-30170b0cd5ee req-8b5b4f77-dc36-47d0-81b7-7678a2345597 8521693657bd420fb87f53c6eaa74d32 a81d40e6bf8546ce97e56c7f85448940 - - 5f83aad1d87d4a0f94d5ec3aa83db3d6 5f83aad1d87d4a0f94d5ec3aa83db3d6] 199.204.45.77 "GET /allocations/c5bfc7de-2c73-4076-8342-bc7f44605783" status: 200 len: 257 microversion: 1.28 [pid: 8|app: 0|req: 315/628] 199.204.45.77 () {34 vars in 861 bytes} [Fri Jun 26 05:47:54 2026] GET /allocations/c5bfc7de-2c73-4076-8342-bc7f44605783 => generated 257 bytes in 12 msecs (HTTP/1.1 200) 8 headers in 296 bytes (1 switches on core 0)
2026-06-26 05:47:54.671 7 INFO placement.requestlog [None req-c43750bf-fce5-442f-b5dd-4648c467a941 02bc8a6d6ece4dc88d08d55439098575 a81d40e6bf8546ce97e56c7f85448940 - - 5f83aad1d87d4a0f94d5ec3aa83db3d6 5f83aad1d87d4a0f94d5ec3aa83db3d6] 10.0.0.40 "DELETE /resource_providers/9db6ccc5-3ec9-4d78-be59-8a2e51e5bf12" status: 404 len: 246 microversion: 1.1 [pid: 7|app: 0|req: 314/629] 10.0.0.40 () {34 vars in 814 bytes} [Fri Jun 26 05:47:54 2026] DELETE /resource_providers/9db6ccc5-3ec9-4d78-be59-8a2e51e5bf12 => generated 246 bytes in 10 msecs (HTTP/1.1 404) 6 headers in 231 bytes (1 switches on core 0)
2026-06-26 05:47:54.688 8 INFO placement.requestlog [req-8f711f6b-4db7-4cf0-a2d5-30170b0cd5ee req-fac987c9-cf4e-4794-945a-161c24891565 8521693657bd420fb87f53c6eaa74d32 a81d40e6bf8546ce97e56c7f85448940 - - 5f83aad1d87d4a0f94d5ec3aa83db3d6 5f83aad1d87d4a0f94d5ec3aa83db3d6] 199.204.45.77 "GET /allocations/fdc69d9b-84d4-4b9d-8dc9-20f178d97418" status: 200 len: 257 microversion: 1.28 [pid: 8|app: 0|req: 316/630] 199.204.45.77 () {34 vars in 861 bytes} [Fri Jun 26 05:47:54 2026] GET /allocations/fdc69d9b-84d4-4b9d-8dc9-20f178d97418 => generated 257 bytes in 18 msecs (HTTP/1.1 200) 8 headers in 296 bytes (1 switches on core 0)
2026-06-26 05:47:54.711 7 INFO placement.requestlog [req-8f711f6b-4db7-4cf0-a2d5-30170b0cd5ee req-9ceae4b4-c5ab-4d74-aeab-4d463331de47 8521693657bd420fb87f53c6eaa74d32 a81d40e6bf8546ce97e56c7f85448940 - - 5f83aad1d87d4a0f94d5ec3aa83db3d6 5f83aad1d87d4a0f94d5ec3aa83db3d6] 199.204.45.77 "GET /allocations/58ad9313-59a4-4b86-97b6-74d01e64ae3f" status: 200 len: 257 microversion: 1.28 [pid: 7|app: 0|req: 315/631] 199.204.45.77 () {34 vars in 861 bytes} [Fri Jun 26 05:47:54 2026] GET /allocations/58ad9313-59a4-4b86-97b6-74d01e64ae3f => generated 257 bytes in 15 msecs (HTTP/1.1 200) 8 headers in 296 bytes (1 switches on core 0)
2026-06-26 05:47:56.778 8 INFO placement.requestlog [req-57369eb7-4b27-4d2c-9212-482fb625e811 req-6342564c-7500-4aa9-8a0f-1182723c0dfc 8521693657bd420fb87f53c6eaa74d32 a81d40e6bf8546ce97e56c7f85448940 - - 5f83aad1d87d4a0f94d5ec3aa83db3d6 5f83aad1d87d4a0f94d5ec3aa83db3d6] 199.204.45.77 "GET /resource_providers/c086ad16-e932-443e-a8c2-252b7f957cdb/allocations" status: 200 len: 352 microversion: 1.0 [pid: 8|app: 0|req: 317/632] 199.204.45.77 () {32 vars in 855 bytes} [Fri Jun 26 05:47:56 2026] GET /resource_providers/c086ad16-e932-443e-a8c2-252b7f957cdb/allocations => generated 352 bytes in 23 msecs (HTTP/1.1 200) 6 headers in 224 bytes (1 switches on core 0)
2026-06-26 05:47:56.799 7 INFO placement.requestlog [req-57369eb7-4b27-4d2c-9212-482fb625e811 req-92b39146-fe34-48f7-a813-57a077fc4552 8521693657bd420fb87f53c6eaa74d32 a81d40e6bf8546ce97e56c7f85448940 - - 5f83aad1d87d4a0f94d5ec3aa83db3d6 5f83aad1d87d4a0f94d5ec3aa83db3d6] 199.204.45.77 "GET /allocations/c5bfc7de-2c73-4076-8342-bc7f44605783" status: 200 len: 257 microversion: 1.28 [pid: 7|app: 0|req: 316/633] 199.204.45.77 () {34 vars in 861 bytes} [Fri Jun 26 05:47:56 2026] GET /allocations/c5bfc7de-2c73-4076-8342-bc7f44605783 => generated 257 bytes in 15 msecs (HTTP/1.1 200) 8 headers in 296 bytes (1 switches on core 0)
2026-06-26 05:47:56.820 8 INFO placement.requestlog [req-57369eb7-4b27-4d2c-9212-482fb625e811 req-b9149950-2887-4a39-b7dd-4330cbdc8d71 8521693657bd420fb87f53c6eaa74d32 a81d40e6bf8546ce97e56c7f85448940 - - 5f83aad1d87d4a0f94d5ec3aa83db3d6 5f83aad1d87d4a0f94d5ec3aa83db3d6] 199.204.45.77 "GET /allocations/fdc69d9b-84d4-4b9d-8dc9-20f178d97418" status: 200 len: 257 microversion: 1.28 [pid: 8|app: 0|req: 318/634] 199.204.45.77 () {34 vars in 861 bytes} [Fri Jun 26 05:47:56 2026] GET /allocations/fdc69d9b-84d4-4b9d-8dc9-20f178d97418 => generated 257 bytes in 12 msecs (HTTP/1.1 200) 8 headers in 296 bytes (1 switches on core 0)
2026-06-26 05:47:56.835 7 INFO placement.requestlog [req-57369eb7-4b27-4d2c-9212-482fb625e811 req-2733940a-0fff-448e-bd25-b92b8b747f0a 8521693657bd420fb87f53c6eaa74d32 a81d40e6bf8546ce97e56c7f85448940 - - 5f83aad1d87d4a0f94d5ec3aa83db3d6 5f83aad1d87d4a0f94d5ec3aa83db3d6] 199.204.45.77 "GET /allocations/58ad9313-59a4-4b86-97b6-74d01e64ae3f" status: 200 len: 257 microversion: 1.28 [pid: 7|app: 0|req: 317/635] 199.204.45.77 () {34 vars in 861 bytes} [Fri Jun 26 05:47:56 2026] GET /allocations/58ad9313-59a4-4b86-97b6-74d01e64ae3f => generated 257 bytes in 9 msecs (HTTP/1.1 200) 8 headers in 296 bytes (1 switches on core 0)
2026-06-26 05:48:03.863 8 INFO placement.requestlog [None req-581a86aa-21b8-4108-adf7-044686c1775e - - - - - -] 10.0.0.72 "GET /" status: 200 len: 136 microversion: 1.0
2026-06-26 05:48:03.863 7 INFO placement.requestlog [None req-3a6fb31d-fe91-494d-bd76-f7bebff5e9b7 - - - - - -] 10.0.0.72 "GET /" status: 200 len: 136 microversion: 1.0
2026-06-26 05:48:08.000 8 INFO placement.requestlog [None req-57b8ce6f-e35d-48fa-a81f-df84c30231ff 02bc8a6d6ece4dc88d08d55439098575 a81d40e6bf8546ce97e56c7f85448940 - - 5f83aad1d87d4a0f94d5ec3aa83db3d6 5f83aad1d87d4a0f94d5ec3aa83db3d6] 10.0.0.40 "GET /resource_providers/f4d27811-c4a7-4b54-8682-8de8f14cc729/aggregates" status: 404 len: 235 microversion: 1.1 [pid: 8|app: 0|req: 320/638] 10.0.0.40 () {32 vars in 814 bytes} [Fri Jun 26 05:48:07 2026] GET /resource_providers/f4d27811-c4a7-4b54-8682-8de8f14cc729/aggregates => generated 235 bytes in 128 msecs (HTTP/1.1 404) 5 headers in 202 bytes (1 switches on core 0)
2026-06-26 05:48:08.015 8 INFO placement.requestlog [None req-b1f2b22e-f4d4-463f-befa-e6ff72e24835 02bc8a6d6ece4dc88d08d55439098575 a81d40e6bf8546ce97e56c7f85448940 - - 5f83aad1d87d4a0f94d5ec3aa83db3d6 5f83aad1d87d4a0f94d5ec3aa83db3d6] 10.0.0.40 "DELETE /resource_providers/f4d27811-c4a7-4b54-8682-8de8f14cc729" status: 404 len: 246 microversion: 1.1 [pid: 8|app: 0|req: 321/639] 10.0.0.40 () {34 vars in 814 bytes} [Fri Jun 26 05:48:08 2026] DELETE /resource_providers/f4d27811-c4a7-4b54-8682-8de8f14cc729 => generated 246 bytes in 8 msecs (HTTP/1.1 404) 6 headers in 231 bytes (1 switches on core 0)
2026-06-26 05:48:08.055 7 INFO placement.requestlog [None req-4740b16c-e2b0-412d-a50c-e24f119e92ed 02bc8a6d6ece4dc88d08d55439098575 a81d40e6bf8546ce97e56c7f85448940 - - 5f83aad1d87d4a0f94d5ec3aa83db3d6 5f83aad1d87d4a0f94d5ec3aa83db3d6] 10.0.0.40 "GET /resource_providers/f4d27811-c4a7-4b54-8682-8de8f14cc729/aggregates" status: 404 len: 235 microversion: 1.1 [pid: 7|app: 0|req: 319/640] 10.0.0.40 () {32 vars in 814 bytes} [Fri Jun 26 05:48:07 2026] GET /resource_providers/f4d27811-c4a7-4b54-8682-8de8f14cc729/aggregates => generated 235 bytes in 60 msecs (HTTP/1.1 404) 5 headers in 202 bytes (1 switches on core 0)
2026-06-26 05:48:08.081 8 INFO placement.requestlog [None req-8b4d335b-5ae7-4a11-a627-b8190edb1085 02bc8a6d6ece4dc88d08d55439098575 a81d40e6bf8546ce97e56c7f85448940 - - 5f83aad1d87d4a0f94d5ec3aa83db3d6 5f83aad1d87d4a0f94d5ec3aa83db3d6] 10.0.0.40 "DELETE /resource_providers/f4d27811-c4a7-4b54-8682-8de8f14cc729" status: 404 len: 246 microversion: 1.1 [pid: 8|app: 0|req: 322/641] 10.0.0.40 () {34 vars in 814 bytes} [Fri Jun 26 05:48:08 2026] DELETE /resource_providers/f4d27811-c4a7-4b54-8682-8de8f14cc729 => generated 246 bytes in 11 msecs (HTTP/1.1 404) 6 headers in 231 bytes (1 switches on core 0)
2026-06-26 05:48:13.863 8 INFO placement.requestlog [None req-18eede03-8878-44b8-aeb8-98844057babc - - - - - -] 10.0.0.72 "GET /" status: 200 len: 136 microversion: 1.0
2026-06-26 05:48:13.863 7 INFO placement.requestlog [None req-c9bf4b26-3a43-4e74-8917-0308d3958a76 - - - - - -] 10.0.0.72 "GET /" status: 200 len: 136 microversion: 1.0
2026-06-26 05:48:17.474 8 INFO placement.requestlog [req-18d2782f-08ac-44a5-be99-c0013e51529d req-60ce081c-c54c-43a4-83c8-556f75d3dc33 8521693657bd420fb87f53c6eaa74d32 a81d40e6bf8546ce97e56c7f85448940 - - 5f83aad1d87d4a0f94d5ec3aa83db3d6 5f83aad1d87d4a0f94d5ec3aa83db3d6] 199.204.45.77 "GET /resource_providers/c086ad16-e932-443e-a8c2-252b7f957cdb/allocations" status: 200 len: 352 microversion: 1.0 [pid: 8|app: 0|req: 324/644] 199.204.45.77 () {32 vars in 855 bytes} [Fri Jun 26 05:48:17 2026] GET /resource_providers/c086ad16-e932-443e-a8c2-252b7f957cdb/allocations => generated 352 bytes in 19 msecs (HTTP/1.1 200) 6 headers in 224 bytes (1 switches on core 0)
2026-06-26 05:48:17.494 7 INFO placement.requestlog [req-18d2782f-08ac-44a5-be99-c0013e51529d req-da390e69-ffcd-45a2-8ad6-56f1ccf2fba1 8521693657bd420fb87f53c6eaa74d32 a81d40e6bf8546ce97e56c7f85448940 - - 5f83aad1d87d4a0f94d5ec3aa83db3d6 5f83aad1d87d4a0f94d5ec3aa83db3d6] 199.204.45.77 "GET /allocations/c5bfc7de-2c73-4076-8342-bc7f44605783" status: 200 len: 257 microversion: 1.28 [pid: 7|app: 0|req: 321/645] 199.204.45.77 () {34 vars in 861 bytes} [Fri Jun 26 05:48:17 2026] GET /allocations/c5bfc7de-2c73-4076-8342-bc7f44605783 => generated 257 bytes in 15 msecs (HTTP/1.1 200) 8 headers in 296 bytes (1 switches on core 0)
2026-06-26 05:48:17.510 8 INFO placement.requestlog [req-18d2782f-08ac-44a5-be99-c0013e51529d req-507a06d3-9549-4fb2-9a44-a044e0b1a420 8521693657bd420fb87f53c6eaa74d32 a81d40e6bf8546ce97e56c7f85448940 - - 5f83aad1d87d4a0f94d5ec3aa83db3d6 5f83aad1d87d4a0f94d5ec3aa83db3d6] 199.204.45.77 "GET /allocations/fdc69d9b-84d4-4b9d-8dc9-20f178d97418" status: 200 len: 257 microversion: 1.28 [pid: 8|app: 0|req: 325/646] 199.204.45.77 () {34 vars in 861 bytes} [Fri Jun 26 05:48:17 2026] GET /allocations/fdc69d9b-84d4-4b9d-8dc9-20f178d97418 => generated 257 bytes in 9 msecs (HTTP/1.1 200) 8 headers in 296 bytes (1 switches on core 0)
2026-06-26 05:48:17.528 7 INFO placement.requestlog [req-18d2782f-08ac-44a5-be99-c0013e51529d req-17788af9-842f-4df1-b41b-7435832d2843 8521693657bd420fb87f53c6eaa74d32 a81d40e6bf8546ce97e56c7f85448940 - - 5f83aad1d87d4a0f94d5ec3aa83db3d6 5f83aad1d87d4a0f94d5ec3aa83db3d6] 199.204.45.77 "GET /allocations/58ad9313-59a4-4b86-97b6-74d01e64ae3f" status: 200 len: 257 microversion: 1.28 [pid: 7|app: 0|req: 322/647] 199.204.45.77 () {34 vars in 861 bytes} [Fri Jun 26 05:48:17 2026] GET /allocations/58ad9313-59a4-4b86-97b6-74d01e64ae3f => generated 257 bytes in 12 msecs (HTTP/1.1 200) 8 headers in 296 bytes (1 switches on core 0)
2026-06-26 05:48:18.572 8 INFO placement.requestlog [req-18d2782f-08ac-44a5-be99-c0013e51529d req-5cbfcced-12b0-4ee2-a083-0921c62a7a11 8521693657bd420fb87f53c6eaa74d32 a81d40e6bf8546ce97e56c7f85448940 - - 5f83aad1d87d4a0f94d5ec3aa83db3d6 5f83aad1d87d4a0f94d5ec3aa83db3d6] 199.204.45.77 "DELETE /allocations/fdc69d9b-84d4-4b9d-8dc9-20f178d97418" status: 204 len: 0 microversion: 1.0 [pid: 8|app: 0|req: 326/648] 199.204.45.77 () {34 vars in 839 bytes} [Fri Jun 26 05:48:18 2026] DELETE /allocations/fdc69d9b-84d4-4b9d-8dc9-20f178d97418 => generated 0 bytes in 21 msecs (HTTP/1.1 204) 5 headers in 198 bytes (1 switches on core 0)
2026-06-26 05:48:20.828 7 INFO placement.requestlog [req-829e415e-146f-482d-adbd-d411fe7a0b88 req-4ef337e1-035f-440e-88cc-1bab49e7b803 8521693657bd420fb87f53c6eaa74d32 a81d40e6bf8546ce97e56c7f85448940 - - 5f83aad1d87d4a0f94d5ec3aa83db3d6 5f83aad1d87d4a0f94d5ec3aa83db3d6] 199.204.45.77 "GET /resource_providers/c086ad16-e932-443e-a8c2-252b7f957cdb/allocations" status: 200 len: 252 microversion: 1.0 [pid: 7|app: 0|req: 323/649] 199.204.45.77 () {32 vars in 855 bytes} [Fri Jun 26 05:48:20 2026] GET /resource_providers/c086ad16-e932-443e-a8c2-252b7f957cdb/allocations => generated 252 bytes in 15 msecs (HTTP/1.1 200) 6 headers in 224 bytes (1 switches on core 0)
2026-06-26 05:48:20.849 8 INFO placement.requestlog [req-829e415e-146f-482d-adbd-d411fe7a0b88 req-d734e3fd-f8df-43a1-b9a5-785cf60e3fb1 8521693657bd420fb87f53c6eaa74d32 a81d40e6bf8546ce97e56c7f85448940 - - 5f83aad1d87d4a0f94d5ec3aa83db3d6 5f83aad1d87d4a0f94d5ec3aa83db3d6] 199.204.45.77 "GET /allocations/c5bfc7de-2c73-4076-8342-bc7f44605783" status: 200 len: 257 microversion: 1.28 [pid: 8|app: 0|req: 327/650] 199.204.45.77 () {34 vars in 861 bytes} [Fri Jun 26 05:48:20 2026] GET /allocations/c5bfc7de-2c73-4076-8342-bc7f44605783 => generated 257 bytes in 13 msecs (HTTP/1.1 200) 8 headers in 296 bytes (1 switches on core 0)
2026-06-26 05:48:20.863 7 INFO placement.requestlog [req-829e415e-146f-482d-adbd-d411fe7a0b88 req-af1cf5b2-ed93-4249-b0bd-984f20a74050 8521693657bd420fb87f53c6eaa74d32 a81d40e6bf8546ce97e56c7f85448940 - - 5f83aad1d87d4a0f94d5ec3aa83db3d6 5f83aad1d87d4a0f94d5ec3aa83db3d6] 199.204.45.77 "GET /allocations/58ad9313-59a4-4b86-97b6-74d01e64ae3f" status: 200 len: 257 microversion: 1.28 [pid: 7|app: 0|req: 324/651] 199.204.45.77 () {34 vars in 861 bytes} [Fri Jun 26 05:48:20 2026] GET /allocations/58ad9313-59a4-4b86-97b6-74d01e64ae3f => generated 257 bytes in 9 msecs (HTTP/1.1 200) 8 headers in 296 bytes (1 switches on core 0)
2026-06-26 05:48:21.917 8 INFO placement.requestlog [req-829e415e-146f-482d-adbd-d411fe7a0b88 req-2b81798b-b1b5-4245-a7a6-fe8dda0f580d 8521693657bd420fb87f53c6eaa74d32 a81d40e6bf8546ce97e56c7f85448940 - - 5f83aad1d87d4a0f94d5ec3aa83db3d6 5f83aad1d87d4a0f94d5ec3aa83db3d6] 199.204.45.77 "DELETE /allocations/58ad9313-59a4-4b86-97b6-74d01e64ae3f" status: 204 len: 0 microversion: 1.0 [pid: 8|app: 0|req: 328/652] 199.204.45.77 () {34 vars in 839 bytes} [Fri Jun 26 05:48:21 2026] DELETE /allocations/58ad9313-59a4-4b86-97b6-74d01e64ae3f => generated 0 bytes in 27 msecs (HTTP/1.1 204) 5 headers in 198 bytes (1 switches on core 0)
2026-06-26 05:48:22.328 8 INFO placement.requestlog [None req-a74706ac-30f2-44d5-9f36-e2387691f88e 02bc8a6d6ece4dc88d08d55439098575 a81d40e6bf8546ce97e56c7f85448940 - - 5f83aad1d87d4a0f94d5ec3aa83db3d6 5f83aad1d87d4a0f94d5ec3aa83db3d6] 10.0.0.40 "GET /resource_providers/aeaa471e-2786-48d9-83b4-515eddafac13/aggregates" status: 404 len: 235 microversion: 1.1 [pid: 8|app: 0|req: 329/653] 10.0.0.40 () {32 vars in 814 bytes} [Fri Jun 26 05:48:22 2026] GET /resource_providers/aeaa471e-2786-48d9-83b4-515eddafac13/aggregates => generated 235 bytes in 10 msecs (HTTP/1.1 404) 5 headers in 202 bytes (1 switches on core 0)
2026-06-26 05:48:22.337 7 INFO placement.requestlog [None req-43729e85-08e4-4916-af33-545d620e4476 02bc8a6d6ece4dc88d08d55439098575 a81d40e6bf8546ce97e56c7f85448940 - - 5f83aad1d87d4a0f94d5ec3aa83db3d6 5f83aad1d87d4a0f94d5ec3aa83db3d6] 10.0.0.40 "GET /resource_providers/aeaa471e-2786-48d9-83b4-515eddafac13/aggregates" status: 404 len: 235 microversion: 1.1 [pid: 7|app: 0|req: 325/654] 10.0.0.40 () {32 vars in 814 bytes} [Fri Jun 26 05:48:22 2026] GET /resource_providers/aeaa471e-2786-48d9-83b4-515eddafac13/aggregates => generated 235 bytes in 20 msecs (HTTP/1.1 404) 5 headers in 202 bytes (1 switches on core 0)
2026-06-26 05:48:22.358 7 INFO placement.requestlog [None req-7f77d8b4-22b4-48e0-9eba-cf874eb9845c 02bc8a6d6ece4dc88d08d55439098575 a81d40e6bf8546ce97e56c7f85448940 - - 5f83aad1d87d4a0f94d5ec3aa83db3d6 5f83aad1d87d4a0f94d5ec3aa83db3d6] 10.0.0.40 "DELETE /resource_providers/aeaa471e-2786-48d9-83b4-515eddafac13" status: 404 len: 246 microversion: 1.1 [pid: 7|app: 0|req: 326/655] 10.0.0.40 () {34 vars in 814 bytes} [Fri Jun 26 05:48:22 2026] DELETE /resource_providers/aeaa471e-2786-48d9-83b4-515eddafac13 => generated 246 bytes in 13 msecs (HTTP/1.1 404) 6 headers in 231 bytes (1 switches on core 0)
2026-06-26 05:48:22.359 8 INFO placement.requestlog [None req-1cedd288-13c5-4c3d-9339-6107b2918517 02bc8a6d6ece4dc88d08d55439098575 a81d40e6bf8546ce97e56c7f85448940 - - 5f83aad1d87d4a0f94d5ec3aa83db3d6 5f83aad1d87d4a0f94d5ec3aa83db3d6] 10.0.0.40 "DELETE /resource_providers/aeaa471e-2786-48d9-83b4-515eddafac13" status: 404 len: 246 microversion: 1.1 [pid: 8|app: 0|req: 330/656] 10.0.0.40 () {34 vars in 814 bytes} [Fri Jun 26 05:48:22 2026] DELETE /resource_providers/aeaa471e-2786-48d9-83b4-515eddafac13 => generated 246 bytes in 16 msecs (HTTP/1.1 404) 6 headers in 231 bytes (1 switches on core 0)
2026-06-26 05:48:23.585 7 INFO placement.requestlog [req-393c2997-e08b-420a-943c-5c8cc102070d req-7e45e675-5c97-4068-acc3-1495fa2cc64c 8521693657bd420fb87f53c6eaa74d32 a81d40e6bf8546ce97e56c7f85448940 - - 5f83aad1d87d4a0f94d5ec3aa83db3d6 5f83aad1d87d4a0f94d5ec3aa83db3d6] 10.0.0.134 "GET /allocation_candidates?limit=1000&resources=MEMORY_MB%3A512%2CVCPU%3A1&root_required=%21COMPUTE_STATUS_DISABLED" status: 200 len: 2628 microversion: 1.36 [pid: 7|app: 0|req: 327/657] 10.0.0.134 () {34 vars in 983 bytes} [Fri Jun 26 05:48:23 2026] GET /allocation_candidates?limit=1000&resources=MEMORY_MB%3A512%2CVCPU%3A1&root_required=%21COMPUTE_STATUS_DISABLED => generated 2628 bytes in 36 msecs (HTTP/1.1 200) 8 headers in 297 bytes (1 switches on core 0)
2026-06-26 05:48:23.614 8 INFO placement.requestlog [req-393c2997-e08b-420a-943c-5c8cc102070d req-8d08445a-2236-4d4c-ac48-07017192a752 8521693657bd420fb87f53c6eaa74d32 a81d40e6bf8546ce97e56c7f85448940 - - 5f83aad1d87d4a0f94d5ec3aa83db3d6 5f83aad1d87d4a0f94d5ec3aa83db3d6] 10.0.0.134 "GET /allocations/de52d098-41ff-4398-a746-cd40c71b3e38" status: 200 len: 19 microversion: 1.28 [pid: 8|app: 0|req: 331/658] 10.0.0.134 () {34 vars in 860 bytes} [Fri Jun 26 05:48:23 2026] GET /allocations/de52d098-41ff-4398-a746-cd40c71b3e38 => generated 19 bytes in 12 msecs (HTTP/1.1 200) 8 headers in 295 bytes (1 switches on core 0)
2026-06-26 05:48:23.694 7 INFO placement.requestlog [req-393c2997-e08b-420a-943c-5c8cc102070d req-7bbb499f-ba7a-4767-a47f-a64b8b1271e4 8521693657bd420fb87f53c6eaa74d32 a81d40e6bf8546ce97e56c7f85448940 - - 5f83aad1d87d4a0f94d5ec3aa83db3d6 5f83aad1d87d4a0f94d5ec3aa83db3d6] 10.0.0.134 "PUT /allocations/de52d098-41ff-4398-a746-cd40c71b3e38" status: 204 len: 0 microversion: 1.36 [pid: 7|app: 0|req: 328/659] 10.0.0.134 () {38 vars in 913 bytes} [Fri Jun 26 05:48:23 2026] PUT /allocations/de52d098-41ff-4398-a746-cd40c71b3e38 => generated 0 bytes in 74 msecs (HTTP/1.1 204) 5 headers in 199 bytes (1 switches on core 0)
2026-06-26 05:48:23.863 7 INFO placement.requestlog [None req-379d851c-3f05-4821-8091-a6d523275b98 - - - - - -] 10.0.0.72 "GET /" status: 200 len: 136 microversion: 1.0
2026-06-26 05:48:23.863 8 INFO placement.requestlog [None req-f34901cc-82af-4fa4-a0d5-eef122fa0d4d - - - - - -] 10.0.0.72 "GET /" status: 200 len: 136 microversion: 1.0
2026-06-26 05:48:25.204 8 INFO placement.requestlog [req-393c2997-e08b-420a-943c-5c8cc102070d req-bc31621f-1341-4faa-a360-d658c9c90020 8521693657bd420fb87f53c6eaa74d32 a81d40e6bf8546ce97e56c7f85448940 - - 5f83aad1d87d4a0f94d5ec3aa83db3d6 5f83aad1d87d4a0f94d5ec3aa83db3d6] 199.204.45.77 "GET /allocations/de52d098-41ff-4398-a746-cd40c71b3e38" status: 200 len: 243 microversion: 1.28 [pid: 8|app: 0|req: 333/662] 199.204.45.77 () {34 vars in 861 bytes} [Fri Jun 26 05:48:25 2026] GET /allocations/de52d098-41ff-4398-a746-cd40c71b3e38 => generated 243 bytes in 16 msecs (HTTP/1.1 200) 8 headers in 296 bytes (1 switches on core 0)
2026-06-26 05:48:25.871 7 INFO placement.requestlog [None req-2d3eb761-e4e9-4bf5-b07c-5916bff91353 02bc8a6d6ece4dc88d08d55439098575 a81d40e6bf8546ce97e56c7f85448940 - - 5f83aad1d87d4a0f94d5ec3aa83db3d6 5f83aad1d87d4a0f94d5ec3aa83db3d6] 10.0.0.40 "GET /resource_providers/ad6b0d56-f7f2-43f9-bf6a-c7f056e9962e/aggregates" status: 404 len: 235 microversion: 1.1 [pid: 7|app: 0|req: 330/663] 10.0.0.40 () {32 vars in 814 bytes} [Fri Jun 26 05:48:25 2026] GET /resource_providers/ad6b0d56-f7f2-43f9-bf6a-c7f056e9962e/aggregates => generated 235 bytes in 12 msecs (HTTP/1.1 404) 5 headers in 202 bytes (1 switches on core 0)
2026-06-26 05:48:25.871 8 INFO placement.requestlog [None req-a67f5821-def3-4d5f-96e0-c577f443d6a3 02bc8a6d6ece4dc88d08d55439098575 a81d40e6bf8546ce97e56c7f85448940 - - 5f83aad1d87d4a0f94d5ec3aa83db3d6 5f83aad1d87d4a0f94d5ec3aa83db3d6] 10.0.0.40 "GET /resource_providers/ad6b0d56-f7f2-43f9-bf6a-c7f056e9962e/aggregates" status: 404 len: 235 microversion: 1.1 [pid: 8|app: 0|req: 334/664] 10.0.0.40 () {32 vars in 814 bytes} [Fri Jun 26 05:48:25 2026] GET /resource_providers/ad6b0d56-f7f2-43f9-bf6a-c7f056e9962e/aggregates => generated 235 bytes in 9 msecs (HTTP/1.1 404) 5 headers in 202 bytes (1 switches on core 0)
2026-06-26 05:48:25.896 8 INFO placement.requestlog [None req-717f3c7a-36e2-4199-b8f2-f7c8d5af80c0 02bc8a6d6ece4dc88d08d55439098575 a81d40e6bf8546ce97e56c7f85448940 - - 5f83aad1d87d4a0f94d5ec3aa83db3d6 5f83aad1d87d4a0f94d5ec3aa83db3d6] 10.0.0.40 "DELETE /resource_providers/ad6b0d56-f7f2-43f9-bf6a-c7f056e9962e" status: 404 len: 246 microversion: 1.1 [pid: 8|app: 0|req: 335/665] 10.0.0.40 () {34 vars in 814 bytes} [Fri Jun 26 05:48:25 2026] DELETE /resource_providers/ad6b0d56-f7f2-43f9-bf6a-c7f056e9962e => generated 246 bytes in 9 msecs (HTTP/1.1 404) 6 headers in 231 bytes (1 switches on core 0)
2026-06-26 05:48:25.897 7 INFO placement.requestlog [None req-8e8c978e-5a87-410a-b170-c2cf7308bc05 02bc8a6d6ece4dc88d08d55439098575 a81d40e6bf8546ce97e56c7f85448940 - - 5f83aad1d87d4a0f94d5ec3aa83db3d6 5f83aad1d87d4a0f94d5ec3aa83db3d6] 10.0.0.40 "DELETE /resource_providers/ad6b0d56-f7f2-43f9-bf6a-c7f056e9962e" status: 404 len: 246 microversion: 1.1 [pid: 7|app: 0|req: 331/666] 10.0.0.40 () {34 vars in 814 bytes} [Fri Jun 26 05:48:25 2026] DELETE /resource_providers/ad6b0d56-f7f2-43f9-bf6a-c7f056e9962e => generated 246 bytes in 11 msecs (HTTP/1.1 404) 6 headers in 231 bytes (1 switches on core 0)
2026-06-26 05:48:26.246 8 INFO placement.requestlog [req-393c2997-e08b-420a-943c-5c8cc102070d req-91f49f03-85ad-4f4f-ac4d-7571f6a2b3fb 8521693657bd420fb87f53c6eaa74d32 a81d40e6bf8546ce97e56c7f85448940 - - 5f83aad1d87d4a0f94d5ec3aa83db3d6 5f83aad1d87d4a0f94d5ec3aa83db3d6] 199.204.45.77 "GET /resource_providers/c086ad16-e932-443e-a8c2-252b7f957cdb/allocations" status: 200 len: 238 microversion: 1.0 [pid: 8|app: 0|req: 336/667] 199.204.45.77 () {32 vars in 855 bytes} [Fri Jun 26 05:48:26 2026] GET /resource_providers/c086ad16-e932-443e-a8c2-252b7f957cdb/allocations => generated 238 bytes in 16 msecs (HTTP/1.1 200) 6 headers in 224 bytes (1 switches on core 0)
2026-06-26 05:48:26.268 7 INFO placement.requestlog [req-393c2997-e08b-420a-943c-5c8cc102070d req-857ae84b-1b69-4957-8836-6084bfc04755 8521693657bd420fb87f53c6eaa74d32 a81d40e6bf8546ce97e56c7f85448940 - - 5f83aad1d87d4a0f94d5ec3aa83db3d6 5f83aad1d87d4a0f94d5ec3aa83db3d6] 199.204.45.77 "GET /allocations/c5bfc7de-2c73-4076-8342-bc7f44605783" status: 200 len: 257 microversion: 1.28 [pid: 7|app: 0|req: 332/668] 199.204.45.77 () {34 vars in 861 bytes} [Fri Jun 26 05:48:26 2026] GET /allocations/c5bfc7de-2c73-4076-8342-bc7f44605783 => generated 257 bytes in 14 msecs (HTTP/1.1 200) 8 headers in 296 bytes (1 switches on core 0)
2026-06-26 05:48:26.284 8 INFO placement.requestlog [req-393c2997-e08b-420a-943c-5c8cc102070d req-b95d39ab-0f4f-4271-80e9-14be644ec9b4 8521693657bd420fb87f53c6eaa74d32 a81d40e6bf8546ce97e56c7f85448940 - - 5f83aad1d87d4a0f94d5ec3aa83db3d6 5f83aad1d87d4a0f94d5ec3aa83db3d6] 199.204.45.77 "GET /allocations/de52d098-41ff-4398-a746-cd40c71b3e38" status: 200 len: 243 microversion: 1.28 [pid: 8|app: 0|req: 337/669] 199.204.45.77 () {34 vars in 861 bytes} [Fri Jun 26 05:48:26 2026] GET /allocations/de52d098-41ff-4398-a746-cd40c71b3e38 => generated 243 bytes in 11 msecs (HTTP/1.1 200) 8 headers in 296 bytes (1 switches on core 0)
2026-06-26 05:48:33.227 7 INFO placement.requestlog [req-71dea803-7dc2-4f25-ad43-3edcb38e35d8 req-867d3bb7-fad6-4e00-8523-7175ae7f6166 8521693657bd420fb87f53c6eaa74d32 a81d40e6bf8546ce97e56c7f85448940 - - 5f83aad1d87d4a0f94d5ec3aa83db3d6 5f83aad1d87d4a0f94d5ec3aa83db3d6] 199.204.45.77 "GET /resource_providers/c086ad16-e932-443e-a8c2-252b7f957cdb/allocations" status: 200 len: 238 microversion: 1.0 [pid: 7|app: 0|req: 333/670] 199.204.45.77 () {32 vars in 855 bytes} [Fri Jun 26 05:48:33 2026] GET /resource_providers/c086ad16-e932-443e-a8c2-252b7f957cdb/allocations => generated 238 bytes in 17 msecs (HTTP/1.1 200) 6 headers in 224 bytes (1 switches on core 0)
2026-06-26 05:48:33.250 8 INFO placement.requestlog [req-71dea803-7dc2-4f25-ad43-3edcb38e35d8 req-2fb0cfb4-5d3f-4007-9bf5-441301f28214 8521693657bd420fb87f53c6eaa74d32 a81d40e6bf8546ce97e56c7f85448940 - - 5f83aad1d87d4a0f94d5ec3aa83db3d6 5f83aad1d87d4a0f94d5ec3aa83db3d6] 199.204.45.77 "GET /resource_providers/c086ad16-e932-443e-a8c2-252b7f957cdb/allocations" status: 200 len: 238 microversion: 1.0 [pid: 8|app: 0|req: 338/671] 199.204.45.77 () {32 vars in 855 bytes} [Fri Jun 26 05:48:33 2026] GET /resource_providers/c086ad16-e932-443e-a8c2-252b7f957cdb/allocations => generated 238 bytes in 14 msecs (HTTP/1.1 200) 6 headers in 224 bytes (1 switches on core 0)
2026-06-26 05:48:33.267 7 INFO placement.requestlog [req-71dea803-7dc2-4f25-ad43-3edcb38e35d8 req-95e68136-60db-495a-90a4-f61828b02a36 8521693657bd420fb87f53c6eaa74d32 a81d40e6bf8546ce97e56c7f85448940 - - 5f83aad1d87d4a0f94d5ec3aa83db3d6 5f83aad1d87d4a0f94d5ec3aa83db3d6] 199.204.45.77 "GET /allocations/c5bfc7de-2c73-4076-8342-bc7f44605783" status: 200 len: 257 microversion: 1.28 [pid: 7|app: 0|req: 334/672] 199.204.45.77 () {34 vars in 861 bytes} [Fri Jun 26 05:48:33 2026] GET /allocations/c5bfc7de-2c73-4076-8342-bc7f44605783 => generated 257 bytes in 12 msecs (HTTP/1.1 200) 8 headers in 296 bytes (1 switches on core 0)
2026-06-26 05:48:33.282 8 INFO placement.requestlog [req-71dea803-7dc2-4f25-ad43-3edcb38e35d8 req-4ceced04-9d3f-43a1-9ade-8a9edf62b429 8521693657bd420fb87f53c6eaa74d32 a81d40e6bf8546ce97e56c7f85448940 - - 5f83aad1d87d4a0f94d5ec3aa83db3d6 5f83aad1d87d4a0f94d5ec3aa83db3d6] 199.204.45.77 "GET /allocations/de52d098-41ff-4398-a746-cd40c71b3e38" status: 200 len: 243 microversion: 1.28 [pid: 8|app: 0|req: 339/673] 199.204.45.77 () {34 vars in 861 bytes} [Fri Jun 26 05:48:33 2026] GET /allocations/de52d098-41ff-4398-a746-cd40c71b3e38 => generated 243 bytes in 11 msecs (HTTP/1.1 200) 8 headers in 296 bytes (1 switches on core 0)
2026-06-26 05:48:33.863 8 INFO placement.requestlog [None req-79288277-742d-4c5b-bdfe-3cb0814e2ba2 - - - - - -] 10.0.0.72 "GET /" status: 200 len: 136 microversion: 1.0
2026-06-26 05:48:33.863 7 INFO placement.requestlog [None req-37398ac7-9bb5-46ff-965f-aab501a0fc39 - - - - - -] 10.0.0.72 "GET /" status: 200 len: 136 microversion: 1.0
2026-06-26 05:48:34.364 8 INFO placement.requestlog [req-56a48234-1fbd-418f-ba8b-100b3478c416 req-c84620db-a0b8-43b4-9f7a-1f3288de11a8 8521693657bd420fb87f53c6eaa74d32 a81d40e6bf8546ce97e56c7f85448940 - - 5f83aad1d87d4a0f94d5ec3aa83db3d6 5f83aad1d87d4a0f94d5ec3aa83db3d6] 199.204.45.77 "GET /resource_providers/c086ad16-e932-443e-a8c2-252b7f957cdb/allocations" status: 200 len: 238 microversion: 1.0 [pid: 8|app: 0|req: 341/676] 199.204.45.77 () {32 vars in 855 bytes} [Fri Jun 26 05:48:34 2026] GET /resource_providers/c086ad16-e932-443e-a8c2-252b7f957cdb/allocations => generated 238 bytes in 16 msecs (HTTP/1.1 200) 6 headers in 224 bytes (1 switches on core 0)
2026-06-26 05:48:34.382 7 INFO placement.requestlog [req-56a48234-1fbd-418f-ba8b-100b3478c416 req-0b7f82a1-ee65-43eb-a5d0-24bbd97137a4 8521693657bd420fb87f53c6eaa74d32 a81d40e6bf8546ce97e56c7f85448940 - - 5f83aad1d87d4a0f94d5ec3aa83db3d6 5f83aad1d87d4a0f94d5ec3aa83db3d6] 199.204.45.77 "GET /allocations/c5bfc7de-2c73-4076-8342-bc7f44605783" status: 200 len: 257 microversion: 1.28 [pid: 7|app: 0|req: 336/677] 199.204.45.77 () {34 vars in 861 bytes} [Fri Jun 26 05:48:34 2026] GET /allocations/c5bfc7de-2c73-4076-8342-bc7f44605783 => generated 257 bytes in 13 msecs (HTTP/1.1 200) 8 headers in 296 bytes (1 switches on core 0)
2026-06-26 05:48:34.400 8 INFO placement.requestlog [req-56a48234-1fbd-418f-ba8b-100b3478c416 req-0f333951-4a48-47cf-b124-df8bcd26c9b3 8521693657bd420fb87f53c6eaa74d32 a81d40e6bf8546ce97e56c7f85448940 - - 5f83aad1d87d4a0f94d5ec3aa83db3d6 5f83aad1d87d4a0f94d5ec3aa83db3d6] 199.204.45.77 "GET /allocations/de52d098-41ff-4398-a746-cd40c71b3e38" status: 200 len: 243 microversion: 1.28 [pid: 8|app: 0|req: 342/678] 199.204.45.77 () {34 vars in 861 bytes} [Fri Jun 26 05:48:34 2026] GET /allocations/de52d098-41ff-4398-a746-cd40c71b3e38 => generated 243 bytes in 10 msecs (HTTP/1.1 200) 8 headers in 296 bytes (1 switches on core 0)
