2026-06-26 05:49:45.868 8 INFO neutron.services.segments.plugin [-] Segment 6602af7a-1551-489b-b5cf-141c8f353827 resource provider not found; error: Placement Client Error (4xx): {"errors": [{"status": 404, "title": "Not Found", "detail": "The resource could not be found.\n\n No resource provider with uuid 6602af7a-1551-489b-b5cf-141c8f353827 found for delete ", "request_id": "req-6d41cc3c-11ea-4dea-9289-1d35c9fa136f"}]}
2026-06-26 05:49:45.887 8 INFO neutron.services.segments.plugin [-] Segment 6602af7a-1551-489b-b5cf-141c8f353827 resource provider not found; error: Placement Client Error (4xx): {"errors": [{"status": 404, "title": "Not Found", "detail": "The resource could not be found.\n\n No resource provider with uuid 6602af7a-1551-489b-b5cf-141c8f353827 found for delete ", "request_id": "req-a932dcf7-3835-4228-9abd-598ae8587ae8"}]}
2026-06-26 05:49:45.958 8 INFO neutron.db.ovn_revision_numbers_db [None req-b2d155c4-2eb7-49c1-86ec-7c0c7ddef184 3ad64eb6f3314269b479102f30636881 38607332fa1b490782c3be4d7ffc9da3 - - default default] Successfully bumped revision number for resource 246d6b3c-b9d5-4b65-8a97-67d59eda69fe (type: ports) to 1 [pid: 8|app: 0|req: 875/1492] 10.0.0.224 () {34 vars in 670 bytes} [Fri Jun 26 05:49:45 2026] POST /v2.0/networks => generated 672 bytes in 522 msecs (HTTP/1.1 201) 4 headers in 162 bytes (1 switches on core 0) [pid: 8|app: 0|req: 876/1493] 10.0.0.224 () {32 vars in 721 bytes} [Fri Jun 26 05:49:45 2026] GET /v2.0/subnets/c6a658e8-fe9f-492d-a661-5cb04760b980 => generated 673 bytes in 29 msecs (HTTP/1.1 200) 4 headers in 157 bytes (1 switches on core 0)
2026-06-26 05:49:46.245 8 WARNING neutron.scheduler.dhcp_agent_scheduler [None req-17170df3-e36f-4199-9d0f-54cf52d01dc9 3ad64eb6f3314269b479102f30636881 38607332fa1b490782c3be4d7ffc9da3 - - default default] No more DHCP agents
2026-06-26 05:49:46.247 8 WARNING neutron.api.rpc.agentnotifiers.dhcp_rpc_agent_api [None req-17170df3-e36f-4199-9d0f-54cf52d01dc9 3ad64eb6f3314269b479102f30636881 38607332fa1b490782c3be4d7ffc9da3 - - default default] Unable to schedule network 258598fb-349b-41da-9127-7a08b7f862b3: no agents available; will retry on subsequent port and subnet creation events.
2026-06-26 05:49:46.283 8 INFO neutron.db.ovn_revision_numbers_db [None req-17170df3-e36f-4199-9d0f-54cf52d01dc9 3ad64eb6f3314269b479102f30636881 38607332fa1b490782c3be4d7ffc9da3 - - default default] Successfully bumped revision number for resource 69648446-bf7e-4c05-8e9b-6746d1244c70 (type: subnets) to 0 [pid: 8|app: 0|req: 877/1494] 10.0.0.224 () {34 vars in 669 bytes} [Fri Jun 26 05:49:46 2026] POST /v2.0/subnets => generated 646 bytes in 291 msecs (HTTP/1.1 201) 4 headers in 162 bytes (1 switches on core 0) [pid: 8|app: 0|req: 878/1495] 10.0.0.224 () {32 vars in 717 bytes} [Fri Jun 26 05:49:46 2026] GET /v2.0/ports/5c61d089-17ca-4138-9a5c-940a7d3241af => generated 943 bytes in 29 msecs (HTTP/1.1 200) 4 headers in 157 bytes (1 switches on core 0)
2026-06-26 05:49:46.340 8 INFO neutron.pecan_wsgi.hooks.translation [None req-f413b37c-c401-45fb-8f50-00b24481ea2b 7d34ba14ea9d47b98584c953a2edc098 1383daec03ed44ceb061859e59a995dd - - default default] DELETE failed (client error): The resource could not be found. [pid: 8|app: 0|req: 879/1496] 10.0.0.224 () {32 vars in 724 bytes} [Fri Jun 26 05:49:46 2026] DELETE /v2.0/subnets/3231d3e0-0fe8-4412-b950-341bd5320ef9 => generated 136 bytes in 13 msecs (HTTP/1.1 404) 4 headers in 164 bytes (1 switches on core 0)
2026-06-26 05:49:46.392 7 INFO neutron.db.ovn_revision_numbers_db [None req-e70c65d1-4573-4410-8429-aebb8bf81dc8 a7d5305c834c4bf3a914cac8f9343d95 c9efc730bbac4d7892da0f4370b48e86 - - default default] Successfully bumped revision number for resource 6300269f-c0fa-4222-b9c7-e193207d2ffd (type: ports) to 1
2026-06-26 05:49:46.462 8 INFO neutron.db.ovn_revision_numbers_db [None req-07971acf-cd07-49dd-870a-173e8f38128c 3ad64eb6f3314269b479102f30636881 38607332fa1b490782c3be4d7ffc9da3 - - default default] Successfully bumped revision number for resource cd09dd56-13ca-4e27-a0f6-da1d35b660e9 (type: routers) to 1 [pid: 8|app: 0|req: 880/1497] 10.0.0.224 () {34 vars in 669 bytes} [Fri Jun 26 05:49:46 2026] POST /v2.0/routers => generated 607 bytes in 132 msecs (HTTP/1.1 201) 4 headers in 162 bytes (1 switches on core 0)
2026-06-26 05:49:46.676 7 INFO neutron.db.ovn_revision_numbers_db [None req-effce885-147c-40a6-8525-fd6156522c8a - - - - - -] Successfully bumped revision number for resource 054a3bb6-64e5-45eb-bb9d-521889f2c48a (type: ports) to 4
2026-06-26 05:49:46.782 8 INFO neutron_taas.services.taas.taas_plugin [None req-3949db7a-d21c-40bb-9762-ba0955f6be7e 7fad1c3a08d445208e28b3f389d0acfc 47a365f5701748db9e2665d4f0bc6d08 - - default default] TaaS: Handle Delete Port: 5c61d089-17ca-4138-9a5c-940a7d3241af
2026-06-26 05:49:46.785 8 INFO neutron_taas.services.taas.tap_mirror_plugin [None req-3949db7a-d21c-40bb-9762-ba0955f6be7e 7fad1c3a08d445208e28b3f389d0acfc 47a365f5701748db9e2665d4f0bc6d08 - - default default] Tap Mirror: Handle Delete Port: 5c61d089-17ca-4138-9a5c-940a7d3241af
2026-06-26 05:49:46.928 7 INFO neutron.db.ovn_revision_numbers_db [None req-768dfecb-a36f-440a-b3ef-1800e1314e98 - - - - - -] Successfully bumped revision number for resource 5c61d089-17ca-4138-9a5c-940a7d3241af (type: ports) to 2
2026-06-26 05:49:47.167 7 ERROR ovsdbapp.backend.ovs_idl.command [None req-2e4e32e0-ec6d-4d55-917d-a9d4db00840d - - - - - -] Error executing command (LspGetUpCommand): ovsdbapp.backend.ovs_idl.idlutils.RowNotFound: Cannot find Logical_Switch_Port with name=5c61d089-17ca-4138-9a5c-940a7d3241af
2026-06-26 05:49:47.167 7 ERROR ovsdbapp.backend.ovs_idl.command
Traceback (most recent call last):
2026-06-26 05:49:47.167 7 ERROR ovsdbapp.backend.ovs_idl.command
File "/var/lib/openstack/lib/python3.12/site-packages/ovsdbapp/backend/ovs_idl/command.py", line 47, in execute
2026-06-26 05:49:47.167 7 ERROR ovsdbapp.backend.ovs_idl.command self.run_idl(None)
2026-06-26 05:49:47.167 7 ERROR ovsdbapp.backend.ovs_idl.command
File "/var/lib/openstack/lib/python3.12/site-packages/ovsdbapp/schema/ovn_northbound/commands.py", line 681, in run_idl
2026-06-26 05:49:47.167 7 ERROR ovsdbapp.backend.ovs_idl.command lsp = self.api.lookup('Logical_Switch_Port', self.port)
2026-06-26 05:49:47.167 7 ERROR ovsdbapp.backend.ovs_idl.command ^^^^^^^^^^^^^^^^^^^^^^^^^^^^^^^^^^^^^^^^^^^^^^^^^
2026-06-26 05:49:47.167 7 ERROR ovsdbapp.backend.ovs_idl.command
File "/var/lib/openstack/lib/python3.12/site-packages/ovsdbapp/backend/ovs_idl/__init__.py", line 184, in lookup
2026-06-26 05:49:47.167 7 ERROR ovsdbapp.backend.ovs_idl.command return self._lookup(table, record)
2026-06-26 05:49:47.167 7 ERROR ovsdbapp.backend.ovs_idl.command ^^^^^^^^^^^^^^^^^^^^^^^^^^^
2026-06-26 05:49:47.167 7 ERROR ovsdbapp.backend.ovs_idl.command
File "/var/lib/openstack/lib/python3.12/site-packages/ovsdbapp/backend/ovs_idl/__init__.py", line 235, in _lookup
2026-06-26 05:49:47.167 7 ERROR ovsdbapp.backend.ovs_idl.command row = idlutils.row_by_value(self, rl.table, rl.column, record)
2026-06-26 05:49:47.167 7 ERROR ovsdbapp.backend.ovs_idl.command ^^^^^^^^^^^^^^^^^^^^^^^^^^^^^^^^^^^^^^^^^^^^^^^^^^^^^^^^
2026-06-26 05:49:47.167 7 ERROR ovsdbapp.backend.ovs_idl.command
File "/var/lib/openstack/lib/python3.12/site-packages/ovsdbapp/backend/ovs_idl/idlutils.py", line 114, in row_by_value
2026-06-26 05:49:47.167 7 ERROR ovsdbapp.backend.ovs_idl.command raise RowNotFound(table=table, col=column, match=match)
2026-06-26 05:49:47.167 7 ERROR ovsdbapp.backend.ovs_idl.command ovsdbapp.backend.ovs_idl.idlutils.RowNotFound: Cannot find Logical_Switch_Port with name=5c61d089-17ca-4138-9a5c-940a7d3241af
2026-06-26 05:49:47.167 7 ERROR ovsdbapp.backend.ovs_idl.command
2026-06-26 05:49:47.173 7 ERROR ovsdbapp.event [None req-2e4e32e0-ec6d-4d55-917d-a9d4db00840d - - - - - -] Unexpected exception in notify_loop: ovsdbapp.backend.ovs_idl.idlutils.RowNotFound: Cannot find Logical_Switch_Port with name=5c61d089-17ca-4138-9a5c-940a7d3241af
2026-06-26 05:49:47.173 7 ERROR ovsdbapp.event
Traceback (most recent call last):
2026-06-26 05:49:47.173 7 ERROR ovsdbapp.event
File "/var/lib/openstack/lib/python3.12/site-packages/ovsdbapp/event.py", line 177, in notify_loop
2026-06-26 05:49:47.173 7 ERROR ovsdbapp.event match.run(event, row, updates)
2026-06-26 05:49:47.173 7 ERROR ovsdbapp.event
File "/var/lib/openstack/lib/python3.12/site-packages/neutron/plugins/ml2/drivers/ovn/mech_driver/ovsdb/ovsdb_monitor.py", line 537, in run
2026-06-26 05:49:47.173 7 ERROR ovsdbapp.event self.driver.set_port_status_up(row.name)
2026-06-26 05:49:47.173 7 ERROR ovsdbapp.event
File "/var/lib/openstack/lib/python3.12/site-packages/neutron/plugins/ml2/drivers/ovn/mech_driver/mech_driver.py", line 1341, in set_port_status_up
2026-06-26 05:49:47.173 7 ERROR ovsdbapp.event self._ovn_client.update_lsp_host_info(admin_context, db_port)
2026-06-26 05:49:47.173 7 ERROR ovsdbapp.event
File "/var/lib/openstack/lib/python3.12/site-packages/neutron/plugins/ml2/drivers/ovn/mech_driver/ovsdb/ovn_client.py", line 312, in update_lsp_host_info
2026-06-26 05:49:47.173 7 ERROR ovsdbapp.event port_up = self._nb_idl.lsp_get_up(db_port.id).execute(
2026-06-26 05:49:47.173 7 ERROR ovsdbapp.event ^^^^^^^^^^^^^^^^^^^^^^^^^^^^^^^^^^^^^^^^^^^^
2026-06-26 05:49:47.173 7 ERROR ovsdbapp.event
File "/var/lib/openstack/lib/python3.12/site-packages/ovsdbapp/backend/ovs_idl/command.py", line 47, in execute
2026-06-26 05:49:47.173 7 ERROR ovsdbapp.event self.run_idl(None)
2026-06-26 05:49:47.173 7 ERROR ovsdbapp.event
File "/var/lib/openstack/lib/python3.12/site-packages/ovsdbapp/schema/ovn_northbound/commands.py", line 681, in run_idl
2026-06-26 05:49:47.173 7 ERROR ovsdbapp.event lsp = self.api.lookup('Logical_Switch_Port', self.port)
2026-06-26 05:49:47.173 7 ERROR ovsdbapp.event ^^^^^^^^^^^^^^^^^^^^^^^^^^^^^^^^^^^^^^^^^^^^^^^^^
2026-06-26 05:49:47.173 7 ERROR ovsdbapp.event
File "/var/lib/openstack/lib/python3.12/site-packages/ovsdbapp/backend/ovs_idl/__init__.py", line 184, in lookup
2026-06-26 05:49:47.173 7 ERROR ovsdbapp.event return self._lookup(table, record)
2026-06-26 05:49:47.173 7 ERROR ovsdbapp.event ^^^^^^^^^^^^^^^^^^^^^^^^^^^
2026-06-26 05:49:47.173 7 ERROR ovsdbapp.event
File "/var/lib/openstack/lib/python3.12/site-packages/ovsdbapp/backend/ovs_idl/__init__.py", line 235, in _lookup
2026-06-26 05:49:47.173 7 ERROR ovsdbapp.event row = idlutils.row_by_value(self, rl.table, rl.column, record)
2026-06-26 05:49:47.173 7 ERROR ovsdbapp.event ^^^^^^^^^^^^^^^^^^^^^^^^^^^^^^^^^^^^^^^^^^^^^^^^^^^^^^^^
2026-06-26 05:49:47.173 7 ERROR ovsdbapp.event
File "/var/lib/openstack/lib/python3.12/site-packages/ovsdbapp/backend/ovs_idl/idlutils.py", line 114, in row_by_value
2026-06-26 05:49:47.173 7 ERROR ovsdbapp.event raise RowNotFound(table=table, col=column, match=match)
2026-06-26 05:49:47.173 7 ERROR ovsdbapp.event ovsdbapp.backend.ovs_idl.idlutils.RowNotFound: Cannot find Logical_Switch_Port with name=5c61d089-17ca-4138-9a5c-940a7d3241af
2026-06-26 05:49:47.173 7 ERROR ovsdbapp.event [pid: 8|app: 0|req: 881/1498] 10.0.0.224 () {34 vars in 789 bytes} [Fri Jun 26 05:49:46 2026] PUT /v2.0/routers/1b9390c0-ff86-4414-808f-0d2ef5c2bd0f/remove_router_interface => generated 309 bytes in 739 msecs (HTTP/1.1 200) 4 headers in 157 bytes (1 switches on core 0) /var/lib/openstack/lib/python3.12/site-packages/pycadf/identifier.py:70: UserWarning: Invalid uuid: neutron. To ensure interoperability, identifiers should be a valid uuid. warnings.warn(('Invalid uuid: %s. To ensure interoperability, '
2026-06-26 05:49:47.222 7 INFO neutron.plugins.ml2.drivers.ovn.mech_driver.mech_driver [None req-2e4e32e0-ec6d-4d55-917d-a9d4db00840d - - - - - -] OVN reports status down for port: 6ac948c0-9c87-42a3-a3e4-e1e74cebee82
2026-06-26 05:49:47.226 8 INFO neutron.pecan_wsgi.hooks.translation [None req-abf7d674-20bd-4912-9c7f-d3363ee19f17 7d34ba14ea9d47b98584c953a2edc098 1383daec03ed44ceb061859e59a995dd - - default default] DELETE failed (client error): The resource could not be found. [pid: 8|app: 0|req: 882/1499] 10.0.0.224 () {32 vars in 726 bytes} [Fri Jun 26 05:49:47 2026] DELETE /v2.0/networks/342ac773-4f9f-4aa2-a17e-86a52f8ccb11 => generated 138 bytes in 12 msecs (HTTP/1.1 404) 4 headers in 164 bytes (1 switches on core 0)
2026-06-26 05:49:47.346 7 INFO neutron.plugins.ml2.drivers.ovn.mech_driver.mech_driver [None req-2e4e32e0-ec6d-4d55-917d-a9d4db00840d - - - - - -] OVN reports status down for port: 1e009fee-5539-4bf4-8be1-864311a68a5d
2026-06-26 05:49:47.477 8 WARNING neutron.scheduler.dhcp_agent_scheduler [None req-8e724395-d2e3-4e13-a2bf-f6e11b3367fb 3ad64eb6f3314269b479102f30636881 38607332fa1b490782c3be4d7ffc9da3 - - default default] No more DHCP agents
2026-06-26 05:49:47.478 8 WARNING neutron.api.rpc.agentnotifiers.dhcp_rpc_agent_api [None req-8e724395-d2e3-4e13-a2bf-f6e11b3367fb 3ad64eb6f3314269b479102f30636881 38607332fa1b490782c3be4d7ffc9da3 - - default default] Unable to schedule network 258598fb-349b-41da-9127-7a08b7f862b3: no agents available; will retry on subsequent port and subnet creation events.
2026-06-26 05:49:47.491 7 INFO neutron.plugins.ml2.drivers.ovn.mech_driver.mech_driver [None req-2e4e32e0-ec6d-4d55-917d-a9d4db00840d - - - - - -] OVN reports status down for port: 4c9d014c-34e7-4387-8f0e-9421b5091bfa
2026-06-26 05:49:47.627 8 INFO neutron.db.ovn_revision_numbers_db [None req-8e724395-d2e3-4e13-a2bf-f6e11b3367fb 3ad64eb6f3314269b479102f30636881 38607332fa1b490782c3be4d7ffc9da3 - - default default] Successfully bumped revision number for resource 442e7b87-a5db-40a5-b2eb-98d0e634e560 (type: ports) to 1 [pid: 8|app: 0|req: 883/1500] 10.0.0.224 () {34 vars in 665 bytes} [Fri Jun 26 05:49:47 2026] POST /v2.0/ports => generated 963 bytes in 422 msecs (HTTP/1.1 201) 4 headers in 162 bytes (1 switches on core 0) /var/lib/openstack/lib/python3.12/site-packages/pycadf/identifier.py:70: UserWarning: Invalid uuid: neutron. To ensure interoperability, identifiers should be a valid uuid. warnings.warn(('Invalid uuid: %s. To ensure interoperability, ' [pid: 8|app: 0|req: 884/1501] 10.0.0.224 () {32 vars in 717 bytes} [Fri Jun 26 05:49:47 2026] GET /v2.0/ports/5add4785-6353-426e-b261-6333bae3c7e4 => generated 943 bytes in 82 msecs (HTTP/1.1 200) 4 headers in 157 bytes (1 switches on core 0)
2026-06-26 05:49:47.865 7 INFO neutron.plugins.ml2.drivers.ovn.mech_driver.mech_driver [None req-2e4e32e0-ec6d-4d55-917d-a9d4db00840d - - - - - -] OVN reports status down for port: 72f739dd-d618-4507-884c-5f36d46f3f78 [pid: 8|app: 0|req: 885/1502] 10.0.0.224 () {32 vars in 724 bytes} [Fri Jun 26 05:49:47 2026] DELETE /v2.0/subnets/c6a658e8-fe9f-492d-a661-5cb04760b980 => generated 0 bytes in 154 msecs (HTTP/1.1 204) 3 headers in 131 bytes (1 switches on core 0)
2026-06-26 05:49:48.137 7 INFO neutron.plugins.ml2.drivers.ovn.mech_driver.mech_driver [None req-2e4e32e0-ec6d-4d55-917d-a9d4db00840d - - - - - -] OVN reports status down for port: 97a9f3ea-afeb-4e8d-9e29-51708d4ea508
2026-06-26 05:49:48.180 7 INFO neutron.plugins.ml2.drivers.ovn.mech_driver.mech_driver [None req-2e4e32e0-ec6d-4d55-917d-a9d4db00840d - - - - - -] OVN reports status down for port: 9fd55c6b-572e-41fd-8eea-a0375cab5d04
2026-06-26 05:49:48.208 7 INFO neutron.db.ovn_revision_numbers_db [None req-effce885-147c-40a6-8525-fd6156522c8a - - - - - -] Successfully bumped revision number for resource 054a3bb6-64e5-45eb-bb9d-521889f2c48a (type: ports) to 5
2026-06-26 05:49:48.345 7 INFO neutron.plugins.ml2.drivers.ovn.mech_driver.mech_driver [None req-2e4e32e0-ec6d-4d55-917d-a9d4db00840d - - - - - -] OVN reports status down for port: 054a3bb6-64e5-45eb-bb9d-521889f2c48a
2026-06-26 05:49:48.438 8 INFO neutron.db.ovn_revision_numbers_db [None req-bd9b60e3-0c27-4c0c-8f4e-cad6e4d32900 3ad64eb6f3314269b479102f30636881 38607332fa1b490782c3be4d7ffc9da3 - - default default] Successfully bumped revision number for resource 442e7b87-a5db-40a5-b2eb-98d0e634e560 (type: ports) to 2
2026-06-26 05:49:48.587 7 WARNING neutron.scheduler.dhcp_agent_scheduler [None req-e70c65d1-4573-4410-8429-aebb8bf81dc8 a7d5305c834c4bf3a914cac8f9343d95 c9efc730bbac4d7892da0f4370b48e86 - - default default] No more DHCP agents
2026-06-26 05:49:48.597 7 WARNING neutron.api.rpc.agentnotifiers.dhcp_rpc_agent_api [None req-e70c65d1-4573-4410-8429-aebb8bf81dc8 a7d5305c834c4bf3a914cac8f9343d95 c9efc730bbac4d7892da0f4370b48e86 - - default default] Unable to schedule network 3ad606c1-d485-405f-993a-663932fcda83: no agents available; will retry on subsequent port and subnet creation events.
2026-06-26 05:49:48.940 7 INFO neutron.db.ovn_revision_numbers_db [None req-2e4e32e0-ec6d-4d55-917d-a9d4db00840d - - - - - -] Successfully bumped revision number for resource 054a3bb6-64e5-45eb-bb9d-521889f2c48a (type: ports) to 6
2026-06-26 05:49:48.951 8 WARNING neutron.scheduler.dhcp_agent_scheduler [None req-bd9b60e3-0c27-4c0c-8f4e-cad6e4d32900 3ad64eb6f3314269b479102f30636881 38607332fa1b490782c3be4d7ffc9da3 - - default default] No more DHCP agents
2026-06-26 05:49:48.952 8 WARNING neutron.api.rpc.agentnotifiers.dhcp_rpc_agent_api [None req-bd9b60e3-0c27-4c0c-8f4e-cad6e4d32900 3ad64eb6f3314269b479102f30636881 38607332fa1b490782c3be4d7ffc9da3 - - default default] Unable to schedule network 258598fb-349b-41da-9127-7a08b7f862b3: no agents available; will retry on subsequent port and subnet creation events.
2026-06-26 05:49:49.164 8 INFO neutron.db.ovn_revision_numbers_db [None req-bd9b60e3-0c27-4c0c-8f4e-cad6e4d32900 3ad64eb6f3314269b479102f30636881 38607332fa1b490782c3be4d7ffc9da3 - - default default] Successfully bumped revision number for resource 442e7b87-a5db-40a5-b2eb-98d0e634e560 (type: router_ports) to 2 [pid: 8|app: 0|req: 886/1503] 10.0.0.224 () {34 vars in 783 bytes} [Fri Jun 26 05:49:47 2026] PUT /v2.0/routers/cd09dd56-13ca-4e27-a0f6-da1d35b660e9/add_router_interface => generated 309 bytes in 1281 msecs (HTTP/1.1 200) 4 headers in 157 bytes (1 switches on core 0) /var/lib/openstack/lib/python3.12/site-packages/pycadf/identifier.py:70: UserWarning: Invalid uuid: neutron. To ensure interoperability, identifiers should be a valid uuid. warnings.warn(('Invalid uuid: %s. To ensure interoperability, '
2026-06-26 05:49:49.203 7 WARNING neutron.plugins.ml2.drivers.ovn.mech_driver.ovsdb.ovn_client [None req-21543655-9de0-4940-b072-418ef79398c0 - - - - - -] Logical_Switch_Port 054a3bb6-64e5-45eb-bb9d-521889f2c48a host information not removed, the port state is up
2026-06-26 05:49:49.203 7 INFO neutron.plugins.ml2.drivers.ovn.mech_driver.mech_driver [None req-21543655-9de0-4940-b072-418ef79398c0 - - - - - -] OVN reports status up for port: 054a3bb6-64e5-45eb-bb9d-521889f2c48a
2026-06-26 05:49:49.227 7 INFO neutron.plugins.ml2.plugin [None req-21543655-9de0-4940-b072-418ef79398c0 - - - - - -] Attempt 1 to provision port 054a3bb6-64e5-45eb-bb9d-521889f2c48a
2026-06-26 05:49:49.489 8 INFO neutron_taas.services.taas.taas_plugin [None req-bcb7ca3f-86ef-492d-b656-8895bc723224 7fad1c3a08d445208e28b3f389d0acfc 47a365f5701748db9e2665d4f0bc6d08 - - default default] TaaS: Handle Delete Port: 5add4785-6353-426e-b261-6333bae3c7e4
2026-06-26 05:49:49.495 8 INFO neutron_taas.services.taas.tap_mirror_plugin [None req-bcb7ca3f-86ef-492d-b656-8895bc723224 7fad1c3a08d445208e28b3f389d0acfc 47a365f5701748db9e2665d4f0bc6d08 - - default default] Tap Mirror: Handle Delete Port: 5add4785-6353-426e-b261-6333bae3c7e4
2026-06-26 05:49:49.594 7 INFO neutron.db.ovn_revision_numbers_db [None req-e70c65d1-4573-4410-8429-aebb8bf81dc8 a7d5305c834c4bf3a914cac8f9343d95 c9efc730bbac4d7892da0f4370b48e86 - - default default] Successfully bumped revision number for resource 6300269f-c0fa-4222-b9c7-e193207d2ffd (type: router_ports) to 1 [pid: 7|app: 0|req: 618/1504] 10.0.0.224 () {34 vars in 783 bytes} [Fri Jun 26 05:49:44 2026] PUT /v2.0/routers/e2145a99-b5fe-4514-87ef-8a64624055b0/add_router_interface => generated 309 bytes in 4836 msecs (HTTP/1.1 200) 4 headers in 157 bytes (1 switches on core 0) /var/lib/openstack/lib/python3.12/site-packages/pycadf/identifier.py:70: UserWarning: Invalid uuid: neutron. To ensure interoperability, identifiers should be a valid uuid. warnings.warn(('Invalid uuid: %s. To ensure interoperability, ' [pid: 8|app: 0|req: 887/1505] 10.0.0.224 () {34 vars in 789 bytes} [Fri Jun 26 05:49:49 2026] PUT /v2.0/routers/1b9390c0-ff86-4414-808f-0d2ef5c2bd0f/remove_router_interface => generated 309 bytes in 662 msecs (HTTP/1.1 200) 4 headers in 157 bytes (1 switches on core 0) /var/lib/openstack/lib/python3.12/site-packages/pycadf/identifier.py:70: UserWarning: Invalid uuid: neutron. To ensure interoperability, identifiers should be a valid uuid. warnings.warn(('Invalid uuid: %s. To ensure interoperability, '
2026-06-26 05:49:49.862 7 INFO neutron_taas.services.taas.taas_plugin [None req-8f9282fe-2065-4cac-81d2-4ecdc45043e4 7d34ba14ea9d47b98584c953a2edc098 1383daec03ed44ceb061859e59a995dd - - default default] TaaS: Handle Delete Port: 72f739dd-d618-4507-884c-5f36d46f3f78
2026-06-26 05:49:49.868 7 INFO neutron_taas.services.taas.tap_mirror_plugin [None req-8f9282fe-2065-4cac-81d2-4ecdc45043e4 7d34ba14ea9d47b98584c953a2edc098 1383daec03ed44ceb061859e59a995dd - - default default] Tap Mirror: Handle Delete Port: 72f739dd-d618-4507-884c-5f36d46f3f78 [pid: 8|app: 0|req: 888/1506] 10.0.0.224 () {32 vars in 717 bytes} [Fri Jun 26 05:49:49 2026] GET /v2.0/ports/442e7b87-a5db-40a5-b2eb-98d0e634e560 => generated 1023 bytes in 58 msecs (HTTP/1.1 200) 4 headers in 158 bytes (1 switches on core 0) [pid: 8|app: 0|req: 891/1509] 10.0.0.224 () {32 vars in 736 bytes} [Fri Jun 26 05:49:49 2026] GET /v2.0/ports?device_id=1b9390c0-ff86-4414-808f-0d2ef5c2bd0f => generated 12 bytes in 13 msecs (HTTP/1.1 200) 4 headers in 156 bytes (1 switches on core 0)
2026-06-26 05:49:49.943 7 INFO neutron.db.ovn_revision_numbers_db [None req-21543655-9de0-4940-b072-418ef79398c0 - - - - - -] Successfully bumped revision number for resource 054a3bb6-64e5-45eb-bb9d-521889f2c48a (type: ports) to 7
2026-06-26 05:49:50.113 7 INFO neutron.plugins.ml2.drivers.ovn.mech_driver.mech_driver [None req-917bba09-cab6-4d01-bf03-7a8689b47be0 - - - - - -] OVN reports status down for port: 246d6b3c-b9d5-4b65-8a97-67d59eda69fe
2026-06-26 05:49:50.207 7 INFO neutron.services.segments.plugin [-] Segment e0096ed8-22ef-47a9-93c9-aa2b7284cfa4 resource provider aggregate not found
2026-06-26 05:49:50.212 7 INFO neutron.services.segments.plugin [-] Segment e0096ed8-22ef-47a9-93c9-aa2b7284cfa4 resource provider aggregate not found
2026-06-26 05:49:50.232 7 INFO neutron.services.segments.plugin [-] Segment e0096ed8-22ef-47a9-93c9-aa2b7284cfa4 resource provider not found; error: Placement Client Error (4xx): {"errors": [{"status": 404, "title": "Not Found", "detail": "The resource could not be found.\n\n No resource provider with uuid e0096ed8-22ef-47a9-93c9-aa2b7284cfa4 found for delete ", "request_id": "req-fd253774-3e8a-4a55-b14d-22d9014f3edd"}]}
2026-06-26 05:49:50.232 7 INFO neutron.services.segments.plugin [-] Segment e0096ed8-22ef-47a9-93c9-aa2b7284cfa4 resource provider not found; error: Placement Client Error (4xx): {"errors": [{"status": 404, "title": "Not Found", "detail": "The resource could not be found.\n\n No resource provider with uuid e0096ed8-22ef-47a9-93c9-aa2b7284cfa4 found for delete ", "request_id": "req-e4800d92-2a04-4b44-8819-63a88b2c7136"}]}
2026-06-26 05:49:50.272 7 INFO neutron.plugins.ml2.drivers.ovn.mech_driver.mech_driver [None req-917bba09-cab6-4d01-bf03-7a8689b47be0 - - - - - -] OVN reports status down for port: 6300269f-c0fa-4222-b9c7-e193207d2ffd
2026-06-26 05:49:50.280 8 INFO neutron_taas.services.taas.taas_plugin [None req-d449230e-bb1a-4959-8c3b-668a680255c1 3ad64eb6f3314269b479102f30636881 38607332fa1b490782c3be4d7ffc9da3 - - default default] TaaS: Handle Delete Port: 442e7b87-a5db-40a5-b2eb-98d0e634e560
2026-06-26 05:49:50.284 8 INFO neutron_taas.services.taas.tap_mirror_plugin [None req-d449230e-bb1a-4959-8c3b-668a680255c1 3ad64eb6f3314269b479102f30636881 38607332fa1b490782c3be4d7ffc9da3 - - default default] Tap Mirror: Handle Delete Port: 442e7b87-a5db-40a5-b2eb-98d0e634e560 [pid: 7|app: 0|req: 619/1510] 10.0.0.224 () {32 vars in 726 bytes} [Fri Jun 26 05:49:49 2026] DELETE /v2.0/networks/dc585dcd-cb53-471f-8329-a24729c5154c => generated 0 bytes in 707 msecs (HTTP/1.1 204) 3 headers in 131 bytes (1 switches on core 0)
2026-06-26 05:49:50.390 7 WARNING neutron.plugins.ml2.drivers.ovn.mech_driver.ovsdb.ovn_client [None req-917bba09-cab6-4d01-bf03-7a8689b47be0 - - - - - -] Logical_Switch_Port 6300269f-c0fa-4222-b9c7-e193207d2ffd host information not removed, the port state is up
2026-06-26 05:49:50.433 7 INFO neutron.plugins.ml2.drivers.ovn.mech_driver.mech_driver [None req-917bba09-cab6-4d01-bf03-7a8689b47be0 - - - - - -] OVN reports status down for port: 442e7b87-a5db-40a5-b2eb-98d0e634e560
2026-06-26 05:49:50.528 7 INFO neutron.plugins.ml2.drivers.ovn.mech_driver.mech_driver [None req-917bba09-cab6-4d01-bf03-7a8689b47be0 - - - - - -] OVN reports status up for port: 6300269f-c0fa-4222-b9c7-e193207d2ffd
2026-06-26 05:49:50.558 7 INFO neutron.plugins.ml2.plugin [None req-917bba09-cab6-4d01-bf03-7a8689b47be0 - - - - - -] Attempt 1 to provision port 6300269f-c0fa-4222-b9c7-e193207d2ffd [pid: 8|app: 0|req: 892/1511] 10.0.0.224 () {34 vars in 789 bytes} [Fri Jun 26 05:49:49 2026] PUT /v2.0/routers/cd09dd56-13ca-4e27-a0f6-da1d35b660e9/remove_router_interface => generated 309 bytes in 700 msecs (HTTP/1.1 200) 4 headers in 157 bytes (1 switches on core 0) /var/lib/openstack/lib/python3.12/site-packages/pycadf/identifier.py:70: UserWarning: Invalid uuid: neutron. To ensure interoperability, identifiers should be a valid uuid. warnings.warn(('Invalid uuid: %s. To ensure interoperability, ' [pid: 7|app: 0|req: 620/1512] 10.0.0.224 () {32 vars in 724 bytes} [Fri Jun 26 05:49:50 2026] DELETE /v2.0/routers/1b9390c0-ff86-4414-808f-0d2ef5c2bd0f => generated 0 bytes in 376 msecs (HTTP/1.1 204) 2 headers in 112 bytes (1 switches on core 0)
2026-06-26 05:49:50.765 8 INFO neutron.db.ovn_revision_numbers_db [None req-f3020066-245d-4c65-9083-962fd77e6abd cf9621bda1644ca3b628a809505b77a2 6571f2c93404444096c8d0dd566ab4e8 - - default default] Successfully bumped revision number for resource 50605cd2-c27e-418d-a82f-5915f4ae72bd (type: security_groups) to 1
2026-06-26 05:49:50.775 8 INFO neutron.db.ovn_revision_numbers_db [None req-f3020066-245d-4c65-9083-962fd77e6abd cf9621bda1644ca3b628a809505b77a2 6571f2c93404444096c8d0dd566ab4e8 - - default default] Successfully bumped revision number for resource 4c535465-3016-43f3-b837-d79563a972d2 (type: security_group_rules) to 0
2026-06-26 05:49:50.785 8 INFO neutron.db.ovn_revision_numbers_db [None req-f3020066-245d-4c65-9083-962fd77e6abd cf9621bda1644ca3b628a809505b77a2 6571f2c93404444096c8d0dd566ab4e8 - - default default] Successfully bumped revision number for resource 9a0a031f-ff3f-47b0-87ba-66ce94157e7c (type: security_group_rules) to 0 [pid: 8|app: 0|req: 893/1513] 10.0.0.224 () {34 vars in 685 bytes} [Fri Jun 26 05:49:50 2026] POST /v2.0/security-groups => generated 1659 bytes in 205 msecs (HTTP/1.1 201) 4 headers in 163 bytes (1 switches on core 0)
2026-06-26 05:49:50.862 7 INFO neutron.api.v2.resource [None req-c15168f9-b279-4935-8d65-5b39ef482350 3ad64eb6f3314269b479102f30636881 38607332fa1b490782c3be4d7ffc9da3 - - default default] remove_router_interface failed (client error): The resource could not be found. [pid: 7|app: 0|req: 621/1514] 10.0.0.224 () {34 vars in 789 bytes} [Fri Jun 26 05:49:50 2026] PUT /v2.0/routers/cd09dd56-13ca-4e27-a0f6-da1d35b660e9/remove_router_interface => generated 197 bytes in 176 msecs (HTTP/1.1 404) 4 headers in 164 bytes (1 switches on core 0) [pid: 8|app: 0|req: 894/1515] 10.0.0.224 () {32 vars in 724 bytes} [Fri Jun 26 05:49:50 2026] DELETE /v2.0/subnets/ffed83a1-321d-46dd-8998-a347297711ad => generated 0 bytes in 146 msecs (HTTP/1.1 204) 3 headers in 131 bytes (1 switches on core 0) [pid: 7|app: 0|req: 622/1516] 10.0.0.224 () {32 vars in 774 bytes} [Fri Jun 26 05:49:50 2026] GET /v2.0/security-groups?tenant_id=1383daec03ed44ceb061859e59a995dd&name=default => generated 2925 bytes in 143 msecs (HTTP/1.1 200) 4 headers in 158 bytes (1 switches on core 0) [pid: 7|app: 0|req: 623/1517] 10.0.0.224 () {32 vars in 736 bytes} [Fri Jun 26 05:49:51 2026] GET /v2.0/ports?device_id=cd09dd56-13ca-4e27-a0f6-da1d35b660e9 => generated 12 bytes in 47 msecs (HTTP/1.1 200) 4 headers in 156 bytes (1 switches on core 0)
2026-06-26 05:49:51.137 8 INFO neutron.db.ovn_revision_numbers_db [None req-3389efec-c8a2-48fc-96eb-52848cc7cb11 cf9621bda1644ca3b628a809505b77a2 6571f2c93404444096c8d0dd566ab4e8 - - default default] Successfully bumped revision number for resource 92e40429-85d2-4fc2-8601-133e508293b0 (type: security_group_rules) to 0 [pid: 8|app: 0|req: 895/1518] 10.0.0.224 () {34 vars in 695 bytes} [Fri Jun 26 05:49:50 2026] POST /v2.0/security-group-rules => generated 597 bytes in 210 msecs (HTTP/1.1 201) 4 headers in 162 bytes (1 switches on core 0)
2026-06-26 05:49:51.244 7 INFO neutron.db.ovn_revision_numbers_db [None req-917bba09-cab6-4d01-bf03-7a8689b47be0 - - - - - -] Successfully bumped revision number for resource 6300269f-c0fa-4222-b9c7-e193207d2ffd (type: ports) to 2 [pid: 7|app: 0|req: 624/1519] 10.0.0.224 () {32 vars in 724 bytes} [Fri Jun 26 05:49:51 2026] DELETE /v2.0/subnets/e8374df6-7c45-4acd-99ff-a32df7fddaa6 => generated 0 bytes in 351 msecs (HTTP/1.1 204) 3 headers in 131 bytes (1 switches on core 0) [pid: 8|app: 0|req: 896/1520] 10.0.0.224 () {32 vars in 740 bytes} [Fri Jun 26 05:49:51 2026] DELETE /v2.0/security-groups/c809f156-0377-4237-a337-56638248c581 => generated 0 bytes in 282 msecs (HTTP/1.1 204) 2 headers in 112 bytes (1 switches on core 0)
2026-06-26 05:49:51.582 8 INFO neutron.db.ovn_revision_numbers_db [None req-1a06a536-c888-4ff4-a9ba-166944e3a951 cf9621bda1644ca3b628a809505b77a2 6571f2c93404444096c8d0dd566ab4e8 - - default default] Successfully bumped revision number for resource 99cf93b8-de67-4ebc-a2d3-41b435749f40 (type: security_group_rules) to 0 [pid: 8|app: 0|req: 897/1521] 10.0.0.224 () {34 vars in 695 bytes} [Fri Jun 26 05:49:51 2026] POST /v2.0/security-group-rules => generated 602 bytes in 155 msecs (HTTP/1.1 201) 4 headers in 162 bytes (1 switches on core 0) [pid: 7|app: 0|req: 625/1522] 10.0.0.224 () {32 vars in 724 bytes} [Fri Jun 26 05:49:51 2026] DELETE /v2.0/routers/cd09dd56-13ca-4e27-a0f6-da1d35b660e9 => generated 0 bytes in 240 msecs (HTTP/1.1 204) 2 headers in 112 bytes (1 switches on core 0)
2026-06-26 05:49:51.735 8 INFO neutron_taas.services.taas.taas_plugin [None req-a93cfba2-0225-4420-9e05-33c185c3767d 7fad1c3a08d445208e28b3f389d0acfc 47a365f5701748db9e2665d4f0bc6d08 - - default default] TaaS: Handle Delete Port: e1f641f5-2914-4606-afc4-5c6eb465f0b8
2026-06-26 05:49:51.739 8 INFO neutron_taas.services.taas.tap_mirror_plugin [None req-a93cfba2-0225-4420-9e05-33c185c3767d 7fad1c3a08d445208e28b3f389d0acfc 47a365f5701748db9e2665d4f0bc6d08 - - default default] Tap Mirror: Handle Delete Port: e1f641f5-2914-4606-afc4-5c6eb465f0b8
2026-06-26 05:49:51.881 7 WARNING neutron.scheduler.dhcp_agent_scheduler [None req-eea9cbea-0b1d-497c-b3ad-798637d630a9 cf9621bda1644ca3b628a809505b77a2 6571f2c93404444096c8d0dd566ab4e8 - - default default] No more DHCP agents
2026-06-26 05:49:51.883 7 WARNING neutron.api.rpc.agentnotifiers.dhcp_rpc_agent_api [None req-eea9cbea-0b1d-497c-b3ad-798637d630a9 cf9621bda1644ca3b628a809505b77a2 6571f2c93404444096c8d0dd566ab4e8 - - default default] Unable to schedule network 5cd3cc53-9256-431f-97b4-06e652429365: no agents available; will retry on subsequent port and subnet creation events.
2026-06-26 05:49:51.958 8 INFO neutron.services.segments.plugin [-] Segment 87edc3dd-54f1-424b-8a96-b638563ae193 resource provider aggregate not found
2026-06-26 05:49:51.963 8 INFO neutron.services.segments.plugin [-] Segment 87edc3dd-54f1-424b-8a96-b638563ae193 resource provider aggregate not found
2026-06-26 05:49:51.982 8 INFO neutron.services.segments.plugin [-] Segment 87edc3dd-54f1-424b-8a96-b638563ae193 resource provider not found; error: Placement Client Error (4xx): {"errors": [{"status": 404, "title": "Not Found", "detail": "The resource could not be found.\n\n No resource provider with uuid 87edc3dd-54f1-424b-8a96-b638563ae193 found for delete ", "request_id": "req-7ab5e686-0454-49b4-a565-7987131d64bd"}]}
2026-06-26 05:49:51.984 8 INFO neutron.services.segments.plugin [-] Segment 87edc3dd-54f1-424b-8a96-b638563ae193 resource provider not found; error: Placement Client Error (4xx): {"errors": [{"status": 404, "title": "Not Found", "detail": "The resource could not be found.\n\n No resource provider with uuid 87edc3dd-54f1-424b-8a96-b638563ae193 found for delete ", "request_id": "req-a9021af9-c3ce-460c-b489-a8ec4f69ae3f"}]} [pid: 8|app: 0|req: 898/1523] 10.0.0.224 () {32 vars in 726 bytes} [Fri Jun 26 05:49:51 2026] DELETE /v2.0/networks/7832b30c-8456-406e-bc57-d9265611b6ee => generated 0 bytes in 404 msecs (HTTP/1.1 204) 3 headers in 131 bytes (1 switches on core 0) [pid: 8|app: 0|req: 899/1524] 10.0.0.224 () {32 vars in 724 bytes} [Fri Jun 26 05:49:52 2026] DELETE /v2.0/subnets/69648446-bf7e-4c05-8e9b-6746d1244c70 => generated 0 bytes in 167 msecs (HTTP/1.1 204) 3 headers in 131 bytes (1 switches on core 0) [pid: 7|app: 0|req: 626/1525] 10.0.0.224 () {34 vars in 676 bytes} [Fri Jun 26 05:49:51 2026] POST /v2.0/floatingips => generated 552 bytes in 581 msecs (HTTP/1.1 201) 4 headers in 162 bytes (1 switches on core 0)
2026-06-26 05:49:52.285 8 INFO neutron_taas.services.taas.taas_plugin [None req-74852e41-c0ba-488b-b334-ec1f9cdd2478 7fad1c3a08d445208e28b3f389d0acfc 47a365f5701748db9e2665d4f0bc6d08 - - default default] TaaS: Handle Delete Port: 981bc7a0-13a5-4399-a4da-b66d49b22a6a
2026-06-26 05:49:52.287 8 INFO neutron_taas.services.taas.tap_mirror_plugin [None req-74852e41-c0ba-488b-b334-ec1f9cdd2478 7fad1c3a08d445208e28b3f389d0acfc 47a365f5701748db9e2665d4f0bc6d08 - - default default] Tap Mirror: Handle Delete Port: 981bc7a0-13a5-4399-a4da-b66d49b22a6a
2026-06-26 05:49:52.352 7 INFO neutron_taas.services.taas.taas_plugin [None req-fbd1ee4b-31f0-4732-ae0f-dfb1510a2647 3ad64eb6f3314269b479102f30636881 38607332fa1b490782c3be4d7ffc9da3 - - default default] TaaS: Handle Delete Port: 246d6b3c-b9d5-4b65-8a97-67d59eda69fe
2026-06-26 05:49:52.356 7 INFO neutron_taas.services.taas.tap_mirror_plugin [None req-fbd1ee4b-31f0-4732-ae0f-dfb1510a2647 3ad64eb6f3314269b479102f30636881 38607332fa1b490782c3be4d7ffc9da3 - - default default] Tap Mirror: Handle Delete Port: 246d6b3c-b9d5-4b65-8a97-67d59eda69fe [pid: 8|app: 0|req: 900/1526] 10.0.0.224 () {32 vars in 726 bytes} [Fri Jun 26 05:49:52 2026] DELETE /v2.0/networks/3924c08b-3a8f-4ed2-82f3-c28b9eda882b => generated 0 bytes in 352 msecs (HTTP/1.1 204) 3 headers in 131 bytes (1 switches on core 0)
2026-06-26 05:49:52.603 7 INFO neutron.services.segments.plugin [-] Segment 89aae4cf-0c46-4ba9-9493-b06faa6d6013 resource provider aggregate not found
2026-06-26 05:49:52.608 7 INFO neutron.services.segments.plugin [-] Segment 89aae4cf-0c46-4ba9-9493-b06faa6d6013 resource provider aggregate not found
2026-06-26 05:49:52.625 7 INFO neutron.services.segments.plugin [-] Segment 89aae4cf-0c46-4ba9-9493-b06faa6d6013 resource provider not found; error: Placement Client Error (4xx): {"errors": [{"status": 404, "title": "Not Found", "detail": "The resource could not be found.\n\n No resource provider with uuid 89aae4cf-0c46-4ba9-9493-b06faa6d6013 found for delete ", "request_id": "req-954b3126-c6db-4b28-b575-bd8f69c1a9f6"}]}
2026-06-26 05:49:52.626 7 INFO neutron.services.segments.plugin [-] Segment 89aae4cf-0c46-4ba9-9493-b06faa6d6013 resource provider not found; error: Placement Client Error (4xx): {"errors": [{"status": 404, "title": "Not Found", "detail": "The resource could not be found.\n\n No resource provider with uuid 89aae4cf-0c46-4ba9-9493-b06faa6d6013 found for delete ", "request_id": "req-9b7cb0e8-d05c-4a15-b35d-1ecb698523ce"}]} [pid: 7|app: 0|req: 627/1527] 10.0.0.224 () {32 vars in 726 bytes} [Fri Jun 26 05:49:52 2026] DELETE /v2.0/networks/258598fb-349b-41da-9127-7a08b7f862b3 => generated 0 bytes in 440 msecs (HTTP/1.1 204) 3 headers in 131 bytes (1 switches on core 0)
2026-06-26 05:49:52.678 8 INFO neutron.db.segments_db [None req-dcd8d640-d887-41af-b420-9a266ec58031 7fad1c3a08d445208e28b3f389d0acfc 47a365f5701748db9e2665d4f0bc6d08 - - default default] Added segment f851c021-c57d-405c-9f1c-8c5cb8dc045b of type geneve for network b40fc523-9a65-4c76-b4fd-2b3b06eea1d9 [pid: 7|app: 0|req: 628/1528] 10.0.0.84 () {34 vars in 1099 bytes} [Fri Jun 26 05:49:52 2026] GET /v2.0/security-groups?name=tempest-securitygroup--2081107308&fields=id&tenant_id=6571f2c93404444096c8d0dd566ab4e8 => generated 69 bytes in 27 msecs (HTTP/1.1 200) 4 headers in 156 bytes (1 switches on core 0)
2026-06-26 05:49:52.782 7 INFO neutron.db.segments_db [None req-5778a6fb-0558-4a8a-aa61-26d0e638d392 3ad64eb6f3314269b479102f30636881 38607332fa1b490782c3be4d7ffc9da3 - - default default] Added segment 5f1690c2-31cf-4807-8e6f-53fcd0e817fa of type geneve for network aba2c287-0b92-4676-a2d1-e6bdd2ab9622
2026-06-26 05:49:52.793 8 INFO neutron.db.ovn_revision_numbers_db [None req-dcd8d640-d887-41af-b420-9a266ec58031 7fad1c3a08d445208e28b3f389d0acfc 47a365f5701748db9e2665d4f0bc6d08 - - default default] Successfully bumped revision number for resource b40fc523-9a65-4c76-b4fd-2b3b06eea1d9 (type: networks) to 1
2026-06-26 05:49:52.905 7 INFO neutron.db.ovn_revision_numbers_db [None req-5778a6fb-0558-4a8a-aa61-26d0e638d392 3ad64eb6f3314269b479102f30636881 38607332fa1b490782c3be4d7ffc9da3 - - default default] Successfully bumped revision number for resource aba2c287-0b92-4676-a2d1-e6bdd2ab9622 (type: networks) to 1
2026-06-26 05:49:52.964 8 WARNING neutron.scheduler.dhcp_agent_scheduler [None req-dcd8d640-d887-41af-b420-9a266ec58031 7fad1c3a08d445208e28b3f389d0acfc 47a365f5701748db9e2665d4f0bc6d08 - - default default] No more DHCP agents
2026-06-26 05:49:52.966 8 WARNING neutron.api.rpc.agentnotifiers.dhcp_rpc_agent_api [None req-dcd8d640-d887-41af-b420-9a266ec58031 7fad1c3a08d445208e28b3f389d0acfc 47a365f5701748db9e2665d4f0bc6d08 - - default default] Unable to schedule network b40fc523-9a65-4c76-b4fd-2b3b06eea1d9: no agents available; will retry on subsequent port and subnet creation events.
2026-06-26 05:49:53.085 8 INFO neutron.db.ovn_revision_numbers_db [None req-dcd8d640-d887-41af-b420-9a266ec58031 7fad1c3a08d445208e28b3f389d0acfc 47a365f5701748db9e2665d4f0bc6d08 - - default default] Successfully bumped revision number for resource 29779cdc-34d2-4fca-a3f0-d4adecc827e9 (type: ports) to 1 [pid: 8|app: 0|req: 901/1529] 10.0.0.224 () {34 vars in 670 bytes} [Fri Jun 26 05:49:52 2026] POST /v2.0/networks => generated 668 bytes in 572 msecs (HTTP/1.1 201) 4 headers in 162 bytes (1 switches on core 0)
2026-06-26 05:49:53.133 7 WARNING neutron.scheduler.dhcp_agent_scheduler [None req-5778a6fb-0558-4a8a-aa61-26d0e638d392 3ad64eb6f3314269b479102f30636881 38607332fa1b490782c3be4d7ffc9da3 - - default default] No more DHCP agents
2026-06-26 05:49:53.134 7 WARNING neutron.api.rpc.agentnotifiers.dhcp_rpc_agent_api [None req-5778a6fb-0558-4a8a-aa61-26d0e638d392 3ad64eb6f3314269b479102f30636881 38607332fa1b490782c3be4d7ffc9da3 - - default default] Unable to schedule network aba2c287-0b92-4676-a2d1-e6bdd2ab9622: no agents available; will retry on subsequent port and subnet creation events. [pid: 8|app: 0|req: 902/1530] 10.0.0.84 () {34 vars in 981 bytes} [Fri Jun 26 05:49:53 2026] GET /v2.0/networks?id=3ad606c1-d485-405f-993a-663932fcda83 => generated 713 bytes in 46 msecs (HTTP/1.1 200) 4 headers in 157 bytes (1 switches on core 0)
2026-06-26 05:49:53.258 7 INFO neutron.db.ovn_revision_numbers_db [None req-5778a6fb-0558-4a8a-aa61-26d0e638d392 3ad64eb6f3314269b479102f30636881 38607332fa1b490782c3be4d7ffc9da3 - - default default] Successfully bumped revision number for resource f754d56d-a4ce-44e3-bafb-64c6638c2e1e (type: ports) to 1 [pid: 7|app: 0|req: 629/1531] 10.0.0.224 () {34 vars in 670 bytes} [Fri Jun 26 05:49:52 2026] POST /v2.0/networks => generated 672 bytes in 578 msecs (HTTP/1.1 201) 4 headers in 162 bytes (1 switches on core 0)
2026-06-26 05:49:53.487 8 INFO neutron.db.ovn_revision_numbers_db [None req-4b518c9e-39da-4b90-8117-db0a3524a9a0 f429499413d1497cb424e7b3975d2f8d 987a4630f0014c148b7369e681b1a0e4 - - default default] Successfully bumped revision number for resource 2ee491ed-81c4-4bec-a3f3-25a1a36919f0 (type: security_groups) to 1
2026-06-26 05:49:53.498 8 INFO neutron.db.ovn_revision_numbers_db [None req-4b518c9e-39da-4b90-8117-db0a3524a9a0 f429499413d1497cb424e7b3975d2f8d 987a4630f0014c148b7369e681b1a0e4 - - default default] Successfully bumped revision number for resource 0ae7cbbc-f527-4b97-9962-fbedc8fdcf64 (type: security_group_rules) to 0
2026-06-26 05:49:53.509 8 INFO neutron.db.ovn_revision_numbers_db [None req-4b518c9e-39da-4b90-8117-db0a3524a9a0 f429499413d1497cb424e7b3975d2f8d 987a4630f0014c148b7369e681b1a0e4 - - default default] Successfully bumped revision number for resource 0bc62d6a-0976-48d9-9e01-c14daa76683e (type: security_group_rules) to 0
2026-06-26 05:49:53.519 8 INFO neutron.db.ovn_revision_numbers_db [None req-4b518c9e-39da-4b90-8117-db0a3524a9a0 f429499413d1497cb424e7b3975d2f8d 987a4630f0014c148b7369e681b1a0e4 - - default default] Successfully bumped revision number for resource 22deafe1-9e7b-4346-889d-dca41d0a41a0 (type: security_group_rules) to 0
2026-06-26 05:49:53.530 8 INFO neutron.db.ovn_revision_numbers_db [None req-4b518c9e-39da-4b90-8117-db0a3524a9a0 f429499413d1497cb424e7b3975d2f8d 987a4630f0014c148b7369e681b1a0e4 - - default default] Successfully bumped revision number for resource 5cb2c879-cc67-48ad-b2e8-1d57d9dcc341 (type: security_group_rules) to 0
2026-06-26 05:49:53.535 7 WARNING neutron.scheduler.dhcp_agent_scheduler [None req-9da56f8f-f144-41e9-aa72-939949592084 7fad1c3a08d445208e28b3f389d0acfc 47a365f5701748db9e2665d4f0bc6d08 - - default default] No more DHCP agents
2026-06-26 05:49:53.536 7 WARNING neutron.api.rpc.agentnotifiers.dhcp_rpc_agent_api [None req-9da56f8f-f144-41e9-aa72-939949592084 7fad1c3a08d445208e28b3f389d0acfc 47a365f5701748db9e2665d4f0bc6d08 - - default default] Unable to schedule network b40fc523-9a65-4c76-b4fd-2b3b06eea1d9: no agents available; will retry on subsequent port and subnet creation events.
2026-06-26 05:49:53.598 8 INFO neutron.db.segments_db [None req-4b518c9e-39da-4b90-8117-db0a3524a9a0 f429499413d1497cb424e7b3975d2f8d 987a4630f0014c148b7369e681b1a0e4 - - default default] Added segment 63075b2d-981b-46c5-b452-36b025fae21d of type geneve for network 6cd6de49-48f3-4ae5-9fc8-334a73e518b9
2026-06-26 05:49:53.720 8 INFO neutron.db.ovn_revision_numbers_db [None req-4b518c9e-39da-4b90-8117-db0a3524a9a0 f429499413d1497cb424e7b3975d2f8d 987a4630f0014c148b7369e681b1a0e4 - - default default] Successfully bumped revision number for resource 6cd6de49-48f3-4ae5-9fc8-334a73e518b9 (type: networks) to 1
2026-06-26 05:49:53.875 8 WARNING neutron.scheduler.dhcp_agent_scheduler [None req-4b518c9e-39da-4b90-8117-db0a3524a9a0 f429499413d1497cb424e7b3975d2f8d 987a4630f0014c148b7369e681b1a0e4 - - default default] No more DHCP agents
2026-06-26 05:49:53.876 8 WARNING neutron.api.rpc.agentnotifiers.dhcp_rpc_agent_api [None req-4b518c9e-39da-4b90-8117-db0a3524a9a0 f429499413d1497cb424e7b3975d2f8d 987a4630f0014c148b7369e681b1a0e4 - - default default] Unable to schedule network 6cd6de49-48f3-4ae5-9fc8-334a73e518b9: no agents available; will retry on subsequent port and subnet creation events.
2026-06-26 05:49:54.010 8 INFO neutron.services.segments.plugin [-] Segment af9b89d9-c081-41ef-9306-760e6b04c357 resource provider aggregate not found
2026-06-26 05:49:54.016 8 INFO neutron.services.segments.plugin [-] Segment af9b89d9-c081-41ef-9306-760e6b04c357 resource provider aggregate not found
2026-06-26 05:49:54.032 8 INFO neutron.db.ovn_revision_numbers_db [None req-4b518c9e-39da-4b90-8117-db0a3524a9a0 f429499413d1497cb424e7b3975d2f8d 987a4630f0014c148b7369e681b1a0e4 - - default default] Successfully bumped revision number for resource 37f1dabe-8e3d-415b-880a-e86259986103 (type: ports) to 1
2026-06-26 05:49:54.045 8 INFO neutron.services.segments.plugin [-] Segment af9b89d9-c081-41ef-9306-760e6b04c357 resource provider not found; error: Placement Client Error (4xx): {"errors": [{"status": 404, "title": "Not Found", "detail": "The resource could not be found.\n\n No resource provider with uuid af9b89d9-c081-41ef-9306-760e6b04c357 found for delete ", "request_id": "req-f869e349-db45-4b2c-88fd-02ba245e05be"}]}
2026-06-26 05:49:54.052 8 INFO neutron.services.segments.plugin [-] Segment af9b89d9-c081-41ef-9306-760e6b04c357 resource provider not found; error: Placement Client Error (4xx): {"errors": [{"status": 404, "title": "Not Found", "detail": "The resource could not be found.\n\n No resource provider with uuid af9b89d9-c081-41ef-9306-760e6b04c357 found for delete ", "request_id": "req-346a330d-d8f6-49f7-a31b-12f5cb191690"}]}
2026-06-26 05:49:54.072 7 INFO neutron.db.ovn_revision_numbers_db [None req-f7b06b54-8b04-48a0-8058-c96277a5fbf2 - - - - - -] Successfully bumped revision number for resource 29779cdc-34d2-4fca-a3f0-d4adecc827e9 (type: ports) to 2 [pid: 8|app: 0|req: 903/1532] 10.0.0.224 () {34 vars in 670 bytes} [Fri Jun 26 05:49:53 2026] POST /v2.0/networks => generated 682 bytes in 926 msecs (HTTP/1.1 201) 4 headers in 162 bytes (1 switches on core 0) [pid: 8|app: 0|req: 904/1533] 10.0.0.84 () {34 vars in 964 bytes} [Fri Jun 26 05:49:54 2026] GET /v2.0/quotas/6571f2c93404444096c8d0dd566ab4e8 => generated 292 bytes in 9 msecs (HTTP/1.1 200) 4 headers in 157 bytes (1 switches on core 0)
2026-06-26 05:49:54.104 7 INFO neutron.db.ovn_revision_numbers_db [None req-f7b06b54-8b04-48a0-8058-c96277a5fbf2 - - - - - -] Successfully bumped revision number for resource 41e9a7ed-4dc8-46da-a4cf-10cfa18a5c1c (type: subnets) to 0 [pid: 7|app: 0|req: 630/1534] 10.0.0.224 () {34 vars in 669 bytes} [Fri Jun 26 05:49:53 2026] POST /v2.0/subnets => generated 626 bytes in 846 msecs (HTTP/1.1 201) 4 headers in 162 bytes (1 switches on core 0) [pid: 7|app: 0|req: 631/1535] 10.0.0.84 () {34 vars in 1001 bytes} [Fri Jun 26 05:49:54 2026] GET /v2.0/ports?tenant_id=6571f2c93404444096c8d0dd566ab4e8&fields=id => generated 103 bytes in 94 msecs (HTTP/1.1 200) 4 headers in 157 bytes (1 switches on core 0)
2026-06-26 05:49:54.268 8 WARNING neutron.scheduler.dhcp_agent_scheduler [None req-65425e66-33c2-4f63-8c56-233d51b12170 3ad64eb6f3314269b479102f30636881 38607332fa1b490782c3be4d7ffc9da3 - - default default] No more DHCP agents
2026-06-26 05:49:54.269 8 WARNING neutron.api.rpc.agentnotifiers.dhcp_rpc_agent_api [None req-65425e66-33c2-4f63-8c56-233d51b12170 3ad64eb6f3314269b479102f30636881 38607332fa1b490782c3be4d7ffc9da3 - - default default] Unable to schedule network aba2c287-0b92-4676-a2d1-e6bdd2ab9622: no agents available; will retry on subsequent port and subnet creation events.
2026-06-26 05:49:54.309 8 INFO neutron.db.ovn_revision_numbers_db [None req-65425e66-33c2-4f63-8c56-233d51b12170 3ad64eb6f3314269b479102f30636881 38607332fa1b490782c3be4d7ffc9da3 - - default default] Successfully bumped revision number for resource 6a33e011-5ee8-425f-a132-bb707f519c94 (type: subnets) to 0 [pid: 8|app: 0|req: 905/1536] 10.0.0.224 () {34 vars in 669 bytes} [Fri Jun 26 05:49:54 2026] POST /v2.0/subnets => generated 646 bytes in 235 msecs (HTTP/1.1 201) 4 headers in 162 bytes (1 switches on core 0)
2026-06-26 05:49:54.402 7 WARNING neutron.scheduler.dhcp_agent_scheduler [None req-dd971a90-b55d-4880-b6cd-3fc8fd7953a3 f429499413d1497cb424e7b3975d2f8d 987a4630f0014c148b7369e681b1a0e4 - - default default] No more DHCP agents
2026-06-26 05:49:54.404 7 WARNING neutron.api.rpc.agentnotifiers.dhcp_rpc_agent_api [None req-dd971a90-b55d-4880-b6cd-3fc8fd7953a3 f429499413d1497cb424e7b3975d2f8d 987a4630f0014c148b7369e681b1a0e4 - - default default] Unable to schedule network 6cd6de49-48f3-4ae5-9fc8-334a73e518b9: no agents available; will retry on subsequent port and subnet creation events.
2026-06-26 05:49:54.446 8 INFO neutron.db.ovn_revision_numbers_db [None req-4f3e6daa-ab83-4312-8429-6ac2c1396931 7fad1c3a08d445208e28b3f389d0acfc 47a365f5701748db9e2665d4f0bc6d08 - - default default] Successfully bumped revision number for resource 161a7f28-0d9e-43d0-a555-f8109d308cab (type: routers) to 1 [pid: 8|app: 0|req: 906/1537] 10.0.0.224 () {34 vars in 669 bytes} [Fri Jun 26 05:49:54 2026] POST /v2.0/routers => generated 602 bytes in 130 msecs (HTTP/1.1 201) 4 headers in 162 bytes (1 switches on core 0) [pid: 8|app: 0|req: 907/1538] 10.0.0.84 () {34 vars in 1007 bytes} [Fri Jun 26 05:49:54 2026] GET /v2.0/networks/3ad606c1-d485-405f-993a-663932fcda83?fields=segments => generated 14 bytes in 37 msecs (HTTP/1.1 200) 4 headers in 156 bytes (1 switches on core 0)
2026-06-26 05:49:54.621 8 INFO neutron.db.ovn_revision_numbers_db [None req-06f6189b-2ce5-449f-98b7-feb4db06b43d 3ad64eb6f3314269b479102f30636881 38607332fa1b490782c3be4d7ffc9da3 - - default default] Successfully bumped revision number for resource d65ccd13-410e-4bce-b242-f782a4c2a86d (type: routers) to 1 [pid: 8|app: 0|req: 908/1539] 10.0.0.224 () {34 vars in 669 bytes} [Fri Jun 26 05:49:54 2026] POST /v2.0/routers => generated 607 bytes in 139 msecs (HTTP/1.1 201) 4 headers in 162 bytes (1 switches on core 0)
2026-06-26 05:49:54.891 7 INFO neutron.db.ovn_revision_numbers_db [None req-b22308c5-efb3-4369-82e5-08c9775ffe46 - - - - - -] Successfully bumped revision number for resource 37f1dabe-8e3d-415b-880a-e86259986103 (type: ports) to 2
