2026-06-26 05:52:44.251 8 INFO neutron_taas.services.taas.tap_mirror_plugin [None req-687b07ae-fa3f-4a18-8823-b0696191ba47 a7d5305c834c4bf3a914cac8f9343d95 c9efc730bbac4d7892da0f4370b48e86 - - default default] Tap Mirror: Handle Delete Port: e11ffb31-bcf2-42b6-8848-0cb5cb090cda [pid: 8|app: 0|req: 1518/2701] 10.0.0.224 () {34 vars in 789 bytes} [Fri Jun 26 05:52:43 2026] PUT /v2.0/routers/5116c22f-567b-4e7d-8f27-64537bd5a029/remove_router_interface => generated 309 bytes in 1102 msecs (HTTP/1.1 200) 4 headers in 157 bytes (1 switches on core 0)
2026-06-26 05:52:45.322 7 INFO neutron_taas.services.taas.taas_plugin [None req-4f2b5374-427d-4e4f-9866-dac9e63fcd2d a7d5305c834c4bf3a914cac8f9343d95 c9efc730bbac4d7892da0f4370b48e86 - - default default] TaaS: Handle Delete Port: d6ab6332-380f-47bc-a099-27e0ffc09e35
2026-06-26 05:52:45.326 7 INFO neutron_taas.services.taas.tap_mirror_plugin [None req-4f2b5374-427d-4e4f-9866-dac9e63fcd2d a7d5305c834c4bf3a914cac8f9343d95 c9efc730bbac4d7892da0f4370b48e86 - - default default] Tap Mirror: Handle Delete Port: d6ab6332-380f-47bc-a099-27e0ffc09e35 [pid: 7|app: 0|req: 1184/2702] 10.0.0.224 () {32 vars in 724 bytes} [Fri Jun 26 05:52:44 2026] DELETE /v2.0/routers/5116c22f-567b-4e7d-8f27-64537bd5a029 => generated 0 bytes in 835 msecs (HTTP/1.1 204) 2 headers in 112 bytes (1 switches on core 0) /var/lib/openstack/lib/python3.12/site-packages/pycadf/identifier.py:70: UserWarning: Invalid uuid: neutron. To ensure interoperability, identifiers should be a valid uuid. warnings.warn(('Invalid uuid: %s. To ensure interoperability, ' [pid: 8|app: 0|req: 1519/2703] 10.0.0.224 () {32 vars in 724 bytes} [Fri Jun 26 05:52:45 2026] DELETE /v2.0/subnets/c47ec15a-f484-4561-b195-ba6c60335d89 => generated 0 bytes in 144 msecs (HTTP/1.1 204) 3 headers in 131 bytes (1 switches on core 0)
2026-06-26 05:52:46.087 7 INFO neutron_taas.services.taas.taas_plugin [None req-1772c852-f650-458e-a134-7e731c394fa8 a7d5305c834c4bf3a914cac8f9343d95 c9efc730bbac4d7892da0f4370b48e86 - - default default] TaaS: Handle Delete Port: 166ec933-b380-44a5-9dea-b33369c760ce
2026-06-26 05:52:46.089 7 INFO neutron_taas.services.taas.tap_mirror_plugin [None req-1772c852-f650-458e-a134-7e731c394fa8 a7d5305c834c4bf3a914cac8f9343d95 c9efc730bbac4d7892da0f4370b48e86 - - default default] Tap Mirror: Handle Delete Port: 166ec933-b380-44a5-9dea-b33369c760ce
2026-06-26 05:52:46.296 7 INFO neutron.services.segments.plugin [-] Segment 9cd584ca-5ce8-41b9-8f24-f36e8aabc1fb resource provider aggregate not found
2026-06-26 05:52:46.302 7 INFO neutron.services.segments.plugin [-] Segment 9cd584ca-5ce8-41b9-8f24-f36e8aabc1fb resource provider aggregate not found
2026-06-26 05:52:46.313 7 INFO neutron.services.segments.plugin [-] Segment 9cd584ca-5ce8-41b9-8f24-f36e8aabc1fb resource provider not found; error: Placement Client Error (4xx): {"errors": [{"status": 404, "title": "Not Found", "detail": "The resource could not be found.\n\n No resource provider with uuid 9cd584ca-5ce8-41b9-8f24-f36e8aabc1fb found for delete ", "request_id": "req-d00ea1be-a194-4b5d-851f-d39f82527e89"}]}
2026-06-26 05:52:46.328 7 INFO neutron.services.segments.plugin [-] Segment 9cd584ca-5ce8-41b9-8f24-f36e8aabc1fb resource provider not found; error: Placement Client Error (4xx): {"errors": [{"status": 404, "title": "Not Found", "detail": "The resource could not be found.\n\n No resource provider with uuid 9cd584ca-5ce8-41b9-8f24-f36e8aabc1fb found for delete ", "request_id": "req-4fa43368-2ec3-4d6f-be8b-f5a73eb38b91"}]} [pid: 7|app: 0|req: 1185/2704] 10.0.0.224 () {32 vars in 726 bytes} [Fri Jun 26 05:52:45 2026] DELETE /v2.0/networks/e23106ec-e436-4ec5-ac46-f2b2297fb071 => generated 0 bytes in 374 msecs (HTTP/1.1 204) 3 headers in 131 bytes (1 switches on core 0)
2026-06-26 05:52:46.653 8 INFO neutron_taas.services.taas.taas_plugin [None req-533bfe84-9dc6-43a6-a32e-b08de59c71e0 a7d5305c834c4bf3a914cac8f9343d95 c9efc730bbac4d7892da0f4370b48e86 - - default default] TaaS: Handle Delete Port: f7bda081-01e9-4fe5-94ed-8464aa9c4086
2026-06-26 05:52:46.656 8 INFO neutron_taas.services.taas.tap_mirror_plugin [None req-533bfe84-9dc6-43a6-a32e-b08de59c71e0 a7d5305c834c4bf3a914cac8f9343d95 c9efc730bbac4d7892da0f4370b48e86 - - default default] Tap Mirror: Handle Delete Port: f7bda081-01e9-4fe5-94ed-8464aa9c4086 [pid: 7|app: 0|req: 1186/2705] 10.0.0.224 () {34 vars in 676 bytes} [Fri Jun 26 05:52:46 2026] POST /v2.0/subnetpools => generated 516 bytes in 246 msecs (HTTP/1.1 201) 4 headers in 162 bytes (1 switches on core 0) [pid: 7|app: 0|req: 1187/2706] 10.0.0.224 () {34 vars in 759 bytes} [Fri Jun 26 05:52:46 2026] PUT /v2.0/subnetpools/92333811-cdf4-48d0-b882-17b43b5c46af/tags => generated 25 bytes in 67 msecs (HTTP/1.1 200) 4 headers in 156 bytes (1 switches on core 0) [pid: 7|app: 0|req: 1188/2707] 10.0.0.224 () {32 vars in 739 bytes} [Fri Jun 26 05:52:47 2026] GET /v2.0/subnetpools/92333811-cdf4-48d0-b882-17b43b5c46af/tags => generated 25 bytes in 41 msecs (HTTP/1.1 200) 4 headers in 156 bytes (1 switches on core 0) [pid: 7|app: 0|req: 1189/2708] 10.0.0.224 () {34 vars in 770 bytes} [Fri Jun 26 05:52:47 2026] PUT /v2.0/subnetpools/92333811-cdf4-48d0-b882-17b43b5c46af/tags/green => generated 4 bytes in 56 msecs (HTTP/1.1 201) 4 headers in 160 bytes (1 switches on core 0) [pid: 7|app: 0|req: 1190/2709] 10.0.0.224 () {32 vars in 739 bytes} [Fri Jun 26 05:52:47 2026] GET /v2.0/subnetpools/92333811-cdf4-48d0-b882-17b43b5c46af/tags => generated 34 bytes in 100 msecs (HTTP/1.1 200) 4 headers in 156 bytes (1 switches on core 0) [pid: 7|app: 0|req: 1191/2710] 10.0.0.224 () {34 vars in 766 bytes} [Fri Jun 26 05:52:47 2026] PUT /v2.0/subnetpools/92333811-cdf4-48d0-b882-17b43b5c46af/tags/red => generated 4 bytes in 42 msecs (HTTP/1.1 201) 4 headers in 160 bytes (1 switches on core 0) [pid: 7|app: 0|req: 1192/2711] 10.0.0.224 () {32 vars in 739 bytes} [Fri Jun 26 05:52:47 2026] GET /v2.0/subnetpools/92333811-cdf4-48d0-b882-17b43b5c46af/tags => generated 34 bytes in 27 msecs (HTTP/1.1 200) 4 headers in 156 bytes (1 switches on core 0) [pid: 8|app: 0|req: 1520/2712] 10.0.0.224 () {34 vars in 789 bytes} [Fri Jun 26 05:52:46 2026] PUT /v2.0/routers/9ca86d41-84b4-4093-a8cf-535b0aca006f/remove_router_interface => generated 309 bytes in 1011 msecs (HTTP/1.1 200) 4 headers in 157 bytes (1 switches on core 0) /var/lib/openstack/lib/python3.12/site-packages/pycadf/identifier.py:70: UserWarning: Invalid uuid: neutron. To ensure interoperability, identifiers should be a valid uuid. warnings.warn(('Invalid uuid: %s. To ensure interoperability, ' [pid: 7|app: 0|req: 1193/2713] 10.0.0.224 () {34 vars in 788 bytes} [Fri Jun 26 05:52:47 2026] PUT /v2.0/subnetpools/92333811-cdf4-48d0-b882-17b43b5c46af/tags/black.or.white => generated 4 bytes in 70 msecs (HTTP/1.1 201) 4 headers in 160 bytes (1 switches on core 0) [pid: 7|app: 0|req: 1194/2714] 10.0.0.224 () {32 vars in 739 bytes} [Fri Jun 26 05:52:47 2026] GET /v2.0/subnetpools/92333811-cdf4-48d0-b882-17b43b5c46af/tags => generated 52 bytes in 22 msecs (HTTP/1.1 200) 4 headers in 156 bytes (1 switches on core 0) [pid: 7|app: 0|req: 1195/2715] 10.0.0.224 () {34 vars in 759 bytes} [Fri Jun 26 05:52:47 2026] PUT /v2.0/subnetpools/92333811-cdf4-48d0-b882-17b43b5c46af/tags => generated 37 bytes in 30 msecs (HTTP/1.1 200) 4 headers in 156 bytes (1 switches on core 0) [pid: 7|app: 0|req: 1196/2716] 10.0.0.224 () {32 vars in 739 bytes} [Fri Jun 26 05:52:47 2026] GET /v2.0/subnetpools/92333811-cdf4-48d0-b882-17b43b5c46af/tags => generated 37 bytes in 33 msecs (HTTP/1.1 200) 4 headers in 156 bytes (1 switches on core 0) [pid: 7|app: 0|req: 1197/2717] 10.0.0.224 () {32 vars in 747 bytes} [Fri Jun 26 05:52:47 2026] GET /v2.0/subnetpools/92333811-cdf4-48d0-b882-17b43b5c46af/tags/red => generated 0 bytes in 29 msecs (HTTP/1.1 204) 2 headers in 112 bytes (1 switches on core 0)
2026-06-26 05:52:47.549 7 INFO neutron.api.v2.resource [None req-abb672e1-aabf-4516-be27-f852ffa83569 26226f84f2c54eabb6d8ca7afe2ed442 2813049b68244c76ac43963a625969b1 - - default default] show failed (client error): The resource could not be found. [pid: 7|app: 0|req: 1198/2718] 10.0.0.224 () {32 vars in 751 bytes} [Fri Jun 26 05:52:47 2026] GET /v2.0/subnetpools/92333811-cdf4-48d0-b882-17b43b5c46af/tags/green => generated 99 bytes in 28 msecs (HTTP/1.1 404) 4 headers in 163 bytes (1 switches on core 0) [pid: 7|app: 0|req: 1199/2719] 10.0.0.224 () {32 vars in 750 bytes} [Fri Jun 26 05:52:47 2026] DELETE /v2.0/subnetpools/92333811-cdf4-48d0-b882-17b43b5c46af/tags/red => generated 0 bytes in 38 msecs (HTTP/1.1 204) 2 headers in 112 bytes (1 switches on core 0) [pid: 7|app: 0|req: 1200/2720] 10.0.0.224 () {32 vars in 739 bytes} [Fri Jun 26 05:52:47 2026] GET /v2.0/subnetpools/92333811-cdf4-48d0-b882-17b43b5c46af/tags => generated 30 bytes in 29 msecs (HTTP/1.1 200) 4 headers in 156 bytes (1 switches on core 0)
2026-06-26 05:52:47.659 7 INFO neutron.api.v2.resource [None req-b04e7345-0642-4e4b-bcb1-6477e40e15dc 26226f84f2c54eabb6d8ca7afe2ed442 2813049b68244c76ac43963a625969b1 - - default default] delete failed (client error): The resource could not be found. [pid: 7|app: 0|req: 1201/2721] 10.0.0.224 () {32 vars in 754 bytes} [Fri Jun 26 05:52:47 2026] DELETE /v2.0/subnetpools/92333811-cdf4-48d0-b882-17b43b5c46af/tags/green => generated 99 bytes in 29 msecs (HTTP/1.1 404) 4 headers in 163 bytes (1 switches on core 0)
2026-06-26 05:52:47.691 8 INFO neutron_taas.services.taas.taas_plugin [None req-578ae621-65b9-4bad-8734-ebbe76f96e37 a7d5305c834c4bf3a914cac8f9343d95 c9efc730bbac4d7892da0f4370b48e86 - - default default] TaaS: Handle Delete Port: effc61ee-a913-4384-b60f-c359f5db4319
2026-06-26 05:52:47.694 8 INFO neutron_taas.services.taas.tap_mirror_plugin [None req-578ae621-65b9-4bad-8734-ebbe76f96e37 a7d5305c834c4bf3a914cac8f9343d95 c9efc730bbac4d7892da0f4370b48e86 - - default default] Tap Mirror: Handle Delete Port: effc61ee-a913-4384-b60f-c359f5db4319 [pid: 7|app: 0|req: 1202/2722] 10.0.0.224 () {32 vars in 742 bytes} [Fri Jun 26 05:52:47 2026] DELETE /v2.0/subnetpools/92333811-cdf4-48d0-b882-17b43b5c46af/tags => generated 0 bytes in 39 msecs (HTTP/1.1 204) 2 headers in 112 bytes (1 switches on core 0) [pid: 7|app: 0|req: 1203/2723] 10.0.0.224 () {32 vars in 739 bytes} [Fri Jun 26 05:52:47 2026] GET /v2.0/subnetpools/92333811-cdf4-48d0-b882-17b43b5c46af/tags => generated 12 bytes in 25 msecs (HTTP/1.1 200) 4 headers in 156 bytes (1 switches on core 0) [pid: 7|app: 0|req: 1204/2724] 10.0.0.224 () {32 vars in 732 bytes} [Fri Jun 26 05:52:47 2026] DELETE /v2.0/subnetpools/92333811-cdf4-48d0-b882-17b43b5c46af => generated 0 bytes in 48 msecs (HTTP/1.1 204) 2 headers in 112 bytes (1 switches on core 0) [pid: 8|app: 0|req: 1521/2725] 10.0.0.224 () {32 vars in 724 bytes} [Fri Jun 26 05:52:47 2026] DELETE /v2.0/routers/9ca86d41-84b4-4093-a8cf-535b0aca006f => generated 0 bytes in 826 msecs (HTTP/1.1 204) 2 headers in 112 bytes (1 switches on core 0) [pid: 7|app: 0|req: 1205/2726] 10.0.0.224 () {32 vars in 724 bytes} [Fri Jun 26 05:52:48 2026] DELETE /v2.0/subnets/0c89dab1-84c8-46cc-8b9e-012d86427fbe => generated 0 bytes in 153 msecs (HTTP/1.1 204) 3 headers in 131 bytes (1 switches on core 0)
2026-06-26 05:52:48.468 8 INFO neutron_taas.services.taas.taas_plugin [None req-7ab798f6-0127-4e07-a566-20769f79d775 a7d5305c834c4bf3a914cac8f9343d95 c9efc730bbac4d7892da0f4370b48e86 - - default default] TaaS: Handle Delete Port: 5e7d61cb-3d97-4d72-9f16-ce03f5e978e4
2026-06-26 05:52:48.470 8 INFO neutron_taas.services.taas.tap_mirror_plugin [None req-7ab798f6-0127-4e07-a566-20769f79d775 a7d5305c834c4bf3a914cac8f9343d95 c9efc730bbac4d7892da0f4370b48e86 - - default default] Tap Mirror: Handle Delete Port: 5e7d61cb-3d97-4d72-9f16-ce03f5e978e4
2026-06-26 05:52:48.657 8 INFO neutron.services.segments.plugin [-] Segment 83301e64-6315-4938-b113-622900ccfa74 resource provider aggregate not found
2026-06-26 05:52:48.664 8 INFO neutron.services.segments.plugin [-] Segment 83301e64-6315-4938-b113-622900ccfa74 resource provider aggregate not found
2026-06-26 05:52:48.679 8 INFO neutron.services.segments.plugin [-] Segment 83301e64-6315-4938-b113-622900ccfa74 resource provider not found; error: Placement Client Error (4xx): {"errors": [{"status": 404, "title": "Not Found", "detail": "The resource could not be found.\n\n No resource provider with uuid 83301e64-6315-4938-b113-622900ccfa74 found for delete ", "request_id": "req-e4d563c9-6ecf-462f-855d-3ce986539444"}]}
2026-06-26 05:52:48.685 8 INFO neutron.services.segments.plugin [-] Segment 83301e64-6315-4938-b113-622900ccfa74 resource provider not found; error: Placement Client Error (4xx): {"errors": [{"status": 404, "title": "Not Found", "detail": "The resource could not be found.\n\n No resource provider with uuid 83301e64-6315-4938-b113-622900ccfa74 found for delete ", "request_id": "req-d68b13a6-ab33-4c8c-afcc-765fecbfa328"}]}
2026-06-26 05:52:48.762 7 INFO neutron.db.ovn_revision_numbers_db [None req-0203ad7d-50cb-47ea-911e-44254b896905 a7d5305c834c4bf3a914cac8f9343d95 c9efc730bbac4d7892da0f4370b48e86 - - default default] Successfully bumped revision number for resource e2793f91-b059-4baa-af7d-b42dcde14863 (type: security_groups) to 1 [pid: 8|app: 0|req: 1522/2727] 10.0.0.224 () {32 vars in 726 bytes} [Fri Jun 26 05:52:48 2026] DELETE /v2.0/networks/41288713-6ddc-429c-bda1-b76eb4a35460 => generated 0 bytes in 408 msecs (HTTP/1.1 204) 3 headers in 131 bytes (1 switches on core 0)
2026-06-26 05:52:48.787 7 INFO neutron.db.ovn_revision_numbers_db [None req-0203ad7d-50cb-47ea-911e-44254b896905 a7d5305c834c4bf3a914cac8f9343d95 c9efc730bbac4d7892da0f4370b48e86 - - default default] Successfully bumped revision number for resource 0ade4329-5fc5-4560-94b9-6e54c4740aac (type: security_group_rules) to 0
2026-06-26 05:52:48.801 7 INFO neutron.db.ovn_revision_numbers_db [None req-0203ad7d-50cb-47ea-911e-44254b896905 a7d5305c834c4bf3a914cac8f9343d95 c9efc730bbac4d7892da0f4370b48e86 - - default default] Successfully bumped revision number for resource 252734a3-889d-4a77-8ac5-c9ac8bfcefa3 (type: security_group_rules) to 0
2026-06-26 05:52:48.813 7 INFO neutron.db.ovn_revision_numbers_db [None req-0203ad7d-50cb-47ea-911e-44254b896905 a7d5305c834c4bf3a914cac8f9343d95 c9efc730bbac4d7892da0f4370b48e86 - - default default] Successfully bumped revision number for resource 2bf346b2-13b3-47f3-ad57-efc6a8e77d22 (type: security_group_rules) to 0
2026-06-26 05:52:48.825 7 INFO neutron.db.ovn_revision_numbers_db [None req-0203ad7d-50cb-47ea-911e-44254b896905 a7d5305c834c4bf3a914cac8f9343d95 c9efc730bbac4d7892da0f4370b48e86 - - default default] Successfully bumped revision number for resource 34920088-e9e8-4765-ac9c-1b83e65b9061 (type: security_group_rules) to 0 [pid: 7|app: 0|req: 1206/2728] 10.0.0.224 () {32 vars in 774 bytes} [Fri Jun 26 05:52:48 2026] GET /v2.0/security-groups?tenant_id=d744edd0e9ae43d5b9e1a4ffd54b1403&name=default => generated 2929 bytes in 385 msecs (HTTP/1.1 200) 4 headers in 158 bytes (1 switches on core 0) [pid: 7|app: 0|req: 1207/2729] 10.0.0.224 () {32 vars in 774 bytes} [Fri Jun 26 05:52:48 2026] GET /v2.0/security-groups?tenant_id=b21388eeb77f409aaf21c79e2ea0c37b&name=default => generated 2925 bytes in 36 msecs (HTTP/1.1 200) 4 headers in 158 bytes (1 switches on core 0) [pid: 8|app: 0|req: 1523/2730] 10.0.0.224 () {32 vars in 740 bytes} [Fri Jun 26 05:52:48 2026] DELETE /v2.0/security-groups/e2793f91-b059-4baa-af7d-b42dcde14863 => generated 0 bytes in 288 msecs (HTTP/1.1 204) 2 headers in 112 bytes (1 switches on core 0) [pid: 7|app: 0|req: 1208/2731] 10.0.0.224 () {32 vars in 740 bytes} [Fri Jun 26 05:52:49 2026] DELETE /v2.0/security-groups/16caf8fd-4218-4ab8-8ee5-619c487dfdbf => generated 0 bytes in 332 msecs (HTTP/1.1 204) 2 headers in 112 bytes (1 switches on core 0)
2026-06-26 05:52:49.488 8 INFO neutron.db.ovn_revision_numbers_db [None req-49766c73-4aa6-4904-9414-a72b07536da7 a7d5305c834c4bf3a914cac8f9343d95 c9efc730bbac4d7892da0f4370b48e86 - - default default] Successfully bumped revision number for resource 0f311620-2a0d-4696-b880-19e5cd901994 (type: security_groups) to 1
2026-06-26 05:52:49.505 8 INFO neutron.db.ovn_revision_numbers_db [None req-49766c73-4aa6-4904-9414-a72b07536da7 a7d5305c834c4bf3a914cac8f9343d95 c9efc730bbac4d7892da0f4370b48e86 - - default default] Successfully bumped revision number for resource 2118c9c4-d764-4dd3-bc1f-0c830c118f67 (type: security_group_rules) to 0
2026-06-26 05:52:49.518 8 INFO neutron.db.ovn_revision_numbers_db [None req-49766c73-4aa6-4904-9414-a72b07536da7 a7d5305c834c4bf3a914cac8f9343d95 c9efc730bbac4d7892da0f4370b48e86 - - default default] Successfully bumped revision number for resource 47d41710-0b5e-4bda-a83c-5e36dc1f1dce (type: security_group_rules) to 0
2026-06-26 05:52:49.531 8 INFO neutron.db.ovn_revision_numbers_db [None req-49766c73-4aa6-4904-9414-a72b07536da7 a7d5305c834c4bf3a914cac8f9343d95 c9efc730bbac4d7892da0f4370b48e86 - - default default] Successfully bumped revision number for resource 520dd9d1-6caa-469e-a03d-dd29be4aa221 (type: security_group_rules) to 0 [pid: 7|app: 0|req: 1211/2734] 10.0.0.224 () {32 vars in 774 bytes} [Fri Jun 26 05:52:49 2026] GET /v2.0/security-groups?tenant_id=fcea367d3e424e7284725d064aa29c47&name=default => generated 2925 bytes in 36 msecs (HTTP/1.1 200) 4 headers in 158 bytes (1 switches on core 0)
2026-06-26 05:52:49.545 8 INFO neutron.db.ovn_revision_numbers_db [None req-49766c73-4aa6-4904-9414-a72b07536da7 a7d5305c834c4bf3a914cac8f9343d95 c9efc730bbac4d7892da0f4370b48e86 - - default default] Successfully bumped revision number for resource ede0c553-1605-409a-a4a5-9a9bc1d1e4c9 (type: security_group_rules) to 0 [pid: 8|app: 0|req: 1524/2735] 10.0.0.224 () {32 vars in 774 bytes} [Fri Jun 26 05:52:49 2026] GET /v2.0/security-groups?tenant_id=2813049b68244c76ac43963a625969b1&name=default => generated 2929 bytes in 280 msecs (HTTP/1.1 200) 4 headers in 158 bytes (1 switches on core 0) [pid: 7|app: 0|req: 1212/2736] 10.0.0.224 () {32 vars in 740 bytes} [Fri Jun 26 05:52:49 2026] DELETE /v2.0/security-groups/6e2402e7-0527-47e7-89ec-61cfe4f73615 => generated 0 bytes in 304 msecs (HTTP/1.1 204) 2 headers in 112 bytes (1 switches on core 0) [pid: 8|app: 0|req: 1525/2737] 10.0.0.224 () {32 vars in 740 bytes} [Fri Jun 26 05:52:49 2026] DELETE /v2.0/security-groups/0f311620-2a0d-4696-b880-19e5cd901994 => generated 0 bytes in 294 msecs (HTTP/1.1 204) 2 headers in 112 bytes (1 switches on core 0)
2026-06-26 05:52:58.645 7 INFO neutron.db.ovn_revision_numbers_db [None req-4a35cc09-d1d7-4ef6-8571-bc046845d255 d802d3d31a8843ac8b1a35d2b855301b 6ac2e77d87a74c78862d02d1e75a5e5f - - default default] Successfully bumped revision number for resource a89c597b-79d9-433c-b448-20a8a647d97b (type: security_groups) to 1
2026-06-26 05:52:58.658 7 INFO neutron.db.ovn_revision_numbers_db [None req-4a35cc09-d1d7-4ef6-8571-bc046845d255 d802d3d31a8843ac8b1a35d2b855301b 6ac2e77d87a74c78862d02d1e75a5e5f - - default default] Successfully bumped revision number for resource 3ed3c394-f196-42d0-97e3-716331e155d1 (type: security_group_rules) to 0
2026-06-26 05:52:58.673 7 INFO neutron.db.ovn_revision_numbers_db [None req-4a35cc09-d1d7-4ef6-8571-bc046845d255 d802d3d31a8843ac8b1a35d2b855301b 6ac2e77d87a74c78862d02d1e75a5e5f - - default default] Successfully bumped revision number for resource 833f3356-df08-46ee-86b4-06ae11a2a8ea (type: security_group_rules) to 0
2026-06-26 05:52:58.684 7 INFO neutron.db.ovn_revision_numbers_db [None req-4a35cc09-d1d7-4ef6-8571-bc046845d255 d802d3d31a8843ac8b1a35d2b855301b 6ac2e77d87a74c78862d02d1e75a5e5f - - default default] Successfully bumped revision number for resource 99b16307-e076-43cc-852a-8e19a102e08c (type: security_group_rules) to 0
2026-06-26 05:52:58.696 7 INFO neutron.db.ovn_revision_numbers_db [None req-4a35cc09-d1d7-4ef6-8571-bc046845d255 d802d3d31a8843ac8b1a35d2b855301b 6ac2e77d87a74c78862d02d1e75a5e5f - - default default] Successfully bumped revision number for resource bc10cd20-7e51-4c84-8290-1b06f40db160 (type: security_group_rules) to 0
2026-06-26 05:52:58.774 7 INFO neutron.db.segments_db [None req-4a35cc09-d1d7-4ef6-8571-bc046845d255 d802d3d31a8843ac8b1a35d2b855301b 6ac2e77d87a74c78862d02d1e75a5e5f - - default default] Added segment acea6223-4176-4b3e-8430-882dc43ff420 of type geneve for network 6598daec-11ea-4246-aacf-786156c1f285
2026-06-26 05:52:58.896 7 INFO neutron.db.ovn_revision_numbers_db [None req-4a35cc09-d1d7-4ef6-8571-bc046845d255 d802d3d31a8843ac8b1a35d2b855301b 6ac2e77d87a74c78862d02d1e75a5e5f - - default default] Successfully bumped revision number for resource 6598daec-11ea-4246-aacf-786156c1f285 (type: networks) to 1
2026-06-26 05:52:59.079 7 WARNING neutron.scheduler.dhcp_agent_scheduler [None req-4a35cc09-d1d7-4ef6-8571-bc046845d255 d802d3d31a8843ac8b1a35d2b855301b 6ac2e77d87a74c78862d02d1e75a5e5f - - default default] No more DHCP agents
2026-06-26 05:52:59.081 7 WARNING neutron.api.rpc.agentnotifiers.dhcp_rpc_agent_api [None req-4a35cc09-d1d7-4ef6-8571-bc046845d255 d802d3d31a8843ac8b1a35d2b855301b 6ac2e77d87a74c78862d02d1e75a5e5f - - default default] Unable to schedule network 6598daec-11ea-4246-aacf-786156c1f285: no agents available; will retry on subsequent port and subnet creation events.
2026-06-26 05:52:59.168 7 INFO neutron.plugins.ml2.drivers.ovn.mech_driver.mech_driver [None req-7be9e433-0bce-4aff-8216-4bc27519f334 - - - - - -] OVN reports status down for port: e95f871d-c36a-4db7-904f-832db17a9dc8
2026-06-26 05:52:59.228 7 INFO neutron.db.ovn_revision_numbers_db [None req-4a35cc09-d1d7-4ef6-8571-bc046845d255 d802d3d31a8843ac8b1a35d2b855301b 6ac2e77d87a74c78862d02d1e75a5e5f - - default default] Successfully bumped revision number for resource e95f871d-c36a-4db7-904f-832db17a9dc8 (type: ports) to 1 [pid: 7|app: 0|req: 1213/2738] 10.0.0.224 () {34 vars in 670 bytes} [Fri Jun 26 05:52:58 2026] POST /v2.0/networks => generated 677 bytes in 968 msecs (HTTP/1.1 201) 4 headers in 162 bytes (1 switches on core 0)
2026-06-26 05:52:59.467 8 WARNING neutron.scheduler.dhcp_agent_scheduler [None req-f004a508-8089-4fac-943f-bafb03188fd7 d802d3d31a8843ac8b1a35d2b855301b 6ac2e77d87a74c78862d02d1e75a5e5f - - default default] No more DHCP agents
2026-06-26 05:52:59.468 8 WARNING neutron.api.rpc.agentnotifiers.dhcp_rpc_agent_api [None req-f004a508-8089-4fac-943f-bafb03188fd7 d802d3d31a8843ac8b1a35d2b855301b 6ac2e77d87a74c78862d02d1e75a5e5f - - default default] Unable to schedule network 6598daec-11ea-4246-aacf-786156c1f285: no agents available; will retry on subsequent port and subnet creation events.
2026-06-26 05:52:59.865 8 INFO neutron.db.ovn_revision_numbers_db [None req-0a576da6-d206-4157-bc92-6d80bdfcfe17 - - - - - -] Successfully bumped revision number for resource e95f871d-c36a-4db7-904f-832db17a9dc8 (type: ports) to 2
2026-06-26 05:52:59.894 8 INFO neutron.db.ovn_revision_numbers_db [None req-0a576da6-d206-4157-bc92-6d80bdfcfe17 - - - - - -] Successfully bumped revision number for resource d5659b48-2492-45d6-b822-d8c0b5e1e22b (type: subnets) to 0 [pid: 8|app: 0|req: 1526/2739] 10.0.0.224 () {34 vars in 669 bytes} [Fri Jun 26 05:52:59 2026] POST /v2.0/subnets => generated 656 bytes in 622 msecs (HTTP/1.1 201) 4 headers in 162 bytes (1 switches on core 0) [pid: 7|app: 0|req: 1214/2740] 10.0.0.224 () {32 vars in 722 bytes} [Fri Jun 26 05:52:59 2026] GET /v2.0/subnetpools?name=shared-default-subnetpool-v6 => generated 19 bytes in 41 msecs (HTTP/1.1 200) 4 headers in 156 bytes (1 switches on core 0)
2026-06-26 05:53:00.176 8 WARNING neutron.scheduler.dhcp_agent_scheduler [None req-d3da4941-18da-4898-a7c7-362d78627aaa d802d3d31a8843ac8b1a35d2b855301b 6ac2e77d87a74c78862d02d1e75a5e5f - - default default] No more DHCP agents
2026-06-26 05:53:00.178 8 WARNING neutron.api.rpc.agentnotifiers.dhcp_rpc_agent_api [None req-d3da4941-18da-4898-a7c7-362d78627aaa d802d3d31a8843ac8b1a35d2b855301b 6ac2e77d87a74c78862d02d1e75a5e5f - - default default] Unable to schedule network 6598daec-11ea-4246-aacf-786156c1f285: no agents available; will retry on subsequent port and subnet creation events.
2026-06-26 05:53:00.216 8 INFO neutron.db.ovn_revision_numbers_db [None req-d3da4941-18da-4898-a7c7-362d78627aaa d802d3d31a8843ac8b1a35d2b855301b 6ac2e77d87a74c78862d02d1e75a5e5f - - default default] Successfully bumped revision number for resource e3645558-8816-4a2e-8543-59b5c4ad1e10 (type: subnets) to 0 [pid: 8|app: 0|req: 1527/2741] 10.0.0.224 () {34 vars in 669 bytes} [Fri Jun 26 05:52:59 2026] POST /v2.0/subnets => generated 732 bytes in 268 msecs (HTTP/1.1 201) 4 headers in 162 bytes (1 switches on core 0)
2026-06-26 05:53:00.323 7 INFO neutron.db.segments_db [None req-42802e15-5a89-4985-b0b7-41a44c4f02b0 d802d3d31a8843ac8b1a35d2b855301b 6ac2e77d87a74c78862d02d1e75a5e5f - - default default] Added segment 993ca316-c681-455a-b741-ecd2a8054893 of type geneve for network 09cb2ddc-8827-4832-9925-fb3c25700ca4
2026-06-26 05:53:00.469 7 INFO neutron.db.ovn_revision_numbers_db [None req-42802e15-5a89-4985-b0b7-41a44c4f02b0 d802d3d31a8843ac8b1a35d2b855301b 6ac2e77d87a74c78862d02d1e75a5e5f - - default default] Successfully bumped revision number for resource 09cb2ddc-8827-4832-9925-fb3c25700ca4 (type: networks) to 1
2026-06-26 05:53:00.634 7 WARNING neutron.scheduler.dhcp_agent_scheduler [None req-42802e15-5a89-4985-b0b7-41a44c4f02b0 d802d3d31a8843ac8b1a35d2b855301b 6ac2e77d87a74c78862d02d1e75a5e5f - - default default] No more DHCP agents
2026-06-26 05:53:00.635 7 WARNING neutron.api.rpc.agentnotifiers.dhcp_rpc_agent_api [None req-42802e15-5a89-4985-b0b7-41a44c4f02b0 d802d3d31a8843ac8b1a35d2b855301b 6ac2e77d87a74c78862d02d1e75a5e5f - - default default] Unable to schedule network 09cb2ddc-8827-4832-9925-fb3c25700ca4: no agents available; will retry on subsequent port and subnet creation events.
2026-06-26 05:53:00.709 7 INFO neutron.plugins.ml2.drivers.ovn.mech_driver.mech_driver [None req-7be9e433-0bce-4aff-8216-4bc27519f334 - - - - - -] OVN reports status down for port: d7cb285a-491a-4a1b-b71d-530514bf4f48
2026-06-26 05:53:00.766 7 INFO neutron.db.ovn_revision_numbers_db [None req-42802e15-5a89-4985-b0b7-41a44c4f02b0 d802d3d31a8843ac8b1a35d2b855301b 6ac2e77d87a74c78862d02d1e75a5e5f - - default default] Successfully bumped revision number for resource d7cb285a-491a-4a1b-b71d-530514bf4f48 (type: ports) to 1 [pid: 7|app: 0|req: 1215/2742] 10.0.0.224 () {34 vars in 670 bytes} [Fri Jun 26 05:53:00 2026] POST /v2.0/networks => generated 676 bytes in 578 msecs (HTTP/1.1 201) 4 headers in 162 bytes (1 switches on core 0)
2026-06-26 05:53:01.006 8 WARNING neutron.scheduler.dhcp_agent_scheduler [None req-44166322-2113-4afe-9031-5dcf179e3446 d802d3d31a8843ac8b1a35d2b855301b 6ac2e77d87a74c78862d02d1e75a5e5f - - default default] No more DHCP agents
2026-06-26 05:53:01.007 8 WARNING neutron.api.rpc.agentnotifiers.dhcp_rpc_agent_api [None req-44166322-2113-4afe-9031-5dcf179e3446 d802d3d31a8843ac8b1a35d2b855301b 6ac2e77d87a74c78862d02d1e75a5e5f - - default default] Unable to schedule network 09cb2ddc-8827-4832-9925-fb3c25700ca4: no agents available; will retry on subsequent port and subnet creation events.
2026-06-26 05:53:01.486 8 INFO neutron.db.ovn_revision_numbers_db [None req-84cd39c1-2d07-4a99-a71b-e2fdc0b23e21 - - - - - -] Successfully bumped revision number for resource d7cb285a-491a-4a1b-b71d-530514bf4f48 (type: ports) to 2
2026-06-26 05:53:01.515 8 INFO neutron.db.ovn_revision_numbers_db [None req-84cd39c1-2d07-4a99-a71b-e2fdc0b23e21 - - - - - -] Successfully bumped revision number for resource acde78e5-8b68-4cf9-90a0-a656ba82ffb3 (type: subnets) to 0 [pid: 8|app: 0|req: 1528/2743] 10.0.0.224 () {34 vars in 669 bytes} [Fri Jun 26 05:53:00 2026] POST /v2.0/subnets => generated 655 bytes in 711 msecs (HTTP/1.1 201) 4 headers in 162 bytes (1 switches on core 0)
2026-06-26 05:53:01.781 7 WARNING neutron.scheduler.dhcp_agent_scheduler [None req-1f0c369f-7837-410f-ad63-fcd304f31952 d802d3d31a8843ac8b1a35d2b855301b 6ac2e77d87a74c78862d02d1e75a5e5f - - default default] No more DHCP agents
2026-06-26 05:53:01.782 7 WARNING neutron.api.rpc.agentnotifiers.dhcp_rpc_agent_api [None req-1f0c369f-7837-410f-ad63-fcd304f31952 d802d3d31a8843ac8b1a35d2b855301b 6ac2e77d87a74c78862d02d1e75a5e5f - - default default] Unable to schedule network 09cb2ddc-8827-4832-9925-fb3c25700ca4: no agents available; will retry on subsequent port and subnet creation events.
2026-06-26 05:53:01.813 7 INFO neutron.db.ovn_revision_numbers_db [None req-1f0c369f-7837-410f-ad63-fcd304f31952 d802d3d31a8843ac8b1a35d2b855301b 6ac2e77d87a74c78862d02d1e75a5e5f - - default default] Successfully bumped revision number for resource 55a71d28-2c1a-40a7-bcf7-cf036560388d (type: subnets) to 0 [pid: 7|app: 0|req: 1216/2744] 10.0.0.224 () {34 vars in 669 bytes} [Fri Jun 26 05:53:01 2026] POST /v2.0/subnets => generated 725 bytes in 289 msecs (HTTP/1.1 201) 4 headers in 162 bytes (1 switches on core 0)
2026-06-26 05:53:01.921 8 INFO neutron.db.segments_db [None req-67b19ebb-b3ac-4d84-b1b6-3fe3022c6a27 d802d3d31a8843ac8b1a35d2b855301b 6ac2e77d87a74c78862d02d1e75a5e5f - - default default] Added segment dd46f2e4-c24d-423c-a8d3-9f1205a290be of type geneve for network edda8436-cacf-4066-a7f8-6822e9a6bf99
2026-06-26 05:53:02.031 8 INFO neutron.db.ovn_revision_numbers_db [None req-67b19ebb-b3ac-4d84-b1b6-3fe3022c6a27 d802d3d31a8843ac8b1a35d2b855301b 6ac2e77d87a74c78862d02d1e75a5e5f - - default default] Successfully bumped revision number for resource edda8436-cacf-4066-a7f8-6822e9a6bf99 (type: networks) to 1
2026-06-26 05:53:02.209 8 WARNING neutron.scheduler.dhcp_agent_scheduler [None req-67b19ebb-b3ac-4d84-b1b6-3fe3022c6a27 d802d3d31a8843ac8b1a35d2b855301b 6ac2e77d87a74c78862d02d1e75a5e5f - - default default] No more DHCP agents
2026-06-26 05:53:02.211 8 WARNING neutron.api.rpc.agentnotifiers.dhcp_rpc_agent_api [None req-67b19ebb-b3ac-4d84-b1b6-3fe3022c6a27 d802d3d31a8843ac8b1a35d2b855301b 6ac2e77d87a74c78862d02d1e75a5e5f - - default default] Unable to schedule network edda8436-cacf-4066-a7f8-6822e9a6bf99: no agents available; will retry on subsequent port and subnet creation events.
2026-06-26 05:53:02.279 7 INFO neutron.plugins.ml2.drivers.ovn.mech_driver.mech_driver [None req-7be9e433-0bce-4aff-8216-4bc27519f334 - - - - - -] OVN reports status down for port: 2e26c296-d904-4c7d-8fce-c54768064a90
2026-06-26 05:53:02.325 8 INFO neutron.db.ovn_revision_numbers_db [None req-67b19ebb-b3ac-4d84-b1b6-3fe3022c6a27 d802d3d31a8843ac8b1a35d2b855301b 6ac2e77d87a74c78862d02d1e75a5e5f - - default default] Successfully bumped revision number for resource 2e26c296-d904-4c7d-8fce-c54768064a90 (type: ports) to 1 [pid: 8|app: 0|req: 1529/2745] 10.0.0.224 () {34 vars in 670 bytes} [Fri Jun 26 05:53:01 2026] POST /v2.0/networks => generated 675 bytes in 517 msecs (HTTP/1.1 201) 4 headers in 162 bytes (1 switches on core 0)
2026-06-26 05:53:02.539 7 WARNING neutron.scheduler.dhcp_agent_scheduler [None req-fb7753a2-c4db-4703-be2a-45de2c8325ef d802d3d31a8843ac8b1a35d2b855301b 6ac2e77d87a74c78862d02d1e75a5e5f - - default default] No more DHCP agents
2026-06-26 05:53:02.541 7 WARNING neutron.api.rpc.agentnotifiers.dhcp_rpc_agent_api [None req-fb7753a2-c4db-4703-be2a-45de2c8325ef d802d3d31a8843ac8b1a35d2b855301b 6ac2e77d87a74c78862d02d1e75a5e5f - - default default] Unable to schedule network edda8436-cacf-4066-a7f8-6822e9a6bf99: no agents available; will retry on subsequent port and subnet creation events.
2026-06-26 05:53:02.976 7 INFO neutron.db.ovn_revision_numbers_db [None req-8f408ca0-16c8-4074-8165-b1722d2ea607 - - - - - -] Successfully bumped revision number for resource 2e26c296-d904-4c7d-8fce-c54768064a90 (type: ports) to 2
2026-06-26 05:53:03.006 7 INFO neutron.db.ovn_revision_numbers_db [None req-8f408ca0-16c8-4074-8165-b1722d2ea607 - - - - - -] Successfully bumped revision number for resource fac3624b-c893-4383-bdaa-f8c190c503be (type: subnets) to 0 [pid: 7|app: 0|req: 1217/2746] 10.0.0.224 () {34 vars in 669 bytes} [Fri Jun 26 05:53:02 2026] POST /v2.0/subnets => generated 654 bytes in 663 msecs (HTTP/1.1 201) 4 headers in 162 bytes (1 switches on core 0)
2026-06-26 05:53:03.272 8 WARNING neutron.scheduler.dhcp_agent_scheduler [None req-ef0afb45-c699-4352-b29d-9a5f68d579ae d802d3d31a8843ac8b1a35d2b855301b 6ac2e77d87a74c78862d02d1e75a5e5f - - default default] No more DHCP agents
2026-06-26 05:53:03.273 8 WARNING neutron.api.rpc.agentnotifiers.dhcp_rpc_agent_api [None req-ef0afb45-c699-4352-b29d-9a5f68d579ae d802d3d31a8843ac8b1a35d2b855301b 6ac2e77d87a74c78862d02d1e75a5e5f - - default default] Unable to schedule network edda8436-cacf-4066-a7f8-6822e9a6bf99: no agents available; will retry on subsequent port and subnet creation events.
2026-06-26 05:53:03.309 8 INFO neutron.db.ovn_revision_numbers_db [None req-ef0afb45-c699-4352-b29d-9a5f68d579ae d802d3d31a8843ac8b1a35d2b855301b 6ac2e77d87a74c78862d02d1e75a5e5f - - default default] Successfully bumped revision number for resource 373f8e6f-cd05-4bbf-acf5-3fa5793a9d6b (type: subnets) to 0 [pid: 8|app: 0|req: 1530/2747] 10.0.0.224 () {34 vars in 669 bytes} [Fri Jun 26 05:53:03 2026] POST /v2.0/subnets => generated 730 bytes in 297 msecs (HTTP/1.1 201) 4 headers in 162 bytes (1 switches on core 0)
2026-06-26 05:53:03.687 7 WARNING neutron.scheduler.dhcp_agent_scheduler [None req-c6b355bb-d277-4ff6-bc12-189f8d315580 d802d3d31a8843ac8b1a35d2b855301b 6ac2e77d87a74c78862d02d1e75a5e5f - - default default] No more DHCP agents
2026-06-26 05:53:03.688 7 WARNING neutron.api.rpc.agentnotifiers.dhcp_rpc_agent_api [None req-c6b355bb-d277-4ff6-bc12-189f8d315580 d802d3d31a8843ac8b1a35d2b855301b 6ac2e77d87a74c78862d02d1e75a5e5f - - default default] Unable to schedule network 5cd3cc53-9256-431f-97b4-06e652429365: no agents available; will retry on subsequent port and subnet creation events.
2026-06-26 05:53:03.822 7 INFO neutron.plugins.ml2.drivers.ovn.mech_driver.mech_driver [None req-7be9e433-0bce-4aff-8216-4bc27519f334 - - - - - -] OVN reports status down for port: 5a4bf124-71e7-453f-b098-20d04ec87b2d
2026-06-26 05:53:03.891 7 INFO neutron.db.ovn_revision_numbers_db [None req-c6b355bb-d277-4ff6-bc12-189f8d315580 d802d3d31a8843ac8b1a35d2b855301b 6ac2e77d87a74c78862d02d1e75a5e5f - - default default] Successfully bumped revision number for resource 5a4bf124-71e7-453f-b098-20d04ec87b2d (type: ports) to 1
2026-06-26 05:53:04.512 7 INFO neutron.plugins.ml2.drivers.ovn.mech_driver.ovsdb.commands [None req-364f053b-d2fb-4e24-a84a-04741935dc1a - - - - - -] Schedule LRP lrp-5a4bf124-71e7-453f-b098-20d04ec87b2d on gateway cb78b148-6419-4eb1-ab0c-d24a42b3fe6a with priority 1
2026-06-26 05:53:04.631 7 INFO neutron.plugins.ml2.drivers.ovn.mech_driver.ovsdb.ovsdb_monitor [None req-bdea4bf4-b689-40b5-9999-8b9ac7dfd1e5 - - - - - -] Router 2800977e-817b-49eb-99b9-ed950587e4ab is bound to host instance
2026-06-26 05:53:04.637 7 INFO neutron.plugins.ml2.drivers.ovn.mech_driver.mech_driver [None req-7be9e433-0bce-4aff-8216-4bc27519f334 - - - - - -] OVN reports status up for port: 5a4bf124-71e7-453f-b098-20d04ec87b2d
2026-06-26 05:53:04.722 7 INFO neutron.plugins.ml2.plugin [None req-7be9e433-0bce-4aff-8216-4bc27519f334 - - - - - -] Attempt 1 to provision port 5a4bf124-71e7-453f-b098-20d04ec87b2d
2026-06-26 05:53:04.749 7 INFO neutron.db.ovn_revision_numbers_db [None req-c6b355bb-d277-4ff6-bc12-189f8d315580 d802d3d31a8843ac8b1a35d2b855301b 6ac2e77d87a74c78862d02d1e75a5e5f - - default default] Successfully bumped revision number for resource 5a4bf124-71e7-453f-b098-20d04ec87b2d (type: router_ports) to 1
2026-06-26 05:53:04.960 7 INFO neutron.db.ovn_revision_numbers_db [None req-c6b355bb-d277-4ff6-bc12-189f8d315580 d802d3d31a8843ac8b1a35d2b855301b 6ac2e77d87a74c78862d02d1e75a5e5f - - default default] Successfully bumped revision number for resource 2800977e-817b-49eb-99b9-ed950587e4ab (type: routers) to 2 [pid: 7|app: 0|req: 1218/2750] 10.0.0.224 () {34 vars in 669 bytes} [Fri Jun 26 05:53:03 2026] POST /v2.0/routers => generated 945 bytes in 1667 msecs (HTTP/1.1 201) 4 headers in 162 bytes (1 switches on core 0)
2026-06-26 05:53:05.491 8 WARNING neutron.scheduler.dhcp_agent_scheduler [None req-c01a011f-0e6b-4412-9047-0c8a56c41b5a d802d3d31a8843ac8b1a35d2b855301b 6ac2e77d87a74c78862d02d1e75a5e5f - - default default] No more DHCP agents
2026-06-26 05:53:05.492 8 WARNING neutron.api.rpc.agentnotifiers.dhcp_rpc_agent_api [None req-c01a011f-0e6b-4412-9047-0c8a56c41b5a d802d3d31a8843ac8b1a35d2b855301b 6ac2e77d87a74c78862d02d1e75a5e5f - - default default] Unable to schedule network 6598daec-11ea-4246-aacf-786156c1f285: no agents available; will retry on subsequent port and subnet creation events.
2026-06-26 05:53:05.650 8 INFO neutron.db.ovn_revision_numbers_db [None req-c01a011f-0e6b-4412-9047-0c8a56c41b5a d802d3d31a8843ac8b1a35d2b855301b 6ac2e77d87a74c78862d02d1e75a5e5f - - default default] Successfully bumped revision number for resource 039bebe2-7e09-4051-a814-8d0ee5516336 (type: ports) to 1
2026-06-26 05:53:05.720 7 INFO neutron.db.ovn_revision_numbers_db [None req-ba36c937-6600-4233-afbd-663f69c576f6 - - - - - -] Successfully bumped revision number for resource 5a4bf124-71e7-453f-b098-20d04ec87b2d (type: ports) to 4
2026-06-26 05:53:06.083 7 INFO neutron.db.ovn_revision_numbers_db [None req-ba36c937-6600-4233-afbd-663f69c576f6 - - - - - -] Successfully bumped revision number for resource 5a4bf124-71e7-453f-b098-20d04ec87b2d (type: ports) to 5
2026-06-26 05:53:06.528 8 WARNING neutron.scheduler.dhcp_agent_scheduler [None req-c01a011f-0e6b-4412-9047-0c8a56c41b5a d802d3d31a8843ac8b1a35d2b855301b 6ac2e77d87a74c78862d02d1e75a5e5f - - default default] No more DHCP agents
2026-06-26 05:53:06.529 8 WARNING neutron.api.rpc.agentnotifiers.dhcp_rpc_agent_api [None req-c01a011f-0e6b-4412-9047-0c8a56c41b5a d802d3d31a8843ac8b1a35d2b855301b 6ac2e77d87a74c78862d02d1e75a5e5f - - default default] Unable to schedule network 6598daec-11ea-4246-aacf-786156c1f285: no agents available; will retry on subsequent port and subnet creation events.
2026-06-26 05:53:06.913 8 INFO neutron.db.ovn_revision_numbers_db [None req-c01a011f-0e6b-4412-9047-0c8a56c41b5a d802d3d31a8843ac8b1a35d2b855301b 6ac2e77d87a74c78862d02d1e75a5e5f - - default default] Successfully bumped revision number for resource 039bebe2-7e09-4051-a814-8d0ee5516336 (type: router_ports) to 1 [pid: 8|app: 0|req: 1533/2751] 10.0.0.224 () {34 vars in 783 bytes} [Fri Jun 26 05:53:04 2026] PUT /v2.0/routers/2800977e-817b-49eb-99b9-ed950587e4ab/add_router_interface => generated 309 bytes in 1921 msecs (HTTP/1.1 200) 4 headers in 157 bytes (1 switches on core 0)
2026-06-26 05:53:07.560 7 WARNING neutron.scheduler.dhcp_agent_scheduler [None req-2ea59738-cacf-4c18-af76-67c8ce6a1595 d802d3d31a8843ac8b1a35d2b855301b 6ac2e77d87a74c78862d02d1e75a5e5f - - default default] No more DHCP agents
2026-06-26 05:53:07.564 7 WARNING neutron.api.rpc.agentnotifiers.dhcp_rpc_agent_api [None req-2ea59738-cacf-4c18-af76-67c8ce6a1595 d802d3d31a8843ac8b1a35d2b855301b 6ac2e77d87a74c78862d02d1e75a5e5f - - default default] Unable to schedule network 09cb2ddc-8827-4832-9925-fb3c25700ca4: no agents available; will retry on subsequent port and subnet creation events.
2026-06-26 05:53:07.577 7 INFO neutron.plugins.ml2.drivers.ovn.mech_driver.mech_driver [None req-7be9e433-0bce-4aff-8216-4bc27519f334 - - - - - -] OVN reports status down for port: 039bebe2-7e09-4051-a814-8d0ee5516336
2026-06-26 05:53:07.694 7 WARNING neutron.plugins.ml2.drivers.ovn.mech_driver.ovsdb.ovn_client [None req-7be9e433-0bce-4aff-8216-4bc27519f334 - - - - - -] Logical_Switch_Port 039bebe2-7e09-4051-a814-8d0ee5516336 host information not removed, the port state is up
2026-06-26 05:53:07.696 7 INFO neutron.plugins.ml2.drivers.ovn.mech_driver.mech_driver [None req-7be9e433-0bce-4aff-8216-4bc27519f334 - - - - - -] OVN reports status up for port: 039bebe2-7e09-4051-a814-8d0ee5516336
2026-06-26 05:53:07.717 7 INFO neutron.plugins.ml2.plugin [None req-7be9e433-0bce-4aff-8216-4bc27519f334 - - - - - -] Attempt 1 to provision port 039bebe2-7e09-4051-a814-8d0ee5516336
2026-06-26 05:53:07.873 7 INFO neutron.db.ovn_revision_numbers_db [None req-2ea59738-cacf-4c18-af76-67c8ce6a1595 d802d3d31a8843ac8b1a35d2b855301b 6ac2e77d87a74c78862d02d1e75a5e5f - - default default] Successfully bumped revision number for resource 90f682c7-067c-4462-9564-db71139db252 (type: ports) to 1
2026-06-26 05:53:08.589 7 INFO neutron.db.ovn_revision_numbers_db [None req-7be9e433-0bce-4aff-8216-4bc27519f334 - - - - - -] Successfully bumped revision number for resource 039bebe2-7e09-4051-a814-8d0ee5516336 (type: ports) to 2
2026-06-26 05:53:09.099 7 WARNING neutron.scheduler.dhcp_agent_scheduler [None req-2ea59738-cacf-4c18-af76-67c8ce6a1595 d802d3d31a8843ac8b1a35d2b855301b 6ac2e77d87a74c78862d02d1e75a5e5f - - default default] No more DHCP agents
2026-06-26 05:53:09.101 7 WARNING neutron.api.rpc.agentnotifiers.dhcp_rpc_agent_api [None req-2ea59738-cacf-4c18-af76-67c8ce6a1595 d802d3d31a8843ac8b1a35d2b855301b 6ac2e77d87a74c78862d02d1e75a5e5f - - default default] Unable to schedule network 09cb2ddc-8827-4832-9925-fb3c25700ca4: no agents available; will retry on subsequent port and subnet creation events.
2026-06-26 05:53:09.562 7 INFO neutron.db.ovn_revision_numbers_db [None req-2ea59738-cacf-4c18-af76-67c8ce6a1595 d802d3d31a8843ac8b1a35d2b855301b 6ac2e77d87a74c78862d02d1e75a5e5f - - default default] Successfully bumped revision number for resource 90f682c7-067c-4462-9564-db71139db252 (type: router_ports) to 1 [pid: 7|app: 0|req: 1219/2752] 10.0.0.224 () {34 vars in 783 bytes} [Fri Jun 26 05:53:06 2026] PUT /v2.0/routers/2800977e-817b-49eb-99b9-ed950587e4ab/add_router_interface => generated 309 bytes in 2639 msecs (HTTP/1.1 200) 4 headers in 157 bytes (1 switches on core 0)
2026-06-26 05:53:10.097 8 WARNING neutron.scheduler.dhcp_agent_scheduler [None req-e9e295e0-1130-4bf3-8572-1ac2578eeb12 d802d3d31a8843ac8b1a35d2b855301b 6ac2e77d87a74c78862d02d1e75a5e5f - - default default] No more DHCP agents
2026-06-26 05:53:10.098 8 WARNING neutron.api.rpc.agentnotifiers.dhcp_rpc_agent_api [None req-e9e295e0-1130-4bf3-8572-1ac2578eeb12 d802d3d31a8843ac8b1a35d2b855301b 6ac2e77d87a74c78862d02d1e75a5e5f - - default default] Unable to schedule network edda8436-cacf-4066-a7f8-6822e9a6bf99: no agents available; will retry on subsequent port and subnet creation events.
2026-06-26 05:53:10.274 8 INFO neutron.db.ovn_revision_numbers_db [None req-e9e295e0-1130-4bf3-8572-1ac2578eeb12 d802d3d31a8843ac8b1a35d2b855301b 6ac2e77d87a74c78862d02d1e75a5e5f - - default default] Successfully bumped revision number for resource b7d44b3e-db4d-429f-9fe0-f67956098bda (type: ports) to 1
2026-06-26 05:53:11.013 8 WARNING neutron.scheduler.dhcp_agent_scheduler [None req-e9e295e0-1130-4bf3-8572-1ac2578eeb12 d802d3d31a8843ac8b1a35d2b855301b 6ac2e77d87a74c78862d02d1e75a5e5f - - default default] No more DHCP agents
2026-06-26 05:53:11.014 8 WARNING neutron.api.rpc.agentnotifiers.dhcp_rpc_agent_api [None req-e9e295e0-1130-4bf3-8572-1ac2578eeb12 d802d3d31a8843ac8b1a35d2b855301b 6ac2e77d87a74c78862d02d1e75a5e5f - - default default] Unable to schedule network edda8436-cacf-4066-a7f8-6822e9a6bf99: no agents available; will retry on subsequent port and subnet creation events.
2026-06-26 05:53:11.366 8 INFO neutron.db.ovn_revision_numbers_db [None req-e9e295e0-1130-4bf3-8572-1ac2578eeb12 d802d3d31a8843ac8b1a35d2b855301b 6ac2e77d87a74c78862d02d1e75a5e5f - - default default] Successfully bumped revision number for resource b7d44b3e-db4d-429f-9fe0-f67956098bda (type: router_ports) to 1 [pid: 8|app: 0|req: 1534/2753] 10.0.0.224 () {34 vars in 783 bytes} [Fri Jun 26 05:53:09 2026] PUT /v2.0/routers/2800977e-817b-49eb-99b9-ed950587e4ab/add_router_interface => generated 309 bytes in 1799 msecs (HTTP/1.1 200) 4 headers in 157 bytes (1 switches on core 0)
2026-06-26 05:53:11.565 7 INFO neutron.db.ovn_revision_numbers_db [None req-56a0966f-8c74-414a-9123-e08d8a8cfcc9 d802d3d31a8843ac8b1a35d2b855301b 6ac2e77d87a74c78862d02d1e75a5e5f - - default default] Successfully bumped revision number for resource f0788f39-865d-43f7-bbe9-ecdeb38411a5 (type: security_groups) to 1
2026-06-26 05:53:11.576 7 INFO neutron.db.ovn_revision_numbers_db [None req-56a0966f-8c74-414a-9123-e08d8a8cfcc9 d802d3d31a8843ac8b1a35d2b855301b 6ac2e77d87a74c78862d02d1e75a5e5f - - default default] Successfully bumped revision number for resource 2b26e857-f1f4-442f-b160-af6a4a402ca3 (type: security_group_rules) to 0
2026-06-26 05:53:11.587 7 INFO neutron.db.ovn_revision_numbers_db [None req-56a0966f-8c74-414a-9123-e08d8a8cfcc9 d802d3d31a8843ac8b1a35d2b855301b 6ac2e77d87a74c78862d02d1e75a5e5f - - default default] Successfully bumped revision number for resource 6b7a5de9-7492-4c1f-8acc-ae301086fa7e (type: security_group_rules) to 0 [pid: 7|app: 0|req: 1220/2754] 10.0.0.224 () {34 vars in 684 bytes} [Fri Jun 26 05:53:11 2026] POST /v2.0/security-groups => generated 1629 bytes in 201 msecs (HTTP/1.1 201) 4 headers in 163 bytes (1 switches on core 0)
2026-06-26 05:53:11.763 8 INFO neutron.db.ovn_revision_numbers_db [None req-44c25611-7b22-4775-a280-defca8d3222a d802d3d31a8843ac8b1a35d2b855301b 6ac2e77d87a74c78862d02d1e75a5e5f - - default default] Successfully bumped revision number for resource 216f0279-db3d-4090-814a-ef00796e63b5 (type: security_group_rules) to 0 [pid: 8|app: 0|req: 1535/2755] 10.0.0.224 () {34 vars in 695 bytes} [Fri Jun 26 05:53:11 2026] POST /v2.0/security-group-rules => generated 597 bytes in 162 msecs (HTTP/1.1 201) 4 headers in 162 bytes (1 switches on core 0)
2026-06-26 05:53:11.934 7 INFO neutron.db.ovn_revision_numbers_db [None req-928bc4d8-54a6-4d98-b193-1e3e34f05543 d802d3d31a8843ac8b1a35d2b855301b 6ac2e77d87a74c78862d02d1e75a5e5f - - default default] Successfully bumped revision number for resource 037fe6ed-1d2d-49b2-9f80-ff8db346046b (type: security_group_rules) to 0 [pid: 7|app: 0|req: 1221/2756] 10.0.0.224 () {34 vars in 695 bytes} [Fri Jun 26 05:53:11 2026] POST /v2.0/security-group-rules => generated 597 bytes in 168 msecs (HTTP/1.1 201) 4 headers in 162 bytes (1 switches on core 0)
2026-06-26 05:53:12.131 8 INFO neutron.db.ovn_revision_numbers_db [None req-99eefeb5-9377-4332-876c-d715cd645a54 d802d3d31a8843ac8b1a35d2b855301b 6ac2e77d87a74c78862d02d1e75a5e5f - - default default] Successfully bumped revision number for resource a6ddea91-c833-4c2f-beb0-006101069172 (type: security_group_rules) to 0 [pid: 8|app: 0|req: 1536/2757] 10.0.0.224 () {34 vars in 695 bytes} [Fri Jun 26 05:53:11 2026] POST /v2.0/security-group-rules => generated 599 bytes in 197 msecs (HTTP/1.1 201) 4 headers in 162 bytes (1 switches on core 0)
2026-06-26 05:53:12.321 7 INFO neutron.db.ovn_revision_numbers_db [None req-09f7f7af-ede7-4d06-8613-f4397b788278 d802d3d31a8843ac8b1a35d2b855301b 6ac2e77d87a74c78862d02d1e75a5e5f - - default default] Successfully bumped revision number for resource f5dbc1b1-83cb-400b-bbb1-48fa62b8f470 (type: security_group_rules) to 0 [pid: 7|app: 0|req: 1222/2758] 10.0.0.224 () {34 vars in 695 bytes} [Fri Jun 26 05:53:12 2026] POST /v2.0/security-group-rules => generated 601 bytes in 180 msecs (HTTP/1.1 201) 4 headers in 162 bytes (1 switches on core 0)
2026-06-26 05:53:12.515 8 INFO neutron.db.ovn_revision_numbers_db [None req-472f5bfd-2109-47b9-a5fd-449c468ad9f5 d802d3d31a8843ac8b1a35d2b855301b 6ac2e77d87a74c78862d02d1e75a5e5f - - default default] Successfully bumped revision number for resource 3bbabcb1-157e-4a75-96a8-3eb9b82e807f (type: security_group_rules) to 0 [pid: 8|app: 0|req: 1537/2759] 10.0.0.224 () {34 vars in 695 bytes} [Fri Jun 26 05:53:12 2026] POST /v2.0/security-group-rules => generated 601 bytes in 186 msecs (HTTP/1.1 201) 4 headers in 162 bytes (1 switches on core 0)
2026-06-26 05:53:12.721 7 INFO neutron.db.ovn_revision_numbers_db [None req-8f008406-39f7-49cb-8ac5-5f36fc6eae9b d802d3d31a8843ac8b1a35d2b855301b 6ac2e77d87a74c78862d02d1e75a5e5f - - default default] Successfully bumped revision number for resource 75a5be73-2685-41c1-937d-6dc4d43f3108 (type: security_group_rules) to 0 [pid: 7|app: 0|req: 1223/2760] 10.0.0.224 () {34 vars in 695 bytes} [Fri Jun 26 05:53:12 2026] POST /v2.0/security-group-rules => generated 597 bytes in 204 msecs (HTTP/1.1 201) 4 headers in 162 bytes (1 switches on core 0)
2026-06-26 05:53:12.920 8 INFO neutron.db.ovn_revision_numbers_db [None req-492cd0ce-d513-436a-8fbf-ef1f85da5a79 d802d3d31a8843ac8b1a35d2b855301b 6ac2e77d87a74c78862d02d1e75a5e5f - - default default] Successfully bumped revision number for resource 35b9857c-ce32-4319-924a-e4b508b72d9c (type: security_group_rules) to 0 [pid: 8|app: 0|req: 1538/2761] 10.0.0.224 () {34 vars in 695 bytes} [Fri Jun 26 05:53:12 2026] POST /v2.0/security-group-rules => generated 597 bytes in 191 msecs (HTTP/1.1 201) 4 headers in 162 bytes (1 switches on core 0)
2026-06-26 05:53:13.169 7 INFO neutron.db.ovn_revision_numbers_db [None req-63008e31-ca41-4989-bc23-12af2ecd5e70 d802d3d31a8843ac8b1a35d2b855301b 6ac2e77d87a74c78862d02d1e75a5e5f - - default default] Successfully bumped revision number for resource 03390465-e0d7-45f0-9caf-90194cfc859f (type: security_group_rules) to 0 [pid: 7|app: 0|req: 1224/2762] 10.0.0.224 () {34 vars in 695 bytes} [Fri Jun 26 05:53:12 2026] POST /v2.0/security-group-rules => generated 597 bytes in 242 msecs (HTTP/1.1 201) 4 headers in 162 bytes (1 switches on core 0)
2026-06-26 05:53:13.395 8 INFO neutron.db.ovn_revision_numbers_db [None req-0a705d72-d5cc-4210-8517-e4c981fc5337 d802d3d31a8843ac8b1a35d2b855301b 6ac2e77d87a74c78862d02d1e75a5e5f - - default default] Successfully bumped revision number for resource e9f29c4d-9edf-40d8-be40-290282e92850 (type: security_group_rules) to 0 [pid: 8|app: 0|req: 1539/2763] 10.0.0.224 () {34 vars in 695 bytes} [Fri Jun 26 05:53:13 2026] POST /v2.0/security-group-rules => generated 599 bytes in 220 msecs (HTTP/1.1 201) 4 headers in 162 bytes (1 switches on core 0)
