2026-03-31 06:06:57.700 7 INFO placement.requestlog [None req-f1cf41e9-3abc-429c-b79f-8d9d839b44c7 - - - - - -] 10.0.0.78 "GET /" status: 200 len: 136 microversion: 1.0
2026-03-31 06:06:57.700 8 INFO placement.requestlog [None req-d0572d76-d175-4cb5-aa74-69b8c8b968d5 - - - - - -] 10.0.0.78 "GET /" status: 200 len: 136 microversion: 1.0
2026-03-31 06:07:07.701 8 INFO placement.requestlog [None req-64c88b32-083f-435a-bc06-69c48e5dcf0a - - - - - -] 10.0.0.78 "GET /" status: 200 len: 136 microversion: 1.0
2026-03-31 06:07:07.702 7 INFO placement.requestlog [None req-67da075f-d08e-4c7d-9229-51e75cd94f46 - - - - - -] 10.0.0.78 "GET /" status: 200 len: 136 microversion: 1.0
2026-03-31 06:07:17.701 8 INFO placement.requestlog [None req-3bb338e6-6966-485f-89ec-8626d181a1a7 - - - - - -] 10.0.0.78 "GET /" status: 200 len: 136 microversion: 1.0
2026-03-31 06:07:17.702 7 INFO placement.requestlog [None req-06950662-936c-4f79-bc93-7274376c8179 - - - - - -] 10.0.0.78 "GET /" status: 200 len: 136 microversion: 1.0
2026-03-31 06:07:27.701 7 INFO placement.requestlog [None req-a65857c6-e707-49a8-b2fb-4ec222dfa772 - - - - - -] 10.0.0.78 "GET /" status: 200 len: 136 microversion: 1.0
2026-03-31 06:07:27.702 8 INFO placement.requestlog [None req-887436c1-d5bc-43c1-8274-f4b410306a23 - - - - - -] 10.0.0.78 "GET /" status: 200 len: 136 microversion: 1.0
2026-03-31 06:07:37.700 7 INFO placement.requestlog [None req-b14a6756-1f15-4674-a5df-ebdfec5d50e8 - - - - - -] 10.0.0.78 "GET /" status: 200 len: 136 microversion: 1.0
2026-03-31 06:07:37.700 8 INFO placement.requestlog [None req-91eb0214-13f9-405f-8941-030f14b4eddd - - - - - -] 10.0.0.78 "GET /" status: 200 len: 136 microversion: 1.0
2026-03-31 06:07:47.107 7 INFO placement.requestlog [req-36aad876-214d-45d7-8205-a7323065ee27 req-fef8d4e7-154a-47a7-ac61-daa9a3e86bb2 452f008e10e74aba8631b37d116eadda 08a9b21bd967415ab07e7a90dee702d1 - - e18e2a1e64764dd8bbaae43f2550abff e18e2a1e64764dd8bbaae43f2550abff] 199.204.45.238 "GET /resource_providers/ddf007f6-6559-4534-83da-946228d7d60f/allocations" status: 200 len: 54 microversion: 1.0 [pid: 7|app: 0|req: 297/595] 199.204.45.238 () {32 vars in 857 bytes} [Tue Mar 31 06:07:47 2026] GET /resource_providers/ddf007f6-6559-4534-83da-946228d7d60f/allocations => generated 54 bytes in 20 msecs (HTTP/1.1 200) 6 headers in 223 bytes (1 switches on core 0)
2026-03-31 06:07:47.133 8 INFO placement.requestlog [req-36aad876-214d-45d7-8205-a7323065ee27 req-d77603f3-039e-430a-b81e-4a60013eecc8 452f008e10e74aba8631b37d116eadda 08a9b21bd967415ab07e7a90dee702d1 - - e18e2a1e64764dd8bbaae43f2550abff e18e2a1e64764dd8bbaae43f2550abff] 199.204.45.238 "GET /resource_providers/ddf007f6-6559-4534-83da-946228d7d60f/allocations" status: 200 len: 54 microversion: 1.0 [pid: 8|app: 0|req: 299/596] 199.204.45.238 () {32 vars in 857 bytes} [Tue Mar 31 06:07:47 2026] GET /resource_providers/ddf007f6-6559-4534-83da-946228d7d60f/allocations => generated 54 bytes in 15 msecs (HTTP/1.1 200) 6 headers in 223 bytes (1 switches on core 0)
2026-03-31 06:07:47.700 7 INFO placement.requestlog [None req-3c876f79-4e64-422e-84d2-0f72ccaef49d - - - - - -] 10.0.0.78 "GET /" status: 200 len: 136 microversion: 1.0
2026-03-31 06:07:47.701 8 INFO placement.requestlog [None req-79295893-dbb4-4800-a2bd-c7a146c41b6d - - - - - -] 10.0.0.78 "GET /" status: 200 len: 136 microversion: 1.0
2026-03-31 06:07:57.700 7 INFO placement.requestlog [None req-96917ffa-a4f1-4c61-97e1-f8de05c42a59 - - - - - -] 10.0.0.78 "GET /" status: 200 len: 136 microversion: 1.0
2026-03-31 06:07:57.701 8 INFO placement.requestlog [None req-cd96080b-f254-4100-825a-d5cc2140c44f - - - - - -] 10.0.0.78 "GET /" status: 200 len: 136 microversion: 1.0
2026-03-31 06:08:07.700 8 INFO placement.requestlog [None req-cd21e40c-1fee-4b80-b971-7d7bf772d55b - - - - - -] 10.0.0.78 "GET /" status: 200 len: 136 microversion: 1.0
2026-03-31 06:08:07.700 7 INFO placement.requestlog [None req-2fc23dce-58cf-4da0-91ae-dd420279d0e3 - - - - - -] 10.0.0.78 "GET /" status: 200 len: 136 microversion: 1.0
2026-03-31 06:08:17.700 8 INFO placement.requestlog [None req-9881c652-2dac-47c9-9038-3037a8cf4a0c - - - - - -] 10.0.0.78 "GET /" status: 200 len: 136 microversion: 1.0
2026-03-31 06:08:17.700 7 INFO placement.requestlog [None req-d5320680-8305-4a6b-bbd5-32ac98f09b31 - - - - - -] 10.0.0.78 "GET /" status: 200 len: 136 microversion: 1.0
2026-03-31 06:08:27.700 8 INFO placement.requestlog [None req-d6496932-451b-4b94-a94b-5b802b71113e - - - - - -] 10.0.0.78 "GET /" status: 200 len: 136 microversion: 1.0
2026-03-31 06:08:27.700 7 INFO placement.requestlog [None req-64a0d841-5324-4f88-82d1-cc71d6487234 - - - - - -] 10.0.0.78 "GET /" status: 200 len: 136 microversion: 1.0
2026-03-31 06:08:37.701 8 INFO placement.requestlog [None req-bdaec159-c832-46bf-806c-e58ab7237cf9 - - - - - -] 10.0.0.78 "GET /" status: 200 len: 136 microversion: 1.0
2026-03-31 06:08:37.702 7 INFO placement.requestlog [None req-0dbe746d-7ed9-4da9-87e2-b7cf51e3acc4 - - - - - -] 10.0.0.78 "GET /" status: 200 len: 136 microversion: 1.0
2026-03-31 06:08:47.700 7 INFO placement.requestlog [None req-e967ceca-9f63-43e8-b795-572ebdbabb88 - - - - - -] 10.0.0.78 "GET /" status: 200 len: 136 microversion: 1.0
2026-03-31 06:08:47.700 8 INFO placement.requestlog [None req-8dd20bf9-35ac-407e-abae-60c0ade86dea - - - - - -] 10.0.0.78 "GET /" status: 200 len: 136 microversion: 1.0
2026-03-31 06:08:48.086 7 INFO placement.requestlog [req-df05f76b-19b1-4562-a476-4a6d7630d95f req-cc0b4f3d-2eea-48d2-a0d1-5e5aeebbcaeb 452f008e10e74aba8631b37d116eadda 08a9b21bd967415ab07e7a90dee702d1 - - e18e2a1e64764dd8bbaae43f2550abff e18e2a1e64764dd8bbaae43f2550abff] 199.204.45.238 "GET /resource_providers/ddf007f6-6559-4534-83da-946228d7d60f/allocations" status: 200 len: 54 microversion: 1.0 [pid: 7|app: 0|req: 305/611] 199.204.45.238 () {32 vars in 857 bytes} [Tue Mar 31 06:08:48 2026] GET /resource_providers/ddf007f6-6559-4534-83da-946228d7d60f/allocations => generated 54 bytes in 19 msecs (HTTP/1.1 200) 6 headers in 223 bytes (1 switches on core 0)
2026-03-31 06:08:48.111 8 INFO placement.requestlog [req-df05f76b-19b1-4562-a476-4a6d7630d95f req-0a6cbcc2-8da5-4906-a163-5620f44305ba 452f008e10e74aba8631b37d116eadda 08a9b21bd967415ab07e7a90dee702d1 - - e18e2a1e64764dd8bbaae43f2550abff e18e2a1e64764dd8bbaae43f2550abff] 199.204.45.238 "GET /resource_providers/ddf007f6-6559-4534-83da-946228d7d60f/allocations" status: 200 len: 54 microversion: 1.0 [pid: 8|app: 0|req: 307/612] 199.204.45.238 () {32 vars in 857 bytes} [Tue Mar 31 06:08:48 2026] GET /resource_providers/ddf007f6-6559-4534-83da-946228d7d60f/allocations => generated 54 bytes in 16 msecs (HTTP/1.1 200) 6 headers in 223 bytes (1 switches on core 0)
2026-03-31 06:08:57.701 7 INFO placement.requestlog [None req-eb389bfc-8936-48f0-bfad-31c89c9aa786 - - - - - -] 10.0.0.78 "GET /" status: 200 len: 136 microversion: 1.0
2026-03-31 06:08:57.701 8 INFO placement.requestlog [None req-cc0fd5a8-9763-44a8-ad3c-a0ff164b4885 - - - - - -] 10.0.0.78 "GET /" status: 200 len: 136 microversion: 1.0
2026-03-31 06:09:07.700 8 INFO placement.requestlog [None req-09509456-49d3-42cf-b9f5-715fddafdf5d - - - - - -] 10.0.0.78 "GET /" status: 200 len: 136 microversion: 1.0
2026-03-31 06:09:07.700 7 INFO placement.requestlog [None req-6a4f7298-4e71-41e3-b1c4-249eadf8c0cd - - - - - -] 10.0.0.78 "GET /" status: 200 len: 136 microversion: 1.0
2026-03-31 06:09:17.700 8 INFO placement.requestlog [None req-1022a0a4-6dc7-482e-af22-9ddd1dcdb5aa - - - - - -] 10.0.0.78 "GET /" status: 200 len: 136 microversion: 1.0
2026-03-31 06:09:17.700 7 INFO placement.requestlog [None req-07692554-e9e6-4e1a-9bd1-be115bae4be3 - - - - - -] 10.0.0.78 "GET /" status: 200 len: 136 microversion: 1.0
2026-03-31 06:09:19.081 8 INFO placement.requestlog [None req-581dd969-6656-494f-b882-daa9b16884ad f0e8b8b1a0c04dbb82fe25c74875ae06 08a9b21bd967415ab07e7a90dee702d1 - - e18e2a1e64764dd8bbaae43f2550abff e18e2a1e64764dd8bbaae43f2550abff] 10.0.0.197 "GET /resource_providers/30fcf461-39a7-4122-a07f-297a4c78b110/aggregates" status: 404 len: 235 microversion: 1.1 [pid: 8|app: 0|req: 311/619] 10.0.0.197 () {32 vars in 816 bytes} [Tue Mar 31 06:09:18 2026] GET /resource_providers/30fcf461-39a7-4122-a07f-297a4c78b110/aggregates => generated 235 bytes in 248 msecs (HTTP/1.1 404) 5 headers in 202 bytes (1 switches on core 0)
2026-03-31 06:09:19.084 7 INFO placement.requestlog [None req-23d375cc-e779-4b82-839c-e9a0cfecde53 f0e8b8b1a0c04dbb82fe25c74875ae06 08a9b21bd967415ab07e7a90dee702d1 - - e18e2a1e64764dd8bbaae43f2550abff e18e2a1e64764dd8bbaae43f2550abff] 10.0.0.197 "GET /resource_providers/30fcf461-39a7-4122-a07f-297a4c78b110/aggregates" status: 404 len: 235 microversion: 1.1 [pid: 7|app: 0|req: 309/620] 10.0.0.197 () {32 vars in 816 bytes} [Tue Mar 31 06:09:18 2026] GET /resource_providers/30fcf461-39a7-4122-a07f-297a4c78b110/aggregates => generated 235 bytes in 250 msecs (HTTP/1.1 404) 5 headers in 202 bytes (1 switches on core 0)
2026-03-31 06:09:19.102 8 INFO placement.requestlog [None req-b76eb5df-c493-4fc1-af35-c531bed023ad f0e8b8b1a0c04dbb82fe25c74875ae06 08a9b21bd967415ab07e7a90dee702d1 - - e18e2a1e64764dd8bbaae43f2550abff e18e2a1e64764dd8bbaae43f2550abff] 10.0.0.197 "DELETE /resource_providers/30fcf461-39a7-4122-a07f-297a4c78b110" status: 404 len: 246 microversion: 1.1 [pid: 8|app: 0|req: 312/621] 10.0.0.197 () {34 vars in 816 bytes} [Tue Mar 31 06:09:19 2026] DELETE /resource_providers/30fcf461-39a7-4122-a07f-297a4c78b110 => generated 246 bytes in 13 msecs (HTTP/1.1 404) 6 headers in 231 bytes (1 switches on core 0)
2026-03-31 06:09:19.109 7 INFO placement.requestlog [None req-ba0f4b40-d469-4851-b3a2-84b0964c6ace f0e8b8b1a0c04dbb82fe25c74875ae06 08a9b21bd967415ab07e7a90dee702d1 - - e18e2a1e64764dd8bbaae43f2550abff e18e2a1e64764dd8bbaae43f2550abff] 10.0.0.197 "DELETE /resource_providers/30fcf461-39a7-4122-a07f-297a4c78b110" status: 404 len: 246 microversion: 1.1 [pid: 7|app: 0|req: 310/622] 10.0.0.197 () {34 vars in 816 bytes} [Tue Mar 31 06:09:19 2026] DELETE /resource_providers/30fcf461-39a7-4122-a07f-297a4c78b110 => generated 246 bytes in 13 msecs (HTTP/1.1 404) 6 headers in 231 bytes (1 switches on core 0)
2026-03-31 06:09:20.357 8 INFO placement.requestlog [req-80efd5c7-08f4-40f1-956a-d5da8787543a req-fb4fbd4c-17d0-4f3c-8f36-5c07f420eb16 452f008e10e74aba8631b37d116eadda 08a9b21bd967415ab07e7a90dee702d1 - - e18e2a1e64764dd8bbaae43f2550abff e18e2a1e64764dd8bbaae43f2550abff] 10.0.0.99 "GET /allocation_candidates?limit=1000&resources=MEMORY_MB%3A512%2CVCPU%3A1&root_required=%21COMPUTE_STATUS_DISABLED" status: 200 len: 2203 microversion: 1.36 [pid: 8|app: 0|req: 313/623] 10.0.0.99 () {34 vars in 983 bytes} [Tue Mar 31 06:09:20 2026] GET /allocation_candidates?limit=1000&resources=MEMORY_MB%3A512%2CVCPU%3A1&root_required=%21COMPUTE_STATUS_DISABLED => generated 2203 bytes in 243 msecs (HTTP/1.1 200) 8 headers in 297 bytes (1 switches on core 0)
2026-03-31 06:09:20.400 7 INFO placement.requestlog [req-80efd5c7-08f4-40f1-956a-d5da8787543a req-8b6017f0-5c8a-447d-8201-9a0b768a3653 452f008e10e74aba8631b37d116eadda 08a9b21bd967415ab07e7a90dee702d1 - - e18e2a1e64764dd8bbaae43f2550abff e18e2a1e64764dd8bbaae43f2550abff] 10.0.0.99 "GET /allocations/d05c2b84-4517-47fb-9cea-83a7780694fb" status: 200 len: 19 microversion: 1.28 [pid: 7|app: 0|req: 311/624] 10.0.0.99 () {34 vars in 860 bytes} [Tue Mar 31 06:09:20 2026] GET /allocations/d05c2b84-4517-47fb-9cea-83a7780694fb => generated 19 bytes in 13 msecs (HTTP/1.1 200) 8 headers in 295 bytes (1 switches on core 0)
2026-03-31 06:09:20.490 8 INFO placement.requestlog [req-80efd5c7-08f4-40f1-956a-d5da8787543a req-655a1060-f7db-477f-b932-2b817f1c0e46 452f008e10e74aba8631b37d116eadda 08a9b21bd967415ab07e7a90dee702d1 - - e18e2a1e64764dd8bbaae43f2550abff e18e2a1e64764dd8bbaae43f2550abff] 10.0.0.99 "PUT /allocations/d05c2b84-4517-47fb-9cea-83a7780694fb" status: 204 len: 0 microversion: 1.36 [pid: 8|app: 0|req: 314/625] 10.0.0.99 () {38 vars in 913 bytes} [Tue Mar 31 06:09:20 2026] PUT /allocations/d05c2b84-4517-47fb-9cea-83a7780694fb => generated 0 bytes in 85 msecs (HTTP/1.1 204) 5 headers in 199 bytes (1 switches on core 0)
2026-03-31 06:09:20.986 7 INFO placement.requestlog [req-80efd5c7-08f4-40f1-956a-d5da8787543a req-1f192795-8e66-4ba8-a0c7-6ff762d37931 452f008e10e74aba8631b37d116eadda 08a9b21bd967415ab07e7a90dee702d1 - - e18e2a1e64764dd8bbaae43f2550abff e18e2a1e64764dd8bbaae43f2550abff] 199.204.45.238 "GET /allocations/d05c2b84-4517-47fb-9cea-83a7780694fb" status: 200 len: 243 microversion: 1.28 [pid: 7|app: 0|req: 312/626] 199.204.45.238 () {34 vars in 863 bytes} [Tue Mar 31 06:09:20 2026] GET /allocations/d05c2b84-4517-47fb-9cea-83a7780694fb => generated 243 bytes in 36 msecs (HTTP/1.1 200) 8 headers in 296 bytes (1 switches on core 0)
2026-03-31 06:09:21.143 8 INFO placement.requestlog [None req-f462d307-4c99-45ae-be3a-7cc47e37c584 f0e8b8b1a0c04dbb82fe25c74875ae06 08a9b21bd967415ab07e7a90dee702d1 - - e18e2a1e64764dd8bbaae43f2550abff e18e2a1e64764dd8bbaae43f2550abff] 10.0.0.197 "GET /resource_providers/7e98d989-d8eb-4c17-9757-74bed571def3/aggregates" status: 404 len: 235 microversion: 1.1 [pid: 8|app: 0|req: 315/627] 10.0.0.197 () {32 vars in 816 bytes} [Tue Mar 31 06:09:21 2026] GET /resource_providers/7e98d989-d8eb-4c17-9757-74bed571def3/aggregates => generated 235 bytes in 13 msecs (HTTP/1.1 404) 5 headers in 202 bytes (1 switches on core 0)
2026-03-31 06:09:21.147 7 INFO placement.requestlog [None req-0b278218-bdab-4a90-95f3-e61f2f6ddedc f0e8b8b1a0c04dbb82fe25c74875ae06 08a9b21bd967415ab07e7a90dee702d1 - - e18e2a1e64764dd8bbaae43f2550abff e18e2a1e64764dd8bbaae43f2550abff] 10.0.0.197 "GET /resource_providers/7e98d989-d8eb-4c17-9757-74bed571def3/aggregates" status: 404 len: 235 microversion: 1.1 [pid: 7|app: 0|req: 313/628] 10.0.0.197 () {32 vars in 816 bytes} [Tue Mar 31 06:09:21 2026] GET /resource_providers/7e98d989-d8eb-4c17-9757-74bed571def3/aggregates => generated 235 bytes in 12 msecs (HTTP/1.1 404) 5 headers in 202 bytes (1 switches on core 0)
2026-03-31 06:09:21.169 7 INFO placement.requestlog [None req-cc164b61-b571-4087-9347-3ac145788dd8 f0e8b8b1a0c04dbb82fe25c74875ae06 08a9b21bd967415ab07e7a90dee702d1 - - e18e2a1e64764dd8bbaae43f2550abff e18e2a1e64764dd8bbaae43f2550abff] 10.0.0.197 "DELETE /resource_providers/7e98d989-d8eb-4c17-9757-74bed571def3" status: 404 len: 246 microversion: 1.1 [pid: 7|app: 0|req: 314/629] 10.0.0.197 () {34 vars in 816 bytes} [Tue Mar 31 06:09:21 2026] DELETE /resource_providers/7e98d989-d8eb-4c17-9757-74bed571def3 => generated 246 bytes in 11 msecs (HTTP/1.1 404) 6 headers in 231 bytes (1 switches on core 0)
2026-03-31 06:09:21.178 8 INFO placement.requestlog [req-80efd5c7-08f4-40f1-956a-d5da8787543a req-8a7e9180-765f-4896-a050-fb12c7dfc15c 452f008e10e74aba8631b37d116eadda 08a9b21bd967415ab07e7a90dee702d1 - - e18e2a1e64764dd8bbaae43f2550abff e18e2a1e64764dd8bbaae43f2550abff] 199.204.45.238 "GET /resource_providers/ddf007f6-6559-4534-83da-946228d7d60f/allocations" status: 200 len: 138 microversion: 1.0 [pid: 8|app: 0|req: 316/630] 199.204.45.238 () {32 vars in 857 bytes} [Tue Mar 31 06:09:21 2026] GET /resource_providers/ddf007f6-6559-4534-83da-946228d7d60f/allocations => generated 138 bytes in 27 msecs (HTTP/1.1 200) 6 headers in 224 bytes (1 switches on core 0)
2026-03-31 06:09:21.179 7 INFO placement.requestlog [None req-a0dbf316-f350-4c5b-961f-fcaf95526ec7 f0e8b8b1a0c04dbb82fe25c74875ae06 08a9b21bd967415ab07e7a90dee702d1 - - e18e2a1e64764dd8bbaae43f2550abff e18e2a1e64764dd8bbaae43f2550abff] 10.0.0.197 "DELETE /resource_providers/7e98d989-d8eb-4c17-9757-74bed571def3" status: 404 len: 246 microversion: 1.1 [pid: 7|app: 0|req: 315/631] 10.0.0.197 () {34 vars in 816 bytes} [Tue Mar 31 06:09:21 2026] DELETE /resource_providers/7e98d989-d8eb-4c17-9757-74bed571def3 => generated 246 bytes in 10 msecs (HTTP/1.1 404) 6 headers in 231 bytes (1 switches on core 0)
2026-03-31 06:09:21.204 8 INFO placement.requestlog [req-80efd5c7-08f4-40f1-956a-d5da8787543a req-8e67bcea-676e-463e-a27a-5f5f8734aaac 452f008e10e74aba8631b37d116eadda 08a9b21bd967415ab07e7a90dee702d1 - - e18e2a1e64764dd8bbaae43f2550abff e18e2a1e64764dd8bbaae43f2550abff] 199.204.45.238 "GET /allocations/d05c2b84-4517-47fb-9cea-83a7780694fb" status: 200 len: 243 microversion: 1.28 [pid: 8|app: 0|req: 317/632] 199.204.45.238 () {34 vars in 863 bytes} [Tue Mar 31 06:09:21 2026] GET /allocations/d05c2b84-4517-47fb-9cea-83a7780694fb => generated 243 bytes in 19 msecs (HTTP/1.1 200) 8 headers in 296 bytes (1 switches on core 0)
2026-03-31 06:09:23.207 7 INFO placement.requestlog [None req-c68c4aea-1f68-4651-a5b2-0ba258b2036d f0e8b8b1a0c04dbb82fe25c74875ae06 08a9b21bd967415ab07e7a90dee702d1 - - e18e2a1e64764dd8bbaae43f2550abff e18e2a1e64764dd8bbaae43f2550abff] 10.0.0.197 "GET /resource_providers/b543a64f-f6e9-49ca-8e08-aacf7baf71c0/aggregates" status: 404 len: 235 microversion: 1.1 [pid: 7|app: 0|req: 316/633] 10.0.0.197 () {32 vars in 816 bytes} [Tue Mar 31 06:09:23 2026] GET /resource_providers/b543a64f-f6e9-49ca-8e08-aacf7baf71c0/aggregates => generated 235 bytes in 11 msecs (HTTP/1.1 404) 5 headers in 202 bytes (1 switches on core 0)
2026-03-31 06:09:23.219 8 INFO placement.requestlog [None req-14c944a8-62f3-4da3-affb-7cebe424beff f0e8b8b1a0c04dbb82fe25c74875ae06 08a9b21bd967415ab07e7a90dee702d1 - - e18e2a1e64764dd8bbaae43f2550abff e18e2a1e64764dd8bbaae43f2550abff] 10.0.0.197 "GET /resource_providers/b543a64f-f6e9-49ca-8e08-aacf7baf71c0/aggregates" status: 404 len: 235 microversion: 1.1 [pid: 8|app: 0|req: 318/634] 10.0.0.197 () {32 vars in 816 bytes} [Tue Mar 31 06:09:23 2026] GET /resource_providers/b543a64f-f6e9-49ca-8e08-aacf7baf71c0/aggregates => generated 235 bytes in 16 msecs (HTTP/1.1 404) 5 headers in 202 bytes (1 switches on core 0)
2026-03-31 06:09:23.229 7 INFO placement.requestlog [None req-fe010b16-c52b-4a68-b761-2f66a883769a f0e8b8b1a0c04dbb82fe25c74875ae06 08a9b21bd967415ab07e7a90dee702d1 - - e18e2a1e64764dd8bbaae43f2550abff e18e2a1e64764dd8bbaae43f2550abff] 10.0.0.197 "DELETE /resource_providers/b543a64f-f6e9-49ca-8e08-aacf7baf71c0" status: 404 len: 246 microversion: 1.1 [pid: 7|app: 0|req: 317/635] 10.0.0.197 () {34 vars in 816 bytes} [Tue Mar 31 06:09:23 2026] DELETE /resource_providers/b543a64f-f6e9-49ca-8e08-aacf7baf71c0 => generated 246 bytes in 13 msecs (HTTP/1.1 404) 6 headers in 231 bytes (1 switches on core 0)
2026-03-31 06:09:23.234 8 INFO placement.requestlog [None req-99e011c5-ea25-4a77-8e2d-9ebd7e3e69c3 f0e8b8b1a0c04dbb82fe25c74875ae06 08a9b21bd967415ab07e7a90dee702d1 - - e18e2a1e64764dd8bbaae43f2550abff e18e2a1e64764dd8bbaae43f2550abff] 10.0.0.197 "DELETE /resource_providers/b543a64f-f6e9-49ca-8e08-aacf7baf71c0" status: 404 len: 246 microversion: 1.1 [pid: 8|app: 0|req: 319/636] 10.0.0.197 () {34 vars in 816 bytes} [Tue Mar 31 06:09:23 2026] DELETE /resource_providers/b543a64f-f6e9-49ca-8e08-aacf7baf71c0 => generated 246 bytes in 10 msecs (HTTP/1.1 404) 6 headers in 231 bytes (1 switches on core 0)
2026-03-31 06:09:25.251 7 INFO placement.requestlog [None req-f9b4bae6-8dd8-4fdf-99b5-54917fe661cf f0e8b8b1a0c04dbb82fe25c74875ae06 08a9b21bd967415ab07e7a90dee702d1 - - e18e2a1e64764dd8bbaae43f2550abff e18e2a1e64764dd8bbaae43f2550abff] 10.0.0.197 "GET /resource_providers/6098b0ff-35d2-4024-833c-79f8ce3faa18/aggregates" status: 404 len: 235 microversion: 1.1 [pid: 7|app: 0|req: 318/637] 10.0.0.197 () {32 vars in 816 bytes} [Tue Mar 31 06:09:25 2026] GET /resource_providers/6098b0ff-35d2-4024-833c-79f8ce3faa18/aggregates => generated 235 bytes in 11 msecs (HTTP/1.1 404) 5 headers in 202 bytes (1 switches on core 0)
2026-03-31 06:09:25.258 8 INFO placement.requestlog [None req-b6a3d3cb-6bec-413e-9437-38849e5fab24 f0e8b8b1a0c04dbb82fe25c74875ae06 08a9b21bd967415ab07e7a90dee702d1 - - e18e2a1e64764dd8bbaae43f2550abff e18e2a1e64764dd8bbaae43f2550abff] 10.0.0.197 "GET /resource_providers/6098b0ff-35d2-4024-833c-79f8ce3faa18/aggregates" status: 404 len: 235 microversion: 1.1 [pid: 8|app: 0|req: 320/638] 10.0.0.197 () {32 vars in 816 bytes} [Tue Mar 31 06:09:25 2026] GET /resource_providers/6098b0ff-35d2-4024-833c-79f8ce3faa18/aggregates => generated 235 bytes in 13 msecs (HTTP/1.1 404) 5 headers in 202 bytes (1 switches on core 0)
2026-03-31 06:09:25.269 7 INFO placement.requestlog [None req-851e112c-45ea-4b35-a489-f33fe1a6ab24 f0e8b8b1a0c04dbb82fe25c74875ae06 08a9b21bd967415ab07e7a90dee702d1 - - e18e2a1e64764dd8bbaae43f2550abff e18e2a1e64764dd8bbaae43f2550abff] 10.0.0.197 "DELETE /resource_providers/6098b0ff-35d2-4024-833c-79f8ce3faa18" status: 404 len: 246 microversion: 1.1 [pid: 7|app: 0|req: 319/639] 10.0.0.197 () {34 vars in 816 bytes} [Tue Mar 31 06:09:25 2026] DELETE /resource_providers/6098b0ff-35d2-4024-833c-79f8ce3faa18 => generated 246 bytes in 12 msecs (HTTP/1.1 404) 6 headers in 231 bytes (1 switches on core 0)
2026-03-31 06:09:25.277 8 INFO placement.requestlog [None req-ea8754b9-12bb-4754-90ba-2989f4d79147 f0e8b8b1a0c04dbb82fe25c74875ae06 08a9b21bd967415ab07e7a90dee702d1 - - e18e2a1e64764dd8bbaae43f2550abff e18e2a1e64764dd8bbaae43f2550abff] 10.0.0.197 "DELETE /resource_providers/6098b0ff-35d2-4024-833c-79f8ce3faa18" status: 404 len: 246 microversion: 1.1 [pid: 8|app: 0|req: 321/640] 10.0.0.197 () {34 vars in 816 bytes} [Tue Mar 31 06:09:25 2026] DELETE /resource_providers/6098b0ff-35d2-4024-833c-79f8ce3faa18 => generated 246 bytes in 13 msecs (HTTP/1.1 404) 6 headers in 231 bytes (1 switches on core 0)
2026-03-31 06:09:27.700 7 INFO placement.requestlog [None req-0223df7c-ef7d-4a8d-91a1-53a26f05da28 - - - - - -] 10.0.0.78 "GET /" status: 200 len: 136 microversion: 1.0
2026-03-31 06:09:27.702 8 INFO placement.requestlog [None req-6836f4f7-acee-419a-8bd3-cde0e0f12f7a - - - - - -] 10.0.0.78 "GET /" status: 200 len: 136 microversion: 1.0
2026-03-31 06:09:30.937 7 INFO placement.requestlog [req-d8ad08e4-aecd-410d-a005-24a50fd97aff req-9a2972f1-a6ae-4370-904c-56900dea8e1f 452f008e10e74aba8631b37d116eadda 08a9b21bd967415ab07e7a90dee702d1 - - e18e2a1e64764dd8bbaae43f2550abff e18e2a1e64764dd8bbaae43f2550abff] 10.0.0.99 "GET /allocation_candidates?limit=1000&resources=DISK_GB%3A1%2CMEMORY_MB%3A512%2CVCPU%3A1&root_required=%21COMPUTE_STATUS_DISABLED" status: 200 len: 2219 microversion: 1.36 [pid: 7|app: 0|req: 321/643] 10.0.0.99 () {34 vars in 1011 bytes} [Tue Mar 31 06:09:30 2026] GET /allocation_candidates?limit=1000&resources=DISK_GB%3A1%2CMEMORY_MB%3A512%2CVCPU%3A1&root_required=%21COMPUTE_STATUS_DISABLED => generated 2219 bytes in 80 msecs (HTTP/1.1 200) 8 headers in 297 bytes (1 switches on core 0)
2026-03-31 06:09:31.030 8 INFO placement.requestlog [req-d8ad08e4-aecd-410d-a005-24a50fd97aff req-9d2554e9-0a1e-4fd6-a6d3-f25f2f2c3be2 452f008e10e74aba8631b37d116eadda 08a9b21bd967415ab07e7a90dee702d1 - - e18e2a1e64764dd8bbaae43f2550abff e18e2a1e64764dd8bbaae43f2550abff] 10.0.0.99 "GET /allocations/92193477-05e3-49a2-963b-db108bfbc12c" status: 200 len: 19 microversion: 1.28 [pid: 8|app: 0|req: 323/644] 10.0.0.99 () {34 vars in 860 bytes} [Tue Mar 31 06:09:30 2026] GET /allocations/92193477-05e3-49a2-963b-db108bfbc12c => generated 19 bytes in 38 msecs (HTTP/1.1 200) 8 headers in 295 bytes (1 switches on core 0)
2026-03-31 06:09:31.180 7 INFO placement.requestlog [req-d8ad08e4-aecd-410d-a005-24a50fd97aff req-d402d8f8-d731-4af3-931c-ea20ad576bdf 452f008e10e74aba8631b37d116eadda 08a9b21bd967415ab07e7a90dee702d1 - - e18e2a1e64764dd8bbaae43f2550abff e18e2a1e64764dd8bbaae43f2550abff] 10.0.0.99 "PUT /allocations/92193477-05e3-49a2-963b-db108bfbc12c" status: 204 len: 0 microversion: 1.36 [pid: 7|app: 0|req: 322/645] 10.0.0.99 () {38 vars in 913 bytes} [Tue Mar 31 06:09:31 2026] PUT /allocations/92193477-05e3-49a2-963b-db108bfbc12c => generated 0 bytes in 142 msecs (HTTP/1.1 204) 5 headers in 199 bytes (1 switches on core 0)
2026-03-31 06:09:31.577 8 INFO placement.requestlog [req-d8ad08e4-aecd-410d-a005-24a50fd97aff req-17acc8b5-5fd7-4cfb-829c-fb8bc9db29db 452f008e10e74aba8631b37d116eadda 08a9b21bd967415ab07e7a90dee702d1 - - e18e2a1e64764dd8bbaae43f2550abff e18e2a1e64764dd8bbaae43f2550abff] 199.204.45.238 "GET /allocations/92193477-05e3-49a2-963b-db108bfbc12c" status: 200 len: 257 microversion: 1.28 [pid: 8|app: 0|req: 324/646] 199.204.45.238 () {34 vars in 863 bytes} [Tue Mar 31 06:09:31 2026] GET /allocations/92193477-05e3-49a2-963b-db108bfbc12c => generated 257 bytes in 20 msecs (HTTP/1.1 200) 8 headers in 296 bytes (1 switches on core 0)
2026-03-31 06:09:31.700 7 INFO placement.requestlog [req-d8ad08e4-aecd-410d-a005-24a50fd97aff req-97517697-0e1d-4b6b-ab92-ac9e293d1ea4 452f008e10e74aba8631b37d116eadda 08a9b21bd967415ab07e7a90dee702d1 - - e18e2a1e64764dd8bbaae43f2550abff e18e2a1e64764dd8bbaae43f2550abff] 199.204.45.238 "GET /resource_providers/ddf007f6-6559-4534-83da-946228d7d60f/allocations" status: 200 len: 238 microversion: 1.0 [pid: 7|app: 0|req: 323/647] 199.204.45.238 () {32 vars in 857 bytes} [Tue Mar 31 06:09:31 2026] GET /resource_providers/ddf007f6-6559-4534-83da-946228d7d60f/allocations => generated 238 bytes in 20 msecs (HTTP/1.1 200) 6 headers in 224 bytes (1 switches on core 0)
2026-03-31 06:09:31.729 8 INFO placement.requestlog [req-d8ad08e4-aecd-410d-a005-24a50fd97aff req-577833fd-941e-4c0d-8eb0-b5747f4382f9 452f008e10e74aba8631b37d116eadda 08a9b21bd967415ab07e7a90dee702d1 - - e18e2a1e64764dd8bbaae43f2550abff e18e2a1e64764dd8bbaae43f2550abff] 199.204.45.238 "GET /allocations/d05c2b84-4517-47fb-9cea-83a7780694fb" status: 200 len: 243 microversion: 1.28 [pid: 8|app: 0|req: 325/648] 199.204.45.238 () {34 vars in 863 bytes} [Tue Mar 31 06:09:31 2026] GET /allocations/d05c2b84-4517-47fb-9cea-83a7780694fb => generated 243 bytes in 21 msecs (HTTP/1.1 200) 8 headers in 296 bytes (1 switches on core 0)
2026-03-31 06:09:31.762 7 INFO placement.requestlog [req-d8ad08e4-aecd-410d-a005-24a50fd97aff req-806cc025-1e8b-4d7d-8b70-e2d100f722be 452f008e10e74aba8631b37d116eadda 08a9b21bd967415ab07e7a90dee702d1 - - e18e2a1e64764dd8bbaae43f2550abff e18e2a1e64764dd8bbaae43f2550abff] 199.204.45.238 "GET /allocations/92193477-05e3-49a2-963b-db108bfbc12c" status: 200 len: 257 microversion: 1.28 [pid: 7|app: 0|req: 324/649] 199.204.45.238 () {34 vars in 863 bytes} [Tue Mar 31 06:09:31 2026] GET /allocations/92193477-05e3-49a2-963b-db108bfbc12c => generated 257 bytes in 28 msecs (HTTP/1.1 200) 8 headers in 296 bytes (1 switches on core 0)
2026-03-31 06:09:36.666 8 INFO placement.requestlog [req-23a38475-782c-4547-bbca-391dbf38749e req-9ebe2454-f4e5-4b41-8091-b2ed2216128b 452f008e10e74aba8631b37d116eadda 08a9b21bd967415ab07e7a90dee702d1 - - e18e2a1e64764dd8bbaae43f2550abff e18e2a1e64764dd8bbaae43f2550abff] 199.204.45.238 "GET /resource_providers/ddf007f6-6559-4534-83da-946228d7d60f/allocations" status: 200 len: 238 microversion: 1.0 [pid: 8|app: 0|req: 326/650] 199.204.45.238 () {32 vars in 857 bytes} [Tue Mar 31 06:09:36 2026] GET /resource_providers/ddf007f6-6559-4534-83da-946228d7d60f/allocations => generated 238 bytes in 49 msecs (HTTP/1.1 200) 6 headers in 224 bytes (1 switches on core 0)
2026-03-31 06:09:36.701 7 INFO placement.requestlog [req-23a38475-782c-4547-bbca-391dbf38749e req-f6b987e3-d035-43c0-a991-9a488f9b28b6 452f008e10e74aba8631b37d116eadda 08a9b21bd967415ab07e7a90dee702d1 - - e18e2a1e64764dd8bbaae43f2550abff e18e2a1e64764dd8bbaae43f2550abff] 199.204.45.238 "GET /allocations/d05c2b84-4517-47fb-9cea-83a7780694fb" status: 200 len: 243 microversion: 1.28 [pid: 7|app: 0|req: 325/651] 199.204.45.238 () {34 vars in 863 bytes} [Tue Mar 31 06:09:36 2026] GET /allocations/d05c2b84-4517-47fb-9cea-83a7780694fb => generated 243 bytes in 29 msecs (HTTP/1.1 200) 8 headers in 296 bytes (1 switches on core 0)
2026-03-31 06:09:36.745 8 INFO placement.requestlog [req-23a38475-782c-4547-bbca-391dbf38749e req-210d462c-52d7-4f13-aaa2-88878ef14102 452f008e10e74aba8631b37d116eadda 08a9b21bd967415ab07e7a90dee702d1 - - e18e2a1e64764dd8bbaae43f2550abff e18e2a1e64764dd8bbaae43f2550abff] 199.204.45.238 "GET /allocations/92193477-05e3-49a2-963b-db108bfbc12c" status: 200 len: 257 microversion: 1.28 [pid: 8|app: 0|req: 327/652] 199.204.45.238 () {34 vars in 863 bytes} [Tue Mar 31 06:09:36 2026] GET /allocations/92193477-05e3-49a2-963b-db108bfbc12c => generated 257 bytes in 32 msecs (HTTP/1.1 200) 8 headers in 296 bytes (1 switches on core 0)
2026-03-31 06:09:36.870 7 INFO placement.requestlog [req-23a38475-782c-4547-bbca-391dbf38749e req-360a3942-5c57-42ec-8329-3cf7cf9652eb 452f008e10e74aba8631b37d116eadda 08a9b21bd967415ab07e7a90dee702d1 - - e18e2a1e64764dd8bbaae43f2550abff e18e2a1e64764dd8bbaae43f2550abff] 199.204.45.238 "DELETE /allocations/d05c2b84-4517-47fb-9cea-83a7780694fb" status: 204 len: 0 microversion: 1.0 [pid: 7|app: 0|req: 326/653] 199.204.45.238 () {34 vars in 841 bytes} [Tue Mar 31 06:09:36 2026] DELETE /allocations/d05c2b84-4517-47fb-9cea-83a7780694fb => generated 0 bytes in 44 msecs (HTTP/1.1 204) 5 headers in 198 bytes (1 switches on core 0)
2026-03-31 06:09:37.699 8 INFO placement.requestlog [None req-1e65eca3-9150-4476-9117-dc83c121b4a0 - - - - - -] 10.0.0.78 "GET /" status: 200 len: 136 microversion: 1.0
2026-03-31 06:09:37.701 7 INFO placement.requestlog [None req-f8645273-42ef-4ee2-aee1-b288bc856865 - - - - - -] 10.0.0.78 "GET /" status: 200 len: 136 microversion: 1.0
2026-03-31 06:09:39.743 8 INFO placement.requestlog [req-8bb3ad99-f633-4052-aa5c-2819eed1169d req-db1da9ca-a706-41a9-9ac2-74411ecdbbc3 452f008e10e74aba8631b37d116eadda 08a9b21bd967415ab07e7a90dee702d1 - - e18e2a1e64764dd8bbaae43f2550abff e18e2a1e64764dd8bbaae43f2550abff] 10.0.0.99 "GET /allocation_candidates?limit=1000&resources=DISK_GB%3A1%2CMEMORY_MB%3A512%2CVCPU%3A1&root_required=%21COMPUTE_STATUS_DISABLED" status: 200 len: 2219 microversion: 1.36 [pid: 8|app: 0|req: 329/656] 10.0.0.99 () {34 vars in 1011 bytes} [Tue Mar 31 06:09:39 2026] GET /allocation_candidates?limit=1000&resources=DISK_GB%3A1%2CMEMORY_MB%3A512%2CVCPU%3A1&root_required=%21COMPUTE_STATUS_DISABLED => generated 2219 bytes in 72 msecs (HTTP/1.1 200) 8 headers in 297 bytes (1 switches on core 0)
2026-03-31 06:09:39.785 7 INFO placement.requestlog [req-8bb3ad99-f633-4052-aa5c-2819eed1169d req-991705d7-c1d0-436e-9d68-ebb877c12860 452f008e10e74aba8631b37d116eadda 08a9b21bd967415ab07e7a90dee702d1 - - e18e2a1e64764dd8bbaae43f2550abff e18e2a1e64764dd8bbaae43f2550abff] 10.0.0.99 "GET /allocations/119101c4-9d57-4cf0-a473-c7a877a5b594" status: 200 len: 19 microversion: 1.28 [pid: 7|app: 0|req: 328/657] 10.0.0.99 () {34 vars in 860 bytes} [Tue Mar 31 06:09:39 2026] GET /allocations/119101c4-9d57-4cf0-a473-c7a877a5b594 => generated 19 bytes in 20 msecs (HTTP/1.1 200) 8 headers in 295 bytes (1 switches on core 0)
2026-03-31 06:09:39.890 8 INFO placement.requestlog [req-8bb3ad99-f633-4052-aa5c-2819eed1169d req-5065a4af-fbc2-40a7-b539-737d1a1c466a 452f008e10e74aba8631b37d116eadda 08a9b21bd967415ab07e7a90dee702d1 - - e18e2a1e64764dd8bbaae43f2550abff e18e2a1e64764dd8bbaae43f2550abff] 10.0.0.99 "PUT /allocations/119101c4-9d57-4cf0-a473-c7a877a5b594" status: 204 len: 0 microversion: 1.36 [pid: 8|app: 0|req: 330/658] 10.0.0.99 () {38 vars in 913 bytes} [Tue Mar 31 06:09:39 2026] PUT /allocations/119101c4-9d57-4cf0-a473-c7a877a5b594 => generated 0 bytes in 96 msecs (HTTP/1.1 204) 5 headers in 199 bytes (1 switches on core 0)
2026-03-31 06:09:40.198 7 INFO placement.requestlog [req-8bb3ad99-f633-4052-aa5c-2819eed1169d req-f93f924e-79e5-4a10-86fb-80a3b6dd1bd2 452f008e10e74aba8631b37d116eadda 08a9b21bd967415ab07e7a90dee702d1 - - e18e2a1e64764dd8bbaae43f2550abff e18e2a1e64764dd8bbaae43f2550abff] 199.204.45.238 "GET /allocations/119101c4-9d57-4cf0-a473-c7a877a5b594" status: 200 len: 257 microversion: 1.28 [pid: 7|app: 0|req: 329/659] 199.204.45.238 () {34 vars in 863 bytes} [Tue Mar 31 06:09:40 2026] GET /allocations/119101c4-9d57-4cf0-a473-c7a877a5b594 => generated 257 bytes in 15 msecs (HTTP/1.1 200) 8 headers in 296 bytes (1 switches on core 0)
2026-03-31 06:09:40.311 8 INFO placement.requestlog [req-8bb3ad99-f633-4052-aa5c-2819eed1169d req-d32faaa4-80c6-4ec0-af8d-4ec3f359e805 452f008e10e74aba8631b37d116eadda 08a9b21bd967415ab07e7a90dee702d1 - - e18e2a1e64764dd8bbaae43f2550abff e18e2a1e64764dd8bbaae43f2550abff] 199.204.45.238 "GET /resource_providers/ddf007f6-6559-4534-83da-946228d7d60f/allocations" status: 200 len: 252 microversion: 1.0 [pid: 8|app: 0|req: 331/660] 199.204.45.238 () {32 vars in 857 bytes} [Tue Mar 31 06:09:40 2026] GET /resource_providers/ddf007f6-6559-4534-83da-946228d7d60f/allocations => generated 252 bytes in 17 msecs (HTTP/1.1 200) 6 headers in 224 bytes (1 switches on core 0)
2026-03-31 06:09:40.356 7 INFO placement.requestlog [req-8bb3ad99-f633-4052-aa5c-2819eed1169d req-20f01de9-c24d-4c67-a789-43a3876ec7ae 452f008e10e74aba8631b37d116eadda 08a9b21bd967415ab07e7a90dee702d1 - - e18e2a1e64764dd8bbaae43f2550abff e18e2a1e64764dd8bbaae43f2550abff] 199.204.45.238 "GET /allocations/92193477-05e3-49a2-963b-db108bfbc12c" status: 200 len: 257 microversion: 1.28 [pid: 7|app: 0|req: 330/661] 199.204.45.238 () {34 vars in 863 bytes} [Tue Mar 31 06:09:40 2026] GET /allocations/92193477-05e3-49a2-963b-db108bfbc12c => generated 257 bytes in 35 msecs (HTTP/1.1 200) 8 headers in 296 bytes (1 switches on core 0)
2026-03-31 06:09:40.400 8 INFO placement.requestlog [req-8bb3ad99-f633-4052-aa5c-2819eed1169d req-9b9e7ec0-c87e-42ed-b86b-b15ed8bd0ca6 452f008e10e74aba8631b37d116eadda 08a9b21bd967415ab07e7a90dee702d1 - - e18e2a1e64764dd8bbaae43f2550abff e18e2a1e64764dd8bbaae43f2550abff] 199.204.45.238 "GET /allocations/119101c4-9d57-4cf0-a473-c7a877a5b594" status: 200 len: 257 microversion: 1.28 [pid: 8|app: 0|req: 332/662] 199.204.45.238 () {34 vars in 863 bytes} [Tue Mar 31 06:09:40 2026] GET /allocations/119101c4-9d57-4cf0-a473-c7a877a5b594 => generated 257 bytes in 19 msecs (HTTP/1.1 200) 8 headers in 296 bytes (1 switches on core 0)
2026-03-31 06:09:41.486 8 INFO placement.requestlog [None req-b1e1e118-be0a-4256-af43-0f84fe2a66c3 f0e8b8b1a0c04dbb82fe25c74875ae06 08a9b21bd967415ab07e7a90dee702d1 - - e18e2a1e64764dd8bbaae43f2550abff e18e2a1e64764dd8bbaae43f2550abff] 10.0.0.197 "GET /resource_providers/135d7a0b-5fc9-4166-a854-ff760c6917bd/aggregates" status: 404 len: 235 microversion: 1.1 [pid: 8|app: 0|req: 333/663] 10.0.0.197 () {32 vars in 816 bytes} [Tue Mar 31 06:09:41 2026] GET /resource_providers/135d7a0b-5fc9-4166-a854-ff760c6917bd/aggregates => generated 235 bytes in 128 msecs (HTTP/1.1 404) 5 headers in 202 bytes (1 switches on core 0)
2026-03-31 06:09:41.488 7 INFO placement.requestlog [None req-d5e37418-b484-4134-a22e-c09d21307f97 f0e8b8b1a0c04dbb82fe25c74875ae06 08a9b21bd967415ab07e7a90dee702d1 - - e18e2a1e64764dd8bbaae43f2550abff e18e2a1e64764dd8bbaae43f2550abff] 10.0.0.197 "GET /resource_providers/135d7a0b-5fc9-4166-a854-ff760c6917bd/aggregates" status: 404 len: 235 microversion: 1.1 [pid: 7|app: 0|req: 331/664] 10.0.0.197 () {32 vars in 816 bytes} [Tue Mar 31 06:09:41 2026] GET /resource_providers/135d7a0b-5fc9-4166-a854-ff760c6917bd/aggregates => generated 235 bytes in 138 msecs (HTTP/1.1 404) 5 headers in 202 bytes (1 switches on core 0)
2026-03-31 06:09:41.513 8 INFO placement.requestlog [None req-c6fcdc61-ee45-4d13-a99f-1c0313db1538 f0e8b8b1a0c04dbb82fe25c74875ae06 08a9b21bd967415ab07e7a90dee702d1 - - e18e2a1e64764dd8bbaae43f2550abff e18e2a1e64764dd8bbaae43f2550abff] 10.0.0.197 "DELETE /resource_providers/135d7a0b-5fc9-4166-a854-ff760c6917bd" status: 404 len: 246 microversion: 1.1 [pid: 8|app: 0|req: 334/665] 10.0.0.197 () {34 vars in 816 bytes} [Tue Mar 31 06:09:41 2026] DELETE /resource_providers/135d7a0b-5fc9-4166-a854-ff760c6917bd => generated 246 bytes in 11 msecs (HTTP/1.1 404) 6 headers in 231 bytes (1 switches on core 0)
2026-03-31 06:09:41.535 7 INFO placement.requestlog [None req-7433a81e-3a1c-4399-95d6-3afa9a3d69a4 f0e8b8b1a0c04dbb82fe25c74875ae06 08a9b21bd967415ab07e7a90dee702d1 - - e18e2a1e64764dd8bbaae43f2550abff e18e2a1e64764dd8bbaae43f2550abff] 10.0.0.197 "DELETE /resource_providers/135d7a0b-5fc9-4166-a854-ff760c6917bd" status: 404 len: 246 microversion: 1.1 [pid: 7|app: 0|req: 332/666] 10.0.0.197 () {34 vars in 816 bytes} [Tue Mar 31 06:09:41 2026] DELETE /resource_providers/135d7a0b-5fc9-4166-a854-ff760c6917bd => generated 246 bytes in 12 msecs (HTTP/1.1 404) 6 headers in 231 bytes (1 switches on core 0)
2026-03-31 06:09:42.092 8 INFO placement.requestlog [req-ffde3c66-6f8b-4aed-b003-76b2e3611d10 req-b9232f6b-1396-4bcd-8ef4-1940126d68d5 452f008e10e74aba8631b37d116eadda 08a9b21bd967415ab07e7a90dee702d1 - - e18e2a1e64764dd8bbaae43f2550abff e18e2a1e64764dd8bbaae43f2550abff] 199.204.45.238 "GET /resource_providers/ddf007f6-6559-4534-83da-946228d7d60f/allocations" status: 200 len: 252 microversion: 1.0 [pid: 8|app: 0|req: 335/667] 199.204.45.238 () {32 vars in 857 bytes} [Tue Mar 31 06:09:42 2026] GET /resource_providers/ddf007f6-6559-4534-83da-946228d7d60f/allocations => generated 252 bytes in 25 msecs (HTTP/1.1 200) 6 headers in 224 bytes (1 switches on core 0)
2026-03-31 06:09:42.117 7 INFO placement.requestlog [req-ffde3c66-6f8b-4aed-b003-76b2e3611d10 req-f9f23345-66a4-4e86-9efa-ede24b72395b 452f008e10e74aba8631b37d116eadda 08a9b21bd967415ab07e7a90dee702d1 - - e18e2a1e64764dd8bbaae43f2550abff e18e2a1e64764dd8bbaae43f2550abff] 199.204.45.238 "GET /allocations/92193477-05e3-49a2-963b-db108bfbc12c" status: 200 len: 257 microversion: 1.28 [pid: 7|app: 0|req: 333/668] 199.204.45.238 () {34 vars in 863 bytes} [Tue Mar 31 06:09:42 2026] GET /allocations/92193477-05e3-49a2-963b-db108bfbc12c => generated 257 bytes in 16 msecs (HTTP/1.1 200) 8 headers in 296 bytes (1 switches on core 0)
2026-03-31 06:09:42.145 8 INFO placement.requestlog [req-ffde3c66-6f8b-4aed-b003-76b2e3611d10 req-216707d4-883b-48e7-bf0f-510db2470e25 452f008e10e74aba8631b37d116eadda 08a9b21bd967415ab07e7a90dee702d1 - - e18e2a1e64764dd8bbaae43f2550abff e18e2a1e64764dd8bbaae43f2550abff] 199.204.45.238 "GET /allocations/119101c4-9d57-4cf0-a473-c7a877a5b594" status: 200 len: 257 microversion: 1.28 [pid: 8|app: 0|req: 336/669] 199.204.45.238 () {34 vars in 863 bytes} [Tue Mar 31 06:09:42 2026] GET /allocations/119101c4-9d57-4cf0-a473-c7a877a5b594 => generated 257 bytes in 19 msecs (HTTP/1.1 200) 8 headers in 296 bytes (1 switches on core 0)
2026-03-31 06:09:42.230 7 INFO placement.requestlog [req-ffde3c66-6f8b-4aed-b003-76b2e3611d10 req-3b70977f-3d21-4cc8-8076-885d09a6b5f2 452f008e10e74aba8631b37d116eadda 08a9b21bd967415ab07e7a90dee702d1 - - e18e2a1e64764dd8bbaae43f2550abff e18e2a1e64764dd8bbaae43f2550abff] 199.204.45.238 "DELETE /allocations/92193477-05e3-49a2-963b-db108bfbc12c" status: 204 len: 0 microversion: 1.0 [pid: 7|app: 0|req: 334/670] 199.204.45.238 () {34 vars in 841 bytes} [Tue Mar 31 06:09:42 2026] DELETE /allocations/92193477-05e3-49a2-963b-db108bfbc12c => generated 0 bytes in 25 msecs (HTTP/1.1 204) 5 headers in 198 bytes (1 switches on core 0)
2026-03-31 06:09:42.326 8 INFO placement.requestlog [None req-8bcc96bb-0cde-43f8-a8b2-6aaf62098d06 f0e8b8b1a0c04dbb82fe25c74875ae06 08a9b21bd967415ab07e7a90dee702d1 - - e18e2a1e64764dd8bbaae43f2550abff e18e2a1e64764dd8bbaae43f2550abff] 10.0.0.197 "GET /resource_providers/9422a962-b365-409d-84bf-ab99cc6761ee/aggregates" status: 404 len: 235 microversion: 1.1
2026-03-31 06:09:42.328 7 INFO placement.requestlog [None req-6f7ef7a4-4208-41b6-9f8c-91ff7abe7f90 f0e8b8b1a0c04dbb82fe25c74875ae06 08a9b21bd967415ab07e7a90dee702d1 - - e18e2a1e64764dd8bbaae43f2550abff e18e2a1e64764dd8bbaae43f2550abff] 10.0.0.197 "GET /resource_providers/9422a962-b365-409d-84bf-ab99cc6761ee/aggregates" status: 404 len: 235 microversion: 1.1 [pid: 7|app: 0|req: 335/671] 10.0.0.197 () {32 vars in 816 bytes} [Tue Mar 31 06:09:42 2026] GET /resource_providers/9422a962-b365-409d-84bf-ab99cc6761ee/aggregates => generated 235 bytes in 17 msecs (HTTP/1.1 404) 5 headers in 202 bytes (1 switches on core 0) [pid: 8|app: 0|req: 337/672] 10.0.0.197 () {32 vars in 816 bytes} [Tue Mar 31 06:09:42 2026] GET /resource_providers/9422a962-b365-409d-84bf-ab99cc6761ee/aggregates => generated 235 bytes in 22 msecs (HTTP/1.1 404) 5 headers in 202 bytes (1 switches on core 0)
2026-03-31 06:09:42.384 7 INFO placement.requestlog [None req-a4a1788b-f441-4979-9db4-27267ce19d1b f0e8b8b1a0c04dbb82fe25c74875ae06 08a9b21bd967415ab07e7a90dee702d1 - - e18e2a1e64764dd8bbaae43f2550abff e18e2a1e64764dd8bbaae43f2550abff] 10.0.0.197 "DELETE /resource_providers/9422a962-b365-409d-84bf-ab99cc6761ee" status: 404 len: 246 microversion: 1.1 [pid: 7|app: 0|req: 336/673] 10.0.0.197 () {34 vars in 816 bytes} [Tue Mar 31 06:09:42 2026] DELETE /resource_providers/9422a962-b365-409d-84bf-ab99cc6761ee => generated 246 bytes in 28 msecs (HTTP/1.1 404) 6 headers in 231 bytes (1 switches on core 0)
2026-03-31 06:09:42.394 8 INFO placement.requestlog [None req-29765cfd-a7b2-4e5c-b31f-f2020c96644d f0e8b8b1a0c04dbb82fe25c74875ae06 08a9b21bd967415ab07e7a90dee702d1 - - e18e2a1e64764dd8bbaae43f2550abff e18e2a1e64764dd8bbaae43f2550abff] 10.0.0.197 "DELETE /resource_providers/9422a962-b365-409d-84bf-ab99cc6761ee" status: 404 len: 246 microversion: 1.1 [pid: 8|app: 0|req: 338/674] 10.0.0.197 () {34 vars in 816 bytes} [Tue Mar 31 06:09:42 2026] DELETE /resource_providers/9422a962-b365-409d-84bf-ab99cc6761ee => generated 246 bytes in 26 msecs (HTTP/1.1 404) 6 headers in 231 bytes (1 switches on core 0)
2026-03-31 06:09:44.415 8 INFO placement.requestlog [None req-3bb91bf9-8077-4bae-bdb6-6c63f1eb4009 f0e8b8b1a0c04dbb82fe25c74875ae06 08a9b21bd967415ab07e7a90dee702d1 - - e18e2a1e64764dd8bbaae43f2550abff e18e2a1e64764dd8bbaae43f2550abff] 10.0.0.197 "GET /resource_providers/92322de0-d984-4a46-aa00-14811573922b/aggregates" status: 404 len: 235 microversion: 1.1
2026-03-31 06:09:44.415 7 INFO placement.requestlog [None req-ccf5f9bf-953e-49fc-a9fd-4b28016406b8 f0e8b8b1a0c04dbb82fe25c74875ae06 08a9b21bd967415ab07e7a90dee702d1 - - e18e2a1e64764dd8bbaae43f2550abff e18e2a1e64764dd8bbaae43f2550abff] 10.0.0.197 "GET /resource_providers/92322de0-d984-4a46-aa00-14811573922b/aggregates" status: 404 len: 235 microversion: 1.1 [pid: 8|app: 0|req: 339/675] 10.0.0.197 () {32 vars in 816 bytes} [Tue Mar 31 06:09:44 2026] GET /resource_providers/92322de0-d984-4a46-aa00-14811573922b/aggregates => generated 235 bytes in 9 msecs (HTTP/1.1 404) 5 headers in 202 bytes (1 switches on core 0) [pid: 7|app: 0|req: 337/676] 10.0.0.197 () {32 vars in 816 bytes} [Tue Mar 31 06:09:44 2026] GET /resource_providers/92322de0-d984-4a46-aa00-14811573922b/aggregates => generated 235 bytes in 16 msecs (HTTP/1.1 404) 5 headers in 202 bytes (1 switches on core 0)
2026-03-31 06:09:44.452 8 INFO placement.requestlog [None req-dacd89f7-c6cd-4be5-af40-7689fbeee3cc f0e8b8b1a0c04dbb82fe25c74875ae06 08a9b21bd967415ab07e7a90dee702d1 - - e18e2a1e64764dd8bbaae43f2550abff e18e2a1e64764dd8bbaae43f2550abff] 10.0.0.197 "DELETE /resource_providers/92322de0-d984-4a46-aa00-14811573922b" status: 404 len: 246 microversion: 1.1 [pid: 8|app: 0|req: 340/677] 10.0.0.197 () {34 vars in 816 bytes} [Tue Mar 31 06:09:44 2026] DELETE /resource_providers/92322de0-d984-4a46-aa00-14811573922b => generated 246 bytes in 12 msecs (HTTP/1.1 404) 6 headers in 231 bytes (1 switches on core 0)
2026-03-31 06:09:44.455 7 INFO placement.requestlog [None req-ec2425bd-c246-45f2-9a6f-88eae4d10f58 f0e8b8b1a0c04dbb82fe25c74875ae06 08a9b21bd967415ab07e7a90dee702d1 - - e18e2a1e64764dd8bbaae43f2550abff e18e2a1e64764dd8bbaae43f2550abff] 10.0.0.197 "DELETE /resource_providers/92322de0-d984-4a46-aa00-14811573922b" status: 404 len: 246 microversion: 1.1 [pid: 7|app: 0|req: 338/678] 10.0.0.197 () {34 vars in 816 bytes} [Tue Mar 31 06:09:44 2026] DELETE /resource_providers/92322de0-d984-4a46-aa00-14811573922b => generated 246 bytes in 15 msecs (HTTP/1.1 404) 6 headers in 231 bytes (1 switches on core 0)
2026-03-31 06:09:45.484 8 INFO placement.requestlog [None req-fdccea15-9b88-4a1d-884b-ed71787908e1 f0e8b8b1a0c04dbb82fe25c74875ae06 08a9b21bd967415ab07e7a90dee702d1 - - e18e2a1e64764dd8bbaae43f2550abff e18e2a1e64764dd8bbaae43f2550abff] 10.0.0.197 "GET /resource_providers/e680991c-ea88-4a7f-acc2-088d91e1bcca/aggregates" status: 404 len: 235 microversion: 1.1 [pid: 8|app: 0|req: 341/679] 10.0.0.197 () {32 vars in 816 bytes} [Tue Mar 31 06:09:45 2026] GET /resource_providers/e680991c-ea88-4a7f-acc2-088d91e1bcca/aggregates => generated 235 bytes in 10 msecs (HTTP/1.1 404) 5 headers in 202 bytes (1 switches on core 0)
2026-03-31 06:09:45.486 7 INFO placement.requestlog [None req-b8e80d7d-1365-4bc0-a5e8-ba12c3810b3a f0e8b8b1a0c04dbb82fe25c74875ae06 08a9b21bd967415ab07e7a90dee702d1 - - e18e2a1e64764dd8bbaae43f2550abff e18e2a1e64764dd8bbaae43f2550abff] 10.0.0.197 "GET /resource_providers/e680991c-ea88-4a7f-acc2-088d91e1bcca/aggregates" status: 404 len: 235 microversion: 1.1 [pid: 7|app: 0|req: 339/680] 10.0.0.197 () {32 vars in 816 bytes} [Tue Mar 31 06:09:45 2026] GET /resource_providers/e680991c-ea88-4a7f-acc2-088d91e1bcca/aggregates => generated 235 bytes in 12 msecs (HTTP/1.1 404) 5 headers in 202 bytes (1 switches on core 0)
2026-03-31 06:09:45.521 8 INFO placement.requestlog [None req-a72e57ca-4a1f-4d5a-bcf7-9f472ebc4b37 f0e8b8b1a0c04dbb82fe25c74875ae06 08a9b21bd967415ab07e7a90dee702d1 - - e18e2a1e64764dd8bbaae43f2550abff e18e2a1e64764dd8bbaae43f2550abff] 10.0.0.197 "DELETE /resource_providers/e680991c-ea88-4a7f-acc2-088d91e1bcca" status: 404 len: 246 microversion: 1.1 [pid: 8|app: 0|req: 342/681] 10.0.0.197 () {34 vars in 816 bytes} [Tue Mar 31 06:09:45 2026] DELETE /resource_providers/e680991c-ea88-4a7f-acc2-088d91e1bcca => generated 246 bytes in 12 msecs (HTTP/1.1 404) 6 headers in 231 bytes (1 switches on core 0)
2026-03-31 06:09:45.523 7 INFO placement.requestlog [None req-b43b1d62-3dc5-474b-a1dc-741c1f4c5beb f0e8b8b1a0c04dbb82fe25c74875ae06 08a9b21bd967415ab07e7a90dee702d1 - - e18e2a1e64764dd8bbaae43f2550abff e18e2a1e64764dd8bbaae43f2550abff] 10.0.0.197 "DELETE /resource_providers/e680991c-ea88-4a7f-acc2-088d91e1bcca" status: 404 len: 246 microversion: 1.1 [pid: 7|app: 0|req: 340/682] 10.0.0.197 () {34 vars in 816 bytes} [Tue Mar 31 06:09:45 2026] DELETE /resource_providers/e680991c-ea88-4a7f-acc2-088d91e1bcca => generated 246 bytes in 13 msecs (HTTP/1.1 404) 6 headers in 231 bytes (1 switches on core 0)
2026-03-31 06:09:47.319 8 INFO placement.requestlog [None req-a0615b08-45bd-4b26-a111-6c6698740dc4 f0e8b8b1a0c04dbb82fe25c74875ae06 08a9b21bd967415ab07e7a90dee702d1 - - e18e2a1e64764dd8bbaae43f2550abff e18e2a1e64764dd8bbaae43f2550abff] 10.0.0.197 "GET /resource_providers/68c022a1-bfcd-4f59-add0-9fb4f2b7a7c0/aggregates" status: 404 len: 235 microversion: 1.1 [pid: 8|app: 0|req: 343/683] 10.0.0.197 () {32 vars in 816 bytes} [Tue Mar 31 06:09:47 2026] GET /resource_providers/68c022a1-bfcd-4f59-add0-9fb4f2b7a7c0/aggregates => generated 235 bytes in 14 msecs (HTTP/1.1 404) 5 headers in 202 bytes (1 switches on core 0)
2026-03-31 06:09:47.322 7 INFO placement.requestlog [None req-60684a56-aa98-4d19-a8df-073a34bc9533 f0e8b8b1a0c04dbb82fe25c74875ae06 08a9b21bd967415ab07e7a90dee702d1 - - e18e2a1e64764dd8bbaae43f2550abff e18e2a1e64764dd8bbaae43f2550abff] 10.0.0.197 "GET /resource_providers/68c022a1-bfcd-4f59-add0-9fb4f2b7a7c0/aggregates" status: 404 len: 235 microversion: 1.1 [pid: 7|app: 0|req: 341/684] 10.0.0.197 () {32 vars in 816 bytes} [Tue Mar 31 06:09:47 2026] GET /resource_providers/68c022a1-bfcd-4f59-add0-9fb4f2b7a7c0/aggregates => generated 235 bytes in 13 msecs (HTTP/1.1 404) 5 headers in 202 bytes (1 switches on core 0)
2026-03-31 06:09:47.363 7 INFO placement.requestlog [None req-1818af05-8e08-4547-8453-29f480a07260 f0e8b8b1a0c04dbb82fe25c74875ae06 08a9b21bd967415ab07e7a90dee702d1 - - e18e2a1e64764dd8bbaae43f2550abff e18e2a1e64764dd8bbaae43f2550abff] 10.0.0.197 "DELETE /resource_providers/68c022a1-bfcd-4f59-add0-9fb4f2b7a7c0" status: 404 len: 246 microversion: 1.1
2026-03-31 06:09:47.364 8 INFO placement.requestlog [None req-28f5ed1f-86eb-4c24-beb0-fa4e50199c8b f0e8b8b1a0c04dbb82fe25c74875ae06 08a9b21bd967415ab07e7a90dee702d1 - - e18e2a1e64764dd8bbaae43f2550abff e18e2a1e64764dd8bbaae43f2550abff] 10.0.0.197 "DELETE /resource_providers/68c022a1-bfcd-4f59-add0-9fb4f2b7a7c0" status: 404 len: 246 microversion: 1.1 [pid: 7|app: 0|req: 342/685] 10.0.0.197 () {34 vars in 816 bytes} [Tue Mar 31 06:09:47 2026] DELETE /resource_providers/68c022a1-bfcd-4f59-add0-9fb4f2b7a7c0 => generated 246 bytes in 18 msecs (HTTP/1.1 404) 6 headers in 231 bytes (1 switches on core 0) [pid: 8|app: 0|req: 344/686] 10.0.0.197 () {34 vars in 816 bytes} [Tue Mar 31 06:09:47 2026] DELETE /resource_providers/68c022a1-bfcd-4f59-add0-9fb4f2b7a7c0 => generated 246 bytes in 21 msecs (HTTP/1.1 404) 6 headers in 231 bytes (1 switches on core 0)
2026-03-31 06:09:47.701 7 INFO placement.requestlog [None req-948eab58-e554-4617-b4ff-b50088d7215c - - - - - -] 10.0.0.78 "GET /" status: 200 len: 136 microversion: 1.0
2026-03-31 06:09:47.701 8 INFO placement.requestlog [None req-f9a55867-64e3-4a8b-ac3f-3b92aff98eb5 - - - - - -] 10.0.0.78 "GET /" status: 200 len: 136 microversion: 1.0
2026-03-31 06:09:48.240 7 INFO placement.requestlog [None req-f098965e-a25b-43c6-8d8e-61c2d4712b37 f0e8b8b1a0c04dbb82fe25c74875ae06 08a9b21bd967415ab07e7a90dee702d1 - - e18e2a1e64764dd8bbaae43f2550abff e18e2a1e64764dd8bbaae43f2550abff] 10.0.0.197 "GET /resource_providers/c8167db6-4cf3-4568-9ee9-d1266499afbe/aggregates" status: 404 len: 235 microversion: 1.1 [pid: 7|app: 0|req: 344/689] 10.0.0.197 () {32 vars in 816 bytes} [Tue Mar 31 06:09:48 2026] GET /resource_providers/c8167db6-4cf3-4568-9ee9-d1266499afbe/aggregates => generated 235 bytes in 13 msecs (HTTP/1.1 404) 5 headers in 202 bytes (1 switches on core 0)
