2026-03-31 06:10:40.113 10 INFO neutron.plugins.ml2.plugin [None req-903a5a0e-a9c3-4816-af8b-270d3776e452 - - - - - -] Attempt 1 to provision port f477b743-3601-4acb-9dab-65c13eab2ea3
2026-03-31 06:10:40.295 10 INFO neutron.notifiers.nova [-] Nova event matching ['req-f9147436-cb7a-45bd-abca-15a2647d9773'] response: {'server_uuid': '8f7b400e-a055-4d87-9836-86f9af94a64a', 'name': 'network-vif-plugged', 'status': 'completed', 'tag': 'f477b743-3601-4acb-9dab-65c13eab2ea3', 'code': 200}
2026-03-31 06:10:40.372 10 INFO neutron.plugins.ml2.plugin [None req-995f5249-26a4-4278-b122-16e14078ab3e - - - - - -] Attempt 1 to provision port 3df56c71-33b5-4df1-9e72-c6c31d3375f6
2026-03-31 06:10:41.153 10 INFO neutron.plugins.ml2.plugin [None req-be9d3726-0f8d-4312-b6e0-b4d6bc98eb7b - - - - - -] Attempt 1 to provision port 6350c61d-5860-496b-b249-808fa7500971
2026-03-31 06:10:41.702 9 INFO neutron.plugins.ml2.plugin [None req-903a5a0e-a9c3-4816-af8b-270d3776e452 - - - - - -] Attempt 1 to provision port 6350c61d-5860-496b-b249-808fa7500971
2026-03-31 06:10:41.825 10 INFO neutron.plugins.ml2.plugin [None req-10777678-592d-4f5f-93c8-39441b4cbc11 - - - - - -] Attempt 1 to provision port 87ce4640-146c-49b7-9ac9-af9b819457d4
2026-03-31 06:10:42.246 9 INFO neutron.plugins.ml2.plugin [None req-903a5a0e-a9c3-4816-af8b-270d3776e452 - - - - - -] Attempt 1 to provision port fed9d90a-3759-4674-a5e4-530b28347eed
2026-03-31 06:10:42.927 9 INFO neutron.plugins.ml2.plugin [None req-903a5a0e-a9c3-4816-af8b-270d3776e452 - - - - - -] Attempt 1 to provision port 3df56c71-33b5-4df1-9e72-c6c31d3375f6
2026-03-31 06:10:43.192 10 INFO neutron.plugins.ml2.plugin [None req-60586e2d-1e4d-463b-b005-e4e3280fcbd8 - - - - - -] Attempt 1 to provision port 4b932208-dfac-42e7-855d-a71b02351d8c
2026-03-31 06:10:43.276 9 INFO neutron.plugins.ml2.plugin [None req-903a5a0e-a9c3-4816-af8b-270d3776e452 - - - - - -] Attempt 1 to provision port f477b743-3601-4acb-9dab-65c13eab2ea3
2026-03-31 06:10:43.633 10 INFO neutron.plugins.ml2.plugin [None req-60586e2d-1e4d-463b-b005-e4e3280fcbd8 - - - - - -] Attempt 1 to provision port 605327b3-caa5-489c-bcc9-f7a6f22b005c
2026-03-31 06:10:43.806 10 INFO neutron.plugins.ml2.plugin [None req-7d2de1c5-68eb-436c-b388-b0286227ac0b - - - - - -] Attempt 1 to provision port 87ce4640-146c-49b7-9ac9-af9b819457d4
2026-03-31 06:10:43.846 10 INFO neutron.plugins.ml2.plugin [None req-7d2de1c5-68eb-436c-b388-b0286227ac0b - - - - - -] Attempt 1 to provision port 605327b3-caa5-489c-bcc9-f7a6f22b005c
2026-03-31 06:10:43.890 9 INFO neutron.plugins.ml2.plugin [None req-903a5a0e-a9c3-4816-af8b-270d3776e452 - - - - - -] Attempt 1 to provision port 6350c61d-5860-496b-b249-808fa7500971
2026-03-31 06:10:44.224 9 INFO neutron.plugins.ml2.plugin [None req-903a5a0e-a9c3-4816-af8b-270d3776e452 - - - - - -] Attempt 1 to provision port fe8414a2-39c4-45c1-b27f-ec3bb3d64249
2026-03-31 06:10:44.676 9 INFO neutron.plugins.ml2.plugin [None req-903a5a0e-a9c3-4816-af8b-270d3776e452 - - - - - -] Attempt 1 to provision port fed9d90a-3759-4674-a5e4-530b28347eed
2026-03-31 06:10:45.174 9 INFO neutron.plugins.ml2.plugin [None req-903a5a0e-a9c3-4816-af8b-270d3776e452 - - - - - -] Attempt 1 to provision port 4b932208-dfac-42e7-855d-a71b02351d8c
2026-03-31 06:10:45.442 9 INFO neutron.plugins.ml2.plugin [None req-903a5a0e-a9c3-4816-af8b-270d3776e452 - - - - - -] Attempt 1 to provision port cb9b30bc-1859-46dc-8158-7e7cd850a808
2026-03-31 06:10:46.523 9 INFO neutron.plugins.ml2.plugin [None req-903a5a0e-a9c3-4816-af8b-270d3776e452 - - - - - -] Attempt 1 to provision port fe8414a2-39c4-45c1-b27f-ec3bb3d64249
2026-03-31 06:10:47.068 9 INFO neutron.plugins.ml2.plugin [None req-903a5a0e-a9c3-4816-af8b-270d3776e452 - - - - - -] Attempt 1 to provision port cb9b30bc-1859-46dc-8158-7e7cd850a808
2026-03-31 06:10:47.363 9 INFO neutron.plugins.ml2.plugin [None req-903a5a0e-a9c3-4816-af8b-270d3776e452 - - - - - -] Attempt 1 to provision port 4b932208-dfac-42e7-855d-a71b02351d8c
2026-03-31 06:10:51.448 9 INFO neutron.plugins.ml2.plugin [None req-18d9f550-fee2-47fa-8b7b-6f38cae90a38 - - - - - -] Attempt 1 to provision port d738ddc1-1c50-4b1a-9d5d-f64b65848bdc
2026-03-31 06:10:52.470 10 INFO neutron.plugins.ml2.plugin [None req-903a5a0e-a9c3-4816-af8b-270d3776e452 - - - - - -] Attempt 1 to provision port d738ddc1-1c50-4b1a-9d5d-f64b65848bdc
2026-03-31 06:10:53.035 10 INFO neutron.plugins.ml2.plugin [None req-016812d9-960f-4373-b6cf-467dc3338900 - - - - - -] Attempt 1 to provision port 1eeb769f-50f8-4914-98dd-122839dd57b6
2026-03-31 06:10:53.681 10 INFO neutron.plugins.ml2.plugin [None req-c3f78c3e-67c2-402c-bb3a-4c63ee9885c9 - - - - - -] Attempt 1 to provision port 1eeb769f-50f8-4914-98dd-122839dd57b6
2026-03-31 06:10:54.455 9 INFO neutron.plugins.ml2.plugin [None req-91272be8-65b2-47ac-b197-fd88e9092c62 - - - - - -] Attempt 1 to provision port 6092a014-7f0f-4eb5-9988-e01fb1efc013
2026-03-31 06:10:56.484 9 INFO neutron.plugins.ml2.plugin [None req-903a5a0e-a9c3-4816-af8b-270d3776e452 - - - - - -] Attempt 1 to provision port 1991a7dd-d9b3-41ee-a601-2b148fe93282
2026-03-31 06:10:56.944 9 INFO neutron.plugins.ml2.plugin [None req-67bbc114-8df5-4947-b6e7-67d2bc9013a8 - - - - - -] Attempt 1 to provision port 1991a7dd-d9b3-41ee-a601-2b148fe93282
2026-03-31 06:10:57.877 10 INFO neutron.plugins.ml2.plugin [None req-e7ce3bb7-8ac7-484d-840a-8c7006c712d8 - - - - - -] Attempt 1 to provision port 95548b8a-5726-4eab-ac66-e348bc3ed6ed
2026-03-31 06:10:58.401 10 INFO neutron.plugins.ml2.plugin [None req-903a5a0e-a9c3-4816-af8b-270d3776e452 - - - - - -] Attempt 1 to provision port 95548b8a-5726-4eab-ac66-e348bc3ed6ed
2026-03-31 06:10:58.874 10 INFO neutron.plugins.ml2.plugin [None req-903a5a0e-a9c3-4816-af8b-270d3776e452 - - - - - -] Attempt 1 to provision port 0239c703-24b6-40ea-aa70-2e7bb6cb93d3
2026-03-31 06:10:58.960 9 INFO neutron.plugins.ml2.plugin [None req-c77f334f-c429-4881-9c19-53f07e53e5c1 - - - - - -] Attempt 1 to provision port a3986e33-86b4-493a-8115-1e76bfd8180c
2026-03-31 06:10:59.252 10 INFO neutron.plugins.ml2.plugin [None req-903a5a0e-a9c3-4816-af8b-270d3776e452 - - - - - -] Attempt 1 to provision port 1991a7dd-d9b3-41ee-a601-2b148fe93282
2026-03-31 06:10:59.814 9 INFO neutron.plugins.ml2.plugin [None req-0f6a88f6-f7b4-4f7d-b27b-321d80f8bca1 - - - - - -] Attempt 1 to provision port a3986e33-86b4-493a-8115-1e76bfd8180c
2026-03-31 06:11:00.429 9 INFO neutron.plugins.ml2.plugin [None req-903a5a0e-a9c3-4816-af8b-270d3776e452 - - - - - -] Attempt 1 to provision port 95548b8a-5726-4eab-ac66-e348bc3ed6ed
2026-03-31 06:11:00.773 9 INFO neutron.plugins.ml2.plugin [None req-903a5a0e-a9c3-4816-af8b-270d3776e452 - - - - - -] Attempt 1 to provision port 6092a014-7f0f-4eb5-9988-e01fb1efc013
2026-03-31 06:11:01.009 9 INFO neutron.notifiers.nova [-] Nova event matching ['req-8a1b9b47-e501-44be-875a-786e0083b3dc'] response: {'server_uuid': 'f0b77576-32f8-470e-811e-ddd7559e9d8c', 'name': 'network-vif-plugged', 'status': 'completed', 'tag': '6092a014-7f0f-4eb5-9988-e01fb1efc013', 'code': 200}
2026-03-31 06:11:01.193 9 INFO neutron.plugins.ml2.plugin [None req-ab2ea4e8-7d8e-49c6-8f52-578f75d05bdd - - - - - -] Attempt 1 to provision port 5a56d46f-1e5d-49be-9098-796e3f288061
2026-03-31 06:11:01.587 9 INFO neutron.plugins.ml2.plugin [None req-903a5a0e-a9c3-4816-af8b-270d3776e452 - - - - - -] Attempt 1 to provision port 0239c703-24b6-40ea-aa70-2e7bb6cb93d3
2026-03-31 06:11:01.912 9 INFO neutron.plugins.ml2.plugin [None req-903a5a0e-a9c3-4816-af8b-270d3776e452 - - - - - -] Attempt 1 to provision port 605327b3-caa5-489c-bcc9-f7a6f22b005c
2026-03-31 06:11:02.001 9 INFO neutron.plugins.ml2.plugin [None req-2e97297f-3b7f-4dbb-865d-a38a1e7c2da6 - - - - - -] Attempt 1 to provision port 9fe7c45b-ff1d-4386-857e-1705087ad878
2026-03-31 06:11:02.860 9 INFO neutron.plugins.ml2.plugin [None req-903a5a0e-a9c3-4816-af8b-270d3776e452 - - - - - -] Attempt 1 to provision port 163bce5f-e1ba-4584-b713-ff8034eadd81
2026-03-31 06:11:02.970 10 INFO neutron.plugins.ml2.plugin [None req-5ba8c9ae-5032-4aab-a89c-b15a4e378be2 - - - - - -] Attempt 1 to provision port 163bce5f-e1ba-4584-b713-ff8034eadd81
2026-03-31 06:11:03.626 10 INFO neutron.plugins.ml2.plugin [None req-5ba8c9ae-5032-4aab-a89c-b15a4e378be2 - - - - - -] Attempt 1 to provision port 9fe7c45b-ff1d-4386-857e-1705087ad878
2026-03-31 06:11:03.711 9 INFO neutron.plugins.ml2.plugin [None req-903a5a0e-a9c3-4816-af8b-270d3776e452 - - - - - -] Attempt 1 to provision port 6092a014-7f0f-4eb5-9988-e01fb1efc013
2026-03-31 06:11:04.051 9 INFO neutron.plugins.ml2.plugin [None req-903a5a0e-a9c3-4816-af8b-270d3776e452 - - - - - -] Attempt 1 to provision port 605327b3-caa5-489c-bcc9-f7a6f22b005c
2026-03-31 06:11:04.322 9 INFO neutron.plugins.ml2.plugin [None req-82ff9db3-0d03-464f-8229-60496911b764 - - - - - -] Attempt 1 to provision port c8a9b2a5-f952-4417-8375-adc55edbb302
2026-03-31 06:11:04.740 10 INFO neutron.plugins.ml2.plugin [None req-903a5a0e-a9c3-4816-af8b-270d3776e452 - - - - - -] Attempt 1 to provision port 163bce5f-e1ba-4584-b713-ff8034eadd81
2026-03-31 06:11:08.209 10 INFO neutron.plugins.ml2.plugin [None req-3f9ce2dc-b723-43ba-bc15-522afeaf896b - - - - - -] Attempt 1 to provision port 7b6a1ce6-345c-4a45-8bfb-4aeb01851907
2026-03-31 06:11:08.781 9 INFO neutron.plugins.ml2.plugin [None req-903a5a0e-a9c3-4816-af8b-270d3776e452 - - - - - -] Attempt 1 to provision port e4d848a3-0afc-4147-8864-9173427d2648
2026-03-31 06:11:09.079 9 INFO neutron.plugins.ml2.plugin [None req-350b78ab-8032-4f76-86d1-cc0744960b25 - - - - - -] Attempt 1 to provision port 7b6a1ce6-345c-4a45-8bfb-4aeb01851907
2026-03-31 06:11:10.886 9 INFO neutron.plugins.ml2.plugin [None req-903a5a0e-a9c3-4816-af8b-270d3776e452 - - - - - -] Attempt 1 to provision port e4d848a3-0afc-4147-8864-9173427d2648
2026-03-31 06:11:14.704 9 INFO neutron.plugins.ml2.plugin [None req-4e98d344-c0a5-43a2-9fb8-a7f751add9d9 - - - - - -] Attempt 1 to provision port 6f6e43c0-a60c-4596-98af-14a178c90583
2026-03-31 06:11:14.796 10 INFO neutron.plugins.ml2.plugin [None req-903a5a0e-a9c3-4816-af8b-270d3776e452 - - - - - -] Attempt 1 to provision port 6f6e43c0-a60c-4596-98af-14a178c90583
2026-03-31 06:11:15.113 10 INFO neutron.plugins.ml2.plugin [None req-9eafdf81-4181-4699-ae9c-3228662a520a - - - - - -] Attempt 1 to provision port 740c4798-e634-41cd-934e-627afb4a6556
2026-03-31 06:11:16.271 10 INFO neutron.plugins.ml2.plugin [None req-0749939a-73c9-4682-8e48-1964f7371012 - - - - - -] Attempt 1 to provision port e287854d-2bcc-4e1f-b42b-eb218da1966f
2026-03-31 06:11:16.774 10 INFO neutron.plugins.ml2.plugin [None req-903a5a0e-a9c3-4816-af8b-270d3776e452 - - - - - -] Attempt 1 to provision port 6f6e43c0-a60c-4596-98af-14a178c90583
2026-03-31 06:11:16.838 9 INFO neutron.plugins.ml2.plugin [None req-321745b1-f016-4ddf-a245-e2bcdf71fb2c - - - - - -] Attempt 1 to provision port 740c4798-e634-41cd-934e-627afb4a6556
2026-03-31 06:11:18.937 10 INFO neutron.plugins.ml2.plugin [None req-903a5a0e-a9c3-4816-af8b-270d3776e452 - - - - - -] Attempt 1 to provision port e287854d-2bcc-4e1f-b42b-eb218da1966f
2026-03-31 06:11:19.121 10 INFO neutron.notifiers.nova [-] Nova event matching ['req-fb75d86b-66b6-4d05-949f-695d69d8d16c'] response: {'server_uuid': '614971f3-6b6a-4e9b-aa29-bf2562905676', 'name': 'network-vif-plugged', 'status': 'completed', 'tag': 'e287854d-2bcc-4e1f-b42b-eb218da1966f', 'code': 200}
2026-03-31 06:11:20.801 9 INFO neutron.plugins.ml2.plugin [None req-903a5a0e-a9c3-4816-af8b-270d3776e452 - - - - - -] Attempt 1 to provision port e287854d-2bcc-4e1f-b42b-eb218da1966f
2026-03-31 06:11:24.898 9 INFO neutron.plugins.ml2.plugin [None req-903a5a0e-a9c3-4816-af8b-270d3776e452 - - - - - -] Attempt 1 to provision port cf8cbae5-9da9-4439-a8fc-388adb2dc027
2026-03-31 06:11:25.386 9 INFO neutron.plugins.ml2.plugin [None req-2bb53d80-186e-40cf-a7c6-a5c55dc7fa63 - - - - - -] Attempt 1 to provision port cf8cbae5-9da9-4439-a8fc-388adb2dc027
2026-03-31 06:11:25.492 9 INFO neutron.plugins.ml2.plugin [None req-903a5a0e-a9c3-4816-af8b-270d3776e452 - - - - - -] Attempt 1 to provision port 7b6a1ce6-345c-4a45-8bfb-4aeb01851907
2026-03-31 06:11:26.527 9 INFO neutron.plugins.ml2.plugin [None req-8f473c17-97c8-4381-9696-d86755d61bef - - - - - -] Attempt 1 to provision port 6f3286e0-7bb2-46e6-b1ed-7e1e51f52231
2026-03-31 06:11:26.967 9 INFO neutron.plugins.ml2.plugin [None req-903a5a0e-a9c3-4816-af8b-270d3776e452 - - - - - -] Attempt 1 to provision port c8a9b2a5-f952-4417-8375-adc55edbb302
2026-03-31 06:11:27.027 10 INFO neutron.plugins.ml2.plugin [None req-e3252c72-2cf5-4a94-9516-1c4c6f249a69 - - - - - -] Attempt 1 to provision port 1c4c2877-31cc-462d-8ec7-2de31cba9dce
2026-03-31 06:11:27.418 9 INFO neutron.plugins.ml2.plugin [None req-903a5a0e-a9c3-4816-af8b-270d3776e452 - - - - - -] Attempt 1 to provision port cf8cbae5-9da9-4439-a8fc-388adb2dc027
2026-03-31 06:11:27.780 10 INFO neutron.plugins.ml2.plugin [None req-5eb80928-36be-4cd0-8469-c72232c959d7 - - - - - -] Attempt 1 to provision port 6f3286e0-7bb2-46e6-b1ed-7e1e51f52231
2026-03-31 06:11:27.811 9 INFO neutron.plugins.ml2.plugin [None req-903a5a0e-a9c3-4816-af8b-270d3776e452 - - - - - -] Attempt 1 to provision port 7b6a1ce6-345c-4a45-8bfb-4aeb01851907
2026-03-31 06:11:28.856 10 INFO neutron.plugins.ml2.plugin [None req-903a5a0e-a9c3-4816-af8b-270d3776e452 - - - - - -] Attempt 1 to provision port c8a9b2a5-f952-4417-8375-adc55edbb302
2026-03-31 06:11:31.126 10 INFO neutron.plugins.ml2.plugin [None req-903a5a0e-a9c3-4816-af8b-270d3776e452 - - - - - -] Attempt 1 to provision port 1c4c2877-31cc-462d-8ec7-2de31cba9dce
2026-03-31 06:11:31.300 10 INFO neutron.notifiers.nova [-] Nova event matching ['req-f0801274-09ae-40eb-a7f5-fa4aaf330ffa'] response: {'server_uuid': '172a9597-355f-493b-98c6-bf3ca16added', 'name': 'network-vif-plugged', 'status': 'completed', 'tag': '1c4c2877-31cc-462d-8ec7-2de31cba9dce', 'code': 200} /var/lib/openstack/lib/python3.10/site-packages/oslo_db/sqlalchemy/enginefacade.py:664: SAWarning: DELETE statement on table 'portsecuritybindings' expected to delete 1 row(s); 0 were matched. Please set confirm_deleted_rows=False within the mapper configuration to prevent this warning. self.session.flush() /var/lib/openstack/lib/python3.10/site-packages/oslo_db/sqlalchemy/enginefacade.py:664: SAWarning: DELETE statement on table 'ml2_port_bindings' expected to delete 1 row(s); 0 were matched. Please set confirm_deleted_rows=False within the mapper configuration to prevent this warning. self.session.flush() /var/lib/openstack/lib/python3.10/site-packages/oslo_db/sqlalchemy/enginefacade.py:664: SAWarning: DELETE statement on table 'ml2_port_binding_levels' expected to delete 1 row(s); 0 were matched. Please set confirm_deleted_rows=False within the mapper configuration to prevent this warning. self.session.flush() /var/lib/openstack/lib/python3.10/site-packages/oslo_db/sqlalchemy/enginefacade.py:664: SAWarning: DELETE statement on table 'ports' expected to delete 1 row(s); 0 were matched. Please set confirm_deleted_rows=False within the mapper configuration to prevent this warning. self.session.flush()
2026-03-31 06:11:32.844 10 INFO neutron.plugins.ml2.plugin [None req-903a5a0e-a9c3-4816-af8b-270d3776e452 - - - - - -] Attempt 1 to provision port 1c4c2877-31cc-462d-8ec7-2de31cba9dce
2026-03-31 06:11:33.828 9 INFO neutron.plugins.ml2.plugin [None req-5d6faf5f-3173-4bb3-8cf5-9d1da681119b - - - - - -] Attempt 1 to provision port 8242205a-c480-4558-892f-bb0cc24d93e2
2026-03-31 06:11:38.011 10 INFO neutron.plugins.ml2.plugin [None req-30ca0a9d-1e74-49e9-b80d-af429e7a9230 - - - - - -] Attempt 1 to provision port 90e12ab4-374d-4941-bab4-6c9601149e92
2026-03-31 06:11:38.866 9 INFO neutron.plugins.ml2.plugin [None req-7fafcc46-7410-49f6-826c-2232bc8970a0 - - - - - -] Attempt 1 to provision port 77a5e4fb-4a09-429b-9843-a07f2b6f9c9b
2026-03-31 06:11:38.897 10 INFO neutron.plugins.ml2.plugin [None req-903a5a0e-a9c3-4816-af8b-270d3776e452 - - - - - -] Attempt 1 to provision port 77a5e4fb-4a09-429b-9843-a07f2b6f9c9b
2026-03-31 06:11:40.770 10 INFO neutron.plugins.ml2.plugin [None req-903a5a0e-a9c3-4816-af8b-270d3776e452 - - - - - -] Attempt 1 to provision port 77a5e4fb-4a09-429b-9843-a07f2b6f9c9b
2026-03-31 06:11:41.251 10 INFO neutron.plugins.ml2.plugin [None req-17ca9053-acab-4f69-a999-cf6762eb2bf7 - - - - - -] Attempt 1 to provision port 7b54bc31-1b6e-4463-9fe1-628a0bb4b251
2026-03-31 06:11:42.004 10 INFO neutron.plugins.ml2.plugin [None req-fa06b215-9530-4a07-8152-0bb75002aa28 - - - - - -] Attempt 1 to provision port 7b54bc31-1b6e-4463-9fe1-628a0bb4b251
2026-03-31 06:11:42.818 10 INFO neutron.plugins.ml2.plugin [None req-903a5a0e-a9c3-4816-af8b-270d3776e452 - - - - - -] Attempt 1 to provision port 5ef165b5-864a-4f16-b931-6583bb25e2d7
2026-03-31 06:11:44.492 10 INFO neutron.plugins.ml2.plugin [None req-3ff4921c-6047-41f3-90ef-7a80b19d2793 - - - - - -] Attempt 1 to provision port 87082488-f534-4bbd-adfe-26e96ea68ea8
2026-03-31 06:11:44.879 10 INFO neutron.plugins.ml2.plugin [None req-903a5a0e-a9c3-4816-af8b-270d3776e452 - - - - - -] Attempt 1 to provision port 98b96318-ec33-4d59-8958-7589011220a1
2026-03-31 06:11:45.384 10 INFO neutron.plugins.ml2.plugin [None req-dd3e17b3-a085-4168-8816-c57901026ade - - - - - -] Attempt 1 to provision port 98b96318-ec33-4d59-8958-7589011220a1
2026-03-31 06:11:45.564 10 INFO neutron.plugins.ml2.plugin [None req-903a5a0e-a9c3-4816-af8b-270d3776e452 - - - - - -] Attempt 1 to provision port 5ef165b5-864a-4f16-b931-6583bb25e2d7
2026-03-31 06:11:46.922 9 INFO neutron.plugins.ml2.plugin [None req-903a5a0e-a9c3-4816-af8b-270d3776e452 - - - - - -] Attempt 1 to provision port 98b96318-ec33-4d59-8958-7589011220a1
2026-03-31 06:11:47.597 10 INFO neutron.plugins.ml2.plugin [None req-4e1b8d6d-9c86-4ce2-899a-0bfa10a33323 - - - - - -] Attempt 1 to provision port 8e2d1561-ac60-4f94-81b9-704bdf9423d3
2026-03-31 06:11:48.411 9 INFO neutron.plugins.ml2.plugin [None req-14a45903-dcb6-4986-a349-475f175f8505 - - - - - -] Attempt 1 to provision port 8e2d1561-ac60-4f94-81b9-704bdf9423d3
2026-03-31 06:11:48.888 10 INFO neutron.plugins.ml2.plugin [None req-b5cf37c1-1938-4b21-be52-dd9a8f684fc9 - - - - - -] Attempt 1 to provision port 148d8b5b-a73d-48c4-89de-ed495f27858d
2026-03-31 06:11:48.916 9 INFO neutron.plugins.ml2.plugin [None req-903a5a0e-a9c3-4816-af8b-270d3776e452 - - - - - -] Attempt 1 to provision port 717c0347-2453-4acc-94a1-73d90e0178d2
2026-03-31 06:11:50.965 9 INFO neutron.plugins.ml2.plugin [None req-903a5a0e-a9c3-4816-af8b-270d3776e452 - - - - - -] Attempt 1 to provision port 717c0347-2453-4acc-94a1-73d90e0178d2
2026-03-31 06:11:52.686 9 INFO neutron.plugins.ml2.plugin [None req-c5cfd792-e122-4188-89c0-49a492385ef6 - - - - - -] Attempt 1 to provision port 51e1e059-bb37-48b0-bb98-2e10fdf95104
2026-03-31 06:11:52.957 10 INFO neutron.plugins.ml2.plugin [None req-903a5a0e-a9c3-4816-af8b-270d3776e452 - - - - - -] Attempt 1 to provision port 241e1fe5-cb4c-4bfe-885b-b35515ed030c
2026-03-31 06:11:53.291 10 INFO neutron.plugins.ml2.plugin [None req-94baa381-358d-45c0-bd51-f971f137ed2e - - - - - -] Attempt 1 to provision port 241e1fe5-cb4c-4bfe-885b-b35515ed030c
2026-03-31 06:11:53.950 10 INFO neutron.plugins.ml2.plugin [None req-903a5a0e-a9c3-4816-af8b-270d3776e452 - - - - - -] Attempt 1 to provision port 148d8b5b-a73d-48c4-89de-ed495f27858d
2026-03-31 06:11:54.193 10 INFO neutron.notifiers.nova [-] Nova event matching ['req-c85e8ad1-2e05-415f-bf46-1cc4b6163fe0'] response: {'server_uuid': '22c59686-5f88-4b17-910d-4b3d5396d058', 'name': 'network-vif-plugged', 'status': 'completed', 'tag': '148d8b5b-a73d-48c4-89de-ed495f27858d', 'code': 200}
2026-03-31 06:11:55.474 10 INFO neutron.plugins.ml2.plugin [None req-903a5a0e-a9c3-4816-af8b-270d3776e452 - - - - - -] Attempt 1 to provision port 241e1fe5-cb4c-4bfe-885b-b35515ed030c
2026-03-31 06:11:55.959 10 INFO neutron.plugins.ml2.plugin [None req-903a5a0e-a9c3-4816-af8b-270d3776e452 - - - - - -] Attempt 1 to provision port 148d8b5b-a73d-48c4-89de-ed495f27858d
2026-03-31 06:11:56.339 10 INFO neutron.plugins.ml2.plugin [None req-60741388-0a06-496a-baeb-443a150c44ad - - - - - -] Attempt 1 to provision port dac6b23c-17b5-49dd-a204-419017ee1d07
2026-03-31 06:11:57.102 10 INFO neutron.plugins.ml2.plugin [None req-6ebcd041-e223-4d44-9229-b75a38eccd22 - - - - - -] Attempt 1 to provision port dac6b23c-17b5-49dd-a204-419017ee1d07
2026-03-31 06:11:57.444 9 INFO neutron.plugins.ml2.plugin [None req-903a5a0e-a9c3-4816-af8b-270d3776e452 - - - - - -] Attempt 1 to provision port 62fb45be-33c4-440f-81d0-dd139f5ee022
2026-03-31 06:11:59.340 9 INFO neutron.plugins.ml2.plugin [None req-903a5a0e-a9c3-4816-af8b-270d3776e452 - - - - - -] Attempt 1 to provision port 62fb45be-33c4-440f-81d0-dd139f5ee022
2026-03-31 06:12:01.413 9 INFO neutron.plugins.ml2.plugin [None req-903a5a0e-a9c3-4816-af8b-270d3776e452 - - - - - -] Attempt 1 to provision port 7b54bc31-1b6e-4463-9fe1-628a0bb4b251
2026-03-31 06:12:03.223 10 INFO neutron.plugins.ml2.plugin [None req-903a5a0e-a9c3-4816-af8b-270d3776e452 - - - - - -] Attempt 1 to provision port 7b54bc31-1b6e-4463-9fe1-628a0bb4b251
2026-03-31 06:12:03.599 10 INFO neutron.plugins.ml2.plugin [None req-903a5a0e-a9c3-4816-af8b-270d3776e452 - - - - - -] Attempt 1 to provision port 90e12ab4-374d-4941-bab4-6c9601149e92
2026-03-31 06:12:04.819 10 INFO neutron.plugins.ml2.plugin [None req-255cd936-407f-4651-b4cf-0aefd72b0a00 - - - - - -] Attempt 1 to provision port 357439fb-6703-482e-95f5-0c91a343cf59
2026-03-31 06:12:05.139 9 INFO neutron.plugins.ml2.plugin [None req-903a5a0e-a9c3-4816-af8b-270d3776e452 - - - - - -] Attempt 1 to provision port 90e12ab4-374d-4941-bab4-6c9601149e92
2026-03-31 06:12:05.386 9 INFO neutron.plugins.ml2.plugin [None req-903a5a0e-a9c3-4816-af8b-270d3776e452 - - - - - -] Attempt 1 to provision port 87082488-f534-4bbd-adfe-26e96ea68ea8
2026-03-31 06:12:07.369 9 INFO neutron.plugins.ml2.plugin [None req-903a5a0e-a9c3-4816-af8b-270d3776e452 - - - - - -] Attempt 1 to provision port 8e2d1561-ac60-4f94-81b9-704bdf9423d3
2026-03-31 06:12:07.806 9 INFO neutron.plugins.ml2.plugin [None req-903a5a0e-a9c3-4816-af8b-270d3776e452 - - - - - -] Attempt 1 to provision port 87082488-f534-4bbd-adfe-26e96ea68ea8
2026-03-31 06:12:08.064 9 INFO neutron.plugins.ml2.plugin [None req-903a5a0e-a9c3-4816-af8b-270d3776e452 - - - - - -] Attempt 1 to provision port 357439fb-6703-482e-95f5-0c91a343cf59
2026-03-31 06:12:08.257 9 INFO neutron.notifiers.nova [-] Nova event matching ['req-47975f18-20be-4e93-b93a-3bfd7a8aedb6'] response: {'server_uuid': '78ed935d-ede5-4b7a-9403-aff2e3b8cfe9', 'name': 'network-vif-plugged', 'status': 'completed', 'tag': '357439fb-6703-482e-95f5-0c91a343cf59', 'code': 200}
2026-03-31 06:12:09.151 9 INFO neutron.plugins.ml2.plugin [None req-903a5a0e-a9c3-4816-af8b-270d3776e452 - - - - - -] Attempt 1 to provision port 8e2d1561-ac60-4f94-81b9-704bdf9423d3
2026-03-31 06:12:09.525 9 INFO neutron.plugins.ml2.plugin [None req-903a5a0e-a9c3-4816-af8b-270d3776e452 - - - - - -] Attempt 1 to provision port 357439fb-6703-482e-95f5-0c91a343cf59
2026-03-31 06:12:15.268 10 INFO neutron.notifiers.nova [-] Nova event matching ['req-451987c0-e115-4efa-961d-8a5bb80025d8'] response: {'server_uuid': '22c59686-5f88-4b17-910d-4b3d5396d058', 'name': 'network-vif-unplugged', 'status': 'completed', 'tag': '148d8b5b-a73d-48c4-89de-ed495f27858d', 'code': 200}
2026-03-31 06:12:16.171 10 INFO neutron.plugins.ml2.plugin [None req-903a5a0e-a9c3-4816-af8b-270d3776e452 - - - - - -] Attempt 1 to provision port 51e1e059-bb37-48b0-bb98-2e10fdf95104
2026-03-31 06:12:16.588 10 INFO neutron.plugins.ml2.plugin [None req-903a5a0e-a9c3-4816-af8b-270d3776e452 - - - - - -] Attempt 1 to provision port 148d8b5b-a73d-48c4-89de-ed495f27858d
2026-03-31 06:12:17.139 10 INFO neutron.plugins.ml2.plugin [None req-903a5a0e-a9c3-4816-af8b-270d3776e452 - - - - - -] Attempt 1 to provision port dac6b23c-17b5-49dd-a204-419017ee1d07
2026-03-31 06:12:17.330 10 INFO neutron.notifiers.nova [-] Nova event matching ['req-34acf9b4-45ae-4108-8e58-fe46ead8a63a'] response: {'server_uuid': '22c59686-5f88-4b17-910d-4b3d5396d058', 'name': 'network-vif-plugged', 'status': 'completed', 'tag': '148d8b5b-a73d-48c4-89de-ed495f27858d', 'code': 200}
2026-03-31 06:12:17.722 9 INFO neutron.plugins.ml2.plugin [None req-903a5a0e-a9c3-4816-af8b-270d3776e452 - - - - - -] Attempt 1 to provision port 51e1e059-bb37-48b0-bb98-2e10fdf95104
2026-03-31 06:12:17.952 9 INFO neutron.plugins.ml2.plugin [None req-903a5a0e-a9c3-4816-af8b-270d3776e452 - - - - - -] Attempt 1 to provision port 148d8b5b-a73d-48c4-89de-ed495f27858d
2026-03-31 06:12:18.274 9 INFO neutron.plugins.ml2.plugin [None req-903a5a0e-a9c3-4816-af8b-270d3776e452 - - - - - -] Attempt 1 to provision port dac6b23c-17b5-49dd-a204-419017ee1d07
2026-03-31 06:12:23.922 9 INFO neutron.notifiers.nova [-] Nova event matching ['req-0bebfa5c-1848-43b7-97aa-d2e335bc8585'] response: {'server_uuid': '78ed935d-ede5-4b7a-9403-aff2e3b8cfe9', 'name': 'network-vif-unplugged', 'status': 'completed', 'tag': '357439fb-6703-482e-95f5-0c91a343cf59', 'code': 200} /var/lib/openstack/lib/python3.10/site-packages/oslo_db/sqlalchemy/enginefacade.py:664: SAWarning: DELETE statement on table 'portsecuritybindings' expected to delete 1 row(s); 0 were matched. Please set confirm_deleted_rows=False within the mapper configuration to prevent this warning. self.session.flush() /var/lib/openstack/lib/python3.10/site-packages/oslo_db/sqlalchemy/enginefacade.py:664: SAWarning: DELETE statement on table 'ml2_port_bindings' expected to delete 1 row(s); 0 were matched. Please set confirm_deleted_rows=False within the mapper configuration to prevent this warning. self.session.flush() /var/lib/openstack/lib/python3.10/site-packages/oslo_db/sqlalchemy/enginefacade.py:664: SAWarning: DELETE statement on table 'ml2_port_binding_levels' expected to delete 1 row(s); 0 were matched. Please set confirm_deleted_rows=False within the mapper configuration to prevent this warning. self.session.flush() /var/lib/openstack/lib/python3.10/site-packages/oslo_db/sqlalchemy/enginefacade.py:664: SAWarning: DELETE statement on table 'ports' expected to delete 1 row(s); 0 were matched. Please set confirm_deleted_rows=False within the mapper configuration to prevent this warning. self.session.flush() /var/lib/openstack/lib/python3.10/site-packages/oslo_db/sqlalchemy/enginefacade.py:664: SAWarning: DELETE statement on table 'portsecuritybindings' expected to delete 1 row(s); 0 were matched. Please set confirm_deleted_rows=False within the mapper configuration to prevent this warning. self.session.flush() /var/lib/openstack/lib/python3.10/site-packages/oslo_db/sqlalchemy/enginefacade.py:664: SAWarning: DELETE statement on table 'ml2_port_bindings' expected to delete 1 row(s); 0 were matched. Please set confirm_deleted_rows=False within the mapper configuration to prevent this warning. self.session.flush() /var/lib/openstack/lib/python3.10/site-packages/oslo_db/sqlalchemy/enginefacade.py:664: SAWarning: DELETE statement on table 'ml2_port_binding_levels' expected to delete 1 row(s); 0 were matched. Please set confirm_deleted_rows=False within the mapper configuration to prevent this warning. self.session.flush() /var/lib/openstack/lib/python3.10/site-packages/oslo_db/sqlalchemy/enginefacade.py:664: SAWarning: DELETE statement on table 'ports' expected to delete 1 row(s); 0 were matched. Please set confirm_deleted_rows=False within the mapper configuration to prevent this warning. self.session.flush()
2026-03-31 06:12:40.039 10 INFO neutron.plugins.ml2.plugin [None req-903a5a0e-a9c3-4816-af8b-270d3776e452 - - - - - -] Attempt 1 to provision port f5505271-9c65-48bc-946d-e6609ebd91ec
2026-03-31 06:12:40.583 9 INFO neutron.plugins.ml2.plugin [None req-ff062643-5c1d-4652-aaca-fc1b806cef2d - - - - - -] Attempt 1 to provision port f5505271-9c65-48bc-946d-e6609ebd91ec
2026-03-31 06:12:41.677 9 INFO neutron.plugins.ml2.plugin [None req-645cd8b5-a689-457f-a917-1130359973bb - - - - - -] Attempt 1 to provision port 84c33320-1f85-4309-814f-02558672be16
2026-03-31 06:12:41.856 10 INFO neutron.plugins.ml2.plugin [None req-903a5a0e-a9c3-4816-af8b-270d3776e452 - - - - - -] Attempt 1 to provision port 84c33320-1f85-4309-814f-02558672be16
2026-03-31 06:12:42.424 10 INFO neutron.plugins.ml2.plugin [None req-903a5a0e-a9c3-4816-af8b-270d3776e452 - - - - - -] Attempt 1 to provision port f5505271-9c65-48bc-946d-e6609ebd91ec
2026-03-31 06:12:43.022 9 INFO neutron.plugins.ml2.plugin [None req-a11c6101-e7b3-4bdb-88dc-7b0c4c56c4c7 - - - - - -] Attempt 1 to provision port cda8be58-dead-448c-8652-53914de1b0ce
2026-03-31 06:12:44.084 9 INFO neutron.plugins.ml2.plugin [None req-903a5a0e-a9c3-4816-af8b-270d3776e452 - - - - - -] Attempt 1 to provision port 84c33320-1f85-4309-814f-02558672be16
2026-03-31 06:12:44.458 9 INFO neutron.plugins.ml2.plugin [None req-077f4a62-2b4a-43c3-9b63-9696c0be9ea3 - - - - - -] Attempt 1 to provision port dba9ec86-2087-4c1e-ad9d-9841bf0589ed
2026-03-31 06:12:44.509 9 INFO neutron.plugins.ml2.plugin [None req-903a5a0e-a9c3-4816-af8b-270d3776e452 - - - - - -] Attempt 1 to provision port dba9ec86-2087-4c1e-ad9d-9841bf0589ed
2026-03-31 06:12:45.066 9 INFO neutron.plugins.ml2.plugin [None req-487a295b-2171-45fb-8940-9582e0c9bb40 - - - - - -] Attempt 1 to provision port 265673eb-151f-43b9-8fe0-3066a089223f
2026-03-31 06:12:55.092 9 INFO neutron.plugins.ml2.plugin [None req-5488cb50-16fb-4281-afdf-819a6e077f16 - - - - - -] Attempt 1 to provision port 2f09374e-1b11-4238-a281-17048870a49f
2026-03-31 06:13:26.101 10 INFO neutron.plugins.ml2.plugin [None req-903a5a0e-a9c3-4816-af8b-270d3776e452 - - - - - -] Attempt 1 to provision port 33f749e3-3dff-48dd-a9e8-90b97ca0c910
2026-03-31 06:13:31.323 10 INFO neutron.plugins.ml2.plugin [None req-c1edf0c2-8a22-486a-a120-1144ebf6a2a6 - - - - - -] Attempt 1 to provision port d8402da6-ed97-4137-891f-0888d46d0dac
2026-03-31 06:13:32.107 10 INFO neutron.plugins.ml2.plugin [None req-903a5a0e-a9c3-4816-af8b-270d3776e452 - - - - - -] Attempt 1 to provision port 22c6e4bf-7494-49d5-872f-3c8ee6843980
2026-03-31 06:13:32.267 9 ERROR neutron.plugins.ml2.managers [None req-ee0d8c15-11a7-4ca2-afbb-20678b22231b - - - - - -] Mechanism driver openvswitch failed in bind_port: neutron_lib.exceptions.SubnetNotFound: Subnet f4d1c0a9-c9fa-4693-9cea-9d95d0803869 could not be found.
2026-03-31 06:13:32.267 9 ERROR neutron.plugins.ml2.managers
Traceback (most recent call last):
2026-03-31 06:13:32.267 9 ERROR neutron.plugins.ml2.managers
File "/var/lib/openstack/lib/python3.10/site-packages/neutron/plugins/ml2/managers.py", line 850, in _bind_port_level
2026-03-31 06:13:32.267 9 ERROR neutron.plugins.ml2.managers driver.obj.bind_port(context)
2026-03-31 06:13:32.267 9 ERROR neutron.plugins.ml2.managers
File "/var/lib/openstack/lib/python3.10/site-packages/neutron/plugins/ml2/drivers/openvswitch/mech_driver/mech_openvswitch.py", line 133, in bind_port
2026-03-31 06:13:32.267 9 ERROR neutron.plugins.ml2.managers super(OpenvswitchMechanismDriver, self).bind_port(context)
2026-03-31 06:13:32.267 9 ERROR neutron.plugins.ml2.managers
File "/var/lib/openstack/lib/python3.10/site-packages/neutron/plugins/ml2/drivers/mech_agent.py", line 104, in bind_port
2026-03-31 06:13:32.267 9 ERROR neutron.plugins.ml2.managers subnets = self.get_subnets_from_fixed_ips(context)
2026-03-31 06:13:32.267 9 ERROR neutron.plugins.ml2.managers
File "/var/lib/openstack/lib/python3.10/site-packages/neutron/plugins/ml2/drivers/mech_agent.py", line 149, in get_subnets_from_fixed_ips
2026-03-31 06:13:32.267 9 ERROR neutron.plugins.ml2.managers subnets.append(context._plugin.get_subnet(
2026-03-31 06:13:32.267 9 ERROR neutron.plugins.ml2.managers
File "/var/lib/openstack/lib/python3.10/site-packages/neutron_lib/db/api.py", line 223, in wrapped
2026-03-31 06:13:32.267 9 ERROR neutron.plugins.ml2.managers return f_with_retry(*args, **kwargs,
2026-03-31 06:13:32.267 9 ERROR neutron.plugins.ml2.managers
File "/var/lib/openstack/lib/python3.10/site-packages/neutron_lib/db/api.py", line 137, in wrapped
2026-03-31 06:13:32.267 9 ERROR neutron.plugins.ml2.managers with excutils.save_and_reraise_exception():
2026-03-31 06:13:32.267 9 ERROR neutron.plugins.ml2.managers
File "/var/lib/openstack/lib/python3.10/site-packages/oslo_utils/excutils.py", line 227, in __exit__
2026-03-31 06:13:32.267 9 ERROR neutron.plugins.ml2.managers self.force_reraise()
2026-03-31 06:13:32.267 9 ERROR neutron.plugins.ml2.managers
File "/var/lib/openstack/lib/python3.10/site-packages/oslo_utils/excutils.py", line 200, in force_reraise
2026-03-31 06:13:32.267 9 ERROR neutron.plugins.ml2.managers raise self.value
2026-03-31 06:13:32.267 9 ERROR neutron.plugins.ml2.managers
File "/var/lib/openstack/lib/python3.10/site-packages/neutron_lib/db/api.py", line 135, in wrapped
2026-03-31 06:13:32.267 9 ERROR neutron.plugins.ml2.managers return f(*args, **kwargs)
2026-03-31 06:13:32.267 9 ERROR neutron.plugins.ml2.managers
File "/var/lib/openstack/lib/python3.10/site-packages/oslo_db/api.py", line 144, in wrapper
2026-03-31 06:13:32.267 9 ERROR neutron.plugins.ml2.managers with excutils.save_and_reraise_exception() as ectxt:
2026-03-31 06:13:32.267 9 ERROR neutron.plugins.ml2.managers
File "/var/lib/openstack/lib/python3.10/site-packages/oslo_utils/excutils.py", line 227, in __exit__
2026-03-31 06:13:32.267 9 ERROR neutron.plugins.ml2.managers self.force_reraise()
2026-03-31 06:13:32.267 9 ERROR neutron.plugins.ml2.managers
File "/var/lib/openstack/lib/python3.10/site-packages/oslo_utils/excutils.py", line 200, in force_reraise
2026-03-31 06:13:32.267 9 ERROR neutron.plugins.ml2.managers raise self.value
2026-03-31 06:13:32.267 9 ERROR neutron.plugins.ml2.managers
File "/var/lib/openstack/lib/python3.10/site-packages/oslo_db/api.py", line 142, in wrapper
2026-03-31 06:13:32.267 9 ERROR neutron.plugins.ml2.managers return f(*args, **kwargs)
2026-03-31 06:13:32.267 9 ERROR neutron.plugins.ml2.managers
File "/var/lib/openstack/lib/python3.10/site-packages/neutron_lib/db/api.py", line 183, in wrapped
2026-03-31 06:13:32.267 9 ERROR neutron.plugins.ml2.managers with excutils.save_and_reraise_exception():
2026-03-31 06:13:32.267 9 ERROR neutron.plugins.ml2.managers
File "/var/lib/openstack/lib/python3.10/site-packages/oslo_utils/excutils.py", line 227, in __exit__
2026-03-31 06:13:32.267 9 ERROR neutron.plugins.ml2.managers self.force_reraise()
2026-03-31 06:13:32.267 9 ERROR neutron.plugins.ml2.managers
File "/var/lib/openstack/lib/python3.10/site-packages/oslo_utils/excutils.py", line 200, in force_reraise
2026-03-31 06:13:32.267 9 ERROR neutron.plugins.ml2.managers raise self.value
2026-03-31 06:13:32.267 9 ERROR neutron.plugins.ml2.managers
File "/var/lib/openstack/lib/python3.10/site-packages/neutron_lib/db/api.py", line 181, in wrapped
2026-03-31 06:13:32.267 9 ERROR neutron.plugins.ml2.managers return f(*dup_args, **dup_kwargs)
2026-03-31 06:13:32.267 9 ERROR neutron.plugins.ml2.managers
File "/var/lib/openstack/lib/python3.10/site-packages/neutron/db/db_base_plugin_v2.py", line 1233, in get_subnet
2026-03-31 06:13:32.267 9 ERROR neutron.plugins.ml2.managers subnet_obj = self._get_subnet_object(context, id)
2026-03-31 06:13:32.267 9 ERROR neutron.plugins.ml2.managers
File "/var/lib/openstack/lib/python3.10/site-packages/neutron/db/db_base_plugin_common.py", line 282, in _get_subnet_object
2026-03-31 06:13:32.267 9 ERROR neutron.plugins.ml2.managers raise exceptions.SubnetNotFound(subnet_id=id)
2026-03-31 06:13:32.267 9 ERROR neutron.plugins.ml2.managers neutron_lib.exceptions.SubnetNotFound: Subnet f4d1c0a9-c9fa-4693-9cea-9d95d0803869 could not be found.
2026-03-31 06:13:32.267 9 ERROR neutron.plugins.ml2.managers 
2026-03-31 06:13:32.270 9 ERROR neutron.plugins.ml2.managers [None req-ee0d8c15-11a7-4ca2-afbb-20678b22231b - - - - - -] Failed to bind port e3490be6-dc4b-432e-9cd7-bf8dfa518d67 on host instance for vnic_type normal using segments [{'id': '87a1df99-a034-401d-a77d-2423fc3cfcb2', 'network_type': 'vxlan', 'physical_network': None, 'segmentation_id': 820, 'network_id': '9caca85c-d9dc-4cd0-a3da-722eb269471a'}]
2026-03-31 06:13:32.270 9 INFO neutron.plugins.ml2.plugin [None req-ee0d8c15-11a7-4ca2-afbb-20678b22231b - - - - - -] Attempt 2 to bind port e3490be6-dc4b-432e-9cd7-bf8dfa518d67
2026-03-31 06:13:32.293 9 ERROR neutron.plugins.ml2.managers [None req-ee0d8c15-11a7-4ca2-afbb-20678b22231b - - - - - -] Mechanism driver openvswitch failed in bind_port: neutron_lib.exceptions.SubnetNotFound: Subnet f4d1c0a9-c9fa-4693-9cea-9d95d0803869 could not be found.
2026-03-31 06:13:32.293 9 ERROR neutron.plugins.ml2.managers
Traceback (most recent call last):
2026-03-31 06:13:32.293 9 ERROR neutron.plugins.ml2.managers
File "/var/lib/openstack/lib/python3.10/site-packages/neutron/plugins/ml2/managers.py", line 850, in _bind_port_level
2026-03-31 06:13:32.293 9 ERROR neutron.plugins.ml2.managers driver.obj.bind_port(context)
2026-03-31 06:13:32.293 9 ERROR neutron.plugins.ml2.managers
File "/var/lib/openstack/lib/python3.10/site-packages/neutron/plugins/ml2/drivers/openvswitch/mech_driver/mech_openvswitch.py", line 133, in bind_port
2026-03-31 06:13:32.293 9 ERROR neutron.plugins.ml2.managers super(OpenvswitchMechanismDriver, self).bind_port(context)
2026-03-31 06:13:32.293 9 ERROR neutron.plugins.ml2.managers
File "/var/lib/openstack/lib/python3.10/site-packages/neutron/plugins/ml2/drivers/mech_agent.py", line 104, in bind_port
2026-03-31 06:13:32.293 9 ERROR neutron.plugins.ml2.managers subnets = self.get_subnets_from_fixed_ips(context)
2026-03-31 06:13:32.293 9 ERROR neutron.plugins.ml2.managers
File "/var/lib/openstack/lib/python3.10/site-packages/neutron/plugins/ml2/drivers/mech_agent.py", line 149, in get_subnets_from_fixed_ips
2026-03-31 06:13:32.293 9 ERROR neutron.plugins.ml2.managers subnets.append(context._plugin.get_subnet(
2026-03-31 06:13:32.293 9 ERROR neutron.plugins.ml2.managers
File "/var/lib/openstack/lib/python3.10/site-packages/neutron_lib/db/api.py", line 223, in wrapped
2026-03-31 06:13:32.293 9 ERROR neutron.plugins.ml2.managers return f_with_retry(*args, **kwargs,
2026-03-31 06:13:32.293 9 ERROR neutron.plugins.ml2.managers
File "/var/lib/openstack/lib/python3.10/site-packages/neutron_lib/db/api.py", line 137, in wrapped
2026-03-31 06:13:32.293 9 ERROR neutron.plugins.ml2.managers with excutils.save_and_reraise_exception():
2026-03-31 06:13:32.293 9 ERROR neutron.plugins.ml2.managers
File "/var/lib/openstack/lib/python3.10/site-packages/oslo_utils/excutils.py", line 227, in __exit__
2026-03-31 06:13:32.293 9 ERROR neutron.plugins.ml2.managers self.force_reraise()
2026-03-31 06:13:32.293 9 ERROR neutron.plugins.ml2.managers
File "/var/lib/openstack/lib/python3.10/site-packages/oslo_utils/excutils.py", line 200, in force_reraise
2026-03-31 06:13:32.293 9 ERROR neutron.plugins.ml2.managers raise self.value
2026-03-31 06:13:32.293 9 ERROR neutron.plugins.ml2.managers
File "/var/lib/openstack/lib/python3.10/site-packages/neutron_lib/db/api.py", line 135, in wrapped
2026-03-31 06:13:32.293 9 ERROR neutron.plugins.ml2.managers return f(*args, **kwargs)
2026-03-31 06:13:32.293 9 ERROR neutron.plugins.ml2.managers
File "/var/lib/openstack/lib/python3.10/site-packages/oslo_db/api.py", line 144, in wrapper
2026-03-31 06:13:32.293 9 ERROR neutron.plugins.ml2.managers with excutils.save_and_reraise_exception() as ectxt:
2026-03-31 06:13:32.293 9 ERROR neutron.plugins.ml2.managers
File "/var/lib/openstack/lib/python3.10/site-packages/oslo_utils/excutils.py", line 227, in __exit__
2026-03-31 06:13:32.293 9 ERROR neutron.plugins.ml2.managers self.force_reraise()
2026-03-31 06:13:32.293 9 ERROR neutron.plugins.ml2.managers
File "/var/lib/openstack/lib/python3.10/site-packages/oslo_utils/excutils.py", line 200, in force_reraise
2026-03-31 06:13:32.293 9 ERROR neutron.plugins.ml2.managers raise self.value
2026-03-31 06:13:32.293 9 ERROR neutron.plugins.ml2.managers
File "/var/lib/openstack/lib/python3.10/site-packages/oslo_db/api.py", line 142, in wrapper
2026-03-31 06:13:32.293 9 ERROR neutron.plugins.ml2.managers return f(*args, **kwargs)
2026-03-31 06:13:32.293 9 ERROR neutron.plugins.ml2.managers
File "/var/lib/openstack/lib/python3.10/site-packages/neutron_lib/db/api.py", line 183, in wrapped
2026-03-31 06:13:32.293 9 ERROR neutron.plugins.ml2.managers with excutils.save_and_reraise_exception():
2026-03-31 06:13:32.293 9 ERROR neutron.plugins.ml2.managers
File "/var/lib/openstack/lib/python3.10/site-packages/oslo_utils/excutils.py", line 227, in __exit__
2026-03-31 06:13:32.293 9 ERROR neutron.plugins.ml2.managers self.force_reraise()
2026-03-31 06:13:32.293 9 ERROR neutron.plugins.ml2.managers
File "/var/lib/openstack/lib/python3.10/site-packages/oslo_utils/excutils.py", line 200, in force_reraise
2026-03-31 06:13:32.293 9 ERROR neutron.plugins.ml2.managers raise self.value
2026-03-31 06:13:32.293 9 ERROR neutron.plugins.ml2.managers
File "/var/lib/openstack/lib/python3.10/site-packages/neutron_lib/db/api.py", line 181, in wrapped
2026-03-31 06:13:32.293 9 ERROR neutron.plugins.ml2.managers return f(*dup_args, **dup_kwargs)
2026-03-31 06:13:32.293 9 ERROR neutron.plugins.ml2.managers
File "/var/lib/openstack/lib/python3.10/site-packages/neutron/db/db_base_plugin_v2.py", line 1233, in get_subnet
2026-03-31 06:13:32.293 9 ERROR neutron.plugins.ml2.managers subnet_obj = self._get_subnet_object(context, id)
2026-03-31 06:13:32.293 9 ERROR neutron.plugins.ml2.managers
File "/var/lib/openstack/lib/python3.10/site-packages/neutron/db/db_base_plugin_common.py", line 282, in _get_subnet_object
2026-03-31 06:13:32.293 9 ERROR neutron.plugins.ml2.managers raise exceptions.SubnetNotFound(subnet_id=id)
2026-03-31 06:13:32.293 9 ERROR neutron.plugins.ml2.managers neutron_lib.exceptions.SubnetNotFound: Subnet f4d1c0a9-c9fa-4693-9cea-9d95d0803869 could not be found.
2026-03-31 06:13:32.293 9 ERROR neutron.plugins.ml2.managers 
2026-03-31 06:13:32.294 9 ERROR neutron.plugins.ml2.managers [None req-ee0d8c15-11a7-4ca2-afbb-20678b22231b - - - - - -] Failed to bind port e3490be6-dc4b-432e-9cd7-bf8dfa518d67 on host instance for vnic_type normal using segments [{'id': '87a1df99-a034-401d-a77d-2423fc3cfcb2', 'network_type': 'vxlan', 'physical_network': None, 'segmentation_id': 820, 'network_id': '9caca85c-d9dc-4cd0-a3da-722eb269471a'}]
2026-03-31 06:13:32.294 9 INFO neutron.plugins.ml2.plugin [None req-ee0d8c15-11a7-4ca2-afbb-20678b22231b - - - - - -] Attempt 3 to bind port e3490be6-dc4b-432e-9cd7-bf8dfa518d67
2026-03-31 06:13:32.321 9 ERROR neutron.plugins.ml2.managers [None req-ee0d8c15-11a7-4ca2-afbb-20678b22231b - - - - - -] Mechanism driver openvswitch failed in bind_port: neutron_lib.exceptions.SubnetNotFound: Subnet f4d1c0a9-c9fa-4693-9cea-9d95d0803869 could not be found.
2026-03-31 06:13:32.321 9 ERROR neutron.plugins.ml2.managers
Traceback (most recent call last):
2026-03-31 06:13:32.321 9 ERROR neutron.plugins.ml2.managers
File "/var/lib/openstack/lib/python3.10/site-packages/neutron/plugins/ml2/managers.py", line 850, in _bind_port_level
2026-03-31 06:13:32.321 9 ERROR neutron.plugins.ml2.managers driver.obj.bind_port(context)
2026-03-31 06:13:32.321 9 ERROR neutron.plugins.ml2.managers
File "/var/lib/openstack/lib/python3.10/site-packages/neutron/plugins/ml2/drivers/openvswitch/mech_driver/mech_openvswitch.py", line 133, in bind_port
2026-03-31 06:13:32.321 9 ERROR neutron.plugins.ml2.managers super(OpenvswitchMechanismDriver, self).bind_port(context)
2026-03-31 06:13:32.321 9 ERROR neutron.plugins.ml2.managers
File "/var/lib/openstack/lib/python3.10/site-packages/neutron/plugins/ml2/drivers/mech_agent.py", line 104, in bind_port
2026-03-31 06:13:32.321 9 ERROR neutron.plugins.ml2.managers subnets = self.get_subnets_from_fixed_ips(context)
2026-03-31 06:13:32.321 9 ERROR neutron.plugins.ml2.managers
File "/var/lib/openstack/lib/python3.10/site-packages/neutron/plugins/ml2/drivers/mech_agent.py", line 149, in get_subnets_from_fixed_ips
2026-03-31 06:13:32.321 9 ERROR neutron.plugins.ml2.managers subnets.append(context._plugin.get_subnet(
2026-03-31 06:13:32.321 9 ERROR neutron.plugins.ml2.managers
File "/var/lib/openstack/lib/python3.10/site-packages/neutron_lib/db/api.py", line 223, in wrapped
2026-03-31 06:13:32.321 9 ERROR neutron.plugins.ml2.managers return f_with_retry(*args, **kwargs,
2026-03-31 06:13:32.321 9 ERROR neutron.plugins.ml2.managers
File "/var/lib/openstack/lib/python3.10/site-packages/neutron_lib/db/api.py", line 137, in wrapped
2026-03-31 06:13:32.321 9 ERROR neutron.plugins.ml2.managers with excutils.save_and_reraise_exception():
2026-03-31 06:13:32.321 9 ERROR neutron.plugins.ml2.managers
File "/var/lib/openstack/lib/python3.10/site-packages/oslo_utils/excutils.py", line 227, in __exit__
2026-03-31 06:13:32.321 9 ERROR neutron.plugins.ml2.managers self.force_reraise()
2026-03-31 06:13:32.321 9 ERROR neutron.plugins.ml2.managers
File "/var/lib/openstack/lib/python3.10/site-packages/oslo_utils/excutils.py", line 200, in force_reraise
2026-03-31 06:13:32.321 9 ERROR neutron.plugins.ml2.managers raise self.value
2026-03-31 06:13:32.321 9 ERROR neutron.plugins.ml2.managers
File "/var/lib/openstack/lib/python3.10/site-packages/neutron_lib/db/api.py", line 135, in wrapped
2026-03-31 06:13:32.321 9 ERROR neutron.plugins.ml2.managers return f(*args, **kwargs)
2026-03-31 06:13:32.321 9 ERROR neutron.plugins.ml2.managers
File "/var/lib/openstack/lib/python3.10/site-packages/oslo_db/api.py", line 144, in wrapper
2026-03-31 06:13:32.321 9 ERROR neutron.plugins.ml2.managers with excutils.save_and_reraise_exception() as ectxt:
2026-03-31 06:13:32.321 9 ERROR neutron.plugins.ml2.managers
File "/var/lib/openstack/lib/python3.10/site-packages/oslo_utils/excutils.py", line 227, in __exit__
2026-03-31 06:13:32.321 9 ERROR neutron.plugins.ml2.managers self.force_reraise()
2026-03-31 06:13:32.321 9 ERROR neutron.plugins.ml2.managers
File "/var/lib/openstack/lib/python3.10/site-packages/oslo_utils/excutils.py", line 200, in force_reraise
2026-03-31 06:13:32.321 9 ERROR neutron.plugins.ml2.managers raise self.value
2026-03-31 06:13:32.321 9 ERROR neutron.plugins.ml2.managers
File "/var/lib/openstack/lib/python3.10/site-packages/oslo_db/api.py", line 142, in wrapper
2026-03-31 06:13:32.321 9 ERROR neutron.plugins.ml2.managers return f(*args, **kwargs)
2026-03-31 06:13:32.321 9 ERROR neutron.plugins.ml2.managers
File "/var/lib/openstack/lib/python3.10/site-packages/neutron_lib/db/api.py", line 183, in wrapped
2026-03-31 06:13:32.321 9 ERROR neutron.plugins.ml2.managers with excutils.save_and_reraise_exception():
2026-03-31 06:13:32.321 9 ERROR neutron.plugins.ml2.managers
File "/var/lib/openstack/lib/python3.10/site-packages/oslo_utils/excutils.py", line 227, in __exit__
2026-03-31 06:13:32.321 9 ERROR neutron.plugins.ml2.managers self.force_reraise()
2026-03-31 06:13:32.321 9 ERROR neutron.plugins.ml2.managers
File "/var/lib/openstack/lib/python3.10/site-packages/oslo_utils/excutils.py", line 200, in force_reraise
2026-03-31 06:13:32.321 9 ERROR neutron.plugins.ml2.managers raise self.value
2026-03-31 06:13:32.321 9 ERROR neutron.plugins.ml2.managers
File "/var/lib/openstack/lib/python3.10/site-packages/neutron_lib/db/api.py", line 181, in wrapped
2026-03-31 06:13:32.321 9 ERROR neutron.plugins.ml2.managers return f(*dup_args, **dup_kwargs)
2026-03-31 06:13:32.321 9 ERROR neutron.plugins.ml2.managers
File "/var/lib/openstack/lib/python3.10/site-packages/neutron/db/db_base_plugin_v2.py", line 1233, in get_subnet
2026-03-31 06:13:32.321 9 ERROR neutron.plugins.ml2.managers subnet_obj = self._get_subnet_object(context, id)
2026-03-31 06:13:32.321 9 ERROR neutron.plugins.ml2.managers
File "/var/lib/openstack/lib/python3.10/site-packages/neutron/db/db_base_plugin_common.py", line 282, in _get_subnet_object
2026-03-31 06:13:32.321 9 ERROR neutron.plugins.ml2.managers raise exceptions.SubnetNotFound(subnet_id=id)
2026-03-31 06:13:32.321 9 ERROR neutron.plugins.ml2.managers neutron_lib.exceptions.SubnetNotFound: Subnet f4d1c0a9-c9fa-4693-9cea-9d95d0803869 could not be found.
2026-03-31 06:13:32.321 9 ERROR neutron.plugins.ml2.managers 
2026-03-31 06:13:32.322 9 ERROR neutron.plugins.ml2.managers [None req-ee0d8c15-11a7-4ca2-afbb-20678b22231b - - - - - -] Failed to bind port e3490be6-dc4b-432e-9cd7-bf8dfa518d67 on host instance for vnic_type normal using segments [{'id': '87a1df99-a034-401d-a77d-2423fc3cfcb2', 'network_type': 'vxlan', 'physical_network': None, 'segmentation_id': 820, 'network_id': '9caca85c-d9dc-4cd0-a3da-722eb269471a'}]
2026-03-31 06:13:32.322 9 INFO neutron.plugins.ml2.plugin [None req-ee0d8c15-11a7-4ca2-afbb-20678b22231b - - - - - -] Attempt 4 to bind port e3490be6-dc4b-432e-9cd7-bf8dfa518d67
2026-03-31 06:13:32.362 9 ERROR neutron.plugins.ml2.managers [None req-ee0d8c15-11a7-4ca2-afbb-20678b22231b - - - - - -] Mechanism driver openvswitch failed in bind_port: neutron_lib.exceptions.SubnetNotFound: Subnet f4d1c0a9-c9fa-4693-9cea-9d95d0803869 could not be found.
2026-03-31 06:13:32.362 9 ERROR neutron.plugins.ml2.managers
Traceback (most recent call last):
2026-03-31 06:13:32.362 9 ERROR neutron.plugins.ml2.managers
File "/var/lib/openstack/lib/python3.10/site-packages/neutron/plugins/ml2/managers.py", line 850, in _bind_port_level
2026-03-31 06:13:32.362 9 ERROR neutron.plugins.ml2.managers driver.obj.bind_port(context)
2026-03-31 06:13:32.362 9 ERROR neutron.plugins.ml2.managers
File "/var/lib/openstack/lib/python3.10/site-packages/neutron/plugins/ml2/drivers/openvswitch/mech_driver/mech_openvswitch.py", line 133, in bind_port
2026-03-31 06:13:32.362 9 ERROR neutron.plugins.ml2.managers super(OpenvswitchMechanismDriver, self).bind_port(context)
2026-03-31 06:13:32.362 9 ERROR neutron.plugins.ml2.managers
File "/var/lib/openstack/lib/python3.10/site-packages/neutron/plugins/ml2/drivers/mech_agent.py", line 104, in bind_port
