+ COMMAND=start + start + exec neutron-rpc-server --config-file /etc/neutron/neutron.conf --config-file /etc/neutron/plugins/ml2/ml2_conf.ini /var/lib/openstack/lib/python3.10/site-packages/neutron/common/utils.py:55: UserWarning: pkg_resources is deprecated as an API. See https://setuptools.pypa.io/en/latest/pkg_resources.html. The pkg_resources package is slated for removal as early as 2025-11-30. Refrain from using this package or pin to Setuptools<81. import pkg_resources
2026-03-31 05:33:49.835 1 INFO neutron.common.config [-] Logging enabled!
2026-03-31 05:33:49.836 1 INFO neutron.common.config [-] /var/lib/openstack/bin/neutron-rpc-server version 24.2.2.dev7
2026-03-31 05:33:49.837 1 INFO neutron.server.rpc_eventlet [-] Eventlet based AMQP RPC server starting...
2026-03-31 05:33:49.837 1 INFO neutron.manager [-] Loading core plugin: ml2
2026-03-31 05:33:52.075 1 INFO neutron.plugins.ml2.managers [-] Configured type driver names: ['flat', 'gre', 'vlan', 'vxlan']
2026-03-31 05:33:52.078 1 INFO neutron.plugins.ml2.drivers.type_flat [-] Arbitrary flat physical_network names allowed
2026-03-31 05:33:52.080 1 INFO neutron.plugins.ml2.drivers.type_vlan [-] Network VLAN ranges: OrderedDict([('external', [(1, 4094)])])
2026-03-31 05:33:52.081 1 INFO neutron.plugins.ml2.managers [-] Loaded type driver names: ['flat', 'gre', 'vlan', 'vxlan']
2026-03-31 05:33:52.081 1 INFO neutron.plugins.ml2.managers [-] Registered types: dict_keys(['flat', 'gre', 'vlan', 'vxlan'])
2026-03-31 05:33:52.082 1 INFO neutron.plugins.ml2.managers [-] Tenant network_types: ['vxlan']
2026-03-31 05:33:52.082 1 INFO neutron.plugins.ml2.managers [-] Configured extension driver names: ['dns_domain_ports', 'port_security', 'qos']
2026-03-31 05:33:52.087 1 INFO neutron.plugins.ml2.managers [-] Loaded extension driver names: ['dns_domain_ports', 'port_security', 'qos']
2026-03-31 05:33:52.087 1 INFO neutron.plugins.ml2.managers [-] Registered extension drivers: ['dns_domain_ports', 'port_security', 'qos']
2026-03-31 05:33:52.087 1 INFO neutron.plugins.ml2.managers [-] Configured mechanism driver names: ['openvswitch', 'l2population']
2026-03-31 05:33:52.225 1 INFO neutron.plugins.ml2.drivers.mech_agent [-] Open vSwitch agent's supported_vnic_types: ['normal', 'direct', 'smart-nic', 'vdpa']
2026-03-31 05:33:52.226 1 INFO neutron.plugins.ml2.managers [-] Loaded mechanism driver names: ['openvswitch', 'l2population']
2026-03-31 05:33:52.226 1 INFO neutron.plugins.ml2.managers [-] Registered mechanism drivers: ['openvswitch', 'l2population']
2026-03-31 05:33:52.258 1 INFO neutron.plugins.ml2.managers [-] Initializing driver for type 'flat'
2026-03-31 05:33:52.258 1 INFO neutron.plugins.ml2.drivers.type_flat [-] ML2 FlatTypeDriver initialization complete
2026-03-31 05:33:52.258 1 INFO neutron.plugins.ml2.managers [-] Initializing driver for type 'gre'
2026-03-31 05:33:52.258 1 INFO neutron.plugins.ml2.drivers.type_tunnel [-] gre ID ranges: [(1, 1000)]
2026-03-31 05:33:52.265 1 WARNING oslo_policy.policy [None req-574a049a-3b72-4b97-aaf2-794b47da33ce - - - - - -] Policies ['delete_port', 'update_port:allowed_address_pairs', 'update_port:allowed_address_pairs:ip_address', 'update_port:allowed_address_pairs:mac_address', 'update_port:fixed_ips', 'update_port:mac_address'] reference a rule that is not defined.
2026-03-31 05:33:54.588 1 INFO neutron.plugins.ml2.managers [None req-574a049a-3b72-4b97-aaf2-794b47da33ce - - - - - -] Initializing driver for type 'vlan'
2026-03-31 05:33:54.775 1 INFO neutron.plugins.ml2.drivers.type_vlan [None req-574a049a-3b72-4b97-aaf2-794b47da33ce - - - - - -] VlanTypeDriver initialization complete
2026-03-31 05:33:54.775 1 INFO neutron.plugins.ml2.managers [None req-574a049a-3b72-4b97-aaf2-794b47da33ce - - - - - -] Initializing driver for type 'vxlan'
2026-03-31 05:33:54.776 1 INFO neutron.plugins.ml2.drivers.type_tunnel [None req-574a049a-3b72-4b97-aaf2-794b47da33ce - - - - - -] vxlan ID ranges: [(1, 1000)]
2026-03-31 05:33:54.820 1 INFO neutron.plugins.ml2.managers [None req-574a049a-3b72-4b97-aaf2-794b47da33ce - - - - - -] Initializing extension driver 'dns_domain_ports'
2026-03-31 05:33:54.821 1 INFO neutron.plugins.ml2.extensions.dns_integration [None req-574a049a-3b72-4b97-aaf2-794b47da33ce - - - - - -] DNSDomainPortsExtensionDriver initialization complete
2026-03-31 05:33:54.821 1 INFO neutron.plugins.ml2.managers [None req-574a049a-3b72-4b97-aaf2-794b47da33ce - - - - - -] Initializing extension driver 'port_security'
2026-03-31 05:33:54.822 1 INFO neutron.plugins.ml2.extensions.port_security [None req-574a049a-3b72-4b97-aaf2-794b47da33ce - - - - - -] PortSecurityExtensionDriver initialization complete
2026-03-31 05:33:54.822 1 INFO neutron.plugins.ml2.managers [None req-574a049a-3b72-4b97-aaf2-794b47da33ce - - - - - -] Initializing extension driver 'qos'
2026-03-31 05:33:54.823 1 INFO neutron.plugins.ml2.managers [None req-574a049a-3b72-4b97-aaf2-794b47da33ce - - - - - -] Initializing mechanism driver 'openvswitch'
2026-03-31 05:33:54.823 1 INFO neutron.plugins.ml2.managers [None req-574a049a-3b72-4b97-aaf2-794b47da33ce - - - - - -] Initializing mechanism driver 'l2population'
2026-03-31 05:33:54.839 1 INFO neutron.quota [None req-ac0e173e-9f11-4de4-a4c6-dc5f7b39dcc6 - - - - - -] Loaded quota_driver: .
2026-03-31 05:33:54.840 1 INFO neutron.plugins.ml2.plugin [None req-ac0e173e-9f11-4de4-a4c6-dc5f7b39dcc6 - - - - - -] Modular L2 Plugin initialization complete
2026-03-31 05:33:54.853 1 INFO neutron.plugins.ml2.managers [None req-ac0e173e-9f11-4de4-a4c6-dc5f7b39dcc6 - - - - - -] Got dns-integration extension from driver 'dns_domain_ports'
2026-03-31 05:33:54.853 1 INFO neutron.plugins.ml2.managers [None req-ac0e173e-9f11-4de4-a4c6-dc5f7b39dcc6 - - - - - -] Got dns-domain-ports extension from driver 'dns_domain_ports'
2026-03-31 05:33:54.857 1 INFO neutron.plugins.ml2.managers [None req-ac0e173e-9f11-4de4-a4c6-dc5f7b39dcc6 - - - - - -] Got port-security extension from driver 'port_security'
2026-03-31 05:33:54.858 1 INFO neutron.extensions.vlantransparent [None req-ac0e173e-9f11-4de4-a4c6-dc5f7b39dcc6 - - - - - -] Disabled vlantransparent extension.
2026-03-31 05:33:54.858 1 INFO neutron.manager [None req-ac0e173e-9f11-4de4-a4c6-dc5f7b39dcc6 - - - - - -] Loading Plugin: qos
2026-03-31 05:33:54.881 1 INFO neutron.manager [None req-ac0e173e-9f11-4de4-a4c6-dc5f7b39dcc6 - - - - - -] Loading Plugin: router
2026-03-31 05:33:54.922 1 INFO neutron.services.service_base [None req-ac0e173e-9f11-4de4-a4c6-dc5f7b39dcc6 - - - - - -] Default provider is not specified for service type L3_ROUTER_NAT
2026-03-31 05:33:54.923 1 INFO neutron.manager [None req-ac0e173e-9f11-4de4-a4c6-dc5f7b39dcc6 - - - - - -] Loading Plugin: segments
2026-03-31 05:33:54.992 1 INFO neutron.manager [None req-ac0e173e-9f11-4de4-a4c6-dc5f7b39dcc6 - - - - - -] Loading Plugin: trunk
2026-03-31 05:33:55.053 1 INFO neutron.manager [None req-ac0e173e-9f11-4de4-a4c6-dc5f7b39dcc6 - - - - - -] Loading Plugin: vpnaas
2026-03-31 05:33:55.091 1 WARNING stevedore.named [None req-ac0e173e-9f11-4de4-a4c6-dc5f7b39dcc6 - - - - - -] Could not load neutron_vpnaas.services.vpn.service_drivers.ipsec.IPsecVPNDriver
2026-03-31 05:33:55.195 1 INFO neutron_vpnaas.services.vpn.plugin [None req-ac0e173e-9f11-4de4-a4c6-dc5f7b39dcc6 - - - - - -] VPN plugin using service drivers: dict_keys(['strongswan']), default: strongswan
2026-03-31 05:33:55.196 1 INFO neutron.common.utils [None req-ac0e173e-9f11-4de4-a4c6-dc5f7b39dcc6 - - - - - -] Disable filter validation extension by service plugin VPNDriverPlugin.
2026-03-31 05:33:55.196 1 INFO neutron.manager [None req-ac0e173e-9f11-4de4-a4c6-dc5f7b39dcc6 - - - - - -] Loading Plugin: auto_allocate
2026-03-31 05:33:55.204 1 INFO neutron.manager [None req-ac0e173e-9f11-4de4-a4c6-dc5f7b39dcc6 - - - - - -] Loading Plugin: tag
2026-03-31 05:33:55.209 1 INFO neutron.manager [None req-ac0e173e-9f11-4de4-a4c6-dc5f7b39dcc6 - - - - - -] Loading Plugin: timestamp
2026-03-31 05:33:55.212 1 INFO neutron.manager [None req-ac0e173e-9f11-4de4-a4c6-dc5f7b39dcc6 - - - - - -] Loading Plugin: network_ip_availability
2026-03-31 05:33:55.218 1 INFO neutron.manager [None req-ac0e173e-9f11-4de4-a4c6-dc5f7b39dcc6 - - - - - -] Loading Plugin: flavors
2026-03-31 05:33:55.221 1 INFO neutron.manager [None req-ac0e173e-9f11-4de4-a4c6-dc5f7b39dcc6 - - - - - -] Loading Plugin: revisions
2026-03-31 05:33:55.225 1 INFO neutron.api.extensions [None req-ac0e173e-9f11-4de4-a4c6-dc5f7b39dcc6 - - - - - -] Initializing extension manager.
2026-03-31 05:33:55.227 1 INFO neutron.api.extensions [None req-ac0e173e-9f11-4de4-a4c6-dc5f7b39dcc6 - - - - - -] Loaded extension: address-group
2026-03-31 05:33:55.228 1 INFO neutron.api.extensions [None req-ac0e173e-9f11-4de4-a4c6-dc5f7b39dcc6 - - - - - -] Loaded extension: address-scope
2026-03-31 05:33:55.228 1 INFO neutron.api.extensions [None req-ac0e173e-9f11-4de4-a4c6-dc5f7b39dcc6 - - - - - -] Loaded extension: router-admin-state-down-before-update
2026-03-31 05:33:55.229 1 INFO neutron.api.extensions [None req-ac0e173e-9f11-4de4-a4c6-dc5f7b39dcc6 - - - - - -] Loaded extension: agent
2026-03-31 05:33:55.230 1 INFO neutron.api.extensions [None req-ac0e173e-9f11-4de4-a4c6-dc5f7b39dcc6 - - - - - -] Loaded extension: agent-resources-synced
2026-03-31 05:33:55.231 1 INFO neutron.api.extensions [None req-ac0e173e-9f11-4de4-a4c6-dc5f7b39dcc6 - - - - - -] Loaded extension: allowed-address-pairs
2026-03-31 05:33:55.232 1 INFO neutron.api.extensions [None req-ac0e173e-9f11-4de4-a4c6-dc5f7b39dcc6 - - - - - -] Loaded extension: auto-allocated-topology
2026-03-31 05:33:55.233 1 INFO neutron.api.extensions [None req-ac0e173e-9f11-4de4-a4c6-dc5f7b39dcc6 - - - - - -] Loaded extension: availability_zone
2026-03-31 05:33:55.233 1 INFO neutron.api.extensions [None req-ac0e173e-9f11-4de4-a4c6-dc5f7b39dcc6 - - - - - -] Loaded extension: availability_zone_filter
2026-03-31 05:33:55.234 1 INFO neutron.api.extensions [None req-ac0e173e-9f11-4de4-a4c6-dc5f7b39dcc6 - - - - - -] Extension data-plane-status not supported by any of loaded plugins
2026-03-31 05:33:55.234 1 INFO neutron.api.extensions [None req-ac0e173e-9f11-4de4-a4c6-dc5f7b39dcc6 - - - - - -] Loaded extension: default-subnetpools
2026-03-31 05:33:55.236 1 INFO neutron.api.extensions [None req-ac0e173e-9f11-4de4-a4c6-dc5f7b39dcc6 - - - - - -] Loaded extension: dhcp_agent_scheduler
2026-03-31 05:33:55.236 1 INFO neutron.api.extensions [None req-ac0e173e-9f11-4de4-a4c6-dc5f7b39dcc6 - - - - - -] Loaded extension: dns-integration
2026-03-31 05:33:55.237 1 INFO neutron.api.extensions [None req-ac0e173e-9f11-4de4-a4c6-dc5f7b39dcc6 - - - - - -] Loaded extension: dns-domain-ports
2026-03-31 05:33:55.237 1 INFO neutron.api.extensions [None req-ac0e173e-9f11-4de4-a4c6-dc5f7b39dcc6 - - - - - -] Extension dns-integration-domain-keywords not supported by any of loaded plugins
2026-03-31 05:33:55.238 1 INFO neutron.api.extensions [None req-ac0e173e-9f11-4de4-a4c6-dc5f7b39dcc6 - - - - - -] Loaded extension: dvr
2026-03-31 05:33:55.238 1 INFO neutron.api.extensions [None req-ac0e173e-9f11-4de4-a4c6-dc5f7b39dcc6 - - - - - -] Extension ecmp_routes not supported by any of loaded plugins
2026-03-31 05:33:55.239 1 INFO neutron.api.extensions [None req-ac0e173e-9f11-4de4-a4c6-dc5f7b39dcc6 - - - - - -] Loaded extension: empty-string-filtering
2026-03-31 05:33:55.239 1 INFO neutron.api.extensions [None req-ac0e173e-9f11-4de4-a4c6-dc5f7b39dcc6 - - - - - -] Extension expose-l3-conntrack-helper not supported by any of loaded plugins
2026-03-31 05:33:55.240 1 INFO neutron.api.extensions [None req-ac0e173e-9f11-4de4-a4c6-dc5f7b39dcc6 - - - - - -] Extension expose-port-forwarding-in-fip not supported by any of loaded plugins
2026-03-31 05:33:55.240 1 INFO neutron.api.extensions [None req-ac0e173e-9f11-4de4-a4c6-dc5f7b39dcc6 - - - - - -] Loaded extension: external-net
2026-03-31 05:33:55.241 1 INFO neutron.api.extensions [None req-ac0e173e-9f11-4de4-a4c6-dc5f7b39dcc6 - - - - - -] Loaded extension: extra_dhcp_opt
2026-03-31 05:33:55.241 1 INFO neutron.api.extensions [None req-ac0e173e-9f11-4de4-a4c6-dc5f7b39dcc6 - - - - - -] Loaded extension: extraroute
2026-03-31 05:33:55.242 1 INFO neutron.api.extensions [None req-ac0e173e-9f11-4de4-a4c6-dc5f7b39dcc6 - - - - - -] Loaded extension: extraroute-atomic
2026-03-31 05:33:55.242 1 INFO neutron.api.extensions [None req-ac0e173e-9f11-4de4-a4c6-dc5f7b39dcc6 - - - - - -] Extension filter-validation not supported by any of loaded plugins
2026-03-31 05:33:55.243 1 INFO neutron.api.extensions [None req-ac0e173e-9f11-4de4-a4c6-dc5f7b39dcc6 - - - - - -] Extension floating-ip-port-forwarding-description not supported by any of loaded plugins
2026-03-31 05:33:55.244 1 INFO neutron.api.extensions [None req-ac0e173e-9f11-4de4-a4c6-dc5f7b39dcc6 - - - - - -] Loaded extension: floating-ip-port-forwarding-detail
2026-03-31 05:33:55.244 1 INFO neutron.api.extensions [None req-ac0e173e-9f11-4de4-a4c6-dc5f7b39dcc6 - - - - - -] Extension floating-ip-port-forwarding-port-ranges not supported by any of loaded plugins
2026-03-31 05:33:55.245 1 INFO neutron.api.extensions [None req-ac0e173e-9f11-4de4-a4c6-dc5f7b39dcc6 - - - - - -] Loaded extension: fip-port-details
2026-03-31 05:33:55.245 1 INFO neutron.api.extensions [None req-ac0e173e-9f11-4de4-a4c6-dc5f7b39dcc6 - - - - - -] Loaded extension: flavors
2026-03-31 05:33:55.246 1 INFO neutron.api.extensions [None req-ac0e173e-9f11-4de4-a4c6-dc5f7b39dcc6 - - - - - -] Extension floating-ip-port-forwarding not supported by any of loaded plugins
2026-03-31 05:33:55.247 1 INFO neutron.api.extensions [None req-ac0e173e-9f11-4de4-a4c6-dc5f7b39dcc6 - - - - - -] Loaded extension: floatingip-pools
2026-03-31 05:33:55.247 1 INFO neutron.api.extensions [None req-ac0e173e-9f11-4de4-a4c6-dc5f7b39dcc6 - - - - - -] Loaded extension: ip_allocation
2026-03-31 05:33:55.248 1 INFO neutron.api.extensions [None req-ac0e173e-9f11-4de4-a4c6-dc5f7b39dcc6 - - - - - -] Loaded extension: ip-substring-filtering
2026-03-31 05:33:55.248 1 INFO neutron.api.extensions [None req-ac0e173e-9f11-4de4-a4c6-dc5f7b39dcc6 - - - - - -] Loaded extension: l2_adjacency
2026-03-31 05:33:55.249 1 INFO neutron.api.extensions [None req-ac0e173e-9f11-4de4-a4c6-dc5f7b39dcc6 - - - - - -] Loaded extension: router
2026-03-31 05:33:55.251 1 INFO neutron.api.extensions [None req-ac0e173e-9f11-4de4-a4c6-dc5f7b39dcc6 - - - - - -] Extension l3-conntrack-helper not supported by any of loaded plugins
2026-03-31 05:33:55.251 1 INFO neutron.api.extensions [None req-ac0e173e-9f11-4de4-a4c6-dc5f7b39dcc6 - - - - - -] Extension enable-default-route-bfd not supported by any of loaded plugins
2026-03-31 05:33:55.252 1 INFO neutron.api.extensions [None req-ac0e173e-9f11-4de4-a4c6-dc5f7b39dcc6 - - - - - -] Extension enable-default-route-ecmp not supported by any of loaded plugins
2026-03-31 05:33:55.253 1 INFO neutron.api.extensions [None req-ac0e173e-9f11-4de4-a4c6-dc5f7b39dcc6 - - - - - -] Loaded extension: ext-gw-mode
2026-03-31 05:33:55.254 1 INFO neutron.api.extensions [None req-ac0e173e-9f11-4de4-a4c6-dc5f7b39dcc6 - - - - - -] Loaded extension: l3-ha
2026-03-31 05:33:55.255 1 INFO neutron.api.extensions [None req-ac0e173e-9f11-4de4-a4c6-dc5f7b39dcc6 - - - - - -] Extension l3-ext-ndp-proxy not supported by any of loaded plugins
2026-03-31 05:33:55.255 1 INFO neutron.api.extensions [None req-ac0e173e-9f11-4de4-a4c6-dc5f7b39dcc6 - - - - - -] Extension external-gateway-multihoming not supported by any of loaded plugins
2026-03-31 05:33:55.256 1 INFO neutron.api.extensions [None req-ac0e173e-9f11-4de4-a4c6-dc5f7b39dcc6 - - - - - -] Loaded extension: l3-flavors
2026-03-31 05:33:55.257 1 INFO neutron.api.extensions [None req-ac0e173e-9f11-4de4-a4c6-dc5f7b39dcc6 - - - - - -] Extension l3-ndp-proxy not supported by any of loaded plugins
2026-03-31 05:33:55.258 1 INFO neutron.api.extensions [None req-ac0e173e-9f11-4de4-a4c6-dc5f7b39dcc6 - - - - - -] Loaded extension: l3-port-ip-change-not-allowed
2026-03-31 05:33:55.260 1 INFO neutron.api.extensions [None req-ac0e173e-9f11-4de4-a4c6-dc5f7b39dcc6 - - - - - -] Loaded extension: l3_agent_scheduler
2026-03-31 05:33:55.261 1 INFO neutron.api.extensions [None req-ac0e173e-9f11-4de4-a4c6-dc5f7b39dcc6 - - - - - -] Extension local_ip not supported by any of loaded plugins
2026-03-31 05:33:55.262 1 INFO neutron.api.extensions [None req-ac0e173e-9f11-4de4-a4c6-dc5f7b39dcc6 - - - - - -] Extension logging not supported by any of loaded plugins
2026-03-31 05:33:55.263 1 INFO neutron.api.extensions [None req-ac0e173e-9f11-4de4-a4c6-dc5f7b39dcc6 - - - - - -] Extension metering not supported by any of loaded plugins
2026-03-31 05:33:55.264 1 INFO neutron.api.extensions [None req-ac0e173e-9f11-4de4-a4c6-dc5f7b39dcc6 - - - - - -] Extension metering_source_and_destination_fields not supported by any of loaded plugins
2026-03-31 05:33:55.264 1 INFO neutron.api.extensions [None req-ac0e173e-9f11-4de4-a4c6-dc5f7b39dcc6 - - - - - -] Loaded extension: multi-provider
2026-03-31 05:33:55.265 1 INFO neutron.api.extensions [None req-ac0e173e-9f11-4de4-a4c6-dc5f7b39dcc6 - - - - - -] Loaded extension: net-mtu
2026-03-31 05:33:55.265 1 INFO neutron.api.extensions [None req-ac0e173e-9f11-4de4-a4c6-dc5f7b39dcc6 - - - - - -] Loaded extension: net-mtu-writable
2026-03-31 05:33:55.266 1 INFO neutron.api.extensions [None req-ac0e173e-9f11-4de4-a4c6-dc5f7b39dcc6 - - - - - -] Loaded extension: network_availability_zone
2026-03-31 05:33:55.266 1 INFO neutron.api.extensions [None req-ac0e173e-9f11-4de4-a4c6-dc5f7b39dcc6 - - - - - -] Loaded extension: network_ha
2026-03-31 05:33:55.267 1 INFO neutron.api.extensions [None req-ac0e173e-9f11-4de4-a4c6-dc5f7b39dcc6 - - - - - -] Loaded extension: network-ip-availability
2026-03-31 05:33:55.268 1 INFO neutron.api.extensions [None req-ac0e173e-9f11-4de4-a4c6-dc5f7b39dcc6 - - - - - -] Extension network-segment-range not supported by any of loaded plugins
2026-03-31 05:33:55.268 1 INFO neutron.api.extensions [None req-ac0e173e-9f11-4de4-a4c6-dc5f7b39dcc6 - - - - - -] Loaded extension: pagination
2026-03-31 05:33:55.269 1 INFO neutron.api.extensions [None req-ac0e173e-9f11-4de4-a4c6-dc5f7b39dcc6 - - - - - -] Loaded extension: port-device-profile
2026-03-31 05:33:55.269 1 INFO neutron.api.extensions [None req-ac0e173e-9f11-4de4-a4c6-dc5f7b39dcc6 - - - - - -] Extension port-hardware-offload-type not supported by any of loaded plugins
2026-03-31 05:33:55.270 1 INFO neutron.api.extensions [None req-ac0e173e-9f11-4de4-a4c6-dc5f7b39dcc6 - - - - - -] Extension port-hint-ovs-tx-steering not supported by any of loaded plugins
2026-03-31 05:33:55.270 1 INFO neutron.api.extensions [None req-ac0e173e-9f11-4de4-a4c6-dc5f7b39dcc6 - - - - - -] Extension port-hints not supported by any of loaded plugins
2026-03-31 05:33:55.271 1 INFO neutron.api.extensions [None req-ac0e173e-9f11-4de4-a4c6-dc5f7b39dcc6 - - - - - -] Loaded extension: port-mac-override
2026-03-31 05:33:55.271 1 INFO neutron.api.extensions [None req-ac0e173e-9f11-4de4-a4c6-dc5f7b39dcc6 - - - - - -] Loaded extension: port-mac-address-regenerate
2026-03-31 05:33:55.272 1 INFO neutron.api.extensions [None req-ac0e173e-9f11-4de4-a4c6-dc5f7b39dcc6 - - - - - -] Loaded extension: port-numa-affinity-policy
2026-03-31 05:33:55.272 1 INFO neutron.api.extensions [None req-ac0e173e-9f11-4de4-a4c6-dc5f7b39dcc6 - - - - - -] Loaded extension: port-resource-request
2026-03-31 05:33:55.273 1 INFO neutron.api.extensions [None req-ac0e173e-9f11-4de4-a4c6-dc5f7b39dcc6 - - - - - -] Loaded extension: port-resource-request-groups
2026-03-31 05:33:55.273 1 INFO neutron.api.extensions [None req-ac0e173e-9f11-4de4-a4c6-dc5f7b39dcc6 - - - - - -] Loaded extension: binding
2026-03-31 05:33:55.274 1 INFO neutron.api.extensions [None req-ac0e173e-9f11-4de4-a4c6-dc5f7b39dcc6 - - - - - -] Loaded extension: binding-extended
2026-03-31 05:33:55.275 1 INFO neutron.api.extensions [None req-ac0e173e-9f11-4de4-a4c6-dc5f7b39dcc6 - - - - - -] Loaded extension: port-security
2026-03-31 05:33:55.275 1 INFO neutron.api.extensions [None req-ac0e173e-9f11-4de4-a4c6-dc5f7b39dcc6 - - - - - -] Loaded extension: project-id
2026-03-31 05:33:55.275 1 INFO neutron.api.extensions [None req-ac0e173e-9f11-4de4-a4c6-dc5f7b39dcc6 - - - - - -] Loaded extension: provider
2026-03-31 05:33:55.277 1 INFO neutron.api.extensions [None req-ac0e173e-9f11-4de4-a4c6-dc5f7b39dcc6 - - - - - -] Loaded extension: qos
2026-03-31 05:33:55.278 1 INFO neutron.api.extensions [None req-ac0e173e-9f11-4de4-a4c6-dc5f7b39dcc6 - - - - - -] Loaded extension: qos-bw-limit-direction
2026-03-31 05:33:55.279 1 INFO neutron.api.extensions [None req-ac0e173e-9f11-4de4-a4c6-dc5f7b39dcc6 - - - - - -] Loaded extension: qos-bw-minimum-ingress
2026-03-31 05:33:55.279 1 INFO neutron.api.extensions [None req-ac0e173e-9f11-4de4-a4c6-dc5f7b39dcc6 - - - - - -] Loaded extension: qos-default
2026-03-31 05:33:55.280 1 INFO neutron.api.extensions [None req-ac0e173e-9f11-4de4-a4c6-dc5f7b39dcc6 - - - - - -] Loaded extension: qos-fip
2026-03-31 05:33:55.280 1 INFO neutron.api.extensions [None req-ac0e173e-9f11-4de4-a4c6-dc5f7b39dcc6 - - - - - -] Extension qos-fip-network-policy not supported by any of loaded plugins
2026-03-31 05:33:55.281 1 INFO neutron.api.extensions [None req-ac0e173e-9f11-4de4-a4c6-dc5f7b39dcc6 - - - - - -] Loaded extension: qos-gateway-ip
2026-03-31 05:33:55.281 1 INFO neutron.api.extensions [None req-ac0e173e-9f11-4de4-a4c6-dc5f7b39dcc6 - - - - - -] Loaded extension: qos-port-network-policy
2026-03-31 05:33:55.282 1 INFO neutron.api.extensions [None req-ac0e173e-9f11-4de4-a4c6-dc5f7b39dcc6 - - - - - -] Loaded extension: qos-pps-minimum
2026-03-31 05:33:55.282 1 INFO neutron.api.extensions [None req-ac0e173e-9f11-4de4-a4c6-dc5f7b39dcc6 - - - - - -] Loaded extension: qos-pps-minimum-rule-alias
2026-03-31 05:33:55.283 1 INFO neutron.api.extensions [None req-ac0e173e-9f11-4de4-a4c6-dc5f7b39dcc6 - - - - - -] Loaded extension: qos-pps
2026-03-31 05:33:55.283 1 INFO neutron.api.extensions [None req-ac0e173e-9f11-4de4-a4c6-dc5f7b39dcc6 - - - - - -] Loaded extension: qos-rule-type-details
2026-03-31 05:33:55.284 1 INFO neutron.api.extensions [None req-ac0e173e-9f11-4de4-a4c6-dc5f7b39dcc6 - - - - - -] Loaded extension: qos-rule-type-filter
2026-03-31 05:33:55.285 1 INFO neutron.api.extensions [None req-ac0e173e-9f11-4de4-a4c6-dc5f7b39dcc6 - - - - - -] Loaded extension: qos-rules-alias
2026-03-31 05:33:55.285 1 INFO neutron.api.extensions [None req-ac0e173e-9f11-4de4-a4c6-dc5f7b39dcc6 - - - - - -] Loaded extension: quota-check-limit
2026-03-31 05:33:55.287 1 INFO neutron.api.extensions [None req-ac0e173e-9f11-4de4-a4c6-dc5f7b39dcc6 - - - - - -] Loaded extension: quotas
2026-03-31 05:33:55.289 1 INFO neutron.api.extensions [None req-ac0e173e-9f11-4de4-a4c6-dc5f7b39dcc6 - - - - - -] Loaded extension: quota_details
2026-03-31 05:33:55.290 1 INFO neutron.api.extensions [None req-ac0e173e-9f11-4de4-a4c6-dc5f7b39dcc6 - - - - - -] Loaded extension: rbac-policies
2026-03-31 05:33:55.291 1 INFO neutron.api.extensions [None req-ac0e173e-9f11-4de4-a4c6-dc5f7b39dcc6 - - - - - -] Loaded extension: rbac-address-group
2026-03-31 05:33:55.291 1 INFO neutron.api.extensions [None req-ac0e173e-9f11-4de4-a4c6-dc5f7b39dcc6 - - - - - -] Loaded extension: rbac-address-scope
2026-03-31 05:33:55.292 1 INFO neutron.api.extensions [None req-ac0e173e-9f11-4de4-a4c6-dc5f7b39dcc6 - - - - - -] Loaded extension: rbac-security-groups
2026-03-31 05:33:55.292 1 INFO neutron.api.extensions [None req-ac0e173e-9f11-4de4-a4c6-dc5f7b39dcc6 - - - - - -] Loaded extension: rbac-subnetpool
2026-03-31 05:33:55.293 1 INFO neutron.api.extensions [None req-ac0e173e-9f11-4de4-a4c6-dc5f7b39dcc6 - - - - - -] Loaded extension: revision-if-match
2026-03-31 05:33:55.294 1 INFO neutron.api.extensions [None req-ac0e173e-9f11-4de4-a4c6-dc5f7b39dcc6 - - - - - -] Loaded extension: standard-attr-revisions
2026-03-31 05:33:55.294 1 INFO neutron.api.extensions [None req-ac0e173e-9f11-4de4-a4c6-dc5f7b39dcc6 - - - - - -] Loaded extension: router_availability_zone
2026-03-31 05:33:55.295 1 INFO neutron.api.extensions [None req-ac0e173e-9f11-4de4-a4c6-dc5f7b39dcc6 - - - - - -] Extension router-service-type not supported by any of loaded plugins
2026-03-31 05:33:55.296 1 INFO neutron.api.extensions [None req-ac0e173e-9f11-4de4-a4c6-dc5f7b39dcc6 - - - - - -] Loaded extension: security-groups-default-rules
2026-03-31 05:33:55.297 1 INFO neutron.api.extensions [None req-ac0e173e-9f11-4de4-a4c6-dc5f7b39dcc6 - - - - - -] Loaded extension: security-groups-normalized-cidr
2026-03-31 05:33:55.297 1 INFO neutron.api.extensions [None req-ac0e173e-9f11-4de4-a4c6-dc5f7b39dcc6 - - - - - -] Loaded extension: port-security-groups-filtering
2026-03-31 05:33:55.298 1 INFO neutron.api.extensions [None req-ac0e173e-9f11-4de4-a4c6-dc5f7b39dcc6 - - - - - -] Loaded extension: security-groups-remote-address-group
2026-03-31 05:33:55.298 1 INFO neutron.api.extensions [None req-ac0e173e-9f11-4de4-a4c6-dc5f7b39dcc6 - - - - - -] Loaded extension: security-groups-rules-belongs-to-default-sg
2026-03-31 05:33:55.299 1 INFO neutron.api.extensions [None req-ac0e173e-9f11-4de4-a4c6-dc5f7b39dcc6 - - - - - -] Loaded extension: security-groups-shared-filtering
2026-03-31 05:33:55.306 1 INFO neutron.api.extensions [None req-ac0e173e-9f11-4de4-a4c6-dc5f7b39dcc6 - - - - - -] Loaded extension: security-group
2026-03-31 05:33:55.307 1 INFO neutron.api.extensions [None req-ac0e173e-9f11-4de4-a4c6-dc5f7b39dcc6 - - - - - -] Loaded extension: segment
2026-03-31 05:33:55.308 1 INFO neutron.api.extensions [None req-ac0e173e-9f11-4de4-a4c6-dc5f7b39dcc6 - - - - - -] Loaded extension: segments-peer-subnet-host-routes
2026-03-31 05:33:55.308 1 INFO neutron.api.extensions [None req-ac0e173e-9f11-4de4-a4c6-dc5f7b39dcc6 - - - - - -] Loaded extension: service-type
2026-03-31 05:33:55.309 1 INFO neutron.api.extensions [None req-ac0e173e-9f11-4de4-a4c6-dc5f7b39dcc6 - - - - - -] Loaded extension: sorting
2026-03-31 05:33:55.309 1 INFO neutron.api.extensions [None req-ac0e173e-9f11-4de4-a4c6-dc5f7b39dcc6 - - - - - -] Loaded extension: standard-attr-segment
2026-03-31 05:33:55.310 1 INFO neutron.api.extensions [None req-ac0e173e-9f11-4de4-a4c6-dc5f7b39dcc6 - - - - - -] Loaded extension: standard-attr-description
2026-03-31 05:33:55.311 1 INFO neutron.api.extensions [None req-ac0e173e-9f11-4de4-a4c6-dc5f7b39dcc6 - - - - - -] Loaded extension: stateful-security-group
2026-03-31 05:33:55.311 1 WARNING neutron.api.extensions [None req-ac0e173e-9f11-4de4-a4c6-dc5f7b39dcc6 - - - - - -] Did not find expected name "Stdattrs_common" in /var/lib/openstack/lib/python3.10/site-packages/neutron/extensions/stdattrs_common.py
2026-03-31 05:33:55.312 1 INFO neutron.api.extensions [None req-ac0e173e-9f11-4de4-a4c6-dc5f7b39dcc6 - - - - - -] Extension subnet-dns-publish-fixed-ip not supported by any of loaded plugins
2026-03-31 05:33:55.312 1 INFO neutron.api.extensions [None req-ac0e173e-9f11-4de4-a4c6-dc5f7b39dcc6 - - - - - -] Loaded extension: subnet_onboard
2026-03-31 05:33:55.313 1 INFO neutron.api.extensions [None req-ac0e173e-9f11-4de4-a4c6-dc5f7b39dcc6 - - - - - -] Loaded extension: subnet-segmentid-writable
2026-03-31 05:33:55.313 1 INFO neutron.api.extensions [None req-ac0e173e-9f11-4de4-a4c6-dc5f7b39dcc6 - - - - - -] Loaded extension: subnet-service-types
2026-03-31 05:33:55.314 1 INFO neutron.api.extensions [None req-ac0e173e-9f11-4de4-a4c6-dc5f7b39dcc6 - - - - - -] Loaded extension: subnet_allocation
2026-03-31 05:33:55.315 1 INFO neutron.api.extensions [None req-ac0e173e-9f11-4de4-a4c6-dc5f7b39dcc6 - - - - - -] Loaded extension: subnetpool-prefix-ops
2026-03-31 05:33:55.315 1 INFO neutron.api.extensions [None req-ac0e173e-9f11-4de4-a4c6-dc5f7b39dcc6 - - - - - -] Extension tag-ports-during-bulk-creation not supported by any of loaded plugins
2026-03-31 05:33:55.318 1 INFO neutron.api.extensions [None req-ac0e173e-9f11-4de4-a4c6-dc5f7b39dcc6 - - - - - -] Loaded extension: standard-attr-tag
2026-03-31 05:33:55.319 1 INFO neutron.api.extensions [None req-ac0e173e-9f11-4de4-a4c6-dc5f7b39dcc6 - - - - - -] Loaded extension: standard-attr-timestamp
2026-03-31 05:33:55.319 1 INFO neutron.api.extensions [None req-ac0e173e-9f11-4de4-a4c6-dc5f7b39dcc6 - - - - - -] Loaded extension: trunk
2026-03-31 05:33:55.320 1 INFO neutron.api.extensions [None req-ac0e173e-9f11-4de4-a4c6-dc5f7b39dcc6 - - - - - -] Loaded extension: trunk-details
2026-03-31 05:33:55.320 1 INFO neutron.api.extensions [None req-ac0e173e-9f11-4de4-a4c6-dc5f7b39dcc6 - - - - - -] Extension uplink-status-propagation not supported by any of loaded plugins
2026-03-31 05:33:55.321 1 INFO neutron.api.extensions [None req-ac0e173e-9f11-4de4-a4c6-dc5f7b39dcc6 - - - - - -] Extension vlan-transparent not supported by any of loaded plugins
2026-03-31 05:33:55.323 1 INFO neutron.api.extensions [None req-ac0e173e-9f11-4de4-a4c6-dc5f7b39dcc6 - - - - - -] Extension vpn-agent-scheduler not supported by any of loaded plugins
2026-03-31 05:33:55.323 1 INFO neutron.api.extensions [None req-ac0e173e-9f11-4de4-a4c6-dc5f7b39dcc6 - - - - - -] Loaded extension: vpn-endpoint-groups
2026-03-31 05:33:55.324 1 INFO neutron.api.extensions [None req-ac0e173e-9f11-4de4-a4c6-dc5f7b39dcc6 - - - - - -] Loaded extension: vpn-flavors
2026-03-31 05:33:55.325 1 INFO neutron.api.extensions [None req-ac0e173e-9f11-4de4-a4c6-dc5f7b39dcc6 - - - - - -] Loaded extension: vpnaas
2026-03-31 05:33:55.329 1 INFO oslo_service.service [None req-ac0e173e-9f11-4de4-a4c6-dc5f7b39dcc6 - - - - - -] Starting 2 workers
2026-03-31 05:33:55.334 1 INFO oslo_service.service [None req-ac0e173e-9f11-4de4-a4c6-dc5f7b39dcc6 - - - - - -] Starting 1 workers
2026-03-31 05:34:44.973 9 INFO neutron.db.l3_hamode_db [None req-3f5d5d8d-6574-4ab4-afae-30aa6968ab04 - - - - - -] Number of active agents lower than max_l3_agents_per_router. L3 agents available: 1
2026-03-31 05:35:00.321 9 INFO neutron.plugins.ml2.plugin [None req-903a5a0e-a9c3-4816-af8b-270d3776e452 - - - - - -] Attempt 1 to provision port d62328b9-9c4c-4570-a83c-3d026514e506
2026-03-31 05:35:00.331 10 INFO neutron.plugins.ml2.plugin [None req-17ddeb98-a87d-4763-bc82-85db11b326a6 - - - - - -] Attempt 1 to provision port d62328b9-9c4c-4570-a83c-3d026514e506
2026-03-31 05:35:02.033 9 INFO neutron.plugins.ml2.plugin [None req-903a5a0e-a9c3-4816-af8b-270d3776e452 - - - - - -] Attempt 1 to provision port d62328b9-9c4c-4570-a83c-3d026514e506
2026-03-31 05:39:36.414 10 INFO neutron.plugins.ml2.plugin [None req-903a5a0e-a9c3-4816-af8b-270d3776e452 - - - - - -] Attempt 1 to provision port 39f97bc4-252e-414c-ac69-21d8cfbf1917
2026-03-31 05:39:37.121 10 INFO neutron.plugins.ml2.plugin [None req-7588536d-8ab6-44bb-bb4c-c6bcf0cd5dc0 - - - - - -] Attempt 1 to provision port 39f97bc4-252e-414c-ac69-21d8cfbf1917
2026-03-31 05:39:38.234 9 INFO neutron.plugins.ml2.plugin [None req-903a5a0e-a9c3-4816-af8b-270d3776e452 - - - - - -] Attempt 1 to provision port 39f97bc4-252e-414c-ac69-21d8cfbf1917
2026-03-31 05:39:45.494 9 INFO neutron.plugins.ml2.plugin [None req-c63ec0a4-2975-4eb3-bbbf-c433ec73ec6f - - - - - -] Attempt 1 to provision port e9e4e87f-adfc-4615-93b4-5b65b9ef0e80
2026-03-31 05:43:54.525 9 INFO neutron.plugins.ml2.plugin [None req-903a5a0e-a9c3-4816-af8b-270d3776e452 - - - - - -] Attempt 1 to provision port e9e4e87f-adfc-4615-93b4-5b65b9ef0e80
2026-03-31 05:43:56.442 10 INFO neutron.plugins.ml2.plugin [None req-903a5a0e-a9c3-4816-af8b-270d3776e452 - - - - - -] Attempt 1 to provision port e9e4e87f-adfc-4615-93b4-5b65b9ef0e80
2026-03-31 05:53:13.008 9 INFO neutron.plugins.ml2.plugin [None req-903a5a0e-a9c3-4816-af8b-270d3776e452 - - - - - -] Attempt 1 to provision port 0122b8df-851a-4dc0-993f-ee3439215f36
2026-03-31 05:53:14.969 10 INFO neutron.plugins.ml2.plugin [None req-903a5a0e-a9c3-4816-af8b-270d3776e452 - - - - - -] Attempt 1 to provision port 0122b8df-851a-4dc0-993f-ee3439215f36
2026-03-31 06:09:06.018 10 INFO neutron.plugins.ml2.plugin [None req-5256641f-5025-4840-b0f0-a0f8e3657e25 - - - - - -] Attempt 1 to provision port 30303d37-3e76-4dba-b2d5-8b8683e62bee
2026-03-31 06:09:06.492 9 INFO neutron.plugins.ml2.plugin [None req-7a1e51df-ed1b-4a95-928e-83284f5accd2 - - - - - -] Attempt 1 to provision port 0a42f9cc-1105-4f83-8304-d4f6b1ffe15a
2026-03-31 06:09:06.662 9 INFO neutron.plugins.ml2.plugin [None req-0606b777-3b7d-4da1-8d0f-f8506ee32094 - - - - - -] Attempt 1 to provision port 4e6508c6-729f-435a-917f-a889ba7dd4e8
2026-03-31 06:09:07.026 10 INFO neutron.plugins.ml2.plugin [None req-903a5a0e-a9c3-4816-af8b-270d3776e452 - - - - - -] Attempt 1 to provision port 4e6508c6-729f-435a-917f-a889ba7dd4e8
2026-03-31 06:09:07.051 9 INFO neutron.plugins.ml2.plugin [None req-1925476b-3d39-45b3-a3d9-7d2a28ef1e4f - - - - - -] Attempt 1 to provision port 3c15e007-f47e-49c4-83b4-b47968bde8fe
2026-03-31 06:09:07.490 10 INFO neutron.plugins.ml2.plugin [None req-903a5a0e-a9c3-4816-af8b-270d3776e452 - - - - - -] Attempt 1 to provision port 3c15e007-f47e-49c4-83b4-b47968bde8fe
2026-03-31 06:09:09.141 9 INFO neutron.plugins.ml2.plugin [None req-903a5a0e-a9c3-4816-af8b-270d3776e452 - - - - - -] Attempt 1 to provision port 4e6508c6-729f-435a-917f-a889ba7dd4e8
2026-03-31 06:09:09.670 9 INFO neutron.plugins.ml2.plugin [None req-903a5a0e-a9c3-4816-af8b-270d3776e452 - - - - - -] Attempt 1 to provision port 3c15e007-f47e-49c4-83b4-b47968bde8fe
2026-03-31 06:09:09.763 10 INFO neutron.plugins.ml2.plugin [None req-71343314-83cc-46b5-8561-7098bf068b98 - - - - - -] Attempt 1 to provision port 9fa9adef-1706-4aef-b495-7fefa2f4e168
2026-03-31 06:09:09.942 9 INFO neutron.plugins.ml2.plugin [None req-751432b3-af6b-4865-807b-951a3689060a - - - - - -] Attempt 1 to provision port 394a2ad6-4921-4791-b9ab-d3f79f6a0300
2026-03-31 06:09:10.505 10 INFO neutron.plugins.ml2.plugin [None req-a5d49b20-d874-4f03-b211-d4793b4dc0a7 - - - - - -] Attempt 1 to provision port 9fa9adef-1706-4aef-b495-7fefa2f4e168
2026-03-31 06:09:10.652 9 INFO neutron.plugins.ml2.plugin [None req-2d433714-d781-4684-99ec-e0fff040ab03 - - - - - -] Attempt 1 to provision port 394a2ad6-4921-4791-b9ab-d3f79f6a0300
2026-03-31 06:09:12.335 10 INFO neutron.plugins.ml2.plugin [None req-91cecad5-df86-4ef2-a604-a967d6380efa - - - - - -] Attempt 1 to provision port a5ae6205-b81c-4653-b7ad-cd2b7c9b392a
2026-03-31 06:09:12.880 10 INFO neutron.plugins.ml2.plugin [None req-5c97ce0c-dfa0-4807-8d71-1ee2dfa3f1fb - - - - - -] Attempt 1 to provision port 8ef446bf-ef64-487e-88e8-1066f3f8bc5f
2026-03-31 06:09:13.038 9 INFO neutron.plugins.ml2.plugin [None req-903a5a0e-a9c3-4816-af8b-270d3776e452 - - - - - -] Attempt 1 to provision port 8ef446bf-ef64-487e-88e8-1066f3f8bc5f
2026-03-31 06:09:15.040 10 INFO neutron.plugins.ml2.plugin [None req-903a5a0e-a9c3-4816-af8b-270d3776e452 - - - - - -] Attempt 1 to provision port 8ef446bf-ef64-487e-88e8-1066f3f8bc5f
2026-03-31 06:09:15.441 10 INFO neutron.plugins.ml2.plugin [None req-7bfaae01-e063-45a3-a8fb-14246472cbe7 - - - - - -] Attempt 1 to provision port 2931b3e4-78ce-4615-b54b-9b9a4552d743
2026-03-31 06:09:16.222 9 INFO neutron.plugins.ml2.plugin [None req-f5b30229-a449-4717-b83a-d1dbdda3f085 - - - - - -] Attempt 1 to provision port 2931b3e4-78ce-4615-b54b-9b9a4552d743
2026-03-31 06:09:19.124 10 INFO neutron.plugins.ml2.plugin [None req-903a5a0e-a9c3-4816-af8b-270d3776e452 - - - - - -] Attempt 1 to provision port 32c27fd7-024d-4855-bb70-3cae1c42e540
2026-03-31 06:09:19.720 10 INFO neutron.plugins.ml2.plugin [None req-903a5a0e-a9c3-4816-af8b-270d3776e452 - - - - - -] Attempt 1 to provision port 164f1cb6-c8ba-4f2b-afe5-61c157bab5eb
2026-03-31 06:09:21.145 9 INFO neutron.plugins.ml2.plugin [None req-903a5a0e-a9c3-4816-af8b-270d3776e452 - - - - - -] Attempt 1 to provision port 32c27fd7-024d-4855-bb70-3cae1c42e540
2026-03-31 06:09:21.436 9 INFO neutron.plugins.ml2.plugin [None req-903a5a0e-a9c3-4816-af8b-270d3776e452 - - - - - -] Attempt 1 to provision port 164f1cb6-c8ba-4f2b-afe5-61c157bab5eb /var/lib/openstack/lib/python3.10/site-packages/oslo_db/sqlalchemy/enginefacade.py:664: SAWarning: DELETE statement on table 'portsecuritybindings' expected to delete 1 row(s); 0 were matched. Please set confirm_deleted_rows=False within the mapper configuration to prevent this warning. self.session.flush() /var/lib/openstack/lib/python3.10/site-packages/oslo_db/sqlalchemy/enginefacade.py:664: SAWarning: DELETE statement on table 'ml2_port_bindings' expected to delete 1 row(s); 0 were matched. Please set confirm_deleted_rows=False within the mapper configuration to prevent this warning. self.session.flush() /var/lib/openstack/lib/python3.10/site-packages/oslo_db/sqlalchemy/enginefacade.py:664: SAWarning: DELETE statement on table 'ml2_port_binding_levels' expected to delete 1 row(s); 0 were matched. Please set confirm_deleted_rows=False within the mapper configuration to prevent this warning. self.session.flush() /var/lib/openstack/lib/python3.10/site-packages/oslo_db/sqlalchemy/enginefacade.py:664: SAWarning: DELETE statement on table 'ports' expected to delete 1 row(s); 0 were matched. Please set confirm_deleted_rows=False within the mapper configuration to prevent this warning. self.session.flush()
2026-03-31 06:09:24.362 9 INFO neutron.plugins.ml2.plugin [None req-84efd0d5-903c-4d68-8b67-0211e1c7f1a0 - - - - - -] Attempt 1 to provision port 3e53e104-c6ca-45a4-b5f8-ff50df8e9c43
2026-03-31 06:09:25.053 9 INFO neutron.plugins.ml2.plugin [None req-d8cddfe5-1ce8-4593-9820-4632dce5c8c7 - - - - - -] Attempt 1 to provision port ecebd877-9b06-4014-a892-57e83b4739fa
2026-03-31 06:09:25.062 10 INFO neutron.plugins.ml2.plugin [None req-903a5a0e-a9c3-4816-af8b-270d3776e452 - - - - - -] Attempt 1 to provision port ecebd877-9b06-4014-a892-57e83b4739fa
2026-03-31 06:09:25.367 9 INFO neutron.plugins.ml2.plugin [None req-d8cddfe5-1ce8-4593-9820-4632dce5c8c7 - - - - - -] Attempt 1 to provision port f3980d58-50f8-46ed-a23d-7ef9338bdc1f
2026-03-31 06:09:27.042 9 INFO neutron.plugins.ml2.plugin [None req-903a5a0e-a9c3-4816-af8b-270d3776e452 - - - - - -] Attempt 1 to provision port ecebd877-9b06-4014-a892-57e83b4739fa
2026-03-31 06:09:27.867 10 INFO neutron.plugins.ml2.plugin [None req-4a4bf6de-6921-42dc-bfb4-e03c28f2051c - - - - - -] Attempt 1 to provision port afb5c53a-abf2-4750-88bd-5a4883c933c9
2026-03-31 06:09:28.532 10 INFO neutron.plugins.ml2.plugin [None req-606b4bd9-c397-416a-8150-e43a50370e10 - - - - - -] Attempt 1 to provision port afb5c53a-abf2-4750-88bd-5a4883c933c9
2026-03-31 06:09:29.141 9 INFO neutron.plugins.ml2.plugin [None req-903a5a0e-a9c3-4816-af8b-270d3776e452 - - - - - -] Attempt 1 to provision port 3e53e104-c6ca-45a4-b5f8-ff50df8e9c43
2026-03-31 06:09:29.877 9 INFO neutron.notifiers.nova [-] Nova event matching ['req-dd761a25-869b-4466-9d7d-87287513fd9c'] response: {'server_uuid': 'd05c2b84-4517-47fb-9cea-83a7780694fb', 'name': 'network-vif-plugged', 'status': 'completed', 'tag': '3e53e104-c6ca-45a4-b5f8-ff50df8e9c43', 'code': 200}
2026-03-31 06:09:29.942 9 INFO neutron.plugins.ml2.plugin [None req-903a5a0e-a9c3-4816-af8b-270d3776e452 - - - - - -] Attempt 1 to provision port a241ad2a-a6dc-4500-bada-379d037b62bf
2026-03-31 06:09:30.301 10 INFO neutron.plugins.ml2.plugin [None req-d2b57b69-0df2-4c34-9d04-60ecc63468e9 - - - - - -] Attempt 1 to provision port 3da5ba36-ac39-4fac-9be7-bf272f664369
2026-03-31 06:09:30.966 10 INFO neutron.plugins.ml2.plugin [None req-482ba50b-cf3f-4fe5-928e-1c8ba4d5ce9c - - - - - -] Attempt 1 to provision port 8935d159-b240-42af-90f1-03e84b1b82c8
2026-03-31 06:09:31.245 9 INFO neutron.plugins.ml2.plugin [None req-903a5a0e-a9c3-4816-af8b-270d3776e452 - - - - - -] Attempt 1 to provision port 8935d159-b240-42af-90f1-03e84b1b82c8
2026-03-31 06:09:31.879 9 INFO neutron.plugins.ml2.plugin [None req-903a5a0e-a9c3-4816-af8b-270d3776e452 - - - - - -] Attempt 1 to provision port 3e53e104-c6ca-45a4-b5f8-ff50df8e9c43
2026-03-31 06:09:32.573 9 INFO neutron.plugins.ml2.plugin [None req-903a5a0e-a9c3-4816-af8b-270d3776e452 - - - - - -] Attempt 1 to provision port a241ad2a-a6dc-4500-bada-379d037b62bf
2026-03-31 06:09:33.151 10 INFO neutron.plugins.ml2.plugin [None req-903a5a0e-a9c3-4816-af8b-270d3776e452 - - - - - -] Attempt 1 to provision port 8935d159-b240-42af-90f1-03e84b1b82c8
2026-03-31 06:09:33.823 9 INFO neutron.plugins.ml2.plugin [None req-5994dbc1-f669-402a-9f75-dfa6529adedf - - - - - -] Attempt 1 to provision port c5b7c556-8235-4563-9f2c-2cde65d88847
2026-03-31 06:09:34.011 10 INFO neutron.plugins.ml2.plugin [None req-8072aa92-4565-4253-8036-2b8393e591f0 - - - - - -] Attempt 1 to provision port e3b8d634-3160-4245-bac8-25e74a2c12f8
2026-03-31 06:09:34.948 10 INFO neutron.plugins.ml2.plugin [None req-60420579-4953-4a72-bf97-70f0e8628547 - - - - - -] Attempt 1 to provision port e3b8d634-3160-4245-bac8-25e74a2c12f8
2026-03-31 06:09:35.174 9 INFO neutron.plugins.ml2.plugin [None req-903a5a0e-a9c3-4816-af8b-270d3776e452 - - - - - -] Attempt 1 to provision port 812b4151-f759-441b-8607-0bdbee6ce9dd
2026-03-31 06:09:37.636 9 INFO neutron.plugins.ml2.plugin [None req-903a5a0e-a9c3-4816-af8b-270d3776e452 - - - - - -] Attempt 1 to provision port c5b7c556-8235-4563-9f2c-2cde65d88847
2026-03-31 06:09:37.794 9 INFO neutron.notifiers.nova [-] Nova event matching ['req-02c3363a-0082-4058-a46b-956fa11a9298'] response: {'server_uuid': '92193477-05e3-49a2-963b-db108bfbc12c', 'name': 'network-vif-plugged', 'status': 'completed', 'tag': 'c5b7c556-8235-4563-9f2c-2cde65d88847', 'code': 200}
2026-03-31 06:09:38.365 9 INFO neutron.plugins.ml2.plugin [None req-903a5a0e-a9c3-4816-af8b-270d3776e452 - - - - - -] Attempt 1 to provision port 812b4151-f759-441b-8607-0bdbee6ce9dd
2026-03-31 06:09:39.675 10 INFO neutron.plugins.ml2.plugin [None req-903a5a0e-a9c3-4816-af8b-270d3776e452 - - - - - -] Attempt 1 to provision port c5b7c556-8235-4563-9f2c-2cde65d88847
2026-03-31 06:09:41.788 9 INFO neutron.notifiers.nova [-] Nova event matching ['req-a66c69f1-8733-40f4-a553-42d9fedf1a24'] response: {'server_uuid': '92193477-05e3-49a2-963b-db108bfbc12c', 'name': 'network-vif-unplugged', 'status': 'completed', 'tag': 'c5b7c556-8235-4563-9f2c-2cde65d88847', 'code': 200}
2026-03-31 06:09:43.053 10 INFO neutron.plugins.ml2.plugin [None req-de46f5a3-2cf8-4784-bbc5-1381390a78fc - - - - - -] Attempt 1 to provision port 47d9b720-2598-447e-a2da-44df88184afd
2026-03-31 06:09:44.910 9 INFO neutron.plugins.ml2.plugin [None req-2bc23a67-2a5a-40b4-acf9-3f3e69e62b17 - - - - - -] Attempt 1 to provision port e54c92cb-e16b-4a67-885f-54180be78f53
2026-03-31 06:09:47.449 10 INFO neutron.plugins.ml2.plugin [None req-903a5a0e-a9c3-4816-af8b-270d3776e452 - - - - - -] Attempt 1 to provision port 47d9b720-2598-447e-a2da-44df88184afd
2026-03-31 06:09:48.107 10 INFO neutron.notifiers.nova [-] Nova event matching ['req-e5139ce8-4f1f-4352-b745-88017565bf12'] response: {'server_uuid': '119101c4-9d57-4cf0-a473-c7a877a5b594', 'name': 'network-vif-plugged', 'status': 'completed', 'tag': '47d9b720-2598-447e-a2da-44df88184afd', 'code': 200}
2026-03-31 06:09:49.362 10 INFO neutron.plugins.ml2.plugin [None req-903a5a0e-a9c3-4816-af8b-270d3776e452 - - - - - -] Attempt 1 to provision port 47d9b720-2598-447e-a2da-44df88184afd
2026-03-31 06:09:53.307 10 INFO neutron.plugins.ml2.plugin [None req-903a5a0e-a9c3-4816-af8b-270d3776e452 - - - - - -] Attempt 1 to provision port 3da5ba36-ac39-4fac-9be7-bf272f664369
2026-03-31 06:09:53.789 10 INFO neutron.plugins.ml2.plugin [None req-903a5a0e-a9c3-4816-af8b-270d3776e452 - - - - - -] Attempt 1 to provision port e3b8d634-3160-4245-bac8-25e74a2c12f8
2026-03-31 06:09:55.298 9 INFO neutron.plugins.ml2.plugin [None req-903a5a0e-a9c3-4816-af8b-270d3776e452 - - - - - -] Attempt 1 to provision port 3da5ba36-ac39-4fac-9be7-bf272f664369
2026-03-31 06:09:55.520 9 INFO neutron.plugins.ml2.plugin [None req-903a5a0e-a9c3-4816-af8b-270d3776e452 - - - - - -] Attempt 1 to provision port e3b8d634-3160-4245-bac8-25e74a2c12f8
2026-03-31 06:10:04.757 10 INFO neutron.plugins.ml2.plugin [None req-e36c7367-c558-44da-8077-c0356e4c8370 - - - - - -] Attempt 1 to provision port 47d9b720-2598-447e-a2da-44df88184afd
2026-03-31 06:10:05.328 9 INFO neutron.plugins.ml2.plugin [None req-903a5a0e-a9c3-4816-af8b-270d3776e452 - - - - - -] Attempt 1 to provision port 47d9b720-2598-447e-a2da-44df88184afd
2026-03-31 06:10:07.090 9 INFO neutron.plugins.ml2.plugin [None req-b0600aab-93aa-4bed-b9c1-137ea9880e6b - - - - - -] Attempt 1 to provision port 47d9b720-2598-447e-a2da-44df88184afd
2026-03-31 06:10:07.357 10 INFO neutron.plugins.ml2.plugin [None req-903a5a0e-a9c3-4816-af8b-270d3776e452 - - - - - -] Attempt 1 to provision port 47d9b720-2598-447e-a2da-44df88184afd
2026-03-31 06:10:09.548 9 INFO neutron.notifiers.nova [-] Nova event matching ['req-4d54a023-d288-452a-9b9c-29c9a1b46b19'] response: {'server_uuid': '119101c4-9d57-4cf0-a473-c7a877a5b594', 'name': 'network-vif-unplugged', 'status': 'completed', 'tag': '47d9b720-2598-447e-a2da-44df88184afd', 'code': 200} /var/lib/openstack/lib/python3.10/site-packages/oslo_db/sqlalchemy/enginefacade.py:664: SAWarning: DELETE statement on table 'portsecuritybindings' expected to delete 1 row(s); 0 were matched. Please set confirm_deleted_rows=False within the mapper configuration to prevent this warning. self.session.flush() /var/lib/openstack/lib/python3.10/site-packages/oslo_db/sqlalchemy/enginefacade.py:664: SAWarning: DELETE statement on table 'ml2_port_bindings' expected to delete 1 row(s); 0 were matched. Please set confirm_deleted_rows=False within the mapper configuration to prevent this warning. self.session.flush() /var/lib/openstack/lib/python3.10/site-packages/oslo_db/sqlalchemy/enginefacade.py:664: SAWarning: DELETE statement on table 'ml2_port_binding_levels' expected to delete 1 row(s); 0 were matched. Please set confirm_deleted_rows=False within the mapper configuration to prevent this warning. self.session.flush() /var/lib/openstack/lib/python3.10/site-packages/oslo_db/sqlalchemy/enginefacade.py:664: SAWarning: DELETE statement on table 'ports' expected to delete 1 row(s); 0 were matched. Please set confirm_deleted_rows=False within the mapper configuration to prevent this warning. self.session.flush()
2026-03-31 06:10:21.316 9 INFO neutron.plugins.ml2.plugin [None req-4d336d55-341a-41d6-bb6f-8b132c4ec475 - - - - - -] Attempt 1 to provision port cb9b30bc-1859-46dc-8158-7e7cd850a808
2026-03-31 06:10:21.349 10 INFO neutron.plugins.ml2.plugin [None req-903a5a0e-a9c3-4816-af8b-270d3776e452 - - - - - -] Attempt 1 to provision port 9b6cd5e7-d05e-403f-8513-0ce369d27e4c
2026-03-31 06:10:21.962 10 INFO neutron.plugins.ml2.plugin [None req-677df756-f529-40f0-8860-66794e002146 - - - - - -] Attempt 1 to provision port 9b6cd5e7-d05e-403f-8513-0ce369d27e4c
2026-03-31 06:10:23.568 10 INFO neutron.plugins.ml2.plugin [None req-387e1184-69f8-4583-8240-f4a833794a33 - - - - - -] Attempt 1 to provision port e049c292-21e3-486a-ab0f-5e9ad352a09e
2026-03-31 06:10:23.579 9 INFO neutron.plugins.ml2.plugin [None req-903a5a0e-a9c3-4816-af8b-270d3776e452 - - - - - -] Attempt 1 to provision port e049c292-21e3-486a-ab0f-5e9ad352a09e
2026-03-31 06:10:24.336 10 INFO neutron.plugins.ml2.plugin [None req-6e3c6d7f-eccb-4fc8-8774-91c0a25890df - - - - - -] Attempt 1 to provision port fe8414a2-39c4-45c1-b27f-ec3bb3d64249
2026-03-31 06:10:24.562 9 INFO neutron.plugins.ml2.plugin [None req-903a5a0e-a9c3-4816-af8b-270d3776e452 - - - - - -] Attempt 1 to provision port 9b6cd5e7-d05e-403f-8513-0ce369d27e4c
2026-03-31 06:10:25.110 9 INFO neutron.plugins.ml2.plugin [None req-8ac43bfd-e193-4837-be6f-0d5e4aa82400 - - - - - -] Attempt 1 to provision port fe8414a2-39c4-45c1-b27f-ec3bb3d64249
2026-03-31 06:10:25.263 10 INFO neutron.plugins.ml2.plugin [None req-58f1a6eb-91ae-42ea-998f-4c17b53c0c63 - - - - - -] Attempt 1 to provision port a1cb6576-255b-416d-b39b-fed3f2984e45
2026-03-31 06:10:25.446 9 INFO neutron.plugins.ml2.plugin [None req-903a5a0e-a9c3-4816-af8b-270d3776e452 - - - - - -] Attempt 1 to provision port a1cb6576-255b-416d-b39b-fed3f2984e45
2026-03-31 06:10:25.832 9 INFO neutron.plugins.ml2.plugin [None req-903a5a0e-a9c3-4816-af8b-270d3776e452 - - - - - -] Attempt 1 to provision port f39d7242-ea26-4082-acab-0f8c602c2df9
2026-03-31 06:10:26.516 9 INFO neutron.plugins.ml2.plugin [None req-903a5a0e-a9c3-4816-af8b-270d3776e452 - - - - - -] Attempt 1 to provision port e049c292-21e3-486a-ab0f-5e9ad352a09e
2026-03-31 06:10:26.884 10 INFO neutron.plugins.ml2.plugin [None req-b7312d3d-6ab5-4818-8572-40658e11562d - - - - - -] Attempt 1 to provision port 33506246-5ad4-4411-9dbc-8c6759be7644
2026-03-31 06:10:27.318 9 INFO neutron.plugins.ml2.plugin [None req-903a5a0e-a9c3-4816-af8b-270d3776e452 - - - - - -] Attempt 1 to provision port a1cb6576-255b-416d-b39b-fed3f2984e45
2026-03-31 06:10:27.446 10 INFO neutron.plugins.ml2.plugin [None req-7a6f288f-7dc2-4f29-8cec-f823db6b9b0b - - - - - -] Attempt 1 to provision port 33506246-5ad4-4411-9dbc-8c6759be7644
2026-03-31 06:10:27.693 9 INFO neutron.plugins.ml2.plugin [None req-903a5a0e-a9c3-4816-af8b-270d3776e452 - - - - - -] Attempt 1 to provision port f39d7242-ea26-4082-acab-0f8c602c2df9
2026-03-31 06:10:29.213 9 INFO neutron.plugins.ml2.plugin [None req-49852244-444b-483d-9926-88c51b373941 - - - - - -] Attempt 1 to provision port 54190f54-1498-4a88-abcd-4558c95907b2
2026-03-31 06:10:30.001 9 INFO neutron.plugins.ml2.plugin [None req-dd78c07c-97f7-452e-ae84-8428b80735fe - - - - - -] Attempt 1 to provision port 54190f54-1498-4a88-abcd-4558c95907b2
2026-03-31 06:10:33.660 9 INFO neutron.plugins.ml2.plugin [None req-a23b9f22-a67c-4376-beb9-d0dbb869fc5b - - - - - -] Attempt 1 to provision port f477b743-3601-4acb-9dab-65c13eab2ea3
2026-03-31 06:10:36.043 10 INFO neutron.plugins.ml2.plugin [None req-0a9992fc-0ca6-4b1b-9a23-0cb7bb3b5915 - - - - - -] Attempt 1 to provision port 0239c703-24b6-40ea-aa70-2e7bb6cb93d3
2026-03-31 06:10:39.465 10 INFO neutron.plugins.ml2.plugin [None req-903a5a0e-a9c3-4816-af8b-270d3776e452 - - - - - -] Attempt 1 to provision port 3df56c71-33b5-4df1-9e72-c6c31d3375f6
