Jul 02 03:18:30.273775 np0000183852 devstack@neutron-api.service[102044]: DEBUG oslo_concurrency.processutils [None req-95ae5e3b-d37e-4b06-bcc1-cf559ac938b6 None None] CMD "ovsdb-client transact ssl:199.204.45.70:6641 --timeout 180 -p /opt/stack/data/CA/int-ca/private/devstack-cert.key -c /opt/stack/data/CA/int-ca/devstack-cert.crt -C /opt/stack/data/CA/int-ca/ca-chain.pem ["OVN_Northbound", {"op": "wait", "timeout": 0, "table": "Port_Group", "where": [["name", "==", "pvlan_pg_drop"]], "until": "==", "rows": []}, {"op": "insert", "table": "ACL", "row": {"action": "drop", "direction": "to-lport", "match": "outport == @pvlan_pg_drop && ip", "priority": 1010}, "uuid-name": "pvlandroptoport"}, {"op": "insert", "table": "ACL", "row": {"action": "drop", "direction": "from-lport", "match": "inport == @pvlan_pg_drop && ip", "priority": 1010}, "uuid-name": "pvlandropfromport"}, {"op": "insert", "table": "Port_Group", "row": {"name": "pvlan_pg_drop", "acls": ["set", [["named-uuid", "pvlandroptoport"], ["named-uuid", "pvlandropfromport"]]]}}]" returned: 0 in 0.036s {{(pid=102044) execute /opt/stack/data/venv/lib/python3.12/site-packages/oslo_concurrency/processutils.py:468}}
Jul 02 03:18:30.277260 np0000183852 devstack@neutron-api.service[102044]: WSGI app 0 (mountpoint='') ready in 7 seconds on interpreter 0x7dae6c2a3668 pid: 102044 (default app)
Jul 02 03:18:35.129995 np0000183852 devstack@neutron-api.service[102045]: DEBUG neutron.plugins.ml2.drivers.ovn.mech_driver.ovsdb.ovsdb_monitor [-] Hash Ring: Node 52ed9f06df4151f985ae712a38889f78 (host: np0000183852) handling event "update" for row 08b818f0-d474-4360-92a3-e137197dc7a8 (table: Connection) {{(pid=102045) notify /opt/stack/neutron/neutron/plugins/ml2/drivers/ovn/mech_driver/ovsdb/ovsdb_monitor.py:1015}}
Jul 02 03:18:36.175542 np0000183852 devstack@neutron-api.service[102045]: DEBUG neutron.api.wsgi [None req-9db8d376-e7b1-4320-ae6f-4d3fda316a80 admin admin] Missing Content-Type {{(pid=102045) get_content_type /opt/stack/neutron/neutron/api/wsgi.py:80}}
Jul 02 03:18:36.176297 np0000183852 devstack@neutron-api.service[102045]: DEBUG neutron.api.wsgi [None req-9db8d376-e7b1-4320-ae6f-4d3fda316a80 admin admin] https://199.204.45.70/networking/v2.0/extensions returned with HTTP 200 {{(pid=102045) __call__ /opt/stack/neutron/neutron/api/wsgi.py:540}}
Jul 02 03:18:36.176297 np0000183852 devstack@neutron-api.service[102045]: [pid: 102045|app: 0|req: 2/2] 199.204.45.70 () {64 vars in 1316 bytes} [Thu Jul 2 03:18:35 2026] GET /networking/v2.0/extensions => generated 16171 bytes in 440 msecs (HTTP/1.1 200) 4 headers in 159 bytes (1 switches on core 0)
Jul 02 03:18:36.578230 np0000183852 devstack@neutron-api.service[102043]: DEBUG neutron.api.v2.base [None req-0baf21a7-9053-485b-b570-f39d3666e4fe admin admin] Request body: {'subnetpool': {'prefixes': ['10.1.0.0/20'], 'shared': True, 'default_prefixlen': 26, 'name': 'shared-default-subnetpool-v4', 'is_default': True}} {{(pid=102043) prepare_request_body /opt/stack/neutron/neutron/api/v2/base.py:727}}
Jul 02 03:18:36.784185 np0000183852 devstack@neutron-api.service[102043]: DEBUG neutron.policy [None req-0baf21a7-9053-485b-b570-f39d3666e4fe admin admin] Loaded default policies from ['neutron'] under neutron.policies entry points {{(pid=102043) register_rules /opt/stack/neutron/neutron/policy.py:65}}
Jul 02 03:18:36.936774 np0000183852 devstack@neutron-api.service[102043]: DEBUG neutron_lib.callbacks.manager [None req-0baf21a7-9053-485b-b570-f39d3666e4fe admin admin] Publish callbacks ['neutron.objects.securitygroup.RbacNeutronDbObjectMixin.validate_rbac_policy_change-2383669943666', 'neutron.objects.address_group.RbacNeutronDbObjectMixin.validate_rbac_policy_change-2383669888026', 'neutron.objects.network.RbacNeutronDbObjectMixin.validate_rbac_policy_change-2383669904182', 'neutron.objects.qos.policy.RbacNeutronDbObjectMixin.validate_rbac_policy_change-2383669919273', 'neutron.objects.subnetpool.RbacNeutronDbObjectMixin.validate_rbac_policy_change-2383670390347', 'neutron.objects.address_scope.RbacNeutronDbObjectMixin.validate_rbac_policy_change-2383669917786', 'neutron.plugins.ml2.plugin.External_net_db_mixin._process_ext_policy_create-3283812', 'neutron.plugins.ml2.plugin.NeutronDbPluginV2.validate_network_rbac_policy_change-3174144'] for rbac-policy (None), before_create {{(pid=102043) _notify_loop /opt/stack/data/venv/lib/python3.12/site-packages/neutron_lib/callbacks/manager.py:184}}
Jul 02 03:18:36.987735 np0000183852 devstack@neutron-api.service[102043]: DEBUG neutron_lib.callbacks.manager [None req-0baf21a7-9053-485b-b570-f39d3666e4fe admin admin] Publish callbacks [] for subnetpool (None), before_response {{(pid=102043) _notify_loop /opt/stack/data/venv/lib/python3.12/site-packages/neutron_lib/callbacks/manager.py:184}}
Jul 02 03:18:36.988427 np0000183852 devstack@neutron-api.service[102043]: [pid: 102043|app: 0|req: 1/3] 199.204.45.70 () {68 vars in 1360 bytes} [Thu Jul 2 03:18:36 2026] POST /networking/v2.0/subnetpools => generated 533 bytes in 529 msecs (HTTP/1.1 201) 4 headers in 162 bytes (1 switches on core 0)
Jul 02 03:18:37.310185 np0000183852 devstack@neutron-api.service[102046]: DEBUG neutron.api.v2.base [None req-2ab49ec8-7497-488d-b400-8f8969cf682a admin admin] Request body: {'subnetpool': {'prefixes': ['fd0f:9a6a:4432::/56'], 'shared': True, 'default_prefixlen': 64, 'name': 'shared-default-subnetpool-v6', 'is_default': True}} {{(pid=102046) prepare_request_body /opt/stack/neutron/neutron/api/v2/base.py:727}}
Jul 02 03:18:37.489614 np0000183852 devstack@neutron-api.service[102046]: DEBUG neutron.policy [None req-2ab49ec8-7497-488d-b400-8f8969cf682a admin admin] Loaded default policies from ['neutron'] under neutron.policies entry points {{(pid=102046) register_rules /opt/stack/neutron/neutron/policy.py:65}}
Jul 02 03:18:37.640997 np0000183852 devstack@neutron-api.service[102046]: DEBUG neutron_lib.callbacks.manager [None req-2ab49ec8-7497-488d-b400-8f8969cf682a admin admin] Publish callbacks ['neutron.objects.securitygroup.RbacNeutronDbObjectMixin.validate_rbac_policy_change-2383669943666', 'neutron.objects.address_group.RbacNeutronDbObjectMixin.validate_rbac_policy_change-2383669888026', 'neutron.objects.network.RbacNeutronDbObjectMixin.validate_rbac_policy_change-2383669904182', 'neutron.objects.qos.policy.RbacNeutronDbObjectMixin.validate_rbac_policy_change-2383669919273', 'neutron.objects.subnetpool.RbacNeutronDbObjectMixin.validate_rbac_policy_change-2383670390347', 'neutron.objects.address_scope.RbacNeutronDbObjectMixin.validate_rbac_policy_change-2383669917786', 'neutron.plugins.ml2.plugin.External_net_db_mixin._process_ext_policy_create-13082', 'neutron.plugins.ml2.plugin.NeutronDbPluginV2.validate_network_rbac_policy_change-4638'] for rbac-policy (None), before_create {{(pid=102046) _notify_loop /opt/stack/data/venv/lib/python3.12/site-packages/neutron_lib/callbacks/manager.py:184}}
Jul 02 03:18:37.689968 np0000183852 devstack@neutron-api.service[102046]: DEBUG neutron_lib.callbacks.manager [None req-2ab49ec8-7497-488d-b400-8f8969cf682a admin admin] Publish callbacks [] for subnetpool (None), before_response {{(pid=102046) _notify_loop /opt/stack/data/venv/lib/python3.12/site-packages/neutron_lib/callbacks/manager.py:184}}
Jul 02 03:18:37.690625 np0000183852 devstack@neutron-api.service[102046]: [pid: 102046|app: 0|req: 1/4] 199.204.45.70 () {68 vars in 1360 bytes} [Thu Jul 2 03:18:37 2026] POST /networking/v2.0/subnetpools => generated 543 bytes in 494 msecs (HTTP/1.1 201) 4 headers in 162 bytes (1 switches on core 0)
Jul 02 03:18:38.113321 np0000183852 devstack@neutron-api.service[102044]: DEBUG neutron.api.v2.base [None req-453ce0cf-1019-49bb-b4d9-e1a2524675cf admin admin] Request body: {'network': {'name': 'private', 'admin_state_up': True}} {{(pid=102044) prepare_request_body /opt/stack/neutron/neutron/api/v2/base.py:727}}
Jul 02 03:18:38.150551 np0000183852 devstack@neutron-api.service[102044]: DEBUG neutron.pecan_wsgi.hooks.quota_enforcement [None req-453ce0cf-1019-49bb-b4d9-e1a2524675cf admin admin] Made reservation on behalf of 7492364b503f43618c0f550c870593bb for: {'network': 1} {{(pid=102044) before /opt/stack/neutron/neutron/pecan_wsgi/hooks/quota_enforcement.py:66}}
Jul 02 03:18:38.345415 np0000183852 devstack@neutron-api.service[102044]: DEBUG neutron.policy [None req-453ce0cf-1019-49bb-b4d9-e1a2524675cf admin admin] Loaded default policies from ['neutron'] under neutron.policies entry points {{(pid=102044) register_rules /opt/stack/neutron/neutron/policy.py:65}}
Jul 02 03:18:38.447701 np0000183852 devstack@neutron-api.service[102044]: DEBUG neutron_lib.callbacks.manager [None req-453ce0cf-1019-49bb-b4d9-e1a2524675cf admin admin] Publish callbacks ['neutron.plugins.ml2.plugin.SecurityGroupDbMixin._ensure_default_security_group_handler-328325'] for network (None), before_create {{(pid=102044) _notify_loop /opt/stack/data/venv/lib/python3.12/site-packages/neutron_lib/callbacks/manager.py:184}}
Jul 02 03:18:38.468707 np0000183852 devstack@neutron-api.service[102044]: DEBUG neutron_lib.callbacks.manager [None req-453ce0cf-1019-49bb-b4d9-e1a2524675cf admin admin] Publish callbacks [] for security_group (None), before_create {{(pid=102044) _notify_loop /opt/stack/data/venv/lib/python3.12/site-packages/neutron_lib/callbacks/manager.py:184}}
Jul 02 03:18:38.576739 np0000183852 devstack@neutron-api.service[102044]: DEBUG neutron_lib.callbacks.manager [None req-453ce0cf-1019-49bb-b4d9-e1a2524675cf admin admin] Publish callbacks ['neutron.plugins.ml2.drivers.ovn.mech_driver.mech_driver.OVNMechanismDriver._create_security_group_precommit-1912826'] for security_group (f06f5064-0853-475e-98a5-d4af138e5131), precommit_create {{(pid=102044) _notify_loop /opt/stack/data/venv/lib/python3.12/site-packages/neutron_lib/callbacks/manager.py:184}}
Jul 02 03:18:38.577338 np0000183852 devstack@neutron-api.service[102044]: DEBUG neutron.db.ovn_revision_numbers_db [None req-453ce0cf-1019-49bb-b4d9-e1a2524675cf admin admin] create_initial_revision uuid=f06f5064-0853-475e-98a5-d4af138e5131, type=security_groups, rev=-1 {{(pid=102044) create_initial_revision /opt/stack/neutron/neutron/db/ovn_revision_numbers_db.py:98}}
Jul 02 03:18:38.580464 np0000183852 devstack@neutron-api.service[102044]: DEBUG neutron.db.ovn_revision_numbers_db [None req-453ce0cf-1019-49bb-b4d9-e1a2524675cf admin admin] create_initial_revision uuid=3562ccfb-82ca-4edf-9540-9ecdebd57862, type=security_group_rules, rev=-1 {{(pid=102044) create_initial_revision /opt/stack/neutron/neutron/db/ovn_revision_numbers_db.py:98}}
Jul 02 03:18:38.581841 np0000183852 devstack@neutron-api.service[102044]: DEBUG neutron.db.ovn_revision_numbers_db [None req-453ce0cf-1019-49bb-b4d9-e1a2524675cf admin admin] create_initial_revision uuid=378c9858-23c8-42f6-9261-f0e06cce26b1, type=security_group_rules, rev=-1 {{(pid=102044) create_initial_revision /opt/stack/neutron/neutron/db/ovn_revision_numbers_db.py:98}}
Jul 02 03:18:38.583205 np0000183852 devstack@neutron-api.service[102044]: DEBUG neutron.db.ovn_revision_numbers_db [None req-453ce0cf-1019-49bb-b4d9-e1a2524675cf admin admin] create_initial_revision uuid=7ce78384-9ffe-4389-8e9f-42dd8074a05b, type=security_group_rules, rev=-1 {{(pid=102044) create_initial_revision /opt/stack/neutron/neutron/db/ovn_revision_numbers_db.py:98}}
Jul 02 03:18:38.584527 np0000183852 devstack@neutron-api.service[102044]: DEBUG neutron.db.ovn_revision_numbers_db [None req-453ce0cf-1019-49bb-b4d9-e1a2524675cf admin admin] create_initial_revision uuid=8c116e63-71be-4afe-8f51-4bd06a0f5921, type=security_group_rules, rev=-1 {{(pid=102044) create_initial_revision /opt/stack/neutron/neutron/db/ovn_revision_numbers_db.py:98}}
Jul 02 03:18:38.590827 np0000183852 devstack@neutron-api.service[102044]: DEBUG neutron_lib.callbacks.manager [None req-453ce0cf-1019-49bb-b4d9-e1a2524675cf admin admin] Publish callbacks ['neutron.plugins.ml2.drivers.ovn.mech_driver.mech_driver.OVNMechanismDriver._create_security_group-1912816', 'neutron.plugins.ml2.ovo_rpc._ObjectChangeHandler.handle_event-6537293'] for security_group (f06f5064-0853-475e-98a5-d4af138e5131), after_create {{(pid=102044) _notify_loop /opt/stack/data/venv/lib/python3.12/site-packages/neutron_lib/callbacks/manager.py:184}}
Jul 02 03:18:38.590971 np0000183852 devstack@neutron-api.service[102044]: INFO neutron.plugins.ml2.drivers.ovn.mech_driver.ovsdb.extensions.qos [None req-453ce0cf-1019-49bb-b4d9-e1a2524675cf admin admin] Starting OVNClientQosExtension
Jul 02 03:18:38.591114 np0000183852 devstack@neutron-api.service[102044]: INFO neutron.plugins.ml2.drivers.ovn.mech_driver.ovsdb.extensions.placement [None req-453ce0cf-1019-49bb-b4d9-e1a2524675cf admin admin] Starting OVNClientPlacementExtension
Jul 02 03:18:38.592506 np0000183852 devstack@neutron-api.service[102044]: DEBUG ovsdbapp.backend.ovs_idl.transaction [-] Running txn n=1 command(idx=0): PgAddCommand(_result=None, name=pg_f06f5064_0853_475e_98a5_d4af138e5131, may_exist=False, columns={'acls': [], 'external_ids': {'neutron:security_group_id': 'f06f5064-0853-475e-98a5-d4af138e5131'}}) {{(pid=102044) do_commit /opt/stack/data/venv/lib/python3.12/site-packages/ovsdbapp/backend/ovs_idl/transaction.py:89}}
Jul 02 03:18:38.594808 np0000183852 devstack@neutron-api.service[102044]: DEBUG ovsdbapp.backend.ovs_idl.transaction [-] Running txn n=1 command(idx=1): PgAclAddCommand(_result=None, entity=pg_f06f5064_0853_475e_98a5_d4af138e5131, direction=from-lport, priority=1002, match=inport == @pg_f06f5064_0853_475e_98a5_d4af138e5131 && ip6, action=allow-related, log=False, may_exist=True, severity=[], name=[], meter=[], external_ids={'neutron:security_group_rule_id': '3562ccfb-82ca-4edf-9540-9ecdebd57862'}) {{(pid=102044) do_commit /opt/stack/data/venv/lib/python3.12/site-packages/ovsdbapp/backend/ovs_idl/transaction.py:89}}
Jul 02 03:18:38.595516 np0000183852 devstack@neutron-api.service[102044]: DEBUG ovsdbapp.backend.ovs_idl.transaction [-] Running txn n=1 command(idx=2): PgAclAddCommand(_result=None, entity=pg_f06f5064_0853_475e_98a5_d4af138e5131, direction=to-lport, priority=1002, match=outport == @pg_f06f5064_0853_475e_98a5_d4af138e5131 && ip6 && ip6.src == $pg_f06f5064_0853_475e_98a5_d4af138e5131_ip6, action=allow-related, log=False, may_exist=True, severity=[], name=[], meter=[], external_ids={'neutron:security_group_rule_id': '378c9858-23c8-42f6-9261-f0e06cce26b1'}) {{(pid=102044) do_commit /opt/stack/data/venv/lib/python3.12/site-packages/ovsdbapp/backend/ovs_idl/transaction.py:89}}
Jul 02 03:18:38.596016 np0000183852 devstack@neutron-api.service[102044]: DEBUG ovsdbapp.backend.ovs_idl.transaction [-] Running txn n=1 command(idx=3): PgAclAddCommand(_result=None, entity=pg_f06f5064_0853_475e_98a5_d4af138e5131, direction=from-lport, priority=1002, match=inport == @pg_f06f5064_0853_475e_98a5_d4af138e5131 && ip4, action=allow-related, log=False, may_exist=True, severity=[], name=[], meter=[], external_ids={'neutron:security_group_rule_id': '7ce78384-9ffe-4389-8e9f-42dd8074a05b'}) {{(pid=102044) do_commit /opt/stack/data/venv/lib/python3.12/site-packages/ovsdbapp/backend/ovs_idl/transaction.py:89}}
Jul 02 03:18:38.596516 np0000183852 devstack@neutron-api.service[102044]: DEBUG ovsdbapp.backend.ovs_idl.transaction [-] Running txn n=1 command(idx=4): PgAclAddCommand(_result=None, entity=pg_f06f5064_0853_475e_98a5_d4af138e5131, direction=to-lport, priority=1002, match=outport == @pg_f06f5064_0853_475e_98a5_d4af138e5131 && ip4 && ip4.src == $pg_f06f5064_0853_475e_98a5_d4af138e5131_ip4, action=allow-related, log=False, may_exist=True, severity=[], name=[], meter=[], external_ids={'neutron:security_group_rule_id': '8c116e63-71be-4afe-8f51-4bd06a0f5921'}) {{(pid=102044) do_commit /opt/stack/data/venv/lib/python3.12/site-packages/ovsdbapp/backend/ovs_idl/transaction.py:89}}
Jul 02 03:18:38.836197 np0000183852 devstack@neutron-api.service[102044]: DEBUG neutron.plugins.ml2.drivers.ovn.mech_driver.ovsdb.ovsdb_monitor [-] Hash Ring: Node 42d195161936532c983f3b307dde8778 (host: np0000183852) handling event "create" for row b2af1e7e-f410-44ce-a0fd-ef4cb8054480 (table: ACL) {{(pid=102044) notify /opt/stack/neutron/neutron/plugins/ml2/drivers/ovn/mech_driver/ovsdb/ovsdb_monitor.py:1015}}
Jul 02 03:18:38.836197 np0000183852 devstack@neutron-api.service[102044]: DEBUG neutron.plugins.ml2.drivers.ovn.mech_driver.ovsdb.ovsdb_monitor [-] Hash Ring: Node 42d195161936532c983f3b307dde8778 (host: np0000183852) handling event "create" for row c976101d-e2d3-429a-8093-8d41603b6155 (table: ACL) {{(pid=102044) notify /opt/stack/neutron/neutron/plugins/ml2/drivers/ovn/mech_driver/ovsdb/ovsdb_monitor.py:1015}}
Jul 02 03:18:38.836197 np0000183852 devstack@neutron-api.service[102044]: DEBUG neutron.plugins.ml2.drivers.ovn.mech_driver.ovsdb.ovsdb_monitor [-] Hash Ring: Node 42d195161936532c983f3b307dde8778 (host: np0000183852) handling event "create" for row 7ec69e72-4a21-4b22-b682-3d29c9bf88a6 (table: Port_Group) {{(pid=102044) notify /opt/stack/neutron/neutron/plugins/ml2/drivers/ovn/mech_driver/ovsdb/ovsdb_monitor.py:1015}}
Jul 02 03:18:38.838221 np0000183852 devstack@neutron-api.service[102043]: DEBUG neutron.plugins.ml2.drivers.ovn.mech_driver.ovsdb.ovsdb_monitor [-] Hash Ring: Node f45813dadae65c0f8ab6fce34690063c (host: np0000183852) handling event "create" for row 1ce16cad-99a8-4e81-944d-60057980c512 (table: ACL) {{(pid=102043) notify /opt/stack/neutron/neutron/plugins/ml2/drivers/ovn/mech_driver/ovsdb/ovsdb_monitor.py:1015}}
Jul 02 03:18:38.839201 np0000183852 devstack@neutron-api.service[102045]: DEBUG neutron.plugins.ml2.drivers.ovn.mech_driver.ovsdb.ovsdb_monitor [-] Hash Ring: Node 52ed9f06df4151f985ae712a38889f78 (host: np0000183852) handling event "create" for row 1ce16cad-99a8-4e81-944d-60057980c512 (table: ACL) {{(pid=102045) notify /opt/stack/neutron/neutron/plugins/ml2/drivers/ovn/mech_driver/ovsdb/ovsdb_monitor.py:1015}}
Jul 02 03:18:38.839201 np0000183852 devstack@neutron-api.service[102045]: DEBUG neutron.plugins.ml2.drivers.ovn.mech_driver.ovsdb.ovsdb_monitor [-] Hash Ring: Node 52ed9f06df4151f985ae712a38889f78 (host: np0000183852) handling event "create" for row 62d6fb7b-1f0f-4676-9cb5-a50e4c77980a (table: ACL) {{(pid=102045) notify /opt/stack/neutron/neutron/plugins/ml2/drivers/ovn/mech_driver/ovsdb/ovsdb_monitor.py:1015}}
Jul 02 03:18:38.842173 np0000183852 devstack@neutron-api.service[102045]: DEBUG neutron.plugins.ml2.drivers.ovn.mech_driver.ovsdb.ovsdb_monitor [-] Hash Ring: Node 52ed9f06df4151f985ae712a38889f78 (host: np0000183852) handling event "create" for row b2af1e7e-f410-44ce-a0fd-ef4cb8054480 (table: ACL) {{(pid=102045) notify /opt/stack/neutron/neutron/plugins/ml2/drivers/ovn/mech_driver/ovsdb/ovsdb_monitor.py:1015}}
Jul 02 03:18:38.842173 np0000183852 devstack@neutron-api.service[102045]: DEBUG neutron.plugins.ml2.drivers.ovn.mech_driver.ovsdb.ovsdb_monitor [-] Hash Ring: Node 52ed9f06df4151f985ae712a38889f78 (host: np0000183852) handling event "create" for row c976101d-e2d3-429a-8093-8d41603b6155 (table: ACL) {{(pid=102045) notify /opt/stack/neutron/neutron/plugins/ml2/drivers/ovn/mech_driver/ovsdb/ovsdb_monitor.py:1015}}
Jul 02 03:18:38.842173 np0000183852 devstack@neutron-api.service[102045]: DEBUG neutron.plugins.ml2.drivers.ovn.mech_driver.ovsdb.ovsdb_monitor [-] Hash Ring: Node 52ed9f06df4151f985ae712a38889f78 (host: np0000183852) handling event "create" for row 7ec69e72-4a21-4b22-b682-3d29c9bf88a6 (table: Port_Group) {{(pid=102045) notify /opt/stack/neutron/neutron/plugins/ml2/drivers/ovn/mech_driver/ovsdb/ovsdb_monitor.py:1015}}
Jul 02 03:18:38.842693 np0000183852 devstack@neutron-api.service[102046]: DEBUG neutron.plugins.ml2.drivers.ovn.mech_driver.ovsdb.ovsdb_monitor [-] Hash Ring: Node db7696b8cd2c5e358e74a2f4da721f05 (host: np0000183852) handling event "create" for row 62d6fb7b-1f0f-4676-9cb5-a50e4c77980a (table: ACL) {{(pid=102046) notify /opt/stack/neutron/neutron/plugins/ml2/drivers/ovn/mech_driver/ovsdb/ovsdb_monitor.py:1015}}
Jul 02 03:18:38.865876 np0000183852 devstack@neutron-api.service[102044]: INFO neutron.db.ovn_revision_numbers_db [None req-453ce0cf-1019-49bb-b4d9-e1a2524675cf admin admin] Successfully bumped revision number for resource f06f5064-0853-475e-98a5-d4af138e5131 (type: security_groups) to 1
Jul 02 03:18:38.948959 np0000183852 devstack@neutron-api.service[102044]: INFO neutron.db.ovn_revision_numbers_db [None req-453ce0cf-1019-49bb-b4d9-e1a2524675cf admin admin] Successfully bumped revision number for resource 3562ccfb-82ca-4edf-9540-9ecdebd57862 (type: security_group_rules) to 0
Jul 02 03:18:39.049397 np0000183852 devstack@neutron-api.service[102044]: INFO neutron.db.ovn_revision_numbers_db [None req-453ce0cf-1019-49bb-b4d9-e1a2524675cf admin admin] Successfully bumped revision number for resource 378c9858-23c8-42f6-9261-f0e06cce26b1 (type: security_group_rules) to 0
Jul 02 03:18:39.065920 np0000183852 devstack@neutron-api.service[102044]: INFO neutron.db.ovn_revision_numbers_db [None req-453ce0cf-1019-49bb-b4d9-e1a2524675cf admin admin] Successfully bumped revision number for resource 7ce78384-9ffe-4389-8e9f-42dd8074a05b (type: security_group_rules) to 0
Jul 02 03:18:39.080783 np0000183852 devstack@neutron-api.service[102044]: INFO neutron.db.ovn_revision_numbers_db [None req-453ce0cf-1019-49bb-b4d9-e1a2524675cf admin admin] Successfully bumped revision number for resource 8c116e63-71be-4afe-8f51-4bd06a0f5921 (type: security_group_rules) to 0
Jul 02 03:18:39.104794 np0000183852 devstack@neutron-api.service[102044]: DEBUG neutron.api.rpc.handlers.resources_rpc [None req-453ce0cf-1019-49bb-b4d9-e1a2524675cf admin admin] Pushing event updated for resources: {'SecurityGroup': ['ID=f06f5064-0853-475e-98a5-d4af138e5131,revision_number=1']} {{(pid=102044) push /opt/stack/neutron/neutron/api/rpc/handlers/resources_rpc.py:237}}
Jul 02 03:18:39.112853 np0000183852 devstack@neutron-api.service[102044]: DEBUG ovsdbapp.backend.ovs_idl.transaction [-] Running txn n=1 command(idx=0): CheckLivenessCommand(_result=None) {{(pid=102044) do_commit /opt/stack/data/venv/lib/python3.12/site-packages/ovsdbapp/backend/ovs_idl/transaction.py:89}}
Jul 02 03:18:39.119227 np0000183852 devstack@neutron-api.service[102045]: DEBUG neutron.plugins.ml2.drivers.ovn.mech_driver.ovsdb.ovsdb_monitor [-] Hash Ring: Node 52ed9f06df4151f985ae712a38889f78 (host: np0000183852) handling event "update" for row f3208871-295a-4b6c-a3f9-39eb492d7f8e (table: NB_Global) {{(pid=102045) notify /opt/stack/neutron/neutron/plugins/ml2/drivers/ovn/mech_driver/ovsdb/ovsdb_monitor.py:1015}}
Jul 02 03:18:39.119602 np0000183852 devstack@neutron-api.service[102044]: DEBUG neutron.api.rpc.callbacks.version_manager [None req-453ce0cf-1019-49bb-b4d9-e1a2524675cf admin admin] Tracked resource versions report:
Jul 02 03:18:39.119602 np0000183852 devstack@neutron-api.service[102044]: pushed versions:
Jul 02 03:18:39.119602 np0000183852 devstack@neutron-api.service[102044]: { 'AddressGroup': {'1.2'},
Jul 02 03:18:39.119602 np0000183852 devstack@neutron-api.service[102044]: 'Agent': {'1.1'},
Jul 02 03:18:39.119602 np0000183852 devstack@neutron-api.service[102044]: 'ConntrackHelper': {'1.0'},
Jul 02 03:18:39.119602 np0000183852 devstack@neutron-api.service[102044]: 'LocalIPAssociation': {'1.0'},
Jul 02 03:18:39.119602 np0000183852 devstack@neutron-api.service[102044]: 'Log': {'1.0'},
Jul 02 03:18:39.119602 np0000183852 devstack@neutron-api.service[102044]: 'NDPProxy': {'1.0'},
Jul 02 03:18:39.119602 np0000183852 devstack@neutron-api.service[102044]: 'Network': {'1.3'},
Jul 02 03:18:39.119602 np0000183852 devstack@neutron-api.service[102044]: 'Port': {'1.11'},
Jul 02 03:18:39.119602 np0000183852 devstack@neutron-api.service[102044]: 'PortForwarding': {'1.3'},
Jul 02 03:18:39.119602 np0000183852 devstack@neutron-api.service[102044]: 'QosPolicy': {'1.10'},
Jul 02 03:18:39.119602 np0000183852 devstack@neutron-api.service[102044]: 'SecurityGroup': {'1.6'},
Jul 02 03:18:39.119602 np0000183852 devstack@neutron-api.service[102044]: 'SecurityGroupRule': {'1.3'},
Jul 02 03:18:39.119602 np0000183852 devstack@neutron-api.service[102044]: 'SubPort': {'1.0'},
Jul 02 03:18:39.119602 np0000183852 devstack@neutron-api.service[102044]: 'Subnet': {'1.2'},
Jul 02 03:18:39.119602 np0000183852 devstack@neutron-api.service[102044]: 'Trunk': {'1.1'}}
Jul 02 03:18:39.119602 np0000183852 devstack@neutron-api.service[102044]: consumer versions:
Jul 02 03:18:39.119602 np0000183852 devstack@neutron-api.service[102044]: {}
Jul 02 03:18:39.119602 np0000183852 devstack@neutron-api.service[102044]: {{(pid=102044) report /opt/stack/neutron/neutron/api/rpc/callbacks/version_manager.py:183}}
Jul 02 03:18:39.126696 np0000183852 devstack@neutron-api.service[102045]: DEBUG neutron.plugins.ml2.drivers.ovn.mech_driver.ovsdb.ovsdb_monitor [-] Hash Ring: Node 52ed9f06df4151f985ae712a38889f78 (host: np0000183852) handling event "update" for row f3208871-295a-4b6c-a3f9-39eb492d7f8e (table: NB_Global) {{(pid=102045) notify /opt/stack/neutron/neutron/plugins/ml2/drivers/ovn/mech_driver/ovsdb/ovsdb_monitor.py:1015}}
Jul 02 03:18:39.126696 np0000183852 devstack@neutron-api.service[102045]: DEBUG neutron.plugins.ml2.drivers.ovn.mech_driver.ovsdb.ovsdb_monitor [-] Hash Ring: Node 52ed9f06df4151f985ae712a38889f78 (host: np0000183852) handling event "update" for row f3208871-295a-4b6c-a3f9-39eb492d7f8e (table: NB_Global) {{(pid=102045) notify /opt/stack/neutron/neutron/plugins/ml2/drivers/ovn/mech_driver/ovsdb/ovsdb_monitor.py:1015}}
Jul 02 03:18:39.126696 np0000183852 devstack@neutron-api.service[102045]: DEBUG neutron.plugins.ml2.drivers.ovn.mech_driver.ovsdb.ovsdb_monitor [-] ChassisAgentWriteEvent : Matched Chassis_Private, update, None None {{(pid=102045) matches /opt/stack/neutron/neutron/plugins/ml2/drivers/ovn/mech_driver/ovsdb/ovsdb_monitor.py:64}}
Jul 02 03:18:39.127005 np0000183852 devstack@neutron-api.service[102046]: DEBUG neutron.plugins.ml2.drivers.ovn.mech_driver.ovsdb.ovsdb_monitor [-] ChassisAgentWriteEvent : Matched Chassis_Private, update, None None {{(pid=102046) matches /opt/stack/neutron/neutron/plugins/ml2/drivers/ovn/mech_driver/ovsdb/ovsdb_monitor.py:64}}
Jul 02 03:18:39.127005 np0000183852 devstack@neutron-api.service[102046]: DEBUG neutron.plugins.ml2.drivers.ovn.mech_driver.ovsdb.ovsdb_monitor [-] ChassisOVNAgentWriteEvent : Matched Chassis_Private, update, None None {{(pid=102046) matches /opt/stack/neutron/neutron/plugins/ml2/drivers/ovn/mech_driver/ovsdb/ovsdb_monitor.py:64}}
Jul 02 03:18:39.127230 np0000183852 devstack@neutron-api.service[102043]: DEBUG neutron.plugins.ml2.drivers.ovn.mech_driver.ovsdb.ovsdb_monitor [-] ChassisAgentWriteEvent : Matched Chassis_Private, update, None None {{(pid=102043) matches /opt/stack/neutron/neutron/plugins/ml2/drivers/ovn/mech_driver/ovsdb/ovsdb_monitor.py:64}}
Jul 02 03:18:39.128741 np0000183852 devstack@neutron-api.service[102044]: DEBUG neutron.plugins.ml2.drivers.ovn.mech_driver.ovsdb.ovsdb_monitor [-] ChassisAgentWriteEvent : Matched Chassis_Private, update, None None {{(pid=102044) matches /opt/stack/neutron/neutron/plugins/ml2/drivers/ovn/mech_driver/ovsdb/ovsdb_monitor.py:64}}
Jul 02 03:18:39.129580 np0000183852 devstack@neutron-api.service[102043]: DEBUG neutron.plugins.ml2.drivers.ovn.mech_driver.ovsdb.ovsdb_monitor [-] ChassisOVNAgentWriteEvent : Matched Chassis_Private, update, None None {{(pid=102043) matches /opt/stack/neutron/neutron/plugins/ml2/drivers/ovn/mech_driver/ovsdb/ovsdb_monitor.py:64}}
Jul 02 03:18:39.130094 np0000183852 devstack@neutron-api.service[102045]: DEBUG neutron.plugins.ml2.drivers.ovn.mech_driver.ovsdb.ovsdb_monitor [-] Hash Ring: Node 52ed9f06df4151f985ae712a38889f78 (host: np0000183852) handling event "update" for row f3208871-295a-4b6c-a3f9-39eb492d7f8e (table: NB_Global) {{(pid=102045) notify /opt/stack/neutron/neutron/plugins/ml2/drivers/ovn/mech_driver/ovsdb/ovsdb_monitor.py:1015}}
Jul 02 03:18:39.131180 np0000183852 devstack@neutron-api.service[102045]: DEBUG neutron.common.ovn.hash_ring_manager [-] Allow caching, nodes 4>=4 {{(pid=102045) _wait_startup_before_caching /opt/stack/neutron/neutron/common/ovn/hash_ring_manager.py:71}}
Jul 02 03:18:39.131362 np0000183852 devstack@neutron-api.service[102045]: DEBUG neutron.plugins.ml2.drivers.ovn.mech_driver.ovsdb.ovsdb_monitor [-] Hash Ring: Node 52ed9f06df4151f985ae712a38889f78 (host: np0000183852) handling event "update" for row b69915f2-7371-4ac3-8d96-ae4692f96143 (table: Chassis_Private) {{(pid=102045) notify /opt/stack/neutron/neutron/plugins/ml2/drivers/ovn/mech_driver/ovsdb/ovsdb_monitor.py:1015}}
Jul 02 03:18:39.131716 np0000183852 devstack@neutron-api.service[102044]: DEBUG neutron.plugins.ml2.drivers.ovn.mech_driver.ovsdb.ovsdb_monitor [-] Hash Ring: Node 42d195161936532c983f3b307dde8778 (host: np0000183852) handling event "update" for row b69915f2-7371-4ac3-8d96-ae4692f96143 (table: Chassis_Private) {{(pid=102044) notify /opt/stack/neutron/neutron/plugins/ml2/drivers/ovn/mech_driver/ovsdb/ovsdb_monitor.py:1015}}
Jul 02 03:18:39.132790 np0000183852 devstack@neutron-api.service[102045]: DEBUG neutron.plugins.ml2.drivers.ovn.mech_driver.ovsdb.ovsdb_monitor [-] ChassisOVNAgentWriteEvent : Matched Chassis_Private, update, None None {{(pid=102045) matches /opt/stack/neutron/neutron/plugins/ml2/drivers/ovn/mech_driver/ovsdb/ovsdb_monitor.py:64}}
Jul 02 03:18:39.133916 np0000183852 devstack@neutron-api.service[102045]: DEBUG neutron.plugins.ml2.drivers.ovn.mech_driver.ovsdb.ovsdb_monitor [-] Hash Ring: Node 52ed9f06df4151f985ae712a38889f78 (host: np0000183852) handling event "update" for row b69915f2-7371-4ac3-8d96-ae4692f96143 (table: Chassis_Private) {{(pid=102045) notify /opt/stack/neutron/neutron/plugins/ml2/drivers/ovn/mech_driver/ovsdb/ovsdb_monitor.py:1015}}
Jul 02 03:18:39.136724 np0000183852 devstack@neutron-api.service[102044]: DEBUG neutron.plugins.ml2.drivers.ovn.mech_driver.ovsdb.ovsdb_monitor [-] ChassisOVNAgentWriteEvent : Matched Chassis_Private, update, None None {{(pid=102044) matches /opt/stack/neutron/neutron/plugins/ml2/drivers/ovn/mech_driver/ovsdb/ovsdb_monitor.py:64}}
Jul 02 03:18:39.137150 np0000183852 devstack@neutron-api.service[102044]: DEBUG neutron.plugins.ml2.drivers.ovn.mech_driver.ovsdb.ovsdb_monitor [-] Hash Ring: Node 42d195161936532c983f3b307dde8778 (host: np0000183852) handling event "update" for row b69915f2-7371-4ac3-8d96-ae4692f96143 (table: Chassis_Private) {{(pid=102044) notify /opt/stack/neutron/neutron/plugins/ml2/drivers/ovn/mech_driver/ovsdb/ovsdb_monitor.py:1015}}
Jul 02 03:18:39.188479 np0000183852 devstack@neutron-api.service[102044]: DEBUG neutron.plugins.ml2.drivers.helpers [None req-453ce0cf-1019-49bb-b4d9-e1a2524675cf admin admin] geneve segment allocate from pool success with {'geneve_vni': 44940} {{(pid=102044) allocate_partially_specified_segment /opt/stack/neutron/neutron/plugins/ml2/drivers/helpers.py:142}}
Jul 02 03:18:39.200359 np0000183852 devstack@neutron-api.service[102044]: DEBUG neutron_lib.callbacks.manager [None req-453ce0cf-1019-49bb-b4d9-e1a2524675cf admin admin] Publish callbacks ['neutron.services.segments.db._add_segment_host_mapping_for_segment-8636748632878', 'neutron.plugins.ml2.plugin.Ml2Plugin._handle_segment_change-79585'] for segment (81b21933-e9b9-4aaa-a86b-e5c2b5e4c3b2), precommit_create {{(pid=102044) _notify_loop /opt/stack/data/venv/lib/python3.12/site-packages/neutron_lib/callbacks/manager.py:184}}
Jul 02 03:18:39.200510 np0000183852 devstack@neutron-api.service[102044]: INFO neutron.db.segments_db [None req-453ce0cf-1019-49bb-b4d9-e1a2524675cf admin admin] Added segment 81b21933-e9b9-4aaa-a86b-e5c2b5e4c3b2 of type geneve for network e27ebc5d-7fd5-49ca-a7df-6313cc9f5d16
Jul 02 03:18:39.250092 np0000183852 devstack@neutron-api.service[102044]: DEBUG neutron_lib.callbacks.manager [None req-453ce0cf-1019-49bb-b4d9-e1a2524675cf admin admin] Publish callbacks ['neutron.services.auto_allocate.db._ensure_external_network_default_value_callback-8636746628920'] for network (e27ebc5d-7fd5-49ca-a7df-6313cc9f5d16), precommit_create {{(pid=102044) _notify_loop /opt/stack/data/venv/lib/python3.12/site-packages/neutron_lib/callbacks/manager.py:184}}
Jul 02 03:18:39.269939 np0000183852 devstack@neutron-api.service[102044]: DEBUG neutron.plugins.ml2.drivers.ovn.mech_driver.mech_driver [None req-453ce0cf-1019-49bb-b4d9-e1a2524675cf admin admin] Validating network segment with type geneve, segmentation ID 44940, physical network None {{(pid=102044) _validate_network_segments /opt/stack/neutron/neutron/plugins/ml2/drivers/ovn/mech_driver/mech_driver.py:646}}
Jul 02 03:18:39.270161 np0000183852 devstack@neutron-api.service[102044]: DEBUG neutron.db.ovn_revision_numbers_db [None req-453ce0cf-1019-49bb-b4d9-e1a2524675cf admin admin] create_initial_revision uuid=e27ebc5d-7fd5-49ca-a7df-6313cc9f5d16, type=networks, rev=-1 {{(pid=102044) create_initial_revision /opt/stack/neutron/neutron/db/ovn_revision_numbers_db.py:98}}
Jul 02 03:18:39.387370 np0000183852 devstack@neutron-api.service[102044]: DEBUG neutron_lib.callbacks.manager [None req-453ce0cf-1019-49bb-b4d9-e1a2524675cf admin admin] Publish callbacks ['neutron.plugins.ml2.ovo_rpc._ObjectChangeHandler.handle_event-6537657'] for network (e27ebc5d-7fd5-49ca-a7df-6313cc9f5d16), after_create {{(pid=102044) _notify_loop /opt/stack/data/venv/lib/python3.12/site-packages/neutron_lib/callbacks/manager.py:184}}
Jul 02 03:18:39.442821 np0000183852 devstack@neutron-api.service[102044]: DEBUG neutron.api.rpc.handlers.resources_rpc [None req-453ce0cf-1019-49bb-b4d9-e1a2524675cf admin admin] Pushing event updated for resources: {'Network': ['ID=e27ebc5d-7fd5-49ca-a7df-6313cc9f5d16,revision_number=1']} {{(pid=102044) push /opt/stack/neutron/neutron/api/rpc/handlers/resources_rpc.py:237}}
Jul 02 03:18:39.452007 np0000183852 devstack@neutron-api.service[102044]: DEBUG ovsdbapp.backend.ovs_idl.transaction [-] Running txn n=1 command(idx=0): AddNetworkCommand(_result=None, network_uuid=e27ebc5d-7fd5-49ca-a7df-6313cc9f5d16, may_exist=True, columns={'external_ids': {'neutron:network_name': 'private', 'neutron:mtu': '1372', 'neutron:revision_number': '1', 'neutron:availability_zone_hints': '', 'neutron:provnet-network-type': 'geneve'}, 'other_config': {'mcast_snoop': 'false', 'mcast_flood_unregistered': 'false', 'vlan-passthru': 'false'}}) {{(pid=102044) do_commit /opt/stack/data/venv/lib/python3.12/site-packages/ovsdbapp/backend/ovs_idl/transaction.py:89}}
Jul 02 03:18:39.453034 np0000183852 devstack@neutron-api.service[102044]: DEBUG neutron.common.ovn.utils [-] OVS persist_uuid supported=True {{(pid=102044) ovs_persist_uuid_supported /opt/stack/neutron/neutron/common/ovn/utils.py:1562}}
Jul 02 03:18:39.456268 np0000183852 devstack@neutron-api.service[102045]: DEBUG neutron.plugins.ml2.drivers.ovn.mech_driver.ovsdb.ovsdb_monitor [-] Hash Ring: Node 52ed9f06df4151f985ae712a38889f78 (host: np0000183852) handling event "create" for row e27ebc5d-7fd5-49ca-a7df-6313cc9f5d16 (table: Logical_Switch) {{(pid=102045) notify /opt/stack/neutron/neutron/plugins/ml2/drivers/ovn/mech_driver/ovsdb/ovsdb_monitor.py:1015}}
Jul 02 03:18:39.456944 np0000183852 devstack@neutron-api.service[102044]: DEBUG neutron.plugins.ml2.drivers.ovn.mech_driver.ovsdb.ovsdb_monitor [-] Hash Ring: Node 42d195161936532c983f3b307dde8778 (host: np0000183852) handling event "create" for row e27ebc5d-7fd5-49ca-a7df-6313cc9f5d16 (table: Logical_Switch) {{(pid=102044) notify /opt/stack/neutron/neutron/plugins/ml2/drivers/ovn/mech_driver/ovsdb/ovsdb_monitor.py:1015}}
Jul 02 03:18:39.467026 np0000183852 devstack@neutron-api.service[102045]: DEBUG neutron.plugins.ml2.drivers.ovn.mech_driver.ovsdb.ovsdb_monitor [-] Hash Ring: Node 52ed9f06df4151f985ae712a38889f78 (host: np0000183852) handling event "create" for row 22a66121-f9cb-43ce-bf26-9af275857381 (table: Datapath_Binding) {{(pid=102045) notify /opt/stack/neutron/neutron/plugins/ml2/drivers/ovn/mech_driver/ovsdb/ovsdb_monitor.py:1015}}
Jul 02 03:18:39.533897 np0000183852 devstack@neutron-api.service[102044]: INFO neutron.db.ovn_revision_numbers_db [None req-453ce0cf-1019-49bb-b4d9-e1a2524675cf admin admin] Successfully bumped revision number for resource e27ebc5d-7fd5-49ca-a7df-6313cc9f5d16 (type: networks) to 1
Jul 02 03:18:39.637184 np0000183852 devstack@neutron-api.service[102044]: DEBUG neutron_lib.callbacks.manager [None req-453ce0cf-1019-49bb-b4d9-e1a2524675cf admin admin] Publish callbacks ['neutron.plugins.ml2.plugin.SecurityGroupDbMixin._ensure_default_security_group_handler-328325'] for port (None), before_create {{(pid=102044) _notify_loop /opt/stack/data/venv/lib/python3.12/site-packages/neutron_lib/callbacks/manager.py:184}}
Jul 02 03:18:40.108787 np0000183852 devstack@neutron-api.service[102044]: DEBUG neutron_lib.callbacks.manager [None req-453ce0cf-1019-49bb-b4d9-e1a2524675cf admin admin] Publish callbacks ['neutron.plugins.ml2.drivers.ovn.mech_driver.mech_driver.OVNMechanismDriver._validate_allowed_address_pairs-1912322'] for allowed_address_pair (4f7bc232-b128-48c0-a1c2-17fdb3a82c43), before_create {{(pid=102044) _notify_loop /opt/stack/data/venv/lib/python3.12/site-packages/neutron_lib/callbacks/manager.py:184}}
Jul 02 03:18:40.109253 np0000183852 devstack@neutron-api.service[102044]: DEBUG neutron_lib.callbacks.manager [None req-453ce0cf-1019-49bb-b4d9-e1a2524675cf admin admin] Publish callbacks [] for port (4f7bc232-b128-48c0-a1c2-17fdb3a82c43), precommit_create {{(pid=102044) _notify_loop /opt/stack/data/venv/lib/python3.12/site-packages/neutron_lib/callbacks/manager.py:184}}
Jul 02 03:18:40.109424 np0000183852 devstack@neutron-api.service[102044]: DEBUG neutron.plugins.ml2.drivers.ovn.mech_driver.mech_driver [None req-453ce0cf-1019-49bb-b4d9-e1a2524675cf admin admin] No provisioning block for port 4f7bc232-b128-48c0-a1c2-17fdb3a82c43 since it does not have a host {{(pid=102044) _is_port_provisioning_required /opt/stack/neutron/neutron/plugins/ml2/drivers/ovn/mech_driver/mech_driver.py:899}}
Jul 02 03:18:40.109660 np0000183852 devstack@neutron-api.service[102044]: DEBUG neutron.db.ovn_revision_numbers_db [None req-453ce0cf-1019-49bb-b4d9-e1a2524675cf admin admin] create_initial_revision uuid=4f7bc232-b128-48c0-a1c2-17fdb3a82c43, type=ports, rev=-1 {{(pid=102044) create_initial_revision /opt/stack/neutron/neutron/db/ovn_revision_numbers_db.py:98}}
Jul 02 03:18:40.181257 np0000183852 devstack@neutron-api.service[102044]: DEBUG neutron_lib.callbacks.manager [None req-453ce0cf-1019-49bb-b4d9-e1a2524675cf admin admin] Publish callbacks ['neutron.plugins.ml2.ovo_rpc._ObjectChangeHandler.handle_event-6537545'] for port (4f7bc232-b128-48c0-a1c2-17fdb3a82c43), after_create {{(pid=102044) _notify_loop /opt/stack/data/venv/lib/python3.12/site-packages/neutron_lib/callbacks/manager.py:184}}
Jul 02 03:18:40.238796 np0000183852 devstack@neutron-api.service[102044]: DEBUG neutron.api.rpc.handlers.resources_rpc [None req-453ce0cf-1019-49bb-b4d9-e1a2524675cf admin admin] Pushing event updated for resources: {'Port': ['ID=4f7bc232-b128-48c0-a1c2-17fdb3a82c43,revision_number=1']} {{(pid=102044) push /opt/stack/neutron/neutron/api/rpc/handlers/resources_rpc.py:237}}
Jul 02 03:18:41.014924 np0000183852 devstack@neutron-api.service[102045]: DEBUG neutron.plugins.ml2.drivers.ovn.mech_driver.ovsdb.ovsdb_monitor [-] Hash Ring: Node 52ed9f06df4151f985ae712a38889f78 (host: np0000183852) handling event "update" for row 08b818f0-d474-4360-92a3-e137197dc7a8 (table: Connection) {{(pid=102045) notify /opt/stack/neutron/neutron/plugins/ml2/drivers/ovn/mech_driver/ovsdb/ovsdb_monitor.py:1015}}
Jul 02 03:18:41.032591 np0000183852 devstack@neutron-api.service[102044]: DEBUG neutron.plugins.ml2.drivers.ovn.mech_driver.ovsdb.commands [None req-453ce0cf-1019-49bb-b4d9-e1a2524675cf admin admin] Converting tag [] to a tag_request {{(pid=102044) _tag_column_to_tag_request /opt/stack/neutron/neutron/plugins/ml2/drivers/ovn/mech_driver/ovsdb/commands.py:205}}
Jul 02 03:18:41.033480 np0000183852 devstack@neutron-api.service[102044]: DEBUG ovsdbapp.backend.ovs_idl.transaction [-] Running txn n=1 command(idx=0): AddLSwitchPortCommand(_result=None, lport=4f7bc232-b128-48c0-a1c2-17fdb3a82c43, lswitch=neutron-e27ebc5d-7fd5-49ca-a7df-6313cc9f5d16, may_exist=True, network_uuid=e27ebc5d-7fd5-49ca-a7df-6313cc9f5d16, columns={'addresses': ['fa:16:3e:93:d7:09'], 'external_ids': {'neutron:port_name': '', 'neutron:device_id': 'ovnmeta-e27ebc5d-7fd5-49ca-a7df-6313cc9f5d16', 'neutron:project_id': '7492364b503f43618c0f550c870593bb', 'neutron:cidrs': '', 'neutron:device_owner': 'network:distributed', 'neutron:subnet_pool_addr_scope4': '', 'neutron:subnet_pool_addr_scope6': '', 'neutron:network_name': 'neutron-e27ebc5d-7fd5-49ca-a7df-6313cc9f5d16', 'neutron:security_group_ids': '', 'neutron:revision_number': '1', 'neutron:vnic_type': 'normal', 'neutron:port_capabilities': '', 'neutron:mtu': '1372'}, 'parent_name': [], 'enabled': True, 'options': {}, 'type': 'localport', 'port_security': [], 'dhcpv4_options': [], 'dhcpv6_options': [], 'tag_request': []}) {{(pid=102044) do_commit /opt/stack/data/venv/lib/python3.12/site-packages/ovsdbapp/backend/ovs_idl/transaction.py:89}}
Jul 02 03:18:41.035241 np0000183852 devstack@neutron-api.service[102044]: DEBUG ovsdbapp.backend.ovs_idl.transaction [-] Running txn n=1 command(idx=1): QoSDelCommand(_result=None, switch=neutron-e27ebc5d-7fd5-49ca-a7df-6313cc9f5d16, conditions=[('direction', '=', 'to-lport'), ('priority', '=', 2002), ('match', '=', 'outport == "4f7bc232-b128-48c0-a1c2-17fdb3a82c43"')], if_exists=True) {{(pid=102044) do_commit /opt/stack/data/venv/lib/python3.12/site-packages/ovsdbapp/backend/ovs_idl/transaction.py:89}}
Jul 02 03:18:41.035241 np0000183852 devstack@neutron-api.service[102044]: DEBUG ovsdbapp.backend.ovs_idl.transaction [-] Running txn n=1 command(idx=2): QoSDelCommand(_result=None, switch=neutron-e27ebc5d-7fd5-49ca-a7df-6313cc9f5d16, conditions=[('direction', '=', 'from-lport'), ('priority', '=', 2002), ('match', '=', 'inport == "4f7bc232-b128-48c0-a1c2-17fdb3a82c43"')], if_exists=True) {{(pid=102044) do_commit /opt/stack/data/venv/lib/python3.12/site-packages/ovsdbapp/backend/ovs_idl/transaction.py:89}}
Jul 02 03:18:41.042207 np0000183852 devstack@neutron-api.service[102045]: DEBUG neutron.plugins.ml2.drivers.ovn.mech_driver.ovsdb.ovsdb_monitor [-] Hash Ring: Node 52ed9f06df4151f985ae712a38889f78 (host: np0000183852) handling event "create" for row 0670b9a0-42a2-427b-9180-917d83dadd55 (table: Port_Binding) {{(pid=102045) notify /opt/stack/neutron/neutron/plugins/ml2/drivers/ovn/mech_driver/ovsdb/ovsdb_monitor.py:1015}}
Jul 02 03:18:41.042906 np0000183852 devstack@neutron-api.service[102044]: DEBUG neutron.plugins.ml2.drivers.ovn.mech_driver.ovsdb.ovsdb_monitor [-] Hash Ring: Node 42d195161936532c983f3b307dde8778 (host: np0000183852) handling event "update" for row e27ebc5d-7fd5-49ca-a7df-6313cc9f5d16 (table: Logical_Switch) {{(pid=102044) notify /opt/stack/neutron/neutron/plugins/ml2/drivers/ovn/mech_driver/ovsdb/ovsdb_monitor.py:1015}}
Jul 02 03:18:41.044506 np0000183852 devstack@neutron-api.service[102045]: DEBUG neutron.plugins.ml2.drivers.ovn.mech_driver.ovsdb.ovsdb_monitor [-] Hash Ring: Node 52ed9f06df4151f985ae712a38889f78 (host: np0000183852) handling event "update" for row e27ebc5d-7fd5-49ca-a7df-6313cc9f5d16 (table: Logical_Switch) {{(pid=102045) notify /opt/stack/neutron/neutron/plugins/ml2/drivers/ovn/mech_driver/ovsdb/ovsdb_monitor.py:1015}}
Jul 02 03:18:41.044506 np0000183852 devstack@neutron-api.service[102045]: DEBUG neutron.plugins.ml2.drivers.ovn.mech_driver.ovsdb.ovsdb_monitor [-] Hash Ring: Node 52ed9f06df4151f985ae712a38889f78 (host: np0000183852) handling event "create" for row 1921b984-088a-48d2-a61f-e358d3c6e0ec (table: Logical_Switch_Port) {{(pid=102045) notify /opt/stack/neutron/neutron/plugins/ml2/drivers/ovn/mech_driver/ovsdb/ovsdb_monitor.py:1015}}
Jul 02 03:18:41.045463 np0000183852 devstack@neutron-api.service[102045]: DEBUG ovsdbapp.backend.ovs_idl.event [-] Matched CREATE: LogicalSwitchPortCreateEvent(events=('create',), table='Logical_Switch_Port', conditions=[], old_conditions=None), priority=20 to row=Logical_Switch_Port(uuid=1921b984-088a-48d2-a61f-e358d3c6e0ec, addresses=['fa:16:3e:93:d7:09'], dhcpv4_options=[], dhcpv6_options=[], dynamic_addresses=[], enabled=True, external_ids={'neutron:cidrs': '', 'neutron:device_id': 'ovnmeta-e27ebc5d-7fd5-49ca-a7df-6313cc9f5d16', 'neutron:device_owner': 'network:distributed', 'neutron:mtu': '1372', 'neutron:network_name': 'neutron-e27ebc5d-7fd5-49ca-a7df-6313cc9f5d16', 'neutron:port_capabilities': '', 'neutron:port_name': '', 'neutron:project_id': '7492364b503f43618c0f550c870593bb', 'neutron:revision_number': '1', 'neutron:security_group_ids': '', 'neutron:subnet_pool_addr_scope4': '', 'neutron:subnet_pool_addr_scope6': '', 'neutron:vnic_type': 'normal'}, ha_chassis_group=[], mirror_rules=[], name='4f7bc232-b128-48c0-a1c2-17fdb3a82c43', options={}, parent_name=[], port_security=[], tag=[], tag_request=[], type='localport', up=[]) old= {{(pid=102045) matches /opt/stack/data/venv/lib/python3.12/site-packages/ovsdbapp/backend/ovs_idl/event.py:55}}
Jul 02 03:18:41.046620 np0000183852 devstack@neutron-api.service[102045]: INFO neutron.plugins.ml2.drivers.ovn.mech_driver.mech_driver [-] OVN reports status down for port: 4f7bc232-b128-48c0-a1c2-17fdb3a82c43
Jul 02 03:18:41.047777 np0000183852 devstack@neutron-api.service[102045]: DEBUG neutron.plugins.ml2.drivers.ovn.mech_driver.ovsdb.ovsdb_monitor [-] Hash Ring: Node 52ed9f06df4151f985ae712a38889f78 (host: np0000183852) handling event "update" for row 1921b984-088a-48d2-a61f-e358d3c6e0ec (table: Logical_Switch_Port) {{(pid=102045) notify /opt/stack/neutron/neutron/plugins/ml2/drivers/ovn/mech_driver/ovsdb/ovsdb_monitor.py:1015}}
Jul 02 03:18:41.048330 np0000183852 devstack@neutron-api.service[102043]: DEBUG neutron.plugins.ml2.drivers.ovn.mech_driver.ovsdb.ovsdb_monitor [-] Hash Ring: Node f45813dadae65c0f8ab6fce34690063c (host: np0000183852) handling event "create" for row 1921b984-088a-48d2-a61f-e358d3c6e0ec (table: Logical_Switch_Port) {{(pid=102043) notify /opt/stack/neutron/neutron/plugins/ml2/drivers/ovn/mech_driver/ovsdb/ovsdb_monitor.py:1015}}
Jul 02 03:18:41.052425 np0000183852 devstack@neutron-api.service[102043]: DEBUG neutron.plugins.ml2.drivers.ovn.mech_driver.ovsdb.ovsdb_monitor [-] Hash Ring: Node f45813dadae65c0f8ab6fce34690063c (host: np0000183852) handling event "create" for row 0670b9a0-42a2-427b-9180-917d83dadd55 (table: Port_Binding) {{(pid=102043) notify /opt/stack/neutron/neutron/plugins/ml2/drivers/ovn/mech_driver/ovsdb/ovsdb_monitor.py:1015}}
Jul 02 03:18:41.052425 np0000183852 devstack@neutron-api.service[102043]: DEBUG ovsdbapp.backend.ovs_idl.event [-] Matched CREATE: LogicalSwitchPortCreateEvent(events=('create',), table='Logical_Switch_Port', conditions=[], old_conditions=None), priority=20 to row=Logical_Switch_Port(uuid=1921b984-088a-48d2-a61f-e358d3c6e0ec, addresses=['fa:16:3e:93:d7:09'], dhcpv4_options=[], dhcpv6_options=[], dynamic_addresses=[], enabled=True, external_ids={'neutron:cidrs': '', 'neutron:device_id': 'ovnmeta-e27ebc5d-7fd5-49ca-a7df-6313cc9f5d16', 'neutron:device_owner': 'network:distributed', 'neutron:mtu': '1372', 'neutron:network_name': 'neutron-e27ebc5d-7fd5-49ca-a7df-6313cc9f5d16', 'neutron:port_capabilities': '', 'neutron:port_name': '', 'neutron:project_id': '7492364b503f43618c0f550c870593bb', 'neutron:revision_number': '1', 'neutron:security_group_ids': '', 'neutron:subnet_pool_addr_scope4': '', 'neutron:subnet_pool_addr_scope6': '', 'neutron:vnic_type': 'normal'}, ha_chassis_group=[], mirror_rules=[], name='4f7bc232-b128-48c0-a1c2-17fdb3a82c43', options={}, parent_name=[], port_security=[], tag=[], tag_request=[], type='localport', up=[]) old= {{(pid=102043) matches /opt/stack/data/venv/lib/python3.12/site-packages/ovsdbapp/backend/ovs_idl/event.py:55}}
Jul 02 03:18:41.052425 np0000183852 devstack@neutron-api.service[102043]: INFO neutron.plugins.ml2.drivers.ovn.mech_driver.mech_driver [-] OVN reports status down for port: 4f7bc232-b128-48c0-a1c2-17fdb3a82c43
Jul 02 03:18:41.052730 np0000183852 devstack@neutron-api.service[102043]: DEBUG neutron.plugins.ml2.drivers.ovn.mech_driver.ovsdb.ovsdb_monitor [-] Hash Ring: Node f45813dadae65c0f8ab6fce34690063c (host: np0000183852) handling event "update" for row 1921b984-088a-48d2-a61f-e358d3c6e0ec (table: Logical_Switch_Port) {{(pid=102043) notify /opt/stack/neutron/neutron/plugins/ml2/drivers/ovn/mech_driver/ovsdb/ovsdb_monitor.py:1015}}
Jul 02 03:18:41.121184 np0000183852 devstack@neutron-api.service[102045]: DEBUG neutron.db.provisioning_blocks [None req-95fad3fa-594f-45c8-acd3-6daa1fe7e0ac None None] Transition to ACTIVE for port object 4f7bc232-b128-48c0-a1c2-17fdb3a82c43 will not be triggered until provisioned by entity L2. {{(pid=102045) add_provisioning_component /opt/stack/neutron/neutron/db/provisioning_blocks.py:74}}
Jul 02 03:18:41.181834 np0000183852 devstack@neutron-api.service[102044]: INFO neutron.db.ovn_revision_numbers_db [None req-453ce0cf-1019-49bb-b4d9-e1a2524675cf admin admin] Successfully bumped revision number for resource 4f7bc232-b128-48c0-a1c2-17fdb3a82c43 (type: ports) to 1
Jul 02 03:18:41.191610 np0000183852 devstack@neutron-api.service[102044]: DEBUG neutron.pecan_wsgi.hooks.policy_enforcement [None req-453ce0cf-1019-49bb-b4d9-e1a2524675cf admin admin] Attributes excluded by policy engine: ['standard_attr_id'] {{(pid=102044) _exclude_attributes_by_policy /opt/stack/neutron/neutron/pecan_wsgi/hooks/policy_enforcement.py:259}}
Jul 02 03:18:41.191983 np0000183852 devstack@neutron-api.service[102044]: DEBUG neutron_lib.callbacks.manager [None req-453ce0cf-1019-49bb-b4d9-e1a2524675cf admin admin] Publish callbacks [] for network (None), before_response {{(pid=102044) _notify_loop /opt/stack/data/venv/lib/python3.12/site-packages/neutron_lib/callbacks/manager.py:184}}
