Feb 16 21:16:14.213463 np0000155692 devstack@neutron-api.service[103255]: DEBUG ovsdbapp.backend.ovs_idl.transaction [None req-eb8a9468-3994-4aac-b6a3-9ed891d2b698 None None] Running txn n=1 command(idx=1): QoSDelCommand(_result=None, switch=neutron-7b0053c7-fcbe-41ec-b387-a840b1cc1db5, conditions=[('direction', '=', 'to-lport'), ('priority', '=', 2002), ('match', '=', 'outport == "3cfabe59-a386-4e08-bcc7-a14b2b6e4604"')], if_exists=True) {{(pid=103255) do_commit /opt/stack/data/venv/lib/python3.12/site-packages/ovsdbapp/backend/ovs_idl/transaction.py:89}}
Feb 16 21:16:14.213835 np0000155692 devstack@neutron-api.service[103255]: DEBUG ovsdbapp.backend.ovs_idl.transaction [None req-eb8a9468-3994-4aac-b6a3-9ed891d2b698 None None] Running txn n=1 command(idx=2): QoSDelCommand(_result=None, switch=neutron-7b0053c7-fcbe-41ec-b387-a840b1cc1db5, conditions=[('direction', '=', 'from-lport'), ('priority', '=', 2002), ('match', '=', 'inport == "3cfabe59-a386-4e08-bcc7-a14b2b6e4604"')], if_exists=True) {{(pid=103255) do_commit /opt/stack/data/venv/lib/python3.12/site-packages/ovsdbapp/backend/ovs_idl/transaction.py:89}}
Feb 16 21:16:14.224970 np0000155692 devstack@neutron-api.service[103256]: DEBUG neutron.plugins.ml2.drivers.ovn.mech_driver.ovsdb.ovsdb_monitor [None req-31909327-143b-4e83-b282-151dfbeac85d None None] Touching Hash Ring node "cb1f218361855170b10de96380b2291b" from IDL notify handler {{(pid=103256) notify /opt/stack/neutron/neutron/plugins/ml2/drivers/ovn/mech_driver/ovsdb/ovsdb_monitor.py:912}}
Feb 16 21:16:14.228699 np0000155692 devstack@neutron-api.service[103257]: DEBUG neutron.plugins.ml2.drivers.ovn.mech_driver.ovsdb.ovsdb_monitor [None req-603563ff-97db-43e8-b705-03ac8a5301be None None] Hash Ring: Node 0cd4ec1847a55336a468e409fd464acb (host: np0000155692) handling event "create" for row 06239bb2-9b06-4970-a641-4b053e08e7fd (table: Port_Binding) {{(pid=103257) notify /opt/stack/neutron/neutron/plugins/ml2/drivers/ovn/mech_driver/ovsdb/ovsdb_monitor.py:920}}
Feb 16 21:16:14.235665 np0000155692 devstack@neutron-api.service[103256]: DEBUG neutron.plugins.ml2.drivers.ovn.mech_driver.ovsdb.ovsdb_monitor [None req-31909327-143b-4e83-b282-151dfbeac85d None None] Hash Ring: Node cb1f218361855170b10de96380b2291b (host: np0000155692) handling event "update" for row 7b0053c7-fcbe-41ec-b387-a840b1cc1db5 (table: Logical_Switch) {{(pid=103256) notify /opt/stack/neutron/neutron/plugins/ml2/drivers/ovn/mech_driver/ovsdb/ovsdb_monitor.py:920}}
Feb 16 21:16:14.236636 np0000155692 devstack@neutron-api.service[103256]: DEBUG neutron.plugins.ml2.drivers.ovn.mech_driver.ovsdb.ovsdb_monitor [None req-31909327-143b-4e83-b282-151dfbeac85d None None] Touching Hash Ring node "cb1f218361855170b10de96380b2291b" from IDL notify handler {{(pid=103256) notify /opt/stack/neutron/neutron/plugins/ml2/drivers/ovn/mech_driver/ovsdb/ovsdb_monitor.py:912}}
Feb 16 21:16:14.239171 np0000155692 devstack@neutron-api.service[103256]: DEBUG neutron.plugins.ml2.drivers.ovn.mech_driver.ovsdb.ovsdb_monitor [None req-31909327-143b-4e83-b282-151dfbeac85d None None] Hash Ring: Node cb1f218361855170b10de96380b2291b (host: np0000155692) handling event "create" for row f111bbe3-a361-413c-84e7-fd6bcd010fdd (table: Logical_Switch_Port) {{(pid=103256) notify /opt/stack/neutron/neutron/plugins/ml2/drivers/ovn/mech_driver/ovsdb/ovsdb_monitor.py:920}}
Feb 16 21:16:14.239944 np0000155692 devstack@neutron-api.service[103256]: DEBUG ovsdbapp.backend.ovs_idl.event [None req-31909327-143b-4e83-b282-151dfbeac85d None None] Matched CREATE: LogicalSwitchPortCreateEvent(events=('create',), table='Logical_Switch_Port', conditions=[], old_conditions=None), priority=20 to row=Logical_Switch_Port(name=3cfabe59-a386-4e08-bcc7-a14b2b6e4604, ha_chassis_group=[], options={'requested-chassis': 'np0000155692'}, parent_name=[], enabled=[True], type=, dhcpv6_options=[], addresses=['fa:16:3e:9f:c4:3a 10.2.5.12', 'unknown'], tag=[], up=[], external_ids={'neutron:cidrs': '10.2.5.12/24', 'neutron:device_id': 'manila-admin-share', 'neutron:device_owner': 'manila:share', 'neutron:mtu': '', 'neutron:network_name': 'neutron-7b0053c7-fcbe-41ec-b387-a840b1cc1db5', 'neutron:port_capabilities': '', 'neutron:port_name': '', 'neutron:project_id': '38548651a1c1489a90d2bbb5883c8475', 'neutron:revision_number': '1', 'neutron:security_group_ids': '', 'neutron:subnet_pool_addr_scope4': '', 'neutron:subnet_pool_addr_scope6': '', 'neutron:vnic_type': 'normal'}, tag_request=[], port_security=[], dynamic_addresses=[], dhcpv4_options=[], mirror_rules=[]) old= {{(pid=103256) matches /opt/stack/data/venv/lib/python3.12/site-packages/ovsdbapp/backend/ovs_idl/event.py:55}}
Feb 16 21:16:14.240986 np0000155692 devstack@neutron-api.service[103256]: INFO neutron.plugins.ml2.drivers.ovn.mech_driver.mech_driver [None req-015a02a1-e802-4e2a-8b2b-6f7f8c94dba1 None None] OVN reports status down for port: 3cfabe59-a386-4e08-bcc7-a14b2b6e4604
Feb 16 21:16:14.242445 np0000155692 devstack@neutron-api.service[103256]: DEBUG neutron.plugins.ml2.drivers.ovn.mech_driver.ovsdb.ovsdb_monitor [None req-31909327-143b-4e83-b282-151dfbeac85d None None] Touching Hash Ring node "cb1f218361855170b10de96380b2291b" from IDL notify handler {{(pid=103256) notify /opt/stack/neutron/neutron/plugins/ml2/drivers/ovn/mech_driver/ovsdb/ovsdb_monitor.py:912}}
Feb 16 21:16:14.244853 np0000155692 devstack@neutron-api.service[103256]: DEBUG neutron.plugins.ml2.drivers.ovn.mech_driver.ovsdb.ovsdb_monitor [None req-31909327-143b-4e83-b282-151dfbeac85d None None] Hash Ring: Node cb1f218361855170b10de96380b2291b (host: np0000155692) handling event "update" for row f111bbe3-a361-413c-84e7-fd6bcd010fdd (table: Logical_Switch_Port) {{(pid=103256) notify /opt/stack/neutron/neutron/plugins/ml2/drivers/ovn/mech_driver/ovsdb/ovsdb_monitor.py:920}}
Feb 16 21:16:14.253642 np0000155692 devstack@neutron-api.service[103255]: INFO neutron.db.ovn_revision_numbers_db [None req-22df2eb6-739f-44ec-81d9-6926739131f8 service neutron] Successfully bumped revision number for resource 3cfabe59-a386-4e08-bcc7-a14b2b6e4604 (type: ports) to 1
Feb 16 21:16:14.268705 np0000155692 devstack@neutron-api.service[103256]: DEBUG neutron.db.provisioning_blocks [None req-015a02a1-e802-4e2a-8b2b-6f7f8c94dba1 None None] Ignored duplicate provisioning block setup for port 3cfabe59-a386-4e08-bcc7-a14b2b6e4604 by entity L2. {{(pid=103256) add_provisioning_component /opt/stack/neutron/neutron/db/provisioning_blocks.py:69}}
Feb 16 21:16:14.268961 np0000155692 devstack@neutron-api.service[103255]: DEBUG neutron.plugins.ml2.managers [None req-22df2eb6-739f-44ec-81d9-6926739131f8 service neutron] Attempting to bind port 3cfabe59-a386-4e08-bcc7-a14b2b6e4604 on host np0000155692 for vnic_type normal with profile {{(pid=103255) bind_port /opt/stack/neutron/neutron/plugins/ml2/managers.py:813}}
Feb 16 21:16:14.269128 np0000155692 devstack@neutron-api.service[103255]: DEBUG neutron.plugins.ml2.managers [None req-22df2eb6-739f-44ec-81d9-6926739131f8 service neutron] Attempting to bind port 3cfabe59-a386-4e08-bcc7-a14b2b6e4604 by drivers ovn on host np0000155692 at level 0 using segments [{'id': 'ea1252b8-2526-4757-8507-1a007cdb9d39', 'network_type': 'geneve', 'physical_network': None, 'segmentation_id': 16961, 'network_id': '7b0053c7-fcbe-41ec-b387-a840b1cc1db5'}] {{(pid=103255) _bind_port_level /opt/stack/neutron/neutron/plugins/ml2/managers.py:838}}
Feb 16 21:16:14.270400 np0000155692 devstack@neutron-api.service[103255]: DEBUG neutron.plugins.ml2.drivers.ovn.mech_driver.mech_driver [None req-22df2eb6-739f-44ec-81d9-6926739131f8 service neutron] Attempting to bind port 3cfabe59-a386-4e08-bcc7-a14b2b6e4604 on host np0000155692 for network segment with type geneve, segmentation ID 16961, physical network None {{(pid=103255) bind_port /opt/stack/neutron/neutron/plugins/ml2/drivers/ovn/mech_driver/mech_driver.py:1189}}
Feb 16 21:16:14.270866 np0000155692 devstack@neutron-api.service[103255]: DEBUG neutron.plugins.ml2.managers [None req-22df2eb6-739f-44ec-81d9-6926739131f8 service neutron] Bound port: 3cfabe59-a386-4e08-bcc7-a14b2b6e4604, host: np0000155692, vif_type: ovs, vif_details: {"port_filter": true, "connectivity": "l2", "ovs_create_tap": false, "bridge_name": "br-int", "datapath_type": "system"}, binding_levels: [{'bound_driver': 'ovn', 'bound_segment': {'id': 'ea1252b8-2526-4757-8507-1a007cdb9d39', 'network_type': 'geneve', 'physical_network': None, 'segmentation_id': 16961, 'network_id': '7b0053c7-fcbe-41ec-b387-a840b1cc1db5'}}] {{(pid=103255) _bind_port_level /opt/stack/neutron/neutron/plugins/ml2/managers.py:949}}
Feb 16 21:16:14.271027 np0000155692 devstack@neutron-api.service[103255]: DEBUG neutron_lib.callbacks.manager [None req-22df2eb6-739f-44ec-81d9-6926739131f8 service neutron] Publish callbacks ['neutron.plugins.ml2.plugin.SecurityGroupDbMixin._ensure_default_security_group_handler-39633', 'neutron.services.ovn_l3.plugin.OVNL3RouterPlugin._port_update-8650441129964', 'neutron.db.l3_db.L3_NAT_dbonly_mixin._prevent_internal_ip_change_for_fip-8650442662882'] for port (3cfabe59-a386-4e08-bcc7-a14b2b6e4604), before_update {{(pid=103255) _notify_loop /opt/stack/data/venv/lib/python3.12/site-packages/neutron_lib/callbacks/manager.py:184}}
Feb 16 21:16:14.289538 np0000155692 devstack@neutron-api.service[103256]: DEBUG neutron.plugins.ml2.plugin [None req-015a02a1-e802-4e2a-8b2b-6f7f8c94dba1 None None] Current status of the port 3cfabe59-a386-4e08-bcc7-a14b2b6e4604 is: DOWN; New status is: DOWN {{(pid=103256) _update_individual_port_db_status /opt/stack/neutron/neutron/plugins/ml2/plugin.py:2461}}
Feb 16 21:16:14.290982 np0000155692 devstack@neutron-api.service[103256]: DEBUG ovsdbapp.backend.ovs_idl.transaction [None req-31909327-143b-4e83-b282-151dfbeac85d None None] Running txn n=1 command(idx=0): DbRemoveCommand(_result=None, table=Logical_Switch_Port, record=3cfabe59-a386-4e08-bcc7-a14b2b6e4604, column=external_ids, values=('neutron:host_id',), keyvalues={}, if_exists=True) {{(pid=103256) do_commit /opt/stack/data/venv/lib/python3.12/site-packages/ovsdbapp/backend/ovs_idl/transaction.py:89}}
Feb 16 21:16:14.306053 np0000155692 devstack@neutron-api.service[103255]: DEBUG neutron.plugins.ml2.db [None req-22df2eb6-739f-44ec-81d9-6926739131f8 service neutron] For port 3cfabe59-a386-4e08-bcc7-a14b2b6e4604, host np0000155692, cleared binding levels {{(pid=103255) clear_binding_levels /opt/stack/neutron/neutron/plugins/ml2/db.py:87}}
Feb 16 21:16:14.308405 np0000155692 devstack@neutron-api.service[103255]: DEBUG neutron.plugins.ml2.db [None req-22df2eb6-739f-44ec-81d9-6926739131f8 service neutron] For port 3cfabe59-a386-4e08-bcc7-a14b2b6e4604, host np0000155692, set binding levels [PortBindingLevel(driver='ovn',host='np0000155692',level=0,port_id=3cfabe59-a386-4e08-bcc7-a14b2b6e4604,segment=NetworkSegment(ea1252b8-2526-4757-8507-1a007cdb9d39),segment_id=ea1252b8-2526-4757-8507-1a007cdb9d39)] {{(pid=103255) set_binding_levels /opt/stack/neutron/neutron/plugins/ml2/db.py:59}}
Feb 16 21:16:14.309462 np0000155692 devstack@neutron-api.service[103255]: DEBUG neutron.plugins.ml2.drivers.ovn.mech_driver.mech_driver [None req-22df2eb6-739f-44ec-81d9-6926739131f8 service neutron] No provisioning block for port 3cfabe59-a386-4e08-bcc7-a14b2b6e4604 since host unchanged {{(pid=103255) _is_port_provisioning_required /opt/stack/neutron/neutron/plugins/ml2/drivers/ovn/mech_driver/mech_driver.py:888}}
Feb 16 21:16:14.316251 np0000155692 devstack@neutron-api.service[103255]: DEBUG neutron_lib.callbacks.manager [None req-22df2eb6-739f-44ec-81d9-6926739131f8 service neutron] Publish callbacks ['neutron.plugins.ml2.ovo_rpc._ObjectChangeHandler.handle_event-1808510', 'neutron.db.l3_db.L3RpcNotifierMixin._notify_gateway_port_ip_changed-8650442539942', 'neutron.services.ovn_l3.plugin.OVNL3RouterPlugin._port_update-8650441129964'] for port (3cfabe59-a386-4e08-bcc7-a14b2b6e4604), after_update {{(pid=103255) _notify_loop /opt/stack/data/venv/lib/python3.12/site-packages/neutron_lib/callbacks/manager.py:184}}
Feb 16 21:16:14.347785 np0000155692 devstack@neutron-api.service[103255]: DEBUG neutron.api.rpc.handlers.resources_rpc [None req-22df2eb6-739f-44ec-81d9-6926739131f8 service neutron] Pushing event updated for resources: {'Port': ['ID=3cfabe59-a386-4e08-bcc7-a14b2b6e4604,revision_number=3']} {{(pid=103255) push /opt/stack/neutron/neutron/api/rpc/handlers/resources_rpc.py:237}}
Feb 16 21:16:14.371803 np0000155692 devstack@neutron-api.service[103255]: DEBUG ovsdbapp.backend.ovs_idl.transaction [None req-eb8a9468-3994-4aac-b6a3-9ed891d2b698 None None] Running txn n=1 command(idx=0): CheckRevisionNumberCommand(_result=None, name=3cfabe59-a386-4e08-bcc7-a14b2b6e4604, resource={'id': '3cfabe59-a386-4e08-bcc7-a14b2b6e4604', 'name': '', 'network_id': '7b0053c7-fcbe-41ec-b387-a840b1cc1db5', 'project_id': '38548651a1c1489a90d2bbb5883c8475', 'mac_address': 'fa:16:3e:9f:c4:3a', 'admin_state_up': True, 'status': 'DOWN', 'device_id': 'manila-admin-share', 'device_owner': 'manila:share', 'standard_attr_id': 46, 'fixed_ips': [{'subnet_id': 'a241d689-73c3-4234-9009-a3a66681754b', 'ip_address': '10.2.5.12'}], 'allowed_address_pairs': [], 'extra_dhcp_opts': [], 'security_groups': [], 'description': '', 'binding:vnic_type': 'normal', 'binding:profile': {}, 'binding:host_id': 'np0000155692', 'binding:vif_type': 'ovs', 'binding:vif_details': {'port_filter': True, 'connectivity': 'l2', 'ovs_create_tap': False, 'bridge_name': 'br-int', 'datapath_type': 'system', 'bound_drivers': {'0': 'ovn'}}, 'port_security_enabled': False, 'tags': [], 'created_at': '2026-02-16T21:16:13Z', 'updated_at': '2026-02-16T21:16:14Z', 'revision_number': 3, 'tenant_id': '38548651a1c1489a90d2bbb5883c8475', 'network': {'id': '7b0053c7-fcbe-41ec-b387-a840b1cc1db5', 'name': 'admin_net', 'tenant_id': '38548651a1c1489a90d2bbb5883c8475', 'project_id': '38548651a1c1489a90d2bbb5883c8475', 'admin_state_up': True, 'mtu': 1372, 'status': 'ACTIVE', 'subnets': ['a241d689-73c3-4234-9009-a3a66681754b'], 'standard_attr_id': 42, 'shared': False, 'availability_zone_hints': [], 'availability_zones': [], 'ipv4_address_scope': None, 'ipv6_address_scope': None, 'router:external': False, 'qinq': False, 'vlan_transparent': False, 'description': '', 'port_security_enabled': True, 'tags': [], 'created_at': '2026-02-16T21:16:07Z', 'updated_at': '2026-02-16T21:16:08Z', 'revision_number': 2, 'provider:network_type': 'geneve', 'provider:physical_network': None, 'provider:segmentation_id': 16961}}, resource_type=ports, if_exists=True) {{(pid=103255) do_commit /opt/stack/data/venv/lib/python3.12/site-packages/ovsdbapp/backend/ovs_idl/transaction.py:89}}
Feb 16 21:16:14.372534 np0000155692 devstack@neutron-api.service[103255]: DEBUG ovsdbapp.backend.ovs_idl.transaction [None req-eb8a9468-3994-4aac-b6a3-9ed891d2b698 None None] Running txn n=1 command(idx=1): SetLSwitchPortCommand(_result=None, lport=3cfabe59-a386-4e08-bcc7-a14b2b6e4604, external_ids_update=None, columns={'external_ids': {'neutron:port_name': '', 'neutron:device_id': 'manila-admin-share', 'neutron:project_id': '38548651a1c1489a90d2bbb5883c8475', 'neutron:cidrs': '10.2.5.12/24', 'neutron:device_owner': 'manila:share', 'neutron:subnet_pool_addr_scope4': '', 'neutron:subnet_pool_addr_scope6': '', 'neutron:network_name': 'neutron-7b0053c7-fcbe-41ec-b387-a840b1cc1db5', 'neutron:security_group_ids': '', 'neutron:revision_number': '3', 'neutron:vnic_type': 'normal', 'neutron:port_capabilities': '', 'neutron:mtu': ''}, 'parent_name': [], 'tag': [], 'options': {'requested-chassis': 'np0000155692'}, 'enabled': True, 'port_security': [], 'dhcpv4_options': [UUID('2081264c-3520-4851-9ae1-36fcf387f091')], 'dhcpv6_options': [], 'type': '', 'addresses': ['fa:16:3e:9f:c4:3a 10.2.5.12', 'unknown'], 'ha_chassis_group': []}, if_exists=False) {{(pid=103255) do_commit /opt/stack/data/venv/lib/python3.12/site-packages/ovsdbapp/backend/ovs_idl/transaction.py:89}}
Feb 16 21:16:14.374379 np0000155692 devstack@neutron-api.service[103255]: DEBUG ovsdbapp.backend.ovs_idl.transaction [None req-eb8a9468-3994-4aac-b6a3-9ed891d2b698 None None] Running txn n=1 command(idx=2): PgDelPortCommand(_result=None, port_group=neutron_pg_drop, lsp=['3cfabe59-a386-4e08-bcc7-a14b2b6e4604'], if_exists=False) {{(pid=103255) do_commit /opt/stack/data/venv/lib/python3.12/site-packages/ovsdbapp/backend/ovs_idl/transaction.py:89}}
Feb 16 21:16:14.383571 np0000155692 devstack@neutron-api.service[103256]: DEBUG neutron.plugins.ml2.drivers.ovn.mech_driver.ovsdb.ovsdb_monitor [None req-31909327-143b-4e83-b282-151dfbeac85d None None] Touching Hash Ring node "cb1f218361855170b10de96380b2291b" from IDL notify handler {{(pid=103256) notify /opt/stack/neutron/neutron/plugins/ml2/drivers/ovn/mech_driver/ovsdb/ovsdb_monitor.py:912}}
Feb 16 21:16:14.387301 np0000155692 devstack@neutron-api.service[103257]: DEBUG neutron.plugins.ml2.drivers.ovn.mech_driver.ovsdb.ovsdb_monitor [None req-603563ff-97db-43e8-b705-03ac8a5301be None None] Hash Ring: Node 0cd4ec1847a55336a468e409fd464acb (host: np0000155692) handling event "update" for row 06239bb2-9b06-4970-a641-4b053e08e7fd (table: Port_Binding) {{(pid=103257) notify /opt/stack/neutron/neutron/plugins/ml2/drivers/ovn/mech_driver/ovsdb/ovsdb_monitor.py:920}}
Feb 16 21:16:14.389329 np0000155692 devstack@neutron-api.service[103256]: DEBUG neutron.plugins.ml2.drivers.ovn.mech_driver.ovsdb.ovsdb_monitor [None req-31909327-143b-4e83-b282-151dfbeac85d None None] Hash Ring: Node cb1f218361855170b10de96380b2291b (host: np0000155692) handling event "update" for row f111bbe3-a361-413c-84e7-fd6bcd010fdd (table: Logical_Switch_Port) {{(pid=103256) notify /opt/stack/neutron/neutron/plugins/ml2/drivers/ovn/mech_driver/ovsdb/ovsdb_monitor.py:920}}
Feb 16 21:16:14.424963 np0000155692 devstack@neutron-api.service[103255]: INFO neutron.db.ovn_revision_numbers_db [None req-22df2eb6-739f-44ec-81d9-6926739131f8 service neutron] Successfully bumped revision number for resource 3cfabe59-a386-4e08-bcc7-a14b2b6e4604 (type: ports) to 3
Feb 16 21:16:14.436385 np0000155692 devstack@neutron-api.service[103255]: DEBUG neutron.pecan_wsgi.hooks.policy_enforcement [None req-22df2eb6-739f-44ec-81d9-6926739131f8 service neutron] Attributes excluded by policy engine: ['standard_attr_id'] {{(pid=103255) _exclude_attributes_by_policy /opt/stack/neutron/neutron/pecan_wsgi/hooks/policy_enforcement.py:258}}
Feb 16 21:16:14.436863 np0000155692 devstack@neutron-api.service[103255]: DEBUG neutron_lib.callbacks.manager [None req-22df2eb6-739f-44ec-81d9-6926739131f8 service neutron] Publish callbacks ['neutron.notifiers.nova.Notifier._send_nova_notification-389431'] for port (None), before_response {{(pid=103255) _notify_loop /opt/stack/data/venv/lib/python3.12/site-packages/neutron_lib/callbacks/manager.py:184}}
Feb 16 21:16:14.449602 np0000155692 devstack@neutron-api.service[103255]: [pid: 103255|app: 0|req: 26/104] 162.253.55.12 () {68 vars in 1297 bytes} [Mon Feb 16 21:16:13 2026] POST /networking/v2.0/ports => generated 926 bytes in 499 msecs (HTTP/1.1 201) 4 headers in 162 bytes (1 switches on core 0)
Feb 16 21:16:14.859701 np0000155692 devstack@neutron-api.service[103257]: DEBUG neutron.plugins.ml2.drivers.ovn.mech_driver.ovsdb.ovsdb_monitor [None req-603563ff-97db-43e8-b705-03ac8a5301be None None] Hash Ring: Node 0cd4ec1847a55336a468e409fd464acb (host: np0000155692) handling event "update" for row 06239bb2-9b06-4970-a641-4b053e08e7fd (table: Port_Binding) {{(pid=103257) notify /opt/stack/neutron/neutron/plugins/ml2/drivers/ovn/mech_driver/ovsdb/ovsdb_monitor.py:920}}
Feb 16 21:16:14.907773 np0000155692 devstack@neutron-api.service[103257]: DEBUG neutron.plugins.ml2.drivers.ovn.mech_driver.ovsdb.ovsdb_monitor [None req-603563ff-97db-43e8-b705-03ac8a5301be None None] Hash Ring: Node 0cd4ec1847a55336a468e409fd464acb (host: np0000155692) handling event "update" for row 06239bb2-9b06-4970-a641-4b053e08e7fd (table: Port_Binding) {{(pid=103257) notify /opt/stack/neutron/neutron/plugins/ml2/drivers/ovn/mech_driver/ovsdb/ovsdb_monitor.py:920}}
Feb 16 21:16:14.910425 np0000155692 devstack@neutron-api.service[103256]: DEBUG neutron.plugins.ml2.drivers.ovn.mech_driver.ovsdb.ovsdb_monitor [None req-31909327-143b-4e83-b282-151dfbeac85d None None] Touching Hash Ring node "cb1f218361855170b10de96380b2291b" from IDL notify handler {{(pid=103256) notify /opt/stack/neutron/neutron/plugins/ml2/drivers/ovn/mech_driver/ovsdb/ovsdb_monitor.py:912}}
Feb 16 21:16:14.920509 np0000155692 devstack@neutron-api.service[103256]: DEBUG neutron.plugins.ml2.drivers.ovn.mech_driver.ovsdb.ovsdb_monitor [None req-31909327-143b-4e83-b282-151dfbeac85d None None] Hash Ring: Node cb1f218361855170b10de96380b2291b (host: np0000155692) handling event "update" for row f111bbe3-a361-413c-84e7-fd6bcd010fdd (table: Logical_Switch_Port) {{(pid=103256) notify /opt/stack/neutron/neutron/plugins/ml2/drivers/ovn/mech_driver/ovsdb/ovsdb_monitor.py:920}}
Feb 16 21:16:14.921516 np0000155692 devstack@neutron-api.service[103256]: DEBUG ovsdbapp.backend.ovs_idl.event [None req-31909327-143b-4e83-b282-151dfbeac85d None None] Matched UPDATE: LogicalSwitchPortUpdateUpEvent(events=('update',), table='Logical_Switch_Port', conditions=None, old_conditions=None), priority=20 to row=Logical_Switch_Port(name=3cfabe59-a386-4e08-bcc7-a14b2b6e4604, ha_chassis_group=[], options={'requested-chassis': 'np0000155692'}, parent_name=[], enabled=[True], type=, dhcpv6_options=[], addresses=['fa:16:3e:9f:c4:3a 10.2.5.12', 'unknown'], tag=[], up=[True], external_ids={'neutron:cidrs': '10.2.5.12/24', 'neutron:device_id': 'manila-admin-share', 'neutron:device_owner': 'manila:share', 'neutron:mtu': '', 'neutron:network_name': 'neutron-7b0053c7-fcbe-41ec-b387-a840b1cc1db5', 'neutron:port_capabilities': '', 'neutron:port_name': '', 'neutron:project_id': '38548651a1c1489a90d2bbb5883c8475', 'neutron:revision_number': '3', 'neutron:security_group_ids': '', 'neutron:subnet_pool_addr_scope4': '', 'neutron:subnet_pool_addr_scope6': '', 'neutron:vnic_type': 'normal'}, tag_request=[], port_security=[], dynamic_addresses=[], dhcpv4_options=[], mirror_rules=[]) old=Logical_Switch_Port(up=[False]) {{(pid=103256) matches /opt/stack/data/venv/lib/python3.12/site-packages/ovsdbapp/backend/ovs_idl/event.py:55}}
Feb 16 21:16:14.923192 np0000155692 devstack@neutron-api.service[103256]: INFO neutron.plugins.ml2.drivers.ovn.mech_driver.mech_driver [None req-015a02a1-e802-4e2a-8b2b-6f7f8c94dba1 None None] OVN reports status up for port: 3cfabe59-a386-4e08-bcc7-a14b2b6e4604
Feb 16 21:16:14.932978 np0000155692 devstack@neutron-api.service[103256]: DEBUG neutron.db.provisioning_blocks [None req-015a02a1-e802-4e2a-8b2b-6f7f8c94dba1 None None] Provisioning for port 3cfabe59-a386-4e08-bcc7-a14b2b6e4604 completed by entity L2. {{(pid=103256) provisioning_complete /opt/stack/neutron/neutron/db/provisioning_blocks.py:133}}
Feb 16 21:16:14.941579 np0000155692 devstack@neutron-api.service[103256]: DEBUG neutron.db.provisioning_blocks [None req-015a02a1-e802-4e2a-8b2b-6f7f8c94dba1 None None] Provisioning complete for port 3cfabe59-a386-4e08-bcc7-a14b2b6e4604 triggered by entity L2. {{(pid=103256) provisioning_complete /opt/stack/neutron/neutron/db/provisioning_blocks.py:141}}
Feb 16 21:16:14.941579 np0000155692 devstack@neutron-api.service[103256]: DEBUG neutron_lib.callbacks.manager [None req-015a02a1-e802-4e2a-8b2b-6f7f8c94dba1 None None] Publish callbacks ['neutron.plugins.ml2.plugin.Ml2Plugin._port_provisioned-2056257'] for port (3cfabe59-a386-4e08-bcc7-a14b2b6e4604), provisioning_complete {{(pid=103256) _notify_loop /opt/stack/data/venv/lib/python3.12/site-packages/neutron_lib/callbacks/manager.py:184}}
Feb 16 21:16:14.941579 np0000155692 devstack@neutron-api.service[103256]: INFO neutron.plugins.ml2.plugin [None req-015a02a1-e802-4e2a-8b2b-6f7f8c94dba1 None None] Attempt 1 to provision port 3cfabe59-a386-4e08-bcc7-a14b2b6e4604
Feb 16 21:16:14.985244 np0000155692 devstack@neutron-api.service[103256]: DEBUG neutron.plugins.ml2.plugin [None req-015a02a1-e802-4e2a-8b2b-6f7f8c94dba1 None None] Current status of the port 3cfabe59-a386-4e08-bcc7-a14b2b6e4604 is: DOWN; New status is: ACTIVE {{(pid=103256) _update_individual_port_db_status /opt/stack/neutron/neutron/plugins/ml2/plugin.py:2461}}
Feb 16 21:16:14.985376 np0000155692 devstack@neutron-api.service[103256]: DEBUG neutron_lib.callbacks.manager [None req-015a02a1-e802-4e2a-8b2b-6f7f8c94dba1 None None] Publish callbacks ['neutron.plugins.ml2.plugin.SecurityGroupDbMixin._ensure_default_security_group_handler-215293', 'neutron.services.ovn_l3.plugin.OVNL3RouterPlugin._port_update-8650441070292', 'neutron.db.l3_db.L3_NAT_dbonly_mixin._prevent_internal_ip_change_for_fip-8650442658466'] for port (3cfabe59-a386-4e08-bcc7-a14b2b6e4604), before_update {{(pid=103256) _notify_loop /opt/stack/data/venv/lib/python3.12/site-packages/neutron_lib/callbacks/manager.py:184}}
Feb 16 21:16:15.004027 np0000155692 devstack@neutron-api.service[103256]: DEBUG neutron.plugins.ml2.db [None req-015a02a1-e802-4e2a-8b2b-6f7f8c94dba1 None None] For port 3cfabe59-a386-4e08-bcc7-a14b2b6e4604, host np0000155692, got binding levels [PortBindingLevel(driver='ovn',host='np0000155692',level=0,port_id=3cfabe59-a386-4e08-bcc7-a14b2b6e4604,segment=NetworkSegment(ea1252b8-2526-4757-8507-1a007cdb9d39),segment_id=ea1252b8-2526-4757-8507-1a007cdb9d39)] {{(pid=103256) get_binding_level_objs /opt/stack/neutron/neutron/plugins/ml2/db.py:74}}
Feb 16 21:16:15.004273 np0000155692 devstack@neutron-api.service[103256]: DEBUG neutron.plugins.ml2.drivers.ovn.mech_driver.mech_driver [None req-015a02a1-e802-4e2a-8b2b-6f7f8c94dba1 None None] No provisioning block for port 3cfabe59-a386-4e08-bcc7-a14b2b6e4604 since it is active {{(pid=103256) _is_port_provisioning_required /opt/stack/neutron/neutron/plugins/ml2/drivers/ovn/mech_driver/mech_driver.py:878}}
Feb 16 21:16:15.064359 np0000155692 devstack@neutron-api.service[103256]: DEBUG ovsdbapp.backend.ovs_idl.transaction [None req-31909327-143b-4e83-b282-151dfbeac85d None None] Running txn n=1 command(idx=0): CheckRevisionNumberCommand(_result=None, name=3cfabe59-a386-4e08-bcc7-a14b2b6e4604, resource={'id': '3cfabe59-a386-4e08-bcc7-a14b2b6e4604', 'name': '', 'network_id': '7b0053c7-fcbe-41ec-b387-a840b1cc1db5', 'project_id': '38548651a1c1489a90d2bbb5883c8475', 'mac_address': 'fa:16:3e:9f:c4:3a', 'admin_state_up': True, 'status': 'ACTIVE', 'device_id': 'manila-admin-share', 'device_owner': 'manila:share', 'standard_attr_id': 46, 'fixed_ips': [{'subnet_id': 'a241d689-73c3-4234-9009-a3a66681754b', 'ip_address': '10.2.5.12'}], 'allowed_address_pairs': [], 'extra_dhcp_opts': [], 'security_groups': [], 'description': '', 'binding:vnic_type': 'normal', 'binding:profile': {}, 'binding:host_id': 'np0000155692', 'binding:vif_type': 'ovs', 'binding:vif_details': {'port_filter': True, 'connectivity': 'l2', 'ovs_create_tap': False, 'bridge_name': 'br-int', 'datapath_type': 'system', 'bound_drivers': {'0': 'ovn'}}, 'port_security_enabled': False, 'tags': [], 'created_at': '2026-02-16T21:16:13Z', 'updated_at': '2026-02-16T21:16:14Z', 'revision_number': 4, 'tenant_id': '38548651a1c1489a90d2bbb5883c8475', 'network': {'id': '7b0053c7-fcbe-41ec-b387-a840b1cc1db5', 'name': 'admin_net', 'tenant_id': '38548651a1c1489a90d2bbb5883c8475', 'project_id': '38548651a1c1489a90d2bbb5883c8475', 'admin_state_up': True, 'mtu': 1372, 'status': 'ACTIVE', 'subnets': ['a241d689-73c3-4234-9009-a3a66681754b'], 'standard_attr_id': 42, 'shared': False, 'availability_zone_hints': [], 'availability_zones': [], 'ipv4_address_scope': None, 'ipv6_address_scope': None, 'router:external': False, 'qinq': False, 'vlan_transparent': False, 'description': '', 'port_security_enabled': True, 'tags': [], 'created_at': '2026-02-16T21:16:07Z', 'updated_at': '2026-02-16T21:16:08Z', 'revision_number': 2, 'provider:network_type': 'geneve', 'provider:physical_network': None, 'provider:segmentation_id': 16961}}, resource_type=ports, if_exists=True) {{(pid=103256) do_commit /opt/stack/data/venv/lib/python3.12/site-packages/ovsdbapp/backend/ovs_idl/transaction.py:89}}
Feb 16 21:16:15.064741 np0000155692 devstack@neutron-api.service[103256]: DEBUG ovsdbapp.backend.ovs_idl.transaction [None req-31909327-143b-4e83-b282-151dfbeac85d None None] Running txn n=1 command(idx=1): SetLSwitchPortCommand(_result=None, lport=3cfabe59-a386-4e08-bcc7-a14b2b6e4604, external_ids_update=None, columns={'external_ids': {'neutron:port_name': '', 'neutron:device_id': 'manila-admin-share', 'neutron:project_id': '38548651a1c1489a90d2bbb5883c8475', 'neutron:cidrs': '10.2.5.12/24', 'neutron:device_owner': 'manila:share', 'neutron:subnet_pool_addr_scope4': '', 'neutron:subnet_pool_addr_scope6': '', 'neutron:network_name': 'neutron-7b0053c7-fcbe-41ec-b387-a840b1cc1db5', 'neutron:security_group_ids': '', 'neutron:revision_number': '4', 'neutron:vnic_type': 'normal', 'neutron:port_capabilities': '', 'neutron:mtu': ''}, 'parent_name': [], 'tag': [], 'options': {'requested-chassis': 'np0000155692'}, 'enabled': True, 'port_security': [], 'dhcpv4_options': [UUID('2081264c-3520-4851-9ae1-36fcf387f091')], 'dhcpv6_options': [], 'type': '', 'addresses': ['fa:16:3e:9f:c4:3a 10.2.5.12', 'unknown'], 'ha_chassis_group': []}, if_exists=False) {{(pid=103256) do_commit /opt/stack/data/venv/lib/python3.12/site-packages/ovsdbapp/backend/ovs_idl/transaction.py:89}}
Feb 16 21:16:15.065704 np0000155692 devstack@neutron-api.service[103256]: DEBUG ovsdbapp.backend.ovs_idl.transaction [None req-31909327-143b-4e83-b282-151dfbeac85d None None] Running txn n=1 command(idx=2): PgDelPortCommand(_result=None, port_group=neutron_pg_drop, lsp=['3cfabe59-a386-4e08-bcc7-a14b2b6e4604'], if_exists=False) {{(pid=103256) do_commit /opt/stack/data/venv/lib/python3.12/site-packages/ovsdbapp/backend/ovs_idl/transaction.py:89}}
Feb 16 21:16:15.068969 np0000155692 devstack@neutron-api.service[103256]: DEBUG neutron.plugins.ml2.drivers.ovn.mech_driver.ovsdb.ovsdb_monitor [None req-31909327-143b-4e83-b282-151dfbeac85d None None] Touching Hash Ring node "cb1f218361855170b10de96380b2291b" from IDL notify handler {{(pid=103256) notify /opt/stack/neutron/neutron/plugins/ml2/drivers/ovn/mech_driver/ovsdb/ovsdb_monitor.py:912}}
Feb 16 21:16:15.072714 np0000155692 devstack@neutron-api.service[103256]: DEBUG neutron.plugins.ml2.drivers.ovn.mech_driver.ovsdb.ovsdb_monitor [None req-31909327-143b-4e83-b282-151dfbeac85d None None] Hash Ring: Node cb1f218361855170b10de96380b2291b (host: np0000155692) handling event "update" for row f111bbe3-a361-413c-84e7-fd6bcd010fdd (table: Logical_Switch_Port) {{(pid=103256) notify /opt/stack/neutron/neutron/plugins/ml2/drivers/ovn/mech_driver/ovsdb/ovsdb_monitor.py:920}}
Feb 16 21:16:15.076405 np0000155692 devstack@neutron-api.service[103257]: DEBUG neutron.plugins.ml2.drivers.ovn.mech_driver.ovsdb.ovsdb_monitor [None req-603563ff-97db-43e8-b705-03ac8a5301be None None] Hash Ring: Node 0cd4ec1847a55336a468e409fd464acb (host: np0000155692) handling event "update" for row 06239bb2-9b06-4970-a641-4b053e08e7fd (table: Port_Binding) {{(pid=103257) notify /opt/stack/neutron/neutron/plugins/ml2/drivers/ovn/mech_driver/ovsdb/ovsdb_monitor.py:920}}
Feb 16 21:16:15.111272 np0000155692 devstack@neutron-api.service[103256]: INFO neutron.db.ovn_revision_numbers_db [None req-015a02a1-e802-4e2a-8b2b-6f7f8c94dba1 None None] Successfully bumped revision number for resource 3cfabe59-a386-4e08-bcc7-a14b2b6e4604 (type: ports) to 4
Feb 16 21:16:15.114943 np0000155692 devstack@neutron-api.service[103256]: DEBUG neutron_lib.callbacks.manager [None req-015a02a1-e802-4e2a-8b2b-6f7f8c94dba1 None None] Publish callbacks ['neutron.plugins.ml2.ovo_rpc._ObjectChangeHandler.handle_event-1084007', 'neutron.db.l3_db.L3RpcNotifierMixin._notify_gateway_port_ip_changed-8650442665884', 'neutron.services.ovn_l3.plugin.OVNL3RouterPlugin._port_update-8650441070292'] for port (3cfabe59-a386-4e08-bcc7-a14b2b6e4604), after_update {{(pid=103256) _notify_loop /opt/stack/data/venv/lib/python3.12/site-packages/neutron_lib/callbacks/manager.py:184}}
Feb 16 21:16:15.143326 np0000155692 devstack@neutron-api.service[103256]: DEBUG neutron.api.rpc.handlers.resources_rpc [None req-2556d7a8-37ed-4848-a0c9-6d13a76e4a5d None None] Pushing event updated for resources: {'Port': ['ID=3cfabe59-a386-4e08-bcc7-a14b2b6e4604,revision_number=4']} {{(pid=103256) push /opt/stack/neutron/neutron/api/rpc/handlers/resources_rpc.py:237}}
Feb 16 21:16:15.148200 np0000155692 devstack@neutron-api.service[103256]: DEBUG neutron.api.rpc.callbacks.version_manager [None req-2556d7a8-37ed-4848-a0c9-6d13a76e4a5d None None] Tracked resource versions report:
Feb 16 21:16:15.148200 np0000155692 devstack@neutron-api.service[103256]: pushed versions:
Feb 16 21:16:15.148200 np0000155692 devstack@neutron-api.service[103256]: { 'AddressGroup': {'1.2'},
Feb 16 21:16:15.148200 np0000155692 devstack@neutron-api.service[103256]: 'Agent': {'1.1'},
Feb 16 21:16:15.148200 np0000155692 devstack@neutron-api.service[103256]: 'ConntrackHelper': {'1.0'},
Feb 16 21:16:15.148200 np0000155692 devstack@neutron-api.service[103256]: 'LocalIPAssociation': {'1.0'},
Feb 16 21:16:15.148200 np0000155692 devstack@neutron-api.service[103256]: 'Log': {'1.0'},
Feb 16 21:16:15.148200 np0000155692 devstack@neutron-api.service[103256]: 'NDPProxy': {'1.0'},
Feb 16 21:16:15.148200 np0000155692 devstack@neutron-api.service[103256]: 'Network': {'1.2'},
Feb 16 21:16:15.148200 np0000155692 devstack@neutron-api.service[103256]: 'Port': {'1.10'},
Feb 16 21:16:15.148200 np0000155692 devstack@neutron-api.service[103256]: 'PortForwarding': {'1.3'},
Feb 16 21:16:15.148200 np0000155692 devstack@neutron-api.service[103256]: 'QosPolicy': {'1.10'},
Feb 16 21:16:15.148200 np0000155692 devstack@neutron-api.service[103256]: 'SecurityGroup': {'1.6'},
Feb 16 21:16:15.148200 np0000155692 devstack@neutron-api.service[103256]: 'SecurityGroupRule': {'1.3'},
Feb 16 21:16:15.148200 np0000155692 devstack@neutron-api.service[103256]: 'SubPort': {'1.0'},
Feb 16 21:16:15.148200 np0000155692 devstack@neutron-api.service[103256]: 'Subnet': {'1.2'},
Feb 16 21:16:15.148200 np0000155692 devstack@neutron-api.service[103256]: 'Trunk': {'1.1'}}
Feb 16 21:16:15.148200 np0000155692 devstack@neutron-api.service[103256]: consumer versions:
Feb 16 21:16:15.148200 np0000155692 devstack@neutron-api.service[103256]: { OVN Neutron agent@np0000155692: {},
Feb 16 21:16:15.148200 np0000155692 devstack@neutron-api.service[103256]: OVN Controller Gateway agent@np0000155692: {}}
Feb 16 21:16:15.148200 np0000155692 devstack@neutron-api.service[103256]: {{(pid=103256) report /opt/stack/neutron/neutron/api/rpc/callbacks/version_manager.py:183}}
Feb 16 21:16:15.173895 np0000155692 devstack@neutron-api.service[103256]: DEBUG ovsdbapp.backend.ovs_idl.transaction [None req-31909327-143b-4e83-b282-151dfbeac85d None None] Running txn n=1 command(idx=0): DbSetCommand(_result=None, table=Logical_Switch_Port, record=3cfabe59-a386-4e08-bcc7-a14b2b6e4604, col_values=(('external_ids', {'neutron:host_id': 'np0000155692'}),), if_exists=True) {{(pid=103256) do_commit /opt/stack/data/venv/lib/python3.12/site-packages/ovsdbapp/backend/ovs_idl/transaction.py:89}}
Feb 16 21:16:15.176584 np0000155692 devstack@neutron-api.service[103256]: DEBUG neutron.plugins.ml2.drivers.ovn.mech_driver.ovsdb.ovsdb_monitor [None req-31909327-143b-4e83-b282-151dfbeac85d None None] Touching Hash Ring node "cb1f218361855170b10de96380b2291b" from IDL notify handler {{(pid=103256) notify /opt/stack/neutron/neutron/plugins/ml2/drivers/ovn/mech_driver/ovsdb/ovsdb_monitor.py:912}}
Feb 16 21:16:15.179631 np0000155692 devstack@neutron-api.service[103256]: DEBUG neutron.plugins.ml2.drivers.ovn.mech_driver.ovsdb.ovsdb_monitor [None req-31909327-143b-4e83-b282-151dfbeac85d None None] Hash Ring: Node cb1f218361855170b10de96380b2291b (host: np0000155692) handling event "update" for row f111bbe3-a361-413c-84e7-fd6bcd010fdd (table: Logical_Switch_Port) {{(pid=103256) notify /opt/stack/neutron/neutron/plugins/ml2/drivers/ovn/mech_driver/ovsdb/ovsdb_monitor.py:920}}
Feb 16 21:16:15.183692 np0000155692 devstack@neutron-api.service[103257]: DEBUG neutron.plugins.ml2.drivers.ovn.mech_driver.ovsdb.ovsdb_monitor [None req-603563ff-97db-43e8-b705-03ac8a5301be None None] Hash Ring: Node 0cd4ec1847a55336a468e409fd464acb (host: np0000155692) handling event "update" for row 06239bb2-9b06-4970-a641-4b053e08e7fd (table: Port_Binding) {{(pid=103257) notify /opt/stack/neutron/neutron/plugins/ml2/drivers/ovn/mech_driver/ovsdb/ovsdb_monitor.py:920}}
Feb 16 21:16:15.712210 np0000155692 devstack@neutron-api.service[103254]: DEBUG neutron.pecan_wsgi.hooks.policy_enforcement [None req-bdf37f49-1bdb-4089-a344-ba5b252e7fda service neutron] Attributes excluded by policy engine: ['standard_attr_id', 'shared'] {{(pid=103254) _exclude_attributes_by_policy /opt/stack/neutron/neutron/pecan_wsgi/hooks/policy_enforcement.py:258}}
Feb 16 21:16:15.712985 np0000155692 devstack@neutron-api.service[103254]: [pid: 103254|app: 0|req: 26/105] 162.253.55.12 () {64 vars in 1360 bytes} [Mon Feb 16 21:16:15 2026] GET /networking/v2.0/subnets/a241d689-73c3-4234-9009-a3a66681754b => generated 625 bytes in 24 msecs (HTTP/1.1 200) 4 headers in 157 bytes (1 switches on core 0)
Feb 16 21:16:16.587792 np0000155692 devstack@neutron-api.service[103256]: DEBUG neutron.pecan_wsgi.hooks.policy_enforcement [None req-16f80472-bc00-4460-b8ba-4859876b8898 service neutron] Attributes excluded by policy engine: ['standard_attr_id'] {{(pid=103256) _exclude_attributes_by_policy /opt/stack/neutron/neutron/pecan_wsgi/hooks/policy_enforcement.py:258}}
Feb 16 21:16:16.588466 np0000155692 devstack@neutron-api.service[103256]: [pid: 103256|app: 0|req: 28/106] 162.253.55.12 () {64 vars in 1362 bytes} [Mon Feb 16 21:16:16 2026] GET /networking/v2.0/ports?device_id=manila-admin-share&binding%3Ahost_id=np0000155692 => generated 931 bytes in 43 msecs (HTTP/1.1 200) 4 headers in 157 bytes (1 switches on core 0)
Feb 16 21:16:17.121977 np0000155692 devstack@neutron-api.service[103257]: DEBUG neutron.pecan_wsgi.hooks.policy_enforcement [None req-e2661f04-e0b1-48a8-a0e2-2ba63d89e947 service neutron] Attributes excluded by policy engine: ['standard_attr_id', 'shared'] {{(pid=103257) _exclude_attributes_by_policy /opt/stack/neutron/neutron/pecan_wsgi/hooks/policy_enforcement.py:258}}
Feb 16 21:16:17.122640 np0000155692 devstack@neutron-api.service[103257]: [pid: 103257|app: 0|req: 27/107] 162.253.55.12 () {64 vars in 1360 bytes} [Mon Feb 16 21:16:17 2026] GET /networking/v2.0/subnets/a241d689-73c3-4234-9009-a3a66681754b => generated 625 bytes in 46 msecs (HTTP/1.1 200) 4 headers in 157 bytes (2 switches on core 0)
Feb 16 21:16:20.821276 np0000155692 devstack@neutron-api.service[103256]: DEBUG futurist.periodics [-] Submitting periodic callback 'neutron.plugins.ml2.drivers.ovn.mech_driver.ovsdb.maintenance.HashRingHealthCheckPeriodics.touch_hash_ring_node' {{(pid=103256) _process_scheduled /opt/stack/data/venv/lib/python3.12/site-packages/futurist/periodics.py:638}}
Feb 16 21:16:20.822683 np0000155692 devstack@neutron-api.service[103256]: DEBUG neutron.plugins.ml2.drivers.ovn.mech_driver.ovsdb.maintenance [-] Touching Hash Ring node "cb1f218361855170b10de96380b2291b" from periodic health check thread {{(pid=103256) touch_hash_ring_node /opt/stack/neutron/neutron/plugins/ml2/drivers/ovn/mech_driver/ovsdb/maintenance.py:1135}}
Feb 16 21:16:21.607505 np0000155692 devstack@neutron-api.service[103257]: DEBUG futurist.periodics [-] Submitting periodic callback 'neutron.plugins.ml2.drivers.ovn.mech_driver.ovsdb.maintenance.HashRingHealthCheckPeriodics.touch_hash_ring_node' {{(pid=103257) _process_scheduled /opt/stack/data/venv/lib/python3.12/site-packages/futurist/periodics.py:638}}
Feb 16 21:16:21.608706 np0000155692 devstack@neutron-api.service[103257]: DEBUG neutron.plugins.ml2.drivers.ovn.mech_driver.ovsdb.maintenance [-] Touching Hash Ring node "0cd4ec1847a55336a468e409fd464acb" from periodic health check thread {{(pid=103257) touch_hash_ring_node /opt/stack/neutron/neutron/plugins/ml2/drivers/ovn/mech_driver/ovsdb/maintenance.py:1135}}
Feb 16 21:16:21.666162 np0000155692 devstack@neutron-api.service[103254]: DEBUG futurist.periodics [-] Submitting periodic callback 'neutron.plugins.ml2.drivers.ovn.mech_driver.ovsdb.maintenance.HashRingHealthCheckPeriodics.touch_hash_ring_node' {{(pid=103254) _process_scheduled /opt/stack/data/venv/lib/python3.12/site-packages/futurist/periodics.py:638}}
Feb 16 21:16:21.667159 np0000155692 devstack@neutron-api.service[103254]: DEBUG neutron.plugins.ml2.drivers.ovn.mech_driver.ovsdb.maintenance [-] Touching Hash Ring node "b103c259067053e1b611fe15a91913c8" from periodic health check thread {{(pid=103254) touch_hash_ring_node /opt/stack/neutron/neutron/plugins/ml2/drivers/ovn/mech_driver/ovsdb/maintenance.py:1135}}
Feb 16 21:16:21.758532 np0000155692 devstack@neutron-api.service[103255]: DEBUG futurist.periodics [-] Submitting periodic callback 'neutron.plugins.ml2.drivers.ovn.mech_driver.ovsdb.maintenance.HashRingHealthCheckPeriodics.touch_hash_ring_node' {{(pid=103255) _process_scheduled /opt/stack/data/venv/lib/python3.12/site-packages/futurist/periodics.py:638}}
Feb 16 21:16:21.759716 np0000155692 devstack@neutron-api.service[103255]: DEBUG neutron.plugins.ml2.drivers.ovn.mech_driver.ovsdb.maintenance [-] Touching Hash Ring node "fe9d8a2923545258a32d13bc05f409bc" from periodic health check thread {{(pid=103255) touch_hash_ring_node /opt/stack/neutron/neutron/plugins/ml2/drivers/ovn/mech_driver/ovsdb/maintenance.py:1135}}
Feb 16 21:16:30.494688 np0000155692 devstack@neutron-api.service[103255]: DEBUG neutron.pecan_wsgi.hooks.policy_enforcement [None req-a21ed0a5-5a11-46b3-889c-0d1361a32d05 demo demo] Attributes excluded by policy engine: ['standard_attr_id', 'provider:network_type', 'provider:physical_network', 'provider:segmentation_id'] {{(pid=103255) _exclude_attributes_by_policy /opt/stack/neutron/neutron/pecan_wsgi/hooks/policy_enforcement.py:258}}
Feb 16 21:16:30.495505 np0000155692 devstack@neutron-api.service[103255]: [pid: 103255|app: 0|req: 27/108] 162.253.55.12 () {64 vars in 1297 bytes} [Mon Feb 16 21:16:30 2026] GET /networking/v2.0/networks?router%3Aexternal=True => generated 659 bytes in 56 msecs (HTTP/1.1 200) 4 headers in 157 bytes (1 switches on core 0)
Feb 16 21:16:30.832630 np0000155692 devstack@neutron-api.service[103256]: DEBUG dbcounter [-] [103256] Writing DB stats neutron:UPDATE=20,neutron:SELECT=151,neutron:DELETE=1 {{(pid=103256) stat_writer /opt/stack/data/venv/lib/python3.12/site-packages/dbcounter.py:115}}
Feb 16 21:16:31.620093 np0000155692 devstack@neutron-api.service[103257]: DEBUG dbcounter [-] [103257] Writing DB stats neutron:SELECT=279,neutron:UPDATE=12,neutron:INSERT=12,neutron:DELETE=2 {{(pid=103257) stat_writer /opt/stack/data/venv/lib/python3.12/site-packages/dbcounter.py:115}}
Feb 16 21:16:31.675908 np0000155692 devstack@neutron-api.service[103254]: DEBUG dbcounter [-] [103254] Writing DB stats neutron:UPDATE=19,neutron:SELECT=197,neutron:INSERT=29,neutron:DELETE=2 {{(pid=103254) stat_writer /opt/stack/data/venv/lib/python3.12/site-packages/dbcounter.py:115}}
Feb 16 21:16:35.822981 np0000155692 devstack@neutron-api.service[103256]: DEBUG futurist.periodics [-] Submitting periodic callback 'neutron.plugins.ml2.drivers.ovn.mech_driver.ovsdb.maintenance.HashRingHealthCheckPeriodics.touch_hash_ring_node' {{(pid=103256) _process_scheduled /opt/stack/data/venv/lib/python3.12/site-packages/futurist/periodics.py:638}}
Feb 16 21:16:35.824182 np0000155692 devstack@neutron-api.service[103256]: DEBUG neutron.plugins.ml2.drivers.ovn.mech_driver.ovsdb.maintenance [-] Touching Hash Ring node "cb1f218361855170b10de96380b2291b" from periodic health check thread {{(pid=103256) touch_hash_ring_node /opt/stack/neutron/neutron/plugins/ml2/drivers/ovn/mech_driver/ovsdb/maintenance.py:1135}}
Feb 16 21:16:36.608653 np0000155692 devstack@neutron-api.service[103257]: DEBUG futurist.periodics [-] Submitting periodic callback 'neutron.plugins.ml2.drivers.ovn.mech_driver.ovsdb.maintenance.HashRingHealthCheckPeriodics.touch_hash_ring_node' {{(pid=103257) _process_scheduled /opt/stack/data/venv/lib/python3.12/site-packages/futurist/periodics.py:638}}
Feb 16 21:16:36.610254 np0000155692 devstack@neutron-api.service[103257]: DEBUG neutron.plugins.ml2.drivers.ovn.mech_driver.ovsdb.maintenance [-] Touching Hash Ring node "0cd4ec1847a55336a468e409fd464acb" from periodic health check thread {{(pid=103257) touch_hash_ring_node /opt/stack/neutron/neutron/plugins/ml2/drivers/ovn/mech_driver/ovsdb/maintenance.py:1135}}
Feb 16 21:16:36.633077 np0000155692 devstack@neutron-api.service[103254]: DEBUG neutron.pecan_wsgi.hooks.policy_enforcement [None req-6b2239fb-a4cb-47c9-a48c-828e2428d6c5 demo demo] Attributes excluded by policy engine: ['standard_attr_id', 'provider:network_type', 'provider:physical_network', 'provider:segmentation_id'] {{(pid=103254) _exclude_attributes_by_policy /opt/stack/neutron/neutron/pecan_wsgi/hooks/policy_enforcement.py:258}}
Feb 16 21:16:36.634184 np0000155692 devstack@neutron-api.service[103254]: [pid: 103254|app: 0|req: 27/109] 162.253.55.12 () {64 vars in 1297 bytes} [Mon Feb 16 21:16:36 2026] GET /networking/v2.0/networks?router%3Aexternal=True => generated 659 bytes in 52 msecs (HTTP/1.1 200) 4 headers in 157 bytes (1 switches on core 0)
Feb 16 21:16:36.667367 np0000155692 devstack@neutron-api.service[103254]: DEBUG futurist.periodics [-] Submitting periodic callback 'neutron.plugins.ml2.drivers.ovn.mech_driver.ovsdb.maintenance.HashRingHealthCheckPeriodics.touch_hash_ring_node' {{(pid=103254) _process_scheduled /opt/stack/data/venv/lib/python3.12/site-packages/futurist/periodics.py:638}}
Feb 16 21:16:36.669154 np0000155692 devstack@neutron-api.service[103254]: DEBUG neutron.plugins.ml2.drivers.ovn.mech_driver.ovsdb.maintenance [-] Touching Hash Ring node "b103c259067053e1b611fe15a91913c8" from periodic health check thread {{(pid=103254) touch_hash_ring_node /opt/stack/neutron/neutron/plugins/ml2/drivers/ovn/mech_driver/ovsdb/maintenance.py:1135}}
Feb 16 21:16:36.759817 np0000155692 devstack@neutron-api.service[103255]: DEBUG futurist.periodics [-] Submitting periodic callback 'neutron.plugins.ml2.drivers.ovn.mech_driver.ovsdb.maintenance.HashRingHealthCheckPeriodics.touch_hash_ring_node' {{(pid=103255) _process_scheduled /opt/stack/data/venv/lib/python3.12/site-packages/futurist/periodics.py:638}}
Feb 16 21:16:36.760806 np0000155692 devstack@neutron-api.service[103255]: DEBUG neutron.plugins.ml2.drivers.ovn.mech_driver.ovsdb.maintenance [-] Touching Hash Ring node "fe9d8a2923545258a32d13bc05f409bc" from periodic health check thread {{(pid=103255) touch_hash_ring_node /opt/stack/neutron/neutron/plugins/ml2/drivers/ovn/mech_driver/ovsdb/maintenance.py:1135}}
Feb 16 21:16:45.959549 np0000155692 devstack@neutron-api.service[103256]: DEBUG dbcounter [-] [103256] Writing DB stats neutron:UPDATE=1,neutron:SELECT=1 {{(pid=103256) stat_writer /opt/stack/data/venv/lib/python3.12/site-packages/dbcounter.py:115}}
Feb 16 21:16:46.861840 np0000155692 devstack@neutron-api.service[103257]: DEBUG dbcounter [-] [103257] Writing DB stats neutron:UPDATE=1,neutron:SELECT=1 {{(pid=103257) stat_writer /opt/stack/data/venv/lib/python3.12/site-packages/dbcounter.py:115}}
Feb 16 21:16:46.889383 np0000155692 devstack@neutron-api.service[103255]: DEBUG dbcounter [-] [103255] Writing DB stats neutron:SELECT=201,neutron:UPDATE=13,neutron:INSERT=11,neutron:DELETE=2 {{(pid=103255) stat_writer /opt/stack/data/venv/lib/python3.12/site-packages/dbcounter.py:115}}
Feb 16 21:16:46.890552 np0000155692 devstack@neutron-api.service[103254]: DEBUG dbcounter [-] [103254] Writing DB stats neutron:SELECT=18,neutron:UPDATE=1 {{(pid=103254) stat_writer /opt/stack/data/venv/lib/python3.12/site-packages/dbcounter.py:115}}
Feb 16 21:16:50.824482 np0000155692 devstack@neutron-api.service[103256]: DEBUG futurist.periodics [-] Submitting periodic callback 'neutron.plugins.ml2.drivers.ovn.mech_driver.ovsdb.maintenance.HashRingHealthCheckPeriodics.touch_hash_ring_node' {{(pid=103256) _process_scheduled /opt/stack/data/venv/lib/python3.12/site-packages/futurist/periodics.py:638}}
Feb 16 21:16:50.825791 np0000155692 devstack@neutron-api.service[103256]: DEBUG neutron.plugins.ml2.drivers.ovn.mech_driver.ovsdb.maintenance [-] Touching Hash Ring node "cb1f218361855170b10de96380b2291b" from periodic health check thread {{(pid=103256) touch_hash_ring_node /opt/stack/neutron/neutron/plugins/ml2/drivers/ovn/mech_driver/ovsdb/maintenance.py:1135}}
Feb 16 21:16:51.610815 np0000155692 devstack@neutron-api.service[103257]: DEBUG futurist.periodics [-] Submitting periodic callback 'neutron.plugins.ml2.drivers.ovn.mech_driver.ovsdb.maintenance.HashRingHealthCheckPeriodics.touch_hash_ring_node' {{(pid=103257) _process_scheduled /opt/stack/data/venv/lib/python3.12/site-packages/futurist/periodics.py:638}}
Feb 16 21:16:51.612166 np0000155692 devstack@neutron-api.service[103257]: DEBUG neutron.plugins.ml2.drivers.ovn.mech_driver.ovsdb.maintenance [-] Touching Hash Ring node "0cd4ec1847a55336a468e409fd464acb" from periodic health check thread {{(pid=103257) touch_hash_ring_node /opt/stack/neutron/neutron/plugins/ml2/drivers/ovn/mech_driver/ovsdb/maintenance.py:1135}}
Feb 16 21:16:51.669329 np0000155692 devstack@neutron-api.service[103254]: DEBUG futurist.periodics [-] Submitting periodic callback 'neutron.plugins.ml2.drivers.ovn.mech_driver.ovsdb.maintenance.HashRingHealthCheckPeriodics.touch_hash_ring_node' {{(pid=103254) _process_scheduled /opt/stack/data/venv/lib/python3.12/site-packages/futurist/periodics.py:638}}
