2026-04-21 18:34:56.869 9 INFO neutron.services.segments.plugin [-] Segment 95368aa3-97f3-45fe-a73a-907baeb86565 resource provider not found; error: Placement Client Error (4xx): {"errors": [{"status": 404, "title": "Not Found", "detail": "The resource could not be found.\n\n No resource provider with uuid 95368aa3-97f3-45fe-a73a-907baeb86565 found for delete ", "request_id": "req-c1c6b614-0946-4344-ba57-b1e6ab6822a2"}]} /var/lib/openstack/lib/python3.10/site-packages/pycadf/identifier.py:71: UserWarning: Invalid uuid: neutron. To ensure interoperability, identifiers should be a valid uuid. warnings.warn(('Invalid uuid: %s. To ensure interoperability, '
2026-04-21 18:34:56.885 10 WARNING neutron_lib.context [None req-4cbe5e27-3a57-486c-88df-c39d1dad5dad 62be1e0a2c05481ea1726b83ef2adce3 e7c270a5e362473bb83ca7d0c02e2481 - - default default] Method 'is_advsvc' is deprecated since 2023.2 release (neutron-lib 3.8.0) and will be removed once support for the old RBAC API policies will be removed from Neutron. Please use method 'is_service_role' instead.
2026-04-21 18:34:56.929 10 INFO neutron.wsgi [None req-83c8f240-1633-483a-8ed3-290cb0459ec9 5fa4981658244d4a81258b181d3c3c93 6d746823fea64642ad4988c9be4e1780 - - default default] 10.0.0.179 "GET /v2.0/routers/70ee06e0-e56f-47e1-bbbb-020810f86873 HTTP/1.1" status: 200 len: 1158 time: 0.1380122
2026-04-21 18:34:56.956 9 INFO neutron.wsgi [None req-756b1937-ebac-41ef-b4f7-b80c5cc1f5fe 5fa4981658244d4a81258b181d3c3c93 6d746823fea64642ad4988c9be4e1780 - - default default] 10.0.0.179 "GET /v2.0/ports?device_id=70ee06e0-e56f-47e1-bbbb-020810f86873 HTTP/1.1" status: 200 len: 205 time: 0.0203669
2026-04-21 18:34:57.010 10 INFO neutron.db.segments_db [None req-4cbe5e27-3a57-486c-88df-c39d1dad5dad 62be1e0a2c05481ea1726b83ef2adce3 e7c270a5e362473bb83ca7d0c02e2481 - - default default] Added segment 8d6312c0-d789-4df5-bbaa-49a733911404 of type geneve for network 64a2663e-1a62-4423-8ffb-b3d92732e0c9
2026-04-21 18:34:57.251 10 INFO neutron.db.ovn_revision_numbers_db [None req-4cbe5e27-3a57-486c-88df-c39d1dad5dad 62be1e0a2c05481ea1726b83ef2adce3 e7c270a5e362473bb83ca7d0c02e2481 - - default default] Successfully bumped revision number for resource 64a2663e-1a62-4423-8ffb-b3d92732e0c9 (type: networks) to 1
2026-04-21 18:34:57.507 10 WARNING neutron.scheduler.dhcp_agent_scheduler [None req-4cbe5e27-3a57-486c-88df-c39d1dad5dad 62be1e0a2c05481ea1726b83ef2adce3 e7c270a5e362473bb83ca7d0c02e2481 - - default default] No more DHCP agents
2026-04-21 18:34:57.511 10 WARNING neutron.api.rpc.agentnotifiers.dhcp_rpc_agent_api [None req-4cbe5e27-3a57-486c-88df-c39d1dad5dad 62be1e0a2c05481ea1726b83ef2adce3 e7c270a5e362473bb83ca7d0c02e2481 - - default default] Unable to schedule network 64a2663e-1a62-4423-8ffb-b3d92732e0c9: no agents available; will retry on subsequent port and subnet creation events.
2026-04-21 18:34:57.665 10 INFO neutron.db.ovn_revision_numbers_db [None req-4cbe5e27-3a57-486c-88df-c39d1dad5dad 62be1e0a2c05481ea1726b83ef2adce3 e7c270a5e362473bb83ca7d0c02e2481 - - default default] Successfully bumped revision number for resource 17379f6d-1eb8-43a8-ad3a-53bd1ca43cc0 (type: ports) to 1
2026-04-21 18:34:57.710 10 INFO neutron.wsgi [None req-52edbfbe-c53f-4ba5-8cb3-745714bc0927 91ab9bc0ae8c40668f3e59ccea538435 d6b0efab0ffe4dbd9576de32088e19ef - - default default] 10.0.0.179 "PUT /v2.0/routers/9b1e3942-c6f9-45f8-b8a9-7bbfe96173ad/remove_router_interface HTTP/1.1" status: 200 len: 503 time: 1.0540023 /var/lib/openstack/lib/python3.10/site-packages/pycadf/identifier.py:71: UserWarning: Invalid uuid: neutron. To ensure interoperability, identifiers should be a valid uuid. warnings.warn(('Invalid uuid: %s. To ensure interoperability, '
2026-04-21 18:34:57.742 10 INFO neutron.wsgi [None req-4cbe5e27-3a57-486c-88df-c39d1dad5dad 62be1e0a2c05481ea1726b83ef2adce3 e7c270a5e362473bb83ca7d0c02e2481 - - default default] 10.0.0.179 "POST /v2.0/networks HTTP/1.1" status: 201 len: 831 time: 0.8646989
2026-04-21 18:34:57.769 10 WARNING neutron_lib.context [None req-a234a245-8535-49c4-829a-e3cae8c63adf 62be1e0a2c05481ea1726b83ef2adce3 e7c270a5e362473bb83ca7d0c02e2481 - - default default] Method 'is_advsvc' is deprecated since 2023.2 release (neutron-lib 3.8.0) and will be removed once support for the old RBAC API policies will be removed from Neutron. Please use method 'is_service_role' instead.
2026-04-21 18:34:57.815 10 INFO neutron.api.v2.resource [None req-b54ce09d-f93c-4197-890e-c285fc757ffa 91ab9bc0ae8c40668f3e59ccea538435 d6b0efab0ffe4dbd9576de32088e19ef - - default default] remove_router_interface failed (client error): The resource could not be found.
2026-04-21 18:34:57.816 10 INFO neutron.wsgi [None req-b54ce09d-f93c-4197-890e-c285fc757ffa 91ab9bc0ae8c40668f3e59ccea538435 d6b0efab0ffe4dbd9576de32088e19ef - - default default] 10.0.0.179 "PUT /v2.0/routers/9b1e3942-c6f9-45f8-b8a9-7bbfe96173ad/remove_router_interface HTTP/1.1" status: 404 len: 398 time: 0.1001275
2026-04-21 18:34:57.847 10 INFO neutron.wsgi [None req-62278490-72b6-45c3-af1b-2e1e2f8d9fbd 91ab9bc0ae8c40668f3e59ccea538435 d6b0efab0ffe4dbd9576de32088e19ef - - default default] 10.0.0.179 "GET /v2.0/ports?device_id=9b1e3942-c6f9-45f8-b8a9-7bbfe96173ad HTTP/1.1" status: 200 len: 205 time: 0.0216789
2026-04-21 18:34:58.033 9 INFO neutron.wsgi [None req-0243d63c-4859-4ab7-a44a-a57b75e4c315 5fa4981658244d4a81258b181d3c3c93 6d746823fea64642ad4988c9be4e1780 - - default default] 10.0.0.179 "DELETE /v2.0/routers/70ee06e0-e56f-47e1-bbbb-020810f86873 HTTP/1.1" status: 204 len: 168 time: 1.0726905
2026-04-21 18:34:58.058 9 INFO neutron.wsgi [None req-ec6a35f7-c805-4ab0-a131-3f5bdd22ccf7 5fa4981658244d4a81258b181d3c3c93 6d746823fea64642ad4988c9be4e1780 - - default default] 10.0.0.179 "GET /v2.0/ports?device_id=70ee06e0-e56f-47e1-bbbb-020810f86873 HTTP/1.1" status: 200 len: 205 time: 0.0173144
2026-04-21 18:34:58.084 9 INFO neutron.api.v2.resource [None req-4de61953-054c-497e-afc9-7560cd5603a9 5fa4981658244d4a81258b181d3c3c93 6d746823fea64642ad4988c9be4e1780 - - default default] delete failed (client error): The resource could not be found.
2026-04-21 18:34:58.085 9 INFO neutron.wsgi [None req-4de61953-054c-497e-afc9-7560cd5603a9 5fa4981658244d4a81258b181d3c3c93 6d746823fea64642ad4988c9be4e1780 - - default default] 10.0.0.179 "DELETE /v2.0/routers/70ee06e0-e56f-47e1-bbbb-020810f86873 HTTP/1.1" status: 404 len: 336 time: 0.0215306
2026-04-21 18:34:58.110 9 INFO neutron.wsgi [None req-486371af-762c-486a-ba81-a404ad9c685b 5fa4981658244d4a81258b181d3c3c93 6d746823fea64642ad4988c9be4e1780 - - default default] 10.0.0.179 "GET /v2.0/ports?device_id=ff4c7ba8-0417-40cb-a7e2-c3764971ce3c HTTP/1.1" status: 200 len: 205 time: 0.0183084
2026-04-21 18:34:58.136 9 INFO neutron.api.v2.resource [None req-876cd6e2-db74-473b-a2e3-f8a015abab66 5fa4981658244d4a81258b181d3c3c93 6d746823fea64642ad4988c9be4e1780 - - default default] delete failed (client error): The resource could not be found.
2026-04-21 18:34:58.137 9 INFO neutron.wsgi [None req-876cd6e2-db74-473b-a2e3-f8a015abab66 5fa4981658244d4a81258b181d3c3c93 6d746823fea64642ad4988c9be4e1780 - - default default] 10.0.0.179 "DELETE /v2.0/routers/ff4c7ba8-0417-40cb-a7e2-c3764971ce3c HTTP/1.1" status: 404 len: 336 time: 0.0220275
2026-04-21 18:34:58.155 9 INFO neutron.pecan_wsgi.hooks.translation [None req-c1cffcfa-31f2-4d50-bd09-3c9320643592 5fa4981658244d4a81258b181d3c3c93 6d746823fea64642ad4988c9be4e1780 - - default default] DELETE failed (client error): The resource could not be found.
2026-04-21 18:34:58.157 9 INFO neutron.wsgi [None req-c1cffcfa-31f2-4d50-bd09-3c9320643592 5fa4981658244d4a81258b181d3c3c93 6d746823fea64642ad4988c9be4e1780 - - default default] 10.0.0.179 "DELETE /v2.0/subnets/83b8609d-7f69-4ba6-a62c-944466affacd HTTP/1.1" status: 404 len: 337 time: 0.0155540
2026-04-21 18:34:58.181 9 INFO neutron.wsgi [None req-ced2b137-508a-45b9-873a-fd99e62fde14 5fa4981658244d4a81258b181d3c3c93 6d746823fea64642ad4988c9be4e1780 - - default default] 10.0.0.179 "GET /v2.0/ports?device_id=89ff6abf-7e67-4b0a-b5c8-7190b7584ef0 HTTP/1.1" status: 200 len: 205 time: 0.0191329
2026-04-21 18:34:58.208 9 INFO neutron.api.v2.resource [None req-6ba42b1a-2092-4c18-adf6-d6cc46d8eef7 5fa4981658244d4a81258b181d3c3c93 6d746823fea64642ad4988c9be4e1780 - - default default] delete failed (client error): The resource could not be found.
2026-04-21 18:34:58.209 10 INFO neutron.wsgi [None req-62085549-8854-440f-8579-7a7fc1cde180 91ab9bc0ae8c40668f3e59ccea538435 d6b0efab0ffe4dbd9576de32088e19ef - - default default] 10.0.0.179 "DELETE /v2.0/routers/9b1e3942-c6f9-45f8-b8a9-7bbfe96173ad HTTP/1.1" status: 204 len: 168 time: 0.3580472
2026-04-21 18:34:58.210 9 INFO neutron.wsgi [None req-6ba42b1a-2092-4c18-adf6-d6cc46d8eef7 5fa4981658244d4a81258b181d3c3c93 6d746823fea64642ad4988c9be4e1780 - - default default] 10.0.0.179 "DELETE /v2.0/routers/89ff6abf-7e67-4b0a-b5c8-7190b7584ef0 HTTP/1.1" status: 404 len: 336 time: 0.0227470
2026-04-21 18:34:58.246 10 INFO neutron.pecan_wsgi.hooks.translation [None req-1f6b8376-e497-414d-936e-88136a0ecfd7 5fa4981658244d4a81258b181d3c3c93 6d746823fea64642ad4988c9be4e1780 - - default default] DELETE failed (client error): The resource could not be found.
2026-04-21 18:34:58.250 10 INFO neutron.wsgi [None req-1f6b8376-e497-414d-936e-88136a0ecfd7 5fa4981658244d4a81258b181d3c3c93 6d746823fea64642ad4988c9be4e1780 - - default default] 10.0.0.179 "DELETE /v2.0/subnets/84048399-bcbb-4e63-a0d4-e1ff64a36581 HTTP/1.1" status: 404 len: 337 time: 0.0321505
2026-04-21 18:34:58.275 10 WARNING neutron.scheduler.dhcp_agent_scheduler [None req-a234a245-8535-49c4-829a-e3cae8c63adf 62be1e0a2c05481ea1726b83ef2adce3 e7c270a5e362473bb83ca7d0c02e2481 - - default default] No more DHCP agents
2026-04-21 18:34:58.277 10 WARNING neutron.api.rpc.agentnotifiers.dhcp_rpc_agent_api [None req-a234a245-8535-49c4-829a-e3cae8c63adf 62be1e0a2c05481ea1726b83ef2adce3 e7c270a5e362473bb83ca7d0c02e2481 - - default default] Unable to schedule network 64a2663e-1a62-4423-8ffb-b3d92732e0c9: no agents available; will retry on subsequent port and subnet creation events.
2026-04-21 18:34:58.279 9 INFO neutron.wsgi [None req-2e0a6ab1-7813-4dd5-9cf2-d38bc96c029f 5fa4981658244d4a81258b181d3c3c93 6d746823fea64642ad4988c9be4e1780 - - default default] 10.0.0.179 "GET /v2.0/ports?device_id=ab0cb794-2cbf-450a-8bd1-c6aea16a40da HTTP/1.1" status: 200 len: 205 time: 0.0236881
2026-04-21 18:34:58.316 9 INFO neutron.api.v2.resource [None req-16e5969d-c537-4edc-82a8-f37f55ea7fb9 5fa4981658244d4a81258b181d3c3c93 6d746823fea64642ad4988c9be4e1780 - - default default] delete failed (client error): The resource could not be found.
2026-04-21 18:34:58.318 9 INFO neutron.wsgi [None req-16e5969d-c537-4edc-82a8-f37f55ea7fb9 5fa4981658244d4a81258b181d3c3c93 6d746823fea64642ad4988c9be4e1780 - - default default] 10.0.0.179 "DELETE /v2.0/routers/ab0cb794-2cbf-450a-8bd1-c6aea16a40da HTTP/1.1" status: 404 len: 336 time: 0.0301545
2026-04-21 18:34:58.344 9 INFO neutron.pecan_wsgi.hooks.translation [None req-1b9182f8-673c-4d39-a869-658c78ba62e5 5fa4981658244d4a81258b181d3c3c93 6d746823fea64642ad4988c9be4e1780 - - default default] DELETE failed (client error): The resource could not be found.
2026-04-21 18:34:58.346 9 INFO neutron.wsgi [None req-1b9182f8-673c-4d39-a869-658c78ba62e5 5fa4981658244d4a81258b181d3c3c93 6d746823fea64642ad4988c9be4e1780 - - default default] 10.0.0.179 "DELETE /v2.0/subnets/a2906461-3170-433f-93a9-2fbfb1e099d4 HTTP/1.1" status: 404 len: 337 time: 0.0233810
2026-04-21 18:34:58.368 9 INFO neutron.pecan_wsgi.hooks.translation [None req-5a645e83-f335-49d0-b5e7-7cb4453dd250 5fa4981658244d4a81258b181d3c3c93 6d746823fea64642ad4988c9be4e1780 - - default default] DELETE failed (client error): The resource could not be found.
2026-04-21 18:34:58.371 9 INFO neutron.wsgi [None req-5a645e83-f335-49d0-b5e7-7cb4453dd250 5fa4981658244d4a81258b181d3c3c93 6d746823fea64642ad4988c9be4e1780 - - default default] 10.0.0.179 "DELETE /v2.0/subnets/8cb17f16-01bc-4109-9826-54a6c30f8761 HTTP/1.1" status: 404 len: 337 time: 0.0173597
2026-04-21 18:34:58.485 9 INFO neutron.wsgi [None req-a68a4023-12e8-4981-b243-7a8dc22c66bc 91ab9bc0ae8c40668f3e59ccea538435 d6b0efab0ffe4dbd9576de32088e19ef - - default default] 10.0.0.179 "DELETE /v2.0/subnets/2b08adfc-ce0b-4a49-a25c-5330b3189bd0 HTTP/1.1" status: 204 len: 168 time: 0.2679973
2026-04-21 18:34:58.887 9 INFO neutron.services.segments.plugin [-] Segment 00aa01eb-7796-4695-b13f-ed46fe7a4968 resource provider aggregate not found
2026-04-21 18:34:58.893 9 INFO neutron.services.segments.plugin [-] Segment 00aa01eb-7796-4695-b13f-ed46fe7a4968 resource provider aggregate not found
2026-04-21 18:34:58.908 9 INFO neutron.wsgi [None req-f6a03d90-5abe-41fa-8e30-2729dcb78581 91ab9bc0ae8c40668f3e59ccea538435 d6b0efab0ffe4dbd9576de32088e19ef - - default default] 10.0.0.179 "DELETE /v2.0/networks/6369ad0e-e0ad-41c7-9033-575acae6c8cb HTTP/1.1" status: 204 len: 168 time: 0.4167731
2026-04-21 18:34:58.910 9 INFO neutron.services.segments.plugin [-] Segment 00aa01eb-7796-4695-b13f-ed46fe7a4968 resource provider not found; error: Placement Client Error (4xx): {"errors": [{"status": 404, "title": "Not Found", "detail": "The resource could not be found.\n\n No resource provider with uuid 00aa01eb-7796-4695-b13f-ed46fe7a4968 found for delete ", "request_id": "req-4efb3924-e303-494c-869a-636a546fe6ae"}]}
2026-04-21 18:34:58.921 9 WARNING neutron_lib.context [None req-7ca32217-ecb2-4e04-a7f1-69a9636a5a8a 91ab9bc0ae8c40668f3e59ccea538435 d6b0efab0ffe4dbd9576de32088e19ef - - default default] Method 'is_advsvc' is deprecated since 2023.2 release (neutron-lib 3.8.0) and will be removed once support for the old RBAC API policies will be removed from Neutron. Please use method 'is_service_role' instead.
2026-04-21 18:34:58.927 9 INFO neutron.services.segments.plugin [-] Segment 00aa01eb-7796-4695-b13f-ed46fe7a4968 resource provider not found; error: Placement Client Error (4xx): {"errors": [{"status": 404, "title": "Not Found", "detail": "The resource could not be found.\n\n No resource provider with uuid 00aa01eb-7796-4695-b13f-ed46fe7a4968 found for delete ", "request_id": "req-1171ba49-e521-4641-b7f0-f6c0594cb43a"}]}
2026-04-21 18:34:59.029 9 INFO neutron.wsgi [None req-eb109666-7b4c-427c-9ff0-a95fd6d3d58e 7d27d9fb4b8745858d726b4655a75e6b 3249600bc36e45c48692e41a8e6710f4 - - default default] 10.0.0.179 "GET /v2.0/security-groups?tenant_id=6d746823fea64642ad4988c9be4e1780&name=default HTTP/1.1" status: 200 len: 3120 time: 0.1789424
2026-04-21 18:34:59.036 9 WARNING neutron_lib.context [None req-5e314264-4093-40e4-a6ae-68e671710a20 d8a8ab534c29431d999797af646250e3 576e206f1b8142cc983a70daf7e76fa8 - - default default] Method 'is_advsvc' is deprecated since 2023.2 release (neutron-lib 3.8.0) and will be removed once support for the old RBAC API policies will be removed from Neutron. Please use method 'is_service_role' instead.
2026-04-21 18:34:59.039 9 INFO neutron.db.segments_db [None req-7ca32217-ecb2-4e04-a7f1-69a9636a5a8a 91ab9bc0ae8c40668f3e59ccea538435 d6b0efab0ffe4dbd9576de32088e19ef - - default default] Added segment dc914607-fc05-4826-9864-6829aab883e4 of type geneve for network 09d08aaa-18c0-4326-8613-ca79689ca759
2026-04-21 18:34:59.102 10 INFO neutron.db.ovn_revision_numbers_db [None req-a234a245-8535-49c4-829a-e3cae8c63adf 62be1e0a2c05481ea1726b83ef2adce3 e7c270a5e362473bb83ca7d0c02e2481 - - default default] Successfully bumped revision number for resource 17379f6d-1eb8-43a8-ad3a-53bd1ca43cc0 (type: ports) to 2
2026-04-21 18:34:59.150 10 INFO neutron.db.ovn_revision_numbers_db [None req-a234a245-8535-49c4-829a-e3cae8c63adf 62be1e0a2c05481ea1726b83ef2adce3 e7c270a5e362473bb83ca7d0c02e2481 - - default default] Successfully bumped revision number for resource bfe56a47-df2b-4ab0-b4d0-1a1d3c01079d (type: subnets) to 0
2026-04-21 18:34:59.170 10 INFO neutron.wsgi [None req-a234a245-8535-49c4-829a-e3cae8c63adf 62be1e0a2c05481ea1726b83ef2adce3 e7c270a5e362473bb83ca7d0c02e2481 - - default default] 10.0.0.179 "POST /v2.0/subnets HTTP/1.1" status: 201 len: 801 time: 1.4074893
2026-04-21 18:34:59.182 10 WARNING neutron_lib.context [None req-311634bb-4251-467e-8334-0c587fb02225 62be1e0a2c05481ea1726b83ef2adce3 e7c270a5e362473bb83ca7d0c02e2481 - - default default] Method 'is_advsvc' is deprecated since 2023.2 release (neutron-lib 3.8.0) and will be removed once support for the old RBAC API policies will be removed from Neutron. Please use method 'is_service_role' instead.
2026-04-21 18:34:59.239 9 INFO neutron.db.ovn_revision_numbers_db [None req-7ca32217-ecb2-4e04-a7f1-69a9636a5a8a 91ab9bc0ae8c40668f3e59ccea538435 d6b0efab0ffe4dbd9576de32088e19ef - - default default] Successfully bumped revision number for resource 09d08aaa-18c0-4326-8613-ca79689ca759 (type: networks) to 1
2026-04-21 18:34:59.312 9 INFO neutron.db.ovn_revision_numbers_db [None req-5e314264-4093-40e4-a6ae-68e671710a20 d8a8ab534c29431d999797af646250e3 576e206f1b8142cc983a70daf7e76fa8 - - default default] Successfully bumped revision number for resource 81581862-010c-467e-a163-b3a933bf33d8 (type: security_groups) to 1
2026-04-21 18:34:59.342 9 INFO neutron.db.ovn_revision_numbers_db [None req-5e314264-4093-40e4-a6ae-68e671710a20 d8a8ab534c29431d999797af646250e3 576e206f1b8142cc983a70daf7e76fa8 - - default default] Successfully bumped revision number for resource 00ac7bb9-6c56-4667-a949-ee1b408ae903 (type: security_group_rules) to 0
2026-04-21 18:34:59.351 10 INFO neutron.wsgi [None req-3778961d-4d8b-45d1-8efb-ad88ed593c7d 7d27d9fb4b8745858d726b4655a75e6b 3249600bc36e45c48692e41a8e6710f4 - - default default] 10.0.0.179 "DELETE /v2.0/security-groups/759279b5-f8f1-4da7-b118-dac52cbabf58 HTTP/1.1" status: 204 len: 168 time: 0.3157139
2026-04-21 18:34:59.375 9 INFO neutron.db.ovn_revision_numbers_db [None req-5e314264-4093-40e4-a6ae-68e671710a20 d8a8ab534c29431d999797af646250e3 576e206f1b8142cc983a70daf7e76fa8 - - default default] Successfully bumped revision number for resource 32adbfe4-c996-4439-9a02-3034a397db3b (type: security_group_rules) to 0
2026-04-21 18:34:59.394 9 INFO neutron.db.ovn_revision_numbers_db [None req-5e314264-4093-40e4-a6ae-68e671710a20 d8a8ab534c29431d999797af646250e3 576e206f1b8142cc983a70daf7e76fa8 - - default default] Successfully bumped revision number for resource 93881ea2-ed69-4cd9-9fac-5afa2daa4aba (type: security_group_rules) to 0
2026-04-21 18:34:59.417 9 INFO neutron.db.ovn_revision_numbers_db [None req-5e314264-4093-40e4-a6ae-68e671710a20 d8a8ab534c29431d999797af646250e3 576e206f1b8142cc983a70daf7e76fa8 - - default default] Successfully bumped revision number for resource e537dc09-9927-4a42-8ab6-2399a46097be (type: security_group_rules) to 0
2026-04-21 18:34:59.464 9 WARNING neutron.scheduler.dhcp_agent_scheduler [None req-7ca32217-ecb2-4e04-a7f1-69a9636a5a8a 91ab9bc0ae8c40668f3e59ccea538435 d6b0efab0ffe4dbd9576de32088e19ef - - default default] No more DHCP agents
2026-04-21 18:34:59.467 9 WARNING neutron.api.rpc.agentnotifiers.dhcp_rpc_agent_api [None req-7ca32217-ecb2-4e04-a7f1-69a9636a5a8a 91ab9bc0ae8c40668f3e59ccea538435 d6b0efab0ffe4dbd9576de32088e19ef - - default default] Unable to schedule network 09d08aaa-18c0-4326-8613-ca79689ca759: no agents available; will retry on subsequent port and subnet creation events.
2026-04-21 18:34:59.503 9 INFO neutron.db.segments_db [None req-5e314264-4093-40e4-a6ae-68e671710a20 d8a8ab534c29431d999797af646250e3 576e206f1b8142cc983a70daf7e76fa8 - - default default] Added segment a28fc25b-781c-499e-a7cf-2f268d83ebf4 of type geneve for network 833805aa-dafa-4e95-bc5d-23c57592aa75
2026-04-21 18:34:59.544 10 WARNING neutron.scheduler.dhcp_agent_scheduler [None req-311634bb-4251-467e-8334-0c587fb02225 62be1e0a2c05481ea1726b83ef2adce3 e7c270a5e362473bb83ca7d0c02e2481 - - default default] No more DHCP agents
2026-04-21 18:34:59.546 10 WARNING neutron.api.rpc.agentnotifiers.dhcp_rpc_agent_api [None req-311634bb-4251-467e-8334-0c587fb02225 62be1e0a2c05481ea1726b83ef2adce3 e7c270a5e362473bb83ca7d0c02e2481 - - default default] Unable to schedule network 64a2663e-1a62-4423-8ffb-b3d92732e0c9: no agents available; will retry on subsequent port and subnet creation events.
2026-04-21 18:34:59.583 9 INFO neutron.db.ovn_revision_numbers_db [None req-7ca32217-ecb2-4e04-a7f1-69a9636a5a8a 91ab9bc0ae8c40668f3e59ccea538435 d6b0efab0ffe4dbd9576de32088e19ef - - default default] Successfully bumped revision number for resource 8e82c533-4b32-47db-a6a1-9b30f4445eb6 (type: ports) to 1
2026-04-21 18:34:59.629 9 INFO neutron.wsgi [None req-7ca32217-ecb2-4e04-a7f1-69a9636a5a8a 91ab9bc0ae8c40668f3e59ccea538435 d6b0efab0ffe4dbd9576de32088e19ef - - default default] 10.0.0.179 "POST /v2.0/networks HTTP/1.1" status: 201 len: 827 time: 0.7154381
2026-04-21 18:34:59.650 9 WARNING neutron_lib.context [None req-509f1eab-e52d-44eb-9bf9-f2da3733641c 91ab9bc0ae8c40668f3e59ccea538435 d6b0efab0ffe4dbd9576de32088e19ef - - default default] Method 'is_advsvc' is deprecated since 2023.2 release (neutron-lib 3.8.0) and will be removed once support for the old RBAC API policies will be removed from Neutron. Please use method 'is_service_role' instead.
2026-04-21 18:34:59.685 9 INFO neutron.db.ovn_revision_numbers_db [None req-5e314264-4093-40e4-a6ae-68e671710a20 d8a8ab534c29431d999797af646250e3 576e206f1b8142cc983a70daf7e76fa8 - - default default] Successfully bumped revision number for resource 833805aa-dafa-4e95-bc5d-23c57592aa75 (type: networks) to 1
2026-04-21 18:34:59.708 10 INFO neutron.db.ovn_revision_numbers_db [None req-311634bb-4251-467e-8334-0c587fb02225 62be1e0a2c05481ea1726b83ef2adce3 e7c270a5e362473bb83ca7d0c02e2481 - - default default] Successfully bumped revision number for resource b1639b4c-029a-44e6-89f9-a9f1fd9dbe3a (type: ports) to 1
2026-04-21 18:34:59.731 10 INFO neutron.wsgi [None req-311634bb-4251-467e-8334-0c587fb02225 62be1e0a2c05481ea1726b83ef2adce3 e7c270a5e362473bb83ca7d0c02e2481 - - default default] 10.0.0.179 "POST /v2.0/ports HTTP/1.1" status: 201 len: 1111 time: 0.5548034
2026-04-21 18:34:59.926 9 WARNING neutron.scheduler.dhcp_agent_scheduler [None req-5e314264-4093-40e4-a6ae-68e671710a20 d8a8ab534c29431d999797af646250e3 576e206f1b8142cc983a70daf7e76fa8 - - default default] No more DHCP agents
2026-04-21 18:34:59.930 9 WARNING neutron.api.rpc.agentnotifiers.dhcp_rpc_agent_api [None req-5e314264-4093-40e4-a6ae-68e671710a20 d8a8ab534c29431d999797af646250e3 576e206f1b8142cc983a70daf7e76fa8 - - default default] Unable to schedule network 833805aa-dafa-4e95-bc5d-23c57592aa75: no agents available; will retry on subsequent port and subnet creation events.
2026-04-21 18:34:59.969 9 WARNING neutron.scheduler.dhcp_agent_scheduler [None req-509f1eab-e52d-44eb-9bf9-f2da3733641c 91ab9bc0ae8c40668f3e59ccea538435 d6b0efab0ffe4dbd9576de32088e19ef - - default default] No more DHCP agents
2026-04-21 18:34:59.973 9 WARNING neutron.api.rpc.agentnotifiers.dhcp_rpc_agent_api [None req-509f1eab-e52d-44eb-9bf9-f2da3733641c 91ab9bc0ae8c40668f3e59ccea538435 d6b0efab0ffe4dbd9576de32088e19ef - - default default] Unable to schedule network 09d08aaa-18c0-4326-8613-ca79689ca759: no agents available; will retry on subsequent port and subnet creation events.
2026-04-21 18:35:00.038 9 INFO neutron.db.ovn_revision_numbers_db [None req-5e314264-4093-40e4-a6ae-68e671710a20 d8a8ab534c29431d999797af646250e3 576e206f1b8142cc983a70daf7e76fa8 - - default default] Successfully bumped revision number for resource c4e52d74-13c1-494a-bd90-b93f2574fb3d (type: ports) to 1
2026-04-21 18:35:00.064 9 INFO neutron.wsgi [None req-5e314264-4093-40e4-a6ae-68e671710a20 d8a8ab534c29431d999797af646250e3 576e206f1b8142cc983a70daf7e76fa8 - - default default] 10.0.0.179 "POST /v2.0/networks HTTP/1.1" status: 201 len: 832 time: 1.2252486
2026-04-21 18:35:00.077 10 WARNING neutron_lib.context [None req-ab3d583f-0fb5-471b-be7b-3d2c5735d883 d8a8ab534c29431d999797af646250e3 576e206f1b8142cc983a70daf7e76fa8 - - default default] Method 'is_advsvc' is deprecated since 2023.2 release (neutron-lib 3.8.0) and will be removed once support for the old RBAC API policies will be removed from Neutron. Please use method 'is_service_role' instead.
2026-04-21 18:35:00.166 10 INFO neutron.wsgi [None req-86ecc24c-4cb7-4b5c-9e99-46f76b50d297 62be1e0a2c05481ea1726b83ef2adce3 e7c270a5e362473bb83ca7d0c02e2481 - - default default] 10.0.0.179 "DELETE /v2.0/ports/b1639b4c-029a-44e6-89f9-a9f1fd9dbe3a HTTP/1.1" status: 204 len: 168 time: 0.4303131
2026-04-21 18:35:00.202 10 INFO neutron.pecan_wsgi.hooks.translation [None req-dca50481-350c-4104-980f-5ee3699721de 62be1e0a2c05481ea1726b83ef2adce3 e7c270a5e362473bb83ca7d0c02e2481 - - default default] GET failed (client error): The resource could not be found.
2026-04-21 18:35:00.204 10 INFO neutron.wsgi [None req-dca50481-350c-4104-980f-5ee3699721de 62be1e0a2c05481ea1726b83ef2adce3 e7c270a5e362473bb83ca7d0c02e2481 - - default default] 10.0.0.179 "GET /v2.0/ports/b1639b4c-029a-44e6-89f9-a9f1fd9dbe3a HTTP/1.1" status: 404 len: 333 time: 0.0336688
2026-04-21 18:35:00.530 9 INFO neutron.wsgi [None req-0049d6e1-2ab6-48df-aa2b-a4f2f6a777b0 62be1e0a2c05481ea1726b83ef2adce3 e7c270a5e362473bb83ca7d0c02e2481 - - default default] 10.0.0.179 "DELETE /v2.0/subnets/bfe56a47-df2b-4ab0-b4d0-1a1d3c01079d HTTP/1.1" status: 204 len: 168 time: 0.3196850
2026-04-21 18:35:00.537 10 WARNING neutron.plugins.ml2.drivers.ovn.mech_driver.ovsdb.ovn_client [None req-435794ac-8607-41e1-a6ba-fa3908c1826a - - - - - -] No port found with ID 702bd85a-26b8-43d6-97e7-379924893e9a: RuntimeError: No port found with ID 702bd85a-26b8-43d6-97e7-379924893e9a
2026-04-21 18:35:00.692 10 WARNING neutron.scheduler.dhcp_agent_scheduler [None req-ab3d583f-0fb5-471b-be7b-3d2c5735d883 d8a8ab534c29431d999797af646250e3 576e206f1b8142cc983a70daf7e76fa8 - - default default] No more DHCP agents
2026-04-21 18:35:00.693 9 INFO neutron.db.ovn_revision_numbers_db [None req-509f1eab-e52d-44eb-9bf9-f2da3733641c 91ab9bc0ae8c40668f3e59ccea538435 d6b0efab0ffe4dbd9576de32088e19ef - - default default] Successfully bumped revision number for resource 8e82c533-4b32-47db-a6a1-9b30f4445eb6 (type: ports) to 2
2026-04-21 18:35:00.694 10 WARNING neutron.api.rpc.agentnotifiers.dhcp_rpc_agent_api [None req-ab3d583f-0fb5-471b-be7b-3d2c5735d883 d8a8ab534c29431d999797af646250e3 576e206f1b8142cc983a70daf7e76fa8 - - default default] Unable to schedule network b66c8c8f-c1d8-4494-bcab-303e28d34b89: no agents available; will retry on subsequent port and subnet creation events.
2026-04-21 18:35:00.742 9 INFO neutron.db.ovn_revision_numbers_db [None req-509f1eab-e52d-44eb-9bf9-f2da3733641c 91ab9bc0ae8c40668f3e59ccea538435 d6b0efab0ffe4dbd9576de32088e19ef - - default default] Successfully bumped revision number for resource 10c9fb22-87e3-450a-91cb-3d68048108c8 (type: subnets) to 0
2026-04-21 18:35:00.762 9 INFO neutron.wsgi [None req-509f1eab-e52d-44eb-9bf9-f2da3733641c 91ab9bc0ae8c40668f3e59ccea538435 d6b0efab0ffe4dbd9576de32088e19ef - - default default] 10.0.0.179 "POST /v2.0/subnets HTTP/1.1" status: 201 len: 801 time: 1.1264312
2026-04-21 18:35:00.773 10 WARNING neutron_lib.context [None req-8bd62498-a327-4112-8af8-2e2451afeac4 91ab9bc0ae8c40668f3e59ccea538435 d6b0efab0ffe4dbd9576de32088e19ef - - default default] Method 'is_advsvc' is deprecated since 2023.2 release (neutron-lib 3.8.0) and will be removed once support for the old RBAC API policies will be removed from Neutron. Please use method 'is_service_role' instead.
2026-04-21 18:35:00.822 9 WARNING neutron.plugins.ml2.drivers.ovn.mech_driver.ovsdb.ovn_client [None req-2037f131-7951-4e35-9024-774f5bac6ef3 - - - - - -] No port found with ID 20a8dc41-f0e5-46ef-b7ca-4ae7af524814: RuntimeError: No port found with ID 20a8dc41-f0e5-46ef-b7ca-4ae7af524814
2026-04-21 18:35:00.941 10 INFO neutron.db.ovn_revision_numbers_db [None req-ab3d583f-0fb5-471b-be7b-3d2c5735d883 d8a8ab534c29431d999797af646250e3 576e206f1b8142cc983a70daf7e76fa8 - - default default] Successfully bumped revision number for resource 191a0718-2f82-4a87-85ad-7f6e6f765f9f (type: ports) to 1
2026-04-21 18:35:00.960 10 INFO neutron.db.ovn_revision_numbers_db [None req-8bd62498-a327-4112-8af8-2e2451afeac4 91ab9bc0ae8c40668f3e59ccea538435 d6b0efab0ffe4dbd9576de32088e19ef - - default default] Successfully bumped revision number for resource 27aac48f-b302-415f-ba03-fadf20b7059b (type: routers) to 1
2026-04-21 18:35:00.994 9 INFO neutron.services.segments.plugin [-] Segment 8d6312c0-d789-4df5-bbaa-49a733911404 resource provider aggregate not found
2026-04-21 18:35:00.999 9 INFO neutron.services.segments.plugin [-] Segment 8d6312c0-d789-4df5-bbaa-49a733911404 resource provider aggregate not found
2026-04-21 18:35:01.008 10 INFO neutron.wsgi [None req-8bd62498-a327-4112-8af8-2e2451afeac4 91ab9bc0ae8c40668f3e59ccea538435 d6b0efab0ffe4dbd9576de32088e19ef - - default default] 10.0.0.179 "POST /v2.0/routers HTTP/1.1" status: 201 len: 800 time: 0.2400103
2026-04-21 18:35:01.015 9 INFO neutron.services.segments.plugin [-] Segment 8d6312c0-d789-4df5-bbaa-49a733911404 resource provider not found; error: Placement Client Error (4xx): {"errors": [{"status": 404, "title": "Not Found", "detail": "The resource could not be found.\n\n No resource provider with uuid 8d6312c0-d789-4df5-bbaa-49a733911404 found for delete ", "request_id": "req-9d51d2d5-dab8-416e-9b40-8cea88d20752"}]}
2026-04-21 18:35:01.023 9 INFO neutron.services.segments.plugin [-] Segment 8d6312c0-d789-4df5-bbaa-49a733911404 resource provider not found; error: Placement Client Error (4xx): {"errors": [{"status": 404, "title": "Not Found", "detail": "The resource could not be found.\n\n No resource provider with uuid 8d6312c0-d789-4df5-bbaa-49a733911404 found for delete ", "request_id": "req-0162b337-61ea-444e-9f12-435e20a650dc"}]}
2026-04-21 18:35:01.069 9 INFO neutron.wsgi [None req-382ccc2e-d641-4c59-844b-b4cc9bd928a5 62be1e0a2c05481ea1726b83ef2adce3 e7c270a5e362473bb83ca7d0c02e2481 - - default default] 10.0.0.179 "DELETE /v2.0/networks/64a2663e-1a62-4423-8ffb-b3d92732e0c9 HTTP/1.1" status: 204 len: 168 time: 0.5342355
2026-04-21 18:35:01.111 10 WARNING neutron_lib.context [None req-305e3d53-0b34-49d3-b2be-3b18867a677c 62be1e0a2c05481ea1726b83ef2adce3 e7c270a5e362473bb83ca7d0c02e2481 - - default default] Method 'is_advsvc' is deprecated since 2023.2 release (neutron-lib 3.8.0) and will be removed once support for the old RBAC API policies will be removed from Neutron. Please use method 'is_service_role' instead.
2026-04-21 18:35:01.393 9 INFO neutron.wsgi [-] 10.0.0.171 "GET / HTTP/1.1" status: 200 len: 247 time: 0.0014296
2026-04-21 18:35:01.394 9 INFO neutron.wsgi [-] 10.0.0.171 "GET / HTTP/1.1" status: 200 len: 247 time: 0.0008862
2026-04-21 18:35:01.479 9 WARNING neutron.scheduler.dhcp_agent_scheduler [None req-f811499d-0af9-4189-ad86-b421a296871a 91ab9bc0ae8c40668f3e59ccea538435 d6b0efab0ffe4dbd9576de32088e19ef - - default default] No more DHCP agents
2026-04-21 18:35:01.481 9 WARNING neutron.api.rpc.agentnotifiers.dhcp_rpc_agent_api [None req-f811499d-0af9-4189-ad86-b421a296871a 91ab9bc0ae8c40668f3e59ccea538435 d6b0efab0ffe4dbd9576de32088e19ef - - default default] Unable to schedule network 09d08aaa-18c0-4326-8613-ca79689ca759: no agents available; will retry on subsequent port and subnet creation events.
2026-04-21 18:35:01.509 10 WARNING neutron.scheduler.dhcp_agent_scheduler [None req-305e3d53-0b34-49d3-b2be-3b18867a677c 62be1e0a2c05481ea1726b83ef2adce3 e7c270a5e362473bb83ca7d0c02e2481 - - default default] No more DHCP agents
2026-04-21 18:35:01.514 10 WARNING neutron.api.rpc.agentnotifiers.dhcp_rpc_agent_api [None req-305e3d53-0b34-49d3-b2be-3b18867a677c 62be1e0a2c05481ea1726b83ef2adce3 e7c270a5e362473bb83ca7d0c02e2481 - - default default] Unable to schedule network fceeacab-97bf-4baf-b387-9d4720dc85e5: no agents available; will retry on subsequent port and subnet creation events.
2026-04-21 18:35:01.627 10 INFO neutron.db.ovn_revision_numbers_db [None req-305e3d53-0b34-49d3-b2be-3b18867a677c 62be1e0a2c05481ea1726b83ef2adce3 e7c270a5e362473bb83ca7d0c02e2481 - - default default] Successfully bumped revision number for resource 2d940375-b2d4-4868-990f-c6a74a7b9f80 (type: ports) to 1
2026-04-21 18:35:01.634 9 INFO neutron.db.ovn_revision_numbers_db [None req-f811499d-0af9-4189-ad86-b421a296871a 91ab9bc0ae8c40668f3e59ccea538435 d6b0efab0ffe4dbd9576de32088e19ef - - default default] Successfully bumped revision number for resource 3bf580de-c1a3-4991-aba2-20b4cea404ae (type: ports) to 1
2026-04-21 18:35:01.662 10 INFO neutron.wsgi [None req-305e3d53-0b34-49d3-b2be-3b18867a677c 62be1e0a2c05481ea1726b83ef2adce3 e7c270a5e362473bb83ca7d0c02e2481 - - default default] 10.0.0.179 "POST /v2.0/ports HTTP/1.1" status: 201 len: 973 time: 0.5570586
2026-04-21 18:35:01.774 10 INFO neutron.plugins.ml2.drivers.ovn.mech_driver.ovsdb.commands [None req-7d3e5233-08e6-485d-8c5e-8ade3dffc7d4 - - - - - -] Schedule LRP lrp-191a0718-2f82-4a87-85ad-7f6e6f765f9f on gateway 09926c94-986a-4014-ad0d-ba97998c2f06 with priority 1
2026-04-21 18:35:01.784 10 INFO neutron.plugins.ml2.drivers.ovn.mech_driver.mech_driver [None req-435794ac-8607-41e1-a6ba-fa3908c1826a - - - - - -] OVN reports status up for port: 191a0718-2f82-4a87-85ad-7f6e6f765f9f
2026-04-21 18:35:01.809 10 INFO neutron.plugins.ml2.drivers.ovn.mech_driver.ovsdb.ovsdb_monitor [None req-22c8db96-7a0a-4d47-ae95-80a7e7190d6f - - - - - -] Router e21081cc-aa23-4c36-8661-12a94de50fa2 is bound to host instance
2026-04-21 18:35:01.812 10 INFO neutron.plugins.ml2.plugin [None req-435794ac-8607-41e1-a6ba-fa3908c1826a - - - - - -] Attempt 1 to provision port 191a0718-2f82-4a87-85ad-7f6e6f765f9f
2026-04-21 18:35:02.097 10 INFO neutron.db.ovn_revision_numbers_db [None req-ab3d583f-0fb5-471b-be7b-3d2c5735d883 d8a8ab534c29431d999797af646250e3 576e206f1b8142cc983a70daf7e76fa8 - - default default] Successfully bumped revision number for resource 191a0718-2f82-4a87-85ad-7f6e6f765f9f (type: router_ports) to 1
2026-04-21 18:35:02.155 15 INFO neutron.plugins.ml2.drivers.ovn.mech_driver.ovsdb.maintenance [None req-c92261b1-98a7-48a7-bf0c-a0e5b93e1157 - - - - - -] Maintenance task: Synchronization completed (took 1.18 seconds)
2026-04-21 18:35:02.256 10 INFO neutron.db.ovn_revision_numbers_db [None req-ab3d583f-0fb5-471b-be7b-3d2c5735d883 d8a8ab534c29431d999797af646250e3 576e206f1b8142cc983a70daf7e76fa8 - - default default] Successfully bumped revision number for resource e21081cc-aa23-4c36-8661-12a94de50fa2 (type: routers) to 2
2026-04-21 18:35:02.276 9 INFO neutron.plugins.ml2.drivers.ovn.mech_driver.mech_driver [None req-2037f131-7951-4e35-9024-774f5bac6ef3 - - - - - -] OVN reports status down for port: 2d940375-b2d4-4868-990f-c6a74a7b9f80
2026-04-21 18:35:02.297 10 INFO neutron.wsgi [None req-ab3d583f-0fb5-471b-be7b-3d2c5735d883 d8a8ab534c29431d999797af646250e3 576e206f1b8142cc983a70daf7e76fa8 - - default default] 10.0.0.179 "POST /v2.0/routers HTTP/1.1" status: 201 len: 1153 time: 2.2274084
2026-04-21 18:35:02.338 9 INFO neutron.db.ovn_revision_numbers_db [None req-93e53fd1-b0be-4350-bdff-425a2c8b2eb4 62be1e0a2c05481ea1726b83ef2adce3 e7c270a5e362473bb83ca7d0c02e2481 - - default default] Successfully bumped revision number for resource 2d940375-b2d4-4868-990f-c6a74a7b9f80 (type: ports) to 2
2026-04-21 18:35:02.374 9 INFO neutron.wsgi [None req-93e53fd1-b0be-4350-bdff-425a2c8b2eb4 62be1e0a2c05481ea1726b83ef2adce3 e7c270a5e362473bb83ca7d0c02e2481 - - default default] 10.0.0.179 "PUT /v2.0/ports/2d940375-b2d4-4868-990f-c6a74a7b9f80 HTTP/1.1" status: 200 len: 946 time: 0.7064428 /var/lib/openstack/lib/python3.10/site-packages/pycadf/identifier.py:71: UserWarning: Invalid uuid: neutron. To ensure interoperability, identifiers should be a valid uuid. warnings.warn(('Invalid uuid: %s. To ensure interoperability, '
2026-04-21 18:35:02.523 9 ERROR ovsdbapp.backend.ovs_idl.command [None req-f811499d-0af9-4189-ad86-b421a296871a 91ab9bc0ae8c40668f3e59ccea538435 d6b0efab0ffe4dbd9576de32088e19ef - - default default] Error executing command (DbGetCommand): ovsdbapp.backend.ovs_idl.idlutils.RowNotFound: Cannot find Logical_Router_Port with name=lrp-3bf580de-c1a3-4991-aba2-20b4cea404ae
2026-04-21 18:35:02.523 9 ERROR ovsdbapp.backend.ovs_idl.command
Traceback (most recent call last):
2026-04-21 18:35:02.523 9 ERROR ovsdbapp.backend.ovs_idl.command
File "/var/lib/openstack/lib/python3.10/site-packages/ovsdbapp/backend/ovs_idl/command.py", line 47, in execute
2026-04-21 18:35:02.523 9 ERROR ovsdbapp.backend.ovs_idl.command self.run_idl(None)
2026-04-21 18:35:02.523 9 ERROR ovsdbapp.backend.ovs_idl.command
File "/var/lib/openstack/lib/python3.10/site-packages/ovsdbapp/backend/ovs_idl/command.py", line 235, in run_idl
2026-04-21 18:35:02.523 9 ERROR ovsdbapp.backend.ovs_idl.command record = self.api.lookup(self.table, self.record)
2026-04-21 18:35:02.523 9 ERROR ovsdbapp.backend.ovs_idl.command
File "/var/lib/openstack/lib/python3.10/site-packages/ovsdbapp/backend/ovs_idl/__init__.py", line 184, in lookup
2026-04-21 18:35:02.523 9 ERROR ovsdbapp.backend.ovs_idl.command return self._lookup(table, record)
2026-04-21 18:35:02.523 9 ERROR ovsdbapp.backend.ovs_idl.command
File "/var/lib/openstack/lib/python3.10/site-packages/ovsdbapp/backend/ovs_idl/__init__.py", line 235, in _lookup
2026-04-21 18:35:02.523 9 ERROR ovsdbapp.backend.ovs_idl.command row = idlutils.row_by_value(self, rl.table, rl.column, record)
2026-04-21 18:35:02.523 9 ERROR ovsdbapp.backend.ovs_idl.command
File "/var/lib/openstack/lib/python3.10/site-packages/ovsdbapp/backend/ovs_idl/idlutils.py", line 114, in row_by_value
2026-04-21 18:35:02.523 9 ERROR ovsdbapp.backend.ovs_idl.command raise RowNotFound(table=table, col=column, match=match)
2026-04-21 18:35:02.523 9 ERROR ovsdbapp.backend.ovs_idl.command ovsdbapp.backend.ovs_idl.idlutils.RowNotFound: Cannot find Logical_Router_Port with name=lrp-3bf580de-c1a3-4991-aba2-20b4cea404ae
2026-04-21 18:35:02.523 9 ERROR ovsdbapp.backend.ovs_idl.command 
2026-04-21 18:35:02.524 9 ERROR neutron_lib.callbacks.manager [None req-f811499d-0af9-4189-ad86-b421a296871a 91ab9bc0ae8c40668f3e59ccea538435 d6b0efab0ffe4dbd9576de32088e19ef - - default default] Error during notification for neutron.services.ovn_l3.plugin.OVNL3RouterPlugin._port_update-8744619331284 port, after_update: ovsdbapp.backend.ovs_idl.idlutils.RowNotFound: Cannot find Logical_Router_Port with name=lrp-3bf580de-c1a3-4991-aba2-20b4cea404ae
2026-04-21 18:35:02.524 9 ERROR neutron_lib.callbacks.manager
Traceback (most recent call last):
2026-04-21 18:35:02.524 9 ERROR neutron_lib.callbacks.manager
File "/var/lib/openstack/lib/python3.10/site-packages/neutron_lib/callbacks/manager.py", line 189, in _notify_loop
2026-04-21 18:35:02.524 9 ERROR neutron_lib.callbacks.manager callback.method(resource, event, trigger, payload=payload)
2026-04-21 18:35:02.524 9 ERROR neutron_lib.callbacks.manager
File "/var/lib/openstack/lib/python3.10/site-packages/neutron/services/ovn_l3/plugin.py", line 391, in _port_update
2026-04-21 18:35:02.524 9 ERROR neutron_lib.callbacks.manager l3plugin._ovn_client.update_router_port(context,
2026-04-21 18:35:02.524 9 ERROR neutron_lib.callbacks.manager
File "/var/lib/openstack/lib/python3.10/site-packages/neutron/plugins/ml2/drivers/ovn/mech_driver/ovsdb/ovn_client.py", line 1878, in update_router_port
2026-04-21 18:35:02.524 9 ERROR neutron_lib.callbacks.manager self._update_lrouter_port(context, port, if_exists=if_exists,
2026-04-21 18:35:02.524 9 ERROR neutron_lib.callbacks.manager
File "/var/lib/openstack/lib/python3.10/site-packages/neutron/plugins/ml2/drivers/ovn/mech_driver/ovsdb/ovn_client.py", line 1855, in _update_lrouter_port
2026-04-21 18:35:02.524 9 ERROR neutron_lib.callbacks.manager external_ids = self._nb_idl.db_get(
2026-04-21 18:35:02.524 9 ERROR neutron_lib.callbacks.manager
File "/var/lib/openstack/lib/python3.10/site-packages/ovsdbapp/backend/ovs_idl/command.py", line 47, in execute
2026-04-21 18:35:02.524 9 ERROR neutron_lib.callbacks.manager self.run_idl(None)
2026-04-21 18:35:02.524 9 ERROR neutron_lib.callbacks.manager
File "/var/lib/openstack/lib/python3.10/site-packages/ovsdbapp/backend/ovs_idl/command.py", line 235, in run_idl
2026-04-21 18:35:02.524 9 ERROR neutron_lib.callbacks.manager record = self.api.lookup(self.table, self.record)
2026-04-21 18:35:02.524 9 ERROR neutron_lib.callbacks.manager
File "/var/lib/openstack/lib/python3.10/site-packages/ovsdbapp/backend/ovs_idl/__init__.py", line 184, in lookup
2026-04-21 18:35:02.524 9 ERROR neutron_lib.callbacks.manager return self._lookup(table, record)
2026-04-21 18:35:02.524 9 ERROR neutron_lib.callbacks.manager
File "/var/lib/openstack/lib/python3.10/site-packages/ovsdbapp/backend/ovs_idl/__init__.py", line 235, in _lookup
2026-04-21 18:35:02.524 9 ERROR neutron_lib.callbacks.manager row = idlutils.row_by_value(self, rl.table, rl.column, record)
2026-04-21 18:35:02.524 9 ERROR neutron_lib.callbacks.manager
File "/var/lib/openstack/lib/python3.10/site-packages/ovsdbapp/backend/ovs_idl/idlutils.py", line 114, in row_by_value
2026-04-21 18:35:02.524 9 ERROR neutron_lib.callbacks.manager raise RowNotFound(table=table, col=column, match=match)
2026-04-21 18:35:02.524 9 ERROR neutron_lib.callbacks.manager ovsdbapp.backend.ovs_idl.idlutils.RowNotFound: Cannot find Logical_Router_Port with name=lrp-3bf580de-c1a3-4991-aba2-20b4cea404ae
2026-04-21 18:35:02.524 9 ERROR neutron_lib.callbacks.manager 
2026-04-21 18:35:02.608 10 INFO neutron.wsgi [None req-d3cd7c16-55d3-45f3-803b-d9aa7934ef28 80ba26dc7f7d4533b4067bf9c3417d8f 72d78607d4784605b76f8b231a48ec26 - - default default] 10.0.0.179 "GET /v2.0/subnets?project_id=576e206f1b8142cc983a70daf7e76fa8&cidr=10.100.0.0%2F28 HTTP/1.1" status: 200 len: 207 time: 0.3062739
2026-04-21 18:35:02.747 9 INFO neutron.plugins.ml2.drivers.ovn.mech_driver.mech_driver [None req-2037f131-7951-4e35-9024-774f5bac6ef3 - - - - - -] OVN reports status up for port: 3bf580de-c1a3-4991-aba2-20b4cea404ae
2026-04-21 18:35:02.765 9 INFO neutron.plugins.ml2.plugin [None req-2037f131-7951-4e35-9024-774f5bac6ef3 - - - - - -] Attempt 1 to provision port 3bf580de-c1a3-4991-aba2-20b4cea404ae
2026-04-21 18:35:02.786 10 INFO neutron.wsgi [None req-1391a1e8-220b-4014-8d81-8d295ac5d83b 80ba26dc7f7d4533b4067bf9c3417d8f 72d78607d4784605b76f8b231a48ec26 - - default default] 10.0.0.179 "GET /v2.0/networks?router%3Aexternal=True HTTP/1.1" status: 200 len: 947 time: 0.1660714
2026-04-21 18:35:02.791 9 INFO neutron.db.ovn_revision_numbers_db [None req-f811499d-0af9-4189-ad86-b421a296871a 91ab9bc0ae8c40668f3e59ccea538435 d6b0efab0ffe4dbd9576de32088e19ef - - default default] Successfully bumped revision number for resource 3bf580de-c1a3-4991-aba2-20b4cea404ae (type: ports) to 1 /var/lib/openstack/lib/python3.10/site-packages/pycadf/identifier.py:71: UserWarning: Invalid uuid: neutron. To ensure interoperability, identifiers should be a valid uuid. warnings.warn(('Invalid uuid: %s. To ensure interoperability, '
2026-04-21 18:35:02.816 9 INFO neutron.wsgi [None req-efff2760-d806-4deb-aea7-f07de7959942 80ba26dc7f7d4533b4067bf9c3417d8f 72d78607d4784605b76f8b231a48ec26 - - default default] 10.0.0.179 "GET /v2.0/subnets?network_id=b66c8c8f-c1d8-4494-bcab-303e28d34b89&cidr=10.100.0.0%2F28 HTTP/1.1" status: 200 len: 207 time: 0.0222211
2026-04-21 18:35:02.831 10 WARNING neutron_lib.context [None req-89878ed0-25b0-40f5-b4e3-04a00f7e5003 d8a8ab534c29431d999797af646250e3 576e206f1b8142cc983a70daf7e76fa8 - - default default] Method 'is_advsvc' is deprecated since 2023.2 release (neutron-lib 3.8.0) and will be removed once support for the old RBAC API policies will be removed from Neutron. Please use method 'is_service_role' instead.
2026-04-21 18:35:02.900 9 WARNING neutron.scheduler.dhcp_agent_scheduler [None req-f811499d-0af9-4189-ad86-b421a296871a 91ab9bc0ae8c40668f3e59ccea538435 d6b0efab0ffe4dbd9576de32088e19ef - - default default] No more DHCP agents
2026-04-21 18:35:02.904 9 WARNING neutron.api.rpc.agentnotifiers.dhcp_rpc_agent_api [None req-f811499d-0af9-4189-ad86-b421a296871a 91ab9bc0ae8c40668f3e59ccea538435 d6b0efab0ffe4dbd9576de32088e19ef - - default default] Unable to schedule network 09d08aaa-18c0-4326-8613-ca79689ca759: no agents available; will retry on subsequent port and subnet creation events.
2026-04-21 18:35:02.974 10 INFO neutron.wsgi [None req-58ab9033-968e-46a5-ae9a-d80cb3a030c2 62be1e0a2c05481ea1726b83ef2adce3 e7c270a5e362473bb83ca7d0c02e2481 - - default default] 10.0.0.179 "DELETE /v2.0/ports/2d940375-b2d4-4868-990f-c6a74a7b9f80 HTTP/1.1" status: 204 len: 168 time: 0.5951421
2026-04-21 18:35:03.090 10 INFO neutron.wsgi [None req-08651af2-ebbb-4921-8983-821d42a7c585 62be1e0a2c05481ea1726b83ef2adce3 e7c270a5e362473bb83ca7d0c02e2481 - - default default] 10.0.0.179 "GET /v2.0/ports HTTP/1.1" status: 200 len: 1728 time: 0.1086123
2026-04-21 18:35:03.119 9 INFO neutron.pecan_wsgi.hooks.translation [None req-f064bbfb-492a-4d68-9257-17ebaa7c9b4e 62be1e0a2c05481ea1726b83ef2adce3 e7c270a5e362473bb83ca7d0c02e2481 - - default default] GET failed (client error): The resource could not be found.
2026-04-21 18:35:03.120 9 INFO neutron.wsgi [None req-f064bbfb-492a-4d68-9257-17ebaa7c9b4e 62be1e0a2c05481ea1726b83ef2adce3 e7c270a5e362473bb83ca7d0c02e2481 - - default default] 10.0.0.179 "GET /v2.0/ports/2d940375-b2d4-4868-990f-c6a74a7b9f80 HTTP/1.1" status: 404 len: 333 time: 0.0262666
2026-04-21 18:35:03.140 9 INFO neutron.db.ovn_revision_numbers_db [None req-f811499d-0af9-4189-ad86-b421a296871a 91ab9bc0ae8c40668f3e59ccea538435 d6b0efab0ffe4dbd9576de32088e19ef - - default default] Successfully bumped revision number for resource 3bf580de-c1a3-4991-aba2-20b4cea404ae (type: router_ports) to 1
2026-04-21 18:35:03.145 9 INFO neutron.wsgi [None req-f811499d-0af9-4189-ad86-b421a296871a 91ab9bc0ae8c40668f3e59ccea538435 d6b0efab0ffe4dbd9576de32088e19ef - - default default] 10.0.0.179 "PUT /v2.0/routers/27aac48f-b302-415f-ba03-fadf20b7059b/add_router_interface HTTP/1.1" status: 200 len: 503 time: 2.1287124
2026-04-21 18:35:03.200 9 INFO neutron.wsgi [None req-9173aa96-f022-4d17-8126-883a59eabb37 91ab9bc0ae8c40668f3e59ccea538435 d6b0efab0ffe4dbd9576de32088e19ef - - default default] 10.0.0.179 "GET /v2.0/ports/3bf580de-c1a3-4991-aba2-20b4cea404ae HTTP/1.1" status: 200 len: 1137 time: 0.0443041
2026-04-21 18:35:03.212 10 INFO neutron.wsgi [None req-5e3872f5-fc1a-4f00-aeb8-5b8cd618228f 62be1e0a2c05481ea1726b83ef2adce3 e7c270a5e362473bb83ca7d0c02e2481 - - default default] 10.0.0.179 "GET /v2.0/ports HTTP/1.1" status: 200 len: 1728 time: 0.0830286
2026-04-21 18:35:03.265 9 INFO neutron.wsgi [None req-686e770f-08bc-4898-a114-f0980814a739 91ab9bc0ae8c40668f3e59ccea538435 d6b0efab0ffe4dbd9576de32088e19ef - - default default] 10.0.0.179 "GET /v2.0/ports/3bf580de-c1a3-4991-aba2-20b4cea404ae HTTP/1.1" status: 200 len: 1137 time: 0.0573525
2026-04-21 18:35:03.283 10 INFO neutron.wsgi [None req-95e28c73-802a-4c9c-aada-4e9338e09bb9 62be1e0a2c05481ea1726b83ef2adce3 e7c270a5e362473bb83ca7d0c02e2481 - - default default] 10.0.0.179 "GET /v2.0/ports/5fbb6310-cbec-415b-a93d-820922595ff1 HTTP/1.1" status: 200 len: 968 time: 0.0598309
2026-04-21 18:35:03.329 10 INFO neutron.db.ovn_revision_numbers_db [None req-22c8db96-7a0a-4d47-ae95-80a7e7190d6f - - - - - -] Successfully bumped revision number for resource 191a0718-2f82-4a87-85ad-7f6e6f765f9f (type: ports) to 1
2026-04-21 18:35:03.330 9 INFO neutron.pecan_wsgi.hooks.translation [None req-b1d67a0a-c754-4f34-bd8d-cb5022157482 62be1e0a2c05481ea1726b83ef2adce3 e7c270a5e362473bb83ca7d0c02e2481 - - default default] DELETE failed (client error): The resource could not be found.
2026-04-21 18:35:03.332 9 INFO neutron.wsgi [None req-b1d67a0a-c754-4f34-bd8d-cb5022157482 62be1e0a2c05481ea1726b83ef2adce3 e7c270a5e362473bb83ca7d0c02e2481 - - default default] 10.0.0.179 "DELETE /v2.0/ports/b1639b4c-029a-44e6-89f9-a9f1fd9dbe3a HTTP/1.1" status: 404 len: 333 time: 0.0371804
2026-04-21 18:35:03.335 10 WARNING neutron.scheduler.dhcp_agent_scheduler [None req-89878ed0-25b0-40f5-b4e3-04a00f7e5003 d8a8ab534c29431d999797af646250e3 576e206f1b8142cc983a70daf7e76fa8 - - default default] No more DHCP agents
2026-04-21 18:35:03.342 10 WARNING neutron.api.rpc.agentnotifiers.dhcp_rpc_agent_api [None req-89878ed0-25b0-40f5-b4e3-04a00f7e5003 d8a8ab534c29431d999797af646250e3 576e206f1b8142cc983a70daf7e76fa8 - - default default] Unable to schedule network 833805aa-dafa-4e95-bc5d-23c57592aa75: no agents available; will retry on subsequent port and subnet creation events.
2026-04-21 18:35:03.364 9 INFO neutron.db.ovn_revision_numbers_db [None req-2037f131-7951-4e35-9024-774f5bac6ef3 - - - - - -] Successfully bumped revision number for resource 3bf580de-c1a3-4991-aba2-20b4cea404ae (type: ports) to 2
2026-04-21 18:35:03.378 10 INFO neutron.pecan_wsgi.hooks.translation [None req-8b0bbde3-71a8-4e83-afb2-5f2558e62394 62be1e0a2c05481ea1726b83ef2adce3 e7c270a5e362473bb83ca7d0c02e2481 - - default default] DELETE failed (client error): The resource could not be found.
2026-04-21 18:35:03.380 10 INFO neutron.wsgi [None req-8b0bbde3-71a8-4e83-afb2-5f2558e62394 62be1e0a2c05481ea1726b83ef2adce3 e7c270a5e362473bb83ca7d0c02e2481 - - default default] 10.0.0.179 "DELETE /v2.0/subnets/bfe56a47-df2b-4ab0-b4d0-1a1d3c01079d HTTP/1.1" status: 404 len: 337 time: 0.0394654
2026-04-21 18:35:03.426 9 INFO neutron.pecan_wsgi.hooks.translation [None req-34fa237a-c8d0-4522-a481-49dc62fef750 62be1e0a2c05481ea1726b83ef2adce3 e7c270a5e362473bb83ca7d0c02e2481 - - default default] DELETE failed (client error): The resource could not be found.
2026-04-21 18:35:03.428 9 INFO neutron.wsgi [None req-34fa237a-c8d0-4522-a481-49dc62fef750 62be1e0a2c05481ea1726b83ef2adce3 e7c270a5e362473bb83ca7d0c02e2481 - - default default] 10.0.0.179 "DELETE /v2.0/subnets/18d6c416-cc68-4b2d-9ee8-df42d824e263 HTTP/1.1" status: 404 len: 337 time: 0.0421367
