File "/var/lib/openstack/lib/python3.10/site-packages/ovsdbapp/backend/ovs_idl/command.py", line 235, in run_idl
2026-04-21 18:32:43.876 10 ERROR ovsdbapp.backend.ovs_idl.command record = self.api.lookup(self.table, self.record)
2026-04-21 18:32:43.876 10 ERROR ovsdbapp.backend.ovs_idl.command
File "/var/lib/openstack/lib/python3.10/site-packages/ovsdbapp/backend/ovs_idl/__init__.py", line 184, in lookup
2026-04-21 18:32:43.876 10 ERROR ovsdbapp.backend.ovs_idl.command return self._lookup(table, record)
2026-04-21 18:32:43.876 10 ERROR ovsdbapp.backend.ovs_idl.command
File "/var/lib/openstack/lib/python3.10/site-packages/ovsdbapp/backend/ovs_idl/__init__.py", line 235, in _lookup
2026-04-21 18:32:43.876 10 ERROR ovsdbapp.backend.ovs_idl.command row = idlutils.row_by_value(self, rl.table, rl.column, record)
2026-04-21 18:32:43.876 10 ERROR ovsdbapp.backend.ovs_idl.command
File "/var/lib/openstack/lib/python3.10/site-packages/ovsdbapp/backend/ovs_idl/idlutils.py", line 114, in row_by_value
2026-04-21 18:32:43.876 10 ERROR ovsdbapp.backend.ovs_idl.command raise RowNotFound(table=table, col=column, match=match)
2026-04-21 18:32:43.876 10 ERROR ovsdbapp.backend.ovs_idl.command ovsdbapp.backend.ovs_idl.idlutils.RowNotFound: Cannot find Logical_Router_Port with name=lrp-fd6e79d4-efb5-490e-a072-1e20f9c1dde6
2026-04-21 18:32:43.876 10 ERROR ovsdbapp.backend.ovs_idl.command 
2026-04-21 18:32:43.876 10 ERROR neutron_lib.callbacks.manager [None req-4b91dc8f-1fcb-448a-8778-a230c9fc6c67 7d27d9fb4b8745858d726b4655a75e6b 3249600bc36e45c48692e41a8e6710f4 - - default default] Error during notification for neutron.services.ovn_l3.plugin.OVNL3RouterPlugin._port_update-8744619331284 port, after_update: ovsdbapp.backend.ovs_idl.idlutils.RowNotFound: Cannot find Logical_Router_Port with name=lrp-fd6e79d4-efb5-490e-a072-1e20f9c1dde6
2026-04-21 18:32:43.876 10 ERROR neutron_lib.callbacks.manager
Traceback (most recent call last):
2026-04-21 18:32:43.876 10 ERROR neutron_lib.callbacks.manager
File "/var/lib/openstack/lib/python3.10/site-packages/neutron_lib/callbacks/manager.py", line 189, in _notify_loop
2026-04-21 18:32:43.876 10 ERROR neutron_lib.callbacks.manager callback.method(resource, event, trigger, payload=payload)
2026-04-21 18:32:43.876 10 ERROR neutron_lib.callbacks.manager
File "/var/lib/openstack/lib/python3.10/site-packages/neutron/services/ovn_l3/plugin.py", line 391, in _port_update
2026-04-21 18:32:43.876 10 ERROR neutron_lib.callbacks.manager l3plugin._ovn_client.update_router_port(context,
2026-04-21 18:32:43.876 10 ERROR neutron_lib.callbacks.manager
File "/var/lib/openstack/lib/python3.10/site-packages/neutron/plugins/ml2/drivers/ovn/mech_driver/ovsdb/ovn_client.py", line 1878, in update_router_port
2026-04-21 18:32:43.876 10 ERROR neutron_lib.callbacks.manager self._update_lrouter_port(context, port, if_exists=if_exists,
2026-04-21 18:32:43.876 10 ERROR neutron_lib.callbacks.manager
File "/var/lib/openstack/lib/python3.10/site-packages/neutron/plugins/ml2/drivers/ovn/mech_driver/ovsdb/ovn_client.py", line 1855, in _update_lrouter_port
2026-04-21 18:32:43.876 10 ERROR neutron_lib.callbacks.manager external_ids = self._nb_idl.db_get(
2026-04-21 18:32:43.876 10 ERROR neutron_lib.callbacks.manager
File "/var/lib/openstack/lib/python3.10/site-packages/ovsdbapp/backend/ovs_idl/command.py", line 47, in execute
2026-04-21 18:32:43.876 10 ERROR neutron_lib.callbacks.manager self.run_idl(None)
2026-04-21 18:32:43.876 10 ERROR neutron_lib.callbacks.manager
File "/var/lib/openstack/lib/python3.10/site-packages/ovsdbapp/backend/ovs_idl/command.py", line 235, in run_idl
2026-04-21 18:32:43.876 10 ERROR neutron_lib.callbacks.manager record = self.api.lookup(self.table, self.record)
2026-04-21 18:32:43.876 10 ERROR neutron_lib.callbacks.manager
File "/var/lib/openstack/lib/python3.10/site-packages/ovsdbapp/backend/ovs_idl/__init__.py", line 184, in lookup
2026-04-21 18:32:43.876 10 ERROR neutron_lib.callbacks.manager return self._lookup(table, record)
2026-04-21 18:32:43.876 10 ERROR neutron_lib.callbacks.manager
File "/var/lib/openstack/lib/python3.10/site-packages/ovsdbapp/backend/ovs_idl/__init__.py", line 235, in _lookup
2026-04-21 18:32:43.876 10 ERROR neutron_lib.callbacks.manager row = idlutils.row_by_value(self, rl.table, rl.column, record)
2026-04-21 18:32:43.876 10 ERROR neutron_lib.callbacks.manager
File "/var/lib/openstack/lib/python3.10/site-packages/ovsdbapp/backend/ovs_idl/idlutils.py", line 114, in row_by_value
2026-04-21 18:32:43.876 10 ERROR neutron_lib.callbacks.manager raise RowNotFound(table=table, col=column, match=match)
2026-04-21 18:32:43.876 10 ERROR neutron_lib.callbacks.manager ovsdbapp.backend.ovs_idl.idlutils.RowNotFound: Cannot find Logical_Router_Port with name=lrp-fd6e79d4-efb5-490e-a072-1e20f9c1dde6
2026-04-21 18:32:43.876 10 ERROR neutron_lib.callbacks.manager 
2026-04-21 18:32:43.912 9 INFO neutron.db.ovn_revision_numbers_db [req-aa4f271c-3f60-4763-bacd-ab62cbff3e85 req-4c934fc5-ca3c-4851-afd4-2a52f7e07eb2 a69a6cb0382849ba97a5a6f4fe0f0935 e3cd06882dc14b72ab384b871a914d6c - - default default] Successfully bumped revision number for resource 19f045aa-e084-42f8-95c1-1592794cfa0c (type: security_group_rules) to 0
2026-04-21 18:32:43.947 9 INFO neutron.db.ovn_revision_numbers_db [req-aa4f271c-3f60-4763-bacd-ab62cbff3e85 req-4c934fc5-ca3c-4851-afd4-2a52f7e07eb2 a69a6cb0382849ba97a5a6f4fe0f0935 e3cd06882dc14b72ab384b871a914d6c - - default default] Successfully bumped revision number for resource 436b9b26-54a3-4b35-91ca-7c8b2cae3d14 (type: security_group_rules) to 0
2026-04-21 18:32:43.991 9 INFO neutron.wsgi [req-aa4f271c-3f60-4763-bacd-ab62cbff3e85 req-4c934fc5-ca3c-4851-afd4-2a52f7e07eb2 a69a6cb0382849ba97a5a6f4fe0f0935 e3cd06882dc14b72ab384b871a914d6c - - default default] 10.0.0.202 "POST /v2.0/security-groups HTTP/1.1" status: 201 len: 1890 time: 0.3747423
2026-04-21 18:32:44.061 9 INFO neutron.wsgi [req-b17772fa-bdcf-4d10-a8c9-0cdd7d3ea67c req-8585b483-c720-42c6-973e-25de1bf0841d a69a6cb0382849ba97a5a6f4fe0f0935 e3cd06882dc14b72ab384b871a914d6c - - default default] 10.0.0.202 "GET /v2.0/security-groups/d4d4e7e8-01cf-4a44-ab74-c22cf3c067d8 HTTP/1.1" status: 200 len: 1885 time: 0.0419183
2026-04-21 18:32:44.087 9 WARNING neutron_lib.context [req-b17772fa-bdcf-4d10-a8c9-0cdd7d3ea67c req-d272ae1a-cabe-4140-91fe-d401eb064444 a69a6cb0382849ba97a5a6f4fe0f0935 e3cd06882dc14b72ab384b871a914d6c - - default default] Method 'is_advsvc' is deprecated since 2023.2 release (neutron-lib 3.8.0) and will be removed once support for the old RBAC API policies will be removed from Neutron. Please use method 'is_service_role' instead.
2026-04-21 18:32:44.148 10 INFO neutron.db.ovn_revision_numbers_db [None req-4b91dc8f-1fcb-448a-8778-a230c9fc6c67 7d27d9fb4b8745858d726b4655a75e6b 3249600bc36e45c48692e41a8e6710f4 - - default default] Successfully bumped revision number for resource fd6e79d4-efb5-490e-a072-1e20f9c1dde6 (type: ports) to 1
2026-04-21 18:32:44.242 10 WARNING neutron.scheduler.dhcp_agent_scheduler [None req-4b91dc8f-1fcb-448a-8778-a230c9fc6c67 7d27d9fb4b8745858d726b4655a75e6b 3249600bc36e45c48692e41a8e6710f4 - - default default] No more DHCP agents
2026-04-21 18:32:44.244 10 WARNING neutron.api.rpc.agentnotifiers.dhcp_rpc_agent_api [None req-4b91dc8f-1fcb-448a-8778-a230c9fc6c67 7d27d9fb4b8745858d726b4655a75e6b 3249600bc36e45c48692e41a8e6710f4 - - default default] Unable to schedule network 05c4ee22-a0db-4bed-b8d5-c140c857bfcf: no agents available; will retry on subsequent port and subnet creation events.
2026-04-21 18:32:44.261 9 INFO neutron.db.ovn_revision_numbers_db [None req-2037f131-7951-4e35-9024-774f5bac6ef3 - - - - - -] Successfully bumped revision number for resource bfd1cad5-cd49-45c4-9b85-0ed470562dae (type: ports) to 2
2026-04-21 18:32:44.394 9 INFO neutron.db.ovn_revision_numbers_db [req-b17772fa-bdcf-4d10-a8c9-0cdd7d3ea67c req-d272ae1a-cabe-4140-91fe-d401eb064444 a69a6cb0382849ba97a5a6f4fe0f0935 e3cd06882dc14b72ab384b871a914d6c - - default default] Successfully bumped revision number for resource c4533eaa-22e9-428b-80ca-a3c830a4e919 (type: security_group_rules) to 0
2026-04-21 18:32:44.445 9 INFO neutron.wsgi [req-b17772fa-bdcf-4d10-a8c9-0cdd7d3ea67c req-d272ae1a-cabe-4140-91fe-d401eb064444 a69a6cb0382849ba97a5a6f4fe0f0935 e3cd06882dc14b72ab384b871a914d6c - - default default] 10.0.0.202 "POST /v2.0/security-group-rules HTTP/1.1" status: 201 len: 818 time: 0.3660722
2026-04-21 18:32:44.472 9 INFO neutron.db.ovn_revision_numbers_db [None req-625f65df-8656-4fea-af0f-be73e6c4a289 - - - - - -] Successfully bumped revision number for resource a565a13f-4cd6-40c2-b23a-1ca8a42e6f42 (type: ports) to 4
2026-04-21 18:32:44.518 9 INFO neutron.wsgi [req-add3c3ad-39ad-4f1f-9033-45b03a57b7b6 req-5850eec1-410b-4b23-ad63-2834a5c11d01 a69a6cb0382849ba97a5a6f4fe0f0935 e3cd06882dc14b72ab384b871a914d6c - - default default] 10.0.0.202 "GET /v2.0/security-groups/d4d4e7e8-01cf-4a44-ab74-c22cf3c067d8 HTTP/1.1" status: 200 len: 2510 time: 0.0475104
2026-04-21 18:32:44.547 9 WARNING neutron_lib.context [req-add3c3ad-39ad-4f1f-9033-45b03a57b7b6 req-caf8d7f6-2f56-4f38-b52a-3063efc3bd12 a69a6cb0382849ba97a5a6f4fe0f0935 e3cd06882dc14b72ab384b871a914d6c - - default default] Method 'is_advsvc' is deprecated since 2023.2 release (neutron-lib 3.8.0) and will be removed once support for the old RBAC API policies will be removed from Neutron. Please use method 'is_service_role' instead.
2026-04-21 18:32:44.572 9 INFO neutron.db.ovn_revision_numbers_db [None req-2037f131-7951-4e35-9024-774f5bac6ef3 - - - - - -] Successfully bumped revision number for resource bfd1cad5-cd49-45c4-9b85-0ed470562dae (type: router_ports) to 2
2026-04-21 18:32:44.906 9 INFO neutron.db.ovn_revision_numbers_db [req-add3c3ad-39ad-4f1f-9033-45b03a57b7b6 req-caf8d7f6-2f56-4f38-b52a-3063efc3bd12 a69a6cb0382849ba97a5a6f4fe0f0935 e3cd06882dc14b72ab384b871a914d6c - - default default] Successfully bumped revision number for resource 5727f9c3-44ba-4a2f-ae3f-7e14f999ec68 (type: security_group_rules) to 0
2026-04-21 18:32:44.940 9 INFO neutron.wsgi [req-add3c3ad-39ad-4f1f-9033-45b03a57b7b6 req-caf8d7f6-2f56-4f38-b52a-3063efc3bd12 a69a6cb0382849ba97a5a6f4fe0f0935 e3cd06882dc14b72ab384b871a914d6c - - default default] 10.0.0.202 "POST /v2.0/security-group-rules HTTP/1.1" status: 201 len: 823 time: 0.4069219
2026-04-21 18:32:45.000 9 INFO neutron.db.ovn_revision_numbers_db [None req-625f65df-8656-4fea-af0f-be73e6c4a289 - - - - - -] Successfully bumped revision number for resource a565a13f-4cd6-40c2-b23a-1ca8a42e6f42 (type: router_ports) to 4
2026-04-21 18:32:45.005 9 INFO neutron.wsgi [req-2a80aefb-05b8-44fe-a187-f31f5ec9b11a req-d21a20e4-97f0-44b3-99e7-ccef52468777 a69a6cb0382849ba97a5a6f4fe0f0935 e3cd06882dc14b72ab384b871a914d6c - - default default] 10.0.0.202 "GET /v2.0/security-groups/d4d4e7e8-01cf-4a44-ab74-c22cf3c067d8 HTTP/1.1" status: 200 len: 3140 time: 0.0355973
2026-04-21 18:32:45.052 9 INFO neutron.wsgi [req-fe9dbe28-8722-4860-b4a1-d5ca15ebc119 req-844840bf-f3fa-4354-bf29-fdc590bd5a66 a69a6cb0382849ba97a5a6f4fe0f0935 e3cd06882dc14b72ab384b871a914d6c - - default default] 10.0.0.202 "GET /v2.0/security-group-rules/5727f9c3-44ba-4a2f-ae3f-7e14f999ec68 HTTP/1.1" status: 200 len: 815 time: 0.0188010
2026-04-21 18:32:45.090 9 INFO neutron.wsgi [req-fe9dbe28-8722-4860-b4a1-d5ca15ebc119 req-8db0aac6-9d9e-4889-ba6c-876d829c8d35 a69a6cb0382849ba97a5a6f4fe0f0935 e3cd06882dc14b72ab384b871a914d6c - - default default] 10.0.0.202 "GET /v2.0/security-groups/d4d4e7e8-01cf-4a44-ab74-c22cf3c067d8 HTTP/1.1" status: 200 len: 3140 time: 0.0305037
2026-04-21 18:32:45.249 9 INFO neutron.wsgi [req-fe9dbe28-8722-4860-b4a1-d5ca15ebc119 req-bb8f464a-919b-4e39-bad1-5ee170a3c997 a69a6cb0382849ba97a5a6f4fe0f0935 e3cd06882dc14b72ab384b871a914d6c - - default default] 10.0.0.202 "DELETE /v2.0/security-group-rules/5727f9c3-44ba-4a2f-ae3f-7e14f999ec68 HTTP/1.1" status: 204 len: 173 time: 0.1507113
2026-04-21 18:32:45.302 9 INFO neutron.wsgi [req-b4fb897c-0d06-49e6-929b-5d25c4e7184d req-290892dc-e062-41ce-b119-29d941a123b6 a69a6cb0382849ba97a5a6f4fe0f0935 e3cd06882dc14b72ab384b871a914d6c - - default default] 10.0.0.202 "GET /v2.0/security-groups/d4d4e7e8-01cf-4a44-ab74-c22cf3c067d8 HTTP/1.1" status: 200 len: 2510 time: 0.0339794
2026-04-21 18:32:45.427 9 INFO neutron.wsgi [req-b4fb897c-0d06-49e6-929b-5d25c4e7184d req-1472adef-5bfb-44a1-92e2-0a9bd1559cb8 a69a6cb0382849ba97a5a6f4fe0f0935 e3cd06882dc14b72ab384b871a914d6c - - default default] 10.0.0.202 "DELETE /v2.0/security-groups/d4d4e7e8-01cf-4a44-ab74-c22cf3c067d8 HTTP/1.1" status: 204 len: 173 time: 0.1195853
2026-04-21 18:32:45.484 9 INFO neutron.wsgi [req-eacb339f-82c0-496d-835b-83301998ea2f req-67cfee5a-5be6-49ac-a50c-0992755bce96 a69a6cb0382849ba97a5a6f4fe0f0935 e3cd06882dc14b72ab384b871a914d6c - - default default] 10.0.0.202 "GET /v2.0/security-groups/d7bab7f0-6d69-492f-adbb-603633a86956 HTTP/1.1" status: 200 len: 2510 time: 0.0326385
2026-04-21 18:32:45.626 9 INFO neutron.wsgi [req-eacb339f-82c0-496d-835b-83301998ea2f req-8fddd7b2-bda1-42f7-8d01-8a2f42c0b68a a69a6cb0382849ba97a5a6f4fe0f0935 e3cd06882dc14b72ab384b871a914d6c - - default default] 10.0.0.202 "DELETE /v2.0/security-groups/d7bab7f0-6d69-492f-adbb-603633a86956 HTTP/1.1" status: 204 len: 173 time: 0.1341448
2026-04-21 18:32:45.643 10 INFO neutron.db.ovn_revision_numbers_db [None req-4b91dc8f-1fcb-448a-8778-a230c9fc6c67 7d27d9fb4b8745858d726b4655a75e6b 3249600bc36e45c48692e41a8e6710f4 - - default default] Successfully bumped revision number for resource fd6e79d4-efb5-490e-a072-1e20f9c1dde6 (type: router_ports) to 1
2026-04-21 18:32:45.649 10 INFO neutron.wsgi [None req-4b91dc8f-1fcb-448a-8778-a230c9fc6c67 7d27d9fb4b8745858d726b4655a75e6b 3249600bc36e45c48692e41a8e6710f4 - - default default] 10.0.0.179 "PUT /v2.0/routers/16e70e11-bcf1-4edf-89fa-e995cc607c91/add_router_interface HTTP/1.1" status: 200 len: 503 time: 3.4251885
2026-04-21 18:32:45.779 10 INFO neutron.wsgi [None req-d8a14205-2ee6-47b1-8cf1-9e9d588f01d7 7d27d9fb4b8745858d726b4655a75e6b 3249600bc36e45c48692e41a8e6710f4 - - default default] 10.0.0.179 "PUT /v2.0/routers/00dc4459-177a-4977-94c9-a3d4e276fd37/remove_router_interface HTTP/1.1" status: 200 len: 503 time: 2.3770683 /var/lib/openstack/lib/python3.10/site-packages/pycadf/identifier.py:71: UserWarning: Invalid uuid: neutron. To ensure interoperability, identifiers should be a valid uuid. warnings.warn(('Invalid uuid: %s. To ensure interoperability, '
2026-04-21 18:32:46.171 10 WARNING neutron_lib.context [None req-43aac8ee-1901-4e3d-a669-f459a2657bb6 2978a4d4125242a1b10942defa1ad08b c76dd51945e94b2dae4e6abf0c580478 - - default default] Method 'is_advsvc' is deprecated since 2023.2 release (neutron-lib 3.8.0) and will be removed once support for the old RBAC API policies will be removed from Neutron. Please use method 'is_service_role' instead.
2026-04-21 18:32:46.346 10 INFO neutron.db.ovn_revision_numbers_db [None req-43aac8ee-1901-4e3d-a669-f459a2657bb6 2978a4d4125242a1b10942defa1ad08b c76dd51945e94b2dae4e6abf0c580478 - - default default] Successfully bumped revision number for resource c4a30f70-ca24-40c1-9540-8084792ee8a6 (type: security_groups) to 1
2026-04-21 18:32:46.374 10 INFO neutron.db.ovn_revision_numbers_db [None req-43aac8ee-1901-4e3d-a669-f459a2657bb6 2978a4d4125242a1b10942defa1ad08b c76dd51945e94b2dae4e6abf0c580478 - - default default] Successfully bumped revision number for resource 9b4c42b7-0979-4044-bca7-8780f88d34c1 (type: security_group_rules) to 0
2026-04-21 18:32:46.393 10 INFO neutron.wsgi [-] 10.0.0.171 "GET / HTTP/1.1" status: 200 len: 247 time: 0.0014377
2026-04-21 18:32:46.396 10 INFO neutron.wsgi [-] 10.0.0.171 "GET / HTTP/1.1" status: 200 len: 247 time: 0.0010474
2026-04-21 18:32:46.398 10 INFO neutron.db.ovn_revision_numbers_db [None req-43aac8ee-1901-4e3d-a669-f459a2657bb6 2978a4d4125242a1b10942defa1ad08b c76dd51945e94b2dae4e6abf0c580478 - - default default] Successfully bumped revision number for resource be166441-a5bc-44cf-96a7-a3a6f6877781 (type: security_group_rules) to 0
2026-04-21 18:32:46.452 10 INFO neutron.wsgi [None req-43aac8ee-1901-4e3d-a669-f459a2657bb6 2978a4d4125242a1b10942defa1ad08b c76dd51945e94b2dae4e6abf0c580478 - - default default] 10.0.0.179 "POST /v2.0/security-groups HTTP/1.1" status: 201 len: 1860 time: 0.2882185
2026-04-21 18:32:46.462 10 WARNING neutron_lib.context [None req-0d19ea5d-8cf1-4a95-9bfc-6f61a7e4d312 2978a4d4125242a1b10942defa1ad08b c76dd51945e94b2dae4e6abf0c580478 - - default default] Method 'is_advsvc' is deprecated since 2023.2 release (neutron-lib 3.8.0) and will be removed once support for the old RBAC API policies will be removed from Neutron. Please use method 'is_service_role' instead.
2026-04-21 18:32:46.696 10 INFO neutron.wsgi [None req-fb0c51ea-a0ab-4276-a2a5-0503b221f6a0 7d27d9fb4b8745858d726b4655a75e6b 3249600bc36e45c48692e41a8e6710f4 - - default default] 10.0.0.179 "DELETE /v2.0/routers/00dc4459-177a-4977-94c9-a3d4e276fd37 HTTP/1.1" status: 204 len: 168 time: 0.9134519
2026-04-21 18:32:46.767 10 INFO neutron.db.ovn_revision_numbers_db [None req-0d19ea5d-8cf1-4a95-9bfc-6f61a7e4d312 2978a4d4125242a1b10942defa1ad08b c76dd51945e94b2dae4e6abf0c580478 - - default default] Successfully bumped revision number for resource 8697aaf2-2576-4b2b-a315-df5903006004 (type: security_group_rules) to 0
2026-04-21 18:32:46.809 10 INFO neutron.wsgi [None req-0d19ea5d-8cf1-4a95-9bfc-6f61a7e4d312 2978a4d4125242a1b10942defa1ad08b c76dd51945e94b2dae4e6abf0c580478 - - default default] 10.0.0.179 "POST /v2.0/security-group-rules HTTP/1.1" status: 201 len: 796 time: 0.3514144
2026-04-21 18:32:46.821 10 WARNING neutron_lib.context [None req-47d32c36-739a-470a-969f-141fc2d4ce62 2978a4d4125242a1b10942defa1ad08b c76dd51945e94b2dae4e6abf0c580478 - - default default] Method 'is_advsvc' is deprecated since 2023.2 release (neutron-lib 3.8.0) and will be removed once support for the old RBAC API policies will be removed from Neutron. Please use method 'is_service_role' instead.
2026-04-21 18:32:46.982 10 INFO neutron.wsgi [None req-c26b2ee9-cd3e-427e-82e2-3f6d5f7e9a58 7d27d9fb4b8745858d726b4655a75e6b 3249600bc36e45c48692e41a8e6710f4 - - default default] 10.0.0.179 "DELETE /v2.0/subnets/5b5a2546-1adf-4df3-b9b6-45199f62e8e6 HTTP/1.1" status: 204 len: 168 time: 0.2760894
2026-04-21 18:32:47.016 10 INFO neutron.db.ovn_revision_numbers_db [None req-47d32c36-739a-470a-969f-141fc2d4ce62 2978a4d4125242a1b10942defa1ad08b c76dd51945e94b2dae4e6abf0c580478 - - default default] Successfully bumped revision number for resource ea616bd9-c44e-49eb-9671-c21ded456a62 (type: security_group_rules) to 0
2026-04-21 18:32:47.045 10 INFO neutron.wsgi [None req-47d32c36-739a-470a-969f-141fc2d4ce62 2978a4d4125242a1b10942defa1ad08b c76dd51945e94b2dae4e6abf0c580478 - - default default] 10.0.0.179 "POST /v2.0/security-group-rules HTTP/1.1" status: 201 len: 801 time: 0.2288804
2026-04-21 18:32:47.054 10 WARNING neutron_lib.context [None req-529c4e1c-ef33-49c7-9ddf-d74d3706a9e8 2978a4d4125242a1b10942defa1ad08b c76dd51945e94b2dae4e6abf0c580478 - - default default] Method 'is_advsvc' is deprecated since 2023.2 release (neutron-lib 3.8.0) and will be removed once support for the old RBAC API policies will be removed from Neutron. Please use method 'is_service_role' instead.
2026-04-21 18:32:47.286 9 INFO neutron.wsgi [None req-ad79fc6d-3c81-43c4-b5ad-f07bc476be25 7d27d9fb4b8745858d726b4655a75e6b 3249600bc36e45c48692e41a8e6710f4 - - default default] 10.0.0.179 "PUT /v2.0/routers/50ab7cb2-0eff-474e-877d-88022d1bef9e/remove_router_interface HTTP/1.1" status: 200 len: 503 time: 1.6493487 /var/lib/openstack/lib/python3.10/site-packages/pycadf/identifier.py:71: UserWarning: Invalid uuid: neutron. To ensure interoperability, identifiers should be a valid uuid. warnings.warn(('Invalid uuid: %s. To ensure interoperability, '
2026-04-21 18:32:47.312 10 WARNING neutron.scheduler.dhcp_agent_scheduler [None req-529c4e1c-ef33-49c7-9ddf-d74d3706a9e8 2978a4d4125242a1b10942defa1ad08b c76dd51945e94b2dae4e6abf0c580478 - - default default] No more DHCP agents
2026-04-21 18:32:47.314 10 WARNING neutron.api.rpc.agentnotifiers.dhcp_rpc_agent_api [None req-529c4e1c-ef33-49c7-9ddf-d74d3706a9e8 2978a4d4125242a1b10942defa1ad08b c76dd51945e94b2dae4e6abf0c580478 - - default default] Unable to schedule network b66c8c8f-c1d8-4494-bcab-303e28d34b89: no agents available; will retry on subsequent port and subnet creation events.
2026-04-21 18:32:47.434 10 WARNING neutron.plugins.ml2.drivers.ovn.mech_driver.ovsdb.ovn_client [None req-435794ac-8607-41e1-a6ba-fa3908c1826a - - - - - -] No port found with ID a28eceec-fd64-4052-b2fd-561813f147dd: RuntimeError: No port found with ID a28eceec-fd64-4052-b2fd-561813f147dd
2026-04-21 18:32:47.434 10 INFO neutron.plugins.ml2.drivers.ovn.mech_driver.mech_driver [None req-435794ac-8607-41e1-a6ba-fa3908c1826a - - - - - -] OVN reports status up for port: fd6e79d4-efb5-490e-a072-1e20f9c1dde6
2026-04-21 18:32:47.445 10 INFO neutron.plugins.ml2.plugin [None req-435794ac-8607-41e1-a6ba-fa3908c1826a - - - - - -] Attempt 1 to provision port fd6e79d4-efb5-490e-a072-1e20f9c1dde6
2026-04-21 18:32:47.606 9 INFO neutron.wsgi [req-1197b4f3-56b7-4988-9b94-b11818a2312d req-8a152bc0-144d-44d3-aa37-642c8ae09b96 53bfc450a7e841f6817319341257ae17 a400d071db2d4f3eb3ad0c17d2de237e - - default default] 10.0.0.202 "GET /v2.0/security-groups?name=tempest-securitygroup--12322385&fields=id&tenant_id=a400d071db2d4f3eb3ad0c17d2de237e HTTP/1.1" status: 200 len: 267 time: 0.1379535
2026-04-21 18:32:47.649 10 INFO neutron.wsgi [None req-529c4e1c-ef33-49c7-9ddf-d74d3706a9e8 2978a4d4125242a1b10942defa1ad08b c76dd51945e94b2dae4e6abf0c580478 - - default default] 10.0.0.179 "POST /v2.0/floatingips HTTP/1.1" status: 201 len: 751 time: 0.5998433
2026-04-21 18:32:47.716 9 INFO neutron.wsgi [None req-71ccc224-0be5-4140-9ce5-df175d762bbb 7d27d9fb4b8745858d726b4655a75e6b 3249600bc36e45c48692e41a8e6710f4 - - default default] 10.0.0.179 "DELETE /v2.0/networks/c7270bbd-fd31-49de-bbc8-9d112ceaea33 HTTP/1.1" status: 204 len: 168 time: 0.7300608
2026-04-21 18:32:47.752 9 INFO neutron.wsgi [req-1197b4f3-56b7-4988-9b94-b11818a2312d req-3679f9fa-2800-4feb-b479-d940a587f847 53bfc450a7e841f6817319341257ae17 a400d071db2d4f3eb3ad0c17d2de237e - - default default] 10.0.0.202 "GET /v2.0/networks?id=9892ba81-913c-4d51-a4ab-f5abf044e1bb HTTP/1.1" status: 200 len: 878 time: 0.1381803
2026-04-21 18:32:47.787 9 INFO neutron.wsgi [req-1197b4f3-56b7-4988-9b94-b11818a2312d req-f5f78e22-b58c-43e2-a969-e9b50305534e 53bfc450a7e841f6817319341257ae17 a400d071db2d4f3eb3ad0c17d2de237e - - default default] 10.0.0.202 "GET /v2.0/quotas/a400d071db2d4f3eb3ad0c17d2de237e HTTP/1.1" status: 200 len: 491 time: 0.0303273
2026-04-21 18:32:48.060 10 INFO neutron.wsgi [None req-d61bb683-75b3-412a-acbf-2d5593a17a24 7d27d9fb4b8745858d726b4655a75e6b 3249600bc36e45c48692e41a8e6710f4 - - default default] 10.0.0.179 "GET /v2.0/security-groups?tenant_id=39454153dc214d8a8211a30cdc91fa35&name=default HTTP/1.1" status: 200 len: 3116 time: 0.2084250
2026-04-21 18:32:48.083 9 INFO neutron.wsgi [req-1197b4f3-56b7-4988-9b94-b11818a2312d req-521b9e34-e431-4f06-abd3-4d566678f360 53bfc450a7e841f6817319341257ae17 a400d071db2d4f3eb3ad0c17d2de237e - - default default] 10.0.0.202 "GET /v2.0/ports?tenant_id=a400d071db2d4f3eb3ad0c17d2de237e&fields=id HTTP/1.1" status: 200 len: 302 time: 0.2877245
2026-04-21 18:32:48.141 10 INFO neutron.db.ovn_revision_numbers_db [None req-435794ac-8607-41e1-a6ba-fa3908c1826a - - - - - -] Successfully bumped revision number for resource fd6e79d4-efb5-490e-a072-1e20f9c1dde6 (type: ports) to 2
2026-04-21 18:32:48.196 9 INFO neutron.wsgi [req-41aac93e-6826-4aec-88b2-bc8afbc4396d req-dc3beb0b-c12d-4e75-bc9c-e97580c7b3f1 2978a4d4125242a1b10942defa1ad08b c76dd51945e94b2dae4e6abf0c580478 - - default default] 10.0.0.202 "GET /v2.0/security-groups?name=tempest-securitygroup--609854752&fields=id&tenant_id=c76dd51945e94b2dae4e6abf0c580478 HTTP/1.1" status: 200 len: 267 time: 0.0657451
2026-04-21 18:32:48.205 9 INFO neutron.services.segments.plugin [-] Segment bbde65c3-61f5-4683-901c-c3e8276d0484 resource provider aggregate not found
2026-04-21 18:32:48.212 9 INFO neutron.services.segments.plugin [-] Segment bbde65c3-61f5-4683-901c-c3e8276d0484 resource provider aggregate not found
2026-04-21 18:32:48.244 9 INFO neutron.services.segments.plugin [-] Segment bbde65c3-61f5-4683-901c-c3e8276d0484 resource provider not found; error: Placement Client Error (4xx): {"errors": [{"status": 404, "title": "Not Found", "detail": "The resource could not be found.\n\n No resource provider with uuid bbde65c3-61f5-4683-901c-c3e8276d0484 found for delete ", "request_id": "req-d0ac6010-18c6-42b6-89ba-949922dc23ec"}]}
2026-04-21 18:32:48.257 9 INFO neutron.services.segments.plugin [-] Segment bbde65c3-61f5-4683-901c-c3e8276d0484 resource provider not found; error: Placement Client Error (4xx): {"errors": [{"status": 404, "title": "Not Found", "detail": "The resource could not be found.\n\n No resource provider with uuid bbde65c3-61f5-4683-901c-c3e8276d0484 found for delete ", "request_id": "req-4703adc7-4578-46f7-b284-6f33454e2087"}]}
2026-04-21 18:32:48.299 9 INFO neutron.wsgi [req-41aac93e-6826-4aec-88b2-bc8afbc4396d req-60bb4e34-4642-4565-9a9c-18045819b63c 2978a4d4125242a1b10942defa1ad08b c76dd51945e94b2dae4e6abf0c580478 - - default default] 10.0.0.202 "GET /v2.0/networks?id=05c4ee22-a0db-4bed-b8d5-c140c857bfcf HTTP/1.1" status: 200 len: 883 time: 0.0960393
2026-04-21 18:32:48.332 9 INFO neutron.wsgi [req-41aac93e-6826-4aec-88b2-bc8afbc4396d req-4c9a88f6-f9cf-4aa7-a491-79c413f5792c 2978a4d4125242a1b10942defa1ad08b c76dd51945e94b2dae4e6abf0c580478 - - default default] 10.0.0.202 "GET /v2.0/quotas/c76dd51945e94b2dae4e6abf0c580478 HTTP/1.1" status: 200 len: 491 time: 0.0155740
2026-04-21 18:32:48.391 10 INFO neutron.db.ovn_revision_numbers_db [None req-435794ac-8607-41e1-a6ba-fa3908c1826a - - - - - -] Successfully bumped revision number for resource fd6e79d4-efb5-490e-a072-1e20f9c1dde6 (type: router_ports) to 2
2026-04-21 18:32:48.467 10 INFO neutron.wsgi [None req-7ad8029d-a0e4-47c6-86a5-ed9ce03ff078 7d27d9fb4b8745858d726b4655a75e6b 3249600bc36e45c48692e41a8e6710f4 - - default default] 10.0.0.179 "DELETE /v2.0/security-groups/547ea050-e466-42e8-9979-5e00b30e680c HTTP/1.1" status: 204 len: 168 time: 0.4015291
2026-04-21 18:32:48.478 9 INFO neutron.wsgi [req-41aac93e-6826-4aec-88b2-bc8afbc4396d req-67f3055c-cfc1-4435-9c98-6b92ddd2c36c 2978a4d4125242a1b10942defa1ad08b c76dd51945e94b2dae4e6abf0c580478 - - default default] 10.0.0.202 "GET /v2.0/ports?tenant_id=c76dd51945e94b2dae4e6abf0c580478&fields=id HTTP/1.1" status: 200 len: 302 time: 0.1377692
2026-04-21 18:32:48.523 9 INFO neutron.wsgi [req-1197b4f3-56b7-4988-9b94-b11818a2312d req-5a77b019-6271-47b8-875d-674325c9aab2 eae47d326bd84e828ccce22dd4c19ce3 d0a5315dac4f4ae289a1037d76bdaf57 - - d3ba149a81214f518444c92fb3470b22 d3ba149a81214f518444c92fb3470b22] 10.0.0.202 "GET /v2.0/extensions HTTP/1.1" status: 200 len: 18683 time: 0.0835977
2026-04-21 18:32:48.656 9 INFO neutron.wsgi [req-1197b4f3-56b7-4988-9b94-b11818a2312d req-cba25080-86e4-423c-ab35-10399ef48c87 eae47d326bd84e828ccce22dd4c19ce3 d0a5315dac4f4ae289a1037d76bdaf57 - - d3ba149a81214f518444c92fb3470b22 d3ba149a81214f518444c92fb3470b22] 10.0.0.202 "GET /v2.0/networks/9892ba81-913c-4d51-a4ab-f5abf044e1bb?fields=segments HTTP/1.1" status: 200 len: 212 time: 0.1174095
2026-04-21 18:32:48.786 9 INFO neutron.wsgi [req-1197b4f3-56b7-4988-9b94-b11818a2312d req-c8f9bb08-9ae9-4728-b7d7-5a0014d905d5 eae47d326bd84e828ccce22dd4c19ce3 d0a5315dac4f4ae289a1037d76bdaf57 - - d3ba149a81214f518444c92fb3470b22 d3ba149a81214f518444c92fb3470b22] 10.0.0.202 "GET /v2.0/networks/9892ba81-913c-4d51-a4ab-f5abf044e1bb?fields=provider%3Aphysical_network&fields=provider%3Anetwork_type HTTP/1.1" status: 200 len: 277 time: 0.1148300
2026-04-21 18:32:48.813 9 INFO neutron.wsgi [None req-3f391691-ca1d-4937-9d34-090f59f71196 7d27d9fb4b8745858d726b4655a75e6b 3249600bc36e45c48692e41a8e6710f4 - - default default] 10.0.0.179 "DELETE /v2.0/routers/50ab7cb2-0eff-474e-877d-88022d1bef9e HTTP/1.1" status: 204 len: 168 time: 1.5216277
2026-04-21 18:32:48.948 9 INFO neutron.wsgi [req-41aac93e-6826-4aec-88b2-bc8afbc4396d req-2fa54dd8-44ee-45fa-b556-c869e728279a eae47d326bd84e828ccce22dd4c19ce3 d0a5315dac4f4ae289a1037d76bdaf57 - - d3ba149a81214f518444c92fb3470b22 d3ba149a81214f518444c92fb3470b22] 10.0.0.202 "GET /v2.0/extensions HTTP/1.1" status: 200 len: 18683 time: 0.0514903
2026-04-21 18:32:49.033 9 INFO neutron.wsgi [req-41aac93e-6826-4aec-88b2-bc8afbc4396d req-ddfa0fb6-a590-4e6c-8743-79e7016f275d eae47d326bd84e828ccce22dd4c19ce3 d0a5315dac4f4ae289a1037d76bdaf57 - - d3ba149a81214f518444c92fb3470b22 d3ba149a81214f518444c92fb3470b22] 10.0.0.202 "GET /v2.0/networks/05c4ee22-a0db-4bed-b8d5-c140c857bfcf?fields=segments HTTP/1.1" status: 200 len: 212 time: 0.0754590
2026-04-21 18:32:49.084 9 INFO neutron.wsgi [None req-c83c1ac0-b6b7-4f70-9b8a-1cd937307612 7d27d9fb4b8745858d726b4655a75e6b 3249600bc36e45c48692e41a8e6710f4 - - default default] 10.0.0.179 "DELETE /v2.0/subnets/e3fad80e-b286-48d5-bb45-e78e984016fb HTTP/1.1" status: 204 len: 168 time: 0.2620785
2026-04-21 18:32:49.113 9 INFO neutron.wsgi [req-41aac93e-6826-4aec-88b2-bc8afbc4396d req-1759911b-fa70-41dc-8b83-020d7af63dff eae47d326bd84e828ccce22dd4c19ce3 d0a5315dac4f4ae289a1037d76bdaf57 - - d3ba149a81214f518444c92fb3470b22 d3ba149a81214f518444c92fb3470b22] 10.0.0.202 "GET /v2.0/networks/05c4ee22-a0db-4bed-b8d5-c140c857bfcf?fields=provider%3Aphysical_network&fields=provider%3Anetwork_type HTTP/1.1" status: 200 len: 277 time: 0.0715461
2026-04-21 18:32:49.154 9 INFO neutron.wsgi [req-df2e6215-9b8e-46d6-b1fa-73938c4a2755 req-1d1ef6d3-920b-426e-9bc5-bf9909c01e86 53bfc450a7e841f6817319341257ae17 a400d071db2d4f3eb3ad0c17d2de237e - - default default] 10.0.0.202 "GET /v2.0/ports?device_id=026970d4-efb0-4128-8066-f7c95b15c537 HTTP/1.1" status: 200 len: 210 time: 0.0328159
2026-04-21 18:32:49.321 9 INFO neutron.wsgi [req-9ae7db0f-ed0e-4dd0-a5d6-98b6d9e4169e req-3a7606ff-f438-479a-a8ae-32695d6802aa 2978a4d4125242a1b10942defa1ad08b c76dd51945e94b2dae4e6abf0c580478 - - default default] 10.0.0.202 "GET /v2.0/ports?device_id=d5a0dd5d-4f8b-41b7-adfb-dde6dd60b8f4 HTTP/1.1" status: 200 len: 210 time: 0.0242870
2026-04-21 18:32:49.633 10 INFO neutron.wsgi [None req-8f8ed33d-6d99-4886-b6d4-f7988bb2860d 7d27d9fb4b8745858d726b4655a75e6b 3249600bc36e45c48692e41a8e6710f4 - - default default] 10.0.0.179 "DELETE /v2.0/networks/aead3095-cdd5-4f92-96a2-358cff0e63b0 HTTP/1.1" status: 204 len: 168 time: 0.5446339
2026-04-21 18:32:49.838 9 INFO neutron.wsgi [None req-6095e887-b2d1-4ba3-a272-341f196b03f8 7d27d9fb4b8745858d726b4655a75e6b 3249600bc36e45c48692e41a8e6710f4 - - default default] 10.0.0.179 "GET /v2.0/security-groups?tenant_id=e3cd06882dc14b72ab384b871a914d6c&name=default HTTP/1.1" status: 200 len: 3116 time: 0.0519719
2026-04-21 18:32:50.105 9 INFO neutron.wsgi [None req-39ddc12c-050a-4dae-8a6b-9d90849611ae 7d27d9fb4b8745858d726b4655a75e6b 3249600bc36e45c48692e41a8e6710f4 - - default default] 10.0.0.179 "DELETE /v2.0/security-groups/5aeb9b1e-4e29-4fde-8e56-581e2782f57d HTTP/1.1" status: 204 len: 168 time: 0.2600715
2026-04-21 18:32:50.176 10 INFO neutron.services.segments.plugin [-] Segment 28cac85f-613b-4f29-ab73-5bc0ee6bebd0 resource provider aggregate not found
2026-04-21 18:32:50.184 10 INFO neutron.services.segments.plugin [-] Segment 28cac85f-613b-4f29-ab73-5bc0ee6bebd0 resource provider aggregate not found
2026-04-21 18:32:50.198 10 INFO neutron.services.segments.plugin [-] Segment 28cac85f-613b-4f29-ab73-5bc0ee6bebd0 resource provider not found; error: Placement Client Error (4xx): {"errors": [{"status": 404, "title": "Not Found", "detail": "The resource could not be found.\n\n No resource provider with uuid 28cac85f-613b-4f29-ab73-5bc0ee6bebd0 found for delete ", "request_id": "req-04454feb-1c9e-401d-87a9-68a4ff59bc37"}]}
2026-04-21 18:32:50.207 10 INFO neutron.services.segments.plugin [-] Segment 28cac85f-613b-4f29-ab73-5bc0ee6bebd0 resource provider not found; error: Placement Client Error (4xx): {"errors": [{"status": 404, "title": "Not Found", "detail": "The resource could not be found.\n\n No resource provider with uuid 28cac85f-613b-4f29-ab73-5bc0ee6bebd0 found for delete ", "request_id": "req-36d73de5-cc8b-4a66-97e4-edcf4374b231"}]}
2026-04-21 18:32:50.348 9 INFO neutron.wsgi [req-90a2433e-62b5-4d5d-9297-e55588c59e3d req-a0700d67-b964-4bb4-99e8-5cdda8fa5b7d 53bfc450a7e841f6817319341257ae17 a400d071db2d4f3eb3ad0c17d2de237e - - default default] 10.0.0.202 "GET /v2.0/ports?device_id=026970d4-efb0-4128-8066-f7c95b15c537 HTTP/1.1" status: 200 len: 210 time: 0.0355504
2026-04-21 18:32:50.481 9 INFO neutron.wsgi [req-68023dff-1924-4b42-a4b0-f99bbb8726ee req-692d360d-f7d1-439d-bfab-0de0fc719863 2978a4d4125242a1b10942defa1ad08b c76dd51945e94b2dae4e6abf0c580478 - - default default] 10.0.0.202 "GET /v2.0/ports?device_id=d5a0dd5d-4f8b-41b7-adfb-dde6dd60b8f4 HTTP/1.1" status: 200 len: 210 time: 0.0266683
2026-04-21 18:32:50.692 9 INFO neutron.db.ovn_revision_numbers_db [None req-90524f74-d781-47a4-9cf5-15be790b5448 7d27d9fb4b8745858d726b4655a75e6b 3249600bc36e45c48692e41a8e6710f4 - - default default] Successfully bumped revision number for resource 92147287-cb02-475c-87b1-aada3e9a8c29 (type: security_groups) to 1
2026-04-21 18:32:50.708 9 INFO neutron.db.ovn_revision_numbers_db [None req-90524f74-d781-47a4-9cf5-15be790b5448 7d27d9fb4b8745858d726b4655a75e6b 3249600bc36e45c48692e41a8e6710f4 - - default default] Successfully bumped revision number for resource a55b7944-e30c-4828-904b-48c86a6a3596 (type: security_group_rules) to 0
2026-04-21 18:32:50.724 9 INFO neutron.db.ovn_revision_numbers_db [None req-90524f74-d781-47a4-9cf5-15be790b5448 7d27d9fb4b8745858d726b4655a75e6b 3249600bc36e45c48692e41a8e6710f4 - - default default] Successfully bumped revision number for resource afc93cf3-cfb1-4303-9cc6-a396a4fd2d97 (type: security_group_rules) to 0
2026-04-21 18:32:50.742 9 INFO neutron.db.ovn_revision_numbers_db [None req-90524f74-d781-47a4-9cf5-15be790b5448 7d27d9fb4b8745858d726b4655a75e6b 3249600bc36e45c48692e41a8e6710f4 - - default default] Successfully bumped revision number for resource dfcf7710-ad51-4262-9a2f-5135e3d3ae4c (type: security_group_rules) to 0
2026-04-21 18:32:50.756 9 INFO neutron.db.ovn_revision_numbers_db [None req-90524f74-d781-47a4-9cf5-15be790b5448 7d27d9fb4b8745858d726b4655a75e6b 3249600bc36e45c48692e41a8e6710f4 - - default default] Successfully bumped revision number for resource e2f15da3-6d9f-42c8-9e08-b010f0dbef1b (type: security_group_rules) to 0
2026-04-21 18:32:50.803 9 WARNING neutron.plugins.ml2.drivers.ovn.mech_driver.ovsdb.ovn_client [None req-2037f131-7951-4e35-9024-774f5bac6ef3 - - - - - -] No hosting information found for port bfd1cad5-cd49-45c4-9b85-0ed470562dae: RuntimeError: No hosting information found for port bfd1cad5-cd49-45c4-9b85-0ed470562dae
2026-04-21 18:32:50.803 9 INFO neutron.plugins.ml2.drivers.ovn.mech_driver.mech_driver [None req-2037f131-7951-4e35-9024-774f5bac6ef3 - - - - - -] OVN reports status up for port: a565a13f-4cd6-40c2-b23a-1ca8a42e6f42
2026-04-21 18:32:50.810 9 INFO neutron.db.segments_db [None req-90524f74-d781-47a4-9cf5-15be790b5448 7d27d9fb4b8745858d726b4655a75e6b 3249600bc36e45c48692e41a8e6710f4 - - default default] Added segment 3683ae8e-6329-414e-9251-b8dfa888a8d1 of type geneve for network 267afa6a-d1cc-4cf4-904b-1a4407e44562
2026-04-21 18:32:50.825 9 INFO neutron.plugins.ml2.plugin [None req-2037f131-7951-4e35-9024-774f5bac6ef3 - - - - - -] Attempt 1 to provision port a565a13f-4cd6-40c2-b23a-1ca8a42e6f42
2026-04-21 18:32:51.012 9 INFO neutron.db.ovn_revision_numbers_db [None req-90524f74-d781-47a4-9cf5-15be790b5448 7d27d9fb4b8745858d726b4655a75e6b 3249600bc36e45c48692e41a8e6710f4 - - default default] Successfully bumped revision number for resource 267afa6a-d1cc-4cf4-904b-1a4407e44562 (type: networks) to 1
2026-04-21 18:32:51.023 10 INFO neutron.wsgi [req-41aac93e-6826-4aec-88b2-bc8afbc4396d req-3da1c832-5282-4c5f-9a02-28a1b0d7cb3a 2978a4d4125242a1b10942defa1ad08b c76dd51945e94b2dae4e6abf0c580478 - - default default] 199.19.213.138 "GET /v2.0/networks?id=05c4ee22-a0db-4bed-b8d5-c140c857bfcf HTTP/1.1" status: 200 len: 883 time: 0.1973448
2026-04-21 18:32:51.031 10 INFO neutron.wsgi [req-1197b4f3-56b7-4988-9b94-b11818a2312d req-e065e1fc-17e8-4f13-ae7a-14abb7195e6e 53bfc450a7e841f6817319341257ae17 a400d071db2d4f3eb3ad0c17d2de237e - - default default] 199.19.213.138 "GET /v2.0/networks?id=9892ba81-913c-4d51-a4ab-f5abf044e1bb HTTP/1.1" status: 200 len: 878 time: 0.2090971
2026-04-21 18:32:51.127 10 INFO neutron.wsgi [req-41aac93e-6826-4aec-88b2-bc8afbc4396d req-2aa47ff3-3de4-49b0-bdfa-dfce0a7886c7 2978a4d4125242a1b10942defa1ad08b c76dd51945e94b2dae4e6abf0c580478 - - default default] 199.19.213.138 "GET /v2.0/security-groups?fields=id&fields=name&tenant_id=c76dd51945e94b2dae4e6abf0c580478 HTTP/1.1" status: 200 len: 379 time: 0.0830760
2026-04-21 18:32:51.131 10 INFO neutron.wsgi [req-1197b4f3-56b7-4988-9b94-b11818a2312d req-f898b312-8796-42bc-a0b3-9392cb125b1c 53bfc450a7e841f6817319341257ae17 a400d071db2d4f3eb3ad0c17d2de237e - - default default] 199.19.213.138 "GET /v2.0/security-groups?fields=id&fields=name&tenant_id=a400d071db2d4f3eb3ad0c17d2de237e HTTP/1.1" status: 200 len: 378 time: 0.0860851
2026-04-21 18:32:51.144 10 WARNING neutron_lib.context [req-41aac93e-6826-4aec-88b2-bc8afbc4396d req-6ac7e691-b848-401a-b54c-1e859a084371 2978a4d4125242a1b10942defa1ad08b c76dd51945e94b2dae4e6abf0c580478 - - default default] Method 'is_advsvc' is deprecated since 2023.2 release (neutron-lib 3.8.0) and will be removed once support for the old RBAC API policies will be removed from Neutron. Please use method 'is_service_role' instead.
2026-04-21 18:32:51.158 10 WARNING neutron_lib.context [req-1197b4f3-56b7-4988-9b94-b11818a2312d req-28e5594f-5e50-455c-8f9b-6bbc05a45555 53bfc450a7e841f6817319341257ae17 a400d071db2d4f3eb3ad0c17d2de237e - - default default] Method 'is_advsvc' is deprecated since 2023.2 release (neutron-lib 3.8.0) and will be removed once support for the old RBAC API policies will be removed from Neutron. Please use method 'is_service_role' instead.
2026-04-21 18:32:51.250 9 WARNING neutron.scheduler.dhcp_agent_scheduler [None req-90524f74-d781-47a4-9cf5-15be790b5448 7d27d9fb4b8745858d726b4655a75e6b 3249600bc36e45c48692e41a8e6710f4 - - default default] No more DHCP agents
2026-04-21 18:32:51.251 9 WARNING neutron.api.rpc.agentnotifiers.dhcp_rpc_agent_api [None req-90524f74-d781-47a4-9cf5-15be790b5448 7d27d9fb4b8745858d726b4655a75e6b 3249600bc36e45c48692e41a8e6710f4 - - default default] Unable to schedule network 267afa6a-d1cc-4cf4-904b-1a4407e44562: no agents available; will retry on subsequent port and subnet creation events.
2026-04-21 18:32:51.366 9 INFO neutron.db.ovn_revision_numbers_db [None req-90524f74-d781-47a4-9cf5-15be790b5448 7d27d9fb4b8745858d726b4655a75e6b 3249600bc36e45c48692e41a8e6710f4 - - default default] Successfully bumped revision number for resource 00f7b25c-a539-4497-812b-7afc7dfd032c (type: ports) to 1
2026-04-21 18:32:51.391 9 INFO neutron.wsgi [None req-90524f74-d781-47a4-9cf5-15be790b5448 7d27d9fb4b8745858d726b4655a75e6b 3249600bc36e45c48692e41a8e6710f4 - - default default] 10.0.0.179 "POST /v2.0/networks HTTP/1.1" status: 201 len: 948 time: 1.1100907
2026-04-21 18:32:51.487 9 INFO neutron.wsgi [req-b2b476dd-9b55-4191-a454-51d1ea9becfb req-4d4f10ae-0c58-4e71-bbb3-e10a289e2a24 53bfc450a7e841f6817319341257ae17 a400d071db2d4f3eb3ad0c17d2de237e - - default default] 10.0.0.202 "GET /v2.0/ports?device_id=026970d4-efb0-4128-8066-f7c95b15c537 HTTP/1.1" status: 200 len: 210 time: 0.0314932
2026-04-21 18:32:51.572 9 INFO neutron.wsgi [req-17c36d3a-23f9-4128-875f-45ff42526c10 req-c1e29fed-d32e-4291-8150-e01e320a703f 2978a4d4125242a1b10942defa1ad08b c76dd51945e94b2dae4e6abf0c580478 - - default default] 10.0.0.202 "GET /v2.0/ports?device_id=d5a0dd5d-4f8b-41b7-adfb-dde6dd60b8f4 HTTP/1.1" status: 200 len: 210 time: 0.0254250
2026-04-21 18:32:51.636 9 WARNING neutron.scheduler.dhcp_agent_scheduler [None req-d256d99c-7448-4030-b608-ec51646112c9 7d27d9fb4b8745858d726b4655a75e6b 3249600bc36e45c48692e41a8e6710f4 - - default default] No more DHCP agents
2026-04-21 18:32:51.641 9 WARNING neutron.api.rpc.agentnotifiers.dhcp_rpc_agent_api [None req-d256d99c-7448-4030-b608-ec51646112c9 7d27d9fb4b8745858d726b4655a75e6b 3249600bc36e45c48692e41a8e6710f4 - - default default] Unable to schedule network 267afa6a-d1cc-4cf4-904b-1a4407e44562: no agents available; will retry on subsequent port and subnet creation events.
2026-04-21 18:32:51.775 10 WARNING neutron.scheduler.dhcp_agent_scheduler [req-1197b4f3-56b7-4988-9b94-b11818a2312d req-28e5594f-5e50-455c-8f9b-6bbc05a45555 53bfc450a7e841f6817319341257ae17 a400d071db2d4f3eb3ad0c17d2de237e - - default default] No more DHCP agents
2026-04-21 18:32:51.777 10 WARNING neutron.scheduler.dhcp_agent_scheduler [req-41aac93e-6826-4aec-88b2-bc8afbc4396d req-6ac7e691-b848-401a-b54c-1e859a084371 2978a4d4125242a1b10942defa1ad08b c76dd51945e94b2dae4e6abf0c580478 - - default default] No more DHCP agents
2026-04-21 18:32:51.778 10 WARNING neutron.api.rpc.agentnotifiers.dhcp_rpc_agent_api [req-1197b4f3-56b7-4988-9b94-b11818a2312d req-28e5594f-5e50-455c-8f9b-6bbc05a45555 53bfc450a7e841f6817319341257ae17 a400d071db2d4f3eb3ad0c17d2de237e - - default default] Unable to schedule network 9892ba81-913c-4d51-a4ab-f5abf044e1bb: no agents available; will retry on subsequent port and subnet creation events.
2026-04-21 18:32:51.779 10 WARNING neutron.api.rpc.agentnotifiers.dhcp_rpc_agent_api [req-41aac93e-6826-4aec-88b2-bc8afbc4396d req-6ac7e691-b848-401a-b54c-1e859a084371 2978a4d4125242a1b10942defa1ad08b c76dd51945e94b2dae4e6abf0c580478 - - default default] Unable to schedule network 05c4ee22-a0db-4bed-b8d5-c140c857bfcf: no agents available; will retry on subsequent port and subnet creation events.
2026-04-21 18:32:52.156 10 INFO neutron.db.ovn_revision_numbers_db [req-41aac93e-6826-4aec-88b2-bc8afbc4396d req-6ac7e691-b848-401a-b54c-1e859a084371 2978a4d4125242a1b10942defa1ad08b c76dd51945e94b2dae4e6abf0c580478 - - default default] Successfully bumped revision number for resource f4951143-6d28-4f8c-88dc-1ad80ee40b74 (type: ports) to 1
2026-04-21 18:32:52.158 10 INFO neutron.db.ovn_revision_numbers_db [req-1197b4f3-56b7-4988-9b94-b11818a2312d req-28e5594f-5e50-455c-8f9b-6bbc05a45555 53bfc450a7e841f6817319341257ae17 a400d071db2d4f3eb3ad0c17d2de237e - - default default] Successfully bumped revision number for resource d22bbfb8-e62e-4de3-a4ae-33f3965c0180 (type: ports) to 1
2026-04-21 18:32:52.181 10 INFO neutron.wsgi [req-41aac93e-6826-4aec-88b2-bc8afbc4396d req-6ac7e691-b848-401a-b54c-1e859a084371 2978a4d4125242a1b10942defa1ad08b c76dd51945e94b2dae4e6abf0c580478 - - default default] 199.19.213.138 "POST /v2.0/ports HTTP/1.1" status: 201 len: 1158 time: 1.0440195
2026-04-21 18:32:52.184 10 INFO neutron.wsgi [req-1197b4f3-56b7-4988-9b94-b11818a2312d req-28e5594f-5e50-455c-8f9b-6bbc05a45555 53bfc450a7e841f6817319341257ae17 a400d071db2d4f3eb3ad0c17d2de237e - - default default] 199.19.213.138 "POST /v2.0/ports HTTP/1.1" status: 201 len: 1158 time: 1.0456598 /var/lib/openstack/lib/python3.10/site-packages/pycadf/identifier.py:71: UserWarning: Invalid uuid: neutron. To ensure interoperability, identifiers should be a valid uuid. warnings.warn(('Invalid uuid: %s. To ensure interoperability, '
2026-04-21 18:32:52.196 10 INFO neutron.wsgi [req-41aac93e-6826-4aec-88b2-bc8afbc4396d req-1e4531b0-dbe1-4db9-8995-b85dcff1c836 2978a4d4125242a1b10942defa1ad08b c76dd51945e94b2dae4e6abf0c580478 - - default default] 199.19.213.138 "GET /v2.0/extensions HTTP/1.1" status: 200 len: 18683 time: 0.0077555
2026-04-21 18:32:52.202 10 INFO neutron.wsgi [req-1197b4f3-56b7-4988-9b94-b11818a2312d req-723b145f-3c70-490d-b5b8-38d5d9a15bc4 53bfc450a7e841f6817319341257ae17 a400d071db2d4f3eb3ad0c17d2de237e - - default default] 199.19.213.138 "GET /v2.0/extensions HTTP/1.1" status: 200 len: 18683 time: 0.0118666
2026-04-21 18:32:52.357 9 INFO neutron.db.ovn_revision_numbers_db [None req-d256d99c-7448-4030-b608-ec51646112c9 7d27d9fb4b8745858d726b4655a75e6b 3249600bc36e45c48692e41a8e6710f4 - - default default] Successfully bumped revision number for resource 00f7b25c-a539-4497-812b-7afc7dfd032c (type: ports) to 2
2026-04-21 18:32:52.393 9 INFO neutron.db.ovn_revision_numbers_db [None req-d256d99c-7448-4030-b608-ec51646112c9 7d27d9fb4b8745858d726b4655a75e6b 3249600bc36e45c48692e41a8e6710f4 - - default default] Successfully bumped revision number for resource 1d87e2ab-8415-4a22-b0ee-e24870d32868 (type: subnets) to 0
2026-04-21 18:32:52.409 9 INFO neutron.wsgi [None req-d256d99c-7448-4030-b608-ec51646112c9 7d27d9fb4b8745858d726b4655a75e6b 3249600bc36e45c48692e41a8e6710f4 - - default default] 10.0.0.179 "POST /v2.0/subnets HTTP/1.1" status: 201 len: 868 time: 1.0148649
2026-04-21 18:32:52.410 10 INFO neutron.db.ovn_revision_numbers_db [None req-e70dbe94-25ea-457b-b8c1-084f6b6b8742 7d27d9fb4b8745858d726b4655a75e6b 3249600bc36e45c48692e41a8e6710f4 - - default default] Successfully bumped revision number for resource 5fc462a3-b441-41f6-8ec4-dd655f6eb869 (type: security_groups) to 1
2026-04-21 18:32:52.423 10 INFO neutron.db.ovn_revision_numbers_db [None req-e70dbe94-25ea-457b-b8c1-084f6b6b8742 7d27d9fb4b8745858d726b4655a75e6b 3249600bc36e45c48692e41a8e6710f4 - - default default] Successfully bumped revision number for resource 1f772a60-13c2-4b18-99d5-931780ddef1f (type: security_group_rules) to 0
2026-04-21 18:32:52.435 10 INFO neutron.db.ovn_revision_numbers_db [None req-e70dbe94-25ea-457b-b8c1-084f6b6b8742 7d27d9fb4b8745858d726b4655a75e6b 3249600bc36e45c48692e41a8e6710f4 - - default default] Successfully bumped revision number for resource 4ef32948-9819-4c32-8dfe-d51d6f4d8230 (type: security_group_rules) to 0
2026-04-21 18:32:52.448 10 INFO neutron.db.ovn_revision_numbers_db [None req-e70dbe94-25ea-457b-b8c1-084f6b6b8742 7d27d9fb4b8745858d726b4655a75e6b 3249600bc36e45c48692e41a8e6710f4 - - default default] Successfully bumped revision number for resource a93e0335-cef3-4345-9264-ed47ec3901e4 (type: security_group_rules) to 0
2026-04-21 18:32:52.461 10 INFO neutron.db.ovn_revision_numbers_db [None req-e70dbe94-25ea-457b-b8c1-084f6b6b8742 7d27d9fb4b8745858d726b4655a75e6b 3249600bc36e45c48692e41a8e6710f4 - - default default] Successfully bumped revision number for resource cada00ac-506d-491b-821d-8c2c86a20d90 (type: security_group_rules) to 0
2026-04-21 18:32:52.512 10 INFO neutron.db.segments_db [None req-e70dbe94-25ea-457b-b8c1-084f6b6b8742 7d27d9fb4b8745858d726b4655a75e6b 3249600bc36e45c48692e41a8e6710f4 - - default default] Added segment 45be0c1e-d675-47b4-b1f1-150218b56fa8 of type geneve for network db980873-9298-432b-9027-a2f42dbe9143
2026-04-21 18:32:52.643 9 INFO neutron.wsgi [req-0b317430-f9a4-4ccc-b42a-df4e7298239f req-d0a21119-d815-4de0-8cbc-7681cf6ed5bf 53bfc450a7e841f6817319341257ae17 a400d071db2d4f3eb3ad0c17d2de237e - - default default] 10.0.0.202 "GET /v2.0/ports?device_id=026970d4-efb0-4128-8066-f7c95b15c537 HTTP/1.1" status: 200 len: 1156 time: 0.0597155
2026-04-21 18:32:52.725 9 INFO neutron.wsgi [req-5e791a6f-ea05-40b2-b1c7-9136a2becd13 req-d3a79e94-8493-43bc-9094-440dc6e1f173 2978a4d4125242a1b10942defa1ad08b c76dd51945e94b2dae4e6abf0c580478 - - default default] 10.0.0.202 "GET /v2.0/ports?device_id=d5a0dd5d-4f8b-41b7-adfb-dde6dd60b8f4 HTTP/1.1" status: 200 len: 1156 time: 0.0695808
2026-04-21 18:32:52.740 10 INFO neutron.db.ovn_revision_numbers_db [None req-e70dbe94-25ea-457b-b8c1-084f6b6b8742 7d27d9fb4b8745858d726b4655a75e6b 3249600bc36e45c48692e41a8e6710f4 - - default default] Successfully bumped revision number for resource db980873-9298-432b-9027-a2f42dbe9143 (type: networks) to 1
2026-04-21 18:32:52.760 9 INFO neutron.wsgi [req-0b317430-f9a4-4ccc-b42a-df4e7298239f req-658ac12d-df73-4e15-bbb6-8356fa105537 53bfc450a7e841f6817319341257ae17 a400d071db2d4f3eb3ad0c17d2de237e - - default default] 10.0.0.202 "GET /v2.0/security-groups?id=6ca82a30-ed1e-4ac6-86cb-d901bddc9e9d&fields=id&fields=name HTTP/1.1" status: 200 len: 311 time: 0.1067333
2026-04-21 18:32:52.800 9 INFO neutron.wsgi [req-5e791a6f-ea05-40b2-b1c7-9136a2becd13 req-28df7a32-bca8-426a-95ad-a10acf4a5374 2978a4d4125242a1b10942defa1ad08b c76dd51945e94b2dae4e6abf0c580478 - - default default] 10.0.0.202 "GET /v2.0/security-groups?id=c4a30f70-ca24-40c1-9540-8084792ee8a6&fields=id&fields=name HTTP/1.1" status: 200 len: 312 time: 0.0556200
2026-04-21 18:32:53.051 9 WARNING neutron.scheduler.dhcp_agent_scheduler [None req-c76c13d5-8a78-4f80-afe8-3ec4c88ad2d7 7d27d9fb4b8745858d726b4655a75e6b 3249600bc36e45c48692e41a8e6710f4 - - default default] No more DHCP agents
2026-04-21 18:32:53.053 9 WARNING neutron.api.rpc.agentnotifiers.dhcp_rpc_agent_api [None req-c76c13d5-8a78-4f80-afe8-3ec4c88ad2d7 7d27d9fb4b8745858d726b4655a75e6b 3249600bc36e45c48692e41a8e6710f4 - - default default] Unable to schedule network b66c8c8f-c1d8-4494-bcab-303e28d34b89: no agents available; will retry on subsequent port and subnet creation events.
2026-04-21 18:32:53.166 10 WARNING neutron.scheduler.dhcp_agent_scheduler [None req-e70dbe94-25ea-457b-b8c1-084f6b6b8742 7d27d9fb4b8745858d726b4655a75e6b 3249600bc36e45c48692e41a8e6710f4 - - default default] No more DHCP agents
2026-04-21 18:32:53.168 10 WARNING neutron.api.rpc.agentnotifiers.dhcp_rpc_agent_api [None req-e70dbe94-25ea-457b-b8c1-084f6b6b8742 7d27d9fb4b8745858d726b4655a75e6b 3249600bc36e45c48692e41a8e6710f4 - - default default] Unable to schedule network db980873-9298-432b-9027-a2f42dbe9143: no agents available; will retry on subsequent port and subnet creation events.
