2026-04-21 18:36:15.469 9 INFO neutron.wsgi [None req-3d231c09-8c23-465b-aec0-8fe7ce90d2c3 7d27d9fb4b8745858d726b4655a75e6b 3249600bc36e45c48692e41a8e6710f4 - - default default] 10.0.0.179 "DELETE /v2.0/routers/b3ab5985-5c5f-4958-8637-4f8c0f69e294 HTTP/1.1" status: 204 len: 168 time: 0.9372952
2026-04-21 18:36:15.525 10 INFO neutron.db.ovn_revision_numbers_db [None req-f83d996a-9192-40dc-8458-305a9b91ecfd cd9440f4903e49cf872b389268c2f597 02e0ac97f6f5417d8f0fbbe5a02d28ed - - default default] Successfully bumped revision number for resource 50ec99f9-c6b6-41c4-8672-8c0419749785 (type: security_groups) to 1
2026-04-21 18:36:15.548 10 INFO neutron.db.ovn_revision_numbers_db [None req-f83d996a-9192-40dc-8458-305a9b91ecfd cd9440f4903e49cf872b389268c2f597 02e0ac97f6f5417d8f0fbbe5a02d28ed - - default default] Successfully bumped revision number for resource 55810275-45c5-466e-b652-0592a7ff17c1 (type: security_group_rules) to 0
2026-04-21 18:36:15.574 10 INFO neutron.db.ovn_revision_numbers_db [None req-f83d996a-9192-40dc-8458-305a9b91ecfd cd9440f4903e49cf872b389268c2f597 02e0ac97f6f5417d8f0fbbe5a02d28ed - - default default] Successfully bumped revision number for resource 803988de-b8ca-42c8-b814-401796a2c725 (type: security_group_rules) to 0
2026-04-21 18:36:15.591 10 INFO neutron.db.ovn_revision_numbers_db [None req-f83d996a-9192-40dc-8458-305a9b91ecfd cd9440f4903e49cf872b389268c2f597 02e0ac97f6f5417d8f0fbbe5a02d28ed - - default default] Successfully bumped revision number for resource a054eda0-8f52-43f7-8e5d-2100d7edd6ee (type: security_group_rules) to 0
2026-04-21 18:36:15.607 10 INFO neutron.wsgi [None req-58d2e1fc-8828-486a-b04b-6404b7256f47 900fcd86a6704f878f7737e60430fd04 90d5c9683e524af5aed731821ed4e04e - - default default] 10.0.0.179 "DELETE /v2.0/subnets/f179b8ae-76c5-4c79-826c-0673ba190deb HTTP/1.1" status: 204 len: 168 time: 0.3836226
2026-04-21 18:36:15.624 10 INFO neutron.db.ovn_revision_numbers_db [None req-f83d996a-9192-40dc-8458-305a9b91ecfd cd9440f4903e49cf872b389268c2f597 02e0ac97f6f5417d8f0fbbe5a02d28ed - - default default] Successfully bumped revision number for resource c519847a-b165-49f4-9006-d12091dc371e (type: security_group_rules) to 0
2026-04-21 18:36:15.676 10 INFO neutron.db.segments_db [None req-f83d996a-9192-40dc-8458-305a9b91ecfd cd9440f4903e49cf872b389268c2f597 02e0ac97f6f5417d8f0fbbe5a02d28ed - - default default] Added segment b588a3df-12d8-4d10-a6cc-406fb9c3a5b3 of type geneve for network a93a9298-cf8b-46cd-b720-5513429ac0bb
2026-04-21 18:36:15.714 9 INFO neutron.wsgi [None req-692fcf43-9bcf-4961-a200-69d478f1ae98 7d27d9fb4b8745858d726b4655a75e6b 3249600bc36e45c48692e41a8e6710f4 - - default default] 10.0.0.179 "DELETE /v2.0/subnets/38abc055-16f2-46ac-93c3-6cc244c9f467 HTTP/1.1" status: 204 len: 168 time: 0.2392967
2026-04-21 18:36:15.860 10 INFO neutron.db.ovn_revision_numbers_db [None req-f83d996a-9192-40dc-8458-305a9b91ecfd cd9440f4903e49cf872b389268c2f597 02e0ac97f6f5417d8f0fbbe5a02d28ed - - default default] Successfully bumped revision number for resource a93a9298-cf8b-46cd-b720-5513429ac0bb (type: networks) to 1
2026-04-21 18:36:15.880 9 INFO neutron.wsgi [None req-6ed145c5-4ed9-4ed8-9cdb-c593a841f872 900fcd86a6704f878f7737e60430fd04 90d5c9683e524af5aed731821ed4e04e - - default default] 10.0.0.179 "DELETE /v2.0/subnets/fea722bf-1550-4644-a393-6261a8d5327d HTTP/1.1" status: 204 len: 168 time: 0.2654757
2026-04-21 18:36:16.155 10 WARNING neutron.scheduler.dhcp_agent_scheduler [None req-f83d996a-9192-40dc-8458-305a9b91ecfd cd9440f4903e49cf872b389268c2f597 02e0ac97f6f5417d8f0fbbe5a02d28ed - - default default] No more DHCP agents
2026-04-21 18:36:16.158 10 WARNING neutron.api.rpc.agentnotifiers.dhcp_rpc_agent_api [None req-f83d996a-9192-40dc-8458-305a9b91ecfd cd9440f4903e49cf872b389268c2f597 02e0ac97f6f5417d8f0fbbe5a02d28ed - - default default] Unable to schedule network a93a9298-cf8b-46cd-b720-5513429ac0bb: no agents available; will retry on subsequent port and subnet creation events.
2026-04-21 18:36:16.255 10 INFO neutron.wsgi [None req-24e75352-8e75-476e-9772-c471a0182f49 900fcd86a6704f878f7737e60430fd04 90d5c9683e524af5aed731821ed4e04e - - default default] 10.0.0.179 "DELETE /v2.0/subnets/86a97a85-1221-4ab2-bd55-e4e87f24ca8d HTTP/1.1" status: 204 len: 168 time: 0.3626785
2026-04-21 18:36:16.321 10 INFO neutron.db.ovn_revision_numbers_db [None req-f83d996a-9192-40dc-8458-305a9b91ecfd cd9440f4903e49cf872b389268c2f597 02e0ac97f6f5417d8f0fbbe5a02d28ed - - default default] Successfully bumped revision number for resource 2bd16b78-b75d-458d-800b-5de1526f9843 (type: ports) to 1
2026-04-21 18:36:16.341 10 INFO neutron.services.segments.plugin [-] Segment 81ec6153-ecc5-4e85-8cb2-872b382402a5 resource provider aggregate not found
2026-04-21 18:36:16.356 10 INFO neutron.wsgi [None req-f83d996a-9192-40dc-8458-305a9b91ecfd cd9440f4903e49cf872b389268c2f597 02e0ac97f6f5417d8f0fbbe5a02d28ed - - default default] 10.0.0.179 "POST /v2.0/networks HTTP/1.1" status: 201 len: 831 time: 1.6499586
2026-04-21 18:36:16.357 10 INFO neutron.services.segments.plugin [-] Segment 81ec6153-ecc5-4e85-8cb2-872b382402a5 resource provider aggregate not found
2026-04-21 18:36:16.364 10 INFO neutron.services.segments.plugin [-] Segment 81ec6153-ecc5-4e85-8cb2-872b382402a5 resource provider not found; error: Placement Client Error (4xx): {"errors": [{"status": 404, "title": "Not Found", "detail": "The resource could not be found.\n\n No resource provider with uuid 81ec6153-ecc5-4e85-8cb2-872b382402a5 found for delete ", "request_id": "req-641bcecf-6fda-4089-ad1e-1db39f46e552"}]}
2026-04-21 18:36:16.375 10 INFO neutron.wsgi [None req-b2d299aa-627e-4389-a4a1-72d893c75abd 01e2fcaf70f94ceaa23a6bb1955019d8 56cd0cadc3b244009f9ae71971c00176 - - default default] 10.0.0.179 "DELETE /v2.0/networks/980cfc33-73e0-4d2c-a648-9404e50e8a9c HTTP/1.1" status: 204 len: 168 time: 0.9734626
2026-04-21 18:36:16.391 10 INFO neutron.services.segments.plugin [-] Segment 81ec6153-ecc5-4e85-8cb2-872b382402a5 resource provider not found; error: Placement Client Error (4xx): {"errors": [{"status": 404, "title": "Not Found", "detail": "The resource could not be found.\n\n No resource provider with uuid 81ec6153-ecc5-4e85-8cb2-872b382402a5 found for delete ", "request_id": "req-f3a5c6e9-bc4b-4fe7-84a3-058a78fa677e"}]}
2026-04-21 18:36:16.395 10 INFO neutron.wsgi [-] 10.0.0.171 "GET / HTTP/1.1" status: 200 len: 247 time: 0.0017135
2026-04-21 18:36:16.397 10 INFO neutron.wsgi [-] 10.0.0.171 "GET / HTTP/1.1" status: 200 len: 247 time: 0.0012882
2026-04-21 18:36:16.468 9 INFO neutron.services.segments.plugin [-] Segment 851d474f-ac22-49e0-bd0c-8259f97a918f resource provider aggregate not found
2026-04-21 18:36:16.472 9 INFO neutron.services.segments.plugin [-] Segment 851d474f-ac22-49e0-bd0c-8259f97a918f resource provider aggregate not found
2026-04-21 18:36:16.485 9 INFO neutron.wsgi [None req-224cbd31-8774-47b7-b507-2035bbaa167d cd9440f4903e49cf872b389268c2f597 02e0ac97f6f5417d8f0fbbe5a02d28ed - - default default] 10.0.0.179 "PUT /v2.0/networks/a93a9298-cf8b-46cd-b720-5513429ac0bb/tags HTTP/1.1" status: 200 len: 218 time: 0.1202419
2026-04-21 18:36:16.487 9 INFO neutron.services.segments.plugin [-] Segment 851d474f-ac22-49e0-bd0c-8259f97a918f resource provider not found; error: Placement Client Error (4xx): {"errors": [{"status": 404, "title": "Not Found", "detail": "The resource could not be found.\n\n No resource provider with uuid 851d474f-ac22-49e0-bd0c-8259f97a918f found for delete ", "request_id": "req-543cf43b-ee04-412b-84c0-f9cc2e4a8cd3"}]}
2026-04-21 18:36:16.499 9 INFO neutron.services.segments.plugin [-] Segment 851d474f-ac22-49e0-bd0c-8259f97a918f resource provider not found; error: Placement Client Error (4xx): {"errors": [{"status": 404, "title": "Not Found", "detail": "The resource could not be found.\n\n No resource provider with uuid 851d474f-ac22-49e0-bd0c-8259f97a918f found for delete ", "request_id": "req-5103d1c9-bc26-461e-8f2d-ac427c9b66d6"}]}
2026-04-21 18:36:16.500 10 INFO neutron.db.segments_db [None req-df273894-ef20-471e-8ae4-bc70f6c00c5d 01e2fcaf70f94ceaa23a6bb1955019d8 56cd0cadc3b244009f9ae71971c00176 - - default default] Added segment a2b67fd4-e731-461c-8b93-6230d00a8e45 of type geneve for network 27c66f80-39ad-4dab-a6a9-02637dc5a8f1
2026-04-21 18:36:16.534 9 INFO neutron.wsgi [None req-0ebecf3f-42e8-4028-807b-45528a63b8d8 7d27d9fb4b8745858d726b4655a75e6b 3249600bc36e45c48692e41a8e6710f4 - - default default] 10.0.0.179 "DELETE /v2.0/networks/c54529fb-021e-45cb-bba3-00674d214e93 HTTP/1.1" status: 204 len: 168 time: 0.8150289
2026-04-21 18:36:16.554 9 INFO neutron.wsgi [None req-593224d4-9e18-463b-9f14-5ec82767b24a cd9440f4903e49cf872b389268c2f597 02e0ac97f6f5417d8f0fbbe5a02d28ed - - default default] 10.0.0.179 "GET /v2.0/networks/a93a9298-cf8b-46cd-b720-5513429ac0bb/tags HTTP/1.1" status: 200 len: 218 time: 0.0652301
2026-04-21 18:36:16.620 9 INFO neutron.wsgi [None req-24fcb371-e611-484b-bef3-d990cb0994f5 900fcd86a6704f878f7737e60430fd04 90d5c9683e524af5aed731821ed4e04e - - default default] 10.0.0.179 "DELETE /v2.0/subnets/e7442ee1-f510-4915-9fe6-797c2272ed61 HTTP/1.1" status: 204 len: 168 time: 0.3607247
2026-04-21 18:36:16.746 10 INFO neutron.wsgi [None req-9e363ec0-23da-4767-9c1d-699072b37dd9 cd9440f4903e49cf872b389268c2f597 02e0ac97f6f5417d8f0fbbe5a02d28ed - - default default] 10.0.0.179 "PUT /v2.0/networks/a93a9298-cf8b-46cd-b720-5513429ac0bb/tags/green HTTP/1.1" status: 201 len: 201 time: 0.1791048
2026-04-21 18:36:16.788 10 INFO neutron.db.ovn_revision_numbers_db [None req-df273894-ef20-471e-8ae4-bc70f6c00c5d 01e2fcaf70f94ceaa23a6bb1955019d8 56cd0cadc3b244009f9ae71971c00176 - - default default] Successfully bumped revision number for resource 27c66f80-39ad-4dab-a6a9-02637dc5a8f1 (type: networks) to 1
2026-04-21 18:36:16.808 9 INFO neutron.wsgi [None req-a65ad4b3-24ba-49c2-9a31-e980813b7fdc cd9440f4903e49cf872b389268c2f597 02e0ac97f6f5417d8f0fbbe5a02d28ed - - default default] 10.0.0.179 "GET /v2.0/networks/a93a9298-cf8b-46cd-b720-5513429ac0bb/tags HTTP/1.1" status: 200 len: 227 time: 0.0554123
2026-04-21 18:36:16.863 9 INFO neutron.wsgi [None req-c8762ae4-3310-4b68-90f6-914cf0a1698e cd9440f4903e49cf872b389268c2f597 02e0ac97f6f5417d8f0fbbe5a02d28ed - - default default] 10.0.0.179 "PUT /v2.0/networks/a93a9298-cf8b-46cd-b720-5513429ac0bb/tags/red HTTP/1.1" status: 201 len: 201 time: 0.0506973
2026-04-21 18:36:16.913 9 INFO neutron.wsgi [None req-7e9252c2-adb7-46fc-a003-822f0956a58f 900fcd86a6704f878f7737e60430fd04 90d5c9683e524af5aed731821ed4e04e - - default default] 10.0.0.179 "DELETE /v2.0/subnets/8eceae36-7870-4dc0-ba85-4c1b72614685 HTTP/1.1" status: 204 len: 168 time: 0.2864721
2026-04-21 18:36:16.921 9 INFO neutron.wsgi [None req-6041eb93-307d-441f-aa79-a9c3b3db1244 cd9440f4903e49cf872b389268c2f597 02e0ac97f6f5417d8f0fbbe5a02d28ed - - default default] 10.0.0.179 "GET /v2.0/networks/a93a9298-cf8b-46cd-b720-5513429ac0bb/tags HTTP/1.1" status: 200 len: 227 time: 0.0520701
2026-04-21 18:36:16.984 9 INFO neutron.wsgi [None req-77903f2c-ef29-44ee-88f8-90eaf4c2e512 cd9440f4903e49cf872b389268c2f597 02e0ac97f6f5417d8f0fbbe5a02d28ed - - default default] 10.0.0.179 "PUT /v2.0/networks/a93a9298-cf8b-46cd-b720-5513429ac0bb/tags/black.or.white HTTP/1.1" status: 201 len: 201 time: 0.0581229
2026-04-21 18:36:17.035 9 INFO neutron.wsgi [None req-af94819d-2460-4d89-9e71-280f5118e248 cd9440f4903e49cf872b389268c2f597 02e0ac97f6f5417d8f0fbbe5a02d28ed - - default default] 10.0.0.179 "GET /v2.0/networks/a93a9298-cf8b-46cd-b720-5513429ac0bb/tags HTTP/1.1" status: 200 len: 245 time: 0.0463824
2026-04-21 18:36:17.099 9 INFO neutron.wsgi [None req-29c54457-76c2-4311-aa47-a927ef107d61 cd9440f4903e49cf872b389268c2f597 02e0ac97f6f5417d8f0fbbe5a02d28ed - - default default] 10.0.0.179 "PUT /v2.0/networks/a93a9298-cf8b-46cd-b720-5513429ac0bb/tags HTTP/1.1" status: 200 len: 230 time: 0.0593216
2026-04-21 18:36:17.152 9 INFO neutron.wsgi [None req-4b03554a-5571-4b1d-bb21-3367104b085c cd9440f4903e49cf872b389268c2f597 02e0ac97f6f5417d8f0fbbe5a02d28ed - - default default] 10.0.0.179 "GET /v2.0/networks/a93a9298-cf8b-46cd-b720-5513429ac0bb/tags HTTP/1.1" status: 200 len: 230 time: 0.0466480
2026-04-21 18:36:17.204 9 INFO neutron.wsgi [None req-0f73c6cc-9b5f-43bb-b78a-150da91f2d15 cd9440f4903e49cf872b389268c2f597 02e0ac97f6f5417d8f0fbbe5a02d28ed - - default default] 10.0.0.179 "GET /v2.0/networks/a93a9298-cf8b-46cd-b720-5513429ac0bb/tags/red HTTP/1.1" status: 204 len: 168 time: 0.0464244
2026-04-21 18:36:17.258 9 INFO neutron.api.v2.resource [None req-61c21f6d-4480-47d3-ad48-797e5dd0ffc4 cd9440f4903e49cf872b389268c2f597 02e0ac97f6f5417d8f0fbbe5a02d28ed - - default default] show failed (client error): The resource could not be found.
2026-04-21 18:36:17.260 9 INFO neutron.wsgi [None req-61c21f6d-4480-47d3-ad48-797e5dd0ffc4 cd9440f4903e49cf872b389268c2f597 02e0ac97f6f5417d8f0fbbe5a02d28ed - - default default] 10.0.0.179 "GET /v2.0/networks/a93a9298-cf8b-46cd-b720-5513429ac0bb/tags/green HTTP/1.1" status: 404 len: 299 time: 0.0497532
2026-04-21 18:36:17.302 10 WARNING neutron.scheduler.dhcp_agent_scheduler [None req-df273894-ef20-471e-8ae4-bc70f6c00c5d 01e2fcaf70f94ceaa23a6bb1955019d8 56cd0cadc3b244009f9ae71971c00176 - - default default] No more DHCP agents
2026-04-21 18:36:17.307 10 WARNING neutron.api.rpc.agentnotifiers.dhcp_rpc_agent_api [None req-df273894-ef20-471e-8ae4-bc70f6c00c5d 01e2fcaf70f94ceaa23a6bb1955019d8 56cd0cadc3b244009f9ae71971c00176 - - default default] Unable to schedule network 27c66f80-39ad-4dab-a6a9-02637dc5a8f1: no agents available; will retry on subsequent port and subnet creation events.
2026-04-21 18:36:17.335 9 INFO neutron.wsgi [None req-6c16bdf1-3990-4539-9da9-94275b918ebc cd9440f4903e49cf872b389268c2f597 02e0ac97f6f5417d8f0fbbe5a02d28ed - - default default] 10.0.0.179 "DELETE /v2.0/networks/a93a9298-cf8b-46cd-b720-5513429ac0bb/tags/red HTTP/1.1" status: 204 len: 168 time: 0.0692494
2026-04-21 18:36:17.392 9 INFO neutron.wsgi [None req-8ce74bfc-a10a-45b3-b2a3-216657e54f68 cd9440f4903e49cf872b389268c2f597 02e0ac97f6f5417d8f0fbbe5a02d28ed - - default default] 10.0.0.179 "GET /v2.0/networks/a93a9298-cf8b-46cd-b720-5513429ac0bb/tags HTTP/1.1" status: 200 len: 223 time: 0.0503874
2026-04-21 18:36:17.464 9 INFO neutron.api.v2.resource [None req-f943c6e8-0100-4f9a-923d-031cbf89f1df cd9440f4903e49cf872b389268c2f597 02e0ac97f6f5417d8f0fbbe5a02d28ed - - default default] delete failed (client error): The resource could not be found.
2026-04-21 18:36:17.466 9 INFO neutron.wsgi [None req-f943c6e8-0100-4f9a-923d-031cbf89f1df cd9440f4903e49cf872b389268c2f597 02e0ac97f6f5417d8f0fbbe5a02d28ed - - default default] 10.0.0.179 "DELETE /v2.0/networks/a93a9298-cf8b-46cd-b720-5513429ac0bb/tags/green HTTP/1.1" status: 404 len: 299 time: 0.0692685
2026-04-21 18:36:17.493 10 INFO neutron.db.ovn_revision_numbers_db [None req-df273894-ef20-471e-8ae4-bc70f6c00c5d 01e2fcaf70f94ceaa23a6bb1955019d8 56cd0cadc3b244009f9ae71971c00176 - - default default] Successfully bumped revision number for resource a0e1e678-6fa4-4325-b2c6-c80c8338ac0a (type: ports) to 1
2026-04-21 18:36:17.542 10 INFO neutron.wsgi [None req-df273894-ef20-471e-8ae4-bc70f6c00c5d 01e2fcaf70f94ceaa23a6bb1955019d8 56cd0cadc3b244009f9ae71971c00176 - - default default] 10.0.0.179 "POST /v2.0/networks HTTP/1.1" status: 201 len: 928 time: 1.1607685
2026-04-21 18:36:17.550 9 INFO neutron.wsgi [None req-15df218f-2bbd-4142-81db-4ac0972081ae cd9440f4903e49cf872b389268c2f597 02e0ac97f6f5417d8f0fbbe5a02d28ed - - default default] 10.0.0.179 "DELETE /v2.0/networks/a93a9298-cf8b-46cd-b720-5513429ac0bb/tags HTTP/1.1" status: 204 len: 168 time: 0.0779369
2026-04-21 18:36:17.606 9 INFO neutron.wsgi [None req-b92169ef-6513-4b22-9544-e2531795523c cd9440f4903e49cf872b389268c2f597 02e0ac97f6f5417d8f0fbbe5a02d28ed - - default default] 10.0.0.179 "GET /v2.0/networks/a93a9298-cf8b-46cd-b720-5513429ac0bb/tags HTTP/1.1" status: 200 len: 205 time: 0.0442457
2026-04-21 18:36:17.851 10 WARNING neutron.scheduler.dhcp_agent_scheduler [None req-544e9268-2774-4474-afbb-2129e020bfe1 01e2fcaf70f94ceaa23a6bb1955019d8 56cd0cadc3b244009f9ae71971c00176 - - default default] No more DHCP agents
2026-04-21 18:36:17.856 10 WARNING neutron.api.rpc.agentnotifiers.dhcp_rpc_agent_api [None req-544e9268-2774-4474-afbb-2129e020bfe1 01e2fcaf70f94ceaa23a6bb1955019d8 56cd0cadc3b244009f9ae71971c00176 - - default default] Unable to schedule network 27c66f80-39ad-4dab-a6a9-02637dc5a8f1: no agents available; will retry on subsequent port and subnet creation events.
2026-04-21 18:36:17.879 10 INFO neutron.wsgi [None req-6154299e-bd9a-4940-a07e-26e4f9efd2f9 900fcd86a6704f878f7737e60430fd04 90d5c9683e524af5aed731821ed4e04e - - default default] 10.0.0.179 "DELETE /v2.0/networks/3d26fc43-5f47-435a-b420-e79461da671c HTTP/1.1" status: 204 len: 168 time: 0.9608688
2026-04-21 18:36:18.099 9 INFO neutron.wsgi [None req-708c9dfc-dca0-4480-bcbe-5708c1aa7e8c cd9440f4903e49cf872b389268c2f597 02e0ac97f6f5417d8f0fbbe5a02d28ed - - default default] 10.0.0.179 "DELETE /v2.0/networks/a93a9298-cf8b-46cd-b720-5513429ac0bb HTTP/1.1" status: 204 len: 168 time: 0.4847796
2026-04-21 18:36:18.346 9 INFO neutron.wsgi [None req-38994bf5-0bd7-4a56-bf07-ef3684648773 900fcd86a6704f878f7737e60430fd04 90d5c9683e524af5aed731821ed4e04e - - default default] 10.0.0.179 "DELETE /v2.0/networks/f5ee642a-67d1-4784-8152-4c37ebbbcbb0 HTTP/1.1" status: 204 len: 168 time: 0.4577904
2026-04-21 18:36:18.385 10 INFO neutron.services.segments.plugin [-] Segment 1c5b8243-cccb-43ba-bfb1-323cb9ccd425 resource provider aggregate not found
2026-04-21 18:36:18.400 10 INFO neutron.services.segments.plugin [-] Segment 1c5b8243-cccb-43ba-bfb1-323cb9ccd425 resource provider not found; error: Placement Client Error (4xx): {"errors": [{"status": 404, "title": "Not Found", "detail": "The resource could not be found.\n\n No resource provider with uuid 1c5b8243-cccb-43ba-bfb1-323cb9ccd425 found for delete ", "request_id": "req-ccb8f036-0f2b-4b0c-a5ba-71e9fcaf08a4"}]}
2026-04-21 18:36:18.418 10 INFO neutron.services.segments.plugin [-] Segment 1c5b8243-cccb-43ba-bfb1-323cb9ccd425 resource provider aggregate not found
2026-04-21 18:36:18.437 10 INFO neutron.services.segments.plugin [-] Segment 1c5b8243-cccb-43ba-bfb1-323cb9ccd425 resource provider not found; error: Placement Client Error (4xx): {"errors": [{"status": 404, "title": "Not Found", "detail": "The resource could not be found.\n\n No resource provider with uuid 1c5b8243-cccb-43ba-bfb1-323cb9ccd425 found for delete ", "request_id": "req-6d1382ca-63ab-4c34-96e0-6199ae67c174"}]}
2026-04-21 18:36:18.511 9 INFO neutron.services.segments.plugin [-] Segment b588a3df-12d8-4d10-a6cc-406fb9c3a5b3 resource provider aggregate not found
2026-04-21 18:36:18.518 10 INFO neutron.wsgi [None req-57252817-727b-493d-9c9b-3f8dc4013138 7d27d9fb4b8745858d726b4655a75e6b 3249600bc36e45c48692e41a8e6710f4 - - default default] 10.0.0.179 "PUT /v2.0/routers/d33c9d7b-bcff-4bbb-a40e-b36b75c406df/remove_router_interface HTTP/1.1" status: 200 len: 503 time: 1.9761698
2026-04-21 18:36:18.518 9 INFO neutron.services.segments.plugin [-] Segment b588a3df-12d8-4d10-a6cc-406fb9c3a5b3 resource provider aggregate not found
2026-04-21 18:36:18.532 9 INFO neutron.services.segments.plugin [-] Segment b588a3df-12d8-4d10-a6cc-406fb9c3a5b3 resource provider not found; error: Placement Client Error (4xx): {"errors": [{"status": 404, "title": "Not Found", "detail": "The resource could not be found.\n\n No resource provider with uuid b588a3df-12d8-4d10-a6cc-406fb9c3a5b3 found for delete ", "request_id": "req-79ccaa0b-14b6-4c62-8820-43d38ec56fbc"}]}
2026-04-21 18:36:18.537 9 INFO neutron.services.segments.plugin [-] Segment b588a3df-12d8-4d10-a6cc-406fb9c3a5b3 resource provider not found; error: Placement Client Error (4xx): {"errors": [{"status": 404, "title": "Not Found", "detail": "The resource could not be found.\n\n No resource provider with uuid b588a3df-12d8-4d10-a6cc-406fb9c3a5b3 found for delete ", "request_id": "req-83cae9c6-1eda-4d8f-8fea-317459d6abd2"}]}
2026-04-21 18:36:18.570 9 INFO neutron.services.segments.plugin [-] Segment 7d8a27ab-49c0-44ba-8690-f83b290f160b resource provider aggregate not found
2026-04-21 18:36:18.574 9 INFO neutron.services.segments.plugin [-] Segment 7d8a27ab-49c0-44ba-8690-f83b290f160b resource provider aggregate not found
2026-04-21 18:36:18.588 10 INFO neutron.db.ovn_revision_numbers_db [None req-544e9268-2774-4474-afbb-2129e020bfe1 01e2fcaf70f94ceaa23a6bb1955019d8 56cd0cadc3b244009f9ae71971c00176 - - default default] Successfully bumped revision number for resource a0e1e678-6fa4-4325-b2c6-c80c8338ac0a (type: ports) to 2
2026-04-21 18:36:18.595 9 INFO neutron.services.segments.plugin [-] Segment 7d8a27ab-49c0-44ba-8690-f83b290f160b resource provider not found; error: Placement Client Error (4xx): {"errors": [{"status": 404, "title": "Not Found", "detail": "The resource could not be found.\n\n No resource provider with uuid 7d8a27ab-49c0-44ba-8690-f83b290f160b found for delete ", "request_id": "req-e9071063-723f-480f-bcc6-0f5effbc452e"}]}
2026-04-21 18:36:18.609 9 INFO neutron.services.segments.plugin [-] Segment 7d8a27ab-49c0-44ba-8690-f83b290f160b resource provider not found; error: Placement Client Error (4xx): {"errors": [{"status": 404, "title": "Not Found", "detail": "The resource could not be found.\n\n No resource provider with uuid 7d8a27ab-49c0-44ba-8690-f83b290f160b found for delete ", "request_id": "req-9055a8a2-5a59-4bda-874a-d5b4b7a34fb8"}]}
2026-04-21 18:36:18.623 10 INFO neutron.db.ovn_revision_numbers_db [None req-544e9268-2774-4474-afbb-2129e020bfe1 01e2fcaf70f94ceaa23a6bb1955019d8 56cd0cadc3b244009f9ae71971c00176 - - default default] Successfully bumped revision number for resource 12d3ee3c-2a80-49fe-a856-c752cf4ee396 (type: subnets) to 0
2026-04-21 18:36:18.640 10 INFO neutron.wsgi [None req-544e9268-2774-4474-afbb-2129e020bfe1 01e2fcaf70f94ceaa23a6bb1955019d8 56cd0cadc3b244009f9ae71971c00176 - - default default] 10.0.0.179 "POST /v2.0/subnets HTTP/1.1" status: 201 len: 822 time: 1.0909939 /var/lib/openstack/lib/python3.10/site-packages/pycadf/identifier.py:71: UserWarning: Invalid uuid: neutron. To ensure interoperability, identifiers should be a valid uuid. warnings.warn(('Invalid uuid: %s. To ensure interoperability, '
2026-04-21 18:36:18.880 9 INFO neutron.wsgi [None req-4ef4431e-5140-49bc-af1b-5f81375e8c6a 900fcd86a6704f878f7737e60430fd04 90d5c9683e524af5aed731821ed4e04e - - default default] 10.0.0.179 "DELETE /v2.0/networks/67915998-79a2-4a4d-94e3-fae9f39e1ca8 HTTP/1.1" status: 204 len: 168 time: 0.5282159
2026-04-21 18:36:19.007 10 INFO neutron.wsgi [None req-db86713a-cf61-4890-9c92-2a64345b51b2 01e2fcaf70f94ceaa23a6bb1955019d8 56cd0cadc3b244009f9ae71971c00176 - - default default] 10.0.0.179 "POST /v2.0/rbac-policies HTTP/1.1" status: 201 len: 523 time: 0.3616776
2026-04-21 18:36:19.128 10 INFO neutron.db.ovn_revision_numbers_db [None req-4e809fc7-1f03-4fd4-a463-21d88f165bb8 7d27d9fb4b8745858d726b4655a75e6b 3249600bc36e45c48692e41a8e6710f4 - - default default] Successfully bumped revision number for resource 3d2697ed-bbba-420c-9f74-e93280d84b80 (type: security_groups) to 1
2026-04-21 18:36:19.153 10 INFO neutron.db.ovn_revision_numbers_db [None req-4e809fc7-1f03-4fd4-a463-21d88f165bb8 7d27d9fb4b8745858d726b4655a75e6b 3249600bc36e45c48692e41a8e6710f4 - - default default] Successfully bumped revision number for resource 2d4e554d-8c43-4413-be6c-185c2f2b6b40 (type: security_group_rules) to 0
2026-04-21 18:36:19.168 10 INFO neutron.db.ovn_revision_numbers_db [None req-4e809fc7-1f03-4fd4-a463-21d88f165bb8 7d27d9fb4b8745858d726b4655a75e6b 3249600bc36e45c48692e41a8e6710f4 - - default default] Successfully bumped revision number for resource 533d1994-5ca6-421b-8db5-d4c3d2e219ab (type: security_group_rules) to 0
2026-04-21 18:36:19.184 10 INFO neutron.db.ovn_revision_numbers_db [None req-4e809fc7-1f03-4fd4-a463-21d88f165bb8 7d27d9fb4b8745858d726b4655a75e6b 3249600bc36e45c48692e41a8e6710f4 - - default default] Successfully bumped revision number for resource 569d7ec4-632d-4c58-852b-431aaf098824 (type: security_group_rules) to 0
2026-04-21 18:36:19.219 10 INFO neutron.db.ovn_revision_numbers_db [None req-4e809fc7-1f03-4fd4-a463-21d88f165bb8 7d27d9fb4b8745858d726b4655a75e6b 3249600bc36e45c48692e41a8e6710f4 - - default default] Successfully bumped revision number for resource 65049848-75cf-42a4-b774-d34a361dfe85 (type: security_group_rules) to 0
2026-04-21 18:36:19.246 10 INFO neutron.wsgi [None req-4e809fc7-1f03-4fd4-a463-21d88f165bb8 7d27d9fb4b8745858d726b4655a75e6b 3249600bc36e45c48692e41a8e6710f4 - - default default] 10.0.0.179 "GET /v2.0/security-groups?tenant_id=7be6d44606cf44328e81b499f35ec3ba&name=default HTTP/1.1" status: 200 len: 3120 time: 0.4205704
2026-04-21 18:36:19.534 9 INFO neutron.wsgi [None req-5cdd1aa3-a9e0-4c9f-b006-d286b9406b0e 7d27d9fb4b8745858d726b4655a75e6b 3249600bc36e45c48692e41a8e6710f4 - - default default] 10.0.0.179 "DELETE /v2.0/routers/d33c9d7b-bcff-4bbb-a40e-b36b75c406df HTTP/1.1" status: 204 len: 168 time: 1.0086534
2026-04-21 18:36:19.600 9 INFO neutron.wsgi [None req-0021c64e-414d-4a0e-97af-6e8d0810a97d 1f49cef3d5ab4dd69060fa88de761c43 ed87d7b71f7040c4ae6f7a795b8265dc - - default default] 10.0.0.179 "GET /v2.0/networks/27c66f80-39ad-4dab-a6a9-02637dc5a8f1 HTTP/1.1" status: 200 len: 848 time: 0.1782498
2026-04-21 18:36:19.693 10 INFO neutron.wsgi [None req-f4fd4f4a-91cc-4cf0-8863-b294af970dc7 900fcd86a6704f878f7737e60430fd04 90d5c9683e524af5aed731821ed4e04e - - default default] 10.0.0.179 "DELETE /v2.0/networks/5cc50fb8-8aee-428c-848e-ce12e8dcb63e HTTP/1.1" status: 204 len: 168 time: 0.8077729
2026-04-21 18:36:19.786 9 INFO neutron.wsgi [None req-81268dc0-8cef-42ef-ad59-d6ae6306eafb 7d27d9fb4b8745858d726b4655a75e6b 3249600bc36e45c48692e41a8e6710f4 - - default default] 10.0.0.179 "DELETE /v2.0/subnets/580c0942-771e-4dc3-90e8-29981889825c HTTP/1.1" status: 204 len: 168 time: 0.2468920
2026-04-21 18:36:19.824 10 INFO neutron.wsgi [None req-f3b1600e-60a9-4a8a-b66b-466725684c10 7d27d9fb4b8745858d726b4655a75e6b 3249600bc36e45c48692e41a8e6710f4 - - default default] 10.0.0.179 "DELETE /v2.0/security-groups/3d2697ed-bbba-420c-9f74-e93280d84b80 HTTP/1.1" status: 204 len: 168 time: 0.5687463
2026-04-21 18:36:19.982 9 INFO neutron.wsgi [None req-5d53b620-f952-4b2e-be68-fd6e76414274 7d27d9fb4b8745858d726b4655a75e6b 3249600bc36e45c48692e41a8e6710f4 - - default default] 10.0.0.179 "GET /v2.0/security-groups?tenant_id=02e0ac97f6f5417d8f0fbbe5a02d28ed&name=default HTTP/1.1" status: 200 len: 3120 time: 0.0547605
2026-04-21 18:36:20.106 9 INFO neutron.pecan_wsgi.hooks.translation [None req-06a76a86-ad1f-4070-a80c-0be39aa6b99a ed5b865a12a44e73b8df39a039204eab 402f8426f3474381bf843685a696cdcf - - default default] GET failed (client error): The resource could not be found.
2026-04-21 18:36:20.107 9 INFO neutron.wsgi [None req-06a76a86-ad1f-4070-a80c-0be39aa6b99a ed5b865a12a44e73b8df39a039204eab 402f8426f3474381bf843685a696cdcf - - default default] 10.0.0.179 "GET /v2.0/networks/27c66f80-39ad-4dab-a6a9-02637dc5a8f1 HTTP/1.1" status: 404 len: 339 time: 0.1419041
2026-04-21 18:36:20.113 9 INFO neutron.wsgi [None req-6f53ff26-f185-4c6a-88af-ebe5552f7d41 900fcd86a6704f878f7737e60430fd04 90d5c9683e524af5aed731821ed4e04e - - default default] 10.0.0.179 "DELETE /v2.0/networks/a4541392-46f6-44ff-be4c-091d97dd6495 HTTP/1.1" status: 204 len: 168 time: 0.4146731
2026-04-21 18:36:20.279 10 INFO neutron.wsgi [None req-9f03d709-e626-48a2-9998-efc499a28fac 7d27d9fb4b8745858d726b4655a75e6b 3249600bc36e45c48692e41a8e6710f4 - - default default] 10.0.0.179 "DELETE /v2.0/networks/d578ee8b-c8aa-4c4a-9d40-84f3ded1e557 HTTP/1.1" status: 204 len: 168 time: 0.4883325
2026-04-21 18:36:20.313 10 INFO neutron.wsgi [None req-f6abadbd-2869-42a7-91b6-7b679ac7ac37 7d27d9fb4b8745858d726b4655a75e6b 3249600bc36e45c48692e41a8e6710f4 - - default default] 10.0.0.179 "DELETE /v2.0/security-groups/50ec99f9-c6b6-41c4-8672-8c0419749785 HTTP/1.1" status: 204 len: 168 time: 0.3242075
2026-04-21 18:36:20.424 10 INFO neutron.services.segments.plugin [-] Segment a9f004dd-13e9-4ba3-9874-6d70234f5226 resource provider aggregate not found
2026-04-21 18:36:20.443 10 INFO neutron.services.segments.plugin [-] Segment a9f004dd-13e9-4ba3-9874-6d70234f5226 resource provider not found; error: Placement Client Error (4xx): {"errors": [{"status": 404, "title": "Not Found", "detail": "The resource could not be found.\n\n No resource provider with uuid a9f004dd-13e9-4ba3-9874-6d70234f5226 found for delete ", "request_id": "req-0e8c9c58-2774-487d-b270-83e3b72394cf"}]}
2026-04-21 18:36:20.473 10 INFO neutron.services.segments.plugin [-] Segment d5fdf57b-ecc3-4b13-9101-8093bb066ac2 resource provider aggregate not found
2026-04-21 18:36:20.477 10 INFO neutron.services.segments.plugin [-] Segment a9f004dd-13e9-4ba3-9874-6d70234f5226 resource provider aggregate not found
2026-04-21 18:36:20.497 10 INFO neutron.services.segments.plugin [-] Segment d5fdf57b-ecc3-4b13-9101-8093bb066ac2 resource provider not found; error: Placement Client Error (4xx): {"errors": [{"status": 404, "title": "Not Found", "detail": "The resource could not be found.\n\n No resource provider with uuid d5fdf57b-ecc3-4b13-9101-8093bb066ac2 found for delete ", "request_id": "req-407249bd-2e02-4078-bfa1-24106e445386"}]}
2026-04-21 18:36:20.503 10 INFO neutron.services.segments.plugin [-] Segment a9f004dd-13e9-4ba3-9874-6d70234f5226 resource provider not found; error: Placement Client Error (4xx): {"errors": [{"status": 404, "title": "Not Found", "detail": "The resource could not be found.\n\n No resource provider with uuid a9f004dd-13e9-4ba3-9874-6d70234f5226 found for delete ", "request_id": "req-4f06fb9b-386d-417b-9f64-a19e83a5a4dd"}]}
2026-04-21 18:36:20.524 10 INFO neutron.services.segments.plugin [-] Segment d5fdf57b-ecc3-4b13-9101-8093bb066ac2 resource provider aggregate not found
2026-04-21 18:36:20.556 10 INFO neutron.services.segments.plugin [-] Segment d5fdf57b-ecc3-4b13-9101-8093bb066ac2 resource provider not found; error: Placement Client Error (4xx): {"errors": [{"status": 404, "title": "Not Found", "detail": "The resource could not be found.\n\n No resource provider with uuid d5fdf57b-ecc3-4b13-9101-8093bb066ac2 found for delete ", "request_id": "req-6cc80133-30d3-4124-af09-855bf541bf68"}]}
2026-04-21 18:36:20.620 9 INFO neutron.services.segments.plugin [-] Segment fa65c718-13aa-4155-9bb6-3af8ee069f1d resource provider aggregate not found
2026-04-21 18:36:20.638 9 INFO neutron.services.segments.plugin [-] Segment fa65c718-13aa-4155-9bb6-3af8ee069f1d resource provider aggregate not found
2026-04-21 18:36:20.648 9 INFO neutron.services.segments.plugin [-] Segment fa65c718-13aa-4155-9bb6-3af8ee069f1d resource provider not found; error: Placement Client Error (4xx): {"errors": [{"status": 404, "title": "Not Found", "detail": "The resource could not be found.\n\n No resource provider with uuid fa65c718-13aa-4155-9bb6-3af8ee069f1d found for delete ", "request_id": "req-4f88bd76-a534-4591-993a-d33f2c5abaf7"}]}
2026-04-21 18:36:20.666 9 INFO neutron.services.segments.plugin [-] Segment 3761a5fb-301d-4e1a-a755-4b4bf775706b resource provider aggregate not found
2026-04-21 18:36:20.678 9 INFO neutron.services.segments.plugin [-] Segment fa65c718-13aa-4155-9bb6-3af8ee069f1d resource provider not found; error: Placement Client Error (4xx): {"errors": [{"status": 404, "title": "Not Found", "detail": "The resource could not be found.\n\n No resource provider with uuid fa65c718-13aa-4155-9bb6-3af8ee069f1d found for delete ", "request_id": "req-a23404b6-30cc-41c6-b0c4-a8b2afb14370"}]}
2026-04-21 18:36:20.693 9 INFO neutron.services.segments.plugin [-] Segment 3761a5fb-301d-4e1a-a755-4b4bf775706b resource provider not found; error: Placement Client Error (4xx): {"errors": [{"status": 404, "title": "Not Found", "detail": "The resource could not be found.\n\n No resource provider with uuid 3761a5fb-301d-4e1a-a755-4b4bf775706b found for delete ", "request_id": "req-6d47ca1f-38fa-4c00-9922-ff5579157d42"}]}
2026-04-21 18:36:20.700 9 INFO neutron.services.segments.plugin [-] Segment 3761a5fb-301d-4e1a-a755-4b4bf775706b resource provider aggregate not found
2026-04-21 18:36:20.715 9 INFO neutron.wsgi [None req-37bc8f12-73bc-4f73-9d9a-6d3676f35cbc 7d27d9fb4b8745858d726b4655a75e6b 3249600bc36e45c48692e41a8e6710f4 - - default default] 10.0.0.179 "GET /v2.0/security-groups?tenant_id=05a64d44373f4f66b836de90798dacea&name=default HTTP/1.1" status: 200 len: 3120 time: 0.0963132
2026-04-21 18:36:20.717 9 INFO neutron.services.segments.plugin [-] Segment 3761a5fb-301d-4e1a-a755-4b4bf775706b resource provider not found; error: Placement Client Error (4xx): {"errors": [{"status": 404, "title": "Not Found", "detail": "The resource could not be found.\n\n No resource provider with uuid 3761a5fb-301d-4e1a-a755-4b4bf775706b found for delete ", "request_id": "req-ecdf6011-88c2-4ea7-877b-239b97b7709a"}]}
2026-04-21 18:36:20.838 10 INFO neutron.wsgi [None req-a6a6136b-64b6-4944-b4d0-4880ea1d3f70 01e2fcaf70f94ceaa23a6bb1955019d8 56cd0cadc3b244009f9ae71971c00176 - - default default] 10.0.0.179 "DELETE /v2.0/networks/27c66f80-39ad-4dab-a6a9-02637dc5a8f1 HTTP/1.1" status: 204 len: 168 time: 0.7245154
2026-04-21 18:36:20.863 9 INFO neutron.pecan_wsgi.hooks.translation [None req-aaed18b8-1707-4091-8898-5036be671182 01e2fcaf70f94ceaa23a6bb1955019d8 56cd0cadc3b244009f9ae71971c00176 - - default default] DELETE failed (client error): The resource could not be found.
2026-04-21 18:36:20.865 9 INFO neutron.wsgi [None req-aaed18b8-1707-4091-8898-5036be671182 01e2fcaf70f94ceaa23a6bb1955019d8 56cd0cadc3b244009f9ae71971c00176 - - default default] 10.0.0.179 "DELETE /v2.0/subnets/e1a6eb7d-9ed7-4869-b0db-260f35993d93 HTTP/1.1" status: 404 len: 337 time: 0.0219495
2026-04-21 18:36:20.886 10 INFO neutron.pecan_wsgi.hooks.translation [None req-f7c8a7a3-6368-40e0-930d-2de2f687fd83 01e2fcaf70f94ceaa23a6bb1955019d8 56cd0cadc3b244009f9ae71971c00176 - - default default] DELETE failed (client error): The resource could not be found.
2026-04-21 18:36:20.889 10 INFO neutron.wsgi [None req-f7c8a7a3-6368-40e0-930d-2de2f687fd83 01e2fcaf70f94ceaa23a6bb1955019d8 56cd0cadc3b244009f9ae71971c00176 - - default default] 10.0.0.179 "DELETE /v2.0/subnets/28945322-8892-4ddf-961d-ad1010ef8eaf HTTP/1.1" status: 404 len: 337 time: 0.0204477
2026-04-21 18:36:20.910 10 INFO neutron.pecan_wsgi.hooks.translation [None req-94e31bb4-79cc-4504-bc02-7dc629d944a9 01e2fcaf70f94ceaa23a6bb1955019d8 56cd0cadc3b244009f9ae71971c00176 - - default default] DELETE failed (client error): The resource could not be found.
2026-04-21 18:36:20.914 10 INFO neutron.wsgi [None req-94e31bb4-79cc-4504-bc02-7dc629d944a9 01e2fcaf70f94ceaa23a6bb1955019d8 56cd0cadc3b244009f9ae71971c00176 - - default default] 10.0.0.179 "DELETE /v2.0/subnets/12d3ee3c-2a80-49fe-a856-c752cf4ee396 HTTP/1.1" status: 404 len: 337 time: 0.0211134
2026-04-21 18:36:20.962 9 INFO neutron.wsgi [None req-90f3501c-a166-4471-935e-e0aac16a7719 7d27d9fb4b8745858d726b4655a75e6b 3249600bc36e45c48692e41a8e6710f4 - - default default] 10.0.0.179 "DELETE /v2.0/security-groups/f4109ec7-f9d6-4ab6-a2e2-24831111bcb3 HTTP/1.1" status: 204 len: 168 time: 0.2417932
2026-04-21 18:36:21.133 9 INFO neutron.wsgi [None req-ccd3bbe5-a68c-4388-8ca6-1d85d6f4043e 7d27d9fb4b8745858d726b4655a75e6b 3249600bc36e45c48692e41a8e6710f4 - - default default] 10.0.0.179 "GET /v2.0/security-groups?tenant_id=a684e11d7d4c46e192106f601b685c62&name=default HTTP/1.1" status: 200 len: 3120 time: 0.0398715
2026-04-21 18:36:21.352 9 INFO neutron.wsgi [None req-23e20dd9-794d-45b9-b761-7c09ca75ba9b 7d27d9fb4b8745858d726b4655a75e6b 3249600bc36e45c48692e41a8e6710f4 - - default default] 10.0.0.179 "DELETE /v2.0/security-groups/34641b0e-cdb8-4695-b083-dcf7107253d9 HTTP/1.1" status: 204 len: 168 time: 0.2152460
2026-04-21 18:36:21.502 10 INFO neutron.db.ovn_revision_numbers_db [None req-12e7d135-41f1-427d-b1b7-effa14507eee 7d27d9fb4b8745858d726b4655a75e6b 3249600bc36e45c48692e41a8e6710f4 - - default default] Successfully bumped revision number for resource d3b757af-846e-4a99-8ef3-e452247a46ad (type: security_groups) to 1
2026-04-21 18:36:21.515 10 INFO neutron.db.ovn_revision_numbers_db [None req-12e7d135-41f1-427d-b1b7-effa14507eee 7d27d9fb4b8745858d726b4655a75e6b 3249600bc36e45c48692e41a8e6710f4 - - default default] Successfully bumped revision number for resource 02764a63-55e1-4758-86cf-18c9b43036ce (type: security_group_rules) to 0
2026-04-21 18:36:21.528 10 INFO neutron.db.ovn_revision_numbers_db [None req-12e7d135-41f1-427d-b1b7-effa14507eee 7d27d9fb4b8745858d726b4655a75e6b 3249600bc36e45c48692e41a8e6710f4 - - default default] Successfully bumped revision number for resource 97919162-0a1a-4f4a-81ad-2a2b1c94c3d5 (type: security_group_rules) to 0
2026-04-21 18:36:21.556 10 INFO neutron.db.ovn_revision_numbers_db [None req-12e7d135-41f1-427d-b1b7-effa14507eee 7d27d9fb4b8745858d726b4655a75e6b 3249600bc36e45c48692e41a8e6710f4 - - default default] Successfully bumped revision number for resource acad6e16-7a90-49cc-8c02-cd07f59d3f81 (type: security_group_rules) to 0
2026-04-21 18:36:21.570 10 INFO neutron.db.ovn_revision_numbers_db [None req-12e7d135-41f1-427d-b1b7-effa14507eee 7d27d9fb4b8745858d726b4655a75e6b 3249600bc36e45c48692e41a8e6710f4 - - default default] Successfully bumped revision number for resource d6064732-f7dc-46e4-873b-b81f7a813622 (type: security_group_rules) to 0
2026-04-21 18:36:21.598 10 INFO neutron.wsgi [None req-12e7d135-41f1-427d-b1b7-effa14507eee 7d27d9fb4b8745858d726b4655a75e6b 3249600bc36e45c48692e41a8e6710f4 - - default default] 10.0.0.179 "GET /v2.0/security-groups?tenant_id=a3bce149eb624ac487f28066b9d85ab3&name=default HTTP/1.1" status: 200 len: 3120 time: 0.4428875
2026-04-21 18:36:21.864 9 INFO neutron.wsgi [None req-98187d85-51b2-4dfd-aedc-48ed0194204f 7d27d9fb4b8745858d726b4655a75e6b 3249600bc36e45c48692e41a8e6710f4 - - default default] 10.0.0.179 "DELETE /v2.0/security-groups/d3b757af-846e-4a99-8ef3-e452247a46ad HTTP/1.1" status: 204 len: 168 time: 0.2604902
2026-04-21 18:36:22.099 10 INFO neutron.wsgi [None req-6a32984c-115a-43b9-8077-fa968409ebee 7d27d9fb4b8745858d726b4655a75e6b 3249600bc36e45c48692e41a8e6710f4 - - default default] 10.0.0.179 "GET /v2.0/security-groups?tenant_id=90d5c9683e524af5aed731821ed4e04e&name=default HTTP/1.1" status: 200 len: 3120 time: 0.0564396
2026-04-21 18:36:22.121 10 INFO neutron.db.ovn_revision_numbers_db [None req-a1cea5f6-73bc-49e5-9a1c-6a571f970cd3 7d27d9fb4b8745858d726b4655a75e6b 3249600bc36e45c48692e41a8e6710f4 - - default default] Successfully bumped revision number for resource ee3bc59e-ccc3-47bf-be58-52beed41c437 (type: security_groups) to 1
2026-04-21 18:36:22.136 10 INFO neutron.db.ovn_revision_numbers_db [None req-a1cea5f6-73bc-49e5-9a1c-6a571f970cd3 7d27d9fb4b8745858d726b4655a75e6b 3249600bc36e45c48692e41a8e6710f4 - - default default] Successfully bumped revision number for resource 51bd3dca-99df-4921-8743-27bb16bc3778 (type: security_group_rules) to 0
2026-04-21 18:36:22.159 10 INFO neutron.db.ovn_revision_numbers_db [None req-a1cea5f6-73bc-49e5-9a1c-6a571f970cd3 7d27d9fb4b8745858d726b4655a75e6b 3249600bc36e45c48692e41a8e6710f4 - - default default] Successfully bumped revision number for resource 9b69d905-951e-49d7-8646-9fdf95d53c58 (type: security_group_rules) to 0
2026-04-21 18:36:22.176 10 INFO neutron.db.ovn_revision_numbers_db [None req-a1cea5f6-73bc-49e5-9a1c-6a571f970cd3 7d27d9fb4b8745858d726b4655a75e6b 3249600bc36e45c48692e41a8e6710f4 - - default default] Successfully bumped revision number for resource b0e1c18e-88ee-4247-bc6d-e3a2e8c99415 (type: security_group_rules) to 0
2026-04-21 18:36:22.193 10 INFO neutron.db.ovn_revision_numbers_db [None req-a1cea5f6-73bc-49e5-9a1c-6a571f970cd3 7d27d9fb4b8745858d726b4655a75e6b 3249600bc36e45c48692e41a8e6710f4 - - default default] Successfully bumped revision number for resource faa9ef7a-7041-46dd-8b01-d737f28030e5 (type: security_group_rules) to 0
2026-04-21 18:36:22.216 10 INFO neutron.wsgi [None req-a1cea5f6-73bc-49e5-9a1c-6a571f970cd3 7d27d9fb4b8745858d726b4655a75e6b 3249600bc36e45c48692e41a8e6710f4 - - default default] 10.0.0.179 "GET /v2.0/security-groups?tenant_id=ed87d7b71f7040c4ae6f7a795b8265dc&name=default HTTP/1.1" status: 200 len: 3120 time: 0.4339635
2026-04-21 18:36:22.354 9 INFO neutron.wsgi [None req-182e80d9-6daa-4691-915c-541a3108c1b3 7d27d9fb4b8745858d726b4655a75e6b 3249600bc36e45c48692e41a8e6710f4 - - default default] 10.0.0.179 "DELETE /v2.0/security-groups/76ffeb59-e23a-46d8-af95-4194e16d340b HTTP/1.1" status: 204 len: 168 time: 0.2507660
2026-04-21 18:36:22.415 10 INFO neutron.wsgi [None req-db31ab6f-9e13-4b84-be6f-4b2ad90820eb 7d27d9fb4b8745858d726b4655a75e6b 3249600bc36e45c48692e41a8e6710f4 - - default default] 10.0.0.179 "DELETE /v2.0/security-groups/ee3bc59e-ccc3-47bf-be58-52beed41c437 HTTP/1.1" status: 204 len: 168 time: 0.1946728
2026-04-21 18:36:22.526 10 INFO neutron.services.segments.plugin [-] Segment a2b67fd4-e731-461c-8b93-6230d00a8e45 resource provider aggregate not found
2026-04-21 18:36:22.554 10 INFO neutron.services.segments.plugin [-] Segment a2b67fd4-e731-461c-8b93-6230d00a8e45 resource provider not found; error: Placement Client Error (4xx): {"errors": [{"status": 404, "title": "Not Found", "detail": "The resource could not be found.\n\n No resource provider with uuid a2b67fd4-e731-461c-8b93-6230d00a8e45 found for delete ", "request_id": "req-8090575a-de97-42eb-adb8-91fb00640184"}]}
2026-04-21 18:36:22.585 10 INFO neutron.services.segments.plugin [-] Segment a2b67fd4-e731-461c-8b93-6230d00a8e45 resource provider aggregate not found
2026-04-21 18:36:22.602 10 INFO neutron.services.segments.plugin [-] Segment a2b67fd4-e731-461c-8b93-6230d00a8e45 resource provider not found; error: Placement Client Error (4xx): {"errors": [{"status": 404, "title": "Not Found", "detail": "The resource could not be found.\n\n No resource provider with uuid a2b67fd4-e731-461c-8b93-6230d00a8e45 found for delete ", "request_id": "req-960f80f1-4c24-4e09-88d3-61e3cad18f9b"}]}
2026-04-21 18:36:22.670 10 INFO neutron.db.ovn_revision_numbers_db [None req-f0b8015d-332a-4daa-a85b-b4a63a4833cb 7d27d9fb4b8745858d726b4655a75e6b 3249600bc36e45c48692e41a8e6710f4 - - default default] Successfully bumped revision number for resource 2e8e7452-6eb3-46af-b109-b9533930fc8f (type: security_groups) to 1
2026-04-21 18:36:22.685 10 INFO neutron.db.ovn_revision_numbers_db [None req-f0b8015d-332a-4daa-a85b-b4a63a4833cb 7d27d9fb4b8745858d726b4655a75e6b 3249600bc36e45c48692e41a8e6710f4 - - default default] Successfully bumped revision number for resource 72a73bf5-756d-4a70-b2cb-94c3be464eac (type: security_group_rules) to 0
2026-04-21 18:36:22.706 10 INFO neutron.db.ovn_revision_numbers_db [None req-f0b8015d-332a-4daa-a85b-b4a63a4833cb 7d27d9fb4b8745858d726b4655a75e6b 3249600bc36e45c48692e41a8e6710f4 - - default default] Successfully bumped revision number for resource 98a424af-f6e3-4148-9797-37601539b410 (type: security_group_rules) to 0
2026-04-21 18:36:22.720 10 INFO neutron.db.ovn_revision_numbers_db [None req-f0b8015d-332a-4daa-a85b-b4a63a4833cb 7d27d9fb4b8745858d726b4655a75e6b 3249600bc36e45c48692e41a8e6710f4 - - default default] Successfully bumped revision number for resource a86e2f5e-1ac2-4464-a96e-ca652b6f6181 (type: security_group_rules) to 0
2026-04-21 18:36:22.732 10 INFO neutron.db.ovn_revision_numbers_db [None req-f0b8015d-332a-4daa-a85b-b4a63a4833cb 7d27d9fb4b8745858d726b4655a75e6b 3249600bc36e45c48692e41a8e6710f4 - - default default] Successfully bumped revision number for resource f2bb031d-8fd8-4c8e-8193-81db0cd27827 (type: security_group_rules) to 0
2026-04-21 18:36:22.750 10 INFO neutron.wsgi [None req-f0b8015d-332a-4daa-a85b-b4a63a4833cb 7d27d9fb4b8745858d726b4655a75e6b 3249600bc36e45c48692e41a8e6710f4 - - default default] 10.0.0.179 "GET /v2.0/security-groups?tenant_id=d77cedeb7ec54fe2975577e996ae6988&name=default HTTP/1.1" status: 200 len: 3120 time: 0.2332160
2026-04-21 18:36:22.827 9 INFO neutron.db.ovn_revision_numbers_db [None req-b1f6e04c-7ccc-4364-a872-79182ec22231 7d27d9fb4b8745858d726b4655a75e6b 3249600bc36e45c48692e41a8e6710f4 - - default default] Successfully bumped revision number for resource 17a90a21-d869-484f-91a5-0f9aec162d7b (type: security_groups) to 1
2026-04-21 18:36:22.843 9 INFO neutron.db.ovn_revision_numbers_db [None req-b1f6e04c-7ccc-4364-a872-79182ec22231 7d27d9fb4b8745858d726b4655a75e6b 3249600bc36e45c48692e41a8e6710f4 - - default default] Successfully bumped revision number for resource 079156fb-6b4f-4b35-b067-40322cdd720f (type: security_group_rules) to 0
2026-04-21 18:36:22.858 9 INFO neutron.db.ovn_revision_numbers_db [None req-b1f6e04c-7ccc-4364-a872-79182ec22231 7d27d9fb4b8745858d726b4655a75e6b 3249600bc36e45c48692e41a8e6710f4 - - default default] Successfully bumped revision number for resource 2130a39d-0dba-4534-8453-ff61224d4a4f (type: security_group_rules) to 0
2026-04-21 18:36:22.879 9 INFO neutron.db.ovn_revision_numbers_db [None req-b1f6e04c-7ccc-4364-a872-79182ec22231 7d27d9fb4b8745858d726b4655a75e6b 3249600bc36e45c48692e41a8e6710f4 - - default default] Successfully bumped revision number for resource b5b88d86-618d-4adf-b268-4a36d5803520 (type: security_group_rules) to 0
2026-04-21 18:36:22.893 9 INFO neutron.db.ovn_revision_numbers_db [None req-b1f6e04c-7ccc-4364-a872-79182ec22231 7d27d9fb4b8745858d726b4655a75e6b 3249600bc36e45c48692e41a8e6710f4 - - default default] Successfully bumped revision number for resource e6bbf03a-4b83-43e8-ae7c-92cd98d279de (type: security_group_rules) to 0
2026-04-21 18:36:22.915 9 INFO neutron.wsgi [None req-b1f6e04c-7ccc-4364-a872-79182ec22231 7d27d9fb4b8745858d726b4655a75e6b 3249600bc36e45c48692e41a8e6710f4 - - default default] 10.0.0.179 "GET /v2.0/security-groups?tenant_id=402f8426f3474381bf843685a696cdcf&name=default HTTP/1.1" status: 200 len: 3120 time: 0.2540283
2026-04-21 18:36:22.974 10 INFO neutron.wsgi [None req-91bf88ec-b5bb-424e-820c-2cd08ca91cda 7d27d9fb4b8745858d726b4655a75e6b 3249600bc36e45c48692e41a8e6710f4 - - default default] 10.0.0.179 "DELETE /v2.0/security-groups/2e8e7452-6eb3-46af-b109-b9533930fc8f HTTP/1.1" status: 204 len: 168 time: 0.2149072
2026-04-21 18:36:23.126 9 INFO neutron.wsgi [None req-be712265-7e60-409a-b7e0-9e6c9931cc01 7d27d9fb4b8745858d726b4655a75e6b 3249600bc36e45c48692e41a8e6710f4 - - default default] 10.0.0.179 "DELETE /v2.0/security-groups/17a90a21-d869-484f-91a5-0f9aec162d7b HTTP/1.1" status: 204 len: 168 time: 0.2062449
2026-04-21 18:36:23.392 10 INFO neutron.wsgi [None req-8b7c3e18-28ee-4b89-9e11-c578591f1b16 7d27d9fb4b8745858d726b4655a75e6b 3249600bc36e45c48692e41a8e6710f4 - - default default] 10.0.0.179 "GET /v2.0/security-groups?tenant_id=56cd0cadc3b244009f9ae71971c00176&name=default HTTP/1.1" status: 200 len: 3120 time: 0.0491858
2026-04-21 18:36:23.658 10 INFO neutron.wsgi [None req-2865d617-19dc-4eea-8068-7de91a8f3d33 7d27d9fb4b8745858d726b4655a75e6b 3249600bc36e45c48692e41a8e6710f4 - - default default] 10.0.0.179 "DELETE /v2.0/security-groups/46dce3ea-bc4c-4624-a569-f339dd18346b HTTP/1.1" status: 204 len: 168 time: 0.2590952
2026-04-21 18:36:23.968 10 WARNING neutron_lib.context [None req-e62c8c9f-1496-48f8-b9c1-783b6fb489f1 c04ac14d17bb4abc8251bebba112bc65 03ac90cafba44d0c9428cb0f4c8b131d - - default default] Method 'is_advsvc' is deprecated since 2023.2 release (neutron-lib 3.8.0) and will be removed once support for the old RBAC API policies will be removed from Neutron. Please use method 'is_service_role' instead.
2026-04-21 18:36:24.127 10 INFO neutron.db.ovn_revision_numbers_db [None req-e62c8c9f-1496-48f8-b9c1-783b6fb489f1 c04ac14d17bb4abc8251bebba112bc65 03ac90cafba44d0c9428cb0f4c8b131d - - default default] Successfully bumped revision number for resource e95b7f61-83af-4e5e-a265-bea5e79fbe87 (type: security_groups) to 1
2026-04-21 18:36:24.141 10 INFO neutron.db.ovn_revision_numbers_db [None req-e62c8c9f-1496-48f8-b9c1-783b6fb489f1 c04ac14d17bb4abc8251bebba112bc65 03ac90cafba44d0c9428cb0f4c8b131d - - default default] Successfully bumped revision number for resource 03383ab4-c365-4371-8dc8-99517e850d80 (type: security_group_rules) to 0
2026-04-21 18:36:24.157 10 INFO neutron.db.ovn_revision_numbers_db [None req-e62c8c9f-1496-48f8-b9c1-783b6fb489f1 c04ac14d17bb4abc8251bebba112bc65 03ac90cafba44d0c9428cb0f4c8b131d - - default default] Successfully bumped revision number for resource 1b137c96-5d78-4d8b-b443-2b8c6f19b2da (type: security_group_rules) to 0
2026-04-21 18:36:24.183 10 INFO neutron.db.ovn_revision_numbers_db [None req-e62c8c9f-1496-48f8-b9c1-783b6fb489f1 c04ac14d17bb4abc8251bebba112bc65 03ac90cafba44d0c9428cb0f4c8b131d - - default default] Successfully bumped revision number for resource a82903d4-7124-4fe5-9990-838a43a849a2 (type: security_group_rules) to 0
2026-04-21 18:36:24.198 10 INFO neutron.db.ovn_revision_numbers_db [None req-e62c8c9f-1496-48f8-b9c1-783b6fb489f1 c04ac14d17bb4abc8251bebba112bc65 03ac90cafba44d0c9428cb0f4c8b131d - - default default] Successfully bumped revision number for resource f97f3dfe-757d-45a6-a485-3722b0e1e412 (type: security_group_rules) to 0
2026-04-21 18:36:24.253 10 INFO neutron.db.segments_db [None req-e62c8c9f-1496-48f8-b9c1-783b6fb489f1 c04ac14d17bb4abc8251bebba112bc65 03ac90cafba44d0c9428cb0f4c8b131d - - default default] Added segment 63c05915-39b2-4aee-84e3-ecbaab2676b7 of type geneve for network bf2ca13a-ad73-454c-94b0-526a22255a72
2026-04-21 18:36:24.398 10 INFO neutron.db.ovn_revision_numbers_db [None req-e62c8c9f-1496-48f8-b9c1-783b6fb489f1 c04ac14d17bb4abc8251bebba112bc65 03ac90cafba44d0c9428cb0f4c8b131d - - default default] Successfully bumped revision number for resource bf2ca13a-ad73-454c-94b0-526a22255a72 (type: networks) to 1
