2026-04-21 18:37:00.017 9 INFO neutron.wsgi [None req-f1a1b35f-eaad-4438-8c8b-31cb9ab6d970 9e3e1e2328cb49408f9a5e78c3d93714 d51c5822f0034bbf908139a4703b87d3 - - default default] 10.0.0.179 "DELETE /v2.0/vpn/vpnservices/581750c6-7162-43a5-9bc0-819c5602c0ea HTTP/1.1" status: 204 len: 168 time: 3.4718299
2026-04-21 18:37:00.035 10 WARNING neutron_lib.context [None req-ef99af99-8cfd-4286-a868-670dbd87a25c c04ac14d17bb4abc8251bebba112bc65 03ac90cafba44d0c9428cb0f4c8b131d - - default default] Method 'is_advsvc' is deprecated since 2023.2 release (neutron-lib 3.8.0) and will be removed once support for the old RBAC API policies will be removed from Neutron. Please use method 'is_service_role' instead.
2026-04-21 18:37:00.056 10 INFO neutron.wsgi [None req-6b9ade60-c3da-474a-ae36-0ff1992d6a1a a6aacbd91dad48e8bc67db0736557049 9c5697b55898486f9e039ef187003542 - - default default] 10.0.0.179 "DELETE /v2.0/security-groups/9bf1004d-a89d-4115-b455-acacc685f8d3/tags/red HTTP/1.1" status: 204 len: 168 time: 0.0471680
2026-04-21 18:37:00.097 10 INFO neutron.wsgi [None req-ef99af99-8cfd-4286-a868-670dbd87a25c c04ac14d17bb4abc8251bebba112bc65 03ac90cafba44d0c9428cb0f4c8b131d - - default default] 10.0.0.179 "POST /v2.0/vpn/endpoint-groups HTTP/1.1" status: 201 len: 501 time: 0.0679228
2026-04-21 18:37:00.109 10 WARNING neutron_lib.context [None req-35f5381e-2a39-4ea6-a4d2-832f64a2403d c04ac14d17bb4abc8251bebba112bc65 03ac90cafba44d0c9428cb0f4c8b131d - - default default] Method 'is_advsvc' is deprecated since 2023.2 release (neutron-lib 3.8.0) and will be removed once support for the old RBAC API policies will be removed from Neutron. Please use method 'is_service_role' instead.
2026-04-21 18:37:00.110 9 INFO neutron.wsgi [None req-d1e85a79-da54-4cbc-a1c9-58d02ae40e81 a6aacbd91dad48e8bc67db0736557049 9c5697b55898486f9e039ef187003542 - - default default] 10.0.0.179 "GET /v2.0/security-groups/9bf1004d-a89d-4115-b455-acacc685f8d3/tags HTTP/1.1" status: 200 len: 223 time: 0.0482097
2026-04-21 18:37:00.133 9 INFO neutron.wsgi [None req-05f98b5f-cc49-4e8e-8547-880fc50af71e 7d27d9fb4b8745858d726b4655a75e6b 3249600bc36e45c48692e41a8e6710f4 - - default default] 10.0.0.179 "GET /v2.0/security-groups?tenant_id=c142fe5593db4369abe1d7c3a57289c0&name=default HTTP/1.1" status: 200 len: 3124 time: 0.0618587
2026-04-21 18:37:00.183 10 INFO neutron.wsgi [None req-35f5381e-2a39-4ea6-a4d2-832f64a2403d c04ac14d17bb4abc8251bebba112bc65 03ac90cafba44d0c9428cb0f4c8b131d - - default default] 10.0.0.179 "POST /v2.0/vpn/endpoint-groups HTTP/1.1" status: 201 len: 492 time: 0.0795529
2026-04-21 18:37:00.185 10 INFO neutron.api.v2.resource [None req-706354b6-5eb3-4b14-9d57-35c68db1bab9 a6aacbd91dad48e8bc67db0736557049 9c5697b55898486f9e039ef187003542 - - default default] delete failed (client error): The resource could not be found.
2026-04-21 18:37:00.186 10 INFO neutron.wsgi [None req-706354b6-5eb3-4b14-9d57-35c68db1bab9 a6aacbd91dad48e8bc67db0736557049 9c5697b55898486f9e039ef187003542 - - default default] 10.0.0.179 "DELETE /v2.0/security-groups/9bf1004d-a89d-4115-b455-acacc685f8d3/tags/green HTTP/1.1" status: 404 len: 299 time: 0.0665572
2026-04-21 18:37:00.194 9 WARNING neutron.api.v2.base [None req-03f134bd-4ff3-4976-b9dd-4f97963b3f29 c04ac14d17bb4abc8251bebba112bc65 03ac90cafba44d0c9428cb0f4c8b131d - - default default] An exception happened while processing the request body. The exception message is [Unrecognized attribute(s) 'peer_cidr'].: webob.exc.HTTPBadRequest: Unrecognized attribute(s) 'peer_cidr'
2026-04-21 18:37:00.195 9 INFO neutron.api.v2.resource [None req-03f134bd-4ff3-4976-b9dd-4f97963b3f29 c04ac14d17bb4abc8251bebba112bc65 03ac90cafba44d0c9428cb0f4c8b131d - - default default] create failed (client error): Unrecognized attribute(s) 'peer_cidr'
2026-04-21 18:37:00.196 9 INFO neutron.wsgi [None req-03f134bd-4ff3-4976-b9dd-4f97963b3f29 c04ac14d17bb4abc8251bebba112bc65 03ac90cafba44d0c9428cb0f4c8b131d - - default default] 10.0.0.179 "POST /v2.0/vpn/ipsec-site-connections HTTP/1.1" status: 400 len: 313 time: 0.0074692
2026-04-21 18:37:00.232 10 INFO neutron.wsgi [None req-52d3bf65-e0ed-4bbf-b968-3bf29184dce2 c04ac14d17bb4abc8251bebba112bc65 03ac90cafba44d0c9428cb0f4c8b131d - - default default] 10.0.0.179 "GET /v2.0/vpn/endpoint-groups HTTP/1.1" status: 200 len: 1386 time: 0.0196404
2026-04-21 18:37:00.261 10 INFO neutron.wsgi [None req-22925b0d-57a1-49d0-901e-5b1dd1582334 a6aacbd91dad48e8bc67db0736557049 9c5697b55898486f9e039ef187003542 - - default default] 10.0.0.179 "DELETE /v2.0/security-groups/9bf1004d-a89d-4115-b455-acacc685f8d3/tags HTTP/1.1" status: 204 len: 168 time: 0.0682313
2026-04-21 18:37:00.283 9 INFO neutron.wsgi [None req-bdb93f9e-5b32-4df9-a525-5a94a9a1aca2 c04ac14d17bb4abc8251bebba112bc65 03ac90cafba44d0c9428cb0f4c8b131d - - default default] 10.0.0.179 "DELETE /v2.0/vpn/endpoint-groups/988ff89e-14bd-4d67-a3d0-2c068f478ccd HTTP/1.1" status: 204 len: 168 time: 0.0460508
2026-04-21 18:37:00.296 10 INFO neutron.wsgi [None req-0ef1c864-f2b0-4f92-9d0e-2b551d7774f8 a6aacbd91dad48e8bc67db0736557049 9c5697b55898486f9e039ef187003542 - - default default] 10.0.0.179 "GET /v2.0/security-groups/9bf1004d-a89d-4115-b455-acacc685f8d3/tags HTTP/1.1" status: 200 len: 205 time: 0.0299940
2026-04-21 18:37:00.308 9 INFO neutron.wsgi [None req-bd98d71c-fe8b-408a-8e50-9488c4094a28 9973411d76ce4f36a55d6f3cdca27b90 22ef6808b83142e380284b04b25934e0 - - default default] 10.0.0.179 "DELETE /v2.0/networks/b6d847c2-0833-4b0a-aa73-29686f882d08 HTTP/1.1" status: 204 len: 168 time: 0.5819843
2026-04-21 18:37:00.315 9 INFO neutron.wsgi [None req-45db2f1d-fa44-4028-97ce-b6237027f81b c04ac14d17bb4abc8251bebba112bc65 03ac90cafba44d0c9428cb0f4c8b131d - - default default] 10.0.0.179 "GET /v2.0/vpn/endpoint-groups HTTP/1.1" status: 200 len: 1110 time: 0.0245943
2026-04-21 18:37:00.331 9 INFO neutron.wsgi [None req-2124b7a0-5ce3-4941-bf90-c84bbdfe294d c04ac14d17bb4abc8251bebba112bc65 03ac90cafba44d0c9428cb0f4c8b131d - - default default] 10.0.0.179 "GET /v2.0/vpn/endpoint-groups HTTP/1.1" status: 200 len: 1110 time: 0.0105062
2026-04-21 18:37:00.357 9 INFO neutron.wsgi [None req-5427bf3c-bb32-414d-91ba-d371711d4099 c04ac14d17bb4abc8251bebba112bc65 03ac90cafba44d0c9428cb0f4c8b131d - - default default] 10.0.0.179 "DELETE /v2.0/vpn/endpoint-groups/0e1f7129-0e9d-4323-986f-c1ac27a41a19 HTTP/1.1" status: 204 len: 168 time: 0.0233214
2026-04-21 18:37:00.374 9 INFO neutron.wsgi [None req-97cd424a-7e70-448e-869e-a49f207e0400 c04ac14d17bb4abc8251bebba112bc65 03ac90cafba44d0c9428cb0f4c8b131d - - default default] 10.0.0.179 "GET /v2.0/vpn/endpoint-groups HTTP/1.1" status: 200 len: 826 time: 0.0113702
2026-04-21 18:37:00.388 9 WARNING neutron_lib.context [None req-19c772b6-a20d-4048-a711-9e5b0c56009a c04ac14d17bb4abc8251bebba112bc65 03ac90cafba44d0c9428cb0f4c8b131d - - default default] Method 'is_advsvc' is deprecated since 2023.2 release (neutron-lib 3.8.0) and will be removed once support for the old RBAC API policies will be removed from Neutron. Please use method 'is_service_role' instead.
2026-04-21 18:37:00.452 9 INFO neutron.wsgi [None req-19c772b6-a20d-4048-a711-9e5b0c56009a c04ac14d17bb4abc8251bebba112bc65 03ac90cafba44d0c9428cb0f4c8b131d - - default default] 10.0.0.179 "POST /v2.0/vpn/endpoint-groups HTTP/1.1" status: 201 len: 499 time: 0.0686910
2026-04-21 18:37:00.463 9 WARNING neutron_lib.context [None req-a2e63a88-bcc3-4142-8d02-28cb23376bd5 c04ac14d17bb4abc8251bebba112bc65 03ac90cafba44d0c9428cb0f4c8b131d - - default default] Method 'is_advsvc' is deprecated since 2023.2 release (neutron-lib 3.8.0) and will be removed once support for the old RBAC API policies will be removed from Neutron. Please use method 'is_service_role' instead.
2026-04-21 18:37:00.474 10 INFO neutron.wsgi [None req-cfa5e0d7-ad23-47f4-b748-267c71792715 a6aacbd91dad48e8bc67db0736557049 9c5697b55898486f9e039ef187003542 - - default default] 10.0.0.179 "DELETE /v2.0/security-groups/9bf1004d-a89d-4115-b455-acacc685f8d3 HTTP/1.1" status: 204 len: 168 time: 0.1703494
2026-04-21 18:37:00.506 9 INFO neutron.wsgi [None req-a2e63a88-bcc3-4142-8d02-28cb23376bd5 c04ac14d17bb4abc8251bebba112bc65 03ac90cafba44d0c9428cb0f4c8b131d - - default default] 10.0.0.179 "POST /v2.0/vpn/endpoint-groups HTTP/1.1" status: 201 len: 493 time: 0.0487113
2026-04-21 18:37:00.517 9 WARNING neutron_lib.context [None req-52e7bbce-68cf-4c18-8ec6-4da38baa5ace c04ac14d17bb4abc8251bebba112bc65 03ac90cafba44d0c9428cb0f4c8b131d - - default default] Method 'is_advsvc' is deprecated since 2023.2 release (neutron-lib 3.8.0) and will be removed once support for the old RBAC API policies will be removed from Neutron. Please use method 'is_service_role' instead.
2026-04-21 18:37:00.518 10 INFO neutron.wsgi [None req-d7e35eef-eada-45a3-bc2e-25879ca5efb6 7d27d9fb4b8745858d726b4655a75e6b 3249600bc36e45c48692e41a8e6710f4 - - default default] 10.0.0.179 "DELETE /v2.0/security-groups/5ffe7c3c-adac-4944-b422-21c44ca3aa40 HTTP/1.1" status: 204 len: 168 time: 0.3791282
2026-04-21 18:37:00.577 9 INFO neutron.api.v2.resource [None req-52e7bbce-68cf-4c18-8ec6-4da38baa5ace c04ac14d17bb4abc8251bebba112bc65 03ac90cafba44d0c9428cb0f4c8b131d - - default default] create failed (client error): The server could not comply with the request since it is either malformed or otherwise incorrect.
2026-04-21 18:37:00.578 9 INFO neutron.wsgi [None req-52e7bbce-68cf-4c18-8ec6-4da38baa5ace c04ac14d17bb4abc8251bebba112bc65 03ac90cafba44d0c9428cb0f4c8b131d - - default default] 10.0.0.179 "POST /v2.0/vpn/ipsec-site-connections HTTP/1.1" status: 400 len: 373 time: 0.0659182
2026-04-21 18:37:00.601 9 INFO neutron.wsgi [None req-3da0c5ad-e0ff-4326-9ab5-de6add3c1aa0 c04ac14d17bb4abc8251bebba112bc65 03ac90cafba44d0c9428cb0f4c8b131d - - default default] 10.0.0.179 "GET /v2.0/vpn/endpoint-groups HTTP/1.1" status: 200 len: 1385 time: 0.0166249
2026-04-21 18:37:00.640 9 INFO neutron.wsgi [None req-9f364551-2dd3-42e3-b1e2-36ef022c52ab c04ac14d17bb4abc8251bebba112bc65 03ac90cafba44d0c9428cb0f4c8b131d - - default default] 10.0.0.179 "DELETE /v2.0/vpn/endpoint-groups/bf130f4d-2d35-44ea-ae65-b28b718822c9 HTTP/1.1" status: 204 len: 168 time: 0.0345159
2026-04-21 18:37:00.659 9 INFO neutron.wsgi [None req-2c10e20b-b01b-4b7d-bbba-8bf4b5a3c39e c04ac14d17bb4abc8251bebba112bc65 03ac90cafba44d0c9428cb0f4c8b131d - - default default] 10.0.0.179 "GET /v2.0/vpn/endpoint-groups HTTP/1.1" status: 200 len: 1108 time: 0.0117013
2026-04-21 18:37:00.683 9 INFO neutron.wsgi [None req-1c7c96a7-22bf-4f5b-b8c3-dd92bdc36159 c04ac14d17bb4abc8251bebba112bc65 03ac90cafba44d0c9428cb0f4c8b131d - - default default] 10.0.0.179 "GET /v2.0/vpn/endpoint-groups HTTP/1.1" status: 200 len: 1108 time: 0.0183797
2026-04-21 18:37:00.716 9 INFO neutron.wsgi [None req-6f8fb285-0600-4bda-a7a9-1ce7a1903732 c04ac14d17bb4abc8251bebba112bc65 03ac90cafba44d0c9428cb0f4c8b131d - - default default] 10.0.0.179 "DELETE /v2.0/vpn/endpoint-groups/52867afc-ea59-4ec3-9b36-df490ffb2119 HTTP/1.1" status: 204 len: 168 time: 0.0268364
2026-04-21 18:37:00.733 9 INFO neutron.wsgi [None req-e57e3492-f8f5-4b5f-8845-dfd725001cad c04ac14d17bb4abc8251bebba112bc65 03ac90cafba44d0c9428cb0f4c8b131d - - default default] 10.0.0.179 "GET /v2.0/vpn/endpoint-groups HTTP/1.1" status: 200 len: 826 time: 0.0114942
2026-04-21 18:37:00.744 9 WARNING neutron_lib.context [None req-8ca534bc-edd5-4b36-8515-3cf28372758f c04ac14d17bb4abc8251bebba112bc65 03ac90cafba44d0c9428cb0f4c8b131d - - default default] Method 'is_advsvc' is deprecated since 2023.2 release (neutron-lib 3.8.0) and will be removed once support for the old RBAC API policies will be removed from Neutron. Please use method 'is_service_role' instead.
2026-04-21 18:37:00.751 10 INFO neutron.services.segments.plugin [-] Segment 14533ff3-9c25-4c2b-8145-7cb410219909 resource provider aggregate not found
2026-04-21 18:37:00.755 10 INFO neutron.services.segments.plugin [-] Segment 14533ff3-9c25-4c2b-8145-7cb410219909 resource provider aggregate not found
2026-04-21 18:37:00.780 10 INFO neutron.services.segments.plugin [-] Segment 14533ff3-9c25-4c2b-8145-7cb410219909 resource provider not found; error: Placement Client Error (4xx): {"errors": [{"status": 404, "title": "Not Found", "detail": "The resource could not be found.\n\n No resource provider with uuid 14533ff3-9c25-4c2b-8145-7cb410219909 found for delete ", "request_id": "req-b17003f6-9918-4f3d-930c-679fe30fb6ae"}]}
2026-04-21 18:37:00.787 10 INFO neutron.services.segments.plugin [-] Segment 14533ff3-9c25-4c2b-8145-7cb410219909 resource provider not found; error: Placement Client Error (4xx): {"errors": [{"status": 404, "title": "Not Found", "detail": "The resource could not be found.\n\n No resource provider with uuid 14533ff3-9c25-4c2b-8145-7cb410219909 found for delete ", "request_id": "req-36cb153e-9224-4032-857b-9fa70581e512"}]}
2026-04-21 18:37:00.809 10 INFO neutron.wsgi [None req-27b6d5b1-2917-4ad9-84e2-760c4c6b2849 9973411d76ce4f36a55d6f3cdca27b90 22ef6808b83142e380284b04b25934e0 - - default default] 10.0.0.179 "DELETE /v2.0/networks/c9bf3169-7557-44cd-953f-6cbdaf2f5b79 HTTP/1.1" status: 204 len: 168 time: 0.4960988
2026-04-21 18:37:00.834 9 INFO neutron.wsgi [None req-8ca534bc-edd5-4b36-8515-3cf28372758f c04ac14d17bb4abc8251bebba112bc65 03ac90cafba44d0c9428cb0f4c8b131d - - default default] 10.0.0.179 "POST /v2.0/vpn/endpoint-groups HTTP/1.1" status: 201 len: 500 time: 0.0948186
2026-04-21 18:37:00.844 9 WARNING neutron.api.v2.base [None req-2828e546-fa94-412a-b436-6c7a5f2bbf20 c04ac14d17bb4abc8251bebba112bc65 03ac90cafba44d0c9428cb0f4c8b131d - - default default] An exception happened while processing the request body. The exception message is [Failed to parse request. Required attribute 'peer_id' not specified].: webob.exc.HTTPBadRequest: Failed to parse request. Required attribute 'peer_id' not specified
2026-04-21 18:37:00.844 9 INFO neutron.api.v2.resource [None req-2828e546-fa94-412a-b436-6c7a5f2bbf20 c04ac14d17bb4abc8251bebba112bc65 03ac90cafba44d0c9428cb0f4c8b131d - - default default] create failed (client error): Failed to parse request. Required attribute 'peer_id' not specified
2026-04-21 18:37:00.846 9 INFO neutron.wsgi [None req-2828e546-fa94-412a-b436-6c7a5f2bbf20 c04ac14d17bb4abc8251bebba112bc65 03ac90cafba44d0c9428cb0f4c8b131d - - default default] 10.0.0.179 "POST /v2.0/vpn/ipsec-site-connections HTTP/1.1" status: 400 len: 343 time: 0.0072045
2026-04-21 18:37:00.860 9 INFO neutron.wsgi [None req-a9cf10f7-4ef2-43f3-936f-3e22d92445bb c04ac14d17bb4abc8251bebba112bc65 03ac90cafba44d0c9428cb0f4c8b131d - - default default] 10.0.0.179 "GET /v2.0/vpn/endpoint-groups HTTP/1.1" status: 200 len: 1109 time: 0.0110927
2026-04-21 18:37:00.905 10 INFO neutron.wsgi [None req-10a1925c-661d-4ae1-8e73-9e47b5ca90bb c04ac14d17bb4abc8251bebba112bc65 03ac90cafba44d0c9428cb0f4c8b131d - - default default] 10.0.0.179 "DELETE /v2.0/vpn/endpoint-groups/68482f37-fe4a-4d96-9574-23f0d10b99a3 HTTP/1.1" status: 204 len: 168 time: 0.0386090
2026-04-21 18:37:00.920 10 INFO neutron.wsgi [None req-1ecb4082-cdd2-422a-9a6b-3ad82c8c6086 c04ac14d17bb4abc8251bebba112bc65 03ac90cafba44d0c9428cb0f4c8b131d - - default default] 10.0.0.179 "GET /v2.0/vpn/endpoint-groups HTTP/1.1" status: 200 len: 826 time: 0.0104320
2026-04-21 18:37:00.935 9 WARNING neutron_lib.context [None req-e801a5bf-6e4a-4b8d-8336-9aa55082d529 c04ac14d17bb4abc8251bebba112bc65 03ac90cafba44d0c9428cb0f4c8b131d - - default default] Method 'is_advsvc' is deprecated since 2023.2 release (neutron-lib 3.8.0) and will be removed once support for the old RBAC API policies will be removed from Neutron. Please use method 'is_service_role' instead.
2026-04-21 18:37:00.989 9 INFO neutron.wsgi [None req-e801a5bf-6e4a-4b8d-8336-9aa55082d529 c04ac14d17bb4abc8251bebba112bc65 03ac90cafba44d0c9428cb0f4c8b131d - - default default] 10.0.0.179 "POST /v2.0/vpn/endpoint-groups HTTP/1.1" status: 201 len: 493 time: 0.0600297
2026-04-21 18:37:01.002 9 WARNING neutron.api.v2.base [None req-d53a56f0-396f-4a10-b34a-7b0a01bd4f13 c04ac14d17bb4abc8251bebba112bc65 03ac90cafba44d0c9428cb0f4c8b131d - - default default] An exception happened while processing the request body. The exception message is [Failed to parse request. Required attribute 'peer_id' not specified].: webob.exc.HTTPBadRequest: Failed to parse request. Required attribute 'peer_id' not specified
2026-04-21 18:37:01.003 9 INFO neutron.api.v2.resource [None req-d53a56f0-396f-4a10-b34a-7b0a01bd4f13 c04ac14d17bb4abc8251bebba112bc65 03ac90cafba44d0c9428cb0f4c8b131d - - default default] create failed (client error): Failed to parse request. Required attribute 'peer_id' not specified
2026-04-21 18:37:01.004 9 INFO neutron.wsgi [None req-d53a56f0-396f-4a10-b34a-7b0a01bd4f13 c04ac14d17bb4abc8251bebba112bc65 03ac90cafba44d0c9428cb0f4c8b131d - - default default] 10.0.0.179 "POST /v2.0/vpn/ipsec-site-connections HTTP/1.1" status: 400 len: 343 time: 0.0077155
2026-04-21 18:37:01.022 10 INFO neutron.wsgi [None req-ba356127-8349-4f0c-ae34-d03426fa969d c04ac14d17bb4abc8251bebba112bc65 03ac90cafba44d0c9428cb0f4c8b131d - - default default] 10.0.0.179 "GET /v2.0/vpn/endpoint-groups HTTP/1.1" status: 200 len: 1102 time: 0.0137062
2026-04-21 18:37:01.051 10 INFO neutron.wsgi [None req-2e2a2cc0-3944-4983-836e-b3c74b273e20 c04ac14d17bb4abc8251bebba112bc65 03ac90cafba44d0c9428cb0f4c8b131d - - default default] 10.0.0.179 "DELETE /v2.0/vpn/endpoint-groups/0f4b5d21-21d9-41da-8c90-d1b44e1c409b HTTP/1.1" status: 204 len: 168 time: 0.0250382
2026-04-21 18:37:01.069 9 INFO neutron.wsgi [None req-0b773c8c-c0a1-43aa-9a1a-49f75fa8ae8a c04ac14d17bb4abc8251bebba112bc65 03ac90cafba44d0c9428cb0f4c8b131d - - default default] 10.0.0.179 "GET /v2.0/vpn/endpoint-groups HTTP/1.1" status: 200 len: 826 time: 0.0131218
2026-04-21 18:37:01.080 9 WARNING neutron_lib.context [None req-d1b7163e-fa5f-4803-b27a-b821498a3668 c04ac14d17bb4abc8251bebba112bc65 03ac90cafba44d0c9428cb0f4c8b131d - - default default] Method 'is_advsvc' is deprecated since 2023.2 release (neutron-lib 3.8.0) and will be removed once support for the old RBAC API policies will be removed from Neutron. Please use method 'is_service_role' instead.
2026-04-21 18:37:01.120 9 INFO neutron.wsgi [None req-d1b7163e-fa5f-4803-b27a-b821498a3668 c04ac14d17bb4abc8251bebba112bc65 03ac90cafba44d0c9428cb0f4c8b131d - - default default] 10.0.0.179 "POST /v2.0/vpn/endpoint-groups HTTP/1.1" status: 201 len: 489 time: 0.0447209
2026-04-21 18:37:01.129 9 WARNING neutron_lib.context [None req-72439751-05e3-4a47-b0a4-fae7067d8178 c04ac14d17bb4abc8251bebba112bc65 03ac90cafba44d0c9428cb0f4c8b131d - - default default] Method 'is_advsvc' is deprecated since 2023.2 release (neutron-lib 3.8.0) and will be removed once support for the old RBAC API policies will be removed from Neutron. Please use method 'is_service_role' instead.
2026-04-21 18:37:01.214 9 INFO neutron.wsgi [None req-72439751-05e3-4a47-b0a4-fae7067d8178 c04ac14d17bb4abc8251bebba112bc65 03ac90cafba44d0c9428cb0f4c8b131d - - default default] 10.0.0.179 "POST /v2.0/vpn/endpoint-groups HTTP/1.1" status: 201 len: 501 time: 0.0896857
2026-04-21 18:37:01.223 9 WARNING neutron_lib.context [None req-62405dc6-4d1b-4f55-9e72-60338b5d16a6 c04ac14d17bb4abc8251bebba112bc65 03ac90cafba44d0c9428cb0f4c8b131d - - default default] Method 'is_advsvc' is deprecated since 2023.2 release (neutron-lib 3.8.0) and will be removed once support for the old RBAC API policies will be removed from Neutron. Please use method 'is_service_role' instead.
2026-04-21 18:37:01.393 9 INFO neutron.wsgi [-] 10.0.0.171 "GET / HTTP/1.1" status: 200 len: 247 time: 0.0018048
2026-04-21 18:37:01.395 9 INFO neutron.wsgi [-] 10.0.0.171 "GET / HTTP/1.1" status: 200 len: 247 time: 0.0008805
2026-04-21 18:37:01.562 10 INFO neutron.db.ovn_revision_numbers_db [None req-397720ff-eb2b-4751-bdfb-fce6bc6b5d88 7d27d9fb4b8745858d726b4655a75e6b 3249600bc36e45c48692e41a8e6710f4 - - default default] Successfully bumped revision number for resource 424a7fb6-5247-4790-8385-31d04649ddce (type: security_groups) to 1
2026-04-21 18:37:01.584 10 INFO neutron.db.ovn_revision_numbers_db [None req-397720ff-eb2b-4751-bdfb-fce6bc6b5d88 7d27d9fb4b8745858d726b4655a75e6b 3249600bc36e45c48692e41a8e6710f4 - - default default] Successfully bumped revision number for resource 2dc39c12-4560-41d6-8574-09bc0f73642a (type: security_group_rules) to 0
2026-04-21 18:37:01.608 10 INFO neutron.db.ovn_revision_numbers_db [None req-397720ff-eb2b-4751-bdfb-fce6bc6b5d88 7d27d9fb4b8745858d726b4655a75e6b 3249600bc36e45c48692e41a8e6710f4 - - default default] Successfully bumped revision number for resource 4d319e04-feac-432a-a1d6-de44a3c3f017 (type: security_group_rules) to 0
2026-04-21 18:37:01.629 10 INFO neutron.db.ovn_revision_numbers_db [None req-397720ff-eb2b-4751-bdfb-fce6bc6b5d88 7d27d9fb4b8745858d726b4655a75e6b 3249600bc36e45c48692e41a8e6710f4 - - default default] Successfully bumped revision number for resource a61c7461-612a-4bf6-bce1-4b72f0062882 (type: security_group_rules) to 0
2026-04-21 18:37:01.646 10 INFO neutron.db.ovn_revision_numbers_db [None req-397720ff-eb2b-4751-bdfb-fce6bc6b5d88 7d27d9fb4b8745858d726b4655a75e6b 3249600bc36e45c48692e41a8e6710f4 - - default default] Successfully bumped revision number for resource d53e390f-8030-4d5a-9c9a-afde393a3e51 (type: security_group_rules) to 0
2026-04-21 18:37:01.675 10 INFO neutron.wsgi [None req-397720ff-eb2b-4751-bdfb-fce6bc6b5d88 7d27d9fb4b8745858d726b4655a75e6b 3249600bc36e45c48692e41a8e6710f4 - - default default] 10.0.0.179 "GET /v2.0/security-groups?tenant_id=22741e07144045a9be2fb1aad3291ac3&name=default HTTP/1.1" status: 200 len: 3124 time: 0.3444417
2026-04-21 18:37:01.749 9 INFO neutron.wsgi [None req-e0e5be0a-3f91-4a07-b674-6bba38b5ac16 7d27d9fb4b8745858d726b4655a75e6b 3249600bc36e45c48692e41a8e6710f4 - - default default] 10.0.0.179 "GET /v2.0/security-groups?tenant_id=22ef6808b83142e380284b04b25934e0&name=default HTTP/1.1" status: 200 len: 3124 time: 0.1677880
2026-04-21 18:37:01.983 9 INFO neutron.services.segments.plugin [-] Segment 219080e2-7321-4749-8266-44b1bfa68382 resource provider aggregate not found
2026-04-21 18:37:01.992 9 INFO neutron.services.segments.plugin [-] Segment 219080e2-7321-4749-8266-44b1bfa68382 resource provider aggregate not found
2026-04-21 18:37:02.003 9 INFO neutron.services.segments.plugin [-] Segment 219080e2-7321-4749-8266-44b1bfa68382 resource provider not found; error: Placement Client Error (4xx): {"errors": [{"status": 404, "title": "Not Found", "detail": "The resource could not be found.\n\n No resource provider with uuid 219080e2-7321-4749-8266-44b1bfa68382 found for delete ", "request_id": "req-c5152589-08a6-43f8-8e9f-410448b94df7"}]}
2026-04-21 18:37:02.016 9 INFO neutron.services.segments.plugin [-] Segment 219080e2-7321-4749-8266-44b1bfa68382 resource provider not found; error: Placement Client Error (4xx): {"errors": [{"status": 404, "title": "Not Found", "detail": "The resource could not be found.\n\n No resource provider with uuid 219080e2-7321-4749-8266-44b1bfa68382 found for delete ", "request_id": "req-bf051dd9-9e59-41f4-90d1-3b49c8023a67"}]}
2026-04-21 18:37:02.126 9 INFO neutron.wsgi [None req-a103aad3-0648-4ebd-8b7f-919b3fe2672a 7d27d9fb4b8745858d726b4655a75e6b 3249600bc36e45c48692e41a8e6710f4 - - default default] 10.0.0.179 "DELETE /v2.0/security-groups/2c5e0784-4904-4dcc-81b2-a8b10deba8b3 HTTP/1.1" status: 204 len: 168 time: 0.3688190
2026-04-21 18:37:02.143 9 INFO neutron.db.ovn_revision_numbers_db [None req-62405dc6-4d1b-4f55-9e72-60338b5d16a6 c04ac14d17bb4abc8251bebba112bc65 03ac90cafba44d0c9428cb0f4c8b131d - - default default] Successfully bumped revision number for resource a421f1ba-c83c-4056-acbb-a2da5f734fbe (type: routers) to 6
2026-04-21 18:37:02.181 10 INFO neutron.wsgi [None req-d13a8bca-dd43-4f5e-bc3c-d4da157f3c50 7d27d9fb4b8745858d726b4655a75e6b 3249600bc36e45c48692e41a8e6710f4 - - default default] 10.0.0.179 "DELETE /v2.0/security-groups/424a7fb6-5247-4790-8385-31d04649ddce HTTP/1.1" status: 204 len: 168 time: 0.4977252
2026-04-21 18:37:02.182 9 INFO neutron.wsgi [None req-62405dc6-4d1b-4f55-9e72-60338b5d16a6 c04ac14d17bb4abc8251bebba112bc65 03ac90cafba44d0c9428cb0f4c8b131d - - default default] 10.0.0.179 "POST /v2.0/vpn/ipsec-site-connections HTTP/1.1" status: 201 len: 1041 time: 0.9639988
2026-04-21 18:37:02.457 9 INFO neutron.wsgi [None req-c0361681-9796-4ec4-a6c9-74729444c375 7d27d9fb4b8745858d726b4655a75e6b 3249600bc36e45c48692e41a8e6710f4 - - default default] 10.0.0.179 "GET /v2.0/security-groups?tenant_id=9c5697b55898486f9e039ef187003542&name=default HTTP/1.1" status: 200 len: 3124 time: 0.0527308
2026-04-21 18:37:02.490 9 INFO neutron.db.ovn_revision_numbers_db [None req-49d6ffc3-7283-4a7d-95f6-0448da288f70 7d27d9fb4b8745858d726b4655a75e6b 3249600bc36e45c48692e41a8e6710f4 - - default default] Successfully bumped revision number for resource e9bd42b5-35a5-444a-a2a8-43c15690953f (type: security_groups) to 1
2026-04-21 18:37:02.534 9 INFO neutron.db.ovn_revision_numbers_db [None req-49d6ffc3-7283-4a7d-95f6-0448da288f70 7d27d9fb4b8745858d726b4655a75e6b 3249600bc36e45c48692e41a8e6710f4 - - default default] Successfully bumped revision number for resource 18b63971-f376-48cc-8173-b078da6734bd (type: security_group_rules) to 0
2026-04-21 18:37:02.570 9 INFO neutron.db.ovn_revision_numbers_db [None req-49d6ffc3-7283-4a7d-95f6-0448da288f70 7d27d9fb4b8745858d726b4655a75e6b 3249600bc36e45c48692e41a8e6710f4 - - default default] Successfully bumped revision number for resource 3be3e00e-41ea-4d92-912f-3ed11b93a927 (type: security_group_rules) to 0
2026-04-21 18:37:02.603 9 INFO neutron.db.ovn_revision_numbers_db [None req-49d6ffc3-7283-4a7d-95f6-0448da288f70 7d27d9fb4b8745858d726b4655a75e6b 3249600bc36e45c48692e41a8e6710f4 - - default default] Successfully bumped revision number for resource 5552504d-d8ca-4496-8d36-60435a65c581 (type: security_group_rules) to 0
2026-04-21 18:37:02.628 9 INFO neutron.db.ovn_revision_numbers_db [None req-49d6ffc3-7283-4a7d-95f6-0448da288f70 7d27d9fb4b8745858d726b4655a75e6b 3249600bc36e45c48692e41a8e6710f4 - - default default] Successfully bumped revision number for resource f52ea12e-3d96-4c6b-b5ba-3da3a1006ee6 (type: security_group_rules) to 0
2026-04-21 18:37:02.650 9 INFO neutron.wsgi [None req-49d6ffc3-7283-4a7d-95f6-0448da288f70 7d27d9fb4b8745858d726b4655a75e6b 3249600bc36e45c48692e41a8e6710f4 - - default default] 10.0.0.179 "GET /v2.0/security-groups?tenant_id=b624f51ba4e84d52800533aed73a08d6&name=default HTTP/1.1" status: 200 len: 3124 time: 0.3386714
2026-04-21 18:37:02.782 9 INFO neutron.wsgi [None req-884bca36-fd68-400f-87a5-af7ab6020164 7d27d9fb4b8745858d726b4655a75e6b 3249600bc36e45c48692e41a8e6710f4 - - default default] 10.0.0.179 "DELETE /v2.0/security-groups/ce818684-1ddb-4753-a414-54e49d7fa08e HTTP/1.1" status: 204 len: 168 time: 0.3186729
2026-04-21 18:37:03.036 10 INFO neutron.wsgi [None req-a90fcefd-9901-46af-b831-06a7005b5738 7d27d9fb4b8745858d726b4655a75e6b 3249600bc36e45c48692e41a8e6710f4 - - default default] 10.0.0.179 "DELETE /v2.0/security-groups/e9bd42b5-35a5-444a-a2a8-43c15690953f HTTP/1.1" status: 204 len: 168 time: 0.3792353
2026-04-21 18:37:03.099 10 INFO neutron.db.ovn_revision_numbers_db [None req-e76af5c7-2c9c-444b-b985-2f330da9cf4f c04ac14d17bb4abc8251bebba112bc65 03ac90cafba44d0c9428cb0f4c8b131d - - default default] Successfully bumped revision number for resource a421f1ba-c83c-4056-acbb-a2da5f734fbe (type: routers) to 7
2026-04-21 18:37:03.122 10 INFO neutron.wsgi [None req-e76af5c7-2c9c-444b-b985-2f330da9cf4f c04ac14d17bb4abc8251bebba112bc65 03ac90cafba44d0c9428cb0f4c8b131d - - default default] 10.0.0.179 "DELETE /v2.0/vpn/ipsec-site-connections/c0412b54-911f-4288-b29e-d92da533897b HTTP/1.1" status: 204 len: 168 time: 0.9333849
2026-04-21 18:37:03.147 10 INFO neutron.wsgi [None req-ae9590ee-340c-4b72-9d0b-6994ce83c3e7 c04ac14d17bb4abc8251bebba112bc65 03ac90cafba44d0c9428cb0f4c8b131d - - default default] 10.0.0.179 "GET /v2.0/vpn/ipsec-site-connections HTTP/1.1" status: 200 len: 989 time: 0.0165865
2026-04-21 18:37:03.165 10 INFO neutron.api.v2.resource [None req-14996835-df13-4e4d-8e8c-9223067776c1 c04ac14d17bb4abc8251bebba112bc65 03ac90cafba44d0c9428cb0f4c8b131d - - default default] delete failed (client error): The resource could not be found.
2026-04-21 18:37:03.167 10 INFO neutron.wsgi [None req-14996835-df13-4e4d-8e8c-9223067776c1 c04ac14d17bb4abc8251bebba112bc65 03ac90cafba44d0c9428cb0f4c8b131d - - default default] 10.0.0.179 "DELETE /v2.0/vpn/ipsec-site-connections/c0412b54-911f-4288-b29e-d92da533897b HTTP/1.1" status: 404 len: 355 time: 0.0130837
2026-04-21 18:37:03.186 10 INFO neutron.wsgi [None req-47108a3d-8507-45a8-a7b3-a5babd958e29 c04ac14d17bb4abc8251bebba112bc65 03ac90cafba44d0c9428cb0f4c8b131d - - default default] 10.0.0.179 "GET /v2.0/vpn/endpoint-groups HTTP/1.1" status: 200 len: 1383 time: 0.0136235
2026-04-21 18:37:03.232 10 INFO neutron.wsgi [None req-da24fb66-6549-42ec-97e1-f84fc8082544 c04ac14d17bb4abc8251bebba112bc65 03ac90cafba44d0c9428cb0f4c8b131d - - default default] 10.0.0.179 "DELETE /v2.0/vpn/endpoint-groups/bff2c9b5-2ef6-4617-b07a-6e182df32d0e HTTP/1.1" status: 204 len: 168 time: 0.0388803
2026-04-21 18:37:03.258 10 INFO neutron.wsgi [None req-76764843-2cbc-45cc-b112-40aec25c9505 c04ac14d17bb4abc8251bebba112bc65 03ac90cafba44d0c9428cb0f4c8b131d - - default default] 10.0.0.179 "GET /v2.0/vpn/endpoint-groups HTTP/1.1" status: 200 len: 1098 time: 0.0209174
2026-04-21 18:37:03.278 10 INFO neutron.wsgi [None req-e0db8898-cfeb-44fe-860a-46c2fbb0620e c04ac14d17bb4abc8251bebba112bc65 03ac90cafba44d0c9428cb0f4c8b131d - - default default] 10.0.0.179 "GET /v2.0/vpn/endpoint-groups HTTP/1.1" status: 200 len: 1098 time: 0.0143569
2026-04-21 18:37:03.318 10 INFO neutron.wsgi [None req-2d96a553-f037-4612-b496-5be968ba8bd5 c04ac14d17bb4abc8251bebba112bc65 03ac90cafba44d0c9428cb0f4c8b131d - - default default] 10.0.0.179 "DELETE /v2.0/vpn/endpoint-groups/fdd0e9df-95db-4205-b4a0-fc5ae2ef25b7 HTTP/1.1" status: 204 len: 168 time: 0.0300808
2026-04-21 18:37:03.342 10 INFO neutron.wsgi [None req-c72f8b88-9a42-455b-ac9b-8da972061a8d c04ac14d17bb4abc8251bebba112bc65 03ac90cafba44d0c9428cb0f4c8b131d - - default default] 10.0.0.179 "GET /v2.0/vpn/endpoint-groups HTTP/1.1" status: 200 len: 826 time: 0.0179930
2026-04-21 18:37:03.356 10 WARNING neutron_lib.context [None req-9113665d-e821-49a0-87c7-60ec33c519aa c04ac14d17bb4abc8251bebba112bc65 03ac90cafba44d0c9428cb0f4c8b131d - - default default] Method 'is_advsvc' is deprecated since 2023.2 release (neutron-lib 3.8.0) and will be removed once support for the old RBAC API policies will be removed from Neutron. Please use method 'is_service_role' instead.
2026-04-21 18:37:04.113 10 INFO neutron.db.ovn_revision_numbers_db [None req-9113665d-e821-49a0-87c7-60ec33c519aa c04ac14d17bb4abc8251bebba112bc65 03ac90cafba44d0c9428cb0f4c8b131d - - default default] Successfully bumped revision number for resource a421f1ba-c83c-4056-acbb-a2da5f734fbe (type: routers) to 8
2026-04-21 18:37:04.154 10 INFO neutron.wsgi [None req-9113665d-e821-49a0-87c7-60ec33c519aa c04ac14d17bb4abc8251bebba112bc65 03ac90cafba44d0c9428cb0f4c8b131d - - default default] 10.0.0.179 "POST /v2.0/vpn/ipsec-site-connections HTTP/1.1" status: 201 len: 1004 time: 0.8038795
2026-04-21 18:37:04.433 10 WARNING neutron_lib.context [None req-453872b9-9ae5-4d0a-be3f-99c42c272400 37b8a86d24954a66aa30166aa2042a95 12924c64847447418e3a27eed615500c - - default default] Method 'is_advsvc' is deprecated since 2023.2 release (neutron-lib 3.8.0) and will be removed once support for the old RBAC API policies will be removed from Neutron. Please use method 'is_service_role' instead.
2026-04-21 18:37:04.607 10 INFO neutron.db.ovn_revision_numbers_db [None req-453872b9-9ae5-4d0a-be3f-99c42c272400 37b8a86d24954a66aa30166aa2042a95 12924c64847447418e3a27eed615500c - - default default] Successfully bumped revision number for resource cbe705e7-f2f7-42bd-899d-3a88dc0f171f (type: security_groups) to 1
2026-04-21 18:37:04.623 10 INFO neutron.db.ovn_revision_numbers_db [None req-453872b9-9ae5-4d0a-be3f-99c42c272400 37b8a86d24954a66aa30166aa2042a95 12924c64847447418e3a27eed615500c - - default default] Successfully bumped revision number for resource 599438d3-5a59-40f0-86cd-cdaa93734a3b (type: security_group_rules) to 0
2026-04-21 18:37:04.635 10 INFO neutron.db.ovn_revision_numbers_db [None req-453872b9-9ae5-4d0a-be3f-99c42c272400 37b8a86d24954a66aa30166aa2042a95 12924c64847447418e3a27eed615500c - - default default] Successfully bumped revision number for resource 971fb61f-b784-4ca7-89ae-aeb017d10782 (type: security_group_rules) to 0
2026-04-21 18:37:04.650 10 INFO neutron.db.ovn_revision_numbers_db [None req-453872b9-9ae5-4d0a-be3f-99c42c272400 37b8a86d24954a66aa30166aa2042a95 12924c64847447418e3a27eed615500c - - default default] Successfully bumped revision number for resource a6af9a7a-499d-40dc-bff5-998851b3c863 (type: security_group_rules) to 0
2026-04-21 18:37:04.665 10 INFO neutron.db.ovn_revision_numbers_db [None req-453872b9-9ae5-4d0a-be3f-99c42c272400 37b8a86d24954a66aa30166aa2042a95 12924c64847447418e3a27eed615500c - - default default] Successfully bumped revision number for resource bc2e6f04-03fe-4279-8678-f550137265fd (type: security_group_rules) to 0
2026-04-21 18:37:04.732 10 INFO neutron.db.segments_db [None req-453872b9-9ae5-4d0a-be3f-99c42c272400 37b8a86d24954a66aa30166aa2042a95 12924c64847447418e3a27eed615500c - - default default] Added segment 54b2bbc6-ded1-42dd-83fe-985a56d406d5 of type geneve for network 70107683-e277-467d-9f15-9c16b3fa6218
2026-04-21 18:37:04.866 10 INFO neutron.db.ovn_revision_numbers_db [None req-453872b9-9ae5-4d0a-be3f-99c42c272400 37b8a86d24954a66aa30166aa2042a95 12924c64847447418e3a27eed615500c - - default default] Successfully bumped revision number for resource 70107683-e277-467d-9f15-9c16b3fa6218 (type: networks) to 1
2026-04-21 18:37:05.053 10 WARNING neutron.scheduler.dhcp_agent_scheduler [None req-453872b9-9ae5-4d0a-be3f-99c42c272400 37b8a86d24954a66aa30166aa2042a95 12924c64847447418e3a27eed615500c - - default default] No more DHCP agents
2026-04-21 18:37:05.055 10 WARNING neutron.api.rpc.agentnotifiers.dhcp_rpc_agent_api [None req-453872b9-9ae5-4d0a-be3f-99c42c272400 37b8a86d24954a66aa30166aa2042a95 12924c64847447418e3a27eed615500c - - default default] Unable to schedule network 70107683-e277-467d-9f15-9c16b3fa6218: no agents available; will retry on subsequent port and subnet creation events.
2026-04-21 18:37:05.146 10 INFO neutron.db.ovn_revision_numbers_db [None req-453872b9-9ae5-4d0a-be3f-99c42c272400 37b8a86d24954a66aa30166aa2042a95 12924c64847447418e3a27eed615500c - - default default] Successfully bumped revision number for resource d09ea6ae-32d1-4ee7-bc72-42503efe8cc8 (type: ports) to 1
2026-04-21 18:37:05.169 10 INFO neutron.wsgi [None req-453872b9-9ae5-4d0a-be3f-99c42c272400 37b8a86d24954a66aa30166aa2042a95 12924c64847447418e3a27eed615500c - - default default] 10.0.0.179 "POST /v2.0/networks HTTP/1.1" status: 201 len: 831 time: 0.9205170
2026-04-21 18:37:05.182 9 WARNING neutron_lib.context [None req-e9f38214-52dc-4083-92bf-26ea26e33fb1 37b8a86d24954a66aa30166aa2042a95 12924c64847447418e3a27eed615500c - - default default] Method 'is_advsvc' is deprecated since 2023.2 release (neutron-lib 3.8.0) and will be removed once support for the old RBAC API policies will be removed from Neutron. Please use method 'is_service_role' instead.
2026-04-21 18:37:05.326 9 INFO neutron.db.ovn_revision_numbers_db [None req-5ff38ccf-7c02-441e-bff1-86d98bb41c34 c04ac14d17bb4abc8251bebba112bc65 03ac90cafba44d0c9428cb0f4c8b131d - - default default] Successfully bumped revision number for resource a421f1ba-c83c-4056-acbb-a2da5f734fbe (type: routers) to 9
2026-04-21 18:37:05.357 9 INFO neutron.wsgi [None req-5ff38ccf-7c02-441e-bff1-86d98bb41c34 c04ac14d17bb4abc8251bebba112bc65 03ac90cafba44d0c9428cb0f4c8b131d - - default default] 10.0.0.179 "DELETE /v2.0/vpn/ipsec-site-connections/7c120cf1-cb90-40d6-b6c2-fe6d0bed0d7d HTTP/1.1" status: 204 len: 168 time: 1.1964931
2026-04-21 18:37:05.379 10 INFO neutron.wsgi [None req-5a3fa3da-bd22-4904-bf7c-32d93b026390 c04ac14d17bb4abc8251bebba112bc65 03ac90cafba44d0c9428cb0f4c8b131d - - default default] 10.0.0.179 "GET /v2.0/vpn/ipsec-site-connections HTTP/1.1" status: 200 len: 989 time: 0.0151350
2026-04-21 18:37:05.394 10 INFO neutron.api.v2.resource [None req-7125b04c-f5ab-4ce7-8135-e0973c69877f c04ac14d17bb4abc8251bebba112bc65 03ac90cafba44d0c9428cb0f4c8b131d - - default default] delete failed (client error): The resource could not be found.
2026-04-21 18:37:05.397 10 INFO neutron.wsgi [None req-7125b04c-f5ab-4ce7-8135-e0973c69877f c04ac14d17bb4abc8251bebba112bc65 03ac90cafba44d0c9428cb0f4c8b131d - - default default] 10.0.0.179 "DELETE /v2.0/vpn/ipsec-site-connections/7c120cf1-cb90-40d6-b6c2-fe6d0bed0d7d HTTP/1.1" status: 404 len: 355 time: 0.0128164
2026-04-21 18:37:05.413 10 WARNING neutron_lib.context [None req-22b091fa-9d15-41f9-90bd-f1a34d8bbef3 c04ac14d17bb4abc8251bebba112bc65 03ac90cafba44d0c9428cb0f4c8b131d - - default default] Method 'is_advsvc' is deprecated since 2023.2 release (neutron-lib 3.8.0) and will be removed once support for the old RBAC API policies will be removed from Neutron. Please use method 'is_service_role' instead.
2026-04-21 18:37:05.463 10 INFO neutron.wsgi [None req-22b091fa-9d15-41f9-90bd-f1a34d8bbef3 c04ac14d17bb4abc8251bebba112bc65 03ac90cafba44d0c9428cb0f4c8b131d - - default default] 10.0.0.179 "POST /v2.0/vpn/endpoint-groups HTTP/1.1" status: 201 len: 489 time: 0.0581849
2026-04-21 18:37:05.482 9 WARNING neutron.scheduler.dhcp_agent_scheduler [None req-e9f38214-52dc-4083-92bf-26ea26e33fb1 37b8a86d24954a66aa30166aa2042a95 12924c64847447418e3a27eed615500c - - default default] No more DHCP agents
2026-04-21 18:37:05.484 9 WARNING neutron.api.rpc.agentnotifiers.dhcp_rpc_agent_api [None req-e9f38214-52dc-4083-92bf-26ea26e33fb1 37b8a86d24954a66aa30166aa2042a95 12924c64847447418e3a27eed615500c - - default default] Unable to schedule network 70107683-e277-467d-9f15-9c16b3fa6218: no agents available; will retry on subsequent port and subnet creation events.
2026-04-21 18:37:05.491 10 INFO neutron.wsgi [None req-931f4bcd-566f-4882-b601-20b6ee31bd38 c04ac14d17bb4abc8251bebba112bc65 03ac90cafba44d0c9428cb0f4c8b131d - - default default] 10.0.0.179 "PUT /v2.0/vpn/endpoint-groups/943971de-c89e-4f41-89b0-6637ec3b885f HTTP/1.1" status: 200 len: 484 time: 0.0236378
2026-04-21 18:37:05.511 10 INFO neutron.wsgi [None req-434b8d6e-43b9-4513-bc27-69e41196465e c04ac14d17bb4abc8251bebba112bc65 03ac90cafba44d0c9428cb0f4c8b131d - - default default] 10.0.0.179 "GET /v2.0/vpn/endpoint-groups/943971de-c89e-4f41-89b0-6637ec3b885f HTTP/1.1" status: 200 len: 484 time: 0.0135415
2026-04-21 18:37:05.557 10 INFO neutron.wsgi [None req-86566900-65bb-45c0-990e-89ebd46d4648 c04ac14d17bb4abc8251bebba112bc65 03ac90cafba44d0c9428cb0f4c8b131d - - default default] 10.0.0.179 "DELETE /v2.0/vpn/endpoint-groups/943971de-c89e-4f41-89b0-6637ec3b885f HTTP/1.1" status: 204 len: 168 time: 0.0400534
2026-04-21 18:37:05.578 10 INFO neutron.wsgi [None req-a66779c5-0435-4cff-bf56-afe6e900c7d8 c04ac14d17bb4abc8251bebba112bc65 03ac90cafba44d0c9428cb0f4c8b131d - - default default] 10.0.0.179 "GET /v2.0/vpn/endpoint-groups HTTP/1.1" status: 200 len: 826 time: 0.0112820
2026-04-21 18:37:05.588 9 INFO neutron.db.ovn_revision_numbers_db [None req-e9f38214-52dc-4083-92bf-26ea26e33fb1 37b8a86d24954a66aa30166aa2042a95 12924c64847447418e3a27eed615500c - - default default] Successfully bumped revision number for resource 5497a971-07ed-42f0-8347-db0b260e2c5c (type: ports) to 1
2026-04-21 18:37:05.608 10 INFO neutron.wsgi [None req-2bdac7d3-0888-4642-9622-0ccb4460c75a c04ac14d17bb4abc8251bebba112bc65 03ac90cafba44d0c9428cb0f4c8b131d - - default default] 10.0.0.179 "GET /v2.0/vpn/endpoint-groups HTTP/1.1" status: 200 len: 826 time: 0.0230343
2026-04-21 18:37:05.615 9 INFO neutron.wsgi [None req-e9f38214-52dc-4083-92bf-26ea26e33fb1 37b8a86d24954a66aa30166aa2042a95 12924c64847447418e3a27eed615500c - - default default] 10.0.0.179 "POST /v2.0/ports HTTP/1.1" status: 201 len: 942 time: 0.4392223 /var/lib/openstack/lib/python3.10/site-packages/pycadf/identifier.py:71: UserWarning: Invalid uuid: neutron. To ensure interoperability, identifiers should be a valid uuid. warnings.warn(('Invalid uuid: %s. To ensure interoperability, '
2026-04-21 18:37:05.625 9 WARNING neutron_lib.context [None req-cab2ff77-a2b2-4253-9fb8-d24c1ed60d88 c04ac14d17bb4abc8251bebba112bc65 03ac90cafba44d0c9428cb0f4c8b131d - - default default] Method 'is_advsvc' is deprecated since 2023.2 release (neutron-lib 3.8.0) and will be removed once support for the old RBAC API policies will be removed from Neutron. Please use method 'is_service_role' instead.
2026-04-21 18:37:05.689 9 INFO neutron.wsgi [None req-cab2ff77-a2b2-4253-9fb8-d24c1ed60d88 c04ac14d17bb4abc8251bebba112bc65 03ac90cafba44d0c9428cb0f4c8b131d - - default default] 10.0.0.179 "POST /v2.0/vpn/ikepolicies HTTP/1.1" status: 201 len: 601 time: 0.0690699
2026-04-21 18:37:05.692 10 INFO neutron.wsgi [None req-67885002-56bd-4849-98b0-92212aa17a71 37b8a86d24954a66aa30166aa2042a95 12924c64847447418e3a27eed615500c - - default default] 10.0.0.179 "PUT /v2.0/ports/5497a971-07ed-42f0-8347-db0b260e2c5c/tags HTTP/1.1" status: 200 len: 218 time: 0.0725725
2026-04-21 18:37:05.740 10 INFO neutron.wsgi [None req-d18ea72e-9c96-4e20-b58f-5d391d7b8381 c04ac14d17bb4abc8251bebba112bc65 03ac90cafba44d0c9428cb0f4c8b131d - - default default] 10.0.0.179 "PUT /v2.0/vpn/ikepolicies/8448201c-00a0-4ed1-8670-a40652951416 HTTP/1.1" status: 200 len: 612 time: 0.0413699
2026-04-21 18:37:05.750 10 INFO neutron.wsgi [None req-a0ac7b59-bedd-445b-b32e-d3a5e4cc75e8 37b8a86d24954a66aa30166aa2042a95 12924c64847447418e3a27eed615500c - - default default] 10.0.0.179 "GET /v2.0/ports/5497a971-07ed-42f0-8347-db0b260e2c5c/tags HTTP/1.1" status: 200 len: 218 time: 0.0520480
2026-04-21 18:37:05.764 9 INFO neutron.wsgi [None req-3d8ec255-0bae-406d-95a4-3473cd84cfed c04ac14d17bb4abc8251bebba112bc65 03ac90cafba44d0c9428cb0f4c8b131d - - default default] 10.0.0.179 "GET /v2.0/vpn/ikepolicies/8448201c-00a0-4ed1-8670-a40652951416 HTTP/1.1" status: 200 len: 612 time: 0.0171454
2026-04-21 18:37:05.795 10 INFO neutron.wsgi [None req-f0542c1f-2c4b-4992-8b44-51a2a034b95c c04ac14d17bb4abc8251bebba112bc65 03ac90cafba44d0c9428cb0f4c8b131d - - default default] 10.0.0.179 "DELETE /v2.0/vpn/ikepolicies/8448201c-00a0-4ed1-8670-a40652951416 HTTP/1.1" status: 204 len: 168 time: 0.0253351
2026-04-21 18:37:05.811 9 INFO neutron.wsgi [None req-eb9405f7-5043-4a4d-848e-6727a3420007 37b8a86d24954a66aa30166aa2042a95 12924c64847447418e3a27eed615500c - - default default] 10.0.0.179 "PUT /v2.0/ports/5497a971-07ed-42f0-8347-db0b260e2c5c/tags/green HTTP/1.1" status: 201 len: 201 time: 0.0564349
2026-04-21 18:37:05.815 10 INFO neutron.wsgi [None req-9ee07f57-31c4-4669-95c5-7b26be5cafd4 c04ac14d17bb4abc8251bebba112bc65 03ac90cafba44d0c9428cb0f4c8b131d - - default default] 10.0.0.179 "GET /v2.0/vpn/ikepolicies HTTP/1.1" status: 200 len: 602 time: 0.0122252
2026-04-21 18:37:05.840 10 INFO neutron.wsgi [None req-9874a82a-e248-4181-853e-6e6d35cfecf4 c04ac14d17bb4abc8251bebba112bc65 03ac90cafba44d0c9428cb0f4c8b131d - - default default] 10.0.0.179 "GET /v2.0/vpn/ikepolicies HTTP/1.1" status: 200 len: 602 time: 0.0155768
2026-04-21 18:37:05.858 9 WARNING neutron_lib.context [None req-3d68637c-b394-46df-9e12-2d19800a4987 c04ac14d17bb4abc8251bebba112bc65 03ac90cafba44d0c9428cb0f4c8b131d - - default default] Method 'is_advsvc' is deprecated since 2023.2 release (neutron-lib 3.8.0) and will be removed once support for the old RBAC API policies will be removed from Neutron. Please use method 'is_service_role' instead.
2026-04-21 18:37:05.865 10 INFO neutron.wsgi [None req-abeee5c6-923a-479b-86c7-11d567275ab5 37b8a86d24954a66aa30166aa2042a95 12924c64847447418e3a27eed615500c - - default default] 10.0.0.179 "GET /v2.0/ports/5497a971-07ed-42f0-8347-db0b260e2c5c/tags HTTP/1.1" status: 200 len: 227 time: 0.0470285
2026-04-21 18:37:05.907 9 INFO neutron.wsgi [None req-3d68637c-b394-46df-9e12-2d19800a4987 c04ac14d17bb4abc8251bebba112bc65 03ac90cafba44d0c9428cb0f4c8b131d - - default default] 10.0.0.179 "POST /v2.0/vpn/ipsecpolicies HTTP/1.1" status: 201 len: 611 time: 0.0579774
2026-04-21 18:37:05.910 10 INFO neutron.wsgi [None req-9b9e14b8-7e9c-41cb-b79f-86009a4aab5f 37b8a86d24954a66aa30166aa2042a95 12924c64847447418e3a27eed615500c - - default default] 10.0.0.179 "PUT /v2.0/ports/5497a971-07ed-42f0-8347-db0b260e2c5c/tags/red HTTP/1.1" status: 201 len: 201 time: 0.0390341
2026-04-21 18:37:05.955 10 INFO neutron.wsgi [None req-3e1903fb-985b-460a-9cff-68b690696ff3 c04ac14d17bb4abc8251bebba112bc65 03ac90cafba44d0c9428cb0f4c8b131d - - default default] 10.0.0.179 "PUT /v2.0/vpn/ipsecpolicies/34ede50b-4743-4465-b39b-f86223599021 HTTP/1.1" status: 200 len: 624 time: 0.0383761
2026-04-21 18:37:05.965 10 INFO neutron.wsgi [None req-5cb6a29c-9d6e-4d41-afa8-88a57cc3346f 37b8a86d24954a66aa30166aa2042a95 12924c64847447418e3a27eed615500c - - default default] 10.0.0.179 "GET /v2.0/ports/5497a971-07ed-42f0-8347-db0b260e2c5c/tags HTTP/1.1" status: 200 len: 227 time: 0.0482721
2026-04-21 18:37:06.007 9 INFO neutron.wsgi [None req-5176411e-c0af-4137-8134-a647d3805a30 c04ac14d17bb4abc8251bebba112bc65 03ac90cafba44d0c9428cb0f4c8b131d - - default default] 10.0.0.179 "DELETE /v2.0/vpn/ipsecpolicies/34ede50b-4743-4465-b39b-f86223599021 HTTP/1.1" status: 204 len: 168 time: 0.0460682
2026-04-21 18:37:06.028 10 INFO neutron.api.v2.resource [None req-7192d41d-4ce0-49da-a88d-03e000f7d379 c04ac14d17bb4abc8251bebba112bc65 03ac90cafba44d0c9428cb0f4c8b131d - - default default] delete failed (client error): The resource could not be found.
2026-04-21 18:37:06.030 10 INFO neutron.wsgi [None req-7192d41d-4ce0-49da-a88d-03e000f7d379 c04ac14d17bb4abc8251bebba112bc65 03ac90cafba44d0c9428cb0f4c8b131d - - default default] 10.0.0.179 "DELETE /v2.0/vpn/ipsecpolicies/34ede50b-4743-4465-b39b-f86223599021 HTTP/1.1" status: 404 len: 346 time: 0.0167687
2026-04-21 18:37:06.033 10 INFO neutron.wsgi [None req-a7d80de8-c3fb-4ae4-a15e-bf842344518e 37b8a86d24954a66aa30166aa2042a95 12924c64847447418e3a27eed615500c - - default default] 10.0.0.179 "PUT /v2.0/ports/5497a971-07ed-42f0-8347-db0b260e2c5c/tags/black.or.white HTTP/1.1" status: 201 len: 201 time: 0.0613446
2026-04-21 18:37:06.057 10 INFO neutron.api.v2.resource [None req-0fc40767-5eb6-40f8-947c-81bf4901f30b c04ac14d17bb4abc8251bebba112bc65 03ac90cafba44d0c9428cb0f4c8b131d - - default default] delete failed (client error): The resource could not be found.
2026-04-21 18:37:06.058 10 INFO neutron.wsgi [None req-0fc40767-5eb6-40f8-947c-81bf4901f30b c04ac14d17bb4abc8251bebba112bc65 03ac90cafba44d0c9428cb0f4c8b131d - - default default] 10.0.0.179 "DELETE /v2.0/vpn/ipsecpolicies/34ede50b-4743-4465-b39b-f86223599021 HTTP/1.1" status: 404 len: 346 time: 0.0204244
2026-04-21 18:37:06.078 10 WARNING neutron_lib.context [None req-0a887854-8a90-40f9-b2cd-005dd557ffa4 c04ac14d17bb4abc8251bebba112bc65 03ac90cafba44d0c9428cb0f4c8b131d - - default default] Method 'is_advsvc' is deprecated since 2023.2 release (neutron-lib 3.8.0) and will be removed once support for the old RBAC API policies will be removed from Neutron. Please use method 'is_service_role' instead.
2026-04-21 18:37:06.097 10 INFO neutron.wsgi [None req-b9c13a36-061e-45da-8fb9-d68e552ff308 37b8a86d24954a66aa30166aa2042a95 12924c64847447418e3a27eed615500c - - default default] 10.0.0.179 "GET /v2.0/ports/5497a971-07ed-42f0-8347-db0b260e2c5c/tags HTTP/1.1" status: 200 len: 245 time: 0.0582974
2026-04-21 18:37:06.170 9 INFO neutron.wsgi [None req-ac46e489-578c-40a7-8de9-41306bb95ba9 37b8a86d24954a66aa30166aa2042a95 12924c64847447418e3a27eed615500c - - default default] 10.0.0.179 "PUT /v2.0/ports/5497a971-07ed-42f0-8347-db0b260e2c5c/tags HTTP/1.1" status: 200 len: 230 time: 0.0664248
2026-04-21 18:37:06.170 10 INFO neutron.db.segments_db [None req-0a887854-8a90-40f9-b2cd-005dd557ffa4 c04ac14d17bb4abc8251bebba112bc65 03ac90cafba44d0c9428cb0f4c8b131d - - default default] Added segment 7956cb59-c33e-4cd5-8b72-2c11b4138c95 of type geneve for network 418b052a-7f5a-4601-9918-184379fb8247
2026-04-21 18:37:06.217 9 INFO neutron.wsgi [None req-e8d4180d-3976-459c-ba50-64a595be684d 37b8a86d24954a66aa30166aa2042a95 12924c64847447418e3a27eed615500c - - default default] 10.0.0.179 "GET /v2.0/ports/5497a971-07ed-42f0-8347-db0b260e2c5c/tags HTTP/1.1" status: 200 len: 230 time: 0.0366862
2026-04-21 18:37:06.259 9 INFO neutron.wsgi [None req-d791eef5-7eb2-439c-9165-1955d57a2d31 37b8a86d24954a66aa30166aa2042a95 12924c64847447418e3a27eed615500c - - default default] 10.0.0.179 "GET /v2.0/ports/5497a971-07ed-42f0-8347-db0b260e2c5c/tags/red HTTP/1.1" status: 204 len: 168 time: 0.0365071
2026-04-21 18:37:06.324 9 INFO neutron.api.v2.resource [None req-1f467812-5653-4c15-96f2-89097e883555 37b8a86d24954a66aa30166aa2042a95 12924c64847447418e3a27eed615500c - - default default] show failed (client error): The resource could not be found.
2026-04-21 18:37:06.326 9 INFO neutron.wsgi [None req-1f467812-5653-4c15-96f2-89097e883555 37b8a86d24954a66aa30166aa2042a95 12924c64847447418e3a27eed615500c - - default default] 10.0.0.179 "GET /v2.0/ports/5497a971-07ed-42f0-8347-db0b260e2c5c/tags/green HTTP/1.1" status: 404 len: 299 time: 0.0617576
2026-04-21 18:37:06.358 10 INFO neutron.db.ovn_revision_numbers_db [None req-0a887854-8a90-40f9-b2cd-005dd557ffa4 c04ac14d17bb4abc8251bebba112bc65 03ac90cafba44d0c9428cb0f4c8b131d - - default default] Successfully bumped revision number for resource 418b052a-7f5a-4601-9918-184379fb8247 (type: networks) to 1
