2026-04-21 18:35:56.455 9 INFO neutron.wsgi [None req-7bb4db9e-d030-4e27-9f17-178e43a9ae15 f2586223f0a04edbaeabedde3749bfbe 3d1f6197cd4c4422891b25d3038cb0a0 - - default default] 10.0.0.179 "GET /v2.0/security-groups?not-tags-any=blue HTTP/1.1" status: 200 len: 7875 time: 0.0491970
2026-04-21 18:35:56.502 9 INFO neutron.wsgi [None req-bf5366da-de7a-4d59-9362-dc14dd9c783d f2586223f0a04edbaeabedde3749bfbe 3d1f6197cd4c4422891b25d3038cb0a0 - - default default] 10.0.0.179 "GET /v2.0/security-groups?not-tags-any=red%2Cblue HTTP/1.1" status: 200 len: 6289 time: 0.0400846
2026-04-21 18:35:56.654 10 INFO neutron.plugins.ml2.drivers.ovn.mech_driver.mech_driver [None req-435794ac-8607-41e1-a6ba-fa3908c1826a - - - - - -] OVN reports status down for port: a75ee860-9e92-4008-bd75-0c0c7a2ec17c
2026-04-21 18:35:56.676 9 INFO neutron.wsgi [None req-8c2893b7-3dcf-484e-ae1b-aef3478b44ee f2586223f0a04edbaeabedde3749bfbe 3d1f6197cd4c4422891b25d3038cb0a0 - - default default] 10.0.0.179 "DELETE /v2.0/security-groups/5ee6c38a-2961-4c23-9776-b196559988cb HTTP/1.1" status: 204 len: 168 time: 0.1657817
2026-04-21 18:35:56.705 9 INFO neutron.wsgi [req-c4ed875c-0178-4556-835e-2c4ebb5a187a req-f1eb28a9-2c23-468c-b1ed-be361d8b8849 d8a8ab534c29431d999797af646250e3 576e206f1b8142cc983a70daf7e76fa8 - - default default] 10.0.0.202 "GET /v2.0/ports?device_id=9487c80e-a460-43ac-a4de-9e0702e86b5f HTTP/1.1" status: 200 len: 1170 time: 0.1224346
2026-04-21 18:35:56.811 10 INFO neutron.notifiers.nova [-] Nova event matching ['req-3cf491b4-2e28-4f8c-bb15-f83190f7640e'] response: {'server_uuid': '9487c80e-a460-43ac-a4de-9e0702e86b5f', 'name': 'network-vif-unplugged', 'status': 'completed', 'tag': 'a75ee860-9e92-4008-bd75-0c0c7a2ec17c', 'code': 200}
2026-04-21 18:35:56.815 9 INFO neutron.wsgi [req-c4ed875c-0178-4556-835e-2c4ebb5a187a req-c27874c8-f315-4184-896d-0fd1ffdd4755 d8a8ab534c29431d999797af646250e3 576e206f1b8142cc983a70daf7e76fa8 - - default default] 10.0.0.202 "GET /v2.0/security-groups?id=250a74ff-58a1-4477-adaa-efa78a673d7c&fields=id&fields=name HTTP/1.1" status: 200 len: 313 time: 0.1024909
2026-04-21 18:35:56.870 9 INFO neutron.wsgi [None req-8d86d4be-e457-47f4-a129-c0683be1048e f2586223f0a04edbaeabedde3749bfbe 3d1f6197cd4c4422891b25d3038cb0a0 - - default default] 10.0.0.179 "DELETE /v2.0/security-groups/54da345a-c0bd-4d2b-8782-010738569aba HTTP/1.1" status: 204 len: 168 time: 0.1895704
2026-04-21 18:35:57.088 10 INFO neutron.wsgi [req-59f8952c-c63f-4c70-b272-ff68bd17df32 req-80e77bb3-4d70-4afa-be3e-1a3be8a67e19 d8a8ab534c29431d999797af646250e3 576e206f1b8142cc983a70daf7e76fa8 - - default default] 199.19.213.138 "GET /v2.0/ports?device_id=9487c80e-a460-43ac-a4de-9e0702e86b5f HTTP/1.1" status: 200 len: 1168 time: 0.1949496
2026-04-21 18:35:57.130 10 INFO neutron.db.ovn_revision_numbers_db [None req-435794ac-8607-41e1-a6ba-fa3908c1826a - - - - - -] Successfully bumped revision number for resource a75ee860-9e92-4008-bd75-0c0c7a2ec17c (type: ports) to 5
2026-04-21 18:35:57.142 10 INFO neutron.wsgi [None req-f9393a23-aa24-41e7-82d4-aec39bd91aee f2586223f0a04edbaeabedde3749bfbe 3d1f6197cd4c4422891b25d3038cb0a0 - - default default] 10.0.0.179 "DELETE /v2.0/security-groups/670a16c3-17e3-45e9-ba12-21ee491f3dba HTTP/1.1" status: 204 len: 168 time: 0.2658074
2026-04-21 18:35:57.297 9 INFO neutron.wsgi [None req-78ddda7f-bbfa-419e-bf30-176d983109c3 f2586223f0a04edbaeabedde3749bfbe 3d1f6197cd4c4422891b25d3038cb0a0 - - default default] 10.0.0.179 "DELETE /v2.0/security-groups/8657002f-c68a-41fb-beb3-7ea6f3e37560 HTTP/1.1" status: 204 len: 168 time: 0.1456800
2026-04-21 18:35:57.435 9 INFO neutron.wsgi [None req-fa384897-33a1-46bb-8d4e-9c7a0c940370 f2586223f0a04edbaeabedde3749bfbe 3d1f6197cd4c4422891b25d3038cb0a0 - - default default] 10.0.0.179 "DELETE /v2.0/security-groups/e9218610-ca24-4d37-bd5f-1b9f8a9aad67 HTTP/1.1" status: 204 len: 168 time: 0.1301529
2026-04-21 18:35:57.628 10 INFO neutron.db.l3_db [req-59f8952c-c63f-4c70-b272-ff68bd17df32 req-388e769c-2273-4485-866a-abf0989c78c7 d8a8ab534c29431d999797af646250e3 576e206f1b8142cc983a70daf7e76fa8 - - default default] Floating IP 3f4a8665-69b9-42a1-a4e5-718c24569644 disassociated. External IP: 10.96.250.213, port: a75ee860-9e92-4008-bd75-0c0c7a2ec17c.
2026-04-21 18:35:57.752 10 INFO neutron.wsgi [req-59f8952c-c63f-4c70-b272-ff68bd17df32 req-388e769c-2273-4485-866a-abf0989c78c7 d8a8ab534c29431d999797af646250e3 576e206f1b8142cc983a70daf7e76fa8 - - default default] 199.19.213.138 "DELETE /v2.0/ports/a75ee860-9e92-4008-bd75-0c0c7a2ec17c HTTP/1.1" status: 204 len: 173 time: 0.6597660 /var/lib/openstack/lib/python3.10/site-packages/pycadf/identifier.py:71: UserWarning: Invalid uuid: neutron. To ensure interoperability, identifiers should be a valid uuid. warnings.warn(('Invalid uuid: %s. To ensure interoperability, '
2026-04-21 18:35:57.843 10 INFO neutron.wsgi [req-1ea480a7-5dcd-430d-9081-24dfbfcf28ab req-78a1522b-87ad-4204-8057-2b1732e4b57e eae47d326bd84e828ccce22dd4c19ce3 d0a5315dac4f4ae289a1037d76bdaf57 - - d3ba149a81214f518444c92fb3470b22 d3ba149a81214f518444c92fb3470b22] 199.19.213.138 "GET /v2.0/ports?device_id=8d5f6365-c5df-4b75-b8ae-df5751eec591&fields=binding%3Ahost_id&fields=binding%3Avif_type HTTP/1.1" status: 200 len: 265 time: 0.0399578 /var/lib/openstack/lib/python3.10/site-packages/pycadf/identifier.py:71: UserWarning: Invalid uuid: neutron. To ensure interoperability, identifiers should be a valid uuid. warnings.warn(('Invalid uuid: %s. To ensure interoperability, '
2026-04-21 18:35:57.939 9 INFO neutron.wsgi [req-5c791210-6ad6-46aa-8829-91c903afd204 req-b7073a76-5dd0-4f9b-ad99-8e79976cd5e9 d8a8ab534c29431d999797af646250e3 576e206f1b8142cc983a70daf7e76fa8 - - default default] 10.0.0.202 "GET /v2.0/ports?device_id=9487c80e-a460-43ac-a4de-9e0702e86b5f HTTP/1.1" status: 200 len: 210 time: 0.0312839
2026-04-21 18:35:57.974 10 INFO neutron.wsgi [req-1ea480a7-5dcd-430d-9081-24dfbfcf28ab req-801ad022-ec82-4066-8566-8bcee9d2cd5a eae47d326bd84e828ccce22dd4c19ce3 d0a5315dac4f4ae289a1037d76bdaf57 - - d3ba149a81214f518444c92fb3470b22 d3ba149a81214f518444c92fb3470b22] 199.19.213.138 "GET /v2.0/ports?tenant_id=576e206f1b8142cc983a70daf7e76fa8&device_id=8d5f6365-c5df-4b75-b8ae-df5751eec591 HTTP/1.1" status: 200 len: 1409 time: 0.0709627
2026-04-21 18:35:58.073 10 INFO neutron.wsgi [req-1ea480a7-5dcd-430d-9081-24dfbfcf28ab req-14c08e62-3215-45d2-bcc2-011b9f41de0e eae47d326bd84e828ccce22dd4c19ce3 d0a5315dac4f4ae289a1037d76bdaf57 - - d3ba149a81214f518444c92fb3470b22 d3ba149a81214f518444c92fb3470b22] 199.19.213.138 "GET /v2.0/networks?id=833805aa-dafa-4e95-bc5d-23c57592aa75 HTTP/1.1" status: 200 len: 959 time: 0.0695567
2026-04-21 18:35:58.369 10 INFO neutron.wsgi [req-1ea480a7-5dcd-430d-9081-24dfbfcf28ab req-dee0c428-a9b5-4ba8-9a08-0bdbbd33c399 eae47d326bd84e828ccce22dd4c19ce3 d0a5315dac4f4ae289a1037d76bdaf57 - - d3ba149a81214f518444c92fb3470b22 d3ba149a81214f518444c92fb3470b22] 199.19.213.138 "GET /v2.0/floatingips?fixed_ip_address=10.100.0.8&port_id=2e38690a-004e-42d3-b21c-23c31ed21885 HTTP/1.1" status: 200 len: 217 time: 0.2879021
2026-04-21 18:35:58.427 10 INFO neutron.wsgi [req-1ea480a7-5dcd-430d-9081-24dfbfcf28ab req-99d1c3d3-a935-4a90-8d46-980177d02204 eae47d326bd84e828ccce22dd4c19ce3 d0a5315dac4f4ae289a1037d76bdaf57 - - d3ba149a81214f518444c92fb3470b22 d3ba149a81214f518444c92fb3470b22] 199.19.213.138 "GET /v2.0/subnets?id=869bf735-3d67-4f04-acaa-30a4272b31ed HTTP/1.1" status: 200 len: 852 time: 0.0502982
2026-04-21 18:35:58.454 10 INFO neutron.wsgi [req-1ea480a7-5dcd-430d-9081-24dfbfcf28ab req-e7686203-aaa2-4832-8103-61eae7464675 eae47d326bd84e828ccce22dd4c19ce3 d0a5315dac4f4ae289a1037d76bdaf57 - - d3ba149a81214f518444c92fb3470b22 d3ba149a81214f518444c92fb3470b22] 199.19.213.138 "GET /v2.0/ports?network_id=833805aa-dafa-4e95-bc5d-23c57592aa75&device_owner=network%3Adhcp HTTP/1.1" status: 200 len: 210 time: 0.0217552
2026-04-21 18:35:58.524 10 INFO neutron.wsgi [req-1ea480a7-5dcd-430d-9081-24dfbfcf28ab req-0f9929ee-e713-4020-b2f8-13f4555e73d5 eae47d326bd84e828ccce22dd4c19ce3 d0a5315dac4f4ae289a1037d76bdaf57 - - d3ba149a81214f518444c92fb3470b22 d3ba149a81214f518444c92fb3470b22] 199.19.213.138 "GET /v2.0/networks/833805aa-dafa-4e95-bc5d-23c57592aa75?fields=segments HTTP/1.1" status: 200 len: 212 time: 0.0635047
2026-04-21 18:35:58.561 9 INFO neutron.db.ovn_revision_numbers_db [None req-8d98d0d0-7f7d-4d92-b879-cccffdfbc588 7d27d9fb4b8745858d726b4655a75e6b 3249600bc36e45c48692e41a8e6710f4 - - default default] Successfully bumped revision number for resource 0247ebe9-e4f3-4e5f-a61b-9e04b4a9dc25 (type: security_groups) to 1
2026-04-21 18:35:58.577 9 INFO neutron.db.ovn_revision_numbers_db [None req-8d98d0d0-7f7d-4d92-b879-cccffdfbc588 7d27d9fb4b8745858d726b4655a75e6b 3249600bc36e45c48692e41a8e6710f4 - - default default] Successfully bumped revision number for resource 7daae632-4dcb-491c-8a6c-8cbbaccc9951 (type: security_group_rules) to 0
2026-04-21 18:35:58.595 9 INFO neutron.db.ovn_revision_numbers_db [None req-8d98d0d0-7f7d-4d92-b879-cccffdfbc588 7d27d9fb4b8745858d726b4655a75e6b 3249600bc36e45c48692e41a8e6710f4 - - default default] Successfully bumped revision number for resource cd5deb50-2762-40ee-9826-2da1e3231e11 (type: security_group_rules) to 0
2026-04-21 18:35:58.596 10 INFO neutron.wsgi [req-1ea480a7-5dcd-430d-9081-24dfbfcf28ab req-68d659e7-63ba-4267-bea7-cac46a8b246a eae47d326bd84e828ccce22dd4c19ce3 d0a5315dac4f4ae289a1037d76bdaf57 - - d3ba149a81214f518444c92fb3470b22 d3ba149a81214f518444c92fb3470b22] 199.19.213.138 "GET /v2.0/networks/833805aa-dafa-4e95-bc5d-23c57592aa75?fields=provider%3Aphysical_network&fields=provider%3Anetwork_type HTTP/1.1" status: 200 len: 277 time: 0.0658548
2026-04-21 18:35:58.611 9 WARNING neutron_lib.context [None req-b0fb303d-94a1-4c97-aa1e-421e07aea56f 846f54f51d6649c9824f74ebfae0fd3e 1eb049035e814e75a7ba4bc89d6e38f5 - - default default] Method 'is_advsvc' is deprecated since 2023.2 release (neutron-lib 3.8.0) and will be removed once support for the old RBAC API policies will be removed from Neutron. Please use method 'is_service_role' instead.
2026-04-21 18:35:58.615 9 INFO neutron.db.ovn_revision_numbers_db [None req-8d98d0d0-7f7d-4d92-b879-cccffdfbc588 7d27d9fb4b8745858d726b4655a75e6b 3249600bc36e45c48692e41a8e6710f4 - - default default] Successfully bumped revision number for resource e1d2d3c9-3440-4729-8112-847a2d3c4124 (type: security_group_rules) to 0
2026-04-21 18:35:58.630 9 INFO neutron.db.ovn_revision_numbers_db [None req-8d98d0d0-7f7d-4d92-b879-cccffdfbc588 7d27d9fb4b8745858d726b4655a75e6b 3249600bc36e45c48692e41a8e6710f4 - - default default] Successfully bumped revision number for resource e6f0f24d-fc1c-4cdc-8db1-c0de7b75bd37 (type: security_group_rules) to 0
2026-04-21 18:35:58.661 9 INFO neutron.wsgi [None req-8d98d0d0-7f7d-4d92-b879-cccffdfbc588 7d27d9fb4b8745858d726b4655a75e6b 3249600bc36e45c48692e41a8e6710f4 - - default default] 10.0.0.179 "GET /v2.0/security-groups?tenant_id=13b6f09cb73341a0b0d5271037a84bcd&name=default HTTP/1.1" status: 200 len: 3120 time: 0.3740232
2026-04-21 18:35:58.683 9 INFO neutron.wsgi [None req-b0fb303d-94a1-4c97-aa1e-421e07aea56f 846f54f51d6649c9824f74ebfae0fd3e 1eb049035e814e75a7ba4bc89d6e38f5 - - default default] 10.0.0.179 "POST /v2.0/subnetpools HTTP/1.1" status: 201 len: 715 time: 0.1062357
2026-04-21 18:35:58.697 9 WARNING neutron_lib.context [None req-42ebe8be-e103-43aa-a019-64c67a62c1f1 846f54f51d6649c9824f74ebfae0fd3e 1eb049035e814e75a7ba4bc89d6e38f5 - - default default] Method 'is_advsvc' is deprecated since 2023.2 release (neutron-lib 3.8.0) and will be removed once support for the old RBAC API policies will be removed from Neutron. Please use method 'is_service_role' instead.
2026-04-21 18:35:58.751 9 INFO neutron.wsgi [None req-42ebe8be-e103-43aa-a019-64c67a62c1f1 846f54f51d6649c9824f74ebfae0fd3e 1eb049035e814e75a7ba4bc89d6e38f5 - - default default] 10.0.0.179 "POST /v2.0/subnetpools HTTP/1.1" status: 201 len: 715 time: 0.0615668
2026-04-21 18:35:58.764 9 WARNING neutron_lib.context [None req-084eae57-43a5-4546-982c-47ba744a1844 846f54f51d6649c9824f74ebfae0fd3e 1eb049035e814e75a7ba4bc89d6e38f5 - - default default] Method 'is_advsvc' is deprecated since 2023.2 release (neutron-lib 3.8.0) and will be removed once support for the old RBAC API policies will be removed from Neutron. Please use method 'is_service_role' instead.
2026-04-21 18:35:58.811 9 INFO neutron.wsgi [None req-084eae57-43a5-4546-982c-47ba744a1844 846f54f51d6649c9824f74ebfae0fd3e 1eb049035e814e75a7ba4bc89d6e38f5 - - default default] 10.0.0.179 "POST /v2.0/subnetpools HTTP/1.1" status: 201 len: 715 time: 0.0529957
2026-04-21 18:35:58.822 9 WARNING neutron_lib.context [None req-99d01b50-960b-4cc2-a55e-79b9560c8267 846f54f51d6649c9824f74ebfae0fd3e 1eb049035e814e75a7ba4bc89d6e38f5 - - default default] Method 'is_advsvc' is deprecated since 2023.2 release (neutron-lib 3.8.0) and will be removed once support for the old RBAC API policies will be removed from Neutron. Please use method 'is_service_role' instead.
2026-04-21 18:35:58.847 10 INFO neutron.notifiers.nova [-] Nova event matching ['req-c9bffad5-4cc6-4fbc-a874-9676f3dc0d5b'] response: {'server_uuid': '9487c80e-a460-43ac-a4de-9e0702e86b5f', 'name': 'network-vif-unplugged', 'status': 'completed', 'tag': 'a75ee860-9e92-4008-bd75-0c0c7a2ec17c', 'code': 200}
2026-04-21 18:35:58.847 10 INFO neutron.notifiers.nova [-] Nova event matching ['req-c9bffad5-4cc6-4fbc-a874-9676f3dc0d5b'] response: {'server_uuid': '9487c80e-a460-43ac-a4de-9e0702e86b5f', 'name': 'network-vif-deleted', 'tag': 'a75ee860-9e92-4008-bd75-0c0c7a2ec17c', 'status': 'completed', 'code': 200}
2026-04-21 18:35:58.868 9 INFO neutron.wsgi [None req-99d01b50-960b-4cc2-a55e-79b9560c8267 846f54f51d6649c9824f74ebfae0fd3e 1eb049035e814e75a7ba4bc89d6e38f5 - - default default] 10.0.0.179 "POST /v2.0/subnetpools HTTP/1.1" status: 201 len: 715 time: 0.0511637
2026-04-21 18:35:58.878 9 WARNING neutron_lib.context [None req-b9d8f7d9-1321-486d-b9bc-c8f36f85d355 846f54f51d6649c9824f74ebfae0fd3e 1eb049035e814e75a7ba4bc89d6e38f5 - - default default] Method 'is_advsvc' is deprecated since 2023.2 release (neutron-lib 3.8.0) and will be removed once support for the old RBAC API policies will be removed from Neutron. Please use method 'is_service_role' instead.
2026-04-21 18:35:58.915 10 INFO neutron.wsgi [None req-d7927d7e-9584-40cd-8808-9ada41072099 7d27d9fb4b8745858d726b4655a75e6b 3249600bc36e45c48692e41a8e6710f4 - - default default] 10.0.0.179 "DELETE /v2.0/security-groups/0247ebe9-e4f3-4e5f-a61b-9e04b4a9dc25 HTTP/1.1" status: 204 len: 168 time: 0.2471659
2026-04-21 18:35:58.927 9 INFO neutron.wsgi [None req-b9d8f7d9-1321-486d-b9bc-c8f36f85d355 846f54f51d6649c9824f74ebfae0fd3e 1eb049035e814e75a7ba4bc89d6e38f5 - - default default] 10.0.0.179 "POST /v2.0/subnetpools HTTP/1.1" status: 201 len: 715 time: 0.0541422
2026-04-21 18:35:58.968 10 INFO neutron.wsgi [None req-2e94a1c4-9d48-4129-8d1f-04beff53d940 846f54f51d6649c9824f74ebfae0fd3e 1eb049035e814e75a7ba4bc89d6e38f5 - - default default] 10.0.0.179 "PUT /v2.0/subnetpools/bf6af56b-7bbb-4908-a671-0a8c30094827/tags HTTP/1.1" status: 200 len: 210 time: 0.0371876
2026-04-21 18:35:59.020 10 INFO neutron.wsgi [None req-76b8e312-9476-4655-98a3-42453b384f1d 846f54f51d6649c9824f74ebfae0fd3e 1eb049035e814e75a7ba4bc89d6e38f5 - - default default] 10.0.0.179 "PUT /v2.0/subnetpools/900ed096-0d5a-4c8b-8fb9-26502f5fdb01/tags HTTP/1.1" status: 200 len: 218 time: 0.0473073
2026-04-21 18:35:59.089 10 INFO neutron.wsgi [None req-50b21dcf-8bdb-4ffe-8207-ef131af4661a 7d27d9fb4b8745858d726b4655a75e6b 3249600bc36e45c48692e41a8e6710f4 - - default default] 10.0.0.179 "GET /v2.0/security-groups?tenant_id=3d1f6197cd4c4422891b25d3038cb0a0&name=default HTTP/1.1" status: 200 len: 3120 time: 0.0792105
2026-04-21 18:35:59.093 10 INFO neutron.wsgi [None req-010f16a9-5c3b-4cdc-9c9b-cd4a30b707a0 846f54f51d6649c9824f74ebfae0fd3e 1eb049035e814e75a7ba4bc89d6e38f5 - - default default] 10.0.0.179 "PUT /v2.0/subnetpools/e9c62249-1e76-4ff9-955f-732ce982089a/tags HTTP/1.1" status: 200 len: 227 time: 0.0667465
2026-04-21 18:35:59.147 9 INFO neutron.wsgi [None req-19b240d7-7f1e-4097-9937-7f3dcb23c24a 846f54f51d6649c9824f74ebfae0fd3e 1eb049035e814e75a7ba4bc89d6e38f5 - - default default] 10.0.0.179 "PUT /v2.0/subnetpools/fad06c04-2463-4ee7-971e-258dc712f52b/tags HTTP/1.1" status: 200 len: 212 time: 0.0485024
2026-04-21 18:35:59.180 10 INFO neutron.wsgi [None req-f32dcb9d-183f-4c51-95b0-b9c933965732 846f54f51d6649c9824f74ebfae0fd3e 1eb049035e814e75a7ba4bc89d6e38f5 - - default default] 10.0.0.179 "GET /v2.0/subnetpools?tags=red HTTP/1.1" status: 200 len: 1758 time: 0.0283961
2026-04-21 18:35:59.218 10 INFO neutron.wsgi [None req-15e582a5-a2c8-4eab-b2a8-01e8e55b8a0c 846f54f51d6649c9824f74ebfae0fd3e 1eb049035e814e75a7ba4bc89d6e38f5 - - default default] 10.0.0.179 "GET /v2.0/subnetpools?tags=red%2Cblue HTTP/1.1" status: 200 len: 1251 time: 0.0310414
2026-04-21 18:35:59.218 9 INFO neutron.wsgi [None req-7c14d145-4dab-4daf-9366-e5507d145516 d8a8ab534c29431d999797af646250e3 576e206f1b8142cc983a70daf7e76fa8 - - default default] 10.0.0.179 "DELETE /v2.0/security-groups/250a74ff-58a1-4477-adaa-efa78a673d7c HTTP/1.1" status: 204 len: 168 time: 0.2102537
2026-04-21 18:35:59.258 9 INFO neutron.wsgi [None req-3818f251-99f5-4b6c-b0db-9fd582fa5ad7 846f54f51d6649c9824f74ebfae0fd3e 1eb049035e814e75a7ba4bc89d6e38f5 - - default default] 10.0.0.179 "GET /v2.0/subnetpools?tags-any=blue HTTP/1.1" status: 200 len: 1251 time: 0.0325744
2026-04-21 18:35:59.281 9 INFO neutron.wsgi [None req-e8dbc053-0982-47a0-b688-275d84fa03c1 846f54f51d6649c9824f74ebfae0fd3e 1eb049035e814e75a7ba4bc89d6e38f5 - - default default] 10.0.0.179 "GET /v2.0/subnetpools?tags-any=red%2Cblue HTTP/1.1" status: 200 len: 1758 time: 0.0198293
2026-04-21 18:35:59.311 9 INFO neutron.wsgi [None req-7840d58f-9484-4278-a510-901561e7cc6d 846f54f51d6649c9824f74ebfae0fd3e 1eb049035e814e75a7ba4bc89d6e38f5 - - default default] 10.0.0.179 "GET /v2.0/subnetpools?not-tags=red HTTP/1.1" status: 200 len: 1223 time: 0.0259798
2026-04-21 18:35:59.341 9 INFO neutron.wsgi [None req-7d3c5f26-aed0-470a-9b23-19a7b2763a4a 846f54f51d6649c9824f74ebfae0fd3e 1eb049035e814e75a7ba4bc89d6e38f5 - - default default] 10.0.0.179 "GET /v2.0/subnetpools?not-tags=red%2Cblue HTTP/1.1" status: 200 len: 1730 time: 0.0253422
2026-04-21 18:35:59.373 9 INFO neutron.wsgi [None req-ec8b8ddb-9e85-41ad-a354-b00bc3e15838 846f54f51d6649c9824f74ebfae0fd3e 1eb049035e814e75a7ba4bc89d6e38f5 - - default default] 10.0.0.179 "GET /v2.0/subnetpools?not-tags-any=blue HTTP/1.1" status: 200 len: 1730 time: 0.0264177
2026-04-21 18:35:59.395 10 INFO neutron.wsgi [None req-cacab224-909d-4eae-a62a-f7571e3cdbc3 7d27d9fb4b8745858d726b4655a75e6b 3249600bc36e45c48692e41a8e6710f4 - - default default] 10.0.0.179 "DELETE /v2.0/security-groups/f6be7f7f-952b-4c26-96c3-71f004251ac5 HTTP/1.1" status: 204 len: 168 time: 0.3014596
2026-04-21 18:35:59.398 9 INFO neutron.wsgi [None req-b2c976e0-3624-4910-9dbc-0f6a18449d47 846f54f51d6649c9824f74ebfae0fd3e 1eb049035e814e75a7ba4bc89d6e38f5 - - default default] 10.0.0.179 "GET /v2.0/subnetpools?not-tags-any=red%2Cblue HTTP/1.1" status: 200 len: 1223 time: 0.0210545
2026-04-21 18:35:59.478 10 INFO neutron.wsgi [None req-f0897a9d-e33f-4112-8b9d-edd6dbfbfb2d 846f54f51d6649c9824f74ebfae0fd3e 1eb049035e814e75a7ba4bc89d6e38f5 - - default default] 10.0.0.179 "DELETE /v2.0/subnetpools/bf6af56b-7bbb-4908-a671-0a8c30094827 HTTP/1.1" status: 204 len: 168 time: 0.0738389
2026-04-21 18:35:59.574 9 INFO neutron.wsgi [None req-8685567c-4eb9-4beb-b8a3-8fe51bbae9ee 846f54f51d6649c9824f74ebfae0fd3e 1eb049035e814e75a7ba4bc89d6e38f5 - - default default] 10.0.0.179 "DELETE /v2.0/subnetpools/900ed096-0d5a-4c8b-8fb9-26502f5fdb01 HTTP/1.1" status: 204 len: 168 time: 0.0903792
2026-04-21 18:35:59.643 10 INFO neutron.wsgi [None req-5aea2119-ee18-4954-b4ce-1ca1a96fcb88 d8a8ab534c29431d999797af646250e3 576e206f1b8142cc983a70daf7e76fa8 - - default default] 10.0.0.179 "DELETE /v2.0/floatingips/3f4a8665-69b9-42a1-a4e5-718c24569644 HTTP/1.1" status: 204 len: 168 time: 0.3908560
2026-04-21 18:35:59.652 10 INFO neutron.wsgi [None req-4fe323f3-c045-428a-9e3e-9b3480f4ed2c 846f54f51d6649c9824f74ebfae0fd3e 1eb049035e814e75a7ba4bc89d6e38f5 - - default default] 10.0.0.179 "DELETE /v2.0/subnetpools/e9c62249-1e76-4ff9-955f-732ce982089a HTTP/1.1" status: 204 len: 168 time: 0.0717354
2026-04-21 18:35:59.695 9 INFO neutron.db.ovn_revision_numbers_db [None req-b64dd932-5676-43c6-a836-410771faa9a6 7d27d9fb4b8745858d726b4655a75e6b 3249600bc36e45c48692e41a8e6710f4 - - default default] Successfully bumped revision number for resource 6765cf50-ec33-4f52-9636-bcd81414c74a (type: security_groups) to 1
2026-04-21 18:35:59.710 9 INFO neutron.db.ovn_revision_numbers_db [None req-b64dd932-5676-43c6-a836-410771faa9a6 7d27d9fb4b8745858d726b4655a75e6b 3249600bc36e45c48692e41a8e6710f4 - - default default] Successfully bumped revision number for resource 67d7752b-35d6-4dc9-833d-827c40895722 (type: security_group_rules) to 0
2026-04-21 18:35:59.718 10 INFO neutron.wsgi [None req-c657a7fd-9c5d-4c9e-aeea-acea8a66ed83 846f54f51d6649c9824f74ebfae0fd3e 1eb049035e814e75a7ba4bc89d6e38f5 - - default default] 10.0.0.179 "DELETE /v2.0/subnetpools/fad06c04-2463-4ee7-971e-258dc712f52b HTTP/1.1" status: 204 len: 168 time: 0.0612857
2026-04-21 18:35:59.731 9 INFO neutron.db.ovn_revision_numbers_db [None req-b64dd932-5676-43c6-a836-410771faa9a6 7d27d9fb4b8745858d726b4655a75e6b 3249600bc36e45c48692e41a8e6710f4 - - default default] Successfully bumped revision number for resource 929a11e4-1879-4afc-ad91-42d7dca44815 (type: security_group_rules) to 0
2026-04-21 18:35:59.751 9 INFO neutron.db.ovn_revision_numbers_db [None req-b64dd932-5676-43c6-a836-410771faa9a6 7d27d9fb4b8745858d726b4655a75e6b 3249600bc36e45c48692e41a8e6710f4 - - default default] Successfully bumped revision number for resource a2785c22-3a82-4836-a5e0-cd2fd7aa4fdf (type: security_group_rules) to 0
2026-04-21 18:35:59.770 9 INFO neutron.db.ovn_revision_numbers_db [None req-b64dd932-5676-43c6-a836-410771faa9a6 7d27d9fb4b8745858d726b4655a75e6b 3249600bc36e45c48692e41a8e6710f4 - - default default] Successfully bumped revision number for resource e4a52c8a-7952-41e9-9814-5b1f19f21c08 (type: security_group_rules) to 0
2026-04-21 18:35:59.789 9 INFO neutron.wsgi [None req-1d01caec-4b4a-4f86-b6cd-0a81fd525e20 846f54f51d6649c9824f74ebfae0fd3e 1eb049035e814e75a7ba4bc89d6e38f5 - - default default] 10.0.0.179 "DELETE /v2.0/subnetpools/a5221dd6-cbbb-40b7-82a1-3bdfbdb13521 HTTP/1.1" status: 204 len: 168 time: 0.0657468
2026-04-21 18:35:59.797 9 INFO neutron.wsgi [None req-b64dd932-5676-43c6-a836-410771faa9a6 7d27d9fb4b8745858d726b4655a75e6b 3249600bc36e45c48692e41a8e6710f4 - - default default] 10.0.0.179 "GET /v2.0/security-groups?tenant_id=e1858df9148f4767a8c19d0c941251fc&name=default HTTP/1.1" status: 200 len: 3120 time: 0.2468297
2026-04-21 18:35:59.846 9 INFO neutron.wsgi [req-2781f88c-f752-4a7d-aecf-fb6a1c3df1e7 req-6853347e-6330-4265-8b1f-13d6e34b8f36 d8a8ab534c29431d999797af646250e3 576e206f1b8142cc983a70daf7e76fa8 - - default default] 10.0.0.202 "GET /v2.0/ports?device_id=8d5f6365-c5df-4b75-b8ae-df5751eec591 HTTP/1.1" status: 200 len: 1170 time: 0.0531747
2026-04-21 18:35:59.863 10 INFO neutron.plugins.ml2.drivers.ovn.mech_driver.mech_driver [None req-435794ac-8607-41e1-a6ba-fa3908c1826a - - - - - -] OVN reports status down for port: 2e38690a-004e-42d3-b21c-23c31ed21885
2026-04-21 18:35:59.938 9 INFO neutron.wsgi [req-2781f88c-f752-4a7d-aecf-fb6a1c3df1e7 req-dba127cd-310d-4cb1-8308-0e19f7b7b3ee d8a8ab534c29431d999797af646250e3 576e206f1b8142cc983a70daf7e76fa8 - - default default] 10.0.0.202 "GET /v2.0/security-groups?id=47df4934-b888-4d76-8bc5-b63fcfb6857a&fields=id&fields=name HTTP/1.1" status: 200 len: 313 time: 0.0835571
2026-04-21 18:36:00.161 10 INFO neutron.wsgi [None req-154e7a95-6753-46e1-9823-427967f13272 7d27d9fb4b8745858d726b4655a75e6b 3249600bc36e45c48692e41a8e6710f4 - - default default] 10.0.0.179 "DELETE /v2.0/security-groups/6765cf50-ec33-4f52-9636-bcd81414c74a HTTP/1.1" status: 204 len: 168 time: 0.3553667
2026-04-21 18:36:00.218 10 INFO neutron.wsgi [req-b712a9b6-c7b0-49a0-ad60-febe55434091 req-216ec14a-1eca-4d2f-bcf4-dfd04cef9584 d8a8ab534c29431d999797af646250e3 576e206f1b8142cc983a70daf7e76fa8 - - default default] 199.19.213.138 "GET /v2.0/ports?device_id=8d5f6365-c5df-4b75-b8ae-df5751eec591 HTTP/1.1" status: 200 len: 1168 time: 0.0466650
2026-04-21 18:36:00.272 10 INFO neutron.db.ovn_revision_numbers_db [None req-435794ac-8607-41e1-a6ba-fa3908c1826a - - - - - -] Successfully bumped revision number for resource 2e38690a-004e-42d3-b21c-23c31ed21885 (type: ports) to 5
2026-04-21 18:36:00.619 10 INFO neutron.wsgi [req-b712a9b6-c7b0-49a0-ad60-febe55434091 req-79618009-917e-44c6-b160-e8a55809dac9 d8a8ab534c29431d999797af646250e3 576e206f1b8142cc983a70daf7e76fa8 - - default default] 199.19.213.138 "DELETE /v2.0/ports/2e38690a-004e-42d3-b21c-23c31ed21885 HTTP/1.1" status: 204 len: 173 time: 0.3942831
2026-04-21 18:36:00.888 10 INFO neutron.notifiers.nova [-] Nova event matching ['req-f7eb932e-f08f-4173-a3b8-15374bc32e95'] response: {'server_uuid': '8d5f6365-c5df-4b75-b8ae-df5751eec591', 'name': 'network-vif-unplugged', 'status': 'completed', 'tag': '2e38690a-004e-42d3-b21c-23c31ed21885', 'code': 200}
2026-04-21 18:36:00.889 10 INFO neutron.notifiers.nova [-] Nova event matching ['req-f7eb932e-f08f-4173-a3b8-15374bc32e95'] response: {'server_uuid': '8d5f6365-c5df-4b75-b8ae-df5751eec591', 'name': 'network-vif-unplugged', 'status': 'completed', 'tag': '2e38690a-004e-42d3-b21c-23c31ed21885', 'code': 200}
2026-04-21 18:36:00.889 10 INFO neutron.notifiers.nova [-] Nova event matching ['req-f7eb932e-f08f-4173-a3b8-15374bc32e95'] response: {'server_uuid': '8d5f6365-c5df-4b75-b8ae-df5751eec591', 'name': 'network-vif-deleted', 'tag': '2e38690a-004e-42d3-b21c-23c31ed21885', 'status': 'completed', 'code': 200} /var/lib/openstack/lib/python3.10/site-packages/pycadf/identifier.py:71: UserWarning: Invalid uuid: neutron. To ensure interoperability, identifiers should be a valid uuid. warnings.warn(('Invalid uuid: %s. To ensure interoperability, '
2026-04-21 18:36:01.030 10 INFO neutron.db.ovn_revision_numbers_db [None req-fd7308fb-6c77-427c-8f48-10a2110afd27 7d27d9fb4b8745858d726b4655a75e6b 3249600bc36e45c48692e41a8e6710f4 - - default default] Successfully bumped revision number for resource 7f2f076c-ddea-4985-b98e-d00a2be667d2 (type: security_groups) to 1
2026-04-21 18:36:01.045 10 INFO neutron.db.ovn_revision_numbers_db [None req-fd7308fb-6c77-427c-8f48-10a2110afd27 7d27d9fb4b8745858d726b4655a75e6b 3249600bc36e45c48692e41a8e6710f4 - - default default] Successfully bumped revision number for resource 6e40bb56-b4c0-4d91-89e0-af36adc9c5de (type: security_group_rules) to 0
2026-04-21 18:36:01.061 10 INFO neutron.db.ovn_revision_numbers_db [None req-fd7308fb-6c77-427c-8f48-10a2110afd27 7d27d9fb4b8745858d726b4655a75e6b 3249600bc36e45c48692e41a8e6710f4 - - default default] Successfully bumped revision number for resource 8644b1ae-217b-43d6-9600-6564645dd805 (type: security_group_rules) to 0
2026-04-21 18:36:01.076 10 INFO neutron.db.ovn_revision_numbers_db [None req-fd7308fb-6c77-427c-8f48-10a2110afd27 7d27d9fb4b8745858d726b4655a75e6b 3249600bc36e45c48692e41a8e6710f4 - - default default] Successfully bumped revision number for resource 888d237e-88bc-44fb-8167-cc1313f02c52 (type: security_group_rules) to 0
2026-04-21 18:36:01.094 10 INFO neutron.db.ovn_revision_numbers_db [None req-fd7308fb-6c77-427c-8f48-10a2110afd27 7d27d9fb4b8745858d726b4655a75e6b 3249600bc36e45c48692e41a8e6710f4 - - default default] Successfully bumped revision number for resource f5dda7bf-48bc-4160-ab7f-1ba597ff4273 (type: security_group_rules) to 0
2026-04-21 18:36:01.119 10 INFO neutron.wsgi [None req-fd7308fb-6c77-427c-8f48-10a2110afd27 7d27d9fb4b8745858d726b4655a75e6b 3249600bc36e45c48692e41a8e6710f4 - - default default] 10.0.0.179 "GET /v2.0/security-groups?tenant_id=d0764df7dcce4cca928462bd1f574e46&name=default HTTP/1.1" status: 200 len: 3120 time: 0.3471537
2026-04-21 18:36:01.178 9 INFO neutron.wsgi [None req-9a07b8d7-5026-43f2-aaa7-09478564fcfa d8a8ab534c29431d999797af646250e3 576e206f1b8142cc983a70daf7e76fa8 - - default default] 10.0.0.179 "DELETE /v2.0/security-groups/47df4934-b888-4d76-8bc5-b63fcfb6857a HTTP/1.1" status: 204 len: 168 time: 0.1768761
2026-04-21 18:36:01.393 10 INFO neutron.wsgi [-] 10.0.0.171 "GET / HTTP/1.1" status: 200 len: 247 time: 0.0018556
2026-04-21 18:36:01.393 9 INFO neutron.wsgi [-] 10.0.0.171 "GET / HTTP/1.1" status: 200 len: 247 time: 0.0022395
2026-04-21 18:36:01.405 9 INFO neutron.wsgi [None req-e9755243-7c51-4623-811e-5d11dff19408 7d27d9fb4b8745858d726b4655a75e6b 3249600bc36e45c48692e41a8e6710f4 - - default default] 10.0.0.179 "DELETE /v2.0/security-groups/7f2f076c-ddea-4985-b98e-d00a2be667d2 HTTP/1.1" status: 204 len: 168 time: 0.2797735
2026-04-21 18:36:01.651 9 INFO neutron.db.ovn_revision_numbers_db [None req-c5867549-727c-4c9e-8a82-c6542fe2a29d 7d27d9fb4b8745858d726b4655a75e6b 3249600bc36e45c48692e41a8e6710f4 - - default default] Successfully bumped revision number for resource 06d5a1cd-ceab-4be4-86b1-d704feb282ed (type: security_groups) to 1
2026-04-21 18:36:01.664 9 INFO neutron.db.ovn_revision_numbers_db [None req-c5867549-727c-4c9e-8a82-c6542fe2a29d 7d27d9fb4b8745858d726b4655a75e6b 3249600bc36e45c48692e41a8e6710f4 - - default default] Successfully bumped revision number for resource 118fbcfa-63ac-433b-8505-2f55e089d396 (type: security_group_rules) to 0
2026-04-21 18:36:01.677 9 INFO neutron.db.ovn_revision_numbers_db [None req-c5867549-727c-4c9e-8a82-c6542fe2a29d 7d27d9fb4b8745858d726b4655a75e6b 3249600bc36e45c48692e41a8e6710f4 - - default default] Successfully bumped revision number for resource 79b18c3b-05ca-4dc6-9978-d17115ae38c7 (type: security_group_rules) to 0
2026-04-21 18:36:01.692 9 INFO neutron.db.ovn_revision_numbers_db [None req-c5867549-727c-4c9e-8a82-c6542fe2a29d 7d27d9fb4b8745858d726b4655a75e6b 3249600bc36e45c48692e41a8e6710f4 - - default default] Successfully bumped revision number for resource 8a834c20-1001-4435-a805-8e078a368d36 (type: security_group_rules) to 0
2026-04-21 18:36:01.705 9 INFO neutron.db.ovn_revision_numbers_db [None req-c5867549-727c-4c9e-8a82-c6542fe2a29d 7d27d9fb4b8745858d726b4655a75e6b 3249600bc36e45c48692e41a8e6710f4 - - default default] Successfully bumped revision number for resource cacb446c-4ff2-4f62-946d-335c22f6dd87 (type: security_group_rules) to 0
2026-04-21 18:36:01.726 9 INFO neutron.wsgi [None req-c5867549-727c-4c9e-8a82-c6542fe2a29d 7d27d9fb4b8745858d726b4655a75e6b 3249600bc36e45c48692e41a8e6710f4 - - default default] 10.0.0.179 "GET /v2.0/security-groups?tenant_id=1eb049035e814e75a7ba4bc89d6e38f5&name=default HTTP/1.1" status: 200 len: 3120 time: 0.2057319
2026-04-21 18:36:01.950 9 INFO neutron.wsgi [None req-73799926-8e08-434e-8bab-48418033d811 7d27d9fb4b8745858d726b4655a75e6b 3249600bc36e45c48692e41a8e6710f4 - - default default] 10.0.0.179 "DELETE /v2.0/security-groups/06d5a1cd-ceab-4be4-86b1-d704feb282ed HTTP/1.1" status: 204 len: 168 time: 0.2187481
2026-04-21 18:36:02.243 9 INFO neutron.db.ovn_revision_numbers_db [None req-4f6ddff0-a278-43df-8dd0-a60bca3acc1d 7d27d9fb4b8745858d726b4655a75e6b 3249600bc36e45c48692e41a8e6710f4 - - default default] Successfully bumped revision number for resource fb91199c-4b55-473d-8d4f-aa829fff4e51 (type: security_groups) to 1
2026-04-21 18:36:02.260 9 INFO neutron.db.ovn_revision_numbers_db [None req-4f6ddff0-a278-43df-8dd0-a60bca3acc1d 7d27d9fb4b8745858d726b4655a75e6b 3249600bc36e45c48692e41a8e6710f4 - - default default] Successfully bumped revision number for resource 17e33cff-ef86-4c95-830b-6f7b58b20247 (type: security_group_rules) to 0
2026-04-21 18:36:02.276 9 INFO neutron.db.ovn_revision_numbers_db [None req-4f6ddff0-a278-43df-8dd0-a60bca3acc1d 7d27d9fb4b8745858d726b4655a75e6b 3249600bc36e45c48692e41a8e6710f4 - - default default] Successfully bumped revision number for resource 6a4dc701-cd29-43ea-b9d2-f0b82aed0964 (type: security_group_rules) to 0
2026-04-21 18:36:02.295 9 INFO neutron.db.ovn_revision_numbers_db [None req-4f6ddff0-a278-43df-8dd0-a60bca3acc1d 7d27d9fb4b8745858d726b4655a75e6b 3249600bc36e45c48692e41a8e6710f4 - - default default] Successfully bumped revision number for resource 7bb4893b-bbd2-42a4-9ffc-9322092ce595 (type: security_group_rules) to 0
2026-04-21 18:36:02.310 9 INFO neutron.db.ovn_revision_numbers_db [None req-4f6ddff0-a278-43df-8dd0-a60bca3acc1d 7d27d9fb4b8745858d726b4655a75e6b 3249600bc36e45c48692e41a8e6710f4 - - default default] Successfully bumped revision number for resource c284ef63-dcee-4ff3-8a15-92925ba1e84e (type: security_group_rules) to 0
2026-04-21 18:36:02.335 9 INFO neutron.wsgi [None req-4f6ddff0-a278-43df-8dd0-a60bca3acc1d 7d27d9fb4b8745858d726b4655a75e6b 3249600bc36e45c48692e41a8e6710f4 - - default default] 10.0.0.179 "GET /v2.0/security-groups?tenant_id=dcaf1943991d43fbae4ef15f1af579e7&name=default HTTP/1.1" status: 200 len: 3120 time: 0.2180810
2026-04-21 18:36:02.525 10 INFO neutron.wsgi [None req-97deeeaa-4141-49c6-b49d-ccefba5de59c d8a8ab534c29431d999797af646250e3 576e206f1b8142cc983a70daf7e76fa8 - - default default] 10.0.0.179 "PUT /v2.0/routers/e21081cc-aa23-4c36-8661-12a94de50fa2/remove_router_interface HTTP/1.1" status: 200 len: 503 time: 1.3160772 /var/lib/openstack/lib/python3.10/site-packages/pycadf/identifier.py:71: UserWarning: Invalid uuid: neutron. To ensure interoperability, identifiers should be a valid uuid. warnings.warn(('Invalid uuid: %s. To ensure interoperability, '
2026-04-21 18:36:02.597 9 INFO neutron.wsgi [None req-4f2aa24a-f019-4ee3-a13f-ee711c9f294f 7d27d9fb4b8745858d726b4655a75e6b 3249600bc36e45c48692e41a8e6710f4 - - default default] 10.0.0.179 "DELETE /v2.0/security-groups/fb91199c-4b55-473d-8d4f-aa829fff4e51 HTTP/1.1" status: 204 len: 168 time: 0.2555032
2026-04-21 18:36:02.797 10 INFO neutron.wsgi [None req-5630ac8c-b1e1-4220-80b5-7cf57d27ed16 d8a8ab534c29431d999797af646250e3 576e206f1b8142cc983a70daf7e76fa8 - - default default] 10.0.0.179 "DELETE /v2.0/subnets/869bf735-3d67-4f04-acaa-30a4272b31ed HTTP/1.1" status: 204 len: 168 time: 0.2681160
2026-04-21 18:36:03.702 10 INFO neutron.wsgi [None req-7d62cf47-3338-4b1b-97b3-cade2117821b d8a8ab534c29431d999797af646250e3 576e206f1b8142cc983a70daf7e76fa8 - - default default] 10.0.0.179 "DELETE /v2.0/routers/e21081cc-aa23-4c36-8661-12a94de50fa2 HTTP/1.1" status: 204 len: 168 time: 0.8967037
2026-04-21 18:36:04.064 10 INFO neutron.services.segments.plugin [-] Segment a28fc25b-781c-499e-a7cf-2f268d83ebf4 resource provider aggregate not found
2026-04-21 18:36:04.072 10 INFO neutron.services.segments.plugin [-] Segment a28fc25b-781c-499e-a7cf-2f268d83ebf4 resource provider aggregate not found
2026-04-21 18:36:04.081 10 INFO neutron.services.segments.plugin [-] Segment a28fc25b-781c-499e-a7cf-2f268d83ebf4 resource provider not found; error: Placement Client Error (4xx): {"errors": [{"status": 404, "title": "Not Found", "detail": "The resource could not be found.\n\n No resource provider with uuid a28fc25b-781c-499e-a7cf-2f268d83ebf4 found for delete ", "request_id": "req-77220315-ef77-4381-aa9e-efea67484222"}]}
2026-04-21 18:36:04.089 10 INFO neutron.wsgi [None req-2facd61a-91bb-4386-a8d8-b7f4e8d504fc d8a8ab534c29431d999797af646250e3 576e206f1b8142cc983a70daf7e76fa8 - - default default] 10.0.0.179 "DELETE /v2.0/networks/833805aa-dafa-4e95-bc5d-23c57592aa75 HTTP/1.1" status: 204 len: 168 time: 0.3774352
2026-04-21 18:36:04.095 10 INFO neutron.services.segments.plugin [-] Segment a28fc25b-781c-499e-a7cf-2f268d83ebf4 resource provider not found; error: Placement Client Error (4xx): {"errors": [{"status": 404, "title": "Not Found", "detail": "The resource could not be found.\n\n No resource provider with uuid a28fc25b-781c-499e-a7cf-2f268d83ebf4 found for delete ", "request_id": "req-ef944e42-8717-4996-b21c-4879d4a9469d"}]}
2026-04-21 18:36:04.699 9 WARNING neutron_lib.context [None req-74a135f7-61ba-4f7f-8a9f-84124a388cae 900fcd86a6704f878f7737e60430fd04 90d5c9683e524af5aed731821ed4e04e - - default default] Method 'is_advsvc' is deprecated since 2023.2 release (neutron-lib 3.8.0) and will be removed once support for the old RBAC API policies will be removed from Neutron. Please use method 'is_service_role' instead.
2026-04-21 18:36:04.859 9 INFO neutron.db.ovn_revision_numbers_db [None req-74a135f7-61ba-4f7f-8a9f-84124a388cae 900fcd86a6704f878f7737e60430fd04 90d5c9683e524af5aed731821ed4e04e - - default default] Successfully bumped revision number for resource 76ffeb59-e23a-46d8-af95-4194e16d340b (type: security_groups) to 1
2026-04-21 18:36:04.871 9 INFO neutron.db.ovn_revision_numbers_db [None req-74a135f7-61ba-4f7f-8a9f-84124a388cae 900fcd86a6704f878f7737e60430fd04 90d5c9683e524af5aed731821ed4e04e - - default default] Successfully bumped revision number for resource 657decd5-8277-496f-88f2-87d85592a035 (type: security_group_rules) to 0
2026-04-21 18:36:04.882 9 INFO neutron.db.ovn_revision_numbers_db [None req-74a135f7-61ba-4f7f-8a9f-84124a388cae 900fcd86a6704f878f7737e60430fd04 90d5c9683e524af5aed731821ed4e04e - - default default] Successfully bumped revision number for resource 947f9fe8-9bd0-46b0-87f9-3b78a20e747f (type: security_group_rules) to 0
2026-04-21 18:36:04.894 9 INFO neutron.db.ovn_revision_numbers_db [None req-74a135f7-61ba-4f7f-8a9f-84124a388cae 900fcd86a6704f878f7737e60430fd04 90d5c9683e524af5aed731821ed4e04e - - default default] Successfully bumped revision number for resource b73c7609-e18a-4798-b52f-4895d8de2770 (type: security_group_rules) to 0
2026-04-21 18:36:04.909 9 INFO neutron.db.ovn_revision_numbers_db [None req-74a135f7-61ba-4f7f-8a9f-84124a388cae 900fcd86a6704f878f7737e60430fd04 90d5c9683e524af5aed731821ed4e04e - - default default] Successfully bumped revision number for resource fb7eab88-b135-4804-90dd-b6b1e7132509 (type: security_group_rules) to 0
2026-04-21 18:36:04.938 10 INFO neutron.db.ovn_revision_numbers_db [None req-f3b29a60-7362-4cba-b62e-e806c9ca27f0 7d27d9fb4b8745858d726b4655a75e6b 3249600bc36e45c48692e41a8e6710f4 - - default default] Successfully bumped revision number for resource 958621f1-6f0b-45b4-a73d-a89e8e09b4d4 (type: security_groups) to 1
2026-04-21 18:36:04.953 10 INFO neutron.db.ovn_revision_numbers_db [None req-f3b29a60-7362-4cba-b62e-e806c9ca27f0 7d27d9fb4b8745858d726b4655a75e6b 3249600bc36e45c48692e41a8e6710f4 - - default default] Successfully bumped revision number for resource 0005e9b1-6e36-461c-a65b-554203f41b14 (type: security_group_rules) to 0
2026-04-21 18:36:04.967 10 INFO neutron.db.ovn_revision_numbers_db [None req-f3b29a60-7362-4cba-b62e-e806c9ca27f0 7d27d9fb4b8745858d726b4655a75e6b 3249600bc36e45c48692e41a8e6710f4 - - default default] Successfully bumped revision number for resource 83bf7920-b599-462d-9cce-fc58053b0af0 (type: security_group_rules) to 0
2026-04-21 18:36:04.971 9 INFO neutron.db.segments_db [None req-74a135f7-61ba-4f7f-8a9f-84124a388cae 900fcd86a6704f878f7737e60430fd04 90d5c9683e524af5aed731821ed4e04e - - default default] Added segment 1c5b8243-cccb-43ba-bfb1-323cb9ccd425 of type geneve for network 3d26fc43-5f47-435a-b420-e79461da671c
2026-04-21 18:36:04.981 10 INFO neutron.db.ovn_revision_numbers_db [None req-f3b29a60-7362-4cba-b62e-e806c9ca27f0 7d27d9fb4b8745858d726b4655a75e6b 3249600bc36e45c48692e41a8e6710f4 - - default default] Successfully bumped revision number for resource b10ff056-3283-4ea6-ae05-a0354684be53 (type: security_group_rules) to 0
2026-04-21 18:36:04.995 10 INFO neutron.db.ovn_revision_numbers_db [None req-f3b29a60-7362-4cba-b62e-e806c9ca27f0 7d27d9fb4b8745858d726b4655a75e6b 3249600bc36e45c48692e41a8e6710f4 - - default default] Successfully bumped revision number for resource fe7969ab-3b33-4409-b1d1-b111e21db93c (type: security_group_rules) to 0
2026-04-21 18:36:05.016 10 INFO neutron.wsgi [None req-f3b29a60-7362-4cba-b62e-e806c9ca27f0 7d27d9fb4b8745858d726b4655a75e6b 3249600bc36e45c48692e41a8e6710f4 - - default default] 10.0.0.179 "GET /v2.0/security-groups?tenant_id=72d78607d4784605b76f8b231a48ec26&name=default HTTP/1.1" status: 200 len: 3120 time: 0.2517338
2026-04-21 18:36:05.142 9 INFO neutron.db.ovn_revision_numbers_db [None req-74a135f7-61ba-4f7f-8a9f-84124a388cae 900fcd86a6704f878f7737e60430fd04 90d5c9683e524af5aed731821ed4e04e - - default default] Successfully bumped revision number for resource 3d26fc43-5f47-435a-b420-e79461da671c (type: networks) to 1
2026-04-21 18:36:05.240 10 INFO neutron.wsgi [None req-6e7fbdbe-4426-4780-a2ac-0c828968765e 7d27d9fb4b8745858d726b4655a75e6b 3249600bc36e45c48692e41a8e6710f4 - - default default] 10.0.0.179 "DELETE /v2.0/security-groups/958621f1-6f0b-45b4-a73d-a89e8e09b4d4 HTTP/1.1" status: 204 len: 168 time: 0.2164152
2026-04-21 18:36:05.470 10 INFO neutron.wsgi [None req-67d51554-eed2-45c4-94bc-69f1a4f7b918 7d27d9fb4b8745858d726b4655a75e6b 3249600bc36e45c48692e41a8e6710f4 - - default default] 10.0.0.179 "GET /v2.0/security-groups?tenant_id=576e206f1b8142cc983a70daf7e76fa8&name=default HTTP/1.1" status: 200 len: 3120 time: 0.0516143
2026-04-21 18:36:05.584 9 WARNING neutron.scheduler.dhcp_agent_scheduler [None req-74a135f7-61ba-4f7f-8a9f-84124a388cae 900fcd86a6704f878f7737e60430fd04 90d5c9683e524af5aed731821ed4e04e - - default default] No more DHCP agents
2026-04-21 18:36:05.586 9 WARNING neutron.api.rpc.agentnotifiers.dhcp_rpc_agent_api [None req-74a135f7-61ba-4f7f-8a9f-84124a388cae 900fcd86a6704f878f7737e60430fd04 90d5c9683e524af5aed731821ed4e04e - - default default] Unable to schedule network 3d26fc43-5f47-435a-b420-e79461da671c: no agents available; will retry on subsequent port and subnet creation events.
2026-04-21 18:36:05.671 9 INFO neutron.db.ovn_revision_numbers_db [None req-74a135f7-61ba-4f7f-8a9f-84124a388cae 900fcd86a6704f878f7737e60430fd04 90d5c9683e524af5aed731821ed4e04e - - default default] Successfully bumped revision number for resource 3f5a3e3c-a000-4ccc-9fa7-4059bb534a8d (type: ports) to 1
2026-04-21 18:36:05.693 9 INFO neutron.wsgi [None req-74a135f7-61ba-4f7f-8a9f-84124a388cae 900fcd86a6704f878f7737e60430fd04 90d5c9683e524af5aed731821ed4e04e - - default default] 10.0.0.179 "POST /v2.0/networks HTTP/1.1" status: 201 len: 830 time: 1.1951623
2026-04-21 18:36:05.705 9 WARNING neutron_lib.context [None req-4f946fe1-8057-4f0e-92ba-8835659c5aae 900fcd86a6704f878f7737e60430fd04 90d5c9683e524af5aed731821ed4e04e - - default default] Method 'is_advsvc' is deprecated since 2023.2 release (neutron-lib 3.8.0) and will be removed once support for the old RBAC API policies will be removed from Neutron. Please use method 'is_service_role' instead.
2026-04-21 18:36:05.717 10 INFO neutron.wsgi [None req-1aa8bea8-47e2-49f0-ac30-aa67fa994a50 7d27d9fb4b8745858d726b4655a75e6b 3249600bc36e45c48692e41a8e6710f4 - - default default] 10.0.0.179 "DELETE /v2.0/security-groups/81581862-010c-467e-a163-b3a933bf33d8 HTTP/1.1" status: 204 len: 168 time: 0.2422433
2026-04-21 18:36:05.965 9 WARNING neutron.scheduler.dhcp_agent_scheduler [None req-4f946fe1-8057-4f0e-92ba-8835659c5aae 900fcd86a6704f878f7737e60430fd04 90d5c9683e524af5aed731821ed4e04e - - default default] No more DHCP agents
2026-04-21 18:36:05.966 9 WARNING neutron.api.rpc.agentnotifiers.dhcp_rpc_agent_api [None req-4f946fe1-8057-4f0e-92ba-8835659c5aae 900fcd86a6704f878f7737e60430fd04 90d5c9683e524af5aed731821ed4e04e - - default default] Unable to schedule network 3d26fc43-5f47-435a-b420-e79461da671c: no agents available; will retry on subsequent port and subnet creation events.
2026-04-21 18:36:06.196 10 WARNING neutron_lib.context [None req-6ab52354-cfa4-4f85-b649-07362db7a9da 860e54a3912c43bdaf9e9f0ad11fb4b5 c4bfcacb4c3b4048ac2e63a1d6c9448e - - default default] Method 'is_advsvc' is deprecated since 2023.2 release (neutron-lib 3.8.0) and will be removed once support for the old RBAC API policies will be removed from Neutron. Please use method 'is_service_role' instead.
2026-04-21 18:36:06.464 10 WARNING neutron.scheduler.dhcp_agent_scheduler [None req-6ab52354-cfa4-4f85-b649-07362db7a9da 860e54a3912c43bdaf9e9f0ad11fb4b5 c4bfcacb4c3b4048ac2e63a1d6c9448e - - default default] No more DHCP agents
2026-04-21 18:36:06.466 10 WARNING neutron.api.rpc.agentnotifiers.dhcp_rpc_agent_api [None req-6ab52354-cfa4-4f85-b649-07362db7a9da 860e54a3912c43bdaf9e9f0ad11fb4b5 c4bfcacb4c3b4048ac2e63a1d6c9448e - - default default] Unable to schedule network b66c8c8f-c1d8-4494-bcab-303e28d34b89: no agents available; will retry on subsequent port and subnet creation events.
2026-04-21 18:36:06.575 9 INFO neutron.db.ovn_revision_numbers_db [None req-4f946fe1-8057-4f0e-92ba-8835659c5aae 900fcd86a6704f878f7737e60430fd04 90d5c9683e524af5aed731821ed4e04e - - default default] Successfully bumped revision number for resource 3f5a3e3c-a000-4ccc-9fa7-4059bb534a8d (type: ports) to 2
2026-04-21 18:36:06.589 9 INFO neutron.wsgi [req-260478e7-dad3-40d9-b286-ec24b7f98bd5 req-b8c0cfa8-984b-473b-bbd0-2f4832ebcdb5 e433d3d0f41a49dbaa84ab3a06ddc1fd 05a64d44373f4f66b836de90798dacea - - default default] 10.0.0.202 "GET /v2.0/ports?device_id=bcb516cc-1685-493b-9a44-33fb485f2ba4 HTTP/1.1" status: 200 len: 1210 time: 0.1000972
2026-04-21 18:36:06.632 9 INFO neutron.db.ovn_revision_numbers_db [None req-4f946fe1-8057-4f0e-92ba-8835659c5aae 900fcd86a6704f878f7737e60430fd04 90d5c9683e524af5aed731821ed4e04e - - default default] Successfully bumped revision number for resource f179b8ae-76c5-4c79-826c-0673ba190deb (type: subnets) to 0
2026-04-21 18:36:06.648 9 INFO neutron.wsgi [req-260478e7-dad3-40d9-b286-ec24b7f98bd5 req-5e3da2b8-2345-4e18-9a1c-6f8e4782ea3b e433d3d0f41a49dbaa84ab3a06ddc1fd 05a64d44373f4f66b836de90798dacea - - default default] 10.0.0.202 "GET /v2.0/security-groups?id=b1eaf8c8-cde4-4829-98a2-a3f0b4f27901&id=4fdc7ee6-d3ac-4bc5-be50-1b7f0361424c&fields=id&fields=name HTTP/1.1" status: 200 len: 405 time: 0.0474181
2026-04-21 18:36:06.650 9 INFO neutron.wsgi [None req-4f946fe1-8057-4f0e-92ba-8835659c5aae 900fcd86a6704f878f7737e60430fd04 90d5c9683e524af5aed731821ed4e04e - - default default] 10.0.0.179 "POST /v2.0/subnets HTTP/1.1" status: 201 len: 801 time: 0.9506333
2026-04-21 18:36:06.659 9 WARNING neutron_lib.context [None req-9b163cc6-3da9-47dd-bc67-20c78c5c88ac 900fcd86a6704f878f7737e60430fd04 90d5c9683e524af5aed731821ed4e04e - - default default] Method 'is_advsvc' is deprecated since 2023.2 release (neutron-lib 3.8.0) and will be removed once support for the old RBAC API policies will be removed from Neutron. Please use method 'is_service_role' instead.
2026-04-21 18:36:06.756 9 INFO neutron.db.segments_db [None req-9b163cc6-3da9-47dd-bc67-20c78c5c88ac 900fcd86a6704f878f7737e60430fd04 90d5c9683e524af5aed731821ed4e04e - - default default] Added segment 7d8a27ab-49c0-44ba-8690-f83b290f160b of type geneve for network f5ee642a-67d1-4784-8152-4c37ebbbcbb0
2026-04-21 18:36:06.848 10 INFO neutron.wsgi [None req-6ab52354-cfa4-4f85-b649-07362db7a9da 860e54a3912c43bdaf9e9f0ad11fb4b5 c4bfcacb4c3b4048ac2e63a1d6c9448e - - default default] 10.0.0.179 "POST /v2.0/floatingips HTTP/1.1" status: 201 len: 751 time: 0.8006642
2026-04-21 18:36:06.919 9 INFO neutron.db.ovn_revision_numbers_db [None req-9b163cc6-3da9-47dd-bc67-20c78c5c88ac 900fcd86a6704f878f7737e60430fd04 90d5c9683e524af5aed731821ed4e04e - - default default] Successfully bumped revision number for resource f5ee642a-67d1-4784-8152-4c37ebbbcbb0 (type: networks) to 1
2026-04-21 18:36:06.928 10 INFO neutron.wsgi [None req-e2a5c779-fdaf-4e18-94a0-0c68fd38845d 860e54a3912c43bdaf9e9f0ad11fb4b5 c4bfcacb4c3b4048ac2e63a1d6c9448e - - default default] 10.0.0.179 "PUT /v2.0/floatingips/84ccb1aa-6472-4f3e-a90a-8e6453198d33/tags HTTP/1.1" status: 200 len: 218 time: 0.0742345
2026-04-21 18:36:06.941 9 INFO neutron.wsgi [None req-df234e8c-0471-4c56-abf0-9041dd02f06a af61e57a1de145d29bbfd4938f44c3c4 a684e11d7d4c46e192106f601b685c62 - - default default] 10.0.0.179 "GET /v2.0/ports?device_id=bcb516cc-1685-493b-9a44-33fb485f2ba4 HTTP/1.1" status: 200 len: 1443 time: 0.2714965
2026-04-21 18:36:06.975 10 INFO neutron.wsgi [None req-9c04793f-3aed-4ba0-b5d4-2e792dc72dc3 860e54a3912c43bdaf9e9f0ad11fb4b5 c4bfcacb4c3b4048ac2e63a1d6c9448e - - default default] 10.0.0.179 "GET /v2.0/floatingips/84ccb1aa-6472-4f3e-a90a-8e6453198d33/tags HTTP/1.1" status: 200 len: 218 time: 0.0413187
2026-04-21 18:36:07.032 10 INFO neutron.wsgi [None req-2862a12a-5b72-4d4b-ad11-dc521f15f472 860e54a3912c43bdaf9e9f0ad11fb4b5 c4bfcacb4c3b4048ac2e63a1d6c9448e - - default default] 10.0.0.179 "PUT /v2.0/floatingips/84ccb1aa-6472-4f3e-a90a-8e6453198d33/tags/green HTTP/1.1" status: 201 len: 201 time: 0.0516894
2026-04-21 18:36:07.047 9 INFO neutron.wsgi [None req-1855007e-bcaa-4748-9d90-32828fc07396 e433d3d0f41a49dbaa84ab3a06ddc1fd 05a64d44373f4f66b836de90798dacea - - default default] 10.0.0.179 "GET /v2.0/floatingips?floating_network_id=b66c8c8f-c1d8-4494-bcab-303e28d34b89&port_id=2247dd07-3df0-4854-8b7a-cb39bd440006 HTTP/1.1" status: 200 len: 1054 time: 0.0992770
2026-04-21 18:36:07.078 10 INFO neutron.wsgi [None req-cbb54e99-adb3-4e14-84a6-d567479e72e0 860e54a3912c43bdaf9e9f0ad11fb4b5 c4bfcacb4c3b4048ac2e63a1d6c9448e - - default default] 10.0.0.179 "GET /v2.0/floatingips/84ccb1aa-6472-4f3e-a90a-8e6453198d33/tags HTTP/1.1" status: 200 len: 227 time: 0.0407205
2026-04-21 18:36:07.141 9 INFO neutron.wsgi [None req-8bcae4e3-5ea3-473d-be7a-48d2f4811a20 860e54a3912c43bdaf9e9f0ad11fb4b5 c4bfcacb4c3b4048ac2e63a1d6c9448e - - default default] 10.0.0.179 "PUT /v2.0/floatingips/84ccb1aa-6472-4f3e-a90a-8e6453198d33/tags/red HTTP/1.1" status: 201 len: 201 time: 0.0576911
2026-04-21 18:36:07.183 10 INFO neutron.wsgi [None req-87e8d863-c2cf-4186-b246-07e7967f0bc4 860e54a3912c43bdaf9e9f0ad11fb4b5 c4bfcacb4c3b4048ac2e63a1d6c9448e - - default default] 10.0.0.179 "GET /v2.0/floatingips/84ccb1aa-6472-4f3e-a90a-8e6453198d33/tags HTTP/1.1" status: 200 len: 227 time: 0.0371249
