2026-04-21 18:35:03.623 9 INFO neutron.db.ovn_revision_numbers_db [None req-2037f131-7951-4e35-9024-774f5bac6ef3 - - - - - -] Successfully bumped revision number for resource 3bf580de-c1a3-4991-aba2-20b4cea404ae (type: router_ports) to 2
2026-04-21 18:35:03.913 9 INFO neutron.wsgi [None req-12e96f06-557c-47fe-9f86-bee9d410e94c 62be1e0a2c05481ea1726b83ef2adce3 e7c270a5e362473bb83ca7d0c02e2481 - - default default] 10.0.0.179 "DELETE /v2.0/ports/5fbb6310-cbec-415b-a93d-820922595ff1 HTTP/1.1" status: 204 len: 168 time: 0.4800100
2026-04-21 18:35:04.078 10 INFO neutron.db.ovn_revision_numbers_db [None req-22c8db96-7a0a-4d47-ae95-80a7e7190d6f - - - - - -] Successfully bumped revision number for resource 191a0718-2f82-4a87-85ad-7f6e6f765f9f (type: router_ports) to 3
2026-04-21 18:35:04.298 10 INFO neutron.db.ovn_revision_numbers_db [None req-89878ed0-25b0-40f5-b4e3-04a00f7e5003 d8a8ab534c29431d999797af646250e3 576e206f1b8142cc983a70daf7e76fa8 - - default default] Successfully bumped revision number for resource c4e52d74-13c1-494a-bd90-b93f2574fb3d (type: ports) to 2
2026-04-21 18:35:04.353 10 INFO neutron.db.ovn_revision_numbers_db [None req-89878ed0-25b0-40f5-b4e3-04a00f7e5003 d8a8ab534c29431d999797af646250e3 576e206f1b8142cc983a70daf7e76fa8 - - default default] Successfully bumped revision number for resource 869bf735-3d67-4f04-acaa-30a4272b31ed (type: subnets) to 0
2026-04-21 18:35:04.376 10 INFO neutron.wsgi [None req-89878ed0-25b0-40f5-b4e3-04a00f7e5003 d8a8ab534c29431d999797af646250e3 576e206f1b8142cc983a70daf7e76fa8 - - default default] 10.0.0.179 "POST /v2.0/subnets HTTP/1.1" status: 201 len: 831 time: 1.5509226
2026-04-21 18:35:04.411 10 INFO neutron.db.ovn_revision_numbers_db [None req-22c8db96-7a0a-4d47-ae95-80a7e7190d6f - - - - - -] Successfully bumped revision number for resource 191a0718-2f82-4a87-85ad-7f6e6f765f9f (type: ports) to 2
2026-04-21 18:35:04.575 9 INFO neutron.wsgi [None req-70cb11ec-33d0-4f96-84f2-79aace3d6255 91ab9bc0ae8c40668f3e59ccea538435 d6b0efab0ffe4dbd9576de32088e19ef - - default default] 10.0.0.179 "PUT /v2.0/routers/27aac48f-b302-415f-ba03-fadf20b7059b/remove_router_interface HTTP/1.1" status: 200 len: 503 time: 1.3024573
2026-04-21 18:35:04.610 10 INFO neutron.wsgi [None req-dbbbb96f-0cd9-4452-b82c-150931cf140b 91ab9bc0ae8c40668f3e59ccea538435 d6b0efab0ffe4dbd9576de32088e19ef - - default default] 10.0.0.179 "GET /v2.0/ports?device_id=27aac48f-b302-415f-ba03-fadf20b7059b HTTP/1.1" status: 200 len: 205 time: 0.0293787
2026-04-21 18:35:04.643 9 INFO neutron.services.segments.plugin [-] Segment 32e732fc-6574-4819-a1e6-bd138bd9eb0d resource provider aggregate not found
2026-04-21 18:35:04.649 9 INFO neutron.services.segments.plugin [-] Segment 32e732fc-6574-4819-a1e6-bd138bd9eb0d resource provider aggregate not found
2026-04-21 18:35:04.659 9 INFO neutron.services.segments.plugin [-] Segment 32e732fc-6574-4819-a1e6-bd138bd9eb0d resource provider not found; error: Placement Client Error (4xx): {"errors": [{"status": 404, "title": "Not Found", "detail": "The resource could not be found.\n\n No resource provider with uuid 32e732fc-6574-4819-a1e6-bd138bd9eb0d found for delete ", "request_id": "req-30306f1b-0fed-4986-9297-eb921e7d8a65"}]}
2026-04-21 18:35:04.677 9 INFO neutron.services.segments.plugin [-] Segment 32e732fc-6574-4819-a1e6-bd138bd9eb0d resource provider not found; error: Placement Client Error (4xx): {"errors": [{"status": 404, "title": "Not Found", "detail": "The resource could not be found.\n\n No resource provider with uuid 32e732fc-6574-4819-a1e6-bd138bd9eb0d found for delete ", "request_id": "req-d948f239-8a65-457b-8166-f938ff49c172"}]}
2026-04-21 18:35:04.684 9 INFO neutron.wsgi [None req-56ca274a-49f6-46e0-9290-1ed9d305688c 62be1e0a2c05481ea1726b83ef2adce3 e7c270a5e362473bb83ca7d0c02e2481 - - default default] 10.0.0.179 "DELETE /v2.0/networks/fceeacab-97bf-4baf-b387-9d4720dc85e5 HTTP/1.1" status: 204 len: 168 time: 0.7640388 /var/lib/openstack/lib/python3.10/site-packages/pycadf/identifier.py:71: UserWarning: Invalid uuid: neutron. To ensure interoperability, identifiers should be a valid uuid. warnings.warn(('Invalid uuid: %s. To ensure interoperability, '
2026-04-21 18:35:04.949 9 INFO neutron.db.ovn_revision_numbers_db [None req-d10cb94b-6475-4890-a9bc-6152ac08ff3e 7d27d9fb4b8745858d726b4655a75e6b 3249600bc36e45c48692e41a8e6710f4 - - default default] Successfully bumped revision number for resource 57b2904c-97f2-42b9-8e8a-0cd6dc828602 (type: security_groups) to 1
2026-04-21 18:35:04.965 9 INFO neutron.db.ovn_revision_numbers_db [None req-d10cb94b-6475-4890-a9bc-6152ac08ff3e 7d27d9fb4b8745858d726b4655a75e6b 3249600bc36e45c48692e41a8e6710f4 - - default default] Successfully bumped revision number for resource 39d26edd-8761-4b0c-9cf9-f0791e46c725 (type: security_group_rules) to 0
2026-04-21 18:35:04.980 9 INFO neutron.db.ovn_revision_numbers_db [None req-d10cb94b-6475-4890-a9bc-6152ac08ff3e 7d27d9fb4b8745858d726b4655a75e6b 3249600bc36e45c48692e41a8e6710f4 - - default default] Successfully bumped revision number for resource 6ba4a325-d8f6-4dfe-a287-86d4668a33b7 (type: security_group_rules) to 0
2026-04-21 18:35:05.013 9 INFO neutron.db.ovn_revision_numbers_db [None req-d10cb94b-6475-4890-a9bc-6152ac08ff3e 7d27d9fb4b8745858d726b4655a75e6b 3249600bc36e45c48692e41a8e6710f4 - - default default] Successfully bumped revision number for resource a8f45f71-e03e-439e-8cef-eb99e3c2317f (type: security_group_rules) to 0
2026-04-21 18:35:05.031 9 INFO neutron.db.ovn_revision_numbers_db [None req-d10cb94b-6475-4890-a9bc-6152ac08ff3e 7d27d9fb4b8745858d726b4655a75e6b 3249600bc36e45c48692e41a8e6710f4 - - default default] Successfully bumped revision number for resource b1e0cedf-2c89-4401-86e9-87fba2e9b1b0 (type: security_group_rules) to 0
2026-04-21 18:35:05.055 9 INFO neutron.wsgi [None req-d10cb94b-6475-4890-a9bc-6152ac08ff3e 7d27d9fb4b8745858d726b4655a75e6b 3249600bc36e45c48692e41a8e6710f4 - - default default] 10.0.0.179 "GET /v2.0/security-groups?tenant_id=144d0a0720214f6cbfab0559d357c074&name=default HTTP/1.1" status: 200 len: 3120 time: 0.3996732
2026-04-21 18:35:05.312 9 INFO neutron.wsgi [None req-20961ef2-f2a4-422f-b96b-b55debc383a4 7d27d9fb4b8745858d726b4655a75e6b 3249600bc36e45c48692e41a8e6710f4 - - default default] 10.0.0.179 "DELETE /v2.0/security-groups/57b2904c-97f2-42b9-8e8a-0cd6dc828602 HTTP/1.1" status: 204 len: 168 time: 0.2479839
2026-04-21 18:35:05.329 9 INFO neutron.wsgi [None req-2f7bc7ae-40cd-440f-b6d3-eef24c9d5175 7d27d9fb4b8745858d726b4655a75e6b 3249600bc36e45c48692e41a8e6710f4 - - default default] 10.0.0.179 "GET /v2.0/security-groups?tenant_id=e7c270a5e362473bb83ca7d0c02e2481&name=default HTTP/1.1" status: 200 len: 3120 time: 0.1680470
2026-04-21 18:35:05.549 9 INFO neutron.db.ovn_revision_numbers_db [None req-d8371eea-0ce7-4d41-a9e1-6834db69a5fb 7d27d9fb4b8745858d726b4655a75e6b 3249600bc36e45c48692e41a8e6710f4 - - default default] Successfully bumped revision number for resource 4966fa6d-90ae-444f-bf02-2c25e45fee7d (type: security_groups) to 1
2026-04-21 18:35:05.565 9 INFO neutron.db.ovn_revision_numbers_db [None req-d8371eea-0ce7-4d41-a9e1-6834db69a5fb 7d27d9fb4b8745858d726b4655a75e6b 3249600bc36e45c48692e41a8e6710f4 - - default default] Successfully bumped revision number for resource 0a490706-7fea-4994-8cd6-8e972959b7d8 (type: security_group_rules) to 0
2026-04-21 18:35:05.581 9 INFO neutron.wsgi [None req-b2d33ca8-5227-4c73-b2f0-5ad3a32fe7dd 7d27d9fb4b8745858d726b4655a75e6b 3249600bc36e45c48692e41a8e6710f4 - - default default] 10.0.0.179 "DELETE /v2.0/security-groups/84a9a0d9-82e4-42bb-9b79-b497731c22a5 HTTP/1.1" status: 204 len: 168 time: 0.2473629
2026-04-21 18:35:05.586 9 INFO neutron.db.ovn_revision_numbers_db [None req-d8371eea-0ce7-4d41-a9e1-6834db69a5fb 7d27d9fb4b8745858d726b4655a75e6b 3249600bc36e45c48692e41a8e6710f4 - - default default] Successfully bumped revision number for resource 0c2ab77b-6b28-4c65-8a7b-c110430314ad (type: security_group_rules) to 0
2026-04-21 18:35:05.599 9 INFO neutron.db.ovn_revision_numbers_db [None req-d8371eea-0ce7-4d41-a9e1-6834db69a5fb 7d27d9fb4b8745858d726b4655a75e6b 3249600bc36e45c48692e41a8e6710f4 - - default default] Successfully bumped revision number for resource 4e2acccd-9b83-49b2-b219-730faa3a6f26 (type: security_group_rules) to 0
2026-04-21 18:35:05.610 10 INFO neutron.wsgi [None req-ae8ed17f-7889-435f-891a-88a958d5080a 91ab9bc0ae8c40668f3e59ccea538435 d6b0efab0ffe4dbd9576de32088e19ef - - default default] 10.0.0.179 "DELETE /v2.0/routers/27aac48f-b302-415f-ba03-fadf20b7059b HTTP/1.1" status: 204 len: 168 time: 0.9933300
2026-04-21 18:35:05.612 9 INFO neutron.db.ovn_revision_numbers_db [None req-d8371eea-0ce7-4d41-a9e1-6834db69a5fb 7d27d9fb4b8745858d726b4655a75e6b 3249600bc36e45c48692e41a8e6710f4 - - default default] Successfully bumped revision number for resource 777bcaab-14ff-4e28-8c34-9fe86e1e3930 (type: security_group_rules) to 0
2026-04-21 18:35:05.644 9 INFO neutron.wsgi [None req-d8371eea-0ce7-4d41-a9e1-6834db69a5fb 7d27d9fb4b8745858d726b4655a75e6b 3249600bc36e45c48692e41a8e6710f4 - - default default] 10.0.0.179 "GET /v2.0/security-groups?tenant_id=4a35958cd5c24b19b06cab62e1ce0f51&name=default HTTP/1.1" status: 200 len: 3120 time: 0.2361283
2026-04-21 18:35:05.812 10 INFO neutron.db.ovn_revision_numbers_db [None req-22c8db96-7a0a-4d47-ae95-80a7e7190d6f - - - - - -] Successfully bumped revision number for resource 191a0718-2f82-4a87-85ad-7f6e6f765f9f (type: ports) to 4
2026-04-21 18:35:05.878 9 INFO neutron.wsgi [None req-2d122e1b-8f45-4f96-a90f-a6250254231a 91ab9bc0ae8c40668f3e59ccea538435 d6b0efab0ffe4dbd9576de32088e19ef - - default default] 10.0.0.179 "DELETE /v2.0/subnets/10c9fb22-87e3-450a-91cb-3d68048108c8 HTTP/1.1" status: 204 len: 168 time: 0.2617815
2026-04-21 18:35:05.963 9 INFO neutron.wsgi [None req-327cb9b2-d16e-4a96-874e-6589ea4018b7 7d27d9fb4b8745858d726b4655a75e6b 3249600bc36e45c48692e41a8e6710f4 - - default default] 10.0.0.179 "DELETE /v2.0/security-groups/4966fa6d-90ae-444f-bf02-2c25e45fee7d HTTP/1.1" status: 204 len: 168 time: 0.3109648
2026-04-21 18:35:06.193 10 WARNING neutron.scheduler.dhcp_agent_scheduler [None req-b2adebaf-a568-45c3-8474-0242c283be6e d8a8ab534c29431d999797af646250e3 576e206f1b8142cc983a70daf7e76fa8 - - default default] No more DHCP agents
2026-04-21 18:35:06.198 10 WARNING neutron.api.rpc.agentnotifiers.dhcp_rpc_agent_api [None req-b2adebaf-a568-45c3-8474-0242c283be6e d8a8ab534c29431d999797af646250e3 576e206f1b8142cc983a70daf7e76fa8 - - default default] Unable to schedule network 833805aa-dafa-4e95-bc5d-23c57592aa75: no agents available; will retry on subsequent port and subnet creation events.
2026-04-21 18:35:06.319 10 INFO neutron.db.ovn_revision_numbers_db [None req-22c8db96-7a0a-4d47-ae95-80a7e7190d6f - - - - - -] Successfully bumped revision number for resource 191a0718-2f82-4a87-85ad-7f6e6f765f9f (type: router_ports) to 4
2026-04-21 18:35:06.320 9 INFO neutron.wsgi [None req-4fd23d13-2fb4-4f25-a52b-8c4578771a30 91ab9bc0ae8c40668f3e59ccea538435 d6b0efab0ffe4dbd9576de32088e19ef - - default default] 10.0.0.179 "DELETE /v2.0/networks/09d08aaa-18c0-4326-8613-ca79689ca759 HTTP/1.1" status: 204 len: 168 time: 0.4323001
2026-04-21 18:35:06.333 9 WARNING neutron_lib.context [None req-40463b58-405c-4fe9-be91-14bd7ce48f2d 91ab9bc0ae8c40668f3e59ccea538435 d6b0efab0ffe4dbd9576de32088e19ef - - default default] Method 'is_advsvc' is deprecated since 2023.2 release (neutron-lib 3.8.0) and will be removed once support for the old RBAC API policies will be removed from Neutron. Please use method 'is_service_role' instead.
2026-04-21 18:35:06.417 10 INFO neutron.db.ovn_revision_numbers_db [None req-b2adebaf-a568-45c3-8474-0242c283be6e d8a8ab534c29431d999797af646250e3 576e206f1b8142cc983a70daf7e76fa8 - - default default] Successfully bumped revision number for resource 2f7b12e5-e3e8-4045-acd1-d1b2cd22d3fd (type: ports) to 1
2026-04-21 18:35:06.675 9 INFO neutron.services.segments.plugin [-] Segment dc914607-fc05-4826-9864-6829aab883e4 resource provider aggregate not found
2026-04-21 18:35:06.706 9 INFO neutron.services.segments.plugin [-] Segment dc914607-fc05-4826-9864-6829aab883e4 resource provider aggregate not found
2026-04-21 18:35:06.716 9 INFO neutron.services.segments.plugin [-] Segment dc914607-fc05-4826-9864-6829aab883e4 resource provider not found; error: Placement Client Error (4xx): {"errors": [{"status": 404, "title": "Not Found", "detail": "The resource could not be found.\n\n No resource provider with uuid dc914607-fc05-4826-9864-6829aab883e4 found for delete ", "request_id": "req-e2da1ad8-dcca-43c1-8d44-6e10b3eff959"}]}
2026-04-21 18:35:06.727 9 INFO neutron.services.segments.plugin [-] Segment dc914607-fc05-4826-9864-6829aab883e4 resource provider not found; error: Placement Client Error (4xx): {"errors": [{"status": 404, "title": "Not Found", "detail": "The resource could not be found.\n\n No resource provider with uuid dc914607-fc05-4826-9864-6829aab883e4 found for delete ", "request_id": "req-3a22621f-d377-4bf0-a193-dec27b8d241e"}]}
2026-04-21 18:35:06.863 9 WARNING neutron.scheduler.dhcp_agent_scheduler [None req-40463b58-405c-4fe9-be91-14bd7ce48f2d 91ab9bc0ae8c40668f3e59ccea538435 d6b0efab0ffe4dbd9576de32088e19ef - - default default] No more DHCP agents
2026-04-21 18:35:06.865 9 WARNING neutron.api.rpc.agentnotifiers.dhcp_rpc_agent_api [None req-40463b58-405c-4fe9-be91-14bd7ce48f2d 91ab9bc0ae8c40668f3e59ccea538435 d6b0efab0ffe4dbd9576de32088e19ef - - default default] Unable to schedule network b66c8c8f-c1d8-4494-bcab-303e28d34b89: no agents available; will retry on subsequent port and subnet creation events.
2026-04-21 18:35:07.050 9 INFO neutron.db.ovn_revision_numbers_db [None req-40463b58-405c-4fe9-be91-14bd7ce48f2d 91ab9bc0ae8c40668f3e59ccea538435 d6b0efab0ffe4dbd9576de32088e19ef - - default default] Successfully bumped revision number for resource c3d50276-5f4c-4e73-b33e-2d067b0d4a60 (type: ports) to 1
2026-04-21 18:35:07.061 10 ERROR ovsdbapp.backend.ovs_idl.command [None req-b2adebaf-a568-45c3-8474-0242c283be6e d8a8ab534c29431d999797af646250e3 576e206f1b8142cc983a70daf7e76fa8 - - default default] Error executing command (DbGetCommand): ovsdbapp.backend.ovs_idl.idlutils.RowNotFound: Cannot find Logical_Router_Port with name=lrp-2f7b12e5-e3e8-4045-acd1-d1b2cd22d3fd
2026-04-21 18:35:07.061 10 ERROR ovsdbapp.backend.ovs_idl.command
Traceback (most recent call last):
2026-04-21 18:35:07.061 10 ERROR ovsdbapp.backend.ovs_idl.command
File "/var/lib/openstack/lib/python3.10/site-packages/ovsdbapp/backend/ovs_idl/command.py", line 47, in execute
2026-04-21 18:35:07.061 10 ERROR ovsdbapp.backend.ovs_idl.command self.run_idl(None)
2026-04-21 18:35:07.061 10 ERROR ovsdbapp.backend.ovs_idl.command
File "/var/lib/openstack/lib/python3.10/site-packages/ovsdbapp/backend/ovs_idl/command.py", line 235, in run_idl
2026-04-21 18:35:07.061 10 ERROR ovsdbapp.backend.ovs_idl.command record = self.api.lookup(self.table, self.record)
2026-04-21 18:35:07.061 10 ERROR ovsdbapp.backend.ovs_idl.command
File "/var/lib/openstack/lib/python3.10/site-packages/ovsdbapp/backend/ovs_idl/__init__.py", line 184, in lookup
2026-04-21 18:35:07.061 10 ERROR ovsdbapp.backend.ovs_idl.command return self._lookup(table, record)
2026-04-21 18:35:07.061 10 ERROR ovsdbapp.backend.ovs_idl.command
File "/var/lib/openstack/lib/python3.10/site-packages/ovsdbapp/backend/ovs_idl/__init__.py", line 235, in _lookup
2026-04-21 18:35:07.061 10 ERROR ovsdbapp.backend.ovs_idl.command row = idlutils.row_by_value(self, rl.table, rl.column, record)
2026-04-21 18:35:07.061 10 ERROR ovsdbapp.backend.ovs_idl.command
File "/var/lib/openstack/lib/python3.10/site-packages/ovsdbapp/backend/ovs_idl/idlutils.py", line 114, in row_by_value
2026-04-21 18:35:07.061 10 ERROR ovsdbapp.backend.ovs_idl.command raise RowNotFound(table=table, col=column, match=match)
2026-04-21 18:35:07.061 10 ERROR ovsdbapp.backend.ovs_idl.command ovsdbapp.backend.ovs_idl.idlutils.RowNotFound: Cannot find Logical_Router_Port with name=lrp-2f7b12e5-e3e8-4045-acd1-d1b2cd22d3fd
2026-04-21 18:35:07.061 10 ERROR ovsdbapp.backend.ovs_idl.command 
2026-04-21 18:35:07.062 10 ERROR neutron_lib.callbacks.manager [None req-b2adebaf-a568-45c3-8474-0242c283be6e d8a8ab534c29431d999797af646250e3 576e206f1b8142cc983a70daf7e76fa8 - - default default] Error during notification for neutron.services.ovn_l3.plugin.OVNL3RouterPlugin._port_update-8744619331284 port, after_update: ovsdbapp.backend.ovs_idl.idlutils.RowNotFound: Cannot find Logical_Router_Port with name=lrp-2f7b12e5-e3e8-4045-acd1-d1b2cd22d3fd
2026-04-21 18:35:07.062 10 ERROR neutron_lib.callbacks.manager
Traceback (most recent call last):
2026-04-21 18:35:07.062 10 ERROR neutron_lib.callbacks.manager
File "/var/lib/openstack/lib/python3.10/site-packages/neutron_lib/callbacks/manager.py", line 189, in _notify_loop
2026-04-21 18:35:07.062 10 ERROR neutron_lib.callbacks.manager callback.method(resource, event, trigger, payload=payload)
2026-04-21 18:35:07.062 10 ERROR neutron_lib.callbacks.manager
File "/var/lib/openstack/lib/python3.10/site-packages/neutron/services/ovn_l3/plugin.py", line 391, in _port_update
2026-04-21 18:35:07.062 10 ERROR neutron_lib.callbacks.manager l3plugin._ovn_client.update_router_port(context,
2026-04-21 18:35:07.062 10 ERROR neutron_lib.callbacks.manager
File "/var/lib/openstack/lib/python3.10/site-packages/neutron/plugins/ml2/drivers/ovn/mech_driver/ovsdb/ovn_client.py", line 1878, in update_router_port
2026-04-21 18:35:07.062 10 ERROR neutron_lib.callbacks.manager self._update_lrouter_port(context, port, if_exists=if_exists,
2026-04-21 18:35:07.062 10 ERROR neutron_lib.callbacks.manager
File "/var/lib/openstack/lib/python3.10/site-packages/neutron/plugins/ml2/drivers/ovn/mech_driver/ovsdb/ovn_client.py", line 1855, in _update_lrouter_port
2026-04-21 18:35:07.062 10 ERROR neutron_lib.callbacks.manager external_ids = self._nb_idl.db_get(
2026-04-21 18:35:07.062 10 ERROR neutron_lib.callbacks.manager
File "/var/lib/openstack/lib/python3.10/site-packages/ovsdbapp/backend/ovs_idl/command.py", line 47, in execute
2026-04-21 18:35:07.062 10 ERROR neutron_lib.callbacks.manager self.run_idl(None)
2026-04-21 18:35:07.062 10 ERROR neutron_lib.callbacks.manager
File "/var/lib/openstack/lib/python3.10/site-packages/ovsdbapp/backend/ovs_idl/command.py", line 235, in run_idl
2026-04-21 18:35:07.062 10 ERROR neutron_lib.callbacks.manager record = self.api.lookup(self.table, self.record)
2026-04-21 18:35:07.062 10 ERROR neutron_lib.callbacks.manager
File "/var/lib/openstack/lib/python3.10/site-packages/ovsdbapp/backend/ovs_idl/__init__.py", line 184, in lookup
2026-04-21 18:35:07.062 10 ERROR neutron_lib.callbacks.manager return self._lookup(table, record)
2026-04-21 18:35:07.062 10 ERROR neutron_lib.callbacks.manager
File "/var/lib/openstack/lib/python3.10/site-packages/ovsdbapp/backend/ovs_idl/__init__.py", line 235, in _lookup
2026-04-21 18:35:07.062 10 ERROR neutron_lib.callbacks.manager row = idlutils.row_by_value(self, rl.table, rl.column, record)
2026-04-21 18:35:07.062 10 ERROR neutron_lib.callbacks.manager
File "/var/lib/openstack/lib/python3.10/site-packages/ovsdbapp/backend/ovs_idl/idlutils.py", line 114, in row_by_value
2026-04-21 18:35:07.062 10 ERROR neutron_lib.callbacks.manager raise RowNotFound(table=table, col=column, match=match)
2026-04-21 18:35:07.062 10 ERROR neutron_lib.callbacks.manager ovsdbapp.backend.ovs_idl.idlutils.RowNotFound: Cannot find Logical_Router_Port with name=lrp-2f7b12e5-e3e8-4045-acd1-d1b2cd22d3fd
2026-04-21 18:35:07.062 10 ERROR neutron_lib.callbacks.manager 
2026-04-21 18:35:07.305 10 INFO neutron.db.ovn_revision_numbers_db [None req-b2adebaf-a568-45c3-8474-0242c283be6e d8a8ab534c29431d999797af646250e3 576e206f1b8142cc983a70daf7e76fa8 - - default default] Successfully bumped revision number for resource 2f7b12e5-e3e8-4045-acd1-d1b2cd22d3fd (type: ports) to 1
2026-04-21 18:35:07.387 10 WARNING neutron.scheduler.dhcp_agent_scheduler [None req-b2adebaf-a568-45c3-8474-0242c283be6e d8a8ab534c29431d999797af646250e3 576e206f1b8142cc983a70daf7e76fa8 - - default default] No more DHCP agents
2026-04-21 18:35:07.388 10 WARNING neutron.api.rpc.agentnotifiers.dhcp_rpc_agent_api [None req-b2adebaf-a568-45c3-8474-0242c283be6e d8a8ab534c29431d999797af646250e3 576e206f1b8142cc983a70daf7e76fa8 - - default default] Unable to schedule network 833805aa-dafa-4e95-bc5d-23c57592aa75: no agents available; will retry on subsequent port and subnet creation events.
2026-04-21 18:35:07.704 10 WARNING neutron_lib.context [None req-1a457760-c333-4f84-a15d-567ea203bf70 368a5dd161ab4822a3c7424367308b59 f185b5aaa3c64ce6a1e7e0bc22b5edbf - - default default] Method 'is_advsvc' is deprecated since 2023.2 release (neutron-lib 3.8.0) and will be removed once support for the old RBAC API policies will be removed from Neutron. Please use method 'is_service_role' instead.
2026-04-21 18:35:07.793 10 INFO neutron.wsgi [None req-1a457760-c333-4f84-a15d-567ea203bf70 368a5dd161ab4822a3c7424367308b59 f185b5aaa3c64ce6a1e7e0bc22b5edbf - - default default] 10.0.0.179 "POST /v2.0/subnetpools HTTP/1.1" status: 201 len: 747 time: 0.2480803
2026-04-21 18:35:07.835 9 INFO neutron.wsgi [None req-d8ea05c3-21f2-490b-be6f-c11e282a1149 368a5dd161ab4822a3c7424367308b59 f185b5aaa3c64ce6a1e7e0bc22b5edbf - - default default] 10.0.0.179 "GET /v2.0/subnetpools/b409341e-ff83-4a35-8162-b4c4f99d14f4 HTTP/1.1" status: 200 len: 742 time: 0.0347850
2026-04-21 18:35:07.839 9 INFO neutron.plugins.ml2.drivers.ovn.mech_driver.ovsdb.commands [None req-74871582-511e-445a-8f3c-f666c9efb200 - - - - - -] Schedule LRP lrp-c3d50276-5f4c-4e73-b33e-2d067b0d4a60 on gateway 09926c94-986a-4014-ad0d-ba97998c2f06 with priority 1
2026-04-21 18:35:07.862 10 INFO neutron.plugins.ml2.drivers.ovn.mech_driver.mech_driver [None req-435794ac-8607-41e1-a6ba-fa3908c1826a - - - - - -] OVN reports status up for port: c3d50276-5f4c-4e73-b33e-2d067b0d4a60
2026-04-21 18:35:07.880 10 INFO neutron.plugins.ml2.plugin [None req-435794ac-8607-41e1-a6ba-fa3908c1826a - - - - - -] Attempt 1 to provision port c3d50276-5f4c-4e73-b33e-2d067b0d4a60
2026-04-21 18:35:07.913 9 INFO neutron.db.ovn_revision_numbers_db [None req-40463b58-405c-4fe9-be91-14bd7ce48f2d 91ab9bc0ae8c40668f3e59ccea538435 d6b0efab0ffe4dbd9576de32088e19ef - - default default] Successfully bumped revision number for resource c3d50276-5f4c-4e73-b33e-2d067b0d4a60 (type: router_ports) to 1
2026-04-21 18:35:07.926 10 INFO neutron.db.ovn_revision_numbers_db [None req-b2adebaf-a568-45c3-8474-0242c283be6e d8a8ab534c29431d999797af646250e3 576e206f1b8142cc983a70daf7e76fa8 - - default default] Successfully bumped revision number for resource 2f7b12e5-e3e8-4045-acd1-d1b2cd22d3fd (type: router_ports) to 1
2026-04-21 18:35:07.933 10 INFO neutron.wsgi [None req-b2adebaf-a568-45c3-8474-0242c283be6e d8a8ab534c29431d999797af646250e3 576e206f1b8142cc983a70daf7e76fa8 - - default default] 10.0.0.179 "PUT /v2.0/routers/e21081cc-aa23-4c36-8661-12a94de50fa2/add_router_interface HTTP/1.1" status: 200 len: 503 time: 3.5485787
2026-04-21 18:35:07.954 9 INFO neutron.wsgi [None req-aeb18208-aac0-472b-852d-f981cba6da04 368a5dd161ab4822a3c7424367308b59 f185b5aaa3c64ce6a1e7e0bc22b5edbf - - default default] 10.0.0.179 "PUT /v2.0/subnetpools/b409341e-ff83-4a35-8162-b4c4f99d14f4 HTTP/1.1" status: 200 len: 695 time: 0.1124287
2026-04-21 18:35:08.102 9 INFO neutron.wsgi [None req-2334149c-947b-453f-890f-50022559468d 80ba26dc7f7d4533b4067bf9c3417d8f 72d78607d4784605b76f8b231a48ec26 - - default default] 10.0.0.179 "GET /v2.0/networks HTTP/1.1" status: 200 len: 3115 time: 0.1616287
2026-04-21 18:35:08.112 9 INFO neutron.db.ovn_revision_numbers_db [None req-40463b58-405c-4fe9-be91-14bd7ce48f2d 91ab9bc0ae8c40668f3e59ccea538435 d6b0efab0ffe4dbd9576de32088e19ef - - default default] Successfully bumped revision number for resource 644291a6-59fe-4dd2-b481-656b2b403373 (type: routers) to 2
2026-04-21 18:35:08.123 9 INFO neutron.wsgi [None req-641d53ac-77ea-43db-9959-e63673bfd897 368a5dd161ab4822a3c7424367308b59 f185b5aaa3c64ce6a1e7e0bc22b5edbf - - default default] 10.0.0.179 "DELETE /v2.0/subnetpools/b409341e-ff83-4a35-8162-b4c4f99d14f4 HTTP/1.1" status: 204 len: 168 time: 0.1586235
2026-04-21 18:35:08.142 9 INFO neutron.wsgi [None req-40463b58-405c-4fe9-be91-14bd7ce48f2d 91ab9bc0ae8c40668f3e59ccea538435 d6b0efab0ffe4dbd9576de32088e19ef - - default default] 10.0.0.179 "POST /v2.0/routers HTTP/1.1" status: 201 len: 1147 time: 1.8131707
2026-04-21 18:35:08.156 9 INFO neutron.api.v2.resource [None req-8996e12a-f6a4-426e-a706-ee1c41c894d9 368a5dd161ab4822a3c7424367308b59 f185b5aaa3c64ce6a1e7e0bc22b5edbf - - default default] show failed (client error): The resource could not be found.
2026-04-21 18:35:08.157 9 INFO neutron.wsgi [None req-8996e12a-f6a4-426e-a706-ee1c41c894d9 368a5dd161ab4822a3c7424367308b59 f185b5aaa3c64ce6a1e7e0bc22b5edbf - - default default] 10.0.0.179 "GET /v2.0/subnetpools/b409341e-ff83-4a35-8162-b4c4f99d14f4 HTTP/1.1" status: 404 len: 346 time: 0.0257812
2026-04-21 18:35:08.169 10 INFO neutron.wsgi [None req-78afc736-ed95-4585-80a4-1ca4e484b26c 80ba26dc7f7d4533b4067bf9c3417d8f 72d78607d4784605b76f8b231a48ec26 - - default default] 10.0.0.179 "GET /v2.0/subnets HTTP/1.1" status: 200 len: 2096 time: 0.0612893
2026-04-21 18:35:08.195 10 INFO neutron.api.v2.resource [None req-fceb90a0-8549-44d0-879d-02d49c72cbeb 368a5dd161ab4822a3c7424367308b59 f185b5aaa3c64ce6a1e7e0bc22b5edbf - - default default] delete failed (client error): The resource could not be found.
2026-04-21 18:35:08.197 10 INFO neutron.wsgi [None req-fceb90a0-8549-44d0-879d-02d49c72cbeb 368a5dd161ab4822a3c7424367308b59 f185b5aaa3c64ce6a1e7e0bc22b5edbf - - default default] 10.0.0.179 "DELETE /v2.0/subnetpools/b409341e-ff83-4a35-8162-b4c4f99d14f4 HTTP/1.1" status: 404 len: 346 time: 0.0264516
2026-04-21 18:35:08.521 9 INFO neutron.wsgi [None req-5efbe7f1-c3a7-4f8e-b6b8-ab9f5036e273 91ab9bc0ae8c40668f3e59ccea538435 d6b0efab0ffe4dbd9576de32088e19ef - - default default] 10.0.0.179 "GET /v2.0/routers/644291a6-59fe-4dd2-b481-656b2b403373 HTTP/1.1" status: 200 len: 1148 time: 0.3726265
2026-04-21 18:35:08.582 9 WARNING neutron.plugins.ml2.drivers.ovn.mech_driver.ovsdb.ovn_client [None req-2037f131-7951-4e35-9024-774f5bac6ef3 - - - - - -] No port found with ID 3bf580de-c1a3-4991-aba2-20b4cea404ae: RuntimeError: No port found with ID 3bf580de-c1a3-4991-aba2-20b4cea404ae
2026-04-21 18:35:08.583 9 INFO neutron.plugins.ml2.drivers.ovn.mech_driver.mech_driver [None req-2037f131-7951-4e35-9024-774f5bac6ef3 - - - - - -] OVN reports status up for port: 2f7b12e5-e3e8-4045-acd1-d1b2cd22d3fd
2026-04-21 18:35:08.606 9 INFO neutron.plugins.ml2.plugin [None req-2037f131-7951-4e35-9024-774f5bac6ef3 - - - - - -] Attempt 1 to provision port 2f7b12e5-e3e8-4045-acd1-d1b2cd22d3fd
2026-04-21 18:35:08.679 9 INFO neutron.wsgi [None req-8397cf22-1db0-46d4-8b95-a46978b073f8 91ab9bc0ae8c40668f3e59ccea538435 d6b0efab0ffe4dbd9576de32088e19ef - - default default] 10.0.0.179 "GET /v2.0/routers HTTP/1.1" status: 200 len: 1151 time: 0.1500647
2026-04-21 18:35:08.894 10 INFO neutron.wsgi [None req-09b035a2-49b6-4b5f-90ab-996e5307ceee 80ba26dc7f7d4533b4067bf9c3417d8f 72d78607d4784605b76f8b231a48ec26 - - default default] 10.0.0.179 "GET /v2.0/routers HTTP/1.1" status: 200 len: 2126 time: 0.7114465
2026-04-21 18:35:08.993 10 INFO neutron.wsgi [None req-4d0171e9-ff01-4eca-9d74-21a021632acc 7d27d9fb4b8745858d726b4655a75e6b 3249600bc36e45c48692e41a8e6710f4 - - default default] 10.0.0.197 "GET /v2.0/security-groups HTTP/1.1" status: 200 len: 23386 time: 0.1542704
2026-04-21 18:35:08.994 9 WARNING neutron_lib.context [None req-4cbdb037-50ae-4aae-bc10-d5a07cc8f6b9 d8a8ab534c29431d999797af646250e3 576e206f1b8142cc983a70daf7e76fa8 - - default default] Method 'is_advsvc' is deprecated since 2023.2 release (neutron-lib 3.8.0) and will be removed once support for the old RBAC API policies will be removed from Neutron. Please use method 'is_service_role' instead.
2026-04-21 18:35:09.128 10 INFO neutron.wsgi [None req-2ae3418a-a638-47a7-827a-95bbd18c0c01 7d27d9fb4b8745858d726b4655a75e6b 3249600bc36e45c48692e41a8e6710f4 - - default default] 10.0.0.197 "GET /v2.0/routers HTTP/1.1" status: 200 len: 2107 time: 0.1204085
2026-04-21 18:35:09.161 10 INFO neutron.wsgi [None req-b5dc2a19-69f3-4556-9c5d-62fffe276544 7d27d9fb4b8745858d726b4655a75e6b 3249600bc36e45c48692e41a8e6710f4 - - default default] 10.0.0.197 "GET /v2.0/agents?binary=ovn-controller HTTP/1.1" status: 200 len: 591 time: 0.0313382
2026-04-21 18:35:09.177 9 INFO neutron.db.ovn_revision_numbers_db [None req-3d992a30-0103-4ca9-8354-36955a4a9410 7d27d9fb4b8745858d726b4655a75e6b 3249600bc36e45c48692e41a8e6710f4 - - default default] Successfully bumped revision number for resource f6c93d18-4abf-49c4-8a30-7652b74f5505 (type: security_groups) to 1
2026-04-21 18:35:09.209 10 INFO neutron.wsgi [None req-1916b794-5eb8-4b62-927f-16bbee0b8912 7d27d9fb4b8745858d726b4655a75e6b 3249600bc36e45c48692e41a8e6710f4 - - default default] 10.0.0.197 "GET /v2.0/floatingips HTTP/1.1" status: 200 len: 193 time: 0.0466170
2026-04-21 18:35:09.226 9 INFO neutron.db.ovn_revision_numbers_db [None req-3d992a30-0103-4ca9-8354-36955a4a9410 7d27d9fb4b8745858d726b4655a75e6b 3249600bc36e45c48692e41a8e6710f4 - - default default] Successfully bumped revision number for resource 47c51255-cdc8-423c-878b-9f91466fd73f (type: security_group_rules) to 0
2026-04-21 18:35:09.268 10 INFO neutron.wsgi [None req-ef6407d5-2e0d-45be-892b-bfb1f477865f 7d27d9fb4b8745858d726b4655a75e6b 3249600bc36e45c48692e41a8e6710f4 - - default default] 10.0.0.197 "GET /v2.0/ports HTTP/1.1" status: 200 len: 9575 time: 0.0585263
2026-04-21 18:35:09.273 9 INFO neutron.db.ovn_revision_numbers_db [None req-3d992a30-0103-4ca9-8354-36955a4a9410 7d27d9fb4b8745858d726b4655a75e6b 3249600bc36e45c48692e41a8e6710f4 - - default default] Successfully bumped revision number for resource ac58a427-9481-4f34-b14c-8d21a2d024af (type: security_group_rules) to 0
2026-04-21 18:35:09.295 10 INFO neutron.wsgi [None req-eb5f3dc8-c6bb-4fbc-81df-c9870806ab9c 7d27d9fb4b8745858d726b4655a75e6b 3249600bc36e45c48692e41a8e6710f4 - - default default] 10.0.0.197 "GET /v2.0/agents HTTP/1.1" status: 200 len: 1390 time: 0.0170631
2026-04-21 18:35:09.298 9 INFO neutron.db.ovn_revision_numbers_db [None req-3d992a30-0103-4ca9-8354-36955a4a9410 7d27d9fb4b8745858d726b4655a75e6b 3249600bc36e45c48692e41a8e6710f4 - - default default] Successfully bumped revision number for resource d6863e56-3436-4db5-b194-f37c4b064780 (type: security_group_rules) to 0
2026-04-21 18:35:09.339 10 INFO neutron.wsgi [None req-59865522-7f9e-482a-8e78-a2cbc34f5068 7d27d9fb4b8745858d726b4655a75e6b 3249600bc36e45c48692e41a8e6710f4 - - default default] 10.0.0.197 "GET /v2.0/subnets HTTP/1.1" status: 200 len: 2077 time: 0.0413954
2026-04-21 18:35:09.342 9 INFO neutron.db.ovn_revision_numbers_db [None req-3d992a30-0103-4ca9-8354-36955a4a9410 7d27d9fb4b8745858d726b4655a75e6b 3249600bc36e45c48692e41a8e6710f4 - - default default] Successfully bumped revision number for resource f33e5685-a826-4017-a5cb-412fc601f7fd (type: security_group_rules) to 0
2026-04-21 18:35:09.351 10 INFO neutron.wsgi [None req-d3abe0c8-dc8a-4b50-81e7-4e6b3e7c8576 7d27d9fb4b8745858d726b4655a75e6b 3249600bc36e45c48692e41a8e6710f4 - - default default] 10.0.0.197 "GET /v2.0/subnetpools HTTP/1.1" status: 200 len: 193 time: 0.0115347
2026-04-21 18:35:09.370 9 INFO neutron.db.ovn_revision_numbers_db [None req-4cbdb037-50ae-4aae-bc10-d5a07cc8f6b9 d8a8ab534c29431d999797af646250e3 576e206f1b8142cc983a70daf7e76fa8 - - default default] Successfully bumped revision number for resource 47df4934-b888-4d76-8bc5-b63fcfb6857a (type: security_groups) to 1
2026-04-21 18:35:09.397 9 INFO neutron.wsgi [None req-3d992a30-0103-4ca9-8354-36955a4a9410 7d27d9fb4b8745858d726b4655a75e6b 3249600bc36e45c48692e41a8e6710f4 - - default default] 10.0.0.179 "GET /v2.0/security-groups?tenant_id=f185b5aaa3c64ce6a1e7e0bc22b5edbf&name=default HTTP/1.1" status: 200 len: 3120 time: 0.7663488
2026-04-21 18:35:09.419 9 INFO neutron.db.ovn_revision_numbers_db [None req-4cbdb037-50ae-4aae-bc10-d5a07cc8f6b9 d8a8ab534c29431d999797af646250e3 576e206f1b8142cc983a70daf7e76fa8 - - default default] Successfully bumped revision number for resource 31ba8e9a-90d7-49dc-b01d-01bf9e4bf020 (type: security_group_rules) to 0
2026-04-21 18:35:09.464 10 INFO neutron.wsgi [None req-bbf17d3f-a44f-46a0-8b94-65e7c55247dc 7d27d9fb4b8745858d726b4655a75e6b 3249600bc36e45c48692e41a8e6710f4 - - default default] 10.0.0.197 "GET /v2.0/networks HTTP/1.1" status: 200 len: 3096 time: 0.1093049
2026-04-21 18:35:09.467 9 INFO neutron.db.ovn_revision_numbers_db [None req-4cbdb037-50ae-4aae-bc10-d5a07cc8f6b9 d8a8ab534c29431d999797af646250e3 576e206f1b8142cc983a70daf7e76fa8 - - default default] Successfully bumped revision number for resource ff1911dd-0500-451b-bb74-3086ee025a62 (type: security_group_rules) to 0
2026-04-21 18:35:09.497 9 INFO neutron.wsgi [None req-4cbdb037-50ae-4aae-bc10-d5a07cc8f6b9 d8a8ab534c29431d999797af646250e3 576e206f1b8142cc983a70daf7e76fa8 - - default default] 10.0.0.179 "POST /v2.0/security-groups HTTP/1.1" status: 201 len: 1875 time: 0.5192182
2026-04-21 18:35:09.512 10 WARNING neutron_lib.context [None req-bb5a2842-e09a-47f9-8429-5d9853dc036a d8a8ab534c29431d999797af646250e3 576e206f1b8142cc983a70daf7e76fa8 - - default default] Method 'is_advsvc' is deprecated since 2023.2 release (neutron-lib 3.8.0) and will be removed once support for the old RBAC API policies will be removed from Neutron. Please use method 'is_service_role' instead.
2026-04-21 18:35:09.534 10 INFO neutron.wsgi [None req-dd38aa63-1e99-4585-a742-8066447f5c17 7d27d9fb4b8745858d726b4655a75e6b 3249600bc36e45c48692e41a8e6710f4 - - default default] 10.0.0.197 "GET /v2.0/subnets HTTP/1.1" status: 200 len: 2077 time: 0.0643523
2026-04-21 18:35:09.546 9 INFO neutron.db.ovn_revision_numbers_db [None req-2037f131-7951-4e35-9024-774f5bac6ef3 - - - - - -] Successfully bumped revision number for resource 2f7b12e5-e3e8-4045-acd1-d1b2cd22d3fd (type: ports) to 2
2026-04-21 18:35:09.573 10 INFO neutron.wsgi [None req-9f5d5556-5e78-445d-98eb-029536d3b802 7d27d9fb4b8745858d726b4655a75e6b 3249600bc36e45c48692e41a8e6710f4 - - default default] 10.0.0.197 "GET /v2.0/network-ip-availabilities HTTP/1.1" status: 200 len: 1726 time: 0.0331733
2026-04-21 18:35:09.760 10 INFO neutron.db.ovn_revision_numbers_db [None req-bb5a2842-e09a-47f9-8429-5d9853dc036a d8a8ab534c29431d999797af646250e3 576e206f1b8142cc983a70daf7e76fa8 - - default default] Successfully bumped revision number for resource f158dbf2-f3b6-4e89-8e9e-0784d96883c4 (type: security_group_rules) to 0
2026-04-21 18:35:09.818 10 INFO neutron.wsgi [None req-bb5a2842-e09a-47f9-8429-5d9853dc036a d8a8ab534c29431d999797af646250e3 576e206f1b8142cc983a70daf7e76fa8 - - default default] 10.0.0.179 "POST /v2.0/security-group-rules HTTP/1.1" status: 201 len: 796 time: 0.3136885
2026-04-21 18:35:09.829 10 WARNING neutron_lib.context [None req-b3d61fca-3686-4daf-9b10-b23e3fe963ca d8a8ab534c29431d999797af646250e3 576e206f1b8142cc983a70daf7e76fa8 - - default default] Method 'is_advsvc' is deprecated since 2023.2 release (neutron-lib 3.8.0) and will be removed once support for the old RBAC API policies will be removed from Neutron. Please use method 'is_service_role' instead.
2026-04-21 18:35:09.847 10 INFO neutron.wsgi [None req-92b38385-f8f3-48c5-9c19-7651f8fdafc0 7d27d9fb4b8745858d726b4655a75e6b 3249600bc36e45c48692e41a8e6710f4 - - default default] 10.0.0.179 "DELETE /v2.0/security-groups/f6c93d18-4abf-49c4-8a30-7652b74f5505 HTTP/1.1" status: 204 len: 168 time: 0.4435835
2026-04-21 18:35:09.901 9 INFO neutron.db.ovn_revision_numbers_db [None req-d9b65f57-0c78-45a7-8ad8-8c60155c1ff4 91ab9bc0ae8c40668f3e59ccea538435 d6b0efab0ffe4dbd9576de32088e19ef - - default default] Successfully bumped revision number for resource 644291a6-59fe-4dd2-b481-656b2b403373 (type: routers) to 3
2026-04-21 18:35:09.908 9 INFO neutron.wsgi [None req-d9b65f57-0c78-45a7-8ad8-8c60155c1ff4 91ab9bc0ae8c40668f3e59ccea538435 d6b0efab0ffe4dbd9576de32088e19ef - - default default] 10.0.0.179 "PUT /v2.0/routers/644291a6-59fe-4dd2-b481-656b2b403373 HTTP/1.1" status: 200 len: 1155 time: 1.2222180
2026-04-21 18:35:09.975 9 INFO neutron.db.ovn_revision_numbers_db [None req-2037f131-7951-4e35-9024-774f5bac6ef3 - - - - - -] Successfully bumped revision number for resource 2f7b12e5-e3e8-4045-acd1-d1b2cd22d3fd (type: router_ports) to 2
2026-04-21 18:35:10.007 10 INFO neutron.wsgi [None req-37053b8b-28ab-45fd-9979-00cb083b3b67 91ab9bc0ae8c40668f3e59ccea538435 d6b0efab0ffe4dbd9576de32088e19ef - - default default] 10.0.0.179 "GET /v2.0/routers/644291a6-59fe-4dd2-b481-656b2b403373 HTTP/1.1" status: 200 len: 1155 time: 0.0917194
2026-04-21 18:35:10.015 10 INFO neutron.db.ovn_revision_numbers_db [None req-b3d61fca-3686-4daf-9b10-b23e3fe963ca d8a8ab534c29431d999797af646250e3 576e206f1b8142cc983a70daf7e76fa8 - - default default] Successfully bumped revision number for resource 97aa68f7-2c41-449e-a5d8-baa7a2a44399 (type: security_group_rules) to 0
2026-04-21 18:35:10.040 10 INFO neutron.wsgi [None req-14417ad8-69b7-4c62-bcde-3d4631c3d483 91ab9bc0ae8c40668f3e59ccea538435 d6b0efab0ffe4dbd9576de32088e19ef - - default default] 10.0.0.179 "GET /v2.0/ports?device_id=644291a6-59fe-4dd2-b481-656b2b403373 HTTP/1.1" status: 200 len: 205 time: 0.0272670
2026-04-21 18:35:10.056 10 INFO neutron.wsgi [None req-b3d61fca-3686-4daf-9b10-b23e3fe963ca d8a8ab534c29431d999797af646250e3 576e206f1b8142cc983a70daf7e76fa8 - - default default] 10.0.0.179 "POST /v2.0/security-group-rules HTTP/1.1" status: 201 len: 795 time: 0.2327340
2026-04-21 18:35:10.069 9 WARNING neutron_lib.context [None req-98711799-3a77-414a-b8e7-89af59d67774 d8a8ab534c29431d999797af646250e3 576e206f1b8142cc983a70daf7e76fa8 - - default default] Method 'is_advsvc' is deprecated since 2023.2 release (neutron-lib 3.8.0) and will be removed once support for the old RBAC API policies will be removed from Neutron. Please use method 'is_service_role' instead.
2026-04-21 18:35:10.267 9 INFO neutron.db.ovn_revision_numbers_db [None req-98711799-3a77-414a-b8e7-89af59d67774 d8a8ab534c29431d999797af646250e3 576e206f1b8142cc983a70daf7e76fa8 - - default default] Successfully bumped revision number for resource 918968e7-30ce-4b59-bf26-f9262bcf830d (type: security_group_rules) to 0
2026-04-21 18:35:10.298 9 INFO neutron.wsgi [None req-98711799-3a77-414a-b8e7-89af59d67774 d8a8ab534c29431d999797af646250e3 576e206f1b8142cc983a70daf7e76fa8 - - default default] 10.0.0.179 "POST /v2.0/security-group-rules HTTP/1.1" status: 201 len: 801 time: 0.2354116
2026-04-21 18:35:10.308 9 WARNING neutron_lib.context [None req-13276032-3e83-4e76-a5de-3fdfbc9d2c2d d8a8ab534c29431d999797af646250e3 576e206f1b8142cc983a70daf7e76fa8 - - default default] Method 'is_advsvc' is deprecated since 2023.2 release (neutron-lib 3.8.0) and will be removed once support for the old RBAC API policies will be removed from Neutron. Please use method 'is_service_role' instead.
2026-04-21 18:35:10.490 9 INFO neutron.db.ovn_revision_numbers_db [None req-13276032-3e83-4e76-a5de-3fdfbc9d2c2d d8a8ab534c29431d999797af646250e3 576e206f1b8142cc983a70daf7e76fa8 - - default default] Successfully bumped revision number for resource 14e40db4-6a1a-42a3-81c5-0da89373f275 (type: security_group_rules) to 0
2026-04-21 18:35:10.519 9 INFO neutron.wsgi [None req-13276032-3e83-4e76-a5de-3fdfbc9d2c2d d8a8ab534c29431d999797af646250e3 576e206f1b8142cc983a70daf7e76fa8 - - default default] 10.0.0.179 "POST /v2.0/security-group-rules HTTP/1.1" status: 201 len: 800 time: 0.2157342
2026-04-21 18:35:10.529 10 WARNING neutron_lib.context [None req-916fe361-090d-4bf8-8977-1303fab87ebe d8a8ab534c29431d999797af646250e3 576e206f1b8142cc983a70daf7e76fa8 - - default default] Method 'is_advsvc' is deprecated since 2023.2 release (neutron-lib 3.8.0) and will be removed once support for the old RBAC API policies will be removed from Neutron. Please use method 'is_service_role' instead.
2026-04-21 18:35:10.611 10 INFO neutron.db.securitygroups_db [None req-916fe361-090d-4bf8-8977-1303fab87ebe d8a8ab534c29431d999797af646250e3 576e206f1b8142cc983a70daf7e76fa8 - - default default] Project 576e206f1b8142cc983a70daf7e76fa8 added a security group rule with legacy IPv6 ICMP protocol name icmp, ipv6-icmp should be used instead. It was automatically converted.
2026-04-21 18:35:10.689 9 INFO neutron.db.ovn_revision_numbers_db [None req-e8561453-8562-46f3-95e2-8e89c595beed 7d27d9fb4b8745858d726b4655a75e6b 3249600bc36e45c48692e41a8e6710f4 - - default default] Successfully bumped revision number for resource e7193006-c19d-49b4-9fe2-cf8e048fcc53 (type: security_groups) to 1
2026-04-21 18:35:10.709 9 INFO neutron.db.ovn_revision_numbers_db [None req-e8561453-8562-46f3-95e2-8e89c595beed 7d27d9fb4b8745858d726b4655a75e6b 3249600bc36e45c48692e41a8e6710f4 - - default default] Successfully bumped revision number for resource 6f080cf4-8724-4ab0-b031-5f0189b0974b (type: security_group_rules) to 0
2026-04-21 18:35:10.730 9 INFO neutron.db.ovn_revision_numbers_db [None req-e8561453-8562-46f3-95e2-8e89c595beed 7d27d9fb4b8745858d726b4655a75e6b 3249600bc36e45c48692e41a8e6710f4 - - default default] Successfully bumped revision number for resource c0184d4f-49c7-4e91-99e9-4166105d15f8 (type: security_group_rules) to 0
2026-04-21 18:35:10.752 9 INFO neutron.db.ovn_revision_numbers_db [None req-e8561453-8562-46f3-95e2-8e89c595beed 7d27d9fb4b8745858d726b4655a75e6b 3249600bc36e45c48692e41a8e6710f4 - - default default] Successfully bumped revision number for resource c2bc2d8c-7a91-41e8-967e-db4fa32faa58 (type: security_group_rules) to 0
2026-04-21 18:35:10.780 9 INFO neutron.db.ovn_revision_numbers_db [None req-e8561453-8562-46f3-95e2-8e89c595beed 7d27d9fb4b8745858d726b4655a75e6b 3249600bc36e45c48692e41a8e6710f4 - - default default] Successfully bumped revision number for resource cba40fc2-635a-4be6-9064-457ca44e1e3d (type: security_group_rules) to 0
2026-04-21 18:35:10.782 10 INFO neutron.db.ovn_revision_numbers_db [None req-916fe361-090d-4bf8-8977-1303fab87ebe d8a8ab534c29431d999797af646250e3 576e206f1b8142cc983a70daf7e76fa8 - - default default] Successfully bumped revision number for resource a3bc2c75-22fa-4c4a-b266-5a6f8d3552a9 (type: security_group_rules) to 0
2026-04-21 18:35:10.819 9 INFO neutron.wsgi [None req-e8561453-8562-46f3-95e2-8e89c595beed 7d27d9fb4b8745858d726b4655a75e6b 3249600bc36e45c48692e41a8e6710f4 - - default default] 10.0.0.179 "GET /v2.0/security-groups?tenant_id=d58332c7ecb246fd9f313110452a01af&name=default HTTP/1.1" status: 200 len: 3120 time: 0.4711478
2026-04-21 18:35:10.870 10 INFO neutron.wsgi [None req-916fe361-090d-4bf8-8977-1303fab87ebe d8a8ab534c29431d999797af646250e3 576e206f1b8142cc983a70daf7e76fa8 - - default default] 10.0.0.179 "POST /v2.0/security-group-rules HTTP/1.1" status: 201 len: 806 time: 0.3452265
2026-04-21 18:35:10.886 9 WARNING neutron_lib.context [None req-acf93ba3-fd97-46c1-ac69-d44c722ed210 d8a8ab534c29431d999797af646250e3 576e206f1b8142cc983a70daf7e76fa8 - - default default] Method 'is_advsvc' is deprecated since 2023.2 release (neutron-lib 3.8.0) and will be removed once support for the old RBAC API policies will be removed from Neutron. Please use method 'is_service_role' instead.
2026-04-21 18:35:10.939 9 INFO neutron.db.securitygroups_db [None req-acf93ba3-fd97-46c1-ac69-d44c722ed210 d8a8ab534c29431d999797af646250e3 576e206f1b8142cc983a70daf7e76fa8 - - default default] Project 576e206f1b8142cc983a70daf7e76fa8 added a security group rule with legacy IPv6 ICMP protocol name icmp, ipv6-icmp should be used instead. It was automatically converted.
2026-04-21 18:35:11.061 9 INFO neutron.db.ovn_revision_numbers_db [None req-acf93ba3-fd97-46c1-ac69-d44c722ed210 d8a8ab534c29431d999797af646250e3 576e206f1b8142cc983a70daf7e76fa8 - - default default] Successfully bumped revision number for resource c8cc4886-0f17-4d17-a8bd-c0103f4c3402 (type: security_group_rules) to 0
2026-04-21 18:35:11.100 10 INFO neutron.wsgi [None req-bd790326-703c-4b9f-83f5-a66666682e9f 91ab9bc0ae8c40668f3e59ccea538435 d6b0efab0ffe4dbd9576de32088e19ef - - default default] 10.0.0.179 "DELETE /v2.0/routers/644291a6-59fe-4dd2-b481-656b2b403373 HTTP/1.1" status: 204 len: 168 time: 1.0554633
2026-04-21 18:35:11.106 9 INFO neutron.wsgi [None req-acf93ba3-fd97-46c1-ac69-d44c722ed210 d8a8ab534c29431d999797af646250e3 576e206f1b8142cc983a70daf7e76fa8 - - default default] 10.0.0.179 "POST /v2.0/security-group-rules HTTP/1.1" status: 201 len: 805 time: 0.2273135
2026-04-21 18:35:11.148 9 INFO neutron.wsgi [None req-fe1d3e57-1dbe-4e56-8acd-b8605123321f 91ab9bc0ae8c40668f3e59ccea538435 d6b0efab0ffe4dbd9576de32088e19ef - - default default] 10.0.0.179 "GET /v2.0/ports?device_id=644291a6-59fe-4dd2-b481-656b2b403373 HTTP/1.1" status: 200 len: 205 time: 0.0331883
2026-04-21 18:35:11.152 9 INFO neutron.wsgi [None req-fc9357d8-a340-4f82-b84a-2cc416b0b4bd 7d27d9fb4b8745858d726b4655a75e6b 3249600bc36e45c48692e41a8e6710f4 - - default default] 10.0.0.179 "DELETE /v2.0/security-groups/e7193006-c19d-49b4-9fe2-cf8e048fcc53 HTTP/1.1" status: 204 len: 168 time: 0.3282704
2026-04-21 18:35:11.183 9 INFO neutron.api.v2.resource [None req-045db5c9-d3f6-4734-8120-0862b93f513a 91ab9bc0ae8c40668f3e59ccea538435 d6b0efab0ffe4dbd9576de32088e19ef - - default default] delete failed (client error): The resource could not be found.
2026-04-21 18:35:11.184 9 INFO neutron.wsgi [None req-045db5c9-d3f6-4734-8120-0862b93f513a 91ab9bc0ae8c40668f3e59ccea538435 d6b0efab0ffe4dbd9576de32088e19ef - - default default] 10.0.0.179 "DELETE /v2.0/routers/644291a6-59fe-4dd2-b481-656b2b403373 HTTP/1.1" status: 404 len: 336 time: 0.0262201
2026-04-21 18:35:11.212 9 INFO neutron.wsgi [None req-94e873f2-959d-4dc1-bfbc-99341efbe2de 91ab9bc0ae8c40668f3e59ccea538435 d6b0efab0ffe4dbd9576de32088e19ef - - default default] 10.0.0.179 "GET /v2.0/ports?device_id=27aac48f-b302-415f-ba03-fadf20b7059b HTTP/1.1" status: 200 len: 205 time: 0.0208414
2026-04-21 18:35:11.239 9 INFO neutron.api.v2.resource [None req-d369e19e-9eb8-4a08-848f-0ad472f07f6d 91ab9bc0ae8c40668f3e59ccea538435 d6b0efab0ffe4dbd9576de32088e19ef - - default default] delete failed (client error): The resource could not be found.
2026-04-21 18:35:11.240 9 INFO neutron.wsgi [None req-d369e19e-9eb8-4a08-848f-0ad472f07f6d 91ab9bc0ae8c40668f3e59ccea538435 d6b0efab0ffe4dbd9576de32088e19ef - - default default] 10.0.0.179 "DELETE /v2.0/routers/27aac48f-b302-415f-ba03-fadf20b7059b HTTP/1.1" status: 404 len: 336 time: 0.0229344
2026-04-21 18:35:11.264 9 INFO neutron.pecan_wsgi.hooks.translation [None req-e6063d45-652e-427e-b06f-b7b8d5143929 91ab9bc0ae8c40668f3e59ccea538435 d6b0efab0ffe4dbd9576de32088e19ef - - default default] DELETE failed (client error): The resource could not be found.
2026-04-21 18:35:11.267 9 INFO neutron.wsgi [None req-e6063d45-652e-427e-b06f-b7b8d5143929 91ab9bc0ae8c40668f3e59ccea538435 d6b0efab0ffe4dbd9576de32088e19ef - - default default] 10.0.0.179 "DELETE /v2.0/subnets/10c9fb22-87e3-450a-91cb-3d68048108c8 HTTP/1.1" status: 404 len: 337 time: 0.0196035
2026-04-21 18:35:11.296 9 INFO neutron.wsgi [None req-4f0a48a0-45d7-4456-832e-7aef1061a75b 91ab9bc0ae8c40668f3e59ccea538435 d6b0efab0ffe4dbd9576de32088e19ef - - default default] 10.0.0.179 "GET /v2.0/ports?device_id=9b1e3942-c6f9-45f8-b8a9-7bbfe96173ad HTTP/1.1" status: 200 len: 205 time: 0.0242739
2026-04-21 18:35:11.328 9 INFO neutron.api.v2.resource [None req-00ae0cc3-f66b-49de-b079-cdf4f40a59c5 91ab9bc0ae8c40668f3e59ccea538435 d6b0efab0ffe4dbd9576de32088e19ef - - default default] delete failed (client error): The resource could not be found.
2026-04-21 18:35:11.329 9 INFO neutron.wsgi [None req-00ae0cc3-f66b-49de-b079-cdf4f40a59c5 91ab9bc0ae8c40668f3e59ccea538435 d6b0efab0ffe4dbd9576de32088e19ef - - default default] 10.0.0.179 "DELETE /v2.0/routers/9b1e3942-c6f9-45f8-b8a9-7bbfe96173ad HTTP/1.1" status: 404 len: 336 time: 0.0287249
2026-04-21 18:35:11.348 9 INFO neutron.pecan_wsgi.hooks.translation [None req-9d7688c6-1b8a-41b3-b178-ffaa70d8b85e 91ab9bc0ae8c40668f3e59ccea538435 d6b0efab0ffe4dbd9576de32088e19ef - - default default] DELETE failed (client error): The resource could not be found.
2026-04-21 18:35:11.351 9 INFO neutron.wsgi [None req-9d7688c6-1b8a-41b3-b178-ffaa70d8b85e 91ab9bc0ae8c40668f3e59ccea538435 d6b0efab0ffe4dbd9576de32088e19ef - - default default] 10.0.0.179 "DELETE /v2.0/subnets/2b08adfc-ce0b-4a49-a25c-5330b3189bd0 HTTP/1.1" status: 404 len: 337 time: 0.0172060
2026-04-21 18:35:11.370 9 INFO neutron.wsgi [None req-d72e4b2c-8946-478e-8426-7001705beb8d 91ab9bc0ae8c40668f3e59ccea538435 d6b0efab0ffe4dbd9576de32088e19ef - - default default] 10.0.0.179 "GET /v2.0/ports?device_id=54d80905-4caa-48b9-bea1-0c5848c17959 HTTP/1.1" status: 200 len: 205 time: 0.0156808
2026-04-21 18:35:11.398 9 INFO neutron.api.v2.resource [None req-1aecf879-9776-44f9-8a9d-fbe290eb5486 91ab9bc0ae8c40668f3e59ccea538435 d6b0efab0ffe4dbd9576de32088e19ef - - default default] delete failed (client error): The resource could not be found.
2026-04-21 18:35:11.399 9 INFO neutron.wsgi [None req-1aecf879-9776-44f9-8a9d-fbe290eb5486 91ab9bc0ae8c40668f3e59ccea538435 d6b0efab0ffe4dbd9576de32088e19ef - - default default] 10.0.0.179 "DELETE /v2.0/routers/54d80905-4caa-48b9-bea1-0c5848c17959 HTTP/1.1" status: 404 len: 336 time: 0.0235536
2026-04-21 18:35:11.419 9 INFO neutron.pecan_wsgi.hooks.translation [None req-0f0df0ce-3a2f-41c9-b92a-576b54d91e1e 91ab9bc0ae8c40668f3e59ccea538435 d6b0efab0ffe4dbd9576de32088e19ef - - default default] DELETE failed (client error): The resource could not be found.
2026-04-21 18:35:11.421 9 INFO neutron.wsgi [None req-0f0df0ce-3a2f-41c9-b92a-576b54d91e1e 91ab9bc0ae8c40668f3e59ccea538435 d6b0efab0ffe4dbd9576de32088e19ef - - default default] 10.0.0.179 "DELETE /v2.0/subnets/3facb46f-3a95-4bcd-84b4-0994e0001acb HTTP/1.1" status: 404 len: 337 time: 0.0189283
