2026-04-21 18:36:07.209 9 WARNING neutron.scheduler.dhcp_agent_scheduler [None req-9b163cc6-3da9-47dd-bc67-20c78c5c88ac 900fcd86a6704f878f7737e60430fd04 90d5c9683e524af5aed731821ed4e04e - - default default] No more DHCP agents
2026-04-21 18:36:07.211 9 WARNING neutron.api.rpc.agentnotifiers.dhcp_rpc_agent_api [None req-9b163cc6-3da9-47dd-bc67-20c78c5c88ac 900fcd86a6704f878f7737e60430fd04 90d5c9683e524af5aed731821ed4e04e - - default default] Unable to schedule network f5ee642a-67d1-4784-8152-4c37ebbbcbb0: no agents available; will retry on subsequent port and subnet creation events.
2026-04-21 18:36:07.300 9 INFO neutron.wsgi [req-cc27176b-5f79-41c6-a55c-fd68650b8e80 req-09ab4400-2755-41dc-bf40-64f6634bf92a eae47d326bd84e828ccce22dd4c19ce3 d0a5315dac4f4ae289a1037d76bdaf57 - - d3ba149a81214f518444c92fb3470b22 d3ba149a81214f518444c92fb3470b22] 10.0.0.103 "GET /v2.0/ports?device_id=bcb516cc-1685-493b-9a44-33fb485f2ba4 HTTP/1.1" status: 200 len: 1448 time: 0.0491884
2026-04-21 18:36:07.334 9 INFO neutron.db.ovn_revision_numbers_db [None req-9b163cc6-3da9-47dd-bc67-20c78c5c88ac 900fcd86a6704f878f7737e60430fd04 90d5c9683e524af5aed731821ed4e04e - - default default] Successfully bumped revision number for resource cf8db107-8ab7-496b-8db9-017732ff6883 (type: ports) to 1
2026-04-21 18:36:07.355 9 INFO neutron.wsgi [req-cc27176b-5f79-41c6-a55c-fd68650b8e80 req-a4f8148c-9d9c-4758-801d-835fa46ad0e5 eae47d326bd84e828ccce22dd4c19ce3 d0a5315dac4f4ae289a1037d76bdaf57 - - d3ba149a81214f518444c92fb3470b22 d3ba149a81214f518444c92fb3470b22] 10.0.0.103 "GET /v2.0/security-groups?id=b1eaf8c8-cde4-4829-98a2-a3f0b4f27901&id=4fdc7ee6-d3ac-4bc5-be50-1b7f0361424c&fields=id&fields=name HTTP/1.1" status: 200 len: 405 time: 0.0478470
2026-04-21 18:36:07.367 9 INFO neutron.wsgi [None req-9b163cc6-3da9-47dd-bc67-20c78c5c88ac 900fcd86a6704f878f7737e60430fd04 90d5c9683e524af5aed731821ed4e04e - - default default] 10.0.0.179 "POST /v2.0/networks HTTP/1.1" status: 201 len: 831 time: 0.7128997
2026-04-21 18:36:07.378 9 WARNING neutron_lib.context [None req-0ccb83ad-6287-4478-8119-cadefcea2cd8 900fcd86a6704f878f7737e60430fd04 90d5c9683e524af5aed731821ed4e04e - - default default] Method 'is_advsvc' is deprecated since 2023.2 release (neutron-lib 3.8.0) and will be removed once support for the old RBAC API policies will be removed from Neutron. Please use method 'is_service_role' instead.
2026-04-21 18:36:07.532 10 INFO neutron.wsgi [None req-a47812aa-7bae-4b76-af5f-0051d1bf47cb 860e54a3912c43bdaf9e9f0ad11fb4b5 c4bfcacb4c3b4048ac2e63a1d6c9448e - - default default] 10.0.0.179 "PUT /v2.0/floatingips/84ccb1aa-6472-4f3e-a90a-8e6453198d33/tags/black.or.white HTTP/1.1" status: 201 len: 201 time: 0.3448498
2026-04-21 18:36:07.579 10 INFO neutron.wsgi [None req-f9f4ef5e-8bdf-42b0-9b2a-4173d8f4fff9 860e54a3912c43bdaf9e9f0ad11fb4b5 c4bfcacb4c3b4048ac2e63a1d6c9448e - - default default] 10.0.0.179 "GET /v2.0/floatingips/84ccb1aa-6472-4f3e-a90a-8e6453198d33/tags HTTP/1.1" status: 200 len: 245 time: 0.0403659
2026-04-21 18:36:07.635 10 INFO neutron.wsgi [None req-c98d8338-cf58-45da-ab8a-b1228fa98697 860e54a3912c43bdaf9e9f0ad11fb4b5 c4bfcacb4c3b4048ac2e63a1d6c9448e - - default default] 10.0.0.179 "PUT /v2.0/floatingips/84ccb1aa-6472-4f3e-a90a-8e6453198d33/tags HTTP/1.1" status: 200 len: 230 time: 0.0510092
2026-04-21 18:36:07.693 10 INFO neutron.wsgi [None req-3e1876d0-0c93-44cf-8d68-6244c444d281 860e54a3912c43bdaf9e9f0ad11fb4b5 c4bfcacb4c3b4048ac2e63a1d6c9448e - - default default] 10.0.0.179 "GET /v2.0/floatingips/84ccb1aa-6472-4f3e-a90a-8e6453198d33/tags HTTP/1.1" status: 200 len: 230 time: 0.0522377
2026-04-21 18:36:07.709 9 WARNING neutron.scheduler.dhcp_agent_scheduler [None req-0ccb83ad-6287-4478-8119-cadefcea2cd8 900fcd86a6704f878f7737e60430fd04 90d5c9683e524af5aed731821ed4e04e - - default default] No more DHCP agents
2026-04-21 18:36:07.711 9 WARNING neutron.api.rpc.agentnotifiers.dhcp_rpc_agent_api [None req-0ccb83ad-6287-4478-8119-cadefcea2cd8 900fcd86a6704f878f7737e60430fd04 90d5c9683e524af5aed731821ed4e04e - - default default] Unable to schedule network f5ee642a-67d1-4784-8152-4c37ebbbcbb0: no agents available; will retry on subsequent port and subnet creation events.
2026-04-21 18:36:07.751 10 INFO neutron.wsgi [None req-45dbe737-22a5-4dfb-82e0-9e9998a77897 860e54a3912c43bdaf9e9f0ad11fb4b5 c4bfcacb4c3b4048ac2e63a1d6c9448e - - default default] 10.0.0.179 "GET /v2.0/floatingips/84ccb1aa-6472-4f3e-a90a-8e6453198d33/tags/red HTTP/1.1" status: 204 len: 168 time: 0.0413630
2026-04-21 18:36:07.790 10 INFO neutron.api.v2.resource [None req-698ccfd2-e7c0-46c9-baae-801c35246f59 860e54a3912c43bdaf9e9f0ad11fb4b5 c4bfcacb4c3b4048ac2e63a1d6c9448e - - default default] show failed (client error): The resource could not be found.
2026-04-21 18:36:07.792 10 INFO neutron.wsgi [None req-698ccfd2-e7c0-46c9-baae-801c35246f59 860e54a3912c43bdaf9e9f0ad11fb4b5 c4bfcacb4c3b4048ac2e63a1d6c9448e - - default default] 10.0.0.179 "GET /v2.0/floatingips/84ccb1aa-6472-4f3e-a90a-8e6453198d33/tags/green HTTP/1.1" status: 404 len: 299 time: 0.0350397
2026-04-21 18:36:07.841 10 INFO neutron.wsgi [None req-ff942a2a-7e76-4ec0-a719-894f0334ba83 860e54a3912c43bdaf9e9f0ad11fb4b5 c4bfcacb4c3b4048ac2e63a1d6c9448e - - default default] 10.0.0.179 "DELETE /v2.0/floatingips/84ccb1aa-6472-4f3e-a90a-8e6453198d33/tags/red HTTP/1.1" status: 204 len: 168 time: 0.0444920
2026-04-21 18:36:07.879 10 INFO neutron.wsgi [None req-38489c8a-6b89-4ee5-be0e-95da44dc7860 860e54a3912c43bdaf9e9f0ad11fb4b5 c4bfcacb4c3b4048ac2e63a1d6c9448e - - default default] 10.0.0.179 "GET /v2.0/floatingips/84ccb1aa-6472-4f3e-a90a-8e6453198d33/tags HTTP/1.1" status: 200 len: 223 time: 0.0322061
2026-04-21 18:36:07.918 10 INFO neutron.api.v2.resource [None req-1fddda0f-da9e-43c4-a76e-6acdbe97b2ea 860e54a3912c43bdaf9e9f0ad11fb4b5 c4bfcacb4c3b4048ac2e63a1d6c9448e - - default default] delete failed (client error): The resource could not be found.
2026-04-21 18:36:07.919 10 INFO neutron.wsgi [None req-1fddda0f-da9e-43c4-a76e-6acdbe97b2ea 860e54a3912c43bdaf9e9f0ad11fb4b5 c4bfcacb4c3b4048ac2e63a1d6c9448e - - default default] 10.0.0.179 "DELETE /v2.0/floatingips/84ccb1aa-6472-4f3e-a90a-8e6453198d33/tags/green HTTP/1.1" status: 404 len: 299 time: 0.0354571
2026-04-21 18:36:07.973 10 INFO neutron.wsgi [None req-c9c778d6-e368-42dc-94a4-9f5b5c9108a5 860e54a3912c43bdaf9e9f0ad11fb4b5 c4bfcacb4c3b4048ac2e63a1d6c9448e - - default default] 10.0.0.179 "DELETE /v2.0/floatingips/84ccb1aa-6472-4f3e-a90a-8e6453198d33/tags HTTP/1.1" status: 204 len: 168 time: 0.0471735
2026-04-21 18:36:08.012 10 INFO neutron.wsgi [None req-7a90e2b4-b704-4568-93e7-04d2aa40a57f 860e54a3912c43bdaf9e9f0ad11fb4b5 c4bfcacb4c3b4048ac2e63a1d6c9448e - - default default] 10.0.0.179 "GET /v2.0/floatingips/84ccb1aa-6472-4f3e-a90a-8e6453198d33/tags HTTP/1.1" status: 200 len: 205 time: 0.0337267
2026-04-21 18:36:08.260 9 INFO neutron.db.ovn_revision_numbers_db [None req-0ccb83ad-6287-4478-8119-cadefcea2cd8 900fcd86a6704f878f7737e60430fd04 90d5c9683e524af5aed731821ed4e04e - - default default] Successfully bumped revision number for resource cf8db107-8ab7-496b-8db9-017732ff6883 (type: ports) to 2
2026-04-21 18:36:08.304 9 INFO neutron.db.ovn_revision_numbers_db [None req-0ccb83ad-6287-4478-8119-cadefcea2cd8 900fcd86a6704f878f7737e60430fd04 90d5c9683e524af5aed731821ed4e04e - - default default] Successfully bumped revision number for resource fea722bf-1550-4644-a393-6261a8d5327d (type: subnets) to 0
2026-04-21 18:36:08.319 9 INFO neutron.wsgi [None req-0ccb83ad-6287-4478-8119-cadefcea2cd8 900fcd86a6704f878f7737e60430fd04 90d5c9683e524af5aed731821ed4e04e - - default default] 10.0.0.179 "POST /v2.0/subnets HTTP/1.1" status: 201 len: 804 time: 0.9464982
2026-04-21 18:36:08.328 9 WARNING neutron_lib.context [None req-d0cebe29-90c3-4c90-8a4a-c2a1f93bc095 900fcd86a6704f878f7737e60430fd04 90d5c9683e524af5aed731821ed4e04e - - default default] Method 'is_advsvc' is deprecated since 2023.2 release (neutron-lib 3.8.0) and will be removed once support for the old RBAC API policies will be removed from Neutron. Please use method 'is_service_role' instead.
2026-04-21 18:36:08.368 10 INFO neutron.wsgi [None req-6a9e1380-9deb-4f50-b996-f6cbcfa2aa6f 860e54a3912c43bdaf9e9f0ad11fb4b5 c4bfcacb4c3b4048ac2e63a1d6c9448e - - default default] 10.0.0.179 "DELETE /v2.0/floatingips/84ccb1aa-6472-4f3e-a90a-8e6453198d33 HTTP/1.1" status: 204 len: 168 time: 0.3464463
2026-04-21 18:36:08.422 9 INFO neutron.db.segments_db [None req-d0cebe29-90c3-4c90-8a4a-c2a1f93bc095 900fcd86a6704f878f7737e60430fd04 90d5c9683e524af5aed731821ed4e04e - - default default] Added segment fa65c718-13aa-4155-9bb6-3af8ee069f1d of type geneve for network 67915998-79a2-4a4d-94e3-fae9f39e1ca8
2026-04-21 18:36:08.584 9 INFO neutron.db.ovn_revision_numbers_db [None req-d0cebe29-90c3-4c90-8a4a-c2a1f93bc095 900fcd86a6704f878f7737e60430fd04 90d5c9683e524af5aed731821ed4e04e - - default default] Successfully bumped revision number for resource 67915998-79a2-4a4d-94e3-fae9f39e1ca8 (type: networks) to 1
2026-04-21 18:36:08.666 10 INFO neutron.wsgi [None req-0942da28-8073-4133-8a90-06ddd0829657 7d27d9fb4b8745858d726b4655a75e6b 3249600bc36e45c48692e41a8e6710f4 - - default default] 10.0.0.197 "GET /v2.0/security-groups HTTP/1.1" status: 200 len: 34497 time: 0.2482290
2026-04-21 18:36:08.759 10 INFO neutron.wsgi [None req-59cb386e-3dca-434d-9683-4e0ab4e3edaf 7d27d9fb4b8745858d726b4655a75e6b 3249600bc36e45c48692e41a8e6710f4 - - default default] 10.0.0.197 "GET /v2.0/floatingips HTTP/1.1" status: 200 len: 1035 time: 0.0869522
2026-04-21 18:36:08.771 9 WARNING neutron.scheduler.dhcp_agent_scheduler [None req-d0cebe29-90c3-4c90-8a4a-c2a1f93bc095 900fcd86a6704f878f7737e60430fd04 90d5c9683e524af5aed731821ed4e04e - - default default] No more DHCP agents
2026-04-21 18:36:08.774 9 WARNING neutron.api.rpc.agentnotifiers.dhcp_rpc_agent_api [None req-d0cebe29-90c3-4c90-8a4a-c2a1f93bc095 900fcd86a6704f878f7737e60430fd04 90d5c9683e524af5aed731821ed4e04e - - default default] Unable to schedule network 67915998-79a2-4a4d-94e3-fae9f39e1ca8: no agents available; will retry on subsequent port and subnet creation events.
2026-04-21 18:36:08.805 10 INFO neutron.wsgi [None req-10a7d29a-96ac-477c-9bb8-b2d92db02b88 7d27d9fb4b8745858d726b4655a75e6b 3249600bc36e45c48692e41a8e6710f4 - - default default] 10.0.0.197 "GET /v2.0/subnets HTTP/1.1" status: 200 len: 3968 time: 0.0448601
2026-04-21 18:36:08.886 9 INFO neutron.db.ovn_revision_numbers_db [None req-d0cebe29-90c3-4c90-8a4a-c2a1f93bc095 900fcd86a6704f878f7737e60430fd04 90d5c9683e524af5aed731821ed4e04e - - default default] Successfully bumped revision number for resource 3cbd10da-0256-4159-b7e2-e9b8151dea4f (type: ports) to 1
2026-04-21 18:36:08.909 9 INFO neutron.wsgi [None req-d0cebe29-90c3-4c90-8a4a-c2a1f93bc095 900fcd86a6704f878f7737e60430fd04 90d5c9683e524af5aed731821ed4e04e - - default default] 10.0.0.179 "POST /v2.0/networks HTTP/1.1" status: 201 len: 830 time: 0.5854962
2026-04-21 18:36:08.914 10 INFO neutron.wsgi [None req-cd1a796d-59f8-4cfa-a9b7-619dc1f12684 7d27d9fb4b8745858d726b4655a75e6b 3249600bc36e45c48692e41a8e6710f4 - - default default] 10.0.0.197 "GET /v2.0/networks HTTP/1.1" status: 200 len: 6060 time: 0.1067519
2026-04-21 18:36:08.919 9 WARNING neutron_lib.context [None req-5af5e526-dd63-4cb1-821e-3764070565df 900fcd86a6704f878f7737e60430fd04 90d5c9683e524af5aed731821ed4e04e - - default default] Method 'is_advsvc' is deprecated since 2023.2 release (neutron-lib 3.8.0) and will be removed once support for the old RBAC API policies will be removed from Neutron. Please use method 'is_service_role' instead.
2026-04-21 18:36:09.043 10 INFO neutron.wsgi [None req-fbf63237-6b0e-4433-ba8d-7e1ce05fad60 7d27d9fb4b8745858d726b4655a75e6b 3249600bc36e45c48692e41a8e6710f4 - - default default] 10.0.0.197 "GET /v2.0/ports HTTP/1.1" status: 200 len: 17015 time: 0.1240990
2026-04-21 18:36:09.077 10 INFO neutron.wsgi [None req-1e3421d0-f2a9-4013-99aa-0adde03a2cfa 7d27d9fb4b8745858d726b4655a75e6b 3249600bc36e45c48692e41a8e6710f4 - - default default] 10.0.0.197 "GET /v2.0/network-ip-availabilities HTTP/1.1" status: 200 len: 3321 time: 0.0227540
2026-04-21 18:36:09.151 9 WARNING neutron.scheduler.dhcp_agent_scheduler [None req-5af5e526-dd63-4cb1-821e-3764070565df 900fcd86a6704f878f7737e60430fd04 90d5c9683e524af5aed731821ed4e04e - - default default] No more DHCP agents
2026-04-21 18:36:09.153 9 WARNING neutron.api.rpc.agentnotifiers.dhcp_rpc_agent_api [None req-5af5e526-dd63-4cb1-821e-3764070565df 900fcd86a6704f878f7737e60430fd04 90d5c9683e524af5aed731821ed4e04e - - default default] Unable to schedule network 67915998-79a2-4a4d-94e3-fae9f39e1ca8: no agents available; will retry on subsequent port and subnet creation events.
2026-04-21 18:36:09.230 10 INFO neutron.wsgi [None req-57bd606c-c649-44a5-970b-ac8e0ed25fcf 7d27d9fb4b8745858d726b4655a75e6b 3249600bc36e45c48692e41a8e6710f4 - - default default] 10.0.0.197 "GET /v2.0/routers HTTP/1.1" status: 200 len: 2113 time: 0.1521511
2026-04-21 18:36:09.248 10 INFO neutron.wsgi [None req-f90f8be1-3947-4cde-b622-d92a36064288 7d27d9fb4b8745858d726b4655a75e6b 3249600bc36e45c48692e41a8e6710f4 - - default default] 10.0.0.197 "GET /v2.0/agents?binary=ovn-controller HTTP/1.1" status: 200 len: 591 time: 0.0173633
2026-04-21 18:36:09.312 10 INFO neutron.wsgi [None req-ea7f45fb-5331-4dc7-b9b8-437e23a9c0ec 7d27d9fb4b8745858d726b4655a75e6b 3249600bc36e45c48692e41a8e6710f4 - - default default] 10.0.0.197 "GET /v2.0/subnets HTTP/1.1" status: 200 len: 4581 time: 0.0620208
2026-04-21 18:36:09.326 10 INFO neutron.wsgi [None req-f128acce-ef63-4e2f-820d-095404299f2d 7d27d9fb4b8745858d726b4655a75e6b 3249600bc36e45c48692e41a8e6710f4 - - default default] 10.0.0.197 "GET /v2.0/subnetpools HTTP/1.1" status: 200 len: 193 time: 0.0114446
2026-04-21 18:36:09.339 10 INFO neutron.wsgi [None req-1b155000-55df-4b1b-ac3b-0068a162dbd5 7d27d9fb4b8745858d726b4655a75e6b 3249600bc36e45c48692e41a8e6710f4 - - default default] 10.0.0.197 "GET /v2.0/agents HTTP/1.1" status: 200 len: 1390 time: 0.0123844
2026-04-21 18:36:09.479 9 INFO neutron.wsgi [req-3e5b1aad-032e-4fa6-868c-475ffbd2c6f5 req-00b013db-20a9-477e-b961-52cfcf4cb99e e433d3d0f41a49dbaa84ab3a06ddc1fd 05a64d44373f4f66b836de90798dacea - - default default] 10.0.0.202 "GET /v2.0/ports?device_id=bcb516cc-1685-493b-9a44-33fb485f2ba4 HTTP/1.1" status: 200 len: 1210 time: 0.0564044
2026-04-21 18:36:09.514 10 INFO neutron.plugins.ml2.drivers.ovn.mech_driver.mech_driver [None req-435794ac-8607-41e1-a6ba-fa3908c1826a - - - - - -] OVN reports status down for port: 2247dd07-3df0-4854-8b7a-cb39bd440006
2026-04-21 18:36:09.523 9 INFO neutron.db.ovn_revision_numbers_db [None req-31d70a1f-dbab-49c4-a726-96d6d6609883 7d27d9fb4b8745858d726b4655a75e6b 3249600bc36e45c48692e41a8e6710f4 - - default default] Successfully bumped revision number for resource 3771e82d-766c-4b3a-8e28-cd938d386c83 (type: security_groups) to 1
2026-04-21 18:36:09.544 9 INFO neutron.wsgi [req-3e5b1aad-032e-4fa6-868c-475ffbd2c6f5 req-8a3002e4-6eb0-40a6-9408-2e1cd355d579 e433d3d0f41a49dbaa84ab3a06ddc1fd 05a64d44373f4f66b836de90798dacea - - default default] 10.0.0.202 "GET /v2.0/security-groups?id=b1eaf8c8-cde4-4829-98a2-a3f0b4f27901&id=4fdc7ee6-d3ac-4bc5-be50-1b7f0361424c&fields=id&fields=name HTTP/1.1" status: 200 len: 405 time: 0.0553389
2026-04-21 18:36:09.558 9 INFO neutron.db.ovn_revision_numbers_db [None req-31d70a1f-dbab-49c4-a726-96d6d6609883 7d27d9fb4b8745858d726b4655a75e6b 3249600bc36e45c48692e41a8e6710f4 - - default default] Successfully bumped revision number for resource 20210560-b757-4f82-9553-031a5958810e (type: security_group_rules) to 0
2026-04-21 18:36:09.584 9 INFO neutron.db.ovn_revision_numbers_db [None req-31d70a1f-dbab-49c4-a726-96d6d6609883 7d27d9fb4b8745858d726b4655a75e6b 3249600bc36e45c48692e41a8e6710f4 - - default default] Successfully bumped revision number for resource 3440f60a-a1fe-4bb2-bd60-7c9c7be864d5 (type: security_group_rules) to 0
2026-04-21 18:36:09.613 9 INFO neutron.db.ovn_revision_numbers_db [None req-31d70a1f-dbab-49c4-a726-96d6d6609883 7d27d9fb4b8745858d726b4655a75e6b 3249600bc36e45c48692e41a8e6710f4 - - default default] Successfully bumped revision number for resource 84c4509b-b4d4-4e40-9edb-38d627b1c227 (type: security_group_rules) to 0
2026-04-21 18:36:09.635 9 INFO neutron.db.ovn_revision_numbers_db [None req-31d70a1f-dbab-49c4-a726-96d6d6609883 7d27d9fb4b8745858d726b4655a75e6b 3249600bc36e45c48692e41a8e6710f4 - - default default] Successfully bumped revision number for resource c94e3d05-4872-4d92-b1b5-334d980f9a63 (type: security_group_rules) to 0
2026-04-21 18:36:09.680 10 INFO neutron.notifiers.nova [-] Nova event matching ['req-00229210-03ff-4f03-af35-8f126371cd17'] response: {'server_uuid': 'bcb516cc-1685-493b-9a44-33fb485f2ba4', 'name': 'network-vif-unplugged', 'status': 'completed', 'tag': '2247dd07-3df0-4854-8b7a-cb39bd440006', 'code': 200}
2026-04-21 18:36:09.901 10 INFO neutron.db.ovn_revision_numbers_db [None req-435794ac-8607-41e1-a6ba-fa3908c1826a - - - - - -] Successfully bumped revision number for resource 2247dd07-3df0-4854-8b7a-cb39bd440006 (type: ports) to 5
2026-04-21 18:36:09.938 10 INFO neutron.wsgi [req-5118c3f0-4772-411c-ba97-c8600980b48d req-90cfc4ee-c53b-4988-87da-3bc30ace5ddb e433d3d0f41a49dbaa84ab3a06ddc1fd 05a64d44373f4f66b836de90798dacea - - default default] 199.19.213.138 "GET /v2.0/ports?device_id=bcb516cc-1685-493b-9a44-33fb485f2ba4 HTTP/1.1" status: 200 len: 1208 time: 0.1242568
2026-04-21 18:36:09.945 9 INFO neutron.wsgi [None req-31d70a1f-dbab-49c4-a726-96d6d6609883 7d27d9fb4b8745858d726b4655a75e6b 3249600bc36e45c48692e41a8e6710f4 - - default default] 10.0.0.179 "GET /v2.0/security-groups?tenant_id=c4bfcacb4c3b4048ac2e63a1d6c9448e&name=default HTTP/1.1" status: 200 len: 3120 time: 0.8693202
2026-04-21 18:36:10.108 9 INFO neutron.db.ovn_revision_numbers_db [None req-5af5e526-dd63-4cb1-821e-3764070565df 900fcd86a6704f878f7737e60430fd04 90d5c9683e524af5aed731821ed4e04e - - default default] Successfully bumped revision number for resource 3cbd10da-0256-4159-b7e2-e9b8151dea4f (type: ports) to 2
2026-04-21 18:36:10.151 9 INFO neutron.db.ovn_revision_numbers_db [None req-5af5e526-dd63-4cb1-821e-3764070565df 900fcd86a6704f878f7737e60430fd04 90d5c9683e524af5aed731821ed4e04e - - default default] Successfully bumped revision number for resource 86a97a85-1221-4ab2-bd55-e4e87f24ca8d (type: subnets) to 0 /var/lib/openstack/lib/python3.10/site-packages/pycadf/identifier.py:71: UserWarning: Invalid uuid: neutron. To ensure interoperability, identifiers should be a valid uuid. warnings.warn(('Invalid uuid: %s. To ensure interoperability, '
2026-04-21 18:36:10.172 9 INFO neutron.wsgi [None req-5af5e526-dd63-4cb1-821e-3764070565df 900fcd86a6704f878f7737e60430fd04 90d5c9683e524af5aed731821ed4e04e - - default default] 10.0.0.179 "POST /v2.0/subnets HTTP/1.1" status: 201 len: 804 time: 1.2583733
2026-04-21 18:36:10.183 9 WARNING neutron_lib.context [None req-121166b7-aaca-4f0d-8a8b-6f5b75634f0a 900fcd86a6704f878f7737e60430fd04 90d5c9683e524af5aed731821ed4e04e - - default default] Method 'is_advsvc' is deprecated since 2023.2 release (neutron-lib 3.8.0) and will be removed once support for the old RBAC API policies will be removed from Neutron. Please use method 'is_service_role' instead.
2026-04-21 18:36:10.250 9 INFO neutron.wsgi [None req-8d1ce179-36d5-49cb-bdd5-dade7abe88d0 7d27d9fb4b8745858d726b4655a75e6b 3249600bc36e45c48692e41a8e6710f4 - - default default] 10.0.0.179 "DELETE /v2.0/security-groups/3771e82d-766c-4b3a-8e28-cd938d386c83 HTTP/1.1" status: 204 len: 168 time: 0.2993753
2026-04-21 18:36:10.287 9 INFO neutron.db.segments_db [None req-121166b7-aaca-4f0d-8a8b-6f5b75634f0a 900fcd86a6704f878f7737e60430fd04 90d5c9683e524af5aed731821ed4e04e - - default default] Added segment a9f004dd-13e9-4ba3-9874-6d70234f5226 of type geneve for network 5cc50fb8-8aee-428c-848e-ce12e8dcb63e
2026-04-21 18:36:10.420 10 INFO neutron.db.l3_db [req-5118c3f0-4772-411c-ba97-c8600980b48d req-09586e71-aaef-42b1-bfde-16577626d330 e433d3d0f41a49dbaa84ab3a06ddc1fd 05a64d44373f4f66b836de90798dacea - - default default] Floating IP 32ea6658-acb8-4387-bd0c-6b7b224d8623 disassociated. External IP: 10.96.250.206, port: 2247dd07-3df0-4854-8b7a-cb39bd440006.
2026-04-21 18:36:10.450 10 INFO neutron.db.ovn_revision_numbers_db [None req-ef0f7e60-653a-48e4-ac1f-c2d5e0e5031f 01e2fcaf70f94ceaa23a6bb1955019d8 56cd0cadc3b244009f9ae71971c00176 - - default default] Successfully bumped revision number for resource 46dce3ea-bc4c-4624-a569-f339dd18346b (type: security_groups) to 1
2026-04-21 18:36:10.465 10 INFO neutron.db.ovn_revision_numbers_db [None req-ef0f7e60-653a-48e4-ac1f-c2d5e0e5031f 01e2fcaf70f94ceaa23a6bb1955019d8 56cd0cadc3b244009f9ae71971c00176 - - default default] Successfully bumped revision number for resource 1b6f411d-8bfe-4e99-ae09-ad4e09b52be4 (type: security_group_rules) to 0
2026-04-21 18:36:10.477 9 INFO neutron.db.ovn_revision_numbers_db [None req-121166b7-aaca-4f0d-8a8b-6f5b75634f0a 900fcd86a6704f878f7737e60430fd04 90d5c9683e524af5aed731821ed4e04e - - default default] Successfully bumped revision number for resource 5cc50fb8-8aee-428c-848e-ce12e8dcb63e (type: networks) to 1
2026-04-21 18:36:10.481 10 INFO neutron.db.ovn_revision_numbers_db [None req-ef0f7e60-653a-48e4-ac1f-c2d5e0e5031f 01e2fcaf70f94ceaa23a6bb1955019d8 56cd0cadc3b244009f9ae71971c00176 - - default default] Successfully bumped revision number for resource 3e37dc98-e08c-4c96-b5be-8fa7cdeac326 (type: security_group_rules) to 0
2026-04-21 18:36:10.504 10 INFO neutron.db.ovn_revision_numbers_db [None req-ef0f7e60-653a-48e4-ac1f-c2d5e0e5031f 01e2fcaf70f94ceaa23a6bb1955019d8 56cd0cadc3b244009f9ae71971c00176 - - default default] Successfully bumped revision number for resource cf9d5a71-6cc4-4c58-a20e-8822dab4f2c5 (type: security_group_rules) to 0
2026-04-21 18:36:10.522 10 INFO neutron.db.ovn_revision_numbers_db [None req-ef0f7e60-653a-48e4-ac1f-c2d5e0e5031f 01e2fcaf70f94ceaa23a6bb1955019d8 56cd0cadc3b244009f9ae71971c00176 - - default default] Successfully bumped revision number for resource ea7a7e76-72bf-4fdf-b53b-4ddddc942e93 (type: security_group_rules) to 0
2026-04-21 18:36:10.573 10 INFO neutron.wsgi [req-5118c3f0-4772-411c-ba97-c8600980b48d req-09586e71-aaef-42b1-bfde-16577626d330 e433d3d0f41a49dbaa84ab3a06ddc1fd 05a64d44373f4f66b836de90798dacea - - default default] 199.19.213.138 "DELETE /v2.0/ports/2247dd07-3df0-4854-8b7a-cb39bd440006 HTTP/1.1" status: 204 len: 173 time: 0.6240578
2026-04-21 18:36:10.584 10 INFO neutron.db.segments_db [None req-ef0f7e60-653a-48e4-ac1f-c2d5e0e5031f 01e2fcaf70f94ceaa23a6bb1955019d8 56cd0cadc3b244009f9ae71971c00176 - - default default] Added segment 23c4b6a3-9f35-4f35-9e5b-ac5c58019e08 of type geneve for network bfbaaa73-abe2-490a-8d0e-ba5c5316b6ef
2026-04-21 18:36:10.636 9 INFO neutron.wsgi [req-6a5b5fed-f076-42ec-b1cb-b3a03d709146 req-11300b33-aae3-4116-93de-53ba8217f03c e433d3d0f41a49dbaa84ab3a06ddc1fd 05a64d44373f4f66b836de90798dacea - - default default] 10.0.0.202 "GET /v2.0/ports?device_id=bcb516cc-1685-493b-9a44-33fb485f2ba4 HTTP/1.1" status: 200 len: 210 time: 0.0243211
2026-04-21 18:36:10.675 9 INFO neutron.db.ovn_revision_numbers_db [None req-4f666014-3705-48c2-ba8a-715bbf48fdbd 7d27d9fb4b8745858d726b4655a75e6b 3249600bc36e45c48692e41a8e6710f4 - - default default] Successfully bumped revision number for resource 112c08b8-3e5f-4097-b7d2-8de4828978cc (type: security_groups) to 1
2026-04-21 18:36:10.696 9 INFO neutron.db.ovn_revision_numbers_db [None req-4f666014-3705-48c2-ba8a-715bbf48fdbd 7d27d9fb4b8745858d726b4655a75e6b 3249600bc36e45c48692e41a8e6710f4 - - default default] Successfully bumped revision number for resource 04e6da34-ec23-4afe-aa71-013a67365d89 (type: security_group_rules) to 0
2026-04-21 18:36:10.720 9 WARNING neutron.scheduler.dhcp_agent_scheduler [None req-121166b7-aaca-4f0d-8a8b-6f5b75634f0a 900fcd86a6704f878f7737e60430fd04 90d5c9683e524af5aed731821ed4e04e - - default default] No more DHCP agents
2026-04-21 18:36:10.722 9 INFO neutron.db.ovn_revision_numbers_db [None req-4f666014-3705-48c2-ba8a-715bbf48fdbd 7d27d9fb4b8745858d726b4655a75e6b 3249600bc36e45c48692e41a8e6710f4 - - default default] Successfully bumped revision number for resource 3675b923-4eb4-4329-a22f-1105936d5ebf (type: security_group_rules) to 0
2026-04-21 18:36:10.725 9 WARNING neutron.api.rpc.agentnotifiers.dhcp_rpc_agent_api [None req-121166b7-aaca-4f0d-8a8b-6f5b75634f0a 900fcd86a6704f878f7737e60430fd04 90d5c9683e524af5aed731821ed4e04e - - default default] Unable to schedule network 5cc50fb8-8aee-428c-848e-ce12e8dcb63e: no agents available; will retry on subsequent port and subnet creation events.
2026-04-21 18:36:10.736 10 INFO neutron.db.ovn_revision_numbers_db [None req-ef0f7e60-653a-48e4-ac1f-c2d5e0e5031f 01e2fcaf70f94ceaa23a6bb1955019d8 56cd0cadc3b244009f9ae71971c00176 - - default default] Successfully bumped revision number for resource bfbaaa73-abe2-490a-8d0e-ba5c5316b6ef (type: networks) to 1
2026-04-21 18:36:10.752 9 INFO neutron.db.ovn_revision_numbers_db [None req-4f666014-3705-48c2-ba8a-715bbf48fdbd 7d27d9fb4b8745858d726b4655a75e6b 3249600bc36e45c48692e41a8e6710f4 - - default default] Successfully bumped revision number for resource 3d4a3841-2f1b-47d8-b0cf-ad2c725cc181 (type: security_group_rules) to 0
2026-04-21 18:36:10.772 9 INFO neutron.db.ovn_revision_numbers_db [None req-4f666014-3705-48c2-ba8a-715bbf48fdbd 7d27d9fb4b8745858d726b4655a75e6b 3249600bc36e45c48692e41a8e6710f4 - - default default] Successfully bumped revision number for resource a013b0f5-a9db-4911-a584-20cfcd82d179 (type: security_group_rules) to 0
2026-04-21 18:36:10.810 9 INFO neutron.wsgi [None req-4f666014-3705-48c2-ba8a-715bbf48fdbd 7d27d9fb4b8745858d726b4655a75e6b 3249600bc36e45c48692e41a8e6710f4 - - default default] 10.0.0.179 "GET /v2.0/security-groups?tenant_id=26258b6f14b94d0c87ea484ccbdd65ea&name=default HTTP/1.1" status: 200 len: 3120 time: 0.3633368
2026-04-21 18:36:10.854 9 INFO neutron.db.ovn_revision_numbers_db [None req-121166b7-aaca-4f0d-8a8b-6f5b75634f0a 900fcd86a6704f878f7737e60430fd04 90d5c9683e524af5aed731821ed4e04e - - default default] Successfully bumped revision number for resource 6c32583d-2cf2-4cf0-9266-c9bcae2fae62 (type: ports) to 1
2026-04-21 18:36:10.885 9 INFO neutron.wsgi [None req-121166b7-aaca-4f0d-8a8b-6f5b75634f0a 900fcd86a6704f878f7737e60430fd04 90d5c9683e524af5aed731821ed4e04e - - default default] 10.0.0.179 "POST /v2.0/networks HTTP/1.1" status: 201 len: 830 time: 0.7082002
2026-04-21 18:36:10.897 9 WARNING neutron_lib.context [None req-ef38940a-161f-4764-b477-e4c8bd36acd0 900fcd86a6704f878f7737e60430fd04 90d5c9683e524af5aed731821ed4e04e - - default default] Method 'is_advsvc' is deprecated since 2023.2 release (neutron-lib 3.8.0) and will be removed once support for the old RBAC API policies will be removed from Neutron. Please use method 'is_service_role' instead.
2026-04-21 18:36:11.188 9 INFO neutron.wsgi [None req-e6cb10b6-aac3-4f32-a5cd-5bf1b80551f8 7d27d9fb4b8745858d726b4655a75e6b 3249600bc36e45c48692e41a8e6710f4 - - default default] 10.0.0.179 "DELETE /v2.0/security-groups/112c08b8-3e5f-4097-b7d2-8de4828978cc HTTP/1.1" status: 204 len: 168 time: 0.3690987
2026-04-21 18:36:11.217 10 WARNING neutron.scheduler.dhcp_agent_scheduler [None req-ef0f7e60-653a-48e4-ac1f-c2d5e0e5031f 01e2fcaf70f94ceaa23a6bb1955019d8 56cd0cadc3b244009f9ae71971c00176 - - default default] No more DHCP agents
2026-04-21 18:36:11.227 10 WARNING neutron.api.rpc.agentnotifiers.dhcp_rpc_agent_api [None req-ef0f7e60-653a-48e4-ac1f-c2d5e0e5031f 01e2fcaf70f94ceaa23a6bb1955019d8 56cd0cadc3b244009f9ae71971c00176 - - default default] Unable to schedule network bfbaaa73-abe2-490a-8d0e-ba5c5316b6ef: no agents available; will retry on subsequent port and subnet creation events.
2026-04-21 18:36:11.240 9 WARNING neutron.scheduler.dhcp_agent_scheduler [None req-ef38940a-161f-4764-b477-e4c8bd36acd0 900fcd86a6704f878f7737e60430fd04 90d5c9683e524af5aed731821ed4e04e - - default default] No more DHCP agents
2026-04-21 18:36:11.244 9 WARNING neutron.api.rpc.agentnotifiers.dhcp_rpc_agent_api [None req-ef38940a-161f-4764-b477-e4c8bd36acd0 900fcd86a6704f878f7737e60430fd04 90d5c9683e524af5aed731821ed4e04e - - default default] Unable to schedule network 5cc50fb8-8aee-428c-848e-ce12e8dcb63e: no agents available; will retry on subsequent port and subnet creation events.
2026-04-21 18:36:11.336 10 INFO neutron.db.ovn_revision_numbers_db [None req-ef0f7e60-653a-48e4-ac1f-c2d5e0e5031f 01e2fcaf70f94ceaa23a6bb1955019d8 56cd0cadc3b244009f9ae71971c00176 - - default default] Successfully bumped revision number for resource 4d275fb1-6f25-4292-9851-17c7957695c8 (type: ports) to 1
2026-04-21 18:36:11.361 10 INFO neutron.wsgi [None req-ef0f7e60-653a-48e4-ac1f-c2d5e0e5031f 01e2fcaf70f94ceaa23a6bb1955019d8 56cd0cadc3b244009f9ae71971c00176 - - default default] 10.0.0.179 "POST /v2.0/networks HTTP/1.1" status: 201 len: 929 time: 1.3063176
2026-04-21 18:36:11.587 9 WARNING neutron.scheduler.dhcp_agent_scheduler [None req-504b73d0-064e-4e5f-bc8b-4d0a0e0e4c1a 01e2fcaf70f94ceaa23a6bb1955019d8 56cd0cadc3b244009f9ae71971c00176 - - default default] No more DHCP agents
2026-04-21 18:36:11.591 9 WARNING neutron.api.rpc.agentnotifiers.dhcp_rpc_agent_api [None req-504b73d0-064e-4e5f-bc8b-4d0a0e0e4c1a 01e2fcaf70f94ceaa23a6bb1955019d8 56cd0cadc3b244009f9ae71971c00176 - - default default] Unable to schedule network bfbaaa73-abe2-490a-8d0e-ba5c5316b6ef: no agents available; will retry on subsequent port and subnet creation events.
2026-04-21 18:36:11.735 10 INFO neutron.notifiers.nova [-] Nova event matching ['req-ce704b40-c6f6-47ff-9f41-a714c7d8cac8'] response: {'server_uuid': 'bcb516cc-1685-493b-9a44-33fb485f2ba4', 'name': 'network-vif-unplugged', 'status': 'completed', 'tag': '2247dd07-3df0-4854-8b7a-cb39bd440006', 'code': 200}
2026-04-21 18:36:11.736 10 INFO neutron.notifiers.nova [-] Nova event matching ['req-ce704b40-c6f6-47ff-9f41-a714c7d8cac8'] response: {'server_uuid': 'bcb516cc-1685-493b-9a44-33fb485f2ba4', 'name': 'network-vif-deleted', 'tag': '2247dd07-3df0-4854-8b7a-cb39bd440006', 'status': 'completed', 'code': 200} /var/lib/openstack/lib/python3.10/site-packages/pycadf/identifier.py:71: UserWarning: Invalid uuid: neutron. To ensure interoperability, identifiers should be a valid uuid. warnings.warn(('Invalid uuid: %s. To ensure interoperability, '
2026-04-21 18:36:11.959 10 INFO neutron.wsgi [None req-1527c034-6af6-4de6-8b5e-7318c670a0d2 e433d3d0f41a49dbaa84ab3a06ddc1fd 05a64d44373f4f66b836de90798dacea - - default default] 10.0.0.179 "DELETE /v2.0/security-groups/b1eaf8c8-cde4-4829-98a2-a3f0b4f27901 HTTP/1.1" status: 204 len: 168 time: 0.1493797
2026-04-21 18:36:11.973 10 INFO neutron.api.v2.resource [None req-5b160395-ddd8-4872-8c2e-01f30e26a93a e433d3d0f41a49dbaa84ab3a06ddc1fd 05a64d44373f4f66b836de90798dacea - - default default] show failed (client error): The resource could not be found.
2026-04-21 18:36:11.975 10 INFO neutron.wsgi [None req-5b160395-ddd8-4872-8c2e-01f30e26a93a e433d3d0f41a49dbaa84ab3a06ddc1fd 05a64d44373f4f66b836de90798dacea - - default default] 10.0.0.179 "GET /v2.0/security-groups/b1eaf8c8-cde4-4829-98a2-a3f0b4f27901 HTTP/1.1" status: 404 len: 347 time: 0.0110910
2026-04-21 18:36:11.982 9 INFO neutron.db.ovn_revision_numbers_db [None req-ef38940a-161f-4764-b477-e4c8bd36acd0 900fcd86a6704f878f7737e60430fd04 90d5c9683e524af5aed731821ed4e04e - - default default] Successfully bumped revision number for resource 6c32583d-2cf2-4cf0-9266-c9bcae2fae62 (type: ports) to 2
2026-04-21 18:36:12.039 9 INFO neutron.db.ovn_revision_numbers_db [None req-ef38940a-161f-4764-b477-e4c8bd36acd0 900fcd86a6704f878f7737e60430fd04 90d5c9683e524af5aed731821ed4e04e - - default default] Successfully bumped revision number for resource e7442ee1-f510-4915-9fe6-797c2272ed61 (type: subnets) to 0
2026-04-21 18:36:12.066 9 INFO neutron.wsgi [None req-ef38940a-161f-4764-b477-e4c8bd36acd0 900fcd86a6704f878f7737e60430fd04 90d5c9683e524af5aed731821ed4e04e - - default default] 10.0.0.179 "POST /v2.0/subnets HTTP/1.1" status: 201 len: 804 time: 1.1756155
2026-04-21 18:36:12.078 10 WARNING neutron_lib.context [None req-9e4c6328-a86e-40c0-a1f9-ba031f241fa6 900fcd86a6704f878f7737e60430fd04 90d5c9683e524af5aed731821ed4e04e - - default default] Method 'is_advsvc' is deprecated since 2023.2 release (neutron-lib 3.8.0) and will be removed once support for the old RBAC API policies will be removed from Neutron. Please use method 'is_service_role' instead.
2026-04-21 18:36:12.201 10 INFO neutron.db.segments_db [None req-9e4c6328-a86e-40c0-a1f9-ba031f241fa6 900fcd86a6704f878f7737e60430fd04 90d5c9683e524af5aed731821ed4e04e - - default default] Added segment 3761a5fb-301d-4e1a-a755-4b4bf775706b of type geneve for network a4541392-46f6-44ff-be4c-091d97dd6495
2026-04-21 18:36:12.250 9 INFO neutron.db.ovn_revision_numbers_db [None req-504b73d0-064e-4e5f-bc8b-4d0a0e0e4c1a 01e2fcaf70f94ceaa23a6bb1955019d8 56cd0cadc3b244009f9ae71971c00176 - - default default] Successfully bumped revision number for resource 4d275fb1-6f25-4292-9851-17c7957695c8 (type: ports) to 2
2026-04-21 18:36:12.288 9 INFO neutron.db.ovn_revision_numbers_db [None req-504b73d0-064e-4e5f-bc8b-4d0a0e0e4c1a 01e2fcaf70f94ceaa23a6bb1955019d8 56cd0cadc3b244009f9ae71971c00176 - - default default] Successfully bumped revision number for resource e1a6eb7d-9ed7-4869-b0db-260f35993d93 (type: subnets) to 0
2026-04-21 18:36:12.307 9 INFO neutron.wsgi [None req-504b73d0-064e-4e5f-bc8b-4d0a0e0e4c1a 01e2fcaf70f94ceaa23a6bb1955019d8 56cd0cadc3b244009f9ae71971c00176 - - default default] 10.0.0.179 "POST /v2.0/subnets HTTP/1.1" status: 201 len: 819 time: 0.9396353
2026-04-21 18:36:12.321 9 WARNING neutron.api.v2.base [None req-7158178a-45c5-42bc-b33e-b32095279bf1 01e2fcaf70f94ceaa23a6bb1955019d8 56cd0cadc3b244009f9ae71971c00176 - - default default] An exception happened while processing the request body. The exception message is [Invalid input for target_tenant. Reason: 'None' is not a valid string.].: webob.exc.HTTPBadRequest: Invalid input for target_tenant. Reason: 'None' is not a valid string.
2026-04-21 18:36:12.322 9 INFO neutron.api.v2.resource [None req-7158178a-45c5-42bc-b33e-b32095279bf1 01e2fcaf70f94ceaa23a6bb1955019d8 56cd0cadc3b244009f9ae71971c00176 - - default default] create failed (client error): Invalid input for target_tenant. Reason: 'None' is not a valid string.
2026-04-21 18:36:12.323 9 INFO neutron.wsgi [None req-7158178a-45c5-42bc-b33e-b32095279bf1 01e2fcaf70f94ceaa23a6bb1955019d8 56cd0cadc3b244009f9ae71971c00176 - - default default] 10.0.0.179 "POST /v2.0/rbac-policies HTTP/1.1" status: 400 len: 346 time: 0.0083308
2026-04-21 18:36:12.392 10 INFO neutron.db.ovn_revision_numbers_db [None req-9e4c6328-a86e-40c0-a1f9-ba031f241fa6 900fcd86a6704f878f7737e60430fd04 90d5c9683e524af5aed731821ed4e04e - - default default] Successfully bumped revision number for resource a4541392-46f6-44ff-be4c-091d97dd6495 (type: networks) to 1
2026-04-21 18:36:12.487 10 INFO neutron.wsgi [None req-e09f63fe-264b-4011-8f75-d56a5bcabe78 e433d3d0f41a49dbaa84ab3a06ddc1fd 05a64d44373f4f66b836de90798dacea - - default default] 10.0.0.179 "DELETE /v2.0/floatingips/32ea6658-acb8-4387-bd0c-6b7b224d8623 HTTP/1.1" status: 204 len: 168 time: 0.5080194
2026-04-21 18:36:12.616 10 WARNING neutron.scheduler.dhcp_agent_scheduler [None req-9e4c6328-a86e-40c0-a1f9-ba031f241fa6 900fcd86a6704f878f7737e60430fd04 90d5c9683e524af5aed731821ed4e04e - - default default] No more DHCP agents
2026-04-21 18:36:12.619 10 WARNING neutron.api.rpc.agentnotifiers.dhcp_rpc_agent_api [None req-9e4c6328-a86e-40c0-a1f9-ba031f241fa6 900fcd86a6704f878f7737e60430fd04 90d5c9683e524af5aed731821ed4e04e - - default default] Unable to schedule network a4541392-46f6-44ff-be4c-091d97dd6495: no agents available; will retry on subsequent port and subnet creation events.
2026-04-21 18:36:12.710 9 INFO neutron.wsgi [None req-9138cb57-5cc7-4b13-8048-c15fe8c07386 e433d3d0f41a49dbaa84ab3a06ddc1fd 05a64d44373f4f66b836de90798dacea - - default default] 10.0.0.179 "DELETE /v2.0/security-groups/4fdc7ee6-d3ac-4bc5-be50-1b7f0361424c HTTP/1.1" status: 204 len: 168 time: 0.2176235
2026-04-21 18:36:12.733 10 INFO neutron.db.ovn_revision_numbers_db [None req-9e4c6328-a86e-40c0-a1f9-ba031f241fa6 900fcd86a6704f878f7737e60430fd04 90d5c9683e524af5aed731821ed4e04e - - default default] Successfully bumped revision number for resource f32f3152-a262-4e2f-bcb3-ea58c1720a39 (type: ports) to 1
2026-04-21 18:36:12.756 10 INFO neutron.wsgi [None req-9e4c6328-a86e-40c0-a1f9-ba031f241fa6 900fcd86a6704f878f7737e60430fd04 90d5c9683e524af5aed731821ed4e04e - - default default] 10.0.0.179 "POST /v2.0/networks HTTP/1.1" status: 201 len: 831 time: 0.6833527
2026-04-21 18:36:12.767 10 WARNING neutron_lib.context [None req-64a7b9ba-b349-4b7e-bca4-ebb52dab33d8 900fcd86a6704f878f7737e60430fd04 90d5c9683e524af5aed731821ed4e04e - - default default] Method 'is_advsvc' is deprecated since 2023.2 release (neutron-lib 3.8.0) and will be removed once support for the old RBAC API policies will be removed from Neutron. Please use method 'is_service_role' instead.
2026-04-21 18:36:12.992 9 INFO neutron.services.segments.plugin [-] Segment 23c4b6a3-9f35-4f35-9e5b-ac5c58019e08 resource provider aggregate not found
2026-04-21 18:36:13.010 9 INFO neutron.services.segments.plugin [-] Segment 23c4b6a3-9f35-4f35-9e5b-ac5c58019e08 resource provider aggregate not found
2026-04-21 18:36:13.015 9 INFO neutron.services.segments.plugin [-] Segment 23c4b6a3-9f35-4f35-9e5b-ac5c58019e08 resource provider not found; error: Placement Client Error (4xx): {"errors": [{"status": 404, "title": "Not Found", "detail": "The resource could not be found.\n\n No resource provider with uuid 23c4b6a3-9f35-4f35-9e5b-ac5c58019e08 found for delete ", "request_id": "req-4365a7aa-4509-4c5d-ae93-f97465b7d45d"}]}
2026-04-21 18:36:13.035 9 INFO neutron.services.segments.plugin [-] Segment 23c4b6a3-9f35-4f35-9e5b-ac5c58019e08 resource provider not found; error: Placement Client Error (4xx): {"errors": [{"status": 404, "title": "Not Found", "detail": "The resource could not be found.\n\n No resource provider with uuid 23c4b6a3-9f35-4f35-9e5b-ac5c58019e08 found for delete ", "request_id": "req-90f3fdbe-ab39-40e9-9e85-b3b313dae0a0"}]}
2026-04-21 18:36:13.043 9 INFO neutron.wsgi [None req-e8c352cc-b116-4371-b51c-b9282c4dec5f 01e2fcaf70f94ceaa23a6bb1955019d8 56cd0cadc3b244009f9ae71971c00176 - - default default] 10.0.0.179 "DELETE /v2.0/networks/bfbaaa73-abe2-490a-8d0e-ba5c5316b6ef HTTP/1.1" status: 204 len: 168 time: 0.7161655
2026-04-21 18:36:13.097 10 WARNING neutron.scheduler.dhcp_agent_scheduler [None req-64a7b9ba-b349-4b7e-bca4-ebb52dab33d8 900fcd86a6704f878f7737e60430fd04 90d5c9683e524af5aed731821ed4e04e - - default default] No more DHCP agents
2026-04-21 18:36:13.101 10 WARNING neutron.api.rpc.agentnotifiers.dhcp_rpc_agent_api [None req-64a7b9ba-b349-4b7e-bca4-ebb52dab33d8 900fcd86a6704f878f7737e60430fd04 90d5c9683e524af5aed731821ed4e04e - - default default] Unable to schedule network a4541392-46f6-44ff-be4c-091d97dd6495: no agents available; will retry on subsequent port and subnet creation events.
2026-04-21 18:36:13.199 10 INFO neutron.db.segments_db [None req-70f6ef9a-dfd0-414e-9650-8bd41f91397a 01e2fcaf70f94ceaa23a6bb1955019d8 56cd0cadc3b244009f9ae71971c00176 - - default default] Added segment 81ec6153-ecc5-4e85-8cb2-872b382402a5 of type geneve for network 980cfc33-73e0-4d2c-a648-9404e50e8a9c
2026-04-21 18:36:13.426 10 INFO neutron.db.ovn_revision_numbers_db [None req-70f6ef9a-dfd0-414e-9650-8bd41f91397a 01e2fcaf70f94ceaa23a6bb1955019d8 56cd0cadc3b244009f9ae71971c00176 - - default default] Successfully bumped revision number for resource 980cfc33-73e0-4d2c-a648-9404e50e8a9c (type: networks) to 1
2026-04-21 18:36:13.694 10 WARNING neutron.scheduler.dhcp_agent_scheduler [None req-70f6ef9a-dfd0-414e-9650-8bd41f91397a 01e2fcaf70f94ceaa23a6bb1955019d8 56cd0cadc3b244009f9ae71971c00176 - - default default] No more DHCP agents
2026-04-21 18:36:13.705 10 WARNING neutron.api.rpc.agentnotifiers.dhcp_rpc_agent_api [None req-70f6ef9a-dfd0-414e-9650-8bd41f91397a 01e2fcaf70f94ceaa23a6bb1955019d8 56cd0cadc3b244009f9ae71971c00176 - - default default] Unable to schedule network 980cfc33-73e0-4d2c-a648-9404e50e8a9c: no agents available; will retry on subsequent port and subnet creation events.
2026-04-21 18:36:13.831 10 INFO neutron.db.ovn_revision_numbers_db [None req-70f6ef9a-dfd0-414e-9650-8bd41f91397a 01e2fcaf70f94ceaa23a6bb1955019d8 56cd0cadc3b244009f9ae71971c00176 - - default default] Successfully bumped revision number for resource 2954bc80-9254-481e-bdef-4cf19eeeb003 (type: ports) to 1
2026-04-21 18:36:13.865 10 INFO neutron.wsgi [None req-70f6ef9a-dfd0-414e-9650-8bd41f91397a 01e2fcaf70f94ceaa23a6bb1955019d8 56cd0cadc3b244009f9ae71971c00176 - - default default] 10.0.0.179 "POST /v2.0/networks HTTP/1.1" status: 201 len: 929 time: 0.8163896
2026-04-21 18:36:13.885 10 INFO neutron.db.ovn_revision_numbers_db [None req-64a7b9ba-b349-4b7e-bca4-ebb52dab33d8 900fcd86a6704f878f7737e60430fd04 90d5c9683e524af5aed731821ed4e04e - - default default] Successfully bumped revision number for resource f32f3152-a262-4e2f-bcb3-ea58c1720a39 (type: ports) to 2
2026-04-21 18:36:13.942 10 INFO neutron.db.ovn_revision_numbers_db [None req-64a7b9ba-b349-4b7e-bca4-ebb52dab33d8 900fcd86a6704f878f7737e60430fd04 90d5c9683e524af5aed731821ed4e04e - - default default] Successfully bumped revision number for resource 8eceae36-7870-4dc0-ba85-4c1b72614685 (type: subnets) to 0
2026-04-21 18:36:13.963 10 INFO neutron.wsgi [None req-64a7b9ba-b349-4b7e-bca4-ebb52dab33d8 900fcd86a6704f878f7737e60430fd04 90d5c9683e524af5aed731821ed4e04e - - default default] 10.0.0.179 "POST /v2.0/subnets HTTP/1.1" status: 201 len: 804 time: 1.2013173
2026-04-21 18:36:14.059 10 INFO neutron.wsgi [None req-2c2fcf8b-d393-4c6d-9d94-f4abefc5636f 900fcd86a6704f878f7737e60430fd04 90d5c9683e524af5aed731821ed4e04e - - default default] 10.0.0.179 "PUT /v2.0/subnets/f179b8ae-76c5-4c79-826c-0673ba190deb/tags HTTP/1.1" status: 200 len: 210 time: 0.0904863
2026-04-21 18:36:14.088 10 WARNING neutron.scheduler.dhcp_agent_scheduler [None req-fe397b38-1e06-4d54-8196-cdbb240adf1b 01e2fcaf70f94ceaa23a6bb1955019d8 56cd0cadc3b244009f9ae71971c00176 - - default default] No more DHCP agents
2026-04-21 18:36:14.095 10 WARNING neutron.api.rpc.agentnotifiers.dhcp_rpc_agent_api [None req-fe397b38-1e06-4d54-8196-cdbb240adf1b 01e2fcaf70f94ceaa23a6bb1955019d8 56cd0cadc3b244009f9ae71971c00176 - - default default] Unable to schedule network 980cfc33-73e0-4d2c-a648-9404e50e8a9c: no agents available; will retry on subsequent port and subnet creation events.
2026-04-21 18:36:14.141 10 INFO neutron.wsgi [None req-e584a657-91e7-48fa-96be-454a2b64e179 900fcd86a6704f878f7737e60430fd04 90d5c9683e524af5aed731821ed4e04e - - default default] 10.0.0.179 "PUT /v2.0/subnets/fea722bf-1550-4644-a393-6261a8d5327d/tags HTTP/1.1" status: 200 len: 218 time: 0.0764024
2026-04-21 18:36:14.212 10 INFO neutron.wsgi [None req-b4539262-99f9-4af0-930e-68761de8eb66 900fcd86a6704f878f7737e60430fd04 90d5c9683e524af5aed731821ed4e04e - - default default] 10.0.0.179 "PUT /v2.0/subnets/86a97a85-1221-4ab2-bd55-e4e87f24ca8d/tags HTTP/1.1" status: 200 len: 227 time: 0.0658221
2026-04-21 18:36:14.288 10 INFO neutron.wsgi [None req-f1cf08e3-bdc2-4ca2-9282-086298a7280b 900fcd86a6704f878f7737e60430fd04 90d5c9683e524af5aed731821ed4e04e - - default default] 10.0.0.179 "PUT /v2.0/subnets/e7442ee1-f510-4915-9fe6-797c2272ed61/tags HTTP/1.1" status: 200 len: 212 time: 0.0702360
2026-04-21 18:36:14.354 9 INFO neutron.wsgi [None req-49ed01ae-33ae-4194-940e-a5dae3f74962 900fcd86a6704f878f7737e60430fd04 90d5c9683e524af5aed731821ed4e04e - - default default] 10.0.0.179 "GET /v2.0/subnets?tags=red HTTP/1.1" status: 200 len: 2027 time: 0.0600109
2026-04-21 18:36:14.421 9 INFO neutron.wsgi [None req-21bfb9ff-2db5-4a0f-8760-ce411746226a 900fcd86a6704f878f7737e60430fd04 90d5c9683e524af5aed731821ed4e04e - - default default] 10.0.0.179 "GET /v2.0/subnets?tags=red%2Cblue HTTP/1.1" status: 200 len: 1430 time: 0.0615849
2026-04-21 18:36:14.485 9 INFO neutron.wsgi [None req-ff27f9e0-d54c-480a-ba28-d4f1de103c39 900fcd86a6704f878f7737e60430fd04 90d5c9683e524af5aed731821ed4e04e - - default default] 10.0.0.179 "GET /v2.0/subnets?tags-any=blue HTTP/1.1" status: 200 len: 1430 time: 0.0588264
2026-04-21 18:36:14.526 9 INFO neutron.wsgi [None req-175064b1-361d-453a-885e-720e6b2e8495 7d27d9fb4b8745858d726b4655a75e6b 3249600bc36e45c48692e41a8e6710f4 - - default default] 10.0.0.179 "PUT /v2.0/routers/b3ab5985-5c5f-4958-8637-4f8c0f69e294/remove_router_interface HTTP/1.1" status: 200 len: 503 time: 1.7796268 /var/lib/openstack/lib/python3.10/site-packages/pycadf/identifier.py:71: UserWarning: Invalid uuid: neutron. To ensure interoperability, identifiers should be a valid uuid. warnings.warn(('Invalid uuid: %s. To ensure interoperability, '
2026-04-21 18:36:14.553 10 INFO neutron.wsgi [None req-413f9cec-2b74-49dc-9174-863c81a40f0b 900fcd86a6704f878f7737e60430fd04 90d5c9683e524af5aed731821ed4e04e - - default default] 10.0.0.179 "GET /v2.0/subnets?tags-any=red%2Cblue HTTP/1.1" status: 200 len: 2027 time: 0.0634992
2026-04-21 18:36:14.681 10 INFO neutron.wsgi [None req-b6242423-5978-4ac5-8299-d4d8aaab45b7 900fcd86a6704f878f7737e60430fd04 90d5c9683e524af5aed731821ed4e04e - - default default] 10.0.0.179 "GET /v2.0/subnets?not-tags=red HTTP/1.1" status: 200 len: 2018 time: 0.1226292
2026-04-21 18:36:14.763 10 INFO neutron.wsgi [None req-ff510c03-c770-4aac-9e31-69bf6976a480 900fcd86a6704f878f7737e60430fd04 90d5c9683e524af5aed731821ed4e04e - - default default] 10.0.0.179 "GET /v2.0/subnets?not-tags=red%2Cblue HTTP/1.1" status: 200 len: 2615 time: 0.0757992
2026-04-21 18:36:15.122 10 WARNING neutron_lib.context [None req-f83d996a-9192-40dc-8458-305a9b91ecfd cd9440f4903e49cf872b389268c2f597 02e0ac97f6f5417d8f0fbbe5a02d28ed - - default default] Method 'is_advsvc' is deprecated since 2023.2 release (neutron-lib 3.8.0) and will be removed once support for the old RBAC API policies will be removed from Neutron. Please use method 'is_service_role' instead.
2026-04-21 18:36:15.145 10 INFO neutron.wsgi [None req-15c0548e-ff55-49ec-ab2a-ec8995f49783 900fcd86a6704f878f7737e60430fd04 90d5c9683e524af5aed731821ed4e04e - - default default] 10.0.0.179 "GET /v2.0/subnets?not-tags-any=blue HTTP/1.1" status: 200 len: 2615 time: 0.3756142
2026-04-21 18:36:15.214 10 INFO neutron.wsgi [None req-7ce0eccd-eada-4302-975d-d1afeb56b915 900fcd86a6704f878f7737e60430fd04 90d5c9683e524af5aed731821ed4e04e - - default default] 10.0.0.179 "GET /v2.0/subnets?not-tags-any=red%2Cblue HTTP/1.1" status: 200 len: 2018 time: 0.0634105
2026-04-21 18:36:15.237 10 INFO neutron.db.ovn_revision_numbers_db [None req-fe397b38-1e06-4d54-8196-cdbb240adf1b 01e2fcaf70f94ceaa23a6bb1955019d8 56cd0cadc3b244009f9ae71971c00176 - - default default] Successfully bumped revision number for resource 2954bc80-9254-481e-bdef-4cf19eeeb003 (type: ports) to 2
2026-04-21 18:36:15.335 10 INFO neutron.db.ovn_revision_numbers_db [None req-fe397b38-1e06-4d54-8196-cdbb240adf1b 01e2fcaf70f94ceaa23a6bb1955019d8 56cd0cadc3b244009f9ae71971c00176 - - default default] Successfully bumped revision number for resource 28945322-8892-4ddf-961d-ad1010ef8eaf (type: subnets) to 0
2026-04-21 18:36:15.373 10 INFO neutron.wsgi [None req-fe397b38-1e06-4d54-8196-cdbb240adf1b 01e2fcaf70f94ceaa23a6bb1955019d8 56cd0cadc3b244009f9ae71971c00176 - - default default] 10.0.0.179 "POST /v2.0/subnets HTTP/1.1" status: 201 len: 822 time: 1.5018044
2026-04-21 18:36:15.392 10 WARNING neutron.api.v2.base [None req-49bd0466-b1eb-4b41-aa96-7ccf09c3f471 01e2fcaf70f94ceaa23a6bb1955019d8 56cd0cadc3b244009f9ae71971c00176 - - default default] An exception happened while processing the request body. The exception message is [Invalid input for target_tenant. Reason: '1234123412341234123412341234123412341234123412341234123412341234123412341234123412341234123412341234123412341234123412341234123412341234123412341234123412341234123412341234123412341234123412341234123412341234123412341234123412341234123412341234123412341234123412341234123412341234123412341234123412341234123412341234123412341234123412341234123412341234123412341234123412341234123412341234123412341234' exceeds maximum length of 255.].: webob.exc.HTTPBadRequest: Invalid input for target_tenant. Reason: '1234123412341234123412341234123412341234123412341234123412341234123412341234123412341234123412341234123412341234123412341234123412341234123412341234123412341234123412341234123412341234123412341234123412341234123412341234123412341234123412341234123412341234123412341234123412341234123412341234123412341234123412341234123412341234123412341234123412341234123412341234123412341234123412341234123412341234' exceeds maximum length of 255.
2026-04-21 18:36:15.393 10 INFO neutron.api.v2.resource [None req-49bd0466-b1eb-4b41-aa96-7ccf09c3f471 01e2fcaf70f94ceaa23a6bb1955019d8 56cd0cadc3b244009f9ae71971c00176 - - default default] create failed (client error): Invalid input for target_tenant. Reason: '1234123412341234123412341234123412341234123412341234123412341234123412341234123412341234123412341234123412341234123412341234123412341234123412341234123412341234123412341234123412341234123412341234123412341234123412341234123412341234123412341234123412341234123412341234123412341234123412341234123412341234123412341234123412341234123412341234123412341234123412341234123412341234123412341234123412341234' exceeds maximum length of 255.
2026-04-21 18:36:15.394 10 INFO neutron.wsgi [None req-49bd0466-b1eb-4b41-aa96-7ccf09c3f471 01e2fcaf70f94ceaa23a6bb1955019d8 56cd0cadc3b244009f9ae71971c00176 - - default default] 10.0.0.179 "POST /v2.0/rbac-policies HTTP/1.1" status: 400 len: 750 time: 0.0129530
