2026-04-21 18:31:08.646 10 INFO neutron.wsgi [None req-f4e0ec7b-7ee4-42d2-b0f6-63d1e10509b2 7d27d9fb4b8745858d726b4655a75e6b 3249600bc36e45c48692e41a8e6710f4 - - default default] 10.0.0.197 "GET /v2.0/subnets HTTP/1.1" status: 200 len: 1437 time: 0.0297749
2026-04-21 18:31:08.656 10 INFO neutron.wsgi [None req-a41f179a-6a15-4fa0-a54c-806750682f93 7d27d9fb4b8745858d726b4655a75e6b 3249600bc36e45c48692e41a8e6710f4 - - default default] 10.0.0.197 "GET /v2.0/subnetpools HTTP/1.1" status: 200 len: 193 time: 0.0089867
2026-04-21 18:31:08.730 10 INFO neutron.wsgi [None req-4a910004-0e58-433c-82be-a8b4e218311f 7d27d9fb4b8745858d726b4655a75e6b 3249600bc36e45c48692e41a8e6710f4 - - default default] 10.0.0.197 "GET /v2.0/networks HTTP/1.1" status: 200 len: 2350 time: 0.0737195
2026-04-21 18:31:08.788 10 INFO neutron.wsgi [None req-8f07d9d5-7ec4-40e4-bba5-cdb4a26906b6 7d27d9fb4b8745858d726b4655a75e6b 3249600bc36e45c48692e41a8e6710f4 - - default default] 10.0.0.197 "GET /v2.0/ports HTTP/1.1" status: 200 len: 5351 time: 0.0553665
2026-04-21 18:31:16.394 10 INFO neutron.wsgi [-] 10.0.0.171 "GET / HTTP/1.1" status: 200 len: 247 time: 0.0022635
2026-04-21 18:31:16.394 9 INFO neutron.wsgi [-] 10.0.0.171 "GET / HTTP/1.1" status: 200 len: 247 time: 0.0024788
2026-04-21 18:31:31.393 9 INFO neutron.wsgi [-] 10.0.0.171 "GET / HTTP/1.1" status: 200 len: 247 time: 0.0016632
2026-04-21 18:31:31.395 9 INFO neutron.wsgi [-] 10.0.0.171 "GET / HTTP/1.1" status: 200 len: 247 time: 0.0011799
2026-04-21 18:31:38.046 9 INFO neutron.wsgi [None req-1a377387-5313-434b-b040-4669e5600869 7d27d9fb4b8745858d726b4655a75e6b 3249600bc36e45c48692e41a8e6710f4 - - default default] 199.19.213.138,10.0.0.171 "GET /v2.0/networks?name=public HTTP/1.1" status: 200 len: 928 time: 0.1257021
2026-04-21 18:31:46.393 10 INFO neutron.wsgi [-] 10.0.0.171 "GET / HTTP/1.1" status: 200 len: 247 time: 0.0017996
2026-04-21 18:31:46.395 9 INFO neutron.wsgi [-] 10.0.0.171 "GET / HTTP/1.1" status: 200 len: 247 time: 0.0032198
2026-04-21 18:32:01.393 10 INFO neutron.wsgi [-] 10.0.0.171 "GET / HTTP/1.1" status: 200 len: 247 time: 0.0017636
2026-04-21 18:32:01.393 9 INFO neutron.wsgi [-] 10.0.0.171 "GET / HTTP/1.1" status: 200 len: 247 time: 0.0019765
2026-04-21 18:32:08.542 10 INFO neutron.wsgi [None req-8a8d0e6f-a0f5-4010-b2cf-79cef3cdbf27 7d27d9fb4b8745858d726b4655a75e6b 3249600bc36e45c48692e41a8e6710f4 - - default default] 10.0.0.197 "GET /v2.0/agents HTTP/1.1" status: 200 len: 1390 time: 0.1871319
2026-04-21 18:32:08.598 10 INFO neutron.wsgi [None req-c3b3c6c4-958c-4d62-8180-2690f86f88a2 7d27d9fb4b8745858d726b4655a75e6b 3249600bc36e45c48692e41a8e6710f4 - - default default] 10.0.0.197 "GET /v2.0/ports HTTP/1.1" status: 200 len: 5351 time: 0.0553579
2026-04-21 18:32:08.630 10 INFO neutron.wsgi [None req-13c80860-2468-4d9c-9bc0-b582e0ebc39a 7d27d9fb4b8745858d726b4655a75e6b 3249600bc36e45c48692e41a8e6710f4 - - default default] 10.0.0.197 "GET /v2.0/network-ip-availabilities HTTP/1.1" status: 200 len: 1280 time: 0.0269651
2026-04-21 18:32:08.674 10 INFO neutron.wsgi [None req-ab205a15-668a-4b96-96aa-a0896e3004a8 7d27d9fb4b8745858d726b4655a75e6b 3249600bc36e45c48692e41a8e6710f4 - - default default] 10.0.0.197 "GET /v2.0/subnets HTTP/1.1" status: 200 len: 1437 time: 0.0427840
2026-04-21 18:32:08.684 10 INFO neutron.wsgi [None req-a7889a3a-788f-4445-990e-c3e481aaffaa 7d27d9fb4b8745858d726b4655a75e6b 3249600bc36e45c48692e41a8e6710f4 - - default default] 10.0.0.197 "GET /v2.0/subnetpools HTTP/1.1" status: 200 len: 193 time: 0.0092721
2026-04-21 18:32:08.702 10 INFO neutron.wsgi [None req-0924ce35-790b-439d-8553-df4556c30c15 7d27d9fb4b8745858d726b4655a75e6b 3249600bc36e45c48692e41a8e6710f4 - - default default] 10.0.0.197 "GET /v2.0/floatingips HTTP/1.1" status: 200 len: 193 time: 0.0167575
2026-04-21 18:32:08.840 10 INFO neutron.wsgi [None req-6d7026d8-0904-4c97-97c2-22ba5e243133 7d27d9fb4b8745858d726b4655a75e6b 3249600bc36e45c48692e41a8e6710f4 - - default default] 10.0.0.197 "GET /v2.0/networks HTTP/1.1" status: 200 len: 2350 time: 0.1368454
2026-04-21 18:32:08.884 10 INFO neutron.wsgi [None req-bf48717b-9824-4df1-be31-85519afc4fe4 7d27d9fb4b8745858d726b4655a75e6b 3249600bc36e45c48692e41a8e6710f4 - - default default] 10.0.0.197 "GET /v2.0/security-groups HTTP/1.1" status: 200 len: 17578 time: 0.0416255
2026-04-21 18:32:08.922 10 INFO neutron.wsgi [None req-4168df5e-94af-49e7-baa8-9b2c893e4b47 7d27d9fb4b8745858d726b4655a75e6b 3249600bc36e45c48692e41a8e6710f4 - - default default] 10.0.0.197 "GET /v2.0/subnets HTTP/1.1" status: 200 len: 1437 time: 0.0321653
2026-04-21 18:32:08.947 10 INFO neutron.wsgi [None req-fc60a067-8fff-4403-90b3-753d791958d7 7d27d9fb4b8745858d726b4655a75e6b 3249600bc36e45c48692e41a8e6710f4 - - default default] 10.0.0.197 "GET /v2.0/routers HTTP/1.1" status: 200 len: 189 time: 0.0240431
2026-04-21 18:32:08.963 10 INFO neutron.wsgi [None req-fce15a8f-e480-49f9-9d48-e6fee2b417af 7d27d9fb4b8745858d726b4655a75e6b 3249600bc36e45c48692e41a8e6710f4 - - default default] 10.0.0.197 "GET /v2.0/agents?binary=ovn-controller HTTP/1.1" status: 200 len: 591 time: 0.0151503
2026-04-21 18:32:16.396 10 INFO neutron.wsgi [-] 10.0.0.171 "GET / HTTP/1.1" status: 200 len: 247 time: 0.0015492
2026-04-21 18:32:16.396 9 INFO neutron.wsgi [-] 10.0.0.171 "GET / HTTP/1.1" status: 200 len: 247 time: 0.0034540
2026-04-21 18:32:18.048 9 INFO neutron.wsgi [None req-133ef32b-8d82-4290-a486-3d8abc1beb79 7d27d9fb4b8745858d726b4655a75e6b 3249600bc36e45c48692e41a8e6710f4 - - default default] 10.0.0.179 "GET /v2.0/networks HTTP/1.1" status: 200 len: 2369 time: 0.1451433
2026-04-21 18:32:19.220 9 INFO neutron.wsgi [None req-fd9eaa9a-1fc3-44ac-9756-d579ea9dfc00 7d27d9fb4b8745858d726b4655a75e6b 3249600bc36e45c48692e41a8e6710f4 - - default default] 10.0.0.179 "GET /v2.0/floatingips HTTP/1.1" status: 200 len: 212 time: 0.0317690
2026-04-21 18:32:19.264 9 INFO neutron.wsgi [None req-995ac291-69d8-4dd9-82e2-25dfa739629e 7d27d9fb4b8745858d726b4655a75e6b 3249600bc36e45c48692e41a8e6710f4 - - default default] 10.0.0.179 "GET /v2.0/routers HTTP/1.1" status: 200 len: 208 time: 0.0385313
2026-04-21 18:32:19.321 9 INFO neutron.wsgi [None req-d64dbdca-95dc-468e-b709-179b7ed76470 7d27d9fb4b8745858d726b4655a75e6b 3249600bc36e45c48692e41a8e6710f4 - - default default] 10.0.0.179 "GET /v2.0/ports HTTP/1.1" status: 200 len: 5370 time: 0.0506985
2026-04-21 18:32:19.380 9 INFO neutron.wsgi [None req-182bb0f1-68b6-41f1-8cbb-cfb96d43eace 7d27d9fb4b8745858d726b4655a75e6b 3249600bc36e45c48692e41a8e6710f4 - - default default] 10.0.0.179 "GET /v2.0/subnets HTTP/1.1" status: 200 len: 1456 time: 0.0542064
2026-04-21 18:32:19.457 9 INFO neutron.wsgi [None req-9bd85ff1-55f7-41df-850f-8691307dad00 7d27d9fb4b8745858d726b4655a75e6b 3249600bc36e45c48692e41a8e6710f4 - - default default] 10.0.0.179 "GET /v2.0/networks HTTP/1.1" status: 200 len: 2369 time: 0.0717399
2026-04-21 18:32:19.509 9 INFO neutron.wsgi [None req-cf36387f-cc86-4be2-b68d-dcab9cc5e836 7d27d9fb4b8745858d726b4655a75e6b 3249600bc36e45c48692e41a8e6710f4 - - default default] 10.0.0.179 "GET /v2.0/security-groups HTTP/1.1" status: 200 len: 17597 time: 0.0469084
2026-04-21 18:32:19.527 9 INFO neutron.wsgi [None req-9bfd6e60-8a7f-4057-b095-8bf2b315638f 7d27d9fb4b8745858d726b4655a75e6b 3249600bc36e45c48692e41a8e6710f4 - - default default] 10.0.0.179 "GET /v2.0/subnetpools HTTP/1.1" status: 200 len: 212 time: 0.0124776
2026-04-21 18:32:30.537 9 INFO neutron.db.ovn_revision_numbers_db [None req-fd8fdb51-d261-4355-8f13-c3d3042bee47 7d27d9fb4b8745858d726b4655a75e6b 3249600bc36e45c48692e41a8e6710f4 - - default default] Successfully bumped revision number for resource 5aeb9b1e-4e29-4fde-8e56-581e2782f57d (type: security_groups) to 1
2026-04-21 18:32:30.553 9 INFO neutron.db.ovn_revision_numbers_db [None req-fd8fdb51-d261-4355-8f13-c3d3042bee47 7d27d9fb4b8745858d726b4655a75e6b 3249600bc36e45c48692e41a8e6710f4 - - default default] Successfully bumped revision number for resource 2488d30e-a63a-4a43-ba66-c8d0dc0a2e52 (type: security_group_rules) to 0
2026-04-21 18:32:30.568 9 INFO neutron.db.ovn_revision_numbers_db [None req-fd8fdb51-d261-4355-8f13-c3d3042bee47 7d27d9fb4b8745858d726b4655a75e6b 3249600bc36e45c48692e41a8e6710f4 - - default default] Successfully bumped revision number for resource a64dc5aa-bec4-4a22-b39e-d3939fe4f93f (type: security_group_rules) to 0
2026-04-21 18:32:30.582 9 INFO neutron.db.ovn_revision_numbers_db [None req-fd8fdb51-d261-4355-8f13-c3d3042bee47 7d27d9fb4b8745858d726b4655a75e6b 3249600bc36e45c48692e41a8e6710f4 - - default default] Successfully bumped revision number for resource bd2e71b8-8e6a-4407-8f8a-7055f6991fa9 (type: security_group_rules) to 0
2026-04-21 18:32:30.597 9 INFO neutron.db.ovn_revision_numbers_db [None req-fd8fdb51-d261-4355-8f13-c3d3042bee47 7d27d9fb4b8745858d726b4655a75e6b 3249600bc36e45c48692e41a8e6710f4 - - default default] Successfully bumped revision number for resource d7a0f7b4-1e61-4759-8044-bfb3bbe7bda3 (type: security_group_rules) to 0
2026-04-21 18:32:30.638 10 INFO neutron.db.ovn_revision_numbers_db [None req-b4f41aae-9f89-49d4-92f5-552d7f58556b 7d27d9fb4b8745858d726b4655a75e6b 3249600bc36e45c48692e41a8e6710f4 - - default default] Successfully bumped revision number for resource 547ea050-e466-42e8-9979-5e00b30e680c (type: security_groups) to 1
2026-04-21 18:32:30.662 9 INFO neutron.db.segments_db [None req-fd8fdb51-d261-4355-8f13-c3d3042bee47 7d27d9fb4b8745858d726b4655a75e6b 3249600bc36e45c48692e41a8e6710f4 - - default default] Added segment 28cac85f-613b-4f29-ab73-5bc0ee6bebd0 of type geneve for network aead3095-cdd5-4f92-96a2-358cff0e63b0
2026-04-21 18:32:30.662 10 INFO neutron.db.ovn_revision_numbers_db [None req-b4f41aae-9f89-49d4-92f5-552d7f58556b 7d27d9fb4b8745858d726b4655a75e6b 3249600bc36e45c48692e41a8e6710f4 - - default default] Successfully bumped revision number for resource 73fd250f-5527-4b9b-8199-abe6be05fc7b (type: security_group_rules) to 0
2026-04-21 18:32:30.678 10 INFO neutron.db.ovn_revision_numbers_db [None req-b4f41aae-9f89-49d4-92f5-552d7f58556b 7d27d9fb4b8745858d726b4655a75e6b 3249600bc36e45c48692e41a8e6710f4 - - default default] Successfully bumped revision number for resource 7721c567-30c7-4903-bd15-087c77e3e6d9 (type: security_group_rules) to 0
2026-04-21 18:32:30.680 10 INFO neutron.db.ovn_revision_numbers_db [None req-dd438b26-8252-45bb-b960-7b9846dc70b8 7d27d9fb4b8745858d726b4655a75e6b 3249600bc36e45c48692e41a8e6710f4 - - default default] Successfully bumped revision number for resource c3553780-1acb-4e43-bcaa-483f1d66227a (type: security_groups) to 1
2026-04-21 18:32:30.694 10 INFO neutron.db.ovn_revision_numbers_db [None req-b4f41aae-9f89-49d4-92f5-552d7f58556b 7d27d9fb4b8745858d726b4655a75e6b 3249600bc36e45c48692e41a8e6710f4 - - default default] Successfully bumped revision number for resource 943d71b5-4316-49aa-8877-e0158019abaf (type: security_group_rules) to 0
2026-04-21 18:32:30.698 10 INFO neutron.db.ovn_revision_numbers_db [None req-dd438b26-8252-45bb-b960-7b9846dc70b8 7d27d9fb4b8745858d726b4655a75e6b 3249600bc36e45c48692e41a8e6710f4 - - default default] Successfully bumped revision number for resource 0e0598d8-4730-4314-85a5-eb4aded93fac (type: security_group_rules) to 0
2026-04-21 18:32:30.708 10 INFO neutron.db.ovn_revision_numbers_db [None req-b4f41aae-9f89-49d4-92f5-552d7f58556b 7d27d9fb4b8745858d726b4655a75e6b 3249600bc36e45c48692e41a8e6710f4 - - default default] Successfully bumped revision number for resource d8fde770-ba5d-4962-8774-686ca217e4ab (type: security_group_rules) to 0
2026-04-21 18:32:30.712 10 INFO neutron.db.ovn_revision_numbers_db [None req-dd438b26-8252-45bb-b960-7b9846dc70b8 7d27d9fb4b8745858d726b4655a75e6b 3249600bc36e45c48692e41a8e6710f4 - - default default] Successfully bumped revision number for resource 2b4f6c71-138f-4e7d-9535-f30ead8901e6 (type: security_group_rules) to 0
2026-04-21 18:32:30.734 10 INFO neutron.db.ovn_revision_numbers_db [None req-dd438b26-8252-45bb-b960-7b9846dc70b8 7d27d9fb4b8745858d726b4655a75e6b 3249600bc36e45c48692e41a8e6710f4 - - default default] Successfully bumped revision number for resource aef511cf-367b-4c4d-bbf0-11b2bbb85a5e (type: security_group_rules) to 0
2026-04-21 18:32:30.752 10 INFO neutron.db.ovn_revision_numbers_db [None req-dd438b26-8252-45bb-b960-7b9846dc70b8 7d27d9fb4b8745858d726b4655a75e6b 3249600bc36e45c48692e41a8e6710f4 - - default default] Successfully bumped revision number for resource ce7ebc62-44f7-45b6-a5f4-8c497ed1d66c (type: security_group_rules) to 0
2026-04-21 18:32:30.773 10 INFO neutron.db.segments_db [None req-b4f41aae-9f89-49d4-92f5-552d7f58556b 7d27d9fb4b8745858d726b4655a75e6b 3249600bc36e45c48692e41a8e6710f4 - - default default] Added segment bbde65c3-61f5-4683-901c-c3e8276d0484 of type geneve for network c7270bbd-fd31-49de-bbc8-9d112ceaea33
2026-04-21 18:32:30.817 10 INFO neutron.db.segments_db [None req-dd438b26-8252-45bb-b960-7b9846dc70b8 7d27d9fb4b8745858d726b4655a75e6b 3249600bc36e45c48692e41a8e6710f4 - - default default] Added segment f1f47168-5494-4397-9229-ee10f91989b2 of type geneve for network 9892ba81-913c-4d51-a4ab-f5abf044e1bb
2026-04-21 18:32:30.875 9 INFO neutron.db.ovn_revision_numbers_db [None req-fd8fdb51-d261-4355-8f13-c3d3042bee47 7d27d9fb4b8745858d726b4655a75e6b 3249600bc36e45c48692e41a8e6710f4 - - default default] Successfully bumped revision number for resource aead3095-cdd5-4f92-96a2-358cff0e63b0 (type: networks) to 1
2026-04-21 18:32:30.967 10 INFO neutron.db.ovn_revision_numbers_db [None req-b4f41aae-9f89-49d4-92f5-552d7f58556b 7d27d9fb4b8745858d726b4655a75e6b 3249600bc36e45c48692e41a8e6710f4 - - default default] Successfully bumped revision number for resource c7270bbd-fd31-49de-bbc8-9d112ceaea33 (type: networks) to 1
2026-04-21 18:32:31.027 10 INFO neutron.db.ovn_revision_numbers_db [None req-dd438b26-8252-45bb-b960-7b9846dc70b8 7d27d9fb4b8745858d726b4655a75e6b 3249600bc36e45c48692e41a8e6710f4 - - default default] Successfully bumped revision number for resource 9892ba81-913c-4d51-a4ab-f5abf044e1bb (type: networks) to 1
2026-04-21 18:32:31.073 9 WARNING neutron.scheduler.dhcp_agent_scheduler [None req-fd8fdb51-d261-4355-8f13-c3d3042bee47 7d27d9fb4b8745858d726b4655a75e6b 3249600bc36e45c48692e41a8e6710f4 - - default default] No more DHCP agents
2026-04-21 18:32:31.075 9 WARNING neutron.api.rpc.agentnotifiers.dhcp_rpc_agent_api [None req-fd8fdb51-d261-4355-8f13-c3d3042bee47 7d27d9fb4b8745858d726b4655a75e6b 3249600bc36e45c48692e41a8e6710f4 - - default default] Unable to schedule network aead3095-cdd5-4f92-96a2-358cff0e63b0: no agents available; will retry on subsequent port and subnet creation events.
2026-04-21 18:32:31.177 9 INFO neutron.db.ovn_revision_numbers_db [None req-fd8fdb51-d261-4355-8f13-c3d3042bee47 7d27d9fb4b8745858d726b4655a75e6b 3249600bc36e45c48692e41a8e6710f4 - - default default] Successfully bumped revision number for resource c4e56fee-226a-48a3-be1e-adb629b3948f (type: ports) to 1
2026-04-21 18:32:31.200 9 INFO neutron.wsgi [None req-fd8fdb51-d261-4355-8f13-c3d3042bee47 7d27d9fb4b8745858d726b4655a75e6b 3249600bc36e45c48692e41a8e6710f4 - - default default] 10.0.0.179 "POST /v2.0/networks HTTP/1.1" status: 201 len: 951 time: 1.0539267
2026-04-21 18:32:31.201 10 WARNING neutron.scheduler.dhcp_agent_scheduler [None req-b4f41aae-9f89-49d4-92f5-552d7f58556b 7d27d9fb4b8745858d726b4655a75e6b 3249600bc36e45c48692e41a8e6710f4 - - default default] No more DHCP agents
2026-04-21 18:32:31.203 10 WARNING neutron.api.rpc.agentnotifiers.dhcp_rpc_agent_api [None req-b4f41aae-9f89-49d4-92f5-552d7f58556b 7d27d9fb4b8745858d726b4655a75e6b 3249600bc36e45c48692e41a8e6710f4 - - default default] Unable to schedule network c7270bbd-fd31-49de-bbc8-9d112ceaea33: no agents available; will retry on subsequent port and subnet creation events.
2026-04-21 18:32:31.273 10 WARNING neutron.scheduler.dhcp_agent_scheduler [None req-dd438b26-8252-45bb-b960-7b9846dc70b8 7d27d9fb4b8745858d726b4655a75e6b 3249600bc36e45c48692e41a8e6710f4 - - default default] No more DHCP agents
2026-04-21 18:32:31.276 10 WARNING neutron.api.rpc.agentnotifiers.dhcp_rpc_agent_api [None req-dd438b26-8252-45bb-b960-7b9846dc70b8 7d27d9fb4b8745858d726b4655a75e6b 3249600bc36e45c48692e41a8e6710f4 - - default default] Unable to schedule network 9892ba81-913c-4d51-a4ab-f5abf044e1bb: no agents available; will retry on subsequent port and subnet creation events.
2026-04-21 18:32:31.323 10 INFO neutron.db.ovn_revision_numbers_db [None req-b4f41aae-9f89-49d4-92f5-552d7f58556b 7d27d9fb4b8745858d726b4655a75e6b 3249600bc36e45c48692e41a8e6710f4 - - default default] Successfully bumped revision number for resource c9f9a6a9-9b40-4a56-8b81-4452d2da242c (type: ports) to 1
2026-04-21 18:32:31.354 10 INFO neutron.wsgi [None req-b4f41aae-9f89-49d4-92f5-552d7f58556b 7d27d9fb4b8745858d726b4655a75e6b 3249600bc36e45c48692e41a8e6710f4 - - default default] 10.0.0.179 "POST /v2.0/networks HTTP/1.1" status: 201 len: 946 time: 0.9615467
2026-04-21 18:32:31.369 9 INFO neutron.db.ovn_revision_numbers_db [None req-9480f978-7d09-40cb-af37-31986035f435 7d27d9fb4b8745858d726b4655a75e6b 3249600bc36e45c48692e41a8e6710f4 - - default default] Successfully bumped revision number for resource 01cec6b2-ca2f-41c3-9f35-a28a58f49307 (type: security_groups) to 1
2026-04-21 18:32:31.389 9 INFO neutron.db.ovn_revision_numbers_db [None req-9480f978-7d09-40cb-af37-31986035f435 7d27d9fb4b8745858d726b4655a75e6b 3249600bc36e45c48692e41a8e6710f4 - - default default] Successfully bumped revision number for resource 25999258-5856-4d27-9f33-5843821a6023 (type: security_group_rules) to 0
2026-04-21 18:32:31.394 10 INFO neutron.wsgi [-] 10.0.0.171 "GET / HTTP/1.1" status: 200 len: 247 time: 0.0014272
2026-04-21 18:32:31.398 10 INFO neutron.wsgi [-] 10.0.0.171 "GET / HTTP/1.1" status: 200 len: 247 time: 0.0035527
2026-04-21 18:32:31.399 10 INFO neutron.db.ovn_revision_numbers_db [None req-dd438b26-8252-45bb-b960-7b9846dc70b8 7d27d9fb4b8745858d726b4655a75e6b 3249600bc36e45c48692e41a8e6710f4 - - default default] Successfully bumped revision number for resource 7d3c2996-ef57-410f-830c-74487f1ba471 (type: ports) to 1
2026-04-21 18:32:31.413 9 INFO neutron.db.ovn_revision_numbers_db [None req-9480f978-7d09-40cb-af37-31986035f435 7d27d9fb4b8745858d726b4655a75e6b 3249600bc36e45c48692e41a8e6710f4 - - default default] Successfully bumped revision number for resource 282e664b-09ea-4f62-a8e8-47961300d610 (type: security_group_rules) to 0
2026-04-21 18:32:31.414 9 WARNING neutron.scheduler.dhcp_agent_scheduler [None req-72d3f590-ee06-4cb0-8864-df46b9619732 7d27d9fb4b8745858d726b4655a75e6b 3249600bc36e45c48692e41a8e6710f4 - - default default] No more DHCP agents
2026-04-21 18:32:31.417 9 WARNING neutron.api.rpc.agentnotifiers.dhcp_rpc_agent_api [None req-72d3f590-ee06-4cb0-8864-df46b9619732 7d27d9fb4b8745858d726b4655a75e6b 3249600bc36e45c48692e41a8e6710f4 - - default default] Unable to schedule network aead3095-cdd5-4f92-96a2-358cff0e63b0: no agents available; will retry on subsequent port and subnet creation events.
2026-04-21 18:32:31.436 10 INFO neutron.wsgi [None req-dd438b26-8252-45bb-b960-7b9846dc70b8 7d27d9fb4b8745858d726b4655a75e6b 3249600bc36e45c48692e41a8e6710f4 - - default default] 10.0.0.179 "POST /v2.0/networks HTTP/1.1" status: 201 len: 949 time: 0.9894159
2026-04-21 18:32:31.436 9 INFO neutron.db.ovn_revision_numbers_db [None req-9480f978-7d09-40cb-af37-31986035f435 7d27d9fb4b8745858d726b4655a75e6b 3249600bc36e45c48692e41a8e6710f4 - - default default] Successfully bumped revision number for resource 71290dea-4a56-408d-ad42-42d1717915fe (type: security_group_rules) to 0
2026-04-21 18:32:31.469 9 INFO neutron.db.ovn_revision_numbers_db [None req-9480f978-7d09-40cb-af37-31986035f435 7d27d9fb4b8745858d726b4655a75e6b 3249600bc36e45c48692e41a8e6710f4 - - default default] Successfully bumped revision number for resource 8eb796d1-fab5-4e30-9c24-f64b754bde0d (type: security_group_rules) to 0
2026-04-21 18:32:31.498 9 INFO neutron.wsgi [None req-9480f978-7d09-40cb-af37-31986035f435 7d27d9fb4b8745858d726b4655a75e6b 3249600bc36e45c48692e41a8e6710f4 - - default default] 10.0.0.179 "GET /v2.0/security-groups?tenant_id=45b606ed25904f178df4e041a273ccea&name=default HTTP/1.1" status: 200 len: 3116 time: 0.4357078
2026-04-21 18:32:31.568 10 WARNING neutron.scheduler.dhcp_agent_scheduler [None req-f82e0677-aa12-4b12-9f24-2fec6ef41a68 7d27d9fb4b8745858d726b4655a75e6b 3249600bc36e45c48692e41a8e6710f4 - - default default] No more DHCP agents
2026-04-21 18:32:31.571 10 WARNING neutron.api.rpc.agentnotifiers.dhcp_rpc_agent_api [None req-f82e0677-aa12-4b12-9f24-2fec6ef41a68 7d27d9fb4b8745858d726b4655a75e6b 3249600bc36e45c48692e41a8e6710f4 - - default default] Unable to schedule network c7270bbd-fd31-49de-bbc8-9d112ceaea33: no agents available; will retry on subsequent port and subnet creation events.
2026-04-21 18:32:31.651 10 WARNING neutron.scheduler.dhcp_agent_scheduler [None req-8fa53a3e-70a5-4c8e-b982-a3461967a36e 7d27d9fb4b8745858d726b4655a75e6b 3249600bc36e45c48692e41a8e6710f4 - - default default] No more DHCP agents
2026-04-21 18:32:31.656 10 WARNING neutron.api.rpc.agentnotifiers.dhcp_rpc_agent_api [None req-8fa53a3e-70a5-4c8e-b982-a3461967a36e 7d27d9fb4b8745858d726b4655a75e6b 3249600bc36e45c48692e41a8e6710f4 - - default default] Unable to schedule network 9892ba81-913c-4d51-a4ab-f5abf044e1bb: no agents available; will retry on subsequent port and subnet creation events.
2026-04-21 18:32:31.850 9 INFO neutron.wsgi [None req-250003ac-b080-45b9-b0ad-6c53e043c016 7d27d9fb4b8745858d726b4655a75e6b 3249600bc36e45c48692e41a8e6710f4 - - default default] 10.0.0.179 "DELETE /v2.0/security-groups/01cec6b2-ca2f-41c3-9f35-a28a58f49307 HTTP/1.1" status: 204 len: 168 time: 0.3455029
2026-04-21 18:32:32.085 9 INFO neutron.db.ovn_revision_numbers_db [None req-72d3f590-ee06-4cb0-8864-df46b9619732 7d27d9fb4b8745858d726b4655a75e6b 3249600bc36e45c48692e41a8e6710f4 - - default default] Successfully bumped revision number for resource c4e56fee-226a-48a3-be1e-adb629b3948f (type: ports) to 2
2026-04-21 18:32:32.132 9 INFO neutron.db.ovn_revision_numbers_db [None req-72d3f590-ee06-4cb0-8864-df46b9619732 7d27d9fb4b8745858d726b4655a75e6b 3249600bc36e45c48692e41a8e6710f4 - - default default] Successfully bumped revision number for resource e3fad80e-b286-48d5-bb45-e78e984016fb (type: subnets) to 0
2026-04-21 18:32:32.148 9 INFO neutron.wsgi [None req-72d3f590-ee06-4cb0-8864-df46b9619732 7d27d9fb4b8745858d726b4655a75e6b 3249600bc36e45c48692e41a8e6710f4 - - default default] 10.0.0.179 "POST /v2.0/subnets HTTP/1.1" status: 201 len: 871 time: 0.9428089
2026-04-21 18:32:32.376 10 INFO neutron.db.ovn_revision_numbers_db [None req-f82e0677-aa12-4b12-9f24-2fec6ef41a68 7d27d9fb4b8745858d726b4655a75e6b 3249600bc36e45c48692e41a8e6710f4 - - default default] Successfully bumped revision number for resource c9f9a6a9-9b40-4a56-8b81-4452d2da242c (type: ports) to 2
2026-04-21 18:32:32.438 10 INFO neutron.db.ovn_revision_numbers_db [None req-f82e0677-aa12-4b12-9f24-2fec6ef41a68 7d27d9fb4b8745858d726b4655a75e6b 3249600bc36e45c48692e41a8e6710f4 - - default default] Successfully bumped revision number for resource 5b5a2546-1adf-4df3-b9b6-45199f62e8e6 (type: subnets) to 0
2026-04-21 18:32:32.482 10 INFO neutron.wsgi [None req-f82e0677-aa12-4b12-9f24-2fec6ef41a68 7d27d9fb4b8745858d726b4655a75e6b 3249600bc36e45c48692e41a8e6710f4 - - default default] 10.0.0.179 "POST /v2.0/subnets HTTP/1.1" status: 201 len: 866 time: 1.1237848
2026-04-21 18:32:32.527 10 INFO neutron.db.ovn_revision_numbers_db [None req-8fa53a3e-70a5-4c8e-b982-a3461967a36e 7d27d9fb4b8745858d726b4655a75e6b 3249600bc36e45c48692e41a8e6710f4 - - default default] Successfully bumped revision number for resource 7d3c2996-ef57-410f-830c-74487f1ba471 (type: ports) to 2
2026-04-21 18:32:32.653 10 INFO neutron.db.ovn_revision_numbers_db [None req-8fa53a3e-70a5-4c8e-b982-a3461967a36e 7d27d9fb4b8745858d726b4655a75e6b 3249600bc36e45c48692e41a8e6710f4 - - default default] Successfully bumped revision number for resource d16d20c1-5558-413f-9d0d-ed88bfa70859 (type: subnets) to 0
2026-04-21 18:32:32.701 10 INFO neutron.wsgi [None req-8fa53a3e-70a5-4c8e-b982-a3461967a36e 7d27d9fb4b8745858d726b4655a75e6b 3249600bc36e45c48692e41a8e6710f4 - - default default] 10.0.0.179 "POST /v2.0/subnets HTTP/1.1" status: 201 len: 869 time: 1.2600281
2026-04-21 18:32:33.125 9 WARNING neutron.scheduler.dhcp_agent_scheduler [None req-86bd09e3-46a7-4d44-a832-f327371f780e 7d27d9fb4b8745858d726b4655a75e6b 3249600bc36e45c48692e41a8e6710f4 - - default default] No more DHCP agents
2026-04-21 18:32:33.130 9 WARNING neutron.api.rpc.agentnotifiers.dhcp_rpc_agent_api [None req-86bd09e3-46a7-4d44-a832-f327371f780e 7d27d9fb4b8745858d726b4655a75e6b 3249600bc36e45c48692e41a8e6710f4 - - default default] Unable to schedule network b66c8c8f-c1d8-4494-bcab-303e28d34b89: no agents available; will retry on subsequent port and subnet creation events.
2026-04-21 18:32:33.360 10 WARNING neutron.scheduler.dhcp_agent_scheduler [None req-5327eddc-a552-47c0-9950-e57811d8a49e 7d27d9fb4b8745858d726b4655a75e6b 3249600bc36e45c48692e41a8e6710f4 - - default default] No more DHCP agents
2026-04-21 18:32:33.364 10 WARNING neutron.api.rpc.agentnotifiers.dhcp_rpc_agent_api [None req-5327eddc-a552-47c0-9950-e57811d8a49e 7d27d9fb4b8745858d726b4655a75e6b 3249600bc36e45c48692e41a8e6710f4 - - default default] Unable to schedule network b66c8c8f-c1d8-4494-bcab-303e28d34b89: no agents available; will retry on subsequent port and subnet creation events.
2026-04-21 18:32:33.380 9 INFO neutron.db.ovn_revision_numbers_db [None req-86bd09e3-46a7-4d44-a832-f327371f780e 7d27d9fb4b8745858d726b4655a75e6b 3249600bc36e45c48692e41a8e6710f4 - - default default] Successfully bumped revision number for resource 6f25d652-fed7-45ba-8fd1-ebe65d9f526c (type: ports) to 1
2026-04-21 18:32:33.543 10 INFO neutron.db.ovn_revision_numbers_db [None req-5327eddc-a552-47c0-9950-e57811d8a49e 7d27d9fb4b8745858d726b4655a75e6b 3249600bc36e45c48692e41a8e6710f4 - - default default] Successfully bumped revision number for resource 3008abe1-639d-4606-9b1a-f1f2e4843b65 (type: ports) to 1
2026-04-21 18:32:33.591 9 WARNING neutron.scheduler.dhcp_agent_scheduler [None req-a413754c-ac8c-4c21-8d64-0674065246a8 7d27d9fb4b8745858d726b4655a75e6b 3249600bc36e45c48692e41a8e6710f4 - - default default] No more DHCP agents
2026-04-21 18:32:33.599 9 WARNING neutron.api.rpc.agentnotifiers.dhcp_rpc_agent_api [None req-a413754c-ac8c-4c21-8d64-0674065246a8 7d27d9fb4b8745858d726b4655a75e6b 3249600bc36e45c48692e41a8e6710f4 - - default default] Unable to schedule network b66c8c8f-c1d8-4494-bcab-303e28d34b89: no agents available; will retry on subsequent port and subnet creation events.
2026-04-21 18:32:33.844 9 INFO neutron.db.ovn_revision_numbers_db [None req-a413754c-ac8c-4c21-8d64-0674065246a8 7d27d9fb4b8745858d726b4655a75e6b 3249600bc36e45c48692e41a8e6710f4 - - default default] Successfully bumped revision number for resource 9fa833a6-0257-4522-a70d-a12080fd30fb (type: ports) to 1
2026-04-21 18:32:33.922 10 INFO neutron.plugins.ml2.drivers.ovn.mech_driver.ovsdb.extensions.qos [None req-5327eddc-a552-47c0-9950-e57811d8a49e 7d27d9fb4b8745858d726b4655a75e6b 3249600bc36e45c48692e41a8e6710f4 - - default default] Starting OVNClientQosExtension
2026-04-21 18:32:33.992 9 INFO neutron.plugins.ml2.drivers.ovn.mech_driver.ovsdb.extensions.qos [None req-86bd09e3-46a7-4d44-a832-f327371f780e 7d27d9fb4b8745858d726b4655a75e6b 3249600bc36e45c48692e41a8e6710f4 - - default default] Starting OVNClientQosExtension
2026-04-21 18:32:34.290 10 INFO neutron.plugins.ml2.drivers.ovn.mech_driver.ovsdb.commands [None req-7d3e5233-08e6-485d-8c5e-8ade3dffc7d4 - - - - - -] Schedule LRP lrp-3008abe1-639d-4606-9b1a-f1f2e4843b65 on gateway 09926c94-986a-4014-ad0d-ba97998c2f06 with priority 1
2026-04-21 18:32:34.297 10 INFO neutron.plugins.ml2.drivers.ovn.mech_driver.mech_driver [None req-435794ac-8607-41e1-a6ba-fa3908c1826a - - - - - -] OVN reports status up for port: 3008abe1-639d-4606-9b1a-f1f2e4843b65
2026-04-21 18:32:34.335 10 INFO neutron.plugins.ml2.plugin [None req-435794ac-8607-41e1-a6ba-fa3908c1826a - - - - - -] Attempt 1 to provision port 3008abe1-639d-4606-9b1a-f1f2e4843b65
2026-04-21 18:32:34.338 9 INFO neutron.plugins.ml2.drivers.ovn.mech_driver.ovsdb.ovsdb_monitor [-] Router 00dc4459-177a-4977-94c9-a3d4e276fd37 is bound to host instance
2026-04-21 18:32:34.368 10 INFO neutron.db.ovn_revision_numbers_db [None req-5327eddc-a552-47c0-9950-e57811d8a49e 7d27d9fb4b8745858d726b4655a75e6b 3249600bc36e45c48692e41a8e6710f4 - - default default] Successfully bumped revision number for resource 3008abe1-639d-4606-9b1a-f1f2e4843b65 (type: router_ports) to 1
2026-04-21 18:32:34.443 9 INFO neutron.db.ovn_revision_numbers_db [None req-767e5639-5a69-49b8-a05a-2c8b5750ba34 7d27d9fb4b8745858d726b4655a75e6b 3249600bc36e45c48692e41a8e6710f4 - - default default] Successfully bumped revision number for resource a292f0e6-1085-4e8a-93d5-94f01f709430 (type: security_groups) to 1
2026-04-21 18:32:34.506 9 INFO neutron.db.ovn_revision_numbers_db [None req-767e5639-5a69-49b8-a05a-2c8b5750ba34 7d27d9fb4b8745858d726b4655a75e6b 3249600bc36e45c48692e41a8e6710f4 - - default default] Successfully bumped revision number for resource 118d89af-bc2a-455b-a9be-8f7dc17270f8 (type: security_group_rules) to 0
2026-04-21 18:32:34.543 10 INFO neutron.db.ovn_revision_numbers_db [None req-5327eddc-a552-47c0-9950-e57811d8a49e 7d27d9fb4b8745858d726b4655a75e6b 3249600bc36e45c48692e41a8e6710f4 - - default default] Successfully bumped revision number for resource 00dc4459-177a-4977-94c9-a3d4e276fd37 (type: routers) to 2
2026-04-21 18:32:34.561 10 INFO neutron.wsgi [None req-5327eddc-a552-47c0-9950-e57811d8a49e 7d27d9fb4b8745858d726b4655a75e6b 3249600bc36e45c48692e41a8e6710f4 - - default default] 10.0.0.179 "POST /v2.0/routers HTTP/1.1" status: 201 len: 1168 time: 2.0734591
2026-04-21 18:32:34.580 9 INFO neutron.db.ovn_revision_numbers_db [None req-767e5639-5a69-49b8-a05a-2c8b5750ba34 7d27d9fb4b8745858d726b4655a75e6b 3249600bc36e45c48692e41a8e6710f4 - - default default] Successfully bumped revision number for resource a418cb4c-cf3d-44fb-a66d-af7b44f12c77 (type: security_group_rules) to 0
2026-04-21 18:32:34.643 9 INFO neutron.db.ovn_revision_numbers_db [None req-767e5639-5a69-49b8-a05a-2c8b5750ba34 7d27d9fb4b8745858d726b4655a75e6b 3249600bc36e45c48692e41a8e6710f4 - - default default] Successfully bumped revision number for resource efae39d5-a637-4573-a4ca-7e91340eb4a4 (type: security_group_rules) to 0
2026-04-21 18:32:34.698 9 INFO neutron.db.ovn_revision_numbers_db [None req-767e5639-5a69-49b8-a05a-2c8b5750ba34 7d27d9fb4b8745858d726b4655a75e6b 3249600bc36e45c48692e41a8e6710f4 - - default default] Successfully bumped revision number for resource f39beb1c-661f-4f0f-a630-252517ab28e6 (type: security_group_rules) to 0
2026-04-21 18:32:34.783 9 INFO neutron.db.segments_db [None req-767e5639-5a69-49b8-a05a-2c8b5750ba34 7d27d9fb4b8745858d726b4655a75e6b 3249600bc36e45c48692e41a8e6710f4 - - default default] Added segment 1b88ca0e-847a-4759-9a42-0566693bd09b of type geneve for network 05c4ee22-a0db-4bed-b8d5-c140c857bfcf
2026-04-21 18:32:35.089 10 WARNING neutron.scheduler.dhcp_agent_scheduler [None req-c5a33e48-f61b-4e3a-80f7-ae11883e7fce 7d27d9fb4b8745858d726b4655a75e6b 3249600bc36e45c48692e41a8e6710f4 - - default default] No more DHCP agents
2026-04-21 18:32:35.091 10 WARNING neutron.api.rpc.agentnotifiers.dhcp_rpc_agent_api [None req-c5a33e48-f61b-4e3a-80f7-ae11883e7fce 7d27d9fb4b8745858d726b4655a75e6b 3249600bc36e45c48692e41a8e6710f4 - - default default] Unable to schedule network c7270bbd-fd31-49de-bbc8-9d112ceaea33: no agents available; will retry on subsequent port and subnet creation events.
2026-04-21 18:32:35.160 9 INFO neutron.plugins.ml2.drivers.ovn.mech_driver.ovsdb.commands [None req-74871582-511e-445a-8f3c-f666c9efb200 - - - - - -] Schedule LRP lrp-6f25d652-fed7-45ba-8fd1-ebe65d9f526c on gateway 09926c94-986a-4014-ad0d-ba97998c2f06 with priority 1
2026-04-21 18:32:35.262 10 INFO neutron.db.ovn_revision_numbers_db [None req-c5a33e48-f61b-4e3a-80f7-ae11883e7fce 7d27d9fb4b8745858d726b4655a75e6b 3249600bc36e45c48692e41a8e6710f4 - - default default] Successfully bumped revision number for resource 928881e3-83c3-4fef-9939-a54ebc5885b1 (type: ports) to 1
2026-04-21 18:32:35.269 9 INFO neutron.db.ovn_revision_numbers_db [None req-767e5639-5a69-49b8-a05a-2c8b5750ba34 7d27d9fb4b8745858d726b4655a75e6b 3249600bc36e45c48692e41a8e6710f4 - - default default] Successfully bumped revision number for resource 05c4ee22-a0db-4bed-b8d5-c140c857bfcf (type: networks) to 1
2026-04-21 18:32:35.331 9 INFO neutron.db.ovn_revision_numbers_db [None req-86bd09e3-46a7-4d44-a832-f327371f780e 7d27d9fb4b8745858d726b4655a75e6b 3249600bc36e45c48692e41a8e6710f4 - - default default] Successfully bumped revision number for resource 6f25d652-fed7-45ba-8fd1-ebe65d9f526c (type: router_ports) to 1
2026-04-21 18:32:35.524 9 INFO neutron.db.ovn_revision_numbers_db [None req-86bd09e3-46a7-4d44-a832-f327371f780e 7d27d9fb4b8745858d726b4655a75e6b 3249600bc36e45c48692e41a8e6710f4 - - default default] Successfully bumped revision number for resource 50ab7cb2-0eff-474e-877d-88022d1bef9e (type: routers) to 2
2026-04-21 18:32:35.567 9 INFO neutron.wsgi [None req-86bd09e3-46a7-4d44-a832-f327371f780e 7d27d9fb4b8745858d726b4655a75e6b 3249600bc36e45c48692e41a8e6710f4 - - default default] 10.0.0.179 "POST /v2.0/routers HTTP/1.1" status: 201 len: 1173 time: 3.4155159
2026-04-21 18:32:35.717 9 WARNING neutron.scheduler.dhcp_agent_scheduler [None req-767e5639-5a69-49b8-a05a-2c8b5750ba34 7d27d9fb4b8745858d726b4655a75e6b 3249600bc36e45c48692e41a8e6710f4 - - default default] No more DHCP agents
2026-04-21 18:32:35.728 9 WARNING neutron.api.rpc.agentnotifiers.dhcp_rpc_agent_api [None req-767e5639-5a69-49b8-a05a-2c8b5750ba34 7d27d9fb4b8745858d726b4655a75e6b 3249600bc36e45c48692e41a8e6710f4 - - default default] Unable to schedule network 05c4ee22-a0db-4bed-b8d5-c140c857bfcf: no agents available; will retry on subsequent port and subnet creation events.
2026-04-21 18:32:35.764 9 INFO neutron.plugins.ml2.drivers.ovn.mech_driver.ovsdb.commands [None req-74871582-511e-445a-8f3c-f666c9efb200 - - - - - -] Schedule LRP lrp-9fa833a6-0257-4522-a70d-a12080fd30fb on gateway 09926c94-986a-4014-ad0d-ba97998c2f06 with priority 1
2026-04-21 18:32:35.822 10 INFO neutron.plugins.ml2.drivers.ovn.mech_driver.ovsdb.ovsdb_monitor [-] Router 908960c7-9292-4d74-a0e1-96b3a6cd9992 is bound to host instance
2026-04-21 18:32:35.863 9 INFO neutron.db.ovn_revision_numbers_db [None req-a413754c-ac8c-4c21-8d64-0674065246a8 7d27d9fb4b8745858d726b4655a75e6b 3249600bc36e45c48692e41a8e6710f4 - - default default] Successfully bumped revision number for resource 9fa833a6-0257-4522-a70d-a12080fd30fb (type: router_ports) to 1
2026-04-21 18:32:35.902 9 INFO neutron.db.ovn_revision_numbers_db [None req-767e5639-5a69-49b8-a05a-2c8b5750ba34 7d27d9fb4b8745858d726b4655a75e6b 3249600bc36e45c48692e41a8e6710f4 - - default default] Successfully bumped revision number for resource dfa1907c-5458-40c6-a2e8-f74b757e19de (type: ports) to 1
2026-04-21 18:32:35.948 9 INFO neutron.wsgi [None req-767e5639-5a69-49b8-a05a-2c8b5750ba34 7d27d9fb4b8745858d726b4655a75e6b 3249600bc36e45c48692e41a8e6710f4 - - default default] 10.0.0.179 "POST /v2.0/networks HTTP/1.1" status: 201 len: 954 time: 2.2654054
2026-04-21 18:32:36.108 9 INFO neutron.db.ovn_revision_numbers_db [None req-a413754c-ac8c-4c21-8d64-0674065246a8 7d27d9fb4b8745858d726b4655a75e6b 3249600bc36e45c48692e41a8e6710f4 - - default default] Successfully bumped revision number for resource 908960c7-9292-4d74-a0e1-96b3a6cd9992 (type: routers) to 2
2026-04-21 18:32:36.135 9 INFO neutron.wsgi [None req-a413754c-ac8c-4c21-8d64-0674065246a8 7d27d9fb4b8745858d726b4655a75e6b 3249600bc36e45c48692e41a8e6710f4 - - default default] 10.0.0.179 "POST /v2.0/routers HTTP/1.1" status: 201 len: 1171 time: 3.4278643
2026-04-21 18:32:36.223 9 INFO neutron.db.ovn_revision_numbers_db [None req-625f65df-8656-4fea-af0f-be73e6c4a289 - - - - - -] Successfully bumped revision number for resource 3008abe1-639d-4606-9b1a-f1f2e4843b65 (type: ports) to 1
2026-04-21 18:32:36.242 10 ERROR ovsdbapp.backend.ovs_idl.command [None req-c5a33e48-f61b-4e3a-80f7-ae11883e7fce 7d27d9fb4b8745858d726b4655a75e6b 3249600bc36e45c48692e41a8e6710f4 - - default default] Error executing command (DbGetCommand): ovsdbapp.backend.ovs_idl.idlutils.RowNotFound: Cannot find Logical_Router_Port with name=lrp-928881e3-83c3-4fef-9939-a54ebc5885b1
2026-04-21 18:32:36.242 10 ERROR ovsdbapp.backend.ovs_idl.command
Traceback (most recent call last):
2026-04-21 18:32:36.242 10 ERROR ovsdbapp.backend.ovs_idl.command
File "/var/lib/openstack/lib/python3.10/site-packages/ovsdbapp/backend/ovs_idl/command.py", line 47, in execute
2026-04-21 18:32:36.242 10 ERROR ovsdbapp.backend.ovs_idl.command self.run_idl(None)
2026-04-21 18:32:36.242 10 ERROR ovsdbapp.backend.ovs_idl.command
File "/var/lib/openstack/lib/python3.10/site-packages/ovsdbapp/backend/ovs_idl/command.py", line 235, in run_idl
2026-04-21 18:32:36.242 10 ERROR ovsdbapp.backend.ovs_idl.command record = self.api.lookup(self.table, self.record)
2026-04-21 18:32:36.242 10 ERROR ovsdbapp.backend.ovs_idl.command
File "/var/lib/openstack/lib/python3.10/site-packages/ovsdbapp/backend/ovs_idl/__init__.py", line 184, in lookup
2026-04-21 18:32:36.242 10 ERROR ovsdbapp.backend.ovs_idl.command return self._lookup(table, record)
2026-04-21 18:32:36.242 10 ERROR ovsdbapp.backend.ovs_idl.command
File "/var/lib/openstack/lib/python3.10/site-packages/ovsdbapp/backend/ovs_idl/__init__.py", line 235, in _lookup
2026-04-21 18:32:36.242 10 ERROR ovsdbapp.backend.ovs_idl.command row = idlutils.row_by_value(self, rl.table, rl.column, record)
2026-04-21 18:32:36.242 10 ERROR ovsdbapp.backend.ovs_idl.command
File "/var/lib/openstack/lib/python3.10/site-packages/ovsdbapp/backend/ovs_idl/idlutils.py", line 114, in row_by_value
2026-04-21 18:32:36.242 10 ERROR ovsdbapp.backend.ovs_idl.command raise RowNotFound(table=table, col=column, match=match)
2026-04-21 18:32:36.242 10 ERROR ovsdbapp.backend.ovs_idl.command ovsdbapp.backend.ovs_idl.idlutils.RowNotFound: Cannot find Logical_Router_Port with name=lrp-928881e3-83c3-4fef-9939-a54ebc5885b1
2026-04-21 18:32:36.242 10 ERROR ovsdbapp.backend.ovs_idl.command 
2026-04-21 18:32:36.243 10 ERROR neutron_lib.callbacks.manager [None req-c5a33e48-f61b-4e3a-80f7-ae11883e7fce 7d27d9fb4b8745858d726b4655a75e6b 3249600bc36e45c48692e41a8e6710f4 - - default default] Error during notification for neutron.services.ovn_l3.plugin.OVNL3RouterPlugin._port_update-8744619331284 port, after_update: ovsdbapp.backend.ovs_idl.idlutils.RowNotFound: Cannot find Logical_Router_Port with name=lrp-928881e3-83c3-4fef-9939-a54ebc5885b1
2026-04-21 18:32:36.243 10 ERROR neutron_lib.callbacks.manager
Traceback (most recent call last):
2026-04-21 18:32:36.243 10 ERROR neutron_lib.callbacks.manager
File "/var/lib/openstack/lib/python3.10/site-packages/neutron_lib/callbacks/manager.py", line 189, in _notify_loop
2026-04-21 18:32:36.243 10 ERROR neutron_lib.callbacks.manager callback.method(resource, event, trigger, payload=payload)
2026-04-21 18:32:36.243 10 ERROR neutron_lib.callbacks.manager
File "/var/lib/openstack/lib/python3.10/site-packages/neutron/services/ovn_l3/plugin.py", line 391, in _port_update
2026-04-21 18:32:36.243 10 ERROR neutron_lib.callbacks.manager l3plugin._ovn_client.update_router_port(context,
2026-04-21 18:32:36.243 10 ERROR neutron_lib.callbacks.manager
File "/var/lib/openstack/lib/python3.10/site-packages/neutron/plugins/ml2/drivers/ovn/mech_driver/ovsdb/ovn_client.py", line 1878, in update_router_port
2026-04-21 18:32:36.243 10 ERROR neutron_lib.callbacks.manager self._update_lrouter_port(context, port, if_exists=if_exists,
2026-04-21 18:32:36.243 10 ERROR neutron_lib.callbacks.manager
File "/var/lib/openstack/lib/python3.10/site-packages/neutron/plugins/ml2/drivers/ovn/mech_driver/ovsdb/ovn_client.py", line 1855, in _update_lrouter_port
2026-04-21 18:32:36.243 10 ERROR neutron_lib.callbacks.manager external_ids = self._nb_idl.db_get(
2026-04-21 18:32:36.243 10 ERROR neutron_lib.callbacks.manager
File "/var/lib/openstack/lib/python3.10/site-packages/ovsdbapp/backend/ovs_idl/command.py", line 47, in execute
2026-04-21 18:32:36.243 10 ERROR neutron_lib.callbacks.manager self.run_idl(None)
2026-04-21 18:32:36.243 10 ERROR neutron_lib.callbacks.manager
File "/var/lib/openstack/lib/python3.10/site-packages/ovsdbapp/backend/ovs_idl/command.py", line 235, in run_idl
2026-04-21 18:32:36.243 10 ERROR neutron_lib.callbacks.manager record = self.api.lookup(self.table, self.record)
2026-04-21 18:32:36.243 10 ERROR neutron_lib.callbacks.manager
File "/var/lib/openstack/lib/python3.10/site-packages/ovsdbapp/backend/ovs_idl/__init__.py", line 184, in lookup
2026-04-21 18:32:36.243 10 ERROR neutron_lib.callbacks.manager return self._lookup(table, record)
2026-04-21 18:32:36.243 10 ERROR neutron_lib.callbacks.manager
File "/var/lib/openstack/lib/python3.10/site-packages/ovsdbapp/backend/ovs_idl/__init__.py", line 235, in _lookup
2026-04-21 18:32:36.243 10 ERROR neutron_lib.callbacks.manager row = idlutils.row_by_value(self, rl.table, rl.column, record)
2026-04-21 18:32:36.243 10 ERROR neutron_lib.callbacks.manager
File "/var/lib/openstack/lib/python3.10/site-packages/ovsdbapp/backend/ovs_idl/idlutils.py", line 114, in row_by_value
2026-04-21 18:32:36.243 10 ERROR neutron_lib.callbacks.manager raise RowNotFound(table=table, col=column, match=match)
2026-04-21 18:32:36.243 10 ERROR neutron_lib.callbacks.manager ovsdbapp.backend.ovs_idl.idlutils.RowNotFound: Cannot find Logical_Router_Port with name=lrp-928881e3-83c3-4fef-9939-a54ebc5885b1
2026-04-21 18:32:36.243 10 ERROR neutron_lib.callbacks.manager 
2026-04-21 18:32:36.538 10 WARNING neutron.scheduler.dhcp_agent_scheduler [None req-75cc51d5-9904-4d96-9eca-2e0b83328486 7d27d9fb4b8745858d726b4655a75e6b 3249600bc36e45c48692e41a8e6710f4 - - default default] No more DHCP agents
2026-04-21 18:32:36.561 10 WARNING neutron.api.rpc.agentnotifiers.dhcp_rpc_agent_api [None req-75cc51d5-9904-4d96-9eca-2e0b83328486 7d27d9fb4b8745858d726b4655a75e6b 3249600bc36e45c48692e41a8e6710f4 - - default default] Unable to schedule network 05c4ee22-a0db-4bed-b8d5-c140c857bfcf: no agents available; will retry on subsequent port and subnet creation events.
2026-04-21 18:32:36.731 9 INFO neutron.db.ovn_revision_numbers_db [None req-625f65df-8656-4fea-af0f-be73e6c4a289 - - - - - -] Successfully bumped revision number for resource 3008abe1-639d-4606-9b1a-f1f2e4843b65 (type: router_ports) to 3
2026-04-21 18:32:36.821 9 WARNING neutron.scheduler.dhcp_agent_scheduler [None req-d3b38eb5-c2ab-45f1-99ac-ecd19ca21a9a 7d27d9fb4b8745858d726b4655a75e6b 3249600bc36e45c48692e41a8e6710f4 - - default default] No more DHCP agents
2026-04-21 18:32:36.825 9 WARNING neutron.api.rpc.agentnotifiers.dhcp_rpc_agent_api [None req-d3b38eb5-c2ab-45f1-99ac-ecd19ca21a9a 7d27d9fb4b8745858d726b4655a75e6b 3249600bc36e45c48692e41a8e6710f4 - - default default] Unable to schedule network 9892ba81-913c-4d51-a4ab-f5abf044e1bb: no agents available; will retry on subsequent port and subnet creation events.
2026-04-21 18:32:36.889 9 INFO neutron.plugins.ml2.drivers.ovn.mech_driver.mech_driver [-] OVN reports status up for port: 928881e3-83c3-4fef-9939-a54ebc5885b1
2026-04-21 18:32:36.960 10 INFO neutron.db.ovn_revision_numbers_db [None req-c5a33e48-f61b-4e3a-80f7-ae11883e7fce 7d27d9fb4b8745858d726b4655a75e6b 3249600bc36e45c48692e41a8e6710f4 - - default default] Successfully bumped revision number for resource 928881e3-83c3-4fef-9939-a54ebc5885b1 (type: ports) to 1
2026-04-21 18:32:37.047 9 INFO neutron.plugins.ml2.plugin [None req-2037f131-7951-4e35-9024-774f5bac6ef3 - - - - - -] Attempt 1 to provision port 928881e3-83c3-4fef-9939-a54ebc5885b1
2026-04-21 18:32:37.057 10 WARNING neutron.scheduler.dhcp_agent_scheduler [None req-fe37378d-ce93-43eb-9da3-e588c044c406 7d27d9fb4b8745858d726b4655a75e6b 3249600bc36e45c48692e41a8e6710f4 - - default default] No more DHCP agents
2026-04-21 18:32:37.066 10 WARNING neutron.api.rpc.agentnotifiers.dhcp_rpc_agent_api [None req-fe37378d-ce93-43eb-9da3-e588c044c406 7d27d9fb4b8745858d726b4655a75e6b 3249600bc36e45c48692e41a8e6710f4 - - default default] Unable to schedule network aead3095-cdd5-4f92-96a2-358cff0e63b0: no agents available; will retry on subsequent port and subnet creation events.
2026-04-21 18:32:37.184 10 WARNING neutron.scheduler.dhcp_agent_scheduler [None req-c5a33e48-f61b-4e3a-80f7-ae11883e7fce 7d27d9fb4b8745858d726b4655a75e6b 3249600bc36e45c48692e41a8e6710f4 - - default default] No more DHCP agents
2026-04-21 18:32:37.188 10 WARNING neutron.api.rpc.agentnotifiers.dhcp_rpc_agent_api [None req-c5a33e48-f61b-4e3a-80f7-ae11883e7fce 7d27d9fb4b8745858d726b4655a75e6b 3249600bc36e45c48692e41a8e6710f4 - - default default] Unable to schedule network c7270bbd-fd31-49de-bbc8-9d112ceaea33: no agents available; will retry on subsequent port and subnet creation events.
2026-04-21 18:32:37.223 9 INFO neutron.db.ovn_revision_numbers_db [None req-625f65df-8656-4fea-af0f-be73e6c4a289 - - - - - -] Successfully bumped revision number for resource 3008abe1-639d-4606-9b1a-f1f2e4843b65 (type: ports) to 2
2026-04-21 18:32:37.232 9 INFO neutron.db.ovn_revision_numbers_db [None req-d3b38eb5-c2ab-45f1-99ac-ecd19ca21a9a 7d27d9fb4b8745858d726b4655a75e6b 3249600bc36e45c48692e41a8e6710f4 - - default default] Successfully bumped revision number for resource bfd1cad5-cd49-45c4-9b85-0ed470562dae (type: ports) to 1
2026-04-21 18:32:37.322 10 INFO neutron.plugins.ml2.drivers.ovn.mech_driver.mech_driver [None req-435794ac-8607-41e1-a6ba-fa3908c1826a - - - - - -] OVN reports status up for port: 6f25d652-fed7-45ba-8fd1-ebe65d9f526c
2026-04-21 18:32:37.355 10 INFO neutron.plugins.ml2.plugin [None req-435794ac-8607-41e1-a6ba-fa3908c1826a - - - - - -] Attempt 1 to provision port 6f25d652-fed7-45ba-8fd1-ebe65d9f526c
2026-04-21 18:32:37.452 10 INFO neutron.db.ovn_revision_numbers_db [None req-fe37378d-ce93-43eb-9da3-e588c044c406 7d27d9fb4b8745858d726b4655a75e6b 3249600bc36e45c48692e41a8e6710f4 - - default default] Successfully bumped revision number for resource a28eceec-fd64-4052-b2fd-561813f147dd (type: ports) to 1
2026-04-21 18:32:37.884 10 INFO neutron.db.ovn_revision_numbers_db [None req-22c8db96-7a0a-4d47-ae95-80a7e7190d6f - - - - - -] Successfully bumped revision number for resource 9fa833a6-0257-4522-a70d-a12080fd30fb (type: ports) to 1
2026-04-21 18:32:38.023 9 INFO neutron.db.ovn_revision_numbers_db [None req-2037f131-7951-4e35-9024-774f5bac6ef3 - - - - - -] Successfully bumped revision number for resource 928881e3-83c3-4fef-9939-a54ebc5885b1 (type: ports) to 2
2026-04-21 18:32:38.151 9 INFO neutron.db.ovn_revision_numbers_db [None req-625f65df-8656-4fea-af0f-be73e6c4a289 - - - - - -] Successfully bumped revision number for resource 3008abe1-639d-4606-9b1a-f1f2e4843b65 (type: ports) to 4
2026-04-21 18:32:38.152 10 INFO neutron.db.ovn_revision_numbers_db [None req-75cc51d5-9904-4d96-9eca-2e0b83328486 7d27d9fb4b8745858d726b4655a75e6b 3249600bc36e45c48692e41a8e6710f4 - - default default] Successfully bumped revision number for resource dfa1907c-5458-40c6-a2e8-f74b757e19de (type: ports) to 2
2026-04-21 18:32:38.245 10 INFO neutron.db.ovn_revision_numbers_db [None req-75cc51d5-9904-4d96-9eca-2e0b83328486 7d27d9fb4b8745858d726b4655a75e6b 3249600bc36e45c48692e41a8e6710f4 - - default default] Successfully bumped revision number for resource fcb96931-b63c-4224-b25f-961ee835d073 (type: subnets) to 0
2026-04-21 18:32:38.308 9 ERROR ovsdbapp.backend.ovs_idl.command [None req-2037f131-7951-4e35-9024-774f5bac6ef3 - - - - - -] Error executing command (DbGetCommand): ovsdbapp.backend.ovs_idl.idlutils.RowNotFound: Cannot find Logical_Router_Port with name=lrp-928881e3-83c3-4fef-9939-a54ebc5885b1
2026-04-21 18:32:38.308 9 ERROR ovsdbapp.backend.ovs_idl.command
Traceback (most recent call last):
2026-04-21 18:32:38.308 9 ERROR ovsdbapp.backend.ovs_idl.command
File "/var/lib/openstack/lib/python3.10/site-packages/ovsdbapp/backend/ovs_idl/command.py", line 47, in execute
2026-04-21 18:32:38.308 9 ERROR ovsdbapp.backend.ovs_idl.command self.run_idl(None)
2026-04-21 18:32:38.308 9 ERROR ovsdbapp.backend.ovs_idl.command
File "/var/lib/openstack/lib/python3.10/site-packages/ovsdbapp/backend/ovs_idl/command.py", line 235, in run_idl
2026-04-21 18:32:38.308 9 ERROR ovsdbapp.backend.ovs_idl.command record = self.api.lookup(self.table, self.record)
2026-04-21 18:32:38.308 9 ERROR ovsdbapp.backend.ovs_idl.command
File "/var/lib/openstack/lib/python3.10/site-packages/ovsdbapp/backend/ovs_idl/__init__.py", line 184, in lookup
2026-04-21 18:32:38.308 9 ERROR ovsdbapp.backend.ovs_idl.command return self._lookup(table, record)
2026-04-21 18:32:38.308 9 ERROR ovsdbapp.backend.ovs_idl.command
File "/var/lib/openstack/lib/python3.10/site-packages/ovsdbapp/backend/ovs_idl/__init__.py", line 235, in _lookup
2026-04-21 18:32:38.308 9 ERROR ovsdbapp.backend.ovs_idl.command row = idlutils.row_by_value(self, rl.table, rl.column, record)
2026-04-21 18:32:38.308 9 ERROR ovsdbapp.backend.ovs_idl.command
File "/var/lib/openstack/lib/python3.10/site-packages/ovsdbapp/backend/ovs_idl/idlutils.py", line 114, in row_by_value
2026-04-21 18:32:38.308 9 ERROR ovsdbapp.backend.ovs_idl.command raise RowNotFound(table=table, col=column, match=match)
2026-04-21 18:32:38.308 9 ERROR ovsdbapp.backend.ovs_idl.command ovsdbapp.backend.ovs_idl.idlutils.RowNotFound: Cannot find Logical_Router_Port with name=lrp-928881e3-83c3-4fef-9939-a54ebc5885b1
2026-04-21 18:32:38.308 9 ERROR ovsdbapp.backend.ovs_idl.command 
