2026-04-21 18:35:29.564 10 INFO neutron.db.ovn_revision_numbers_db [None req-435794ac-8607-41e1-a6ba-fa3908c1826a - - - - - -] Successfully bumped revision number for resource 4cb04be0-5b11-4890-8efb-23f3c9e8b1ad (type: ports) to 2
2026-04-21 18:35:29.725 10 INFO neutron.db.ovn_revision_numbers_db [None req-435794ac-8607-41e1-a6ba-fa3908c1826a - - - - - -] Successfully bumped revision number for resource 4cb04be0-5b11-4890-8efb-23f3c9e8b1ad (type: router_ports) to 2
2026-04-21 18:35:29.961 9 INFO neutron.wsgi [req-1d98537a-df83-4f17-840a-c169d1993fd4 req-e0747d88-6656-466e-a2a3-5190102d35b7 429d060cc9b6413b959672a553acc84d 36eb16e32bbe466e9cc39b31c4aae260 - - default default] 10.0.0.202 "GET /v2.0/ports?device_id=b579e37f-c283-40b7-981d-fed277852a32 HTTP/1.1" status: 200 len: 1174 time: 0.0449064
2026-04-21 18:35:30.020 9 INFO neutron.wsgi [req-1d98537a-df83-4f17-840a-c169d1993fd4 req-f2b76caa-586b-44a1-a4c3-0d6054c01a48 429d060cc9b6413b959672a553acc84d 36eb16e32bbe466e9cc39b31c4aae260 - - default default] 10.0.0.202 "GET /v2.0/security-groups?id=7bccb6b9-2978-42f8-a23d-509d67a0e47e&fields=id&fields=name HTTP/1.1" status: 200 len: 286 time: 0.0488429 /var/lib/openstack/lib/python3.10/site-packages/pycadf/identifier.py:71: UserWarning: Invalid uuid: neutron. To ensure interoperability, identifiers should be a valid uuid. warnings.warn(('Invalid uuid: %s. To ensure interoperability, '
2026-04-21 18:35:30.334 10 INFO neutron.db.ovn_revision_numbers_db [None req-46fe8977-492e-4182-b34b-1357b1914efd 7d27d9fb4b8745858d726b4655a75e6b 3249600bc36e45c48692e41a8e6710f4 - - default default] Successfully bumped revision number for resource 34641b0e-cdb8-4695-b083-dcf7107253d9 (type: security_groups) to 1
2026-04-21 18:35:30.355 10 INFO neutron.wsgi [req-c20284a9-15ea-4094-88fd-74d4ba778203 req-ba482e14-8ca2-4383-a5f5-6376da9e7627 429d060cc9b6413b959672a553acc84d 36eb16e32bbe466e9cc39b31c4aae260 - - default default] 199.19.213.138 "GET /v2.0/ports?device_id=b579e37f-c283-40b7-981d-fed277852a32 HTTP/1.1" status: 200 len: 1174 time: 0.1173921
2026-04-21 18:35:30.355 10 INFO neutron.db.ovn_revision_numbers_db [None req-46fe8977-492e-4182-b34b-1357b1914efd 7d27d9fb4b8745858d726b4655a75e6b 3249600bc36e45c48692e41a8e6710f4 - - default default] Successfully bumped revision number for resource 04d3b253-3b17-4cb1-ae0f-df4a597c1fb7 (type: security_group_rules) to 0
2026-04-21 18:35:30.371 10 INFO neutron.db.ovn_revision_numbers_db [None req-46fe8977-492e-4182-b34b-1357b1914efd 7d27d9fb4b8745858d726b4655a75e6b 3249600bc36e45c48692e41a8e6710f4 - - default default] Successfully bumped revision number for resource 79e3f4a8-74a6-43b4-9da5-9666f8d97eee (type: security_group_rules) to 0
2026-04-21 18:35:30.393 10 INFO neutron.db.ovn_revision_numbers_db [None req-46fe8977-492e-4182-b34b-1357b1914efd 7d27d9fb4b8745858d726b4655a75e6b 3249600bc36e45c48692e41a8e6710f4 - - default default] Successfully bumped revision number for resource a3561a77-619d-43da-bc98-5042657de5da (type: security_group_rules) to 0
2026-04-21 18:35:30.411 10 INFO neutron.db.ovn_revision_numbers_db [None req-46fe8977-492e-4182-b34b-1357b1914efd 7d27d9fb4b8745858d726b4655a75e6b 3249600bc36e45c48692e41a8e6710f4 - - default default] Successfully bumped revision number for resource a8c43e6b-c7b6-40e0-9beb-e35aab48ca67 (type: security_group_rules) to 0
2026-04-21 18:35:30.466 10 INFO neutron.db.segments_db [None req-46fe8977-492e-4182-b34b-1357b1914efd 7d27d9fb4b8745858d726b4655a75e6b 3249600bc36e45c48692e41a8e6710f4 - - default default] Added segment d5fdf57b-ecc3-4b13-9101-8093bb066ac2 of type geneve for network d578ee8b-c8aa-4c4a-9d40-84f3ded1e557
2026-04-21 18:35:30.891 10 INFO neutron.notifiers.nova [-] Nova event matching ['req-e91ed615-b9ba-4ec5-925b-6a54f7bba36c'] response: {'server_uuid': 'b579e37f-c283-40b7-981d-fed277852a32', 'name': 'network-vif-plugged', 'status': 'completed', 'tag': '0b55f1b7-4106-4a23-bda1-097d79903928', 'code': 200}
2026-04-21 18:35:30.911 10 INFO neutron.db.ovn_revision_numbers_db [None req-46fe8977-492e-4182-b34b-1357b1914efd 7d27d9fb4b8745858d726b4655a75e6b 3249600bc36e45c48692e41a8e6710f4 - - default default] Successfully bumped revision number for resource d578ee8b-c8aa-4c4a-9d40-84f3ded1e557 (type: networks) to 1
2026-04-21 18:35:31.072 10 INFO neutron.wsgi [req-c20284a9-15ea-4094-88fd-74d4ba778203 req-34d16962-42cf-4672-8dbc-3962e79497af 429d060cc9b6413b959672a553acc84d 36eb16e32bbe466e9cc39b31c4aae260 - - default default] 199.19.213.138 "DELETE /v2.0/ports/0b55f1b7-4106-4a23-bda1-097d79903928 HTTP/1.1" status: 204 len: 173 time: 0.7096612
2026-04-21 18:35:31.135 9 INFO neutron.wsgi [req-5bbd4dc5-ca6b-4932-a6aa-fcd18c23b0c5 req-dd5cfb04-a03e-4c82-b038-44cc6f391cd7 429d060cc9b6413b959672a553acc84d 36eb16e32bbe466e9cc39b31c4aae260 - - default default] 10.0.0.202 "GET /v2.0/ports?device_id=b579e37f-c283-40b7-981d-fed277852a32 HTTP/1.1" status: 200 len: 210 time: 0.0493815
2026-04-21 18:35:31.136 10 WARNING neutron.scheduler.dhcp_agent_scheduler [None req-46fe8977-492e-4182-b34b-1357b1914efd 7d27d9fb4b8745858d726b4655a75e6b 3249600bc36e45c48692e41a8e6710f4 - - default default] No more DHCP agents
2026-04-21 18:35:31.137 10 WARNING neutron.api.rpc.agentnotifiers.dhcp_rpc_agent_api [None req-46fe8977-492e-4182-b34b-1357b1914efd 7d27d9fb4b8745858d726b4655a75e6b 3249600bc36e45c48692e41a8e6710f4 - - default default] Unable to schedule network d578ee8b-c8aa-4c4a-9d40-84f3ded1e557: no agents available; will retry on subsequent port and subnet creation events.
2026-04-21 18:35:31.227 10 INFO neutron.db.ovn_revision_numbers_db [None req-46fe8977-492e-4182-b34b-1357b1914efd 7d27d9fb4b8745858d726b4655a75e6b 3249600bc36e45c48692e41a8e6710f4 - - default default] Successfully bumped revision number for resource 773458ed-a609-4bc6-a81b-415001d3c67f (type: ports) to 1
2026-04-21 18:35:31.263 10 INFO neutron.wsgi [None req-46fe8977-492e-4182-b34b-1357b1914efd 7d27d9fb4b8745858d726b4655a75e6b 3249600bc36e45c48692e41a8e6710f4 - - default default] 10.0.0.179 "POST /v2.0/networks HTTP/1.1" status: 201 len: 943 time: 1.1478057
2026-04-21 18:35:31.396 9 INFO neutron.wsgi [-] 10.0.0.171 "GET / HTTP/1.1" status: 200 len: 247 time: 0.0030124
2026-04-21 18:35:31.399 9 INFO neutron.wsgi [-] 10.0.0.171 "GET / HTTP/1.1" status: 200 len: 247 time: 0.0021610
2026-04-21 18:35:31.468 10 WARNING neutron.scheduler.dhcp_agent_scheduler [None req-83f81471-60af-4c1b-8aa2-c10673221339 7d27d9fb4b8745858d726b4655a75e6b 3249600bc36e45c48692e41a8e6710f4 - - default default] No more DHCP agents
2026-04-21 18:35:31.471 10 WARNING neutron.api.rpc.agentnotifiers.dhcp_rpc_agent_api [None req-83f81471-60af-4c1b-8aa2-c10673221339 7d27d9fb4b8745858d726b4655a75e6b 3249600bc36e45c48692e41a8e6710f4 - - default default] Unable to schedule network d578ee8b-c8aa-4c4a-9d40-84f3ded1e557: no agents available; will retry on subsequent port and subnet creation events.
2026-04-21 18:35:31.821 10 INFO neutron.wsgi [req-da85a56e-421b-45ef-8b7a-1e25cc26ea87 req-97716c5a-72ee-4a81-bc48-c0baacf2228a eae47d326bd84e828ccce22dd4c19ce3 d0a5315dac4f4ae289a1037d76bdaf57 - - d3ba149a81214f518444c92fb3470b22 d3ba149a81214f518444c92fb3470b22] 10.0.0.103 "GET /v2.0/ports?device_id=8d5f6365-c5df-4b75-b8ae-df5751eec591 HTTP/1.1" status: 200 len: 1409 time: 0.0707605
2026-04-21 18:35:31.891 10 INFO neutron.wsgi [req-da85a56e-421b-45ef-8b7a-1e25cc26ea87 req-479b1c5e-6b5f-43f7-be50-8ecc16d78451 eae47d326bd84e828ccce22dd4c19ce3 d0a5315dac4f4ae289a1037d76bdaf57 - - d3ba149a81214f518444c92fb3470b22 d3ba149a81214f518444c92fb3470b22] 10.0.0.103 "GET /v2.0/security-groups?id=47df4934-b888-4d76-8bc5-b63fcfb6857a&fields=id&fields=name HTTP/1.1" status: 200 len: 313 time: 0.0618172
2026-04-21 18:35:32.054 10 INFO neutron.db.ovn_revision_numbers_db [None req-83f81471-60af-4c1b-8aa2-c10673221339 7d27d9fb4b8745858d726b4655a75e6b 3249600bc36e45c48692e41a8e6710f4 - - default default] Successfully bumped revision number for resource 773458ed-a609-4bc6-a81b-415001d3c67f (type: ports) to 2
2026-04-21 18:35:32.092 10 INFO neutron.db.ovn_revision_numbers_db [None req-83f81471-60af-4c1b-8aa2-c10673221339 7d27d9fb4b8745858d726b4655a75e6b 3249600bc36e45c48692e41a8e6710f4 - - default default] Successfully bumped revision number for resource 580c0942-771e-4dc3-90e8-29981889825c (type: subnets) to 0
2026-04-21 18:35:32.108 10 INFO neutron.wsgi [None req-83f81471-60af-4c1b-8aa2-c10673221339 7d27d9fb4b8745858d726b4655a75e6b 3249600bc36e45c48692e41a8e6710f4 - - default default] 10.0.0.179 "POST /v2.0/subnets HTTP/1.1" status: 201 len: 863 time: 0.8377123
2026-04-21 18:35:32.694 9 INFO neutron.wsgi [None req-0dd280cc-78f0-41e4-a70b-7d5152f188c5 80ba26dc7f7d4533b4067bf9c3417d8f 72d78607d4784605b76f8b231a48ec26 - - default default] 10.0.0.179 "GET /v2.0/ports?project_id=576e206f1b8142cc983a70daf7e76fa8&network_id=833805aa-dafa-4e95-bc5d-23c57592aa75 HTTP/1.1" status: 200 len: 3510 time: 0.0807831
2026-04-21 18:35:32.829 10 WARNING neutron.scheduler.dhcp_agent_scheduler [None req-23628632-6d37-4e73-b204-31ee0ed0ece0 7d27d9fb4b8745858d726b4655a75e6b 3249600bc36e45c48692e41a8e6710f4 - - default default] No more DHCP agents
2026-04-21 18:35:32.834 10 WARNING neutron.api.rpc.agentnotifiers.dhcp_rpc_agent_api [None req-23628632-6d37-4e73-b204-31ee0ed0ece0 7d27d9fb4b8745858d726b4655a75e6b 3249600bc36e45c48692e41a8e6710f4 - - default default] Unable to schedule network b66c8c8f-c1d8-4494-bcab-303e28d34b89: no agents available; will retry on subsequent port and subnet creation events.
2026-04-21 18:35:32.954 10 INFO neutron.notifiers.nova [-] Nova event matching ['req-1b7c2397-519d-4034-8384-3f113b1e224d'] response: {'server_uuid': 'b579e37f-c283-40b7-981d-fed277852a32', 'name': 'network-vif-deleted', 'tag': '0b55f1b7-4106-4a23-bda1-097d79903928', 'status': 'completed', 'code': 200}
2026-04-21 18:35:32.983 10 INFO neutron.wsgi [None req-6847784d-b490-4b76-9b71-eb4bfa65e1bb 80ba26dc7f7d4533b4067bf9c3417d8f 72d78607d4784605b76f8b231a48ec26 - - default default] 10.0.0.179 "GET /v2.0/subnets?network_id=b66c8c8f-c1d8-4494-bcab-303e28d34b89 HTTP/1.1" status: 200 len: 838 time: 0.0504625
2026-04-21 18:35:33.083 10 INFO neutron.db.ovn_revision_numbers_db [None req-23628632-6d37-4e73-b204-31ee0ed0ece0 7d27d9fb4b8745858d726b4655a75e6b 3249600bc36e45c48692e41a8e6710f4 - - default default] Successfully bumped revision number for resource da7788cb-0d51-4151-81cf-3b5317919688 (type: ports) to 1
2026-04-21 18:35:33.455 10 INFO neutron.db.ovn_revision_numbers_db [None req-8df3580b-96e3-4a13-9987-ebbd99a66fc4 d8a8ab534c29431d999797af646250e3 576e206f1b8142cc983a70daf7e76fa8 - - default default] Successfully bumped revision number for resource 3f4a8665-69b9-42a1-a4e5-718c24569644 (type: floatingips) to 2
2026-04-21 18:35:33.577 10 INFO neutron.db.l3_db [None req-8df3580b-96e3-4a13-9987-ebbd99a66fc4 d8a8ab534c29431d999797af646250e3 576e206f1b8142cc983a70daf7e76fa8 - - default default] Floating IP 3f4a8665-69b9-42a1-a4e5-718c24569644 disassociated. External IP: 10.96.250.213, port: 2e38690a-004e-42d3-b21c-23c31ed21885.
2026-04-21 18:35:33.637 10 INFO neutron.wsgi [None req-8df3580b-96e3-4a13-9987-ebbd99a66fc4 d8a8ab534c29431d999797af646250e3 576e206f1b8142cc983a70daf7e76fa8 - - default default] 10.0.0.179 "PUT /v2.0/floatingips/3f4a8665-69b9-42a1-a4e5-718c24569644 HTTP/1.1" status: 200 len: 748 time: 0.4746182 /var/lib/openstack/lib/python3.10/site-packages/pycadf/identifier.py:71: UserWarning: Invalid uuid: neutron. To ensure interoperability, identifiers should be a valid uuid. warnings.warn(('Invalid uuid: %s. To ensure interoperability, '
2026-04-21 18:35:33.703 9 INFO neutron.wsgi [None req-6dc3e94d-3a3f-4d58-b72c-c608720c0fc1 d8a8ab534c29431d999797af646250e3 576e206f1b8142cc983a70daf7e76fa8 - - default default] 10.0.0.179 "GET /v2.0/floatingips/3f4a8665-69b9-42a1-a4e5-718c24569644 HTTP/1.1" status: 200 len: 746 time: 0.0593483
2026-04-21 18:35:34.356 10 INFO neutron.plugins.ml2.drivers.ovn.mech_driver.ovsdb.commands [None req-7d3e5233-08e6-485d-8c5e-8ade3dffc7d4 - - - - - -] Schedule LRP lrp-da7788cb-0d51-4151-81cf-3b5317919688 on gateway 09926c94-986a-4014-ad0d-ba97998c2f06 with priority 1
2026-04-21 18:35:34.369 9 INFO neutron.plugins.ml2.drivers.ovn.mech_driver.mech_driver [None req-2037f131-7951-4e35-9024-774f5bac6ef3 - - - - - -] OVN reports status up for port: da7788cb-0d51-4151-81cf-3b5317919688
2026-04-21 18:35:34.390 9 INFO neutron.plugins.ml2.plugin [None req-2037f131-7951-4e35-9024-774f5bac6ef3 - - - - - -] Attempt 1 to provision port da7788cb-0d51-4151-81cf-3b5317919688
2026-04-21 18:35:34.390 10 INFO neutron.plugins.ml2.drivers.ovn.mech_driver.ovsdb.ovsdb_monitor [None req-22c8db96-7a0a-4d47-ae95-80a7e7190d6f - - - - - -] Router d33c9d7b-bcff-4bbb-a40e-b36b75c406df is bound to host instance
2026-04-21 18:35:34.430 10 INFO neutron.db.ovn_revision_numbers_db [None req-23628632-6d37-4e73-b204-31ee0ed0ece0 7d27d9fb4b8745858d726b4655a75e6b 3249600bc36e45c48692e41a8e6710f4 - - default default] Successfully bumped revision number for resource da7788cb-0d51-4151-81cf-3b5317919688 (type: router_ports) to 1
2026-04-21 18:35:34.559 10 INFO neutron.db.ovn_revision_numbers_db [None req-23628632-6d37-4e73-b204-31ee0ed0ece0 7d27d9fb4b8745858d726b4655a75e6b 3249600bc36e45c48692e41a8e6710f4 - - default default] Successfully bumped revision number for resource d33c9d7b-bcff-4bbb-a40e-b36b75c406df (type: routers) to 2
2026-04-21 18:35:34.601 10 INFO neutron.wsgi [None req-23628632-6d37-4e73-b204-31ee0ed0ece0 7d27d9fb4b8745858d726b4655a75e6b 3249600bc36e45c48692e41a8e6710f4 - - default default] 10.0.0.179 "POST /v2.0/routers HTTP/1.1" status: 201 len: 1165 time: 2.4852161
2026-04-21 18:35:34.791 10 WARNING neutron_lib.context [None req-5c609646-13ca-411e-92eb-a9b6a0d022a6 d8a8ab534c29431d999797af646250e3 576e206f1b8142cc983a70daf7e76fa8 - - default default] Method 'is_advsvc' is deprecated since 2023.2 release (neutron-lib 3.8.0) and will be removed once support for the old RBAC API policies will be removed from Neutron. Please use method 'is_service_role' instead.
2026-04-21 18:35:35.207 10 INFO neutron.notifiers.nova [-] Nova event matching ['req-9c387ef5-df3b-4b22-b832-d37f673f022d'] response: {'name': 'network-changed', 'server_uuid': '8d5f6365-c5df-4b75-b8ae-df5751eec591', 'tag': '2e38690a-004e-42d3-b21c-23c31ed21885', 'status': 'completed', 'code': 200}
2026-04-21 18:35:35.314 10 INFO neutron.wsgi [req-ad37ff0f-b100-4f87-896b-48cb8bd0eec5 req-dd4bf9d6-9f08-43b2-8db7-48e03a95531b eae47d326bd84e828ccce22dd4c19ce3 d0a5315dac4f4ae289a1037d76bdaf57 - - d3ba149a81214f518444c92fb3470b22 d3ba149a81214f518444c92fb3470b22] 199.19.213.138 "GET /v2.0/ports?tenant_id=576e206f1b8142cc983a70daf7e76fa8&device_id=8d5f6365-c5df-4b75-b8ae-df5751eec591 HTTP/1.1" status: 200 len: 1409 time: 0.0830433
2026-04-21 18:35:35.336 10 INFO neutron.db.ovn_revision_numbers_db [None req-5c609646-13ca-411e-92eb-a9b6a0d022a6 d8a8ab534c29431d999797af646250e3 576e206f1b8142cc983a70daf7e76fa8 - - default default] Successfully bumped revision number for resource 250a74ff-58a1-4477-adaa-efa78a673d7c (type: security_groups) to 1
2026-04-21 18:35:35.385 10 INFO neutron.db.ovn_revision_numbers_db [None req-5c609646-13ca-411e-92eb-a9b6a0d022a6 d8a8ab534c29431d999797af646250e3 576e206f1b8142cc983a70daf7e76fa8 - - default default] Successfully bumped revision number for resource 8fc3562d-70e4-440b-928f-2387dba344bb (type: security_group_rules) to 0
2026-04-21 18:35:35.415 10 INFO neutron.db.ovn_revision_numbers_db [None req-5c609646-13ca-411e-92eb-a9b6a0d022a6 d8a8ab534c29431d999797af646250e3 576e206f1b8142cc983a70daf7e76fa8 - - default default] Successfully bumped revision number for resource 98209b98-76a2-4805-b0c5-5ceaa09261dd (type: security_group_rules) to 0
2026-04-21 18:35:35.428 9 WARNING neutron.scheduler.dhcp_agent_scheduler [None req-43bb6bd7-0574-4d3d-a6a8-7f66b888edd7 7d27d9fb4b8745858d726b4655a75e6b 3249600bc36e45c48692e41a8e6710f4 - - default default] No more DHCP agents
2026-04-21 18:35:35.430 9 WARNING neutron.api.rpc.agentnotifiers.dhcp_rpc_agent_api [None req-43bb6bd7-0574-4d3d-a6a8-7f66b888edd7 7d27d9fb4b8745858d726b4655a75e6b 3249600bc36e45c48692e41a8e6710f4 - - default default] Unable to schedule network d578ee8b-c8aa-4c4a-9d40-84f3ded1e557: no agents available; will retry on subsequent port and subnet creation events.
2026-04-21 18:35:35.468 10 INFO neutron.wsgi [None req-5c609646-13ca-411e-92eb-a9b6a0d022a6 d8a8ab534c29431d999797af646250e3 576e206f1b8142cc983a70daf7e76fa8 - - default default] 10.0.0.179 "POST /v2.0/security-groups HTTP/1.1" status: 201 len: 1875 time: 0.6853502
2026-04-21 18:35:35.476 10 INFO neutron.wsgi [req-ad37ff0f-b100-4f87-896b-48cb8bd0eec5 req-9b94e022-c913-42f9-ba5e-ffdcc15f4c77 eae47d326bd84e828ccce22dd4c19ce3 d0a5315dac4f4ae289a1037d76bdaf57 - - d3ba149a81214f518444c92fb3470b22 d3ba149a81214f518444c92fb3470b22] 199.19.213.138 "GET /v2.0/networks?id=833805aa-dafa-4e95-bc5d-23c57592aa75 HTTP/1.1" status: 200 len: 959 time: 0.1542265
2026-04-21 18:35:35.483 9 WARNING neutron_lib.context [None req-0805d155-b43e-4d26-8d93-3941433ccbca d8a8ab534c29431d999797af646250e3 576e206f1b8142cc983a70daf7e76fa8 - - default default] Method 'is_advsvc' is deprecated since 2023.2 release (neutron-lib 3.8.0) and will be removed once support for the old RBAC API policies will be removed from Neutron. Please use method 'is_service_role' instead.
2026-04-21 18:35:35.527 10 INFO neutron.wsgi [req-ad37ff0f-b100-4f87-896b-48cb8bd0eec5 req-2259d1af-8cca-4c92-910f-5ac41a37ad3a eae47d326bd84e828ccce22dd4c19ce3 d0a5315dac4f4ae289a1037d76bdaf57 - - d3ba149a81214f518444c92fb3470b22 d3ba149a81214f518444c92fb3470b22] 199.19.213.138 "GET /v2.0/floatingips?fixed_ip_address=10.100.0.8&port_id=2e38690a-004e-42d3-b21c-23c31ed21885 HTTP/1.1" status: 200 len: 217 time: 0.0430930
2026-04-21 18:35:35.609 10 INFO neutron.wsgi [req-ad37ff0f-b100-4f87-896b-48cb8bd0eec5 req-0d14635b-bb90-4fa1-835c-361a3fb91dda eae47d326bd84e828ccce22dd4c19ce3 d0a5315dac4f4ae289a1037d76bdaf57 - - d3ba149a81214f518444c92fb3470b22 d3ba149a81214f518444c92fb3470b22] 199.19.213.138 "GET /v2.0/subnets?id=869bf735-3d67-4f04-acaa-30a4272b31ed HTTP/1.1" status: 200 len: 852 time: 0.0757561
2026-04-21 18:35:35.643 10 INFO neutron.wsgi [req-ad37ff0f-b100-4f87-896b-48cb8bd0eec5 req-49151f21-8b4e-4361-9ccf-b52b095beade eae47d326bd84e828ccce22dd4c19ce3 d0a5315dac4f4ae289a1037d76bdaf57 - - d3ba149a81214f518444c92fb3470b22 d3ba149a81214f518444c92fb3470b22] 199.19.213.138 "GET /v2.0/ports?network_id=833805aa-dafa-4e95-bc5d-23c57592aa75&device_owner=network%3Adhcp HTTP/1.1" status: 200 len: 210 time: 0.0247958
2026-04-21 18:35:35.663 9 INFO neutron.db.ovn_revision_numbers_db [None req-43bb6bd7-0574-4d3d-a6a8-7f66b888edd7 7d27d9fb4b8745858d726b4655a75e6b 3249600bc36e45c48692e41a8e6710f4 - - default default] Successfully bumped revision number for resource f0580e36-d1bc-4288-9337-1c3a1b17ad23 (type: ports) to 1
2026-04-21 18:35:35.692 9 INFO neutron.db.ovn_revision_numbers_db [None req-0805d155-b43e-4d26-8d93-3941433ccbca d8a8ab534c29431d999797af646250e3 576e206f1b8142cc983a70daf7e76fa8 - - default default] Successfully bumped revision number for resource 6c9e5a56-dae9-4e42-8755-d38ca9027e8b (type: security_group_rules) to 0
2026-04-21 18:35:35.728 9 INFO neutron.wsgi [None req-0805d155-b43e-4d26-8d93-3941433ccbca d8a8ab534c29431d999797af646250e3 576e206f1b8142cc983a70daf7e76fa8 - - default default] 10.0.0.179 "POST /v2.0/security-group-rules HTTP/1.1" status: 201 len: 796 time: 0.2523520
2026-04-21 18:35:35.745 9 WARNING neutron_lib.context [None req-570d4d52-f7fb-4ec8-bf1d-c11abe5fa44d d8a8ab534c29431d999797af646250e3 576e206f1b8142cc983a70daf7e76fa8 - - default default] Method 'is_advsvc' is deprecated since 2023.2 release (neutron-lib 3.8.0) and will be removed once support for the old RBAC API policies will be removed from Neutron. Please use method 'is_service_role' instead.
2026-04-21 18:35:35.767 10 INFO neutron.wsgi [req-ad37ff0f-b100-4f87-896b-48cb8bd0eec5 req-80fa4c0d-0f1b-4f6d-998b-18553c7a9f10 eae47d326bd84e828ccce22dd4c19ce3 d0a5315dac4f4ae289a1037d76bdaf57 - - d3ba149a81214f518444c92fb3470b22 d3ba149a81214f518444c92fb3470b22] 199.19.213.138 "GET /v2.0/networks/833805aa-dafa-4e95-bc5d-23c57592aa75?fields=segments HTTP/1.1" status: 200 len: 212 time: 0.1150663
2026-04-21 18:35:35.833 10 WARNING neutron.plugins.ml2.drivers.ovn.mech_driver.ovsdb.ovn_client [None req-435794ac-8607-41e1-a6ba-fa3908c1826a - - - - - -] No hosting information found for port 4cb04be0-5b11-4890-8efb-23f3c9e8b1ad: RuntimeError: No hosting information found for port 4cb04be0-5b11-4890-8efb-23f3c9e8b1ad
2026-04-21 18:35:35.833 10 INFO neutron.plugins.ml2.drivers.ovn.mech_driver.mech_driver [None req-435794ac-8607-41e1-a6ba-fa3908c1826a - - - - - -] OVN reports status down for port: 0b55f1b7-4106-4a23-bda1-097d79903928
2026-04-21 18:35:35.888 10 INFO neutron.wsgi [req-ad37ff0f-b100-4f87-896b-48cb8bd0eec5 req-5ef5348a-da91-410e-a82a-9563e557517f eae47d326bd84e828ccce22dd4c19ce3 d0a5315dac4f4ae289a1037d76bdaf57 - - d3ba149a81214f518444c92fb3470b22 d3ba149a81214f518444c92fb3470b22] 199.19.213.138 "GET /v2.0/networks/833805aa-dafa-4e95-bc5d-23c57592aa75?fields=provider%3Aphysical_network&fields=provider%3Anetwork_type HTTP/1.1" status: 200 len: 277 time: 0.1132801
2026-04-21 18:35:35.907 10 INFO neutron.db.ovn_revision_numbers_db [None req-22c8db96-7a0a-4d47-ae95-80a7e7190d6f - - - - - -] Successfully bumped revision number for resource da7788cb-0d51-4151-81cf-3b5317919688 (type: ports) to 1
2026-04-21 18:35:35.930 9 INFO neutron.db.ovn_revision_numbers_db [None req-570d4d52-f7fb-4ec8-bf1d-c11abe5fa44d d8a8ab534c29431d999797af646250e3 576e206f1b8142cc983a70daf7e76fa8 - - default default] Successfully bumped revision number for resource 5a7feca9-a5d7-48a5-ae6b-e9337bb73cfd (type: security_group_rules) to 0
2026-04-21 18:35:35.966 9 INFO neutron.wsgi [None req-570d4d52-f7fb-4ec8-bf1d-c11abe5fa44d d8a8ab534c29431d999797af646250e3 576e206f1b8142cc983a70daf7e76fa8 - - default default] 10.0.0.179 "POST /v2.0/security-group-rules HTTP/1.1" status: 201 len: 795 time: 0.2256181
2026-04-21 18:35:35.975 9 WARNING neutron_lib.context [None req-afc688d3-11f4-4cfc-b4ae-91e8663ad7b9 d8a8ab534c29431d999797af646250e3 576e206f1b8142cc983a70daf7e76fa8 - - default default] Method 'is_advsvc' is deprecated since 2023.2 release (neutron-lib 3.8.0) and will be removed once support for the old RBAC API policies will be removed from Neutron. Please use method 'is_service_role' instead.
2026-04-21 18:35:36.170 9 INFO neutron.db.ovn_revision_numbers_db [None req-afc688d3-11f4-4cfc-b4ae-91e8663ad7b9 d8a8ab534c29431d999797af646250e3 576e206f1b8142cc983a70daf7e76fa8 - - default default] Successfully bumped revision number for resource a8b1f3d6-0f61-4a96-b18b-3cc00fa1abe8 (type: security_group_rules) to 0
2026-04-21 18:35:36.223 10 INFO neutron.wsgi [None req-90ecec79-8259-4a11-9530-bcbec0bbe4aa 7d27d9fb4b8745858d726b4655a75e6b 3249600bc36e45c48692e41a8e6710f4 - - default default] 10.0.0.179 "PUT /v2.0/routers/1f119886-35f8-41a6-9351-f3abe3babad7/remove_router_interface HTTP/1.1" status: 200 len: 503 time: 2.8189993
2026-04-21 18:35:36.234 9 INFO neutron.wsgi [None req-afc688d3-11f4-4cfc-b4ae-91e8663ad7b9 d8a8ab534c29431d999797af646250e3 576e206f1b8142cc983a70daf7e76fa8 - - default default] 10.0.0.179 "POST /v2.0/security-group-rules HTTP/1.1" status: 201 len: 801 time: 0.2643209 /var/lib/openstack/lib/python3.10/site-packages/pycadf/identifier.py:71: UserWarning: Invalid uuid: neutron. To ensure interoperability, identifiers should be a valid uuid. warnings.warn(('Invalid uuid: %s. To ensure interoperability, '
2026-04-21 18:35:36.246 10 WARNING neutron_lib.context [None req-ff8911b1-f944-48ff-a208-6a2ae3f97151 d8a8ab534c29431d999797af646250e3 576e206f1b8142cc983a70daf7e76fa8 - - default default] Method 'is_advsvc' is deprecated since 2023.2 release (neutron-lib 3.8.0) and will be removed once support for the old RBAC API policies will be removed from Neutron. Please use method 'is_service_role' instead.
2026-04-21 18:35:36.313 9 ERROR ovsdbapp.backend.ovs_idl.command [None req-43bb6bd7-0574-4d3d-a6a8-7f66b888edd7 7d27d9fb4b8745858d726b4655a75e6b 3249600bc36e45c48692e41a8e6710f4 - - default default] Error executing command (DbGetCommand): ovsdbapp.backend.ovs_idl.idlutils.RowNotFound: Cannot find Logical_Router_Port with name=lrp-f0580e36-d1bc-4288-9337-1c3a1b17ad23
2026-04-21 18:35:36.313 9 ERROR ovsdbapp.backend.ovs_idl.command
Traceback (most recent call last):
2026-04-21 18:35:36.313 9 ERROR ovsdbapp.backend.ovs_idl.command
File "/var/lib/openstack/lib/python3.10/site-packages/ovsdbapp/backend/ovs_idl/command.py", line 47, in execute
2026-04-21 18:35:36.313 9 ERROR ovsdbapp.backend.ovs_idl.command self.run_idl(None)
2026-04-21 18:35:36.313 9 ERROR ovsdbapp.backend.ovs_idl.command
File "/var/lib/openstack/lib/python3.10/site-packages/ovsdbapp/backend/ovs_idl/command.py", line 235, in run_idl
2026-04-21 18:35:36.313 9 ERROR ovsdbapp.backend.ovs_idl.command record = self.api.lookup(self.table, self.record)
2026-04-21 18:35:36.313 9 ERROR ovsdbapp.backend.ovs_idl.command
File "/var/lib/openstack/lib/python3.10/site-packages/ovsdbapp/backend/ovs_idl/__init__.py", line 184, in lookup
2026-04-21 18:35:36.313 9 ERROR ovsdbapp.backend.ovs_idl.command return self._lookup(table, record)
2026-04-21 18:35:36.313 9 ERROR ovsdbapp.backend.ovs_idl.command
File "/var/lib/openstack/lib/python3.10/site-packages/ovsdbapp/backend/ovs_idl/__init__.py", line 235, in _lookup
2026-04-21 18:35:36.313 9 ERROR ovsdbapp.backend.ovs_idl.command row = idlutils.row_by_value(self, rl.table, rl.column, record)
2026-04-21 18:35:36.313 9 ERROR ovsdbapp.backend.ovs_idl.command
File "/var/lib/openstack/lib/python3.10/site-packages/ovsdbapp/backend/ovs_idl/idlutils.py", line 114, in row_by_value
2026-04-21 18:35:36.313 9 ERROR ovsdbapp.backend.ovs_idl.command raise RowNotFound(table=table, col=column, match=match)
2026-04-21 18:35:36.313 9 ERROR ovsdbapp.backend.ovs_idl.command ovsdbapp.backend.ovs_idl.idlutils.RowNotFound: Cannot find Logical_Router_Port with name=lrp-f0580e36-d1bc-4288-9337-1c3a1b17ad23
2026-04-21 18:35:36.313 9 ERROR ovsdbapp.backend.ovs_idl.command 
2026-04-21 18:35:36.314 9 ERROR neutron_lib.callbacks.manager [None req-43bb6bd7-0574-4d3d-a6a8-7f66b888edd7 7d27d9fb4b8745858d726b4655a75e6b 3249600bc36e45c48692e41a8e6710f4 - - default default] Error during notification for neutron.services.ovn_l3.plugin.OVNL3RouterPlugin._port_update-8744619331284 port, after_update: ovsdbapp.backend.ovs_idl.idlutils.RowNotFound: Cannot find Logical_Router_Port with name=lrp-f0580e36-d1bc-4288-9337-1c3a1b17ad23
2026-04-21 18:35:36.314 9 ERROR neutron_lib.callbacks.manager
Traceback (most recent call last):
2026-04-21 18:35:36.314 9 ERROR neutron_lib.callbacks.manager
File "/var/lib/openstack/lib/python3.10/site-packages/neutron_lib/callbacks/manager.py", line 189, in _notify_loop
2026-04-21 18:35:36.314 9 ERROR neutron_lib.callbacks.manager callback.method(resource, event, trigger, payload=payload)
2026-04-21 18:35:36.314 9 ERROR neutron_lib.callbacks.manager
File "/var/lib/openstack/lib/python3.10/site-packages/neutron/services/ovn_l3/plugin.py", line 391, in _port_update
2026-04-21 18:35:36.314 9 ERROR neutron_lib.callbacks.manager l3plugin._ovn_client.update_router_port(context,
2026-04-21 18:35:36.314 9 ERROR neutron_lib.callbacks.manager
File "/var/lib/openstack/lib/python3.10/site-packages/neutron/plugins/ml2/drivers/ovn/mech_driver/ovsdb/ovn_client.py", line 1878, in update_router_port
2026-04-21 18:35:36.314 9 ERROR neutron_lib.callbacks.manager self._update_lrouter_port(context, port, if_exists=if_exists,
2026-04-21 18:35:36.314 9 ERROR neutron_lib.callbacks.manager
File "/var/lib/openstack/lib/python3.10/site-packages/neutron/plugins/ml2/drivers/ovn/mech_driver/ovsdb/ovn_client.py", line 1855, in _update_lrouter_port
2026-04-21 18:35:36.314 9 ERROR neutron_lib.callbacks.manager external_ids = self._nb_idl.db_get(
2026-04-21 18:35:36.314 9 ERROR neutron_lib.callbacks.manager
File "/var/lib/openstack/lib/python3.10/site-packages/ovsdbapp/backend/ovs_idl/command.py", line 47, in execute
2026-04-21 18:35:36.314 9 ERROR neutron_lib.callbacks.manager self.run_idl(None)
2026-04-21 18:35:36.314 9 ERROR neutron_lib.callbacks.manager
File "/var/lib/openstack/lib/python3.10/site-packages/ovsdbapp/backend/ovs_idl/command.py", line 235, in run_idl
2026-04-21 18:35:36.314 9 ERROR neutron_lib.callbacks.manager record = self.api.lookup(self.table, self.record)
2026-04-21 18:35:36.314 9 ERROR neutron_lib.callbacks.manager
File "/var/lib/openstack/lib/python3.10/site-packages/ovsdbapp/backend/ovs_idl/__init__.py", line 184, in lookup
2026-04-21 18:35:36.314 9 ERROR neutron_lib.callbacks.manager return self._lookup(table, record)
2026-04-21 18:35:36.314 9 ERROR neutron_lib.callbacks.manager
File "/var/lib/openstack/lib/python3.10/site-packages/ovsdbapp/backend/ovs_idl/__init__.py", line 235, in _lookup
2026-04-21 18:35:36.314 9 ERROR neutron_lib.callbacks.manager row = idlutils.row_by_value(self, rl.table, rl.column, record)
2026-04-21 18:35:36.314 9 ERROR neutron_lib.callbacks.manager
File "/var/lib/openstack/lib/python3.10/site-packages/ovsdbapp/backend/ovs_idl/idlutils.py", line 114, in row_by_value
2026-04-21 18:35:36.314 9 ERROR neutron_lib.callbacks.manager raise RowNotFound(table=table, col=column, match=match)
2026-04-21 18:35:36.314 9 ERROR neutron_lib.callbacks.manager ovsdbapp.backend.ovs_idl.idlutils.RowNotFound: Cannot find Logical_Router_Port with name=lrp-f0580e36-d1bc-4288-9337-1c3a1b17ad23
2026-04-21 18:35:36.314 9 ERROR neutron_lib.callbacks.manager 
2026-04-21 18:35:36.553 9 INFO neutron.db.ovn_revision_numbers_db [None req-43bb6bd7-0574-4d3d-a6a8-7f66b888edd7 7d27d9fb4b8745858d726b4655a75e6b 3249600bc36e45c48692e41a8e6710f4 - - default default] Successfully bumped revision number for resource f0580e36-d1bc-4288-9337-1c3a1b17ad23 (type: ports) to 1
2026-04-21 18:35:36.624 9 WARNING neutron.scheduler.dhcp_agent_scheduler [None req-43bb6bd7-0574-4d3d-a6a8-7f66b888edd7 7d27d9fb4b8745858d726b4655a75e6b 3249600bc36e45c48692e41a8e6710f4 - - default default] No more DHCP agents
2026-04-21 18:35:36.625 9 WARNING neutron.api.rpc.agentnotifiers.dhcp_rpc_agent_api [None req-43bb6bd7-0574-4d3d-a6a8-7f66b888edd7 7d27d9fb4b8745858d726b4655a75e6b 3249600bc36e45c48692e41a8e6710f4 - - default default] Unable to schedule network d578ee8b-c8aa-4c4a-9d40-84f3ded1e557: no agents available; will retry on subsequent port and subnet creation events.
2026-04-21 18:35:36.842 10 INFO neutron.db.ovn_revision_numbers_db [None req-22c8db96-7a0a-4d47-ae95-80a7e7190d6f - - - - - -] Successfully bumped revision number for resource da7788cb-0d51-4151-81cf-3b5317919688 (type: router_ports) to 3
2026-04-21 18:35:36.892 10 INFO neutron.db.ovn_revision_numbers_db [None req-ff8911b1-f944-48ff-a208-6a2ae3f97151 d8a8ab534c29431d999797af646250e3 576e206f1b8142cc983a70daf7e76fa8 - - default default] Successfully bumped revision number for resource 0df141be-c166-4eb1-b81c-3cb3b9a4eb6c (type: security_group_rules) to 0
2026-04-21 18:35:36.952 10 INFO neutron.wsgi [None req-ff8911b1-f944-48ff-a208-6a2ae3f97151 d8a8ab534c29431d999797af646250e3 576e206f1b8142cc983a70daf7e76fa8 - - default default] 10.0.0.179 "POST /v2.0/security-group-rules HTTP/1.1" status: 201 len: 800 time: 0.7117784
2026-04-21 18:35:36.970 9 WARNING neutron_lib.context [None req-2028e1bd-220f-4a4b-921c-97d070e5a635 d8a8ab534c29431d999797af646250e3 576e206f1b8142cc983a70daf7e76fa8 - - default default] Method 'is_advsvc' is deprecated since 2023.2 release (neutron-lib 3.8.0) and will be removed once support for the old RBAC API policies will be removed from Neutron. Please use method 'is_service_role' instead.
2026-04-21 18:35:37.026 9 INFO neutron.db.securitygroups_db [None req-2028e1bd-220f-4a4b-921c-97d070e5a635 d8a8ab534c29431d999797af646250e3 576e206f1b8142cc983a70daf7e76fa8 - - default default] Project 576e206f1b8142cc983a70daf7e76fa8 added a security group rule with legacy IPv6 ICMP protocol name icmp, ipv6-icmp should be used instead. It was automatically converted.
2026-04-21 18:35:37.180 9 INFO neutron.plugins.ml2.drivers.ovn.mech_driver.mech_driver [None req-2037f131-7951-4e35-9024-774f5bac6ef3 - - - - - -] OVN reports status up for port: f0580e36-d1bc-4288-9337-1c3a1b17ad23
2026-04-21 18:35:37.197 9 INFO neutron.plugins.ml2.plugin [None req-2037f131-7951-4e35-9024-774f5bac6ef3 - - - - - -] Attempt 1 to provision port f0580e36-d1bc-4288-9337-1c3a1b17ad23
2026-04-21 18:35:37.211 10 INFO neutron.db.ovn_revision_numbers_db [None req-22c8db96-7a0a-4d47-ae95-80a7e7190d6f - - - - - -] Successfully bumped revision number for resource da7788cb-0d51-4151-81cf-3b5317919688 (type: ports) to 2
2026-04-21 18:35:37.262 9 INFO neutron.db.ovn_revision_numbers_db [None req-2028e1bd-220f-4a4b-921c-97d070e5a635 d8a8ab534c29431d999797af646250e3 576e206f1b8142cc983a70daf7e76fa8 - - default default] Successfully bumped revision number for resource 883ae908-5dc1-48f2-ac5f-5c874301bda2 (type: security_group_rules) to 0
2026-04-21 18:35:37.316 9 INFO neutron.wsgi [None req-2028e1bd-220f-4a4b-921c-97d070e5a635 d8a8ab534c29431d999797af646250e3 576e206f1b8142cc983a70daf7e76fa8 - - default default] 10.0.0.179 "POST /v2.0/security-group-rules HTTP/1.1" status: 201 len: 806 time: 0.3582208
2026-04-21 18:35:37.338 10 WARNING neutron_lib.context [None req-9d303d2c-f4e8-46fe-83bb-2bad0571c934 d8a8ab534c29431d999797af646250e3 576e206f1b8142cc983a70daf7e76fa8 - - default default] Method 'is_advsvc' is deprecated since 2023.2 release (neutron-lib 3.8.0) and will be removed once support for the old RBAC API policies will be removed from Neutron. Please use method 'is_service_role' instead.
2026-04-21 18:35:37.411 10 INFO neutron.db.securitygroups_db [None req-9d303d2c-f4e8-46fe-83bb-2bad0571c934 d8a8ab534c29431d999797af646250e3 576e206f1b8142cc983a70daf7e76fa8 - - default default] Project 576e206f1b8142cc983a70daf7e76fa8 added a security group rule with legacy IPv6 ICMP protocol name icmp, ipv6-icmp should be used instead. It was automatically converted.
2026-04-21 18:35:37.695 9 INFO neutron.db.ovn_revision_numbers_db [None req-43bb6bd7-0574-4d3d-a6a8-7f66b888edd7 7d27d9fb4b8745858d726b4655a75e6b 3249600bc36e45c48692e41a8e6710f4 - - default default] Successfully bumped revision number for resource f0580e36-d1bc-4288-9337-1c3a1b17ad23 (type: router_ports) to 1
2026-04-21 18:35:37.704 9 INFO neutron.wsgi [None req-43bb6bd7-0574-4d3d-a6a8-7f66b888edd7 7d27d9fb4b8745858d726b4655a75e6b 3249600bc36e45c48692e41a8e6710f4 - - default default] 10.0.0.179 "PUT /v2.0/routers/d33c9d7b-bcff-4bbb-a40e-b36b75c406df/add_router_interface HTTP/1.1" status: 200 len: 503 time: 3.0966859
2026-04-21 18:35:37.728 10 INFO neutron.db.ovn_revision_numbers_db [None req-9d303d2c-f4e8-46fe-83bb-2bad0571c934 d8a8ab534c29431d999797af646250e3 576e206f1b8142cc983a70daf7e76fa8 - - default default] Successfully bumped revision number for resource 2f01493c-6ea5-4fb0-b8d3-aab99e8d69a3 (type: security_group_rules) to 0
2026-04-21 18:35:37.771 10 INFO neutron.wsgi [None req-63f7d9b3-802b-4dc0-bbca-7142a474869a 7d27d9fb4b8745858d726b4655a75e6b 3249600bc36e45c48692e41a8e6710f4 - - default default] 10.0.0.179 "DELETE /v2.0/routers/1f119886-35f8-41a6-9351-f3abe3babad7 HTTP/1.1" status: 204 len: 168 time: 1.5427840
2026-04-21 18:35:37.801 10 INFO neutron.wsgi [None req-9d303d2c-f4e8-46fe-83bb-2bad0571c934 d8a8ab534c29431d999797af646250e3 576e206f1b8142cc983a70daf7e76fa8 - - default default] 10.0.0.179 "POST /v2.0/security-group-rules HTTP/1.1" status: 201 len: 805 time: 0.4692326
2026-04-21 18:35:37.924 10 INFO neutron.db.ovn_revision_numbers_db [None req-22c8db96-7a0a-4d47-ae95-80a7e7190d6f - - - - - -] Successfully bumped revision number for resource da7788cb-0d51-4151-81cf-3b5317919688 (type: ports) to 4
2026-04-21 18:35:37.935 9 INFO neutron.db.ovn_revision_numbers_db [None req-2037f131-7951-4e35-9024-774f5bac6ef3 - - - - - -] Successfully bumped revision number for resource f0580e36-d1bc-4288-9337-1c3a1b17ad23 (type: ports) to 2
2026-04-21 18:35:37.997 9 INFO neutron.db.ovn_revision_numbers_db [None req-83a842dc-f260-45b6-a486-03ad4bbf66c0 7d27d9fb4b8745858d726b4655a75e6b 3249600bc36e45c48692e41a8e6710f4 - - default default] Successfully bumped revision number for resource 2f16f248-28b3-4363-9ee4-f12bc1e4db91 (type: security_groups) to 1
2026-04-21 18:35:38.039 9 INFO neutron.db.ovn_revision_numbers_db [None req-83a842dc-f260-45b6-a486-03ad4bbf66c0 7d27d9fb4b8745858d726b4655a75e6b 3249600bc36e45c48692e41a8e6710f4 - - default default] Successfully bumped revision number for resource 2821124f-c876-495b-99cc-e4c8d0d165e5 (type: security_group_rules) to 0
2026-04-21 18:35:38.066 9 INFO neutron.db.ovn_revision_numbers_db [None req-83a842dc-f260-45b6-a486-03ad4bbf66c0 7d27d9fb4b8745858d726b4655a75e6b 3249600bc36e45c48692e41a8e6710f4 - - default default] Successfully bumped revision number for resource 507bcbec-426b-4886-b6c2-5f0605ad60a5 (type: security_group_rules) to 0
2026-04-21 18:35:38.090 9 INFO neutron.db.ovn_revision_numbers_db [None req-83a842dc-f260-45b6-a486-03ad4bbf66c0 7d27d9fb4b8745858d726b4655a75e6b 3249600bc36e45c48692e41a8e6710f4 - - default default] Successfully bumped revision number for resource de6307b7-5c59-47ef-bd99-798404a113e3 (type: security_group_rules) to 0
2026-04-21 18:35:38.112 9 INFO neutron.wsgi [None req-29f3d3cd-76e3-4848-9298-a00da9e863c8 7d27d9fb4b8745858d726b4655a75e6b 3249600bc36e45c48692e41a8e6710f4 - - default default] 10.0.0.179 "DELETE /v2.0/subnets/6d5f7ecf-9256-4548-a817-8f6cb5bf2f3a HTTP/1.1" status: 204 len: 168 time: 0.3208077
2026-04-21 18:35:38.121 9 INFO neutron.db.ovn_revision_numbers_db [None req-83a842dc-f260-45b6-a486-03ad4bbf66c0 7d27d9fb4b8745858d726b4655a75e6b 3249600bc36e45c48692e41a8e6710f4 - - default default] Successfully bumped revision number for resource efa5c1e9-a1e1-48f1-ac05-46b9cba77af0 (type: security_group_rules) to 0
2026-04-21 18:35:38.335 10 INFO neutron.db.ovn_revision_numbers_db [None req-22c8db96-7a0a-4d47-ae95-80a7e7190d6f - - - - - -] Successfully bumped revision number for resource da7788cb-0d51-4151-81cf-3b5317919688 (type: router_ports) to 4
2026-04-21 18:35:38.407 10 WARNING neutron_lib.context [None req-df02a973-8388-4b53-b350-eb6263d5752d e433d3d0f41a49dbaa84ab3a06ddc1fd 05a64d44373f4f66b836de90798dacea - - default default] Method 'is_advsvc' is deprecated since 2023.2 release (neutron-lib 3.8.0) and will be removed once support for the old RBAC API policies will be removed from Neutron. Please use method 'is_service_role' instead.
2026-04-21 18:35:38.409 9 INFO neutron.wsgi [None req-83a842dc-f260-45b6-a486-03ad4bbf66c0 7d27d9fb4b8745858d726b4655a75e6b 3249600bc36e45c48692e41a8e6710f4 - - default default] 10.0.0.179 "GET /v2.0/security-groups?tenant_id=5b69bb76dd6e45a4b06953beaba13ffe&name=default HTTP/1.1" status: 200 len: 3120 time: 0.9029512
2026-04-21 18:35:38.420 10 INFO neutron.wsgi [None req-f0a7589a-19f7-46f3-8d7f-856c55eed0b4 d8a8ab534c29431d999797af646250e3 576e206f1b8142cc983a70daf7e76fa8 - - default default] 10.0.0.179 "GET /v2.0/networks HTTP/1.1" status: 200 len: 1493 time: 0.2183497
2026-04-21 18:35:38.423 9 INFO neutron.db.ovn_revision_numbers_db [None req-2037f131-7951-4e35-9024-774f5bac6ef3 - - - - - -] Successfully bumped revision number for resource f0580e36-d1bc-4288-9337-1c3a1b17ad23 (type: router_ports) to 2
2026-04-21 18:35:38.544 9 INFO neutron.wsgi [req-51369d4a-39e8-4294-9962-1cb90164367f req-2176b4f5-d8bf-4dd2-a9e0-047fac44896e d8a8ab534c29431d999797af646250e3 576e206f1b8142cc983a70daf7e76fa8 - - default default] 10.0.0.202 "GET /v2.0/security-groups?name=tempest-secgroup-smoke-1818702214&fields=id&tenant_id=576e206f1b8142cc983a70daf7e76fa8 HTTP/1.1" status: 200 len: 267 time: 0.0532546
2026-04-21 18:35:38.632 9 INFO neutron.wsgi [req-51369d4a-39e8-4294-9962-1cb90164367f req-57c0cf1a-cbab-4842-9cc8-cb7cc3810bd6 d8a8ab534c29431d999797af646250e3 576e206f1b8142cc983a70daf7e76fa8 - - default default] 10.0.0.202 "GET /v2.0/networks?id=833805aa-dafa-4e95-bc5d-23c57592aa75 HTTP/1.1" status: 200 len: 860 time: 0.0796013
2026-04-21 18:35:38.664 9 INFO neutron.wsgi [req-51369d4a-39e8-4294-9962-1cb90164367f req-491f8a6e-642d-460e-9ad4-fec3b5352ea0 d8a8ab534c29431d999797af646250e3 576e206f1b8142cc983a70daf7e76fa8 - - default default] 10.0.0.202 "GET /v2.0/quotas/576e206f1b8142cc983a70daf7e76fa8 HTTP/1.1" status: 200 len: 491 time: 0.0208921
2026-04-21 18:35:38.793 9 INFO neutron.wsgi [req-51369d4a-39e8-4294-9962-1cb90164367f req-5ba6bd38-b452-4fa5-883a-6031104c1530 d8a8ab534c29431d999797af646250e3 576e206f1b8142cc983a70daf7e76fa8 - - default default] 10.0.0.202 "GET /v2.0/ports?tenant_id=576e206f1b8142cc983a70daf7e76fa8&fields=id HTTP/1.1" status: 200 len: 348 time: 0.1231711
2026-04-21 18:35:38.825 9 INFO neutron.wsgi [None req-a821a61b-47f5-47a4-9783-dac8014b8bb2 7d27d9fb4b8745858d726b4655a75e6b 3249600bc36e45c48692e41a8e6710f4 - - default default] 10.0.0.179 "DELETE /v2.0/security-groups/2f16f248-28b3-4363-9ee4-f12bc1e4db91 HTTP/1.1" status: 204 len: 168 time: 0.4094725
2026-04-21 18:35:38.874 9 INFO neutron.wsgi [req-51369d4a-39e8-4294-9962-1cb90164367f req-0d1dd51a-1e21-41d1-9b7a-261cbfe62256 eae47d326bd84e828ccce22dd4c19ce3 d0a5315dac4f4ae289a1037d76bdaf57 - - d3ba149a81214f518444c92fb3470b22 d3ba149a81214f518444c92fb3470b22] 10.0.0.202 "GET /v2.0/networks/833805aa-dafa-4e95-bc5d-23c57592aa75?fields=segments HTTP/1.1" status: 200 len: 212 time: 0.0669394
2026-04-21 18:35:38.912 10 INFO neutron.db.ovn_revision_numbers_db [None req-df02a973-8388-4b53-b350-eb6263d5752d e433d3d0f41a49dbaa84ab3a06ddc1fd 05a64d44373f4f66b836de90798dacea - - default default] Successfully bumped revision number for resource 4fdc7ee6-d3ac-4bc5-be50-1b7f0361424c (type: security_groups) to 1
2026-04-21 18:35:38.936 10 INFO neutron.db.ovn_revision_numbers_db [None req-df02a973-8388-4b53-b350-eb6263d5752d e433d3d0f41a49dbaa84ab3a06ddc1fd 05a64d44373f4f66b836de90798dacea - - default default] Successfully bumped revision number for resource 057787f2-48cc-4f8f-a33f-417630e3d6a5 (type: security_group_rules) to 0
2026-04-21 18:35:38.946 9 INFO neutron.wsgi [req-51369d4a-39e8-4294-9962-1cb90164367f req-633f6f37-3579-4b70-a584-7ae68ff9bb0f eae47d326bd84e828ccce22dd4c19ce3 d0a5315dac4f4ae289a1037d76bdaf57 - - d3ba149a81214f518444c92fb3470b22 d3ba149a81214f518444c92fb3470b22] 10.0.0.202 "GET /v2.0/networks/833805aa-dafa-4e95-bc5d-23c57592aa75?fields=provider%3Aphysical_network&fields=provider%3Anetwork_type HTTP/1.1" status: 200 len: 277 time: 0.0648959
2026-04-21 18:35:38.962 10 INFO neutron.db.ovn_revision_numbers_db [None req-df02a973-8388-4b53-b350-eb6263d5752d e433d3d0f41a49dbaa84ab3a06ddc1fd 05a64d44373f4f66b836de90798dacea - - default default] Successfully bumped revision number for resource 07932e47-1d41-4f05-b41a-0172c7f5fc6a (type: security_group_rules) to 0
2026-04-21 18:35:39.016 10 INFO neutron.wsgi [None req-df02a973-8388-4b53-b350-eb6263d5752d e433d3d0f41a49dbaa84ab3a06ddc1fd 05a64d44373f4f66b836de90798dacea - - default default] 10.0.0.179 "POST /v2.0/security-groups HTTP/1.1" status: 201 len: 1875 time: 0.6167307
2026-04-21 18:35:39.031 9 WARNING neutron_lib.context [None req-7ae19b5c-a5ff-4bb7-a526-212b64ed30f5 e433d3d0f41a49dbaa84ab3a06ddc1fd 05a64d44373f4f66b836de90798dacea - - default default] Method 'is_advsvc' is deprecated since 2023.2 release (neutron-lib 3.8.0) and will be removed once support for the old RBAC API policies will be removed from Neutron. Please use method 'is_service_role' instead.
2026-04-21 18:35:39.039 10 INFO neutron.services.segments.plugin [-] Segment ce465c2e-3ab0-4f38-848f-2df8881a5dc5 resource provider aggregate not found
2026-04-21 18:35:39.046 10 INFO neutron.services.segments.plugin [-] Segment ce465c2e-3ab0-4f38-848f-2df8881a5dc5 resource provider aggregate not found
2026-04-21 18:35:39.062 10 INFO neutron.wsgi [None req-7052c033-a1ac-4950-82b7-a51231466c76 7d27d9fb4b8745858d726b4655a75e6b 3249600bc36e45c48692e41a8e6710f4 - - default default] 10.0.0.179 "DELETE /v2.0/networks/c9b299fc-54c0-4355-a9b6-2cf8e4bb6124 HTTP/1.1" status: 204 len: 168 time: 0.9453204
2026-04-21 18:35:39.064 10 INFO neutron.services.segments.plugin [-] Segment ce465c2e-3ab0-4f38-848f-2df8881a5dc5 resource provider not found; error: Placement Client Error (4xx): {"errors": [{"status": 404, "title": "Not Found", "detail": "The resource could not be found.\n\n No resource provider with uuid ce465c2e-3ab0-4f38-848f-2df8881a5dc5 found for delete ", "request_id": "req-485d3fda-8c63-47d8-893a-764ba9bbef47"}]}
2026-04-21 18:35:39.071 10 INFO neutron.services.segments.plugin [-] Segment ce465c2e-3ab0-4f38-848f-2df8881a5dc5 resource provider not found; error: Placement Client Error (4xx): {"errors": [{"status": 404, "title": "Not Found", "detail": "The resource could not be found.\n\n No resource provider with uuid ce465c2e-3ab0-4f38-848f-2df8881a5dc5 found for delete ", "request_id": "req-12cf0133-7f63-4fff-827f-ab0562898c22"}]}
2026-04-21 18:35:39.102 9 INFO neutron.wsgi [req-36211f2b-d00c-4261-9d06-e56547b66c61 req-ff7f8d8e-0cc4-4d7c-8e22-164ee398c187 d8a8ab534c29431d999797af646250e3 576e206f1b8142cc983a70daf7e76fa8 - - default default] 10.0.0.202 "GET /v2.0/ports?device_id=9487c80e-a460-43ac-a4de-9e0702e86b5f HTTP/1.1" status: 200 len: 210 time: 0.0264971
2026-04-21 18:35:39.219 9 INFO neutron.db.ovn_revision_numbers_db [None req-7ae19b5c-a5ff-4bb7-a526-212b64ed30f5 e433d3d0f41a49dbaa84ab3a06ddc1fd 05a64d44373f4f66b836de90798dacea - - default default] Successfully bumped revision number for resource f443c5c2-8cbd-458f-b220-f22bbed6175f (type: security_group_rules) to 0
2026-04-21 18:35:39.247 9 INFO neutron.wsgi [None req-7ae19b5c-a5ff-4bb7-a526-212b64ed30f5 e433d3d0f41a49dbaa84ab3a06ddc1fd 05a64d44373f4f66b836de90798dacea - - default default] 10.0.0.179 "POST /v2.0/security-group-rules HTTP/1.1" status: 201 len: 796 time: 0.2219560
2026-04-21 18:35:39.256 9 WARNING neutron_lib.context [None req-b5fc4cdf-0198-49a3-a63c-2c0b7bc3a51d e433d3d0f41a49dbaa84ab3a06ddc1fd 05a64d44373f4f66b836de90798dacea - - default default] Method 'is_advsvc' is deprecated since 2023.2 release (neutron-lib 3.8.0) and will be removed once support for the old RBAC API policies will be removed from Neutron. Please use method 'is_service_role' instead.
2026-04-21 18:35:39.315 10 INFO neutron.wsgi [None req-5aa24d17-e459-4f36-a8e3-8ea9e0ef5c82 7d27d9fb4b8745858d726b4655a75e6b 3249600bc36e45c48692e41a8e6710f4 - - default default] 10.0.0.179 "GET /v2.0/security-groups?tenant_id=36eb16e32bbe466e9cc39b31c4aae260&name=default HTTP/1.1" status: 200 len: 3120 time: 0.0451267
2026-04-21 18:35:39.401 9 INFO neutron.db.ovn_revision_numbers_db [None req-b5fc4cdf-0198-49a3-a63c-2c0b7bc3a51d e433d3d0f41a49dbaa84ab3a06ddc1fd 05a64d44373f4f66b836de90798dacea - - default default] Successfully bumped revision number for resource 7997f69c-b6cf-476a-9d7b-805ee0a4ba2e (type: security_group_rules) to 0
2026-04-21 18:35:39.427 9 INFO neutron.wsgi [None req-b5fc4cdf-0198-49a3-a63c-2c0b7bc3a51d e433d3d0f41a49dbaa84ab3a06ddc1fd 05a64d44373f4f66b836de90798dacea - - default default] 10.0.0.179 "POST /v2.0/security-group-rules HTTP/1.1" status: 201 len: 795 time: 0.1755185
2026-04-21 18:35:39.439 10 WARNING neutron_lib.context [None req-ed67602a-290a-42c3-8daa-55f9d02a09d1 e433d3d0f41a49dbaa84ab3a06ddc1fd 05a64d44373f4f66b836de90798dacea - - default default] Method 'is_advsvc' is deprecated since 2023.2 release (neutron-lib 3.8.0) and will be removed once support for the old RBAC API policies will be removed from Neutron. Please use method 'is_service_role' instead.
2026-04-21 18:35:39.605 10 INFO neutron.wsgi [None req-78166473-fcff-43a2-9290-81bc85457498 7d27d9fb4b8745858d726b4655a75e6b 3249600bc36e45c48692e41a8e6710f4 - - default default] 10.0.0.179 "DELETE /v2.0/security-groups/7bccb6b9-2978-42f8-a23d-509d67a0e47e HTTP/1.1" status: 204 len: 168 time: 0.2857618
2026-04-21 18:35:39.635 10 INFO neutron.db.ovn_revision_numbers_db [None req-ed67602a-290a-42c3-8daa-55f9d02a09d1 e433d3d0f41a49dbaa84ab3a06ddc1fd 05a64d44373f4f66b836de90798dacea - - default default] Successfully bumped revision number for resource 755e83e0-3a80-4f3b-9751-338a22c26f93 (type: security_group_rules) to 0
2026-04-21 18:35:39.658 10 INFO neutron.wsgi [None req-ed67602a-290a-42c3-8daa-55f9d02a09d1 e433d3d0f41a49dbaa84ab3a06ddc1fd 05a64d44373f4f66b836de90798dacea - - default default] 10.0.0.179 "POST /v2.0/security-group-rules HTTP/1.1" status: 201 len: 801 time: 0.2256849
2026-04-21 18:35:39.669 10 WARNING neutron_lib.context [None req-f0dbb92b-da17-42af-830b-d85c9995cafe e433d3d0f41a49dbaa84ab3a06ddc1fd 05a64d44373f4f66b836de90798dacea - - default default] Method 'is_advsvc' is deprecated since 2023.2 release (neutron-lib 3.8.0) and will be removed once support for the old RBAC API policies will be removed from Neutron. Please use method 'is_service_role' instead.
2026-04-21 18:35:39.778 10 INFO neutron.wsgi [req-51369d4a-39e8-4294-9962-1cb90164367f req-f63edd4b-dffd-44a1-bc24-8a27b75d1125 d8a8ab534c29431d999797af646250e3 576e206f1b8142cc983a70daf7e76fa8 - - default default] 199.19.213.138 "GET /v2.0/networks?id=833805aa-dafa-4e95-bc5d-23c57592aa75 HTTP/1.1" status: 200 len: 860 time: 0.0796916
2026-04-21 18:35:39.839 10 INFO neutron.wsgi [req-51369d4a-39e8-4294-9962-1cb90164367f req-0799cad5-bd84-4ce3-aa85-5b06cf5dbc8b d8a8ab534c29431d999797af646250e3 576e206f1b8142cc983a70daf7e76fa8 - - default default] 199.19.213.138 "GET /v2.0/security-groups?fields=id&fields=name&tenant_id=576e206f1b8142cc983a70daf7e76fa8 HTTP/1.1" status: 200 len: 473 time: 0.0532341
