2026-04-21 18:33:08.663 8 INFO cinder.api.openstack.wsgi [None req-bbb2089f-b041-4b40-b91a-b393b58dc1ef 7d27d9fb4b8745858d726b4655a75e6b 3249600bc36e45c48692e41a8e6710f4 - - default default] http://cinder-api.openstack.svc.cluster.local:8776/v3/3249600bc36e45c48692e41a8e6710f4/os-quota-sets/d0a5315dac4f4ae289a1037d76bdaf57?usage=true returned with HTTP 200 [pid: 8|app: 0|req: 384/767] 10.0.0.197 () {28 vars in 736 bytes} [Tue Apr 21 18:33:08 2026] GET /v3/3249600bc36e45c48692e41a8e6710f4/os-quota-sets/d0a5315dac4f4ae289a1037d76bdaf57?usage=true => generated 845 bytes in 27 msecs (HTTP/1.1 200) 7 headers in 285 bytes (1 switches on core 0)
2026-04-21 18:33:08.676 7 INFO cinder.api.openstack.wsgi [None req-b6a1c410-eebb-4f6e-80ec-4ccb12d7e7dc 7d27d9fb4b8745858d726b4655a75e6b 3249600bc36e45c48692e41a8e6710f4 - - default default] GET http://cinder-api.openstack.svc.cluster.local:8776/v3/3249600bc36e45c48692e41a8e6710f4/os-quota-sets/e1f6b3b8521a41d584b5f45d8809d3c2?usage=true
2026-04-21 18:33:08.698 7 INFO cinder.api.openstack.wsgi [None req-b6a1c410-eebb-4f6e-80ec-4ccb12d7e7dc 7d27d9fb4b8745858d726b4655a75e6b 3249600bc36e45c48692e41a8e6710f4 - - default default] http://cinder-api.openstack.svc.cluster.local:8776/v3/3249600bc36e45c48692e41a8e6710f4/os-quota-sets/e1f6b3b8521a41d584b5f45d8809d3c2?usage=true returned with HTTP 200 [pid: 7|app: 0|req: 384/768] 10.0.0.197 () {28 vars in 736 bytes} [Tue Apr 21 18:33:08 2026] GET /v3/3249600bc36e45c48692e41a8e6710f4/os-quota-sets/e1f6b3b8521a41d584b5f45d8809d3c2?usage=true => generated 847 bytes in 32 msecs (HTTP/1.1 200) 7 headers in 285 bytes (1 switches on core 0)
2026-04-21 18:33:08.709 8 INFO cinder.api.openstack.wsgi [None req-ecb48118-271f-4926-8253-8b77b0ba2208 7d27d9fb4b8745858d726b4655a75e6b 3249600bc36e45c48692e41a8e6710f4 - - default default] GET http://cinder-api.openstack.svc.cluster.local:8776/v3/3249600bc36e45c48692e41a8e6710f4/os-quota-sets/ecbed234b20f4db88cb010fcbef3ccae?usage=true
2026-04-21 18:33:08.746 8 INFO cinder.api.openstack.wsgi [None req-ecb48118-271f-4926-8253-8b77b0ba2208 7d27d9fb4b8745858d726b4655a75e6b 3249600bc36e45c48692e41a8e6710f4 - - default default] http://cinder-api.openstack.svc.cluster.local:8776/v3/3249600bc36e45c48692e41a8e6710f4/os-quota-sets/ecbed234b20f4db88cb010fcbef3ccae?usage=true returned with HTTP 200 [pid: 8|app: 0|req: 385/769] 10.0.0.197 () {28 vars in 736 bytes} [Tue Apr 21 18:33:08 2026] GET /v3/3249600bc36e45c48692e41a8e6710f4/os-quota-sets/ecbed234b20f4db88cb010fcbef3ccae?usage=true => generated 847 bytes in 46 msecs (HTTP/1.1 200) 7 headers in 285 bytes (1 switches on core 0)
2026-04-21 18:33:08.760 7 INFO cinder.api.openstack.wsgi [None req-3756cc17-eae1-4778-9c3e-37bb874c59e7 7d27d9fb4b8745858d726b4655a75e6b 3249600bc36e45c48692e41a8e6710f4 - - default default] GET http://cinder-api.openstack.svc.cluster.local:8776/v3/3249600bc36e45c48692e41a8e6710f4/scheduler-stats/get_pools?detail=true
2026-04-21 18:33:08.774 7 INFO cinder.api.openstack.wsgi [None req-3756cc17-eae1-4778-9c3e-37bb874c59e7 7d27d9fb4b8745858d726b4655a75e6b 3249600bc36e45c48692e41a8e6710f4 - - default default] http://cinder-api.openstack.svc.cluster.local:8776/v3/3249600bc36e45c48692e41a8e6710f4/scheduler-stats/get_pools?detail=true returned with HTTP 200 [pid: 7|app: 0|req: 385/770] 10.0.0.197 () {28 vars in 696 bytes} [Tue Apr 21 18:33:08 2026] GET /v3/3249600bc36e45c48692e41a8e6710f4/scheduler-stats/get_pools?detail=true => generated 670 bytes in 24 msecs (HTTP/1.1 200) 7 headers in 285 bytes (1 switches on core 0)
2026-04-21 18:33:08.788 8 INFO cinder.api.openstack.wsgi [None req-7d264317-1a64-4e9f-835f-bacd90b47356 7d27d9fb4b8745858d726b4655a75e6b 3249600bc36e45c48692e41a8e6710f4 - - default default] GET http://cinder-api.openstack.svc.cluster.local:8776/v3/3249600bc36e45c48692e41a8e6710f4/volumes/detail?all_tenants=true
2026-04-21 18:33:08.800 8 INFO cinder.volume.api [None req-7d264317-1a64-4e9f-835f-bacd90b47356 7d27d9fb4b8745858d726b4655a75e6b 3249600bc36e45c48692e41a8e6710f4 - - default default] Get all volumes completed successfully. /var/lib/openstack/lib/python3.10/site-packages/oslo_context/context.py:100: DeprecationWarning: Policy enforcement is depending on the value of is_admin. This key is deprecated. Please update your policy file to use the standard policy values. warnings.warn('Policy enforcement is depending on the value of '
2026-04-21 18:33:08.806 8 INFO cinder.api.openstack.wsgi [None req-7d264317-1a64-4e9f-835f-bacd90b47356 7d27d9fb4b8745858d726b4655a75e6b 3249600bc36e45c48692e41a8e6710f4 - - default default] http://cinder-api.openstack.svc.cluster.local:8776/v3/3249600bc36e45c48692e41a8e6710f4/volumes/detail?all_tenants=true returned with HTTP 200 [pid: 8|app: 0|req: 386/771] 10.0.0.197 () {28 vars in 684 bytes} [Tue Apr 21 18:33:08 2026] GET /v3/3249600bc36e45c48692e41a8e6710f4/volumes/detail?all_tenants=true => generated 1808 bytes in 26 msecs (HTTP/1.1 200) 7 headers in 286 bytes (1 switches on core 0)
2026-04-21 18:33:08.820 7 INFO cinder.api.openstack.wsgi [None req-e8f95bee-c89c-480a-87b0-186244cbf2bc 7d27d9fb4b8745858d726b4655a75e6b 3249600bc36e45c48692e41a8e6710f4 - - default default] GET http://cinder-api.openstack.svc.cluster.local:8776/v3/3249600bc36e45c48692e41a8e6710f4/os-services
2026-04-21 18:33:08.827 7 INFO cinder.api.openstack.wsgi [None req-e8f95bee-c89c-480a-87b0-186244cbf2bc 7d27d9fb4b8745858d726b4655a75e6b 3249600bc36e45c48692e41a8e6710f4 - - default default] http://cinder-api.openstack.svc.cluster.local:8776/v3/3249600bc36e45c48692e41a8e6710f4/os-services returned with HTTP 200 [pid: 7|app: 0|req: 386/772] 10.0.0.197 () {28 vars in 645 bytes} [Tue Apr 21 18:33:08 2026] GET /v3/3249600bc36e45c48692e41a8e6710f4/os-services => generated 646 bytes in 14 msecs (HTTP/1.1 200) 7 headers in 285 bytes (1 switches on core 0) /var/lib/openstack/lib/python3.10/site-packages/pycadf/identifier.py:71: UserWarning: Invalid uuid: cinderv3. To ensure interoperability, identifiers should be a valid uuid. warnings.warn(('Invalid uuid: %s. To ensure interoperability, '
2026-04-21 18:33:08.839 8 INFO cinder.api.openstack.wsgi [None req-49f3269b-78af-42f1-b95c-ece968bd7d6f 7d27d9fb4b8745858d726b4655a75e6b 3249600bc36e45c48692e41a8e6710f4 - - default default] GET http://cinder-api.openstack.svc.cluster.local:8776/v3/3249600bc36e45c48692e41a8e6710f4/volumes/detail?all_tenants=true
2026-04-21 18:33:08.852 8 INFO cinder.volume.api [None req-49f3269b-78af-42f1-b95c-ece968bd7d6f 7d27d9fb4b8745858d726b4655a75e6b 3249600bc36e45c48692e41a8e6710f4 - - default default] Get all volumes completed successfully. /var/lib/openstack/lib/python3.10/site-packages/oslo_context/context.py:100: DeprecationWarning: Policy enforcement is depending on the value of is_admin. This key is deprecated. Please update your policy file to use the standard policy values. warnings.warn('Policy enforcement is depending on the value of '
2026-04-21 18:33:08.858 8 INFO cinder.api.openstack.wsgi [None req-49f3269b-78af-42f1-b95c-ece968bd7d6f 7d27d9fb4b8745858d726b4655a75e6b 3249600bc36e45c48692e41a8e6710f4 - - default default] http://cinder-api.openstack.svc.cluster.local:8776/v3/3249600bc36e45c48692e41a8e6710f4/volumes/detail?all_tenants=true returned with HTTP 200 [pid: 8|app: 0|req: 387/773] 10.0.0.197 () {28 vars in 684 bytes} [Tue Apr 21 18:33:08 2026] GET /v3/3249600bc36e45c48692e41a8e6710f4/volumes/detail?all_tenants=true => generated 1808 bytes in 26 msecs (HTTP/1.1 200) 7 headers in 286 bytes (1 switches on core 0)
2026-04-21 18:33:08.869 7 INFO cinder.api.openstack.wsgi [None req-16ceb6ba-fdfd-4d9f-a242-505bd364af02 7d27d9fb4b8745858d726b4655a75e6b 3249600bc36e45c48692e41a8e6710f4 - - default default] GET http://cinder-api.openstack.svc.cluster.local:8776/v3/3249600bc36e45c48692e41a8e6710f4/snapshots?all_tenants=true
2026-04-21 18:33:08.878 7 INFO cinder.volume.api [None req-16ceb6ba-fdfd-4d9f-a242-505bd364af02 7d27d9fb4b8745858d726b4655a75e6b 3249600bc36e45c48692e41a8e6710f4 - - default default] Get all snapshots completed successfully.
2026-04-21 18:33:08.878 7 INFO cinder.api.openstack.wsgi [None req-16ceb6ba-fdfd-4d9f-a242-505bd364af02 7d27d9fb4b8745858d726b4655a75e6b 3249600bc36e45c48692e41a8e6710f4 - - default default] http://cinder-api.openstack.svc.cluster.local:8776/v3/3249600bc36e45c48692e41a8e6710f4/snapshots?all_tenants=true returned with HTTP 200 [pid: 7|app: 0|req: 387/774] 10.0.0.197 () {28 vars in 674 bytes} [Tue Apr 21 18:33:08 2026] GET /v3/3249600bc36e45c48692e41a8e6710f4/snapshots?all_tenants=true => generated 17 bytes in 16 msecs (HTTP/1.1 200) 7 headers in 284 bytes (1 switches on core 0) /var/lib/openstack/lib/python3.10/site-packages/pycadf/identifier.py:71: UserWarning: Invalid uuid: cinderv3. To ensure interoperability, identifiers should be a valid uuid. warnings.warn(('Invalid uuid: %s. To ensure interoperability, '
2026-04-21 18:33:09.228 8 INFO cinder.api.openstack.wsgi [req-fc7cefe3-eb1f-4554-85a4-8fdd55389cf7 req-a8672c26-502b-4e2c-a909-bbe1e7f84981 53bfc450a7e841f6817319341257ae17 a400d071db2d4f3eb3ad0c17d2de237e - - default default] DELETE http://cinder-api.openstack.svc.cluster.local:8776/v3/a400d071db2d4f3eb3ad0c17d2de237e/attachments/7285ffd7-8196-4859-9af4-62a866f17507 /var/lib/openstack/lib/python3.10/site-packages/oslo_context/context.py:100: DeprecationWarning: Policy enforcement is depending on the value of is_admin. This key is deprecated. Please update your policy file to use the standard policy values. warnings.warn('Policy enforcement is depending on the value of '
2026-04-21 18:33:09.314 8 INFO cinder.api.openstack.wsgi [req-fc7cefe3-eb1f-4554-85a4-8fdd55389cf7 req-a8672c26-502b-4e2c-a909-bbe1e7f84981 53bfc450a7e841f6817319341257ae17 a400d071db2d4f3eb3ad0c17d2de237e - - default default] http://cinder-api.openstack.svc.cluster.local:8776/v3/a400d071db2d4f3eb3ad0c17d2de237e/attachments/7285ffd7-8196-4859-9af4-62a866f17507 returned with HTTP 200 [pid: 8|app: 0|req: 388/775] 199.19.213.138 () {38 vars in 1103 bytes} [Tue Apr 21 18:33:09 2026] DELETE /v3/a400d071db2d4f3eb3ad0c17d2de237e/attachments/7285ffd7-8196-4859-9af4-62a866f17507 => generated 19 bytes in 96 msecs (HTTP/1.1 200) 7 headers in 285 bytes (1 switches on core 0)
2026-04-21 18:33:09.330 7 INFO cinder.api.openstack.wsgi [req-fc7cefe3-eb1f-4554-85a4-8fdd55389cf7 req-4722da3e-6f02-45d3-bc8b-ad838d911cb6 53bfc450a7e841f6817319341257ae17 a400d071db2d4f3eb3ad0c17d2de237e - - default default] DELETE http://cinder-api.openstack.svc.cluster.local:8776/v3/a400d071db2d4f3eb3ad0c17d2de237e/volumes/37e70570-8238-456f-92a5-ffc3525a52b9
2026-04-21 18:33:09.331 7 INFO cinder.api.v3.volumes [req-fc7cefe3-eb1f-4554-85a4-8fdd55389cf7 req-4722da3e-6f02-45d3-bc8b-ad838d911cb6 53bfc450a7e841f6817319341257ae17 a400d071db2d4f3eb3ad0c17d2de237e - - default default] Delete volume with id: 37e70570-8238-456f-92a5-ffc3525a52b9  /var/lib/openstack/lib/python3.10/site-packages/oslo_context/context.py:100: DeprecationWarning: Policy enforcement is depending on the value of is_admin. This key is deprecated. Please update your policy file to use the standard policy values. warnings.warn('Policy enforcement is depending on the value of '
2026-04-21 18:33:09.343 7 INFO cinder.volume.api [req-fc7cefe3-eb1f-4554-85a4-8fdd55389cf7 req-4722da3e-6f02-45d3-bc8b-ad838d911cb6 53bfc450a7e841f6817319341257ae17 a400d071db2d4f3eb3ad0c17d2de237e - - default default] Volume info retrieved successfully.
2026-04-21 18:33:09.380 7 INFO cinder.volume.api [req-fc7cefe3-eb1f-4554-85a4-8fdd55389cf7 req-4722da3e-6f02-45d3-bc8b-ad838d911cb6 53bfc450a7e841f6817319341257ae17 a400d071db2d4f3eb3ad0c17d2de237e - - default default] Delete volume request issued successfully.
2026-04-21 18:33:09.381 7 INFO cinder.api.openstack.wsgi [req-fc7cefe3-eb1f-4554-85a4-8fdd55389cf7 req-4722da3e-6f02-45d3-bc8b-ad838d911cb6 53bfc450a7e841f6817319341257ae17 a400d071db2d4f3eb3ad0c17d2de237e - - default default] http://cinder-api.openstack.svc.cluster.local:8776/v3/a400d071db2d4f3eb3ad0c17d2de237e/volumes/37e70570-8238-456f-92a5-ffc3525a52b9 returned with HTTP 202 [pid: 7|app: 0|req: 388/776] 199.19.213.138 () {36 vars in 1054 bytes} [Tue Apr 21 18:33:09 2026] DELETE /v3/a400d071db2d4f3eb3ad0c17d2de237e/volumes/37e70570-8238-456f-92a5-ffc3525a52b9 => generated 0 bytes in 58 msecs (HTTP/1.1 202) 6 headers in 233 bytes (1 switches on core 0)
2026-04-21 18:33:12.756 8 INFO cinder.api.openstack.wsgi [req-fc7cefe3-eb1f-4554-85a4-8fdd55389cf7 req-a8672c26-502b-4e2c-a909-bbe1e7f84981 53bfc450a7e841f6817319341257ae17 a400d071db2d4f3eb3ad0c17d2de237e - - default default] GET http://10.0.0.26:8776/
2026-04-21 18:33:12.757 7 INFO cinder.api.openstack.wsgi [req-fc7cefe3-eb1f-4554-85a4-8fdd55389cf7 req-4722da3e-6f02-45d3-bc8b-ad838d911cb6 53bfc450a7e841f6817319341257ae17 a400d071db2d4f3eb3ad0c17d2de237e - - default default] GET http://10.0.0.26:8776/
2026-04-21 18:33:12.758 8 INFO cinder.api.openstack.wsgi [req-fc7cefe3-eb1f-4554-85a4-8fdd55389cf7 req-a8672c26-502b-4e2c-a909-bbe1e7f84981 53bfc450a7e841f6817319341257ae17 a400d071db2d4f3eb3ad0c17d2de237e - - default default] http://10.0.0.26:8776/ returned with HTTP 300
2026-04-21 18:33:12.758 7 INFO cinder.api.openstack.wsgi [req-fc7cefe3-eb1f-4554-85a4-8fdd55389cf7 req-4722da3e-6f02-45d3-bc8b-ad838d911cb6 53bfc450a7e841f6817319341257ae17 a400d071db2d4f3eb3ad0c17d2de237e - - default default] http://10.0.0.26:8776/ returned with HTTP 300
2026-04-21 18:33:22.756 8 INFO cinder.api.openstack.wsgi [req-fc7cefe3-eb1f-4554-85a4-8fdd55389cf7 req-a8672c26-502b-4e2c-a909-bbe1e7f84981 53bfc450a7e841f6817319341257ae17 a400d071db2d4f3eb3ad0c17d2de237e - - default default] GET http://10.0.0.26:8776/
2026-04-21 18:33:22.756 7 INFO cinder.api.openstack.wsgi [req-fc7cefe3-eb1f-4554-85a4-8fdd55389cf7 req-4722da3e-6f02-45d3-bc8b-ad838d911cb6 53bfc450a7e841f6817319341257ae17 a400d071db2d4f3eb3ad0c17d2de237e - - default default] GET http://10.0.0.26:8776/
2026-04-21 18:33:22.757 8 INFO cinder.api.openstack.wsgi [req-fc7cefe3-eb1f-4554-85a4-8fdd55389cf7 req-a8672c26-502b-4e2c-a909-bbe1e7f84981 53bfc450a7e841f6817319341257ae17 a400d071db2d4f3eb3ad0c17d2de237e - - default default] http://10.0.0.26:8776/ returned with HTTP 300
2026-04-21 18:33:22.757 7 INFO cinder.api.openstack.wsgi [req-fc7cefe3-eb1f-4554-85a4-8fdd55389cf7 req-4722da3e-6f02-45d3-bc8b-ad838d911cb6 53bfc450a7e841f6817319341257ae17 a400d071db2d4f3eb3ad0c17d2de237e - - default default] http://10.0.0.26:8776/ returned with HTTP 300 /var/lib/openstack/lib/python3.10/site-packages/pycadf/identifier.py:71: UserWarning: Invalid uuid: cinderv3. To ensure interoperability, identifiers should be a valid uuid. warnings.warn(('Invalid uuid: %s. To ensure interoperability, '
2026-04-21 18:33:30.154 8 INFO cinder.api.openstack.wsgi [req-4c47c085-e220-4bb8-b477-e7acc5552f72 req-1280eb41-2a6b-4f94-8f77-ea5a5d0f2801 cb4668ee70ae4d7cba80f4e5d647500d ecbed234b20f4db88cb010fcbef3ccae - - default default] GET http://cinder-api.openstack.svc.cluster.local:8776/v3/ecbed234b20f4db88cb010fcbef3ccae/attachments?instance_id=a4bbe613-6b90-418b-b854-45c816e1fc2c
2026-04-21 18:33:30.170 8 INFO cinder.api.openstack.wsgi [req-4c47c085-e220-4bb8-b477-e7acc5552f72 req-1280eb41-2a6b-4f94-8f77-ea5a5d0f2801 cb4668ee70ae4d7cba80f4e5d647500d ecbed234b20f4db88cb010fcbef3ccae - - default default] http://cinder-api.openstack.svc.cluster.local:8776/v3/ecbed234b20f4db88cb010fcbef3ccae/attachments?instance_id=a4bbe613-6b90-418b-b854-45c816e1fc2c returned with HTTP 200 [pid: 8|app: 0|req: 391/781] 199.19.213.138 () {36 vars in 1104 bytes} [Tue Apr 21 18:33:30 2026] GET /v3/ecbed234b20f4db88cb010fcbef3ccae/attachments?instance_id=a4bbe613-6b90-418b-b854-45c816e1fc2c => generated 19 bytes in 35 msecs (HTTP/1.1 200) 7 headers in 285 bytes (1 switches on core 0)
2026-04-21 18:33:32.758 8 INFO cinder.api.openstack.wsgi [req-4c47c085-e220-4bb8-b477-e7acc5552f72 req-1280eb41-2a6b-4f94-8f77-ea5a5d0f2801 cb4668ee70ae4d7cba80f4e5d647500d ecbed234b20f4db88cb010fcbef3ccae - - default default] GET http://10.0.0.26:8776/
2026-04-21 18:33:32.758 7 INFO cinder.api.openstack.wsgi [req-fc7cefe3-eb1f-4554-85a4-8fdd55389cf7 req-4722da3e-6f02-45d3-bc8b-ad838d911cb6 53bfc450a7e841f6817319341257ae17 a400d071db2d4f3eb3ad0c17d2de237e - - default default] GET http://10.0.0.26:8776/
2026-04-21 18:33:32.759 8 INFO cinder.api.openstack.wsgi [req-4c47c085-e220-4bb8-b477-e7acc5552f72 req-1280eb41-2a6b-4f94-8f77-ea5a5d0f2801 cb4668ee70ae4d7cba80f4e5d647500d ecbed234b20f4db88cb010fcbef3ccae - - default default] http://10.0.0.26:8776/ returned with HTTP 300
2026-04-21 18:33:32.760 7 INFO cinder.api.openstack.wsgi [req-fc7cefe3-eb1f-4554-85a4-8fdd55389cf7 req-4722da3e-6f02-45d3-bc8b-ad838d911cb6 53bfc450a7e841f6817319341257ae17 a400d071db2d4f3eb3ad0c17d2de237e - - default default] http://10.0.0.26:8776/ returned with HTTP 300
2026-04-21 18:33:42.757 8 INFO cinder.api.openstack.wsgi [req-4c47c085-e220-4bb8-b477-e7acc5552f72 req-1280eb41-2a6b-4f94-8f77-ea5a5d0f2801 cb4668ee70ae4d7cba80f4e5d647500d ecbed234b20f4db88cb010fcbef3ccae - - default default] GET http://10.0.0.26:8776/
2026-04-21 18:33:42.758 7 INFO cinder.api.openstack.wsgi [req-fc7cefe3-eb1f-4554-85a4-8fdd55389cf7 req-4722da3e-6f02-45d3-bc8b-ad838d911cb6 53bfc450a7e841f6817319341257ae17 a400d071db2d4f3eb3ad0c17d2de237e - - default default] GET http://10.0.0.26:8776/
2026-04-21 18:33:42.759 8 INFO cinder.api.openstack.wsgi [req-4c47c085-e220-4bb8-b477-e7acc5552f72 req-1280eb41-2a6b-4f94-8f77-ea5a5d0f2801 cb4668ee70ae4d7cba80f4e5d647500d ecbed234b20f4db88cb010fcbef3ccae - - default default] http://10.0.0.26:8776/ returned with HTTP 300
2026-04-21 18:33:42.759 7 INFO cinder.api.openstack.wsgi [req-fc7cefe3-eb1f-4554-85a4-8fdd55389cf7 req-4722da3e-6f02-45d3-bc8b-ad838d911cb6 53bfc450a7e841f6817319341257ae17 a400d071db2d4f3eb3ad0c17d2de237e - - default default] http://10.0.0.26:8776/ returned with HTTP 300
2026-04-21 18:33:52.757 7 INFO cinder.api.openstack.wsgi [req-fc7cefe3-eb1f-4554-85a4-8fdd55389cf7 req-4722da3e-6f02-45d3-bc8b-ad838d911cb6 53bfc450a7e841f6817319341257ae17 a400d071db2d4f3eb3ad0c17d2de237e - - default default] GET http://10.0.0.26:8776/
2026-04-21 18:33:52.757 8 INFO cinder.api.openstack.wsgi [req-4c47c085-e220-4bb8-b477-e7acc5552f72 req-1280eb41-2a6b-4f94-8f77-ea5a5d0f2801 cb4668ee70ae4d7cba80f4e5d647500d ecbed234b20f4db88cb010fcbef3ccae - - default default] GET http://10.0.0.26:8776/
2026-04-21 18:33:52.758 7 INFO cinder.api.openstack.wsgi [req-fc7cefe3-eb1f-4554-85a4-8fdd55389cf7 req-4722da3e-6f02-45d3-bc8b-ad838d911cb6 53bfc450a7e841f6817319341257ae17 a400d071db2d4f3eb3ad0c17d2de237e - - default default] http://10.0.0.26:8776/ returned with HTTP 300
2026-04-21 18:33:52.759 8 INFO cinder.api.openstack.wsgi [req-4c47c085-e220-4bb8-b477-e7acc5552f72 req-1280eb41-2a6b-4f94-8f77-ea5a5d0f2801 cb4668ee70ae4d7cba80f4e5d647500d ecbed234b20f4db88cb010fcbef3ccae - - default default] http://10.0.0.26:8776/ returned with HTTP 300
2026-04-21 18:34:02.758 8 INFO cinder.api.openstack.wsgi [req-4c47c085-e220-4bb8-b477-e7acc5552f72 req-1280eb41-2a6b-4f94-8f77-ea5a5d0f2801 cb4668ee70ae4d7cba80f4e5d647500d ecbed234b20f4db88cb010fcbef3ccae - - default default] GET http://10.0.0.26:8776/
2026-04-21 18:34:02.758 7 INFO cinder.api.openstack.wsgi [req-fc7cefe3-eb1f-4554-85a4-8fdd55389cf7 req-4722da3e-6f02-45d3-bc8b-ad838d911cb6 53bfc450a7e841f6817319341257ae17 a400d071db2d4f3eb3ad0c17d2de237e - - default default] GET http://10.0.0.26:8776/
2026-04-21 18:34:02.759 8 INFO cinder.api.openstack.wsgi [req-4c47c085-e220-4bb8-b477-e7acc5552f72 req-1280eb41-2a6b-4f94-8f77-ea5a5d0f2801 cb4668ee70ae4d7cba80f4e5d647500d ecbed234b20f4db88cb010fcbef3ccae - - default default] http://10.0.0.26:8776/ returned with HTTP 300
2026-04-21 18:34:02.761 7 INFO cinder.api.openstack.wsgi [req-fc7cefe3-eb1f-4554-85a4-8fdd55389cf7 req-4722da3e-6f02-45d3-bc8b-ad838d911cb6 53bfc450a7e841f6817319341257ae17 a400d071db2d4f3eb3ad0c17d2de237e - - default default] http://10.0.0.26:8776/ returned with HTTP 300
2026-04-21 18:34:08.671 8 INFO cinder.api.openstack.wsgi [None req-a5cafa7d-0c8c-4f44-84d2-c1f82577f1d4 7d27d9fb4b8745858d726b4655a75e6b 3249600bc36e45c48692e41a8e6710f4 - - default default] GET http://cinder-api.openstack.svc.cluster.local:8776/v3/3249600bc36e45c48692e41a8e6710f4/os-services /var/lib/openstack/lib/python3.10/site-packages/oslo_context/context.py:100: DeprecationWarning: Policy enforcement is depending on the value of is_admin. This key is deprecated. Please update your policy file to use the standard policy values. warnings.warn('Policy enforcement is depending on the value of '
2026-04-21 18:34:08.678 8 INFO cinder.api.openstack.wsgi [None req-a5cafa7d-0c8c-4f44-84d2-c1f82577f1d4 7d27d9fb4b8745858d726b4655a75e6b 3249600bc36e45c48692e41a8e6710f4 - - default default] http://cinder-api.openstack.svc.cluster.local:8776/v3/3249600bc36e45c48692e41a8e6710f4/os-services returned with HTTP 200 [pid: 8|app: 0|req: 396/790] 10.0.0.197 () {28 vars in 645 bytes} [Tue Apr 21 18:34:08 2026] GET /v3/3249600bc36e45c48692e41a8e6710f4/os-services => generated 646 bytes in 256 msecs (HTTP/1.1 200) 7 headers in 285 bytes (1 switches on core 0) /var/lib/openstack/lib/python3.10/site-packages/pycadf/identifier.py:71: UserWarning: Invalid uuid: cinderv3. To ensure interoperability, identifiers should be a valid uuid. warnings.warn(('Invalid uuid: %s. To ensure interoperability, '
2026-04-21 18:34:08.692 7 INFO cinder.api.openstack.wsgi [None req-f82a6c4f-f21d-45af-8fc5-93add8283a80 7d27d9fb4b8745858d726b4655a75e6b 3249600bc36e45c48692e41a8e6710f4 - - default default] GET http://cinder-api.openstack.svc.cluster.local:8776/v3/3249600bc36e45c48692e41a8e6710f4/scheduler-stats/get_pools?detail=true
2026-04-21 18:34:08.711 7 INFO cinder.api.openstack.wsgi [None req-f82a6c4f-f21d-45af-8fc5-93add8283a80 7d27d9fb4b8745858d726b4655a75e6b 3249600bc36e45c48692e41a8e6710f4 - - default default] http://cinder-api.openstack.svc.cluster.local:8776/v3/3249600bc36e45c48692e41a8e6710f4/scheduler-stats/get_pools?detail=true returned with HTTP 200 [pid: 7|app: 0|req: 395/791] 10.0.0.197 () {28 vars in 696 bytes} [Tue Apr 21 18:34:08 2026] GET /v3/3249600bc36e45c48692e41a8e6710f4/scheduler-stats/get_pools?detail=true => generated 670 bytes in 29 msecs (HTTP/1.1 200) 7 headers in 285 bytes (1 switches on core 0)
2026-04-21 18:34:08.759 8 INFO cinder.api.openstack.wsgi [None req-d6ec4a83-6534-4959-bef0-e139c7224ca6 7d27d9fb4b8745858d726b4655a75e6b 3249600bc36e45c48692e41a8e6710f4 - - default default] GET http://cinder-api.openstack.svc.cluster.local:8776/v3/3249600bc36e45c48692e41a8e6710f4/os-quota-sets/132507bc726945cfba809e3cbbc8abd6?usage=true
2026-04-21 18:34:08.787 8 INFO cinder.api.openstack.wsgi [None req-d6ec4a83-6534-4959-bef0-e139c7224ca6 7d27d9fb4b8745858d726b4655a75e6b 3249600bc36e45c48692e41a8e6710f4 - - default default] http://cinder-api.openstack.svc.cluster.local:8776/v3/3249600bc36e45c48692e41a8e6710f4/os-quota-sets/132507bc726945cfba809e3cbbc8abd6?usage=true returned with HTTP 200 [pid: 8|app: 0|req: 397/792] 10.0.0.197 () {28 vars in 736 bytes} [Tue Apr 21 18:34:08 2026] GET /v3/3249600bc36e45c48692e41a8e6710f4/os-quota-sets/132507bc726945cfba809e3cbbc8abd6?usage=true => generated 847 bytes in 36 msecs (HTTP/1.1 200) 7 headers in 285 bytes (1 switches on core 0)
2026-04-21 18:34:08.801 7 INFO cinder.api.openstack.wsgi [None req-b44b27a3-fddd-48c4-9f83-c117cde87b04 7d27d9fb4b8745858d726b4655a75e6b 3249600bc36e45c48692e41a8e6710f4 - - default default] GET http://cinder-api.openstack.svc.cluster.local:8776/v3/3249600bc36e45c48692e41a8e6710f4/os-quota-sets/2e9c8db85c8340f684344ba0e2d3713d?usage=true
2026-04-21 18:34:08.825 7 INFO cinder.api.openstack.wsgi [None req-b44b27a3-fddd-48c4-9f83-c117cde87b04 7d27d9fb4b8745858d726b4655a75e6b 3249600bc36e45c48692e41a8e6710f4 - - default default] http://cinder-api.openstack.svc.cluster.local:8776/v3/3249600bc36e45c48692e41a8e6710f4/os-quota-sets/2e9c8db85c8340f684344ba0e2d3713d?usage=true returned with HTTP 200 [pid: 7|app: 0|req: 396/793] 10.0.0.197 () {28 vars in 736 bytes} [Tue Apr 21 18:34:08 2026] GET /v3/3249600bc36e45c48692e41a8e6710f4/os-quota-sets/2e9c8db85c8340f684344ba0e2d3713d?usage=true => generated 847 bytes in 34 msecs (HTTP/1.1 200) 7 headers in 285 bytes (1 switches on core 0)
2026-04-21 18:34:08.839 8 INFO cinder.api.openstack.wsgi [None req-0ae564e1-135c-4068-96eb-4b24ef4ac19c 7d27d9fb4b8745858d726b4655a75e6b 3249600bc36e45c48692e41a8e6710f4 - - default default] GET http://cinder-api.openstack.svc.cluster.local:8776/v3/3249600bc36e45c48692e41a8e6710f4/os-quota-sets/3249600bc36e45c48692e41a8e6710f4?usage=true
2026-04-21 18:34:08.881 8 INFO cinder.api.openstack.wsgi [None req-0ae564e1-135c-4068-96eb-4b24ef4ac19c 7d27d9fb4b8745858d726b4655a75e6b 3249600bc36e45c48692e41a8e6710f4 - - default default] http://cinder-api.openstack.svc.cluster.local:8776/v3/3249600bc36e45c48692e41a8e6710f4/os-quota-sets/3249600bc36e45c48692e41a8e6710f4?usage=true returned with HTTP 200 [pid: 8|app: 0|req: 398/794] 10.0.0.197 () {28 vars in 736 bytes} [Tue Apr 21 18:34:08 2026] GET /v3/3249600bc36e45c48692e41a8e6710f4/os-quota-sets/3249600bc36e45c48692e41a8e6710f4?usage=true => generated 845 bytes in 52 msecs (HTTP/1.1 200) 7 headers in 285 bytes (1 switches on core 0)
2026-04-21 18:34:08.898 7 INFO cinder.api.openstack.wsgi [None req-2e323e85-1dc9-46ff-89ae-b269e134676c 7d27d9fb4b8745858d726b4655a75e6b 3249600bc36e45c48692e41a8e6710f4 - - default default] GET http://cinder-api.openstack.svc.cluster.local:8776/v3/3249600bc36e45c48692e41a8e6710f4/os-quota-sets/8be153caf1d640c4ae8de0b04b2e5c92?usage=true
2026-04-21 18:34:08.920 7 INFO cinder.api.openstack.wsgi [None req-2e323e85-1dc9-46ff-89ae-b269e134676c 7d27d9fb4b8745858d726b4655a75e6b 3249600bc36e45c48692e41a8e6710f4 - - default default] http://cinder-api.openstack.svc.cluster.local:8776/v3/3249600bc36e45c48692e41a8e6710f4/os-quota-sets/8be153caf1d640c4ae8de0b04b2e5c92?usage=true returned with HTTP 200 [pid: 7|app: 0|req: 397/795] 10.0.0.197 () {28 vars in 736 bytes} [Tue Apr 21 18:34:08 2026] GET /v3/3249600bc36e45c48692e41a8e6710f4/os-quota-sets/8be153caf1d640c4ae8de0b04b2e5c92?usage=true => generated 847 bytes in 33 msecs (HTTP/1.1 200) 7 headers in 285 bytes (1 switches on core 0)
2026-04-21 18:34:08.931 8 INFO cinder.api.openstack.wsgi [None req-dca4e4ec-3f57-4d94-a3c9-d5b71ba1f457 7d27d9fb4b8745858d726b4655a75e6b 3249600bc36e45c48692e41a8e6710f4 - - default default] GET http://cinder-api.openstack.svc.cluster.local:8776/v3/3249600bc36e45c48692e41a8e6710f4/os-quota-sets/9009ae9b476741fda75339a1628070df?usage=true
2026-04-21 18:34:08.959 8 INFO cinder.api.openstack.wsgi [None req-dca4e4ec-3f57-4d94-a3c9-d5b71ba1f457 7d27d9fb4b8745858d726b4655a75e6b 3249600bc36e45c48692e41a8e6710f4 - - default default] http://cinder-api.openstack.svc.cluster.local:8776/v3/3249600bc36e45c48692e41a8e6710f4/os-quota-sets/9009ae9b476741fda75339a1628070df?usage=true returned with HTTP 200 [pid: 8|app: 0|req: 399/796] 10.0.0.197 () {28 vars in 736 bytes} [Tue Apr 21 18:34:08 2026] GET /v3/3249600bc36e45c48692e41a8e6710f4/os-quota-sets/9009ae9b476741fda75339a1628070df?usage=true => generated 847 bytes in 36 msecs (HTTP/1.1 200) 7 headers in 285 bytes (1 switches on core 0)
2026-04-21 18:34:08.973 7 INFO cinder.api.openstack.wsgi [None req-98f8198b-8739-4d3b-9b6c-150d7754ae2d 7d27d9fb4b8745858d726b4655a75e6b 3249600bc36e45c48692e41a8e6710f4 - - default default] GET http://cinder-api.openstack.svc.cluster.local:8776/v3/3249600bc36e45c48692e41a8e6710f4/os-quota-sets/90b7136f5af748d79467edda668efa3d?usage=true
2026-04-21 18:34:09.006 7 INFO cinder.api.openstack.wsgi [None req-98f8198b-8739-4d3b-9b6c-150d7754ae2d 7d27d9fb4b8745858d726b4655a75e6b 3249600bc36e45c48692e41a8e6710f4 - - default default] http://cinder-api.openstack.svc.cluster.local:8776/v3/3249600bc36e45c48692e41a8e6710f4/os-quota-sets/90b7136f5af748d79467edda668efa3d?usage=true returned with HTTP 200 [pid: 7|app: 0|req: 398/797] 10.0.0.197 () {28 vars in 736 bytes} [Tue Apr 21 18:34:08 2026] GET /v3/3249600bc36e45c48692e41a8e6710f4/os-quota-sets/90b7136f5af748d79467edda668efa3d?usage=true => generated 847 bytes in 44 msecs (HTTP/1.1 200) 7 headers in 285 bytes (1 switches on core 0)
2026-04-21 18:34:09.018 8 INFO cinder.api.openstack.wsgi [None req-d1db10f0-c40d-410e-a521-cc8b90c9f0c0 7d27d9fb4b8745858d726b4655a75e6b 3249600bc36e45c48692e41a8e6710f4 - - default default] GET http://cinder-api.openstack.svc.cluster.local:8776/v3/3249600bc36e45c48692e41a8e6710f4/os-quota-sets/d0a5315dac4f4ae289a1037d76bdaf57?usage=true
2026-04-21 18:34:09.050 8 INFO cinder.api.openstack.wsgi [None req-d1db10f0-c40d-410e-a521-cc8b90c9f0c0 7d27d9fb4b8745858d726b4655a75e6b 3249600bc36e45c48692e41a8e6710f4 - - default default] http://cinder-api.openstack.svc.cluster.local:8776/v3/3249600bc36e45c48692e41a8e6710f4/os-quota-sets/d0a5315dac4f4ae289a1037d76bdaf57?usage=true returned with HTTP 200 [pid: 8|app: 0|req: 400/798] 10.0.0.197 () {28 vars in 736 bytes} [Tue Apr 21 18:34:09 2026] GET /v3/3249600bc36e45c48692e41a8e6710f4/os-quota-sets/d0a5315dac4f4ae289a1037d76bdaf57?usage=true => generated 845 bytes in 41 msecs (HTTP/1.1 200) 7 headers in 285 bytes (1 switches on core 0)
2026-04-21 18:34:09.063 7 INFO cinder.api.openstack.wsgi [None req-d3f0b8ab-d700-4b36-bbf8-ae8b767271e6 7d27d9fb4b8745858d726b4655a75e6b 3249600bc36e45c48692e41a8e6710f4 - - default default] GET http://cinder-api.openstack.svc.cluster.local:8776/v3/3249600bc36e45c48692e41a8e6710f4/os-quota-sets/f44006e8ea474368872cff46d2020121?usage=true
2026-04-21 18:34:09.092 7 INFO cinder.api.openstack.wsgi [None req-d3f0b8ab-d700-4b36-bbf8-ae8b767271e6 7d27d9fb4b8745858d726b4655a75e6b 3249600bc36e45c48692e41a8e6710f4 - - default default] http://cinder-api.openstack.svc.cluster.local:8776/v3/3249600bc36e45c48692e41a8e6710f4/os-quota-sets/f44006e8ea474368872cff46d2020121?usage=true returned with HTTP 200 [pid: 7|app: 0|req: 399/799] 10.0.0.197 () {28 vars in 736 bytes} [Tue Apr 21 18:34:09 2026] GET /v3/3249600bc36e45c48692e41a8e6710f4/os-quota-sets/f44006e8ea474368872cff46d2020121?usage=true => generated 847 bytes in 38 msecs (HTTP/1.1 200) 7 headers in 285 bytes (1 switches on core 0)
2026-04-21 18:34:09.105 8 INFO cinder.api.openstack.wsgi [None req-ee8d0f48-d04f-41a6-81aa-cee9355edcb2 7d27d9fb4b8745858d726b4655a75e6b 3249600bc36e45c48692e41a8e6710f4 - - default default] GET http://cinder-api.openstack.svc.cluster.local:8776/v3/3249600bc36e45c48692e41a8e6710f4/volumes/detail?all_tenants=true
2026-04-21 18:34:09.116 8 INFO cinder.volume.api [None req-ee8d0f48-d04f-41a6-81aa-cee9355edcb2 7d27d9fb4b8745858d726b4655a75e6b 3249600bc36e45c48692e41a8e6710f4 - - default default] Get all volumes completed successfully.
2026-04-21 18:34:09.119 8 INFO cinder.api.openstack.wsgi [None req-ee8d0f48-d04f-41a6-81aa-cee9355edcb2 7d27d9fb4b8745858d726b4655a75e6b 3249600bc36e45c48692e41a8e6710f4 - - default default] http://cinder-api.openstack.svc.cluster.local:8776/v3/3249600bc36e45c48692e41a8e6710f4/volumes/detail?all_tenants=true returned with HTTP 200 [pid: 8|app: 0|req: 401/800] 10.0.0.197 () {28 vars in 684 bytes} [Tue Apr 21 18:34:09 2026] GET /v3/3249600bc36e45c48692e41a8e6710f4/volumes/detail?all_tenants=true => generated 15 bytes in 23 msecs (HTTP/1.1 200) 7 headers in 284 bytes (1 switches on core 0)
2026-04-21 18:34:09.134 7 INFO cinder.api.openstack.wsgi [None req-35625534-0891-4ac8-a682-ba18c32bf314 7d27d9fb4b8745858d726b4655a75e6b 3249600bc36e45c48692e41a8e6710f4 - - default default] GET http://cinder-api.openstack.svc.cluster.local:8776/v3/3249600bc36e45c48692e41a8e6710f4/volumes/detail?all_tenants=true
2026-04-21 18:34:09.144 7 INFO cinder.volume.api [None req-35625534-0891-4ac8-a682-ba18c32bf314 7d27d9fb4b8745858d726b4655a75e6b 3249600bc36e45c48692e41a8e6710f4 - - default default] Get all volumes completed successfully.
2026-04-21 18:34:09.146 7 INFO cinder.api.openstack.wsgi [None req-35625534-0891-4ac8-a682-ba18c32bf314 7d27d9fb4b8745858d726b4655a75e6b 3249600bc36e45c48692e41a8e6710f4 - - default default] http://cinder-api.openstack.svc.cluster.local:8776/v3/3249600bc36e45c48692e41a8e6710f4/volumes/detail?all_tenants=true returned with HTTP 200 [pid: 7|app: 0|req: 400/801] 10.0.0.197 () {28 vars in 684 bytes} [Tue Apr 21 18:34:09 2026] GET /v3/3249600bc36e45c48692e41a8e6710f4/volumes/detail?all_tenants=true => generated 15 bytes in 20 msecs (HTTP/1.1 200) 7 headers in 284 bytes (1 switches on core 0)
2026-04-21 18:34:09.157 8 INFO cinder.api.openstack.wsgi [None req-6c11f308-1f83-4c01-b375-8bdf17ea61a7 7d27d9fb4b8745858d726b4655a75e6b 3249600bc36e45c48692e41a8e6710f4 - - default default] GET http://cinder-api.openstack.svc.cluster.local:8776/v3/3249600bc36e45c48692e41a8e6710f4/snapshots?all_tenants=true
2026-04-21 18:34:09.163 8 INFO cinder.volume.api [None req-6c11f308-1f83-4c01-b375-8bdf17ea61a7 7d27d9fb4b8745858d726b4655a75e6b 3249600bc36e45c48692e41a8e6710f4 - - default default] Get all snapshots completed successfully.
2026-04-21 18:34:09.163 8 INFO cinder.api.openstack.wsgi [None req-6c11f308-1f83-4c01-b375-8bdf17ea61a7 7d27d9fb4b8745858d726b4655a75e6b 3249600bc36e45c48692e41a8e6710f4 - - default default] http://cinder-api.openstack.svc.cluster.local:8776/v3/3249600bc36e45c48692e41a8e6710f4/snapshots?all_tenants=true returned with HTTP 200 [pid: 8|app: 0|req: 402/802] 10.0.0.197 () {28 vars in 674 bytes} [Tue Apr 21 18:34:09 2026] GET /v3/3249600bc36e45c48692e41a8e6710f4/snapshots?all_tenants=true => generated 17 bytes in 13 msecs (HTTP/1.1 200) 7 headers in 284 bytes (1 switches on core 0)
2026-04-21 18:34:12.757 7 INFO cinder.api.openstack.wsgi [None req-35625534-0891-4ac8-a682-ba18c32bf314 7d27d9fb4b8745858d726b4655a75e6b 3249600bc36e45c48692e41a8e6710f4 - - default default] GET http://10.0.0.26:8776/
2026-04-21 18:34:12.757 8 INFO cinder.api.openstack.wsgi [None req-6c11f308-1f83-4c01-b375-8bdf17ea61a7 7d27d9fb4b8745858d726b4655a75e6b 3249600bc36e45c48692e41a8e6710f4 - - default default] GET http://10.0.0.26:8776/
2026-04-21 18:34:12.759 8 INFO cinder.api.openstack.wsgi [None req-6c11f308-1f83-4c01-b375-8bdf17ea61a7 7d27d9fb4b8745858d726b4655a75e6b 3249600bc36e45c48692e41a8e6710f4 - - default default] http://10.0.0.26:8776/ returned with HTTP 300
2026-04-21 18:34:12.759 7 INFO cinder.api.openstack.wsgi [None req-35625534-0891-4ac8-a682-ba18c32bf314 7d27d9fb4b8745858d726b4655a75e6b 3249600bc36e45c48692e41a8e6710f4 - - default default] http://10.0.0.26:8776/ returned with HTTP 300
2026-04-21 18:34:22.757 8 INFO cinder.api.openstack.wsgi [None req-6c11f308-1f83-4c01-b375-8bdf17ea61a7 7d27d9fb4b8745858d726b4655a75e6b 3249600bc36e45c48692e41a8e6710f4 - - default default] GET http://10.0.0.26:8776/
2026-04-21 18:34:22.757 7 INFO cinder.api.openstack.wsgi [None req-35625534-0891-4ac8-a682-ba18c32bf314 7d27d9fb4b8745858d726b4655a75e6b 3249600bc36e45c48692e41a8e6710f4 - - default default] GET http://10.0.0.26:8776/
2026-04-21 18:34:22.758 8 INFO cinder.api.openstack.wsgi [None req-6c11f308-1f83-4c01-b375-8bdf17ea61a7 7d27d9fb4b8745858d726b4655a75e6b 3249600bc36e45c48692e41a8e6710f4 - - default default] http://10.0.0.26:8776/ returned with HTTP 300
2026-04-21 18:34:22.759 7 INFO cinder.api.openstack.wsgi [None req-35625534-0891-4ac8-a682-ba18c32bf314 7d27d9fb4b8745858d726b4655a75e6b 3249600bc36e45c48692e41a8e6710f4 - - default default] http://10.0.0.26:8776/ returned with HTTP 300
2026-04-21 18:34:32.757 8 INFO cinder.api.openstack.wsgi [None req-6c11f308-1f83-4c01-b375-8bdf17ea61a7 7d27d9fb4b8745858d726b4655a75e6b 3249600bc36e45c48692e41a8e6710f4 - - default default] GET http://10.0.0.26:8776/
2026-04-21 18:34:32.757 7 INFO cinder.api.openstack.wsgi [None req-35625534-0891-4ac8-a682-ba18c32bf314 7d27d9fb4b8745858d726b4655a75e6b 3249600bc36e45c48692e41a8e6710f4 - - default default] GET http://10.0.0.26:8776/
2026-04-21 18:34:32.758 8 INFO cinder.api.openstack.wsgi [None req-6c11f308-1f83-4c01-b375-8bdf17ea61a7 7d27d9fb4b8745858d726b4655a75e6b 3249600bc36e45c48692e41a8e6710f4 - - default default] http://10.0.0.26:8776/ returned with HTTP 300
2026-04-21 18:34:32.759 7 INFO cinder.api.openstack.wsgi [None req-35625534-0891-4ac8-a682-ba18c32bf314 7d27d9fb4b8745858d726b4655a75e6b 3249600bc36e45c48692e41a8e6710f4 - - default default] http://10.0.0.26:8776/ returned with HTTP 300
2026-04-21 18:34:35.505 8 INFO cinder.api.openstack.wsgi [None req-3e7866f9-28f8-449e-8f84-60d432da3a22 b09e7d74fe204f9ca4caba5007d20ebb 93545bef563644b3b866415c18d0bd3d - - default default] GET http://cinder-api.openstack.svc.cluster.local:8776/v3/93545bef563644b3b866415c18d0bd3d/volumes
2026-04-21 18:34:35.547 8 INFO cinder.volume.api [None req-3e7866f9-28f8-449e-8f84-60d432da3a22 b09e7d74fe204f9ca4caba5007d20ebb 93545bef563644b3b866415c18d0bd3d - - default default] Get all volumes completed successfully.
2026-04-21 18:34:35.548 8 INFO cinder.api.openstack.wsgi [None req-3e7866f9-28f8-449e-8f84-60d432da3a22 b09e7d74fe204f9ca4caba5007d20ebb 93545bef563644b3b866415c18d0bd3d - - default default] http://cinder-api.openstack.svc.cluster.local:8776/v3/93545bef563644b3b866415c18d0bd3d/volumes returned with HTTP 200 [pid: 8|app: 0|req: 406/809] 10.0.0.179 () {32 vars in 701 bytes} [Tue Apr 21 18:34:35 2026] GET /v3/93545bef563644b3b866415c18d0bd3d/volumes => generated 15 bytes in 247 msecs (HTTP/1.1 200) 7 headers in 284 bytes (1 switches on core 0)
2026-04-21 18:34:35.564 7 INFO cinder.api.openstack.wsgi [None req-52891dae-0fbc-4a13-b7fe-96b8f39d1e7f b09e7d74fe204f9ca4caba5007d20ebb 93545bef563644b3b866415c18d0bd3d - - default default] POST http://cinder-api.openstack.svc.cluster.local:8776/v3/93545bef563644b3b866415c18d0bd3d/volumes
2026-04-21 18:34:35.567 7 INFO cinder.api.v3.volumes [None req-52891dae-0fbc-4a13-b7fe-96b8f39d1e7f b09e7d74fe204f9ca4caba5007d20ebb 93545bef563644b3b866415c18d0bd3d - - default default] Create volume of 1 GB
2026-04-21 18:34:35.577 7 INFO cinder.volume.api [None req-52891dae-0fbc-4a13-b7fe-96b8f39d1e7f b09e7d74fe204f9ca4caba5007d20ebb 93545bef563644b3b866415c18d0bd3d - - default default] Availability Zones retrieved successfully.
2026-04-21 18:34:35.733 7 INFO cinder.volume.api [None req-52891dae-0fbc-4a13-b7fe-96b8f39d1e7f b09e7d74fe204f9ca4caba5007d20ebb 93545bef563644b3b866415c18d0bd3d - - default default] Create volume request issued successfully.
2026-04-21 18:34:35.734 7 INFO cinder.api.openstack.wsgi [None req-52891dae-0fbc-4a13-b7fe-96b8f39d1e7f b09e7d74fe204f9ca4caba5007d20ebb 93545bef563644b3b866415c18d0bd3d - - default default] http://cinder-api.openstack.svc.cluster.local:8776/v3/93545bef563644b3b866415c18d0bd3d/volumes returned with HTTP 202 [pid: 7|app: 0|req: 404/810] 10.0.0.179 () {34 vars in 723 bytes} [Tue Apr 21 18:34:35 2026] POST /v3/93545bef563644b3b866415c18d0bd3d/volumes => generated 876 bytes in 179 msecs (HTTP/1.1 202) 7 headers in 291 bytes (1 switches on core 0)
2026-04-21 18:34:35.752 8 INFO cinder.api.openstack.wsgi [None req-0b7d6299-a0e5-47c8-a9ff-dfe178781e81 b09e7d74fe204f9ca4caba5007d20ebb 93545bef563644b3b866415c18d0bd3d - - default default] GET http://cinder-api.openstack.svc.cluster.local:8776/v3/93545bef563644b3b866415c18d0bd3d/volumes/acdb0a00-2549-4b42-a2f8-81e7d2c78544 /var/lib/openstack/lib/python3.10/site-packages/oslo_context/context.py:100: DeprecationWarning: Policy enforcement is depending on the value of is_admin. This key is deprecated. Please update your policy file to use the standard policy values. warnings.warn('Policy enforcement is depending on the value of '
2026-04-21 18:34:35.768 8 INFO cinder.volume.api [None req-0b7d6299-a0e5-47c8-a9ff-dfe178781e81 b09e7d74fe204f9ca4caba5007d20ebb 93545bef563644b3b866415c18d0bd3d - - default default] Volume info retrieved successfully.
2026-04-21 18:34:35.775 8 INFO cinder.api.openstack.wsgi [None req-0b7d6299-a0e5-47c8-a9ff-dfe178781e81 b09e7d74fe204f9ca4caba5007d20ebb 93545bef563644b3b866415c18d0bd3d - - default default] http://cinder-api.openstack.svc.cluster.local:8776/v3/93545bef563644b3b866415c18d0bd3d/volumes/acdb0a00-2549-4b42-a2f8-81e7d2c78544 returned with HTTP 200 [pid: 8|app: 0|req: 407/811] 10.0.0.179 () {32 vars in 775 bytes} [Tue Apr 21 18:34:35 2026] GET /v3/93545bef563644b3b866415c18d0bd3d/volumes/acdb0a00-2549-4b42-a2f8-81e7d2c78544 => generated 944 bytes in 29 msecs (HTTP/1.1 200) 7 headers in 285 bytes (1 switches on core 0) /var/lib/openstack/lib/python3.10/site-packages/pycadf/identifier.py:71: UserWarning: Invalid uuid: cinderv3. To ensure interoperability, identifiers should be a valid uuid. warnings.warn(('Invalid uuid: %s. To ensure interoperability, '
2026-04-21 18:34:36.797 7 INFO cinder.api.openstack.wsgi [None req-5696cce1-9141-4adb-91f8-826dec0598d2 b09e7d74fe204f9ca4caba5007d20ebb 93545bef563644b3b866415c18d0bd3d - - default default] GET http://cinder-api.openstack.svc.cluster.local:8776/v3/93545bef563644b3b866415c18d0bd3d/volumes/acdb0a00-2549-4b42-a2f8-81e7d2c78544 /var/lib/openstack/lib/python3.10/site-packages/oslo_context/context.py:100: DeprecationWarning: Policy enforcement is depending on the value of is_admin. This key is deprecated. Please update your policy file to use the standard policy values. warnings.warn('Policy enforcement is depending on the value of '
2026-04-21 18:34:36.819 7 INFO cinder.volume.api [None req-5696cce1-9141-4adb-91f8-826dec0598d2 b09e7d74fe204f9ca4caba5007d20ebb 93545bef563644b3b866415c18d0bd3d - - default default] Volume info retrieved successfully.
2026-04-21 18:34:36.824 7 INFO cinder.api.openstack.wsgi [None req-5696cce1-9141-4adb-91f8-826dec0598d2 b09e7d74fe204f9ca4caba5007d20ebb 93545bef563644b3b866415c18d0bd3d - - default default] http://cinder-api.openstack.svc.cluster.local:8776/v3/93545bef563644b3b866415c18d0bd3d/volumes/acdb0a00-2549-4b42-a2f8-81e7d2c78544 returned with HTTP 200 [pid: 7|app: 0|req: 405/812] 10.0.0.179 () {32 vars in 775 bytes} [Tue Apr 21 18:34:36 2026] GET /v3/93545bef563644b3b866415c18d0bd3d/volumes/acdb0a00-2549-4b42-a2f8-81e7d2c78544 => generated 969 bytes in 37 msecs (HTTP/1.1 200) 7 headers in 285 bytes (1 switches on core 0) /var/lib/openstack/lib/python3.10/site-packages/pycadf/identifier.py:71: UserWarning: Invalid uuid: cinderv3. To ensure interoperability, identifiers should be a valid uuid. warnings.warn(('Invalid uuid: %s. To ensure interoperability, '
2026-04-21 18:34:36.846 8 INFO cinder.api.openstack.wsgi [None req-50adb78b-c72b-4813-99e4-87d81adfc83c b09e7d74fe204f9ca4caba5007d20ebb 93545bef563644b3b866415c18d0bd3d - - default default] GET http://cinder-api.openstack.svc.cluster.local:8776/v3/93545bef563644b3b866415c18d0bd3d/volumes/acdb0a00-2549-4b42-a2f8-81e7d2c78544 /var/lib/openstack/lib/python3.10/site-packages/oslo_context/context.py:100: DeprecationWarning: Policy enforcement is depending on the value of is_admin. This key is deprecated. Please update your policy file to use the standard policy values. warnings.warn('Policy enforcement is depending on the value of '
2026-04-21 18:34:36.865 8 INFO cinder.volume.api [None req-50adb78b-c72b-4813-99e4-87d81adfc83c b09e7d74fe204f9ca4caba5007d20ebb 93545bef563644b3b866415c18d0bd3d - - default default] Volume info retrieved successfully.
2026-04-21 18:34:36.874 8 INFO cinder.api.openstack.wsgi [None req-50adb78b-c72b-4813-99e4-87d81adfc83c b09e7d74fe204f9ca4caba5007d20ebb 93545bef563644b3b866415c18d0bd3d - - default default] http://cinder-api.openstack.svc.cluster.local:8776/v3/93545bef563644b3b866415c18d0bd3d/volumes/acdb0a00-2549-4b42-a2f8-81e7d2c78544 returned with HTTP 200 [pid: 8|app: 0|req: 408/813] 10.0.0.179 () {32 vars in 775 bytes} [Tue Apr 21 18:34:36 2026] GET /v3/93545bef563644b3b866415c18d0bd3d/volumes/acdb0a00-2549-4b42-a2f8-81e7d2c78544 => generated 969 bytes in 35 msecs (HTTP/1.1 200) 7 headers in 285 bytes (1 switches on core 0) /var/lib/openstack/lib/python3.10/site-packages/pycadf/identifier.py:71: UserWarning: Invalid uuid: cinderv3. To ensure interoperability, identifiers should be a valid uuid. warnings.warn(('Invalid uuid: %s. To ensure interoperability, '
2026-04-21 18:34:36.901 7 INFO cinder.api.openstack.wsgi [None req-99fa3b80-dc29-435a-97c8-2a7dc2b73cdb b09e7d74fe204f9ca4caba5007d20ebb 93545bef563644b3b866415c18d0bd3d - - default default] POST http://cinder-api.openstack.svc.cluster.local:8776/v3/93545bef563644b3b866415c18d0bd3d/volumes
2026-04-21 18:34:36.904 7 INFO cinder.api.v3.volumes [None req-99fa3b80-dc29-435a-97c8-2a7dc2b73cdb b09e7d74fe204f9ca4caba5007d20ebb 93545bef563644b3b866415c18d0bd3d - - default default] Create volume of 1 GB
2026-04-21 18:34:36.910 7 INFO cinder.volume.api [None req-99fa3b80-dc29-435a-97c8-2a7dc2b73cdb b09e7d74fe204f9ca4caba5007d20ebb 93545bef563644b3b866415c18d0bd3d - - default default] Availability Zones retrieved successfully.
2026-04-21 18:34:37.051 7 INFO cinder.volume.api [None req-99fa3b80-dc29-435a-97c8-2a7dc2b73cdb b09e7d74fe204f9ca4caba5007d20ebb 93545bef563644b3b866415c18d0bd3d - - default default] Create volume request issued successfully.
2026-04-21 18:34:37.052 7 INFO cinder.api.openstack.wsgi [None req-99fa3b80-dc29-435a-97c8-2a7dc2b73cdb b09e7d74fe204f9ca4caba5007d20ebb 93545bef563644b3b866415c18d0bd3d - - default default] http://cinder-api.openstack.svc.cluster.local:8776/v3/93545bef563644b3b866415c18d0bd3d/volumes returned with HTTP 202 [pid: 7|app: 0|req: 406/814] 10.0.0.179 () {34 vars in 723 bytes} [Tue Apr 21 18:34:36 2026] POST /v3/93545bef563644b3b866415c18d0bd3d/volumes => generated 876 bytes in 160 msecs (HTTP/1.1 202) 7 headers in 291 bytes (1 switches on core 0) /var/lib/openstack/lib/python3.10/site-packages/pycadf/identifier.py:71: UserWarning: Invalid uuid: cinderv3. To ensure interoperability, identifiers should be a valid uuid. warnings.warn(('Invalid uuid: %s. To ensure interoperability, '
2026-04-21 18:34:37.075 8 INFO cinder.api.openstack.wsgi [None req-f63d9b9e-cf75-48db-8fdf-09aeff9d19c3 b09e7d74fe204f9ca4caba5007d20ebb 93545bef563644b3b866415c18d0bd3d - - default default] GET http://cinder-api.openstack.svc.cluster.local:8776/v3/93545bef563644b3b866415c18d0bd3d/volumes/abf3e058-98f6-4696-9193-e0469eec2e28 /var/lib/openstack/lib/python3.10/site-packages/oslo_context/context.py:100: DeprecationWarning: Policy enforcement is depending on the value of is_admin. This key is deprecated. Please update your policy file to use the standard policy values. warnings.warn('Policy enforcement is depending on the value of '
2026-04-21 18:34:37.097 8 INFO cinder.volume.api [None req-f63d9b9e-cf75-48db-8fdf-09aeff9d19c3 b09e7d74fe204f9ca4caba5007d20ebb 93545bef563644b3b866415c18d0bd3d - - default default] Volume info retrieved successfully.
2026-04-21 18:34:37.105 8 INFO cinder.api.openstack.wsgi [None req-f63d9b9e-cf75-48db-8fdf-09aeff9d19c3 b09e7d74fe204f9ca4caba5007d20ebb 93545bef563644b3b866415c18d0bd3d - - default default] http://cinder-api.openstack.svc.cluster.local:8776/v3/93545bef563644b3b866415c18d0bd3d/volumes/abf3e058-98f6-4696-9193-e0469eec2e28 returned with HTTP 200 [pid: 8|app: 0|req: 409/815] 10.0.0.179 () {32 vars in 775 bytes} [Tue Apr 21 18:34:37 2026] GET /v3/93545bef563644b3b866415c18d0bd3d/volumes/abf3e058-98f6-4696-9193-e0469eec2e28 => generated 944 bytes in 36 msecs (HTTP/1.1 200) 7 headers in 285 bytes (1 switches on core 0) /var/lib/openstack/lib/python3.10/site-packages/pycadf/identifier.py:71: UserWarning: Invalid uuid: cinderv3. To ensure interoperability, identifiers should be a valid uuid. warnings.warn(('Invalid uuid: %s. To ensure interoperability, '
2026-04-21 18:34:38.129 7 INFO cinder.api.openstack.wsgi [None req-8993a006-aecf-4fe3-9d8d-6da510702884 b09e7d74fe204f9ca4caba5007d20ebb 93545bef563644b3b866415c18d0bd3d - - default default] GET http://cinder-api.openstack.svc.cluster.local:8776/v3/93545bef563644b3b866415c18d0bd3d/volumes/abf3e058-98f6-4696-9193-e0469eec2e28 /var/lib/openstack/lib/python3.10/site-packages/oslo_context/context.py:100: DeprecationWarning: Policy enforcement is depending on the value of is_admin. This key is deprecated. Please update your policy file to use the standard policy values. warnings.warn('Policy enforcement is depending on the value of '
2026-04-21 18:34:38.150 7 INFO cinder.volume.api [None req-8993a006-aecf-4fe3-9d8d-6da510702884 b09e7d74fe204f9ca4caba5007d20ebb 93545bef563644b3b866415c18d0bd3d - - default default] Volume info retrieved successfully.
2026-04-21 18:34:38.155 7 INFO cinder.api.openstack.wsgi [None req-8993a006-aecf-4fe3-9d8d-6da510702884 b09e7d74fe204f9ca4caba5007d20ebb 93545bef563644b3b866415c18d0bd3d - - default default] http://cinder-api.openstack.svc.cluster.local:8776/v3/93545bef563644b3b866415c18d0bd3d/volumes/abf3e058-98f6-4696-9193-e0469eec2e28 returned with HTTP 200 [pid: 7|app: 0|req: 407/816] 10.0.0.179 () {32 vars in 775 bytes} [Tue Apr 21 18:34:38 2026] GET /v3/93545bef563644b3b866415c18d0bd3d/volumes/abf3e058-98f6-4696-9193-e0469eec2e28 => generated 969 bytes in 35 msecs (HTTP/1.1 200) 7 headers in 285 bytes (1 switches on core 0) /var/lib/openstack/lib/python3.10/site-packages/pycadf/identifier.py:71: UserWarning: Invalid uuid: cinderv3. To ensure interoperability, identifiers should be a valid uuid. warnings.warn(('Invalid uuid: %s. To ensure interoperability, '
2026-04-21 18:34:38.180 8 INFO cinder.api.openstack.wsgi [None req-8d44ac51-868d-47c8-87d9-b3847e357030 b09e7d74fe204f9ca4caba5007d20ebb 93545bef563644b3b866415c18d0bd3d - - default default] GET http://cinder-api.openstack.svc.cluster.local:8776/v3/93545bef563644b3b866415c18d0bd3d/volumes/abf3e058-98f6-4696-9193-e0469eec2e28 /var/lib/openstack/lib/python3.10/site-packages/oslo_context/context.py:100: DeprecationWarning: Policy enforcement is depending on the value of is_admin. This key is deprecated. Please update your policy file to use the standard policy values. warnings.warn('Policy enforcement is depending on the value of '
