Feb 17 02:17:16.268830 np0000155880 neutron-periodic-workers[105225]: DEBUG cotyledon.oslo_config_glue [-] ml2.tenant_network_types = ['geneve'] {{(pid=105225) log_opt_values /opt/stack/data/venv/lib/python3.12/site-packages/oslo_config/cfg.py:2824}}
Feb 17 02:17:16.268874 np0000155880 neutron-periodic-workers[105225]: DEBUG cotyledon.oslo_config_glue [-] ml2.tunnelled_network_rp_name = rp_tunnelled {{(pid=105225) log_opt_values /opt/stack/data/venv/lib/python3.12/site-packages/oslo_config/cfg.py:2824}}
Feb 17 02:17:16.268939 np0000155880 neutron-periodic-workers[105225]: DEBUG cotyledon.oslo_config_glue [-] ml2.type_drivers = ['local', 'flat', 'vlan', 'geneve'] {{(pid=105225) log_opt_values /opt/stack/data/venv/lib/python3.12/site-packages/oslo_config/cfg.py:2824}}
Feb 17 02:17:16.268973 np0000155880 neutron-periodic-workers[105225]: DEBUG cotyledon.oslo_config_glue [-] ml2_type_flat.flat_networks = ['public'] {{(pid=105225) log_opt_values /opt/stack/data/venv/lib/python3.12/site-packages/oslo_config/cfg.py:2824}}
Feb 17 02:17:16.269046 np0000155880 neutron-periodic-workers[105225]: DEBUG cotyledon.oslo_config_glue [-] ml2_type_geneve.max_header_size = 38 {{(pid=105225) log_opt_values /opt/stack/data/venv/lib/python3.12/site-packages/oslo_config/cfg.py:2824}}
Feb 17 02:17:16.269085 np0000155880 neutron-periodic-workers[105225]: DEBUG cotyledon.oslo_config_glue [-] ml2_type_geneve.vni_ranges = ['1:65536'] {{(pid=105225) log_opt_values /opt/stack/data/venv/lib/python3.12/site-packages/oslo_config/cfg.py:2824}}
Feb 17 02:17:16.269151 np0000155880 neutron-periodic-workers[105225]: DEBUG cotyledon.oslo_config_glue [-] ml2_type_vlan.network_vlan_ranges = ['public'] {{(pid=105225) log_opt_values /opt/stack/data/venv/lib/python3.12/site-packages/oslo_config/cfg.py:2824}}
Feb 17 02:17:16.269458 np0000155880 neutron-periodic-workers[105225]: DEBUG cotyledon.oslo_config_glue [-] network_log.burst_limit = 25 {{(pid=105225) log_opt_values /opt/stack/data/venv/lib/python3.12/site-packages/oslo_config/cfg.py:2824}}
Feb 17 02:17:16.269499 np0000155880 neutron-periodic-workers[105225]: DEBUG cotyledon.oslo_config_glue [-] network_log.local_output_log_base = None {{(pid=105225) log_opt_values /opt/stack/data/venv/lib/python3.12/site-packages/oslo_config/cfg.py:2824}}
Feb 17 02:17:16.269535 np0000155880 neutron-periodic-workers[105225]: DEBUG cotyledon.oslo_config_glue [-] network_log.rate_limit = 100 {{(pid=105225) log_opt_values /opt/stack/data/venv/lib/python3.12/site-packages/oslo_config/cfg.py:2824}}
Feb 17 02:17:16.269615 np0000155880 neutron-periodic-workers[105225]: DEBUG cotyledon.oslo_config_glue [-] database.asyncio_connection = **** {{(pid=105225) log_opt_values /opt/stack/data/venv/lib/python3.12/site-packages/oslo_config/cfg.py:2824}}
Feb 17 02:17:16.269676 np0000155880 neutron-periodic-workers[105225]: DEBUG cotyledon.oslo_config_glue [-] database.asyncio_slave_connection = **** {{(pid=105225) log_opt_values /opt/stack/data/venv/lib/python3.12/site-packages/oslo_config/cfg.py:2824}}
Feb 17 02:17:16.269734 np0000155880 neutron-periodic-workers[105225]: DEBUG cotyledon.oslo_config_glue [-] database.backend = sqlalchemy {{(pid=105225) log_opt_values /opt/stack/data/venv/lib/python3.12/site-packages/oslo_config/cfg.py:2824}}
Feb 17 02:17:16.269768 np0000155880 neutron-periodic-workers[105225]: DEBUG cotyledon.oslo_config_glue [-] database.connection = **** {{(pid=105225) log_opt_values /opt/stack/data/venv/lib/python3.12/site-packages/oslo_config/cfg.py:2824}}
Feb 17 02:17:16.269819 np0000155880 neutron-periodic-workers[105225]: DEBUG cotyledon.oslo_config_glue [-] database.connection_debug = 0 {{(pid=105225) log_opt_values /opt/stack/data/venv/lib/python3.12/site-packages/oslo_config/cfg.py:2824}}
Feb 17 02:17:16.269853 np0000155880 neutron-periodic-workers[105225]: DEBUG cotyledon.oslo_config_glue [-] database.connection_parameters = {{(pid=105225) log_opt_values /opt/stack/data/venv/lib/python3.12/site-packages/oslo_config/cfg.py:2824}}
Feb 17 02:17:16.269925 np0000155880 neutron-periodic-workers[105225]: DEBUG cotyledon.oslo_config_glue [-] database.connection_recycle_time = 3600 {{(pid=105225) log_opt_values /opt/stack/data/venv/lib/python3.12/site-packages/oslo_config/cfg.py:2824}}
Feb 17 02:17:16.269967 np0000155880 neutron-periodic-workers[105225]: DEBUG cotyledon.oslo_config_glue [-] database.connection_trace = False {{(pid=105225) log_opt_values /opt/stack/data/venv/lib/python3.12/site-packages/oslo_config/cfg.py:2824}}
Feb 17 02:17:16.269994 np0000155880 neutron-periodic-workers[105225]: DEBUG cotyledon.oslo_config_glue [-] database.db_inc_retry_interval = True {{(pid=105225) log_opt_values /opt/stack/data/venv/lib/python3.12/site-packages/oslo_config/cfg.py:2824}}
Feb 17 02:17:16.270046 np0000155880 neutron-periodic-workers[105225]: DEBUG cotyledon.oslo_config_glue [-] database.db_max_retries = 20 {{(pid=105225) log_opt_values /opt/stack/data/venv/lib/python3.12/site-packages/oslo_config/cfg.py:2824}}
Feb 17 02:17:16.270090 np0000155880 neutron-periodic-workers[105225]: DEBUG cotyledon.oslo_config_glue [-] database.db_max_retry_interval = 10 {{(pid=105225) log_opt_values /opt/stack/data/venv/lib/python3.12/site-packages/oslo_config/cfg.py:2824}}
Feb 17 02:17:16.270188 np0000155880 neutron-periodic-workers[105225]: DEBUG cotyledon.oslo_config_glue [-] database.db_retry_interval = 1 {{(pid=105225) log_opt_values /opt/stack/data/venv/lib/python3.12/site-packages/oslo_config/cfg.py:2824}}
Feb 17 02:17:16.270188 np0000155880 neutron-periodic-workers[105225]: DEBUG cotyledon.oslo_config_glue [-] database.max_overflow = 50 {{(pid=105225) log_opt_values /opt/stack/data/venv/lib/python3.12/site-packages/oslo_config/cfg.py:2824}}
Feb 17 02:17:16.270247 np0000155880 neutron-periodic-workers[105225]: DEBUG cotyledon.oslo_config_glue [-] database.max_pool_size = 5 {{(pid=105225) log_opt_values /opt/stack/data/venv/lib/python3.12/site-packages/oslo_config/cfg.py:2824}}
Feb 17 02:17:16.270283 np0000155880 neutron-periodic-workers[105225]: DEBUG cotyledon.oslo_config_glue [-] database.max_retries = 10 {{(pid=105225) log_opt_values /opt/stack/data/venv/lib/python3.12/site-packages/oslo_config/cfg.py:2824}}
Feb 17 02:17:16.270406 np0000155880 neutron-periodic-workers[105225]: DEBUG cotyledon.oslo_config_glue [-] database.mysql_sql_mode = TRADITIONAL {{(pid=105225) log_opt_values /opt/stack/data/venv/lib/python3.12/site-packages/oslo_config/cfg.py:2824}}
Feb 17 02:17:16.270406 np0000155880 neutron-periodic-workers[105225]: DEBUG cotyledon.oslo_config_glue [-] database.mysql_wsrep_sync_wait = None {{(pid=105225) log_opt_values /opt/stack/data/venv/lib/python3.12/site-packages/oslo_config/cfg.py:2824}}
Feb 17 02:17:16.270500 np0000155880 neutron-periodic-workers[105225]: DEBUG cotyledon.oslo_config_glue [-] database.pool_timeout = None {{(pid=105225) log_opt_values /opt/stack/data/venv/lib/python3.12/site-packages/oslo_config/cfg.py:2824}}
Feb 17 02:17:16.270500 np0000155880 neutron-periodic-workers[105225]: DEBUG cotyledon.oslo_config_glue [-] database.retry_interval = 10 {{(pid=105225) log_opt_values /opt/stack/data/venv/lib/python3.12/site-packages/oslo_config/cfg.py:2824}}
Feb 17 02:17:16.270592 np0000155880 neutron-periodic-workers[105225]: DEBUG cotyledon.oslo_config_glue [-] database.slave_connection = **** {{(pid=105225) log_opt_values /opt/stack/data/venv/lib/python3.12/site-packages/oslo_config/cfg.py:2824}}
Feb 17 02:17:16.270592 np0000155880 neutron-periodic-workers[105225]: DEBUG cotyledon.oslo_config_glue [-] database.sqlite_synchronous = True {{(pid=105225) log_opt_values /opt/stack/data/venv/lib/python3.12/site-packages/oslo_config/cfg.py:2824}}
Feb 17 02:17:16.270792 np0000155880 neutron-periodic-workers[105225]: DEBUG cotyledon.oslo_config_glue [-] database.synchronous_reader = True {{(pid=105225) log_opt_values /opt/stack/data/venv/lib/python3.12/site-packages/oslo_config/cfg.py:2824}}
Feb 17 02:17:16.270792 np0000155880 neutron-periodic-workers[105225]: DEBUG cotyledon.oslo_config_glue [-] database.use_db_reconnect = False {{(pid=105225) log_opt_values /opt/stack/data/venv/lib/python3.12/site-packages/oslo_config/cfg.py:2824}}
Feb 17 02:17:16.270792 np0000155880 neutron-periodic-workers[105225]: DEBUG cotyledon.oslo_config_glue [-] ovn.broadcast_arps_to_all_routers = True {{(pid=105225) log_opt_values /opt/stack/data/venv/lib/python3.12/site-packages/oslo_config/cfg.py:2824}}
Feb 17 02:17:16.270792 np0000155880 neutron-periodic-workers[105225]: DEBUG cotyledon.oslo_config_glue [-] ovn.dhcp_default_lease_time = 43200 {{(pid=105225) log_opt_values /opt/stack/data/venv/lib/python3.12/site-packages/oslo_config/cfg.py:2824}}
Feb 17 02:17:16.270897 np0000155880 neutron-periodic-workers[105225]: DEBUG cotyledon.oslo_config_glue [-] ovn.disable_ovn_dhcp_for_baremetal_ports = False {{(pid=105225) log_opt_values /opt/stack/data/venv/lib/python3.12/site-packages/oslo_config/cfg.py:2824}}
Feb 17 02:17:16.270897 np0000155880 neutron-periodic-workers[105225]: DEBUG cotyledon.oslo_config_glue [-] ovn.dns_records_ovn_owned = False {{(pid=105225) log_opt_values /opt/stack/data/venv/lib/python3.12/site-packages/oslo_config/cfg.py:2824}}
Feb 17 02:17:16.270995 np0000155880 neutron-periodic-workers[105225]: DEBUG cotyledon.oslo_config_glue [-] ovn.dns_servers = [] {{(pid=105225) log_opt_values /opt/stack/data/venv/lib/python3.12/site-packages/oslo_config/cfg.py:2824}}
Feb 17 02:17:16.270995 np0000155880 neutron-periodic-workers[105225]: DEBUG cotyledon.oslo_config_glue [-] ovn.enable_distributed_floating_ip = False {{(pid=105225) log_opt_values /opt/stack/data/venv/lib/python3.12/site-packages/oslo_config/cfg.py:2824}}
Feb 17 02:17:16.270995 np0000155880 neutron-periodic-workers[105225]: DEBUG cotyledon.oslo_config_glue [-] ovn.fdb_age_threshold = 0 {{(pid=105225) log_opt_values /opt/stack/data/venv/lib/python3.12/site-packages/oslo_config/cfg.py:2824}}
Feb 17 02:17:16.271115 np0000155880 neutron-periodic-workers[105225]: DEBUG cotyledon.oslo_config_glue [-] ovn.live_migration_activation_strategy = rarp {{(pid=105225) log_opt_values /opt/stack/data/venv/lib/python3.12/site-packages/oslo_config/cfg.py:2824}}
Feb 17 02:17:16.271115 np0000155880 neutron-periodic-workers[105225]: DEBUG cotyledon.oslo_config_glue [-] ovn.localnet_learn_fdb = False {{(pid=105225) log_opt_values /opt/stack/data/venv/lib/python3.12/site-packages/oslo_config/cfg.py:2824}}
Feb 17 02:17:16.271115 np0000155880 neutron-periodic-workers[105225]: DEBUG cotyledon.oslo_config_glue [-] ovn.mac_binding_age_threshold = 0 {{(pid=105225) log_opt_values /opt/stack/data/venv/lib/python3.12/site-packages/oslo_config/cfg.py:2824}}
Feb 17 02:17:16.271280 np0000155880 neutron-periodic-workers[105225]: DEBUG cotyledon.oslo_config_glue [-] ovn.neutron_sync_mode = log {{(pid=105225) log_opt_values /opt/stack/data/venv/lib/python3.12/site-packages/oslo_config/cfg.py:2824}}
Feb 17 02:17:16.271280 np0000155880 neutron-periodic-workers[105225]: DEBUG cotyledon.oslo_config_glue [-] ovn.ovn_dhcp4_global_options = {} {{(pid=105225) log_opt_values /opt/stack/data/venv/lib/python3.12/site-packages/oslo_config/cfg.py:2824}}
Feb 17 02:17:16.271280 np0000155880 neutron-periodic-workers[105225]: DEBUG cotyledon.oslo_config_glue [-] ovn.ovn_dhcp6_global_options = {} {{(pid=105225) log_opt_values /opt/stack/data/venv/lib/python3.12/site-packages/oslo_config/cfg.py:2824}}
Feb 17 02:17:16.271407 np0000155880 neutron-periodic-workers[105225]: DEBUG cotyledon.oslo_config_glue [-] ovn.ovn_l3_scheduler = leastloaded {{(pid=105225) log_opt_values /opt/stack/data/venv/lib/python3.12/site-packages/oslo_config/cfg.py:2824}}
Feb 17 02:17:16.271407 np0000155880 neutron-periodic-workers[105225]: DEBUG cotyledon.oslo_config_glue [-] ovn.ovn_metadata_enabled = True {{(pid=105225) log_opt_values /opt/stack/data/venv/lib/python3.12/site-packages/oslo_config/cfg.py:2824}}
Feb 17 02:17:16.271407 np0000155880 neutron-periodic-workers[105225]: DEBUG cotyledon.oslo_config_glue [-] ovn.ovn_nb_ca_cert = /opt/stack/data/CA/int-ca/ca-chain.pem {{(pid=105225) log_opt_values /opt/stack/data/venv/lib/python3.12/site-packages/oslo_config/cfg.py:2824}}
Feb 17 02:17:16.271521 np0000155880 neutron-periodic-workers[105225]: DEBUG cotyledon.oslo_config_glue [-] ovn.ovn_nb_certificate = /opt/stack/data/CA/int-ca/devstack-cert.crt {{(pid=105225) log_opt_values /opt/stack/data/venv/lib/python3.12/site-packages/oslo_config/cfg.py:2824}}
Feb 17 02:17:16.271521 np0000155880 neutron-periodic-workers[105225]: DEBUG cotyledon.oslo_config_glue [-] ovn.ovn_nb_connection = ['ssl:199.204.45.227:6641'] {{(pid=105225) log_opt_values /opt/stack/data/venv/lib/python3.12/site-packages/oslo_config/cfg.py:2824}}
Feb 17 02:17:16.271521 np0000155880 neutron-periodic-workers[105225]: DEBUG cotyledon.oslo_config_glue [-] ovn.ovn_nb_private_key = /opt/stack/data/CA/int-ca/private/devstack-cert.key {{(pid=105225) log_opt_values /opt/stack/data/venv/lib/python3.12/site-packages/oslo_config/cfg.py:2824}}
Feb 17 02:17:16.271645 np0000155880 neutron-periodic-workers[105225]: DEBUG cotyledon.oslo_config_glue [-] ovn.ovn_router_indirect_snat = False {{(pid=105225) log_opt_values /opt/stack/data/venv/lib/python3.12/site-packages/oslo_config/cfg.py:2824}}
Feb 17 02:17:16.271645 np0000155880 neutron-periodic-workers[105225]: DEBUG cotyledon.oslo_config_glue [-] ovn.ovn_sb_ca_cert = /opt/stack/data/CA/int-ca/ca-chain.pem {{(pid=105225) log_opt_values /opt/stack/data/venv/lib/python3.12/site-packages/oslo_config/cfg.py:2824}}
Feb 17 02:17:16.271645 np0000155880 neutron-periodic-workers[105225]: DEBUG cotyledon.oslo_config_glue [-] ovn.ovn_sb_certificate = /opt/stack/data/CA/int-ca/devstack-cert.crt {{(pid=105225) log_opt_values /opt/stack/data/venv/lib/python3.12/site-packages/oslo_config/cfg.py:2824}}
Feb 17 02:17:16.271778 np0000155880 neutron-periodic-workers[105225]: DEBUG cotyledon.oslo_config_glue [-] ovn.ovn_sb_connection = ['ssl:199.204.45.227:6642'] {{(pid=105225) log_opt_values /opt/stack/data/venv/lib/python3.12/site-packages/oslo_config/cfg.py:2824}}
Feb 17 02:17:16.271778 np0000155880 neutron-periodic-workers[105225]: DEBUG cotyledon.oslo_config_glue [-] ovn.ovn_sb_private_key = /opt/stack/data/CA/int-ca/private/devstack-cert.key {{(pid=105225) log_opt_values /opt/stack/data/venv/lib/python3.12/site-packages/oslo_config/cfg.py:2824}}
Feb 17 02:17:16.271873 np0000155880 neutron-periodic-workers[105225]: DEBUG cotyledon.oslo_config_glue [-] ovn.ovs_create_tap = False {{(pid=105225) log_opt_values /opt/stack/data/venv/lib/python3.12/site-packages/oslo_config/cfg.py:2824}}
Feb 17 02:17:16.271943 np0000155880 neutron-periodic-workers[105225]: DEBUG cotyledon.oslo_config_glue [-] ovn.ovsdb_connection_timeout = 180 {{(pid=105225) log_opt_values /opt/stack/data/venv/lib/python3.12/site-packages/oslo_config/cfg.py:2824}}
Feb 17 02:17:16.271943 np0000155880 neutron-periodic-workers[105225]: DEBUG cotyledon.oslo_config_glue [-] ovn.ovsdb_log_level = INFO {{(pid=105225) log_opt_values /opt/stack/data/venv/lib/python3.12/site-packages/oslo_config/cfg.py:2824}}
Feb 17 02:17:16.272031 np0000155880 neutron-periodic-workers[105225]: DEBUG cotyledon.oslo_config_glue [-] ovn.ovsdb_probe_interval = 60000 {{(pid=105225) log_opt_values /opt/stack/data/venv/lib/python3.12/site-packages/oslo_config/cfg.py:2824}}
Feb 17 02:17:16.272031 np0000155880 neutron-periodic-workers[105225]: DEBUG cotyledon.oslo_config_glue [-] ovn.ovsdb_retry_max_interval = 180 {{(pid=105225) log_opt_values /opt/stack/data/venv/lib/python3.12/site-packages/oslo_config/cfg.py:2824}}
Feb 17 02:17:16.272122 np0000155880 neutron-periodic-workers[105225]: DEBUG cotyledon.oslo_config_glue [-] ovn.stateless_nat_enabled = False {{(pid=105225) log_opt_values /opt/stack/data/venv/lib/python3.12/site-packages/oslo_config/cfg.py:2824}}
Feb 17 02:17:16.272122 np0000155880 neutron-periodic-workers[105225]: DEBUG cotyledon.oslo_config_glue [-] ovn.vhost_sock_dir = /var/run/openvswitch {{(pid=105225) log_opt_values /opt/stack/data/venv/lib/python3.12/site-packages/oslo_config/cfg.py:2824}}
Feb 17 02:17:16.272206 np0000155880 neutron-periodic-workers[105225]: DEBUG cotyledon.oslo_config_glue [-] OVS.bridge_mac_table_size = 50000 {{(pid=105225) log_opt_values /opt/stack/data/venv/lib/python3.12/site-packages/oslo_config/cfg.py:2824}}
Feb 17 02:17:16.272206 np0000155880 neutron-periodic-workers[105225]: DEBUG cotyledon.oslo_config_glue [-] OVS.igmp_flood = False {{(pid=105225) log_opt_values /opt/stack/data/venv/lib/python3.12/site-packages/oslo_config/cfg.py:2824}}
Feb 17 02:17:16.272206 np0000155880 neutron-periodic-workers[105225]: DEBUG cotyledon.oslo_config_glue [-] OVS.igmp_flood_reports = True {{(pid=105225) log_opt_values /opt/stack/data/venv/lib/python3.12/site-packages/oslo_config/cfg.py:2824}}
Feb 17 02:17:16.272321 np0000155880 neutron-periodic-workers[105225]: DEBUG cotyledon.oslo_config_glue [-] OVS.igmp_flood_unregistered = False {{(pid=105225) log_opt_values /opt/stack/data/venv/lib/python3.12/site-packages/oslo_config/cfg.py:2824}}
Feb 17 02:17:16.272321 np0000155880 neutron-periodic-workers[105225]: DEBUG cotyledon.oslo_config_glue [-] OVS.igmp_snooping_enable = False {{(pid=105225) log_opt_values /opt/stack/data/venv/lib/python3.12/site-packages/oslo_config/cfg.py:2824}}
Feb 17 02:17:16.272321 np0000155880 neutron-periodic-workers[105225]: DEBUG cotyledon.oslo_config_glue [-] OVS.ovsdb_timeout = 10 {{(pid=105225) log_opt_values /opt/stack/data/venv/lib/python3.12/site-packages/oslo_config/cfg.py:2824}}
Feb 17 02:17:16.272537 np0000155880 neutron-periodic-workers[105225]: DEBUG cotyledon.oslo_config_glue [-] ovn_nb_global.fdb_removal_limit = 0 {{(pid=105225) log_opt_values /opt/stack/data/venv/lib/python3.12/site-packages/oslo_config/cfg.py:2824}}
Feb 17 02:17:16.272690 np0000155880 neutron-periodic-workers[105225]: DEBUG cotyledon.oslo_config_glue [-] ovn_nb_global.ignore_lsp_down = False {{(pid=105225) log_opt_values /opt/stack/data/venv/lib/python3.12/site-packages/oslo_config/cfg.py:2824}}
Feb 17 02:17:16.272749 np0000155880 neutron-periodic-workers[105225]: DEBUG cotyledon.oslo_config_glue [-] ovn_nb_global.mac_binding_removal_limit = 0 {{(pid=105225) log_opt_values /opt/stack/data/venv/lib/python3.12/site-packages/oslo_config/cfg.py:2824}}
Feb 17 02:17:16.272782 np0000155880 neutron-periodic-workers[105225]: DEBUG cotyledon.oslo_config_glue [-] ******************************************************************************** {{(pid=105225) log_opt_values /opt/stack/data/venv/lib/python3.12/site-packages/oslo_config/cfg.py:2828}}
Feb 17 02:17:16.273006 np0000155880 neutron-periodic-workers[105225]: DEBUG cotyledon._service_worker [-] Run service ServiceWrapper(0) [105225] {{(pid=105225) wait_forever /opt/stack/data/venv/lib/python3.12/site-packages/cotyledon/_service_worker.py:218}}
Feb 17 02:17:25.907937 np0000155880 neutron-periodic-workers[104445]: DEBUG dbcounter [-] [104445] Writing DB stats neutron:SELECT=4 {{(pid=104445) stat_writer /opt/stack/data/venv/lib/python3.12/site-packages/dbcounter.py:115}}
Feb 17 02:18:01.243935 np0000155880 neutron-periodic-workers[105196]: DEBUG oslo_db.sqlalchemy.engines [None req-2e048776-cdb6-4e29-92b4-d07793284dec None None] Parent process 104445 forked (105196) with an open database connection, which is being discarded and recreated. {{(pid=105196) checkout /opt/stack/data/venv/lib/python3.12/site-packages/oslo_db/sqlalchemy/engines.py:402}}
Feb 17 02:18:01.252438 np0000155880 neutron-periodic-workers[105196]: DEBUG dbcounter [-] [105196] Writer thread running {{(pid=105196) stat_writer /opt/stack/data/venv/lib/python3.12/site-packages/dbcounter.py:102}}
Feb 17 02:18:01.255577 np0000155880 neutron-periodic-workers[105196]: DEBUG neutron.db.agents_db [None req-2e048776-cdb6-4e29-92b4-d07793284dec None None] Agent healthcheck: found 0 active agents {{(pid=105196) agent_health_check /opt/stack/neutron/neutron/db/agents_db.py:317}}
Feb 17 02:18:01.255775 np0000155880 neutron-periodic-workers[105196]: DEBUG oslo.service.backend._threading.loopingcall [None req-2e048776-cdb6-4e29-92b4-d07793284dec None None] Fixed interval looping call 'neutron.plugins.ml2.plugin.AgentDbMixin.agent_health_check' sleeping for 36.98 seconds {{(pid=105196) _run_loop /opt/stack/data/venv/lib/python3.12/site-packages/oslo_service/backend/_threading/loopingcall.py:125}}
Feb 17 02:18:11.254142 np0000155880 neutron-periodic-workers[105196]: DEBUG dbcounter [-] [105196] Writing DB stats neutron:SELECT=1 {{(pid=105196) stat_writer /opt/stack/data/venv/lib/python3.12/site-packages/dbcounter.py:115}}
Feb 17 02:18:23.230959 np0000155880 neutron-periodic-workers[105185]: DEBUG dbcounter [-] [105185] Writer thread running {{(pid=105185) stat_writer /opt/stack/data/venv/lib/python3.12/site-packages/dbcounter.py:102}}
Feb 17 02:18:23.241699 np0000155880 neutron-periodic-workers[105185]: DEBUG oslo.service.backend._threading.loopingcall [None req-5ed9cfd6-6e10-4948-80cd-9ef5d86856d2 None None] Fixed interval looping call 'neutron.plugins.ml2.plugin.DhcpAgentSchedulerDbMixin.remove_networks_from_down_agents' sleeping for 36.97 seconds {{(pid=105185) _run_loop /opt/stack/data/venv/lib/python3.12/site-packages/oslo_service/backend/_threading/loopingcall.py:125}}
Feb 17 02:18:33.240142 np0000155880 neutron-periodic-workers[105185]: DEBUG dbcounter [-] [105185] Writing DB stats neutron:SELECT=3 {{(pid=105185) stat_writer /opt/stack/data/venv/lib/python3.12/site-packages/dbcounter.py:115}}
Feb 17 02:18:38.241681 np0000155880 neutron-periodic-workers[105196]: DEBUG neutron.db.agents_db [None req-2e048776-cdb6-4e29-92b4-d07793284dec None None] Agent healthcheck: found 0 active agents {{(pid=105196) agent_health_check /opt/stack/neutron/neutron/db/agents_db.py:317}}
Feb 17 02:18:38.242386 np0000155880 neutron-periodic-workers[105196]: DEBUG oslo.service.backend._threading.loopingcall [None req-2e048776-cdb6-4e29-92b4-d07793284dec None None] Fixed interval looping call 'neutron.plugins.ml2.plugin.AgentDbMixin.agent_health_check' sleeping for 36.99 seconds {{(pid=105196) _run_loop /opt/stack/data/venv/lib/python3.12/site-packages/oslo_service/backend/_threading/loopingcall.py:125}}
Feb 17 02:18:48.239560 np0000155880 neutron-periodic-workers[105196]: DEBUG dbcounter [-] [105196] Writing DB stats neutron:SELECT=1 {{(pid=105196) stat_writer /opt/stack/data/venv/lib/python3.12/site-packages/dbcounter.py:115}}
Feb 17 02:19:00.219482 np0000155880 neutron-periodic-workers[105185]: DEBUG oslo.service.backend._threading.loopingcall [None req-5ed9cfd6-6e10-4948-80cd-9ef5d86856d2 None None] Fixed interval looping call 'neutron.plugins.ml2.plugin.DhcpAgentSchedulerDbMixin.remove_networks_from_down_agents' sleeping for 36.99 seconds {{(pid=105185) _run_loop /opt/stack/data/venv/lib/python3.12/site-packages/oslo_service/backend/_threading/loopingcall.py:125}}
Feb 17 02:19:10.219006 np0000155880 neutron-periodic-workers[105185]: DEBUG dbcounter [-] [105185] Writing DB stats neutron:SELECT=3 {{(pid=105185) stat_writer /opt/stack/data/venv/lib/python3.12/site-packages/dbcounter.py:115}}
Feb 17 02:19:15.237147 np0000155880 neutron-periodic-workers[105196]: DEBUG neutron.db.agents_db [None req-2e048776-cdb6-4e29-92b4-d07793284dec None None] Agent healthcheck: found 0 active agents {{(pid=105196) agent_health_check /opt/stack/neutron/neutron/db/agents_db.py:317}}
Feb 17 02:19:15.237147 np0000155880 neutron-periodic-workers[105196]: DEBUG oslo.service.backend._threading.loopingcall [None req-2e048776-cdb6-4e29-92b4-d07793284dec None None] Fixed interval looping call 'neutron.plugins.ml2.plugin.AgentDbMixin.agent_health_check' sleeping for 37.00 seconds {{(pid=105196) _run_loop /opt/stack/data/venv/lib/python3.12/site-packages/oslo_service/backend/_threading/loopingcall.py:125}}
Feb 17 02:19:16.273404 np0000155880 neutron-periodic-workers[105213]: DEBUG dbcounter [-] [105213] Writer thread running {{(pid=105213) stat_writer /opt/stack/data/venv/lib/python3.12/site-packages/dbcounter.py:102}}
Feb 17 02:19:16.275223 np0000155880 neutron-periodic-workers[105213]: DEBUG oslo.service.backend._threading.loopingcall [None req-80187701-882e-4444-a388-34bba7f45b64 None None] Fixed interval looping call 'neutron.db.quota.driver_nolock.DbQuotaNoLockDriver._remove_expired_reservations' sleeping for 119.98 seconds {{(pid=105213) _run_loop /opt/stack/data/venv/lib/python3.12/site-packages/oslo_service/backend/_threading/loopingcall.py:125}}
Feb 17 02:19:18.310593 np0000155880 neutron-periodic-workers[105225]: DEBUG dbcounter [-] [105225] Writer thread running {{(pid=105225) stat_writer /opt/stack/data/venv/lib/python3.12/site-packages/dbcounter.py:102}}
Feb 17 02:19:18.324027 np0000155880 neutron-periodic-workers[105225]: DEBUG oslo.service.backend._threading.loopingcall [None req-b2825a6c-0977-4f27-b1ac-87f146a75c4f None None] Fixed interval looping call 'neutron.services.ovn_l3.plugin.L3_NAT_dbonly_mixin._clean_garbage' sleeping for 299.95 seconds {{(pid=105225) _run_loop /opt/stack/data/venv/lib/python3.12/site-packages/oslo_service/backend/_threading/loopingcall.py:125}}
Feb 17 02:19:25.236156 np0000155880 neutron-periodic-workers[105196]: DEBUG dbcounter [-] [105196] Writing DB stats neutron:SELECT=1 {{(pid=105196) stat_writer /opt/stack/data/venv/lib/python3.12/site-packages/dbcounter.py:115}}
Feb 17 02:19:26.274060 np0000155880 neutron-periodic-workers[105213]: DEBUG dbcounter [-] [105213] Writing DB stats neutron:DELETE=1 {{(pid=105213) stat_writer /opt/stack/data/venv/lib/python3.12/site-packages/dbcounter.py:115}}
Feb 17 02:19:28.311285 np0000155880 neutron-periodic-workers[105225]: DEBUG dbcounter [-] [105225] Writing DB stats neutron:SELECT=1 {{(pid=105225) stat_writer /opt/stack/data/venv/lib/python3.12/site-packages/dbcounter.py:115}}
Feb 17 02:19:37.218549 np0000155880 neutron-periodic-workers[105185]: DEBUG oslo.service.backend._threading.loopingcall [None req-5ed9cfd6-6e10-4948-80cd-9ef5d86856d2 None None] Fixed interval looping call 'neutron.plugins.ml2.plugin.DhcpAgentSchedulerDbMixin.remove_networks_from_down_agents' sleeping for 36.99 seconds {{(pid=105185) _run_loop /opt/stack/data/venv/lib/python3.12/site-packages/oslo_service/backend/_threading/loopingcall.py:125}}
Feb 17 02:19:47.217513 np0000155880 neutron-periodic-workers[105185]: DEBUG dbcounter [-] [105185] Writing DB stats neutron:SELECT=3 {{(pid=105185) stat_writer /opt/stack/data/venv/lib/python3.12/site-packages/dbcounter.py:115}}
Feb 17 02:19:52.242754 np0000155880 neutron-periodic-workers[105196]: DEBUG neutron.db.agents_db [None req-2e048776-cdb6-4e29-92b4-d07793284dec None None] Agent healthcheck: found 0 active agents {{(pid=105196) agent_health_check /opt/stack/neutron/neutron/db/agents_db.py:317}}
Feb 17 02:19:52.243266 np0000155880 neutron-periodic-workers[105196]: DEBUG oslo.service.backend._threading.loopingcall [None req-2e048776-cdb6-4e29-92b4-d07793284dec None None] Fixed interval looping call 'neutron.plugins.ml2.plugin.AgentDbMixin.agent_health_check' sleeping for 36.99 seconds {{(pid=105196) _run_loop /opt/stack/data/venv/lib/python3.12/site-packages/oslo_service/backend/_threading/loopingcall.py:125}}
Feb 17 02:20:02.240666 np0000155880 neutron-periodic-workers[105196]: DEBUG dbcounter [-] [105196] Writing DB stats neutron:SELECT=1 {{(pid=105196) stat_writer /opt/stack/data/venv/lib/python3.12/site-packages/dbcounter.py:115}}
Feb 17 02:20:14.217943 np0000155880 neutron-periodic-workers[105185]: DEBUG oslo.service.backend._threading.loopingcall [None req-5ed9cfd6-6e10-4948-80cd-9ef5d86856d2 None None] Fixed interval looping call 'neutron.plugins.ml2.plugin.DhcpAgentSchedulerDbMixin.remove_networks_from_down_agents' sleeping for 36.99 seconds {{(pid=105185) _run_loop /opt/stack/data/venv/lib/python3.12/site-packages/oslo_service/backend/_threading/loopingcall.py:125}}
Feb 17 02:20:24.216504 np0000155880 neutron-periodic-workers[105185]: DEBUG dbcounter [-] [105185] Writing DB stats neutron:SELECT=3 {{(pid=105185) stat_writer /opt/stack/data/venv/lib/python3.12/site-packages/dbcounter.py:115}}
Feb 17 02:20:29.239100 np0000155880 neutron-periodic-workers[105196]: DEBUG neutron.db.agents_db [None req-2e048776-cdb6-4e29-92b4-d07793284dec None None] Agent healthcheck: found 0 active agents {{(pid=105196) agent_health_check /opt/stack/neutron/neutron/db/agents_db.py:317}}
Feb 17 02:20:29.239704 np0000155880 neutron-periodic-workers[105196]: DEBUG oslo.service.backend._threading.loopingcall [None req-2e048776-cdb6-4e29-92b4-d07793284dec None None] Fixed interval looping call 'neutron.plugins.ml2.plugin.AgentDbMixin.agent_health_check' sleeping for 36.99 seconds {{(pid=105196) _run_loop /opt/stack/data/venv/lib/python3.12/site-packages/oslo_service/backend/_threading/loopingcall.py:125}}
Feb 17 02:20:39.237049 np0000155880 neutron-periodic-workers[105196]: DEBUG dbcounter [-] [105196] Writing DB stats neutron:SELECT=1 {{(pid=105196) stat_writer /opt/stack/data/venv/lib/python3.12/site-packages/dbcounter.py:115}}
Feb 17 02:20:51.216452 np0000155880 neutron-periodic-workers[105185]: DEBUG oslo.service.backend._threading.loopingcall [None req-5ed9cfd6-6e10-4948-80cd-9ef5d86856d2 None None] Fixed interval looping call 'neutron.plugins.ml2.plugin.DhcpAgentSchedulerDbMixin.remove_networks_from_down_agents' sleeping for 36.99 seconds {{(pid=105185) _run_loop /opt/stack/data/venv/lib/python3.12/site-packages/oslo_service/backend/_threading/loopingcall.py:125}}
Feb 17 02:21:01.216641 np0000155880 neutron-periodic-workers[105185]: DEBUG dbcounter [-] [105185] Writing DB stats neutron:SELECT=3 {{(pid=105185) stat_writer /opt/stack/data/venv/lib/python3.12/site-packages/dbcounter.py:115}}
Feb 17 02:21:06.235073 np0000155880 neutron-periodic-workers[105196]: DEBUG neutron.db.agents_db [None req-2e048776-cdb6-4e29-92b4-d07793284dec None None] Agent healthcheck: found 0 active agents {{(pid=105196) agent_health_check /opt/stack/neutron/neutron/db/agents_db.py:317}}
Feb 17 02:21:06.235677 np0000155880 neutron-periodic-workers[105196]: DEBUG oslo.service.backend._threading.loopingcall [None req-2e048776-cdb6-4e29-92b4-d07793284dec None None] Fixed interval looping call 'neutron.plugins.ml2.plugin.AgentDbMixin.agent_health_check' sleeping for 36.99 seconds {{(pid=105196) _run_loop /opt/stack/data/venv/lib/python3.12/site-packages/oslo_service/backend/_threading/loopingcall.py:125}}
Feb 17 02:21:16.232744 np0000155880 neutron-periodic-workers[105196]: DEBUG dbcounter [-] [105196] Writing DB stats neutron:SELECT=1 {{(pid=105196) stat_writer /opt/stack/data/venv/lib/python3.12/site-packages/dbcounter.py:115}}
Feb 17 02:21:16.258242 np0000155880 neutron-periodic-workers[105213]: DEBUG oslo.service.backend._threading.loopingcall [None req-80187701-882e-4444-a388-34bba7f45b64 None None] Fixed interval looping call 'neutron.db.quota.driver_nolock.DbQuotaNoLockDriver._remove_expired_reservations' sleeping for 120.00 seconds {{(pid=105213) _run_loop /opt/stack/data/venv/lib/python3.12/site-packages/oslo_service/backend/_threading/loopingcall.py:125}}
Feb 17 02:21:26.257617 np0000155880 neutron-periodic-workers[105213]: DEBUG dbcounter [-] [105213] Writing DB stats neutron:DELETE=1 {{(pid=105213) stat_writer /opt/stack/data/venv/lib/python3.12/site-packages/dbcounter.py:115}}
Feb 17 02:21:28.215504 np0000155880 neutron-periodic-workers[105185]: DEBUG oslo.service.backend._threading.loopingcall [None req-5ed9cfd6-6e10-4948-80cd-9ef5d86856d2 None None] Fixed interval looping call 'neutron.plugins.ml2.plugin.DhcpAgentSchedulerDbMixin.remove_networks_from_down_agents' sleeping for 36.99 seconds {{(pid=105185) _run_loop /opt/stack/data/venv/lib/python3.12/site-packages/oslo_service/backend/_threading/loopingcall.py:125}}
Feb 17 02:21:38.214682 np0000155880 neutron-periodic-workers[105185]: DEBUG dbcounter [-] [105185] Writing DB stats neutron:SELECT=3 {{(pid=105185) stat_writer /opt/stack/data/venv/lib/python3.12/site-packages/dbcounter.py:115}}
Feb 17 02:21:43.228599 np0000155880 neutron-periodic-workers[105196]: DEBUG neutron.db.agents_db [None req-2e048776-cdb6-4e29-92b4-d07793284dec None None] Agent healthcheck: found 0 active agents {{(pid=105196) agent_health_check /opt/stack/neutron/neutron/db/agents_db.py:317}}
Feb 17 02:21:43.228599 np0000155880 neutron-periodic-workers[105196]: DEBUG oslo.service.backend._threading.loopingcall [None req-2e048776-cdb6-4e29-92b4-d07793284dec None None] Fixed interval looping call 'neutron.plugins.ml2.plugin.AgentDbMixin.agent_health_check' sleeping for 37.00 seconds {{(pid=105196) _run_loop /opt/stack/data/venv/lib/python3.12/site-packages/oslo_service/backend/_threading/loopingcall.py:125}}
Feb 17 02:21:53.229050 np0000155880 neutron-periodic-workers[105196]: DEBUG dbcounter [-] [105196] Writing DB stats neutron:SELECT=1 {{(pid=105196) stat_writer /opt/stack/data/venv/lib/python3.12/site-packages/dbcounter.py:115}}
Feb 17 02:22:05.215388 np0000155880 neutron-periodic-workers[105185]: DEBUG oslo.service.backend._threading.loopingcall [None req-5ed9cfd6-6e10-4948-80cd-9ef5d86856d2 None None] Fixed interval looping call 'neutron.plugins.ml2.plugin.DhcpAgentSchedulerDbMixin.remove_networks_from_down_agents' sleeping for 36.99 seconds {{(pid=105185) _run_loop /opt/stack/data/venv/lib/python3.12/site-packages/oslo_service/backend/_threading/loopingcall.py:125}}
Feb 17 02:22:15.225481 np0000155880 neutron-periodic-workers[105185]: DEBUG dbcounter [-] [105185] Writing DB stats neutron:SELECT=3 {{(pid=105185) stat_writer /opt/stack/data/venv/lib/python3.12/site-packages/dbcounter.py:115}}
Feb 17 02:22:20.233795 np0000155880 neutron-periodic-workers[105196]: DEBUG neutron.db.agents_db [None req-2e048776-cdb6-4e29-92b4-d07793284dec None None] Agent healthcheck: found 0 active agents {{(pid=105196) agent_health_check /opt/stack/neutron/neutron/db/agents_db.py:317}}
Feb 17 02:22:20.234500 np0000155880 neutron-periodic-workers[105196]: DEBUG oslo.service.backend._threading.loopingcall [None req-2e048776-cdb6-4e29-92b4-d07793284dec None None] Fixed interval looping call 'neutron.plugins.ml2.plugin.AgentDbMixin.agent_health_check' sleeping for 36.99 seconds {{(pid=105196) _run_loop /opt/stack/data/venv/lib/python3.12/site-packages/oslo_service/backend/_threading/loopingcall.py:125}}
Feb 17 02:22:30.231926 np0000155880 neutron-periodic-workers[105196]: DEBUG dbcounter [-] [105196] Writing DB stats neutron:SELECT=1 {{(pid=105196) stat_writer /opt/stack/data/venv/lib/python3.12/site-packages/dbcounter.py:115}}
Feb 17 02:22:42.215198 np0000155880 neutron-periodic-workers[105185]: DEBUG oslo.service.backend._threading.loopingcall [None req-5ed9cfd6-6e10-4948-80cd-9ef5d86856d2 None None] Fixed interval looping call 'neutron.plugins.ml2.plugin.DhcpAgentSchedulerDbMixin.remove_networks_from_down_agents' sleeping for 36.99 seconds {{(pid=105185) _run_loop /opt/stack/data/venv/lib/python3.12/site-packages/oslo_service/backend/_threading/loopingcall.py:125}}
Feb 17 02:22:52.213811 np0000155880 neutron-periodic-workers[105185]: DEBUG dbcounter [-] [105185] Writing DB stats neutron:SELECT=3 {{(pid=105185) stat_writer /opt/stack/data/venv/lib/python3.12/site-packages/dbcounter.py:115}}
Feb 17 02:22:57.230052 np0000155880 neutron-periodic-workers[105196]: DEBUG neutron.db.agents_db [None req-2e048776-cdb6-4e29-92b4-d07793284dec None None] Agent healthcheck: found 0 active agents {{(pid=105196) agent_health_check /opt/stack/neutron/neutron/db/agents_db.py:317}}
Feb 17 02:22:57.230868 np0000155880 neutron-periodic-workers[105196]: DEBUG oslo.service.backend._threading.loopingcall [None req-2e048776-cdb6-4e29-92b4-d07793284dec None None] Fixed interval looping call 'neutron.plugins.ml2.plugin.AgentDbMixin.agent_health_check' sleeping for 36.99 seconds {{(pid=105196) _run_loop /opt/stack/data/venv/lib/python3.12/site-packages/oslo_service/backend/_threading/loopingcall.py:125}}
Feb 17 02:23:07.228491 np0000155880 neutron-periodic-workers[105196]: DEBUG dbcounter [-] [105196] Writing DB stats neutron:SELECT=1 {{(pid=105196) stat_writer /opt/stack/data/venv/lib/python3.12/site-packages/dbcounter.py:115}}
Feb 17 02:23:16.261583 np0000155880 neutron-periodic-workers[105213]: DEBUG oslo.service.backend._threading.loopingcall [None req-80187701-882e-4444-a388-34bba7f45b64 None None] Fixed interval looping call 'neutron.db.quota.driver_nolock.DbQuotaNoLockDriver._remove_expired_reservations' sleeping for 120.00 seconds {{(pid=105213) _run_loop /opt/stack/data/venv/lib/python3.12/site-packages/oslo_service/backend/_threading/loopingcall.py:125}}
Feb 17 02:23:19.214872 np0000155880 neutron-periodic-workers[105185]: DEBUG oslo.service.backend._threading.loopingcall [None req-5ed9cfd6-6e10-4948-80cd-9ef5d86856d2 None None] Fixed interval looping call 'neutron.plugins.ml2.plugin.DhcpAgentSchedulerDbMixin.remove_networks_from_down_agents' sleeping for 36.99 seconds {{(pid=105185) _run_loop /opt/stack/data/venv/lib/python3.12/site-packages/oslo_service/backend/_threading/loopingcall.py:125}}
Feb 17 02:23:26.261467 np0000155880 neutron-periodic-workers[105213]: DEBUG dbcounter [-] [105213] Writing DB stats neutron:DELETE=1 {{(pid=105213) stat_writer /opt/stack/data/venv/lib/python3.12/site-packages/dbcounter.py:115}}
Feb 17 02:23:29.213812 np0000155880 neutron-periodic-workers[105185]: DEBUG dbcounter [-] [105185] Writing DB stats neutron:SELECT=3 {{(pid=105185) stat_writer /opt/stack/data/venv/lib/python3.12/site-packages/dbcounter.py:115}}
Feb 17 02:23:34.224373 np0000155880 neutron-periodic-workers[105196]: DEBUG neutron.db.agents_db [None req-2e048776-cdb6-4e29-92b4-d07793284dec None None] Agent healthcheck: found 0 active agents {{(pid=105196) agent_health_check /opt/stack/neutron/neutron/db/agents_db.py:317}}
Feb 17 02:23:34.224373 np0000155880 neutron-periodic-workers[105196]: DEBUG oslo.service.backend._threading.loopingcall [None req-2e048776-cdb6-4e29-92b4-d07793284dec None None] Fixed interval looping call 'neutron.plugins.ml2.plugin.AgentDbMixin.agent_health_check' sleeping for 37.00 seconds {{(pid=105196) _run_loop /opt/stack/data/venv/lib/python3.12/site-packages/oslo_service/backend/_threading/loopingcall.py:125}}
Feb 17 02:23:44.223692 np0000155880 neutron-periodic-workers[105196]: DEBUG dbcounter [-] [105196] Writing DB stats neutron:SELECT=1 {{(pid=105196) stat_writer /opt/stack/data/venv/lib/python3.12/site-packages/dbcounter.py:115}}
Feb 17 02:23:56.214353 np0000155880 neutron-periodic-workers[105185]: DEBUG oslo.service.backend._threading.loopingcall [None req-5ed9cfd6-6e10-4948-80cd-9ef5d86856d2 None None] Fixed interval looping call 'neutron.plugins.ml2.plugin.DhcpAgentSchedulerDbMixin.remove_networks_from_down_agents' sleeping for 36.99 seconds {{(pid=105185) _run_loop /opt/stack/data/venv/lib/python3.12/site-packages/oslo_service/backend/_threading/loopingcall.py:125}}
Feb 17 02:24:06.213399 np0000155880 neutron-periodic-workers[105185]: DEBUG dbcounter [-] [105185] Writing DB stats neutron:SELECT=3 {{(pid=105185) stat_writer /opt/stack/data/venv/lib/python3.12/site-packages/dbcounter.py:115}}
Feb 17 02:24:11.230135 np0000155880 neutron-periodic-workers[105196]: DEBUG neutron.db.agents_db [None req-2e048776-cdb6-4e29-92b4-d07793284dec None None] Agent healthcheck: found 0 active agents {{(pid=105196) agent_health_check /opt/stack/neutron/neutron/db/agents_db.py:317}}
Feb 17 02:24:11.230505 np0000155880 neutron-periodic-workers[105196]: DEBUG oslo.service.backend._threading.loopingcall [None req-2e048776-cdb6-4e29-92b4-d07793284dec None None] Fixed interval looping call 'neutron.plugins.ml2.plugin.AgentDbMixin.agent_health_check' sleeping for 36.99 seconds {{(pid=105196) _run_loop /opt/stack/data/venv/lib/python3.12/site-packages/oslo_service/backend/_threading/loopingcall.py:125}}
Feb 17 02:24:18.284075 np0000155880 neutron-periodic-workers[105225]: DEBUG oslo.service.backend._threading.loopingcall [None req-b2825a6c-0977-4f27-b1ac-87f146a75c4f None None] Fixed interval looping call 'neutron.services.ovn_l3.plugin.L3_NAT_dbonly_mixin._clean_garbage' sleeping for 299.99 seconds {{(pid=105225) _run_loop /opt/stack/data/venv/lib/python3.12/site-packages/oslo_service/backend/_threading/loopingcall.py:125}}
Feb 17 02:24:21.228550 np0000155880 neutron-periodic-workers[105196]: DEBUG dbcounter [-] [105196] Writing DB stats neutron:SELECT=1 {{(pid=105196) stat_writer /opt/stack/data/venv/lib/python3.12/site-packages/dbcounter.py:115}}
Feb 17 02:24:28.278429 np0000155880 neutron-periodic-workers[105225]: DEBUG dbcounter [-] [105225] Writing DB stats neutron:SELECT=1 {{(pid=105225) stat_writer /opt/stack/data/venv/lib/python3.12/site-packages/dbcounter.py:115}}
Feb 17 02:24:33.211139 np0000155880 neutron-periodic-workers[105185]: DEBUG oslo.service.backend._threading.loopingcall [None req-5ed9cfd6-6e10-4948-80cd-9ef5d86856d2 None None] Fixed interval looping call 'neutron.plugins.ml2.plugin.DhcpAgentSchedulerDbMixin.remove_networks_from_down_agents' sleeping for 36.99 seconds {{(pid=105185) _run_loop /opt/stack/data/venv/lib/python3.12/site-packages/oslo_service/backend/_threading/loopingcall.py:125}}
Feb 17 02:24:43.210294 np0000155880 neutron-periodic-workers[105185]: DEBUG dbcounter [-] [105185] Writing DB stats neutron:SELECT=3 {{(pid=105185) stat_writer /opt/stack/data/venv/lib/python3.12/site-packages/dbcounter.py:115}}
Feb 17 02:24:48.224206 np0000155880 neutron-periodic-workers[105196]: DEBUG neutron.db.agents_db [None req-2e048776-cdb6-4e29-92b4-d07793284dec None None] Agent healthcheck: found 0 active agents {{(pid=105196) agent_health_check /opt/stack/neutron/neutron/db/agents_db.py:317}}
Feb 17 02:24:48.224890 np0000155880 neutron-periodic-workers[105196]: DEBUG oslo.service.backend._threading.loopingcall [None req-2e048776-cdb6-4e29-92b4-d07793284dec None None] Fixed interval looping call 'neutron.plugins.ml2.plugin.AgentDbMixin.agent_health_check' sleeping for 37.00 seconds {{(pid=105196) _run_loop /opt/stack/data/venv/lib/python3.12/site-packages/oslo_service/backend/_threading/loopingcall.py:125}}
Feb 17 02:24:58.223188 np0000155880 neutron-periodic-workers[105196]: DEBUG dbcounter [-] [105196] Writing DB stats neutron:SELECT=1 {{(pid=105196) stat_writer /opt/stack/data/venv/lib/python3.12/site-packages/dbcounter.py:115}}
Feb 17 02:25:10.210668 np0000155880 neutron-periodic-workers[105185]: DEBUG oslo.service.backend._threading.loopingcall [None req-5ed9cfd6-6e10-4948-80cd-9ef5d86856d2 None None] Fixed interval looping call 'neutron.plugins.ml2.plugin.DhcpAgentSchedulerDbMixin.remove_networks_from_down_agents' sleeping for 36.99 seconds {{(pid=105185) _run_loop /opt/stack/data/venv/lib/python3.12/site-packages/oslo_service/backend/_threading/loopingcall.py:125}}
Feb 17 02:25:16.265264 np0000155880 neutron-periodic-workers[105213]: DEBUG oslo.service.backend._threading.loopingcall [None req-80187701-882e-4444-a388-34bba7f45b64 None None] Fixed interval looping call 'neutron.db.quota.driver_nolock.DbQuotaNoLockDriver._remove_expired_reservations' sleeping for 120.00 seconds {{(pid=105213) _run_loop /opt/stack/data/venv/lib/python3.12/site-packages/oslo_service/backend/_threading/loopingcall.py:125}}
Feb 17 02:25:20.209916 np0000155880 neutron-periodic-workers[105185]: DEBUG dbcounter [-] [105185] Writing DB stats neutron:SELECT=3 {{(pid=105185) stat_writer /opt/stack/data/venv/lib/python3.12/site-packages/dbcounter.py:115}}
Feb 17 02:25:25.230458 np0000155880 neutron-periodic-workers[105196]: DEBUG neutron.db.agents_db [None req-2e048776-cdb6-4e29-92b4-d07793284dec None None] Agent healthcheck: found 0 active agents {{(pid=105196) agent_health_check /opt/stack/neutron/neutron/db/agents_db.py:317}}
Feb 17 02:25:25.231176 np0000155880 neutron-periodic-workers[105196]: DEBUG oslo.service.backend._threading.loopingcall [None req-2e048776-cdb6-4e29-92b4-d07793284dec None None] Fixed interval looping call 'neutron.plugins.ml2.plugin.AgentDbMixin.agent_health_check' sleeping for 36.99 seconds {{(pid=105196) _run_loop /opt/stack/data/venv/lib/python3.12/site-packages/oslo_service/backend/_threading/loopingcall.py:125}}
Feb 17 02:25:26.264425 np0000155880 neutron-periodic-workers[105213]: DEBUG dbcounter [-] [105213] Writing DB stats neutron:DELETE=1 {{(pid=105213) stat_writer /opt/stack/data/venv/lib/python3.12/site-packages/dbcounter.py:115}}
Feb 17 02:25:35.228365 np0000155880 neutron-periodic-workers[105196]: DEBUG dbcounter [-] [105196] Writing DB stats neutron:SELECT=1 {{(pid=105196) stat_writer /opt/stack/data/venv/lib/python3.12/site-packages/dbcounter.py:115}}
Feb 17 02:25:47.207415 np0000155880 neutron-periodic-workers[105185]: DEBUG oslo.service.backend._threading.loopingcall [None req-5ed9cfd6-6e10-4948-80cd-9ef5d86856d2 None None] Fixed interval looping call 'neutron.plugins.ml2.plugin.DhcpAgentSchedulerDbMixin.remove_networks_from_down_agents' sleeping for 36.99 seconds {{(pid=105185) _run_loop /opt/stack/data/venv/lib/python3.12/site-packages/oslo_service/backend/_threading/loopingcall.py:125}}
Feb 17 02:25:57.206791 np0000155880 neutron-periodic-workers[105185]: DEBUG dbcounter [-] [105185] Writing DB stats neutron:SELECT=3 {{(pid=105185) stat_writer /opt/stack/data/venv/lib/python3.12/site-packages/dbcounter.py:115}}
Feb 17 02:26:02.226758 np0000155880 neutron-periodic-workers[105196]: DEBUG neutron.db.agents_db [None req-2e048776-cdb6-4e29-92b4-d07793284dec None None] Agent healthcheck: found 0 active agents {{(pid=105196) agent_health_check /opt/stack/neutron/neutron/db/agents_db.py:317}}
Feb 17 02:26:02.227677 np0000155880 neutron-periodic-workers[105196]: DEBUG oslo.service.backend._threading.loopingcall [None req-2e048776-cdb6-4e29-92b4-d07793284dec None None] Fixed interval looping call 'neutron.plugins.ml2.plugin.AgentDbMixin.agent_health_check' sleeping for 36.99 seconds {{(pid=105196) _run_loop /opt/stack/data/venv/lib/python3.12/site-packages/oslo_service/backend/_threading/loopingcall.py:125}}
Feb 17 02:26:12.224591 np0000155880 neutron-periodic-workers[105196]: DEBUG dbcounter [-] [105196] Writing DB stats neutron:SELECT=1 {{(pid=105196) stat_writer /opt/stack/data/venv/lib/python3.12/site-packages/dbcounter.py:115}}
Feb 17 02:26:24.207040 np0000155880 neutron-periodic-workers[105185]: DEBUG oslo.service.backend._threading.loopingcall [None req-5ed9cfd6-6e10-4948-80cd-9ef5d86856d2 None None] Fixed interval looping call 'neutron.plugins.ml2.plugin.DhcpAgentSchedulerDbMixin.remove_networks_from_down_agents' sleeping for 36.99 seconds {{(pid=105185) _run_loop /opt/stack/data/venv/lib/python3.12/site-packages/oslo_service/backend/_threading/loopingcall.py:125}}
Feb 17 02:26:34.208431 np0000155880 neutron-periodic-workers[105185]: DEBUG dbcounter [-] [105185] Writing DB stats neutron:SELECT=3 {{(pid=105185) stat_writer /opt/stack/data/venv/lib/python3.12/site-packages/dbcounter.py:115}}
Feb 17 02:26:39.221673 np0000155880 neutron-periodic-workers[105196]: DEBUG neutron.db.agents_db [None req-2e048776-cdb6-4e29-92b4-d07793284dec None None] Agent healthcheck: found 0 active agents {{(pid=105196) agent_health_check /opt/stack/neutron/neutron/db/agents_db.py:317}}
Feb 17 02:26:39.222317 np0000155880 neutron-periodic-workers[105196]: DEBUG oslo.service.backend._threading.loopingcall [None req-2e048776-cdb6-4e29-92b4-d07793284dec None None] Fixed interval looping call 'neutron.plugins.ml2.plugin.AgentDbMixin.agent_health_check' sleeping for 37.00 seconds {{(pid=105196) _run_loop /opt/stack/data/venv/lib/python3.12/site-packages/oslo_service/backend/_threading/loopingcall.py:125}}
Feb 17 02:26:49.220265 np0000155880 neutron-periodic-workers[105196]: DEBUG dbcounter [-] [105196] Writing DB stats neutron:SELECT=1 {{(pid=105196) stat_writer /opt/stack/data/venv/lib/python3.12/site-packages/dbcounter.py:115}}
Feb 17 02:27:01.205279 np0000155880 neutron-periodic-workers[105185]: DEBUG oslo.service.backend._threading.loopingcall [None req-5ed9cfd6-6e10-4948-80cd-9ef5d86856d2 None None] Fixed interval looping call 'neutron.plugins.ml2.plugin.DhcpAgentSchedulerDbMixin.remove_networks_from_down_agents' sleeping for 36.99 seconds {{(pid=105185) _run_loop /opt/stack/data/venv/lib/python3.12/site-packages/oslo_service/backend/_threading/loopingcall.py:125}}
Feb 17 02:27:11.204817 np0000155880 neutron-periodic-workers[105185]: DEBUG dbcounter [-] [105185] Writing DB stats neutron:SELECT=3 {{(pid=105185) stat_writer /opt/stack/data/venv/lib/python3.12/site-packages/dbcounter.py:115}}
Feb 17 02:27:16.227474 np0000155880 neutron-periodic-workers[105196]: DEBUG neutron.db.agents_db [None req-2e048776-cdb6-4e29-92b4-d07793284dec None None] Agent healthcheck: found 0 active agents {{(pid=105196) agent_health_check /opt/stack/neutron/neutron/db/agents_db.py:317}}
Feb 17 02:27:16.228282 np0000155880 neutron-periodic-workers[105196]: DEBUG oslo.service.backend._threading.loopingcall [None req-2e048776-cdb6-4e29-92b4-d07793284dec None None] Fixed interval looping call 'neutron.plugins.ml2.plugin.AgentDbMixin.agent_health_check' sleeping for 36.99 seconds {{(pid=105196) _run_loop /opt/stack/data/venv/lib/python3.12/site-packages/oslo_service/backend/_threading/loopingcall.py:125}}
Feb 17 02:27:16.269012 np0000155880 neutron-periodic-workers[105213]: DEBUG oslo.service.backend._threading.loopingcall [None req-80187701-882e-4444-a388-34bba7f45b64 None None] Fixed interval looping call 'neutron.db.quota.driver_nolock.DbQuotaNoLockDriver._remove_expired_reservations' sleeping for 120.00 seconds {{(pid=105213) _run_loop /opt/stack/data/venv/lib/python3.12/site-packages/oslo_service/backend/_threading/loopingcall.py:125}}
Feb 17 02:27:26.226020 np0000155880 neutron-periodic-workers[105196]: DEBUG dbcounter [-] [105196] Writing DB stats neutron:SELECT=1 {{(pid=105196) stat_writer /opt/stack/data/venv/lib/python3.12/site-packages/dbcounter.py:115}}
