Feb 17 02:17:15.462418 np0000155880 devstack@neutron-api.service[103459]: DEBUG neutron.plugins.ml2.drivers.ovn.mech_driver.mech_driver [None req-09e6c90d-6186-499c-89df-8dd432d32c28 None None] Hash Ring setup using WSGI start time 2026-02-17 02:17:09+00:00 {{(pid=103459) _init_hash_ring /opt/stack/neutron/neutron/plugins/ml2/drivers/ovn/mech_driver/mech_driver.py:401}}
Feb 17 02:17:15.467377 np0000155880 devstack@neutron-api.service[103459]: INFO neutron.db.ovn_hash_ring_db [None req-09e6c90d-6186-499c-89df-8dd432d32c28 None None] Nodes from host "np0000155880" and group "mechanism_driver" removed from the Hash Ring created at 2026-02-17 02:17:09+00:00
Feb 17 02:17:15.469673 np0000155880 devstack@neutron-api.service[103459]: INFO neutron.db.ovn_hash_ring_db [None req-09e6c90d-6186-499c-89df-8dd432d32c28 None None] Node 4a7045b81a2654009cdd0b3e9c4f4235 from host "np0000155880" and group "mechanism_driver" added to the Hash Ring
Feb 17 02:17:15.473249 np0000155880 devstack@neutron-api.service[103459]: DEBUG neutron.plugins.ml2.drivers.ovn.mech_driver.mech_driver [None req-09e6c90d-6186-499c-89df-8dd432d32c28 None None] Hash Ring setup, this worker has detected 1 OVN hash ring registers in the database {{(pid=103459) _init_hash_ring /opt/stack/neutron/neutron/plugins/ml2/drivers/ovn/mech_driver/mech_driver.py:411}}
Feb 17 02:17:15.485719 np0000155880 devstack@neutron-api.service[103459]: DEBUG neutron.plugins.ml2.drivers.ovn.mech_driver.ovsdb.maintenance [None req-09e6c90d-6186-499c-89df-8dd432d32c28 None None] Periodic task found: HashRingHealthCheckPeriodics.touch_hash_ring_node {{(pid=103459) add_periodics /opt/stack/neutron/neutron/plugins/ml2/drivers/ovn/mech_driver/ovsdb/maintenance.py:97}}
Feb 17 02:17:15.485719 np0000155880 devstack@neutron-api.service[103459]: INFO neutron.plugins.ml2.drivers.ovn.mech_driver.mech_driver [None req-09e6c90d-6186-499c-89df-8dd432d32c28 None None] Hash Ring probing thread for node 4a7045b81a2654009cdd0b3e9c4f4235 has started
Feb 17 02:17:15.485899 np0000155880 devstack@neutron-api.service[103459]: INFO neutron.plugins.ml2.drivers.ovn.mech_driver.ovsdb.impl_idl_ovn [None req-09e6c90d-6186-499c-89df-8dd432d32c28 None None] Getting OvsdbNbOvnIdl for WorkerService with retry
Feb 17 02:17:15.533556 np0000155880 devstack@neutron-api.service[103459]: DEBUG ovsdbapp.backend.ovs_idl [None req-09e6c90d-6186-499c-89df-8dd432d32c28 None None] Created lookup_table index Logical_Switch.name {{(pid=103459) autocreate_indices /opt/stack/data/venv/lib/python3.12/site-packages/ovsdbapp/backend/ovs_idl/__init__.py:87}}
Feb 17 02:17:15.533733 np0000155880 devstack@neutron-api.service[103459]: DEBUG ovsdbapp.backend.ovs_idl [None req-09e6c90d-6186-499c-89df-8dd432d32c28 None None] Created lookup_table index Logical_Router.name {{(pid=103459) autocreate_indices /opt/stack/data/venv/lib/python3.12/site-packages/ovsdbapp/backend/ovs_idl/__init__.py:87}}
Feb 17 02:17:15.533733 np0000155880 devstack@neutron-api.service[103459]: DEBUG ovsdbapp.backend.ovs_idl [None req-09e6c90d-6186-499c-89df-8dd432d32c28 None None] Created lookup_table index Load_Balancer.name {{(pid=103459) autocreate_indices /opt/stack/data/venv/lib/python3.12/site-packages/ovsdbapp/backend/ovs_idl/__init__.py:87}}
Feb 17 02:17:15.533844 np0000155880 devstack@neutron-api.service[103459]: DEBUG ovsdbapp.backend.ovs_idl [None req-09e6c90d-6186-499c-89df-8dd432d32c28 None None] Created schema index Copp.name {{(pid=103459) autocreate_indices /opt/stack/data/venv/lib/python3.12/site-packages/ovsdbapp/backend/ovs_idl/__init__.py:106}}
Feb 17 02:17:15.533952 np0000155880 devstack@neutron-api.service[103459]: DEBUG ovsdbapp.backend.ovs_idl [None req-09e6c90d-6186-499c-89df-8dd432d32c28 None None] Created schema index Meter.name {{(pid=103459) autocreate_indices /opt/stack/data/venv/lib/python3.12/site-packages/ovsdbapp/backend/ovs_idl/__init__.py:106}}
Feb 17 02:17:15.534040 np0000155880 devstack@neutron-api.service[103459]: DEBUG ovsdbapp.backend.ovs_idl [None req-09e6c90d-6186-499c-89df-8dd432d32c28 None None] Created schema index Load_Balancer_Group.name {{(pid=103459) autocreate_indices /opt/stack/data/venv/lib/python3.12/site-packages/ovsdbapp/backend/ovs_idl/__init__.py:106}}
Feb 17 02:17:15.534110 np0000155880 devstack@neutron-api.service[103459]: DEBUG ovsdbapp.backend.ovs_idl [None req-09e6c90d-6186-499c-89df-8dd432d32c28 None None] Created schema index HA_Chassis_Group.name {{(pid=103459) autocreate_indices /opt/stack/data/venv/lib/python3.12/site-packages/ovsdbapp/backend/ovs_idl/__init__.py:106}}
Feb 17 02:17:15.534210 np0000155880 devstack@neutron-api.service[103459]: DEBUG ovsdbapp.backend.ovs_idl [None req-09e6c90d-6186-499c-89df-8dd432d32c28 None None] Created schema index Address_Set.name {{(pid=103459) autocreate_indices /opt/stack/data/venv/lib/python3.12/site-packages/ovsdbapp/backend/ovs_idl/__init__.py:106}}
Feb 17 02:17:15.534300 np0000155880 devstack@neutron-api.service[103459]: DEBUG ovsdbapp.backend.ovs_idl [None req-09e6c90d-6186-499c-89df-8dd432d32c28 None None] Created schema index Connection.target {{(pid=103459) autocreate_indices /opt/stack/data/venv/lib/python3.12/site-packages/ovsdbapp/backend/ovs_idl/__init__.py:106}}
Feb 17 02:17:15.534370 np0000155880 devstack@neutron-api.service[103459]: DEBUG ovsdbapp.backend.ovs_idl [None req-09e6c90d-6186-499c-89df-8dd432d32c28 None None] Created schema index Gateway_Chassis.name {{(pid=103459) autocreate_indices /opt/stack/data/venv/lib/python3.12/site-packages/ovsdbapp/backend/ovs_idl/__init__.py:106}}
Feb 17 02:17:15.534475 np0000155880 devstack@neutron-api.service[103459]: DEBUG ovsdbapp.backend.ovs_idl [None req-09e6c90d-6186-499c-89df-8dd432d32c28 None None] Created schema index Mirror.name {{(pid=103459) autocreate_indices /opt/stack/data/venv/lib/python3.12/site-packages/ovsdbapp/backend/ovs_idl/__init__.py:106}}
Feb 17 02:17:15.534585 np0000155880 devstack@neutron-api.service[103459]: DEBUG ovsdbapp.backend.ovs_idl [None req-09e6c90d-6186-499c-89df-8dd432d32c28 None None] Created schema index Chassis_Template_Var.chassis {{(pid=103459) autocreate_indices /opt/stack/data/venv/lib/python3.12/site-packages/ovsdbapp/backend/ovs_idl/__init__.py:106}}
Feb 17 02:17:15.534664 np0000155880 devstack@neutron-api.service[103459]: DEBUG ovsdbapp.backend.ovs_idl [None req-09e6c90d-6186-499c-89df-8dd432d32c28 None None] Created schema index Logical_Router_Port.name {{(pid=103459) autocreate_indices /opt/stack/data/venv/lib/python3.12/site-packages/ovsdbapp/backend/ovs_idl/__init__.py:106}}
Feb 17 02:17:15.534760 np0000155880 devstack@neutron-api.service[103459]: DEBUG ovsdbapp.backend.ovs_idl [None req-09e6c90d-6186-499c-89df-8dd432d32c28 None None] Created schema index Port_Group.name {{(pid=103459) autocreate_indices /opt/stack/data/venv/lib/python3.12/site-packages/ovsdbapp/backend/ovs_idl/__init__.py:106}}
Feb 17 02:17:15.534849 np0000155880 devstack@neutron-api.service[103459]: DEBUG ovsdbapp.backend.ovs_idl [None req-09e6c90d-6186-499c-89df-8dd432d32c28 None None] Created schema index Logical_Switch_Port.name {{(pid=103459) autocreate_indices /opt/stack/data/venv/lib/python3.12/site-packages/ovsdbapp/backend/ovs_idl/__init__.py:106}}
Feb 17 02:17:15.536928 np0000155880 devstack@neutron-api.service[103459]: INFO ovsdbapp.backend.ovs_idl.vlog [None req-09e6c90d-6186-499c-89df-8dd432d32c28 None None] ssl:199.204.45.227:6641: connecting...
Feb 17 02:17:15.545777 np0000155880 devstack@neutron-api.service[103459]: INFO ovsdbapp.backend.ovs_idl.vlog [None req-09e6c90d-6186-499c-89df-8dd432d32c28 None None] ssl:199.204.45.227:6641: connected
Feb 17 02:17:15.580287 np0000155880 devstack@neutron-api.service[103459]: DEBUG neutron.common.ovn.hash_ring_manager [None req-09e6c90d-6186-499c-89df-8dd432d32c28 None None] Disallow caching, nodes 1<4 {{(pid=103459) _wait_startup_before_caching /opt/stack/neutron/neutron/common/ovn/hash_ring_manager.py:72}}
Feb 17 02:17:15.587525 np0000155880 devstack@neutron-api.service[103459]: DEBUG neutron.common.ovn.hash_ring_manager [None req-09e6c90d-6186-499c-89df-8dd432d32c28 None None] Hash Ring loaded. 1 active nodes. 0 offline nodes {{(pid=103459) _load_hash_ring /opt/stack/neutron/neutron/common/ovn/hash_ring_manager.py:102}}
Feb 17 02:17:15.587762 np0000155880 devstack@neutron-api.service[103459]: DEBUG neutron.plugins.ml2.drivers.ovn.mech_driver.ovsdb.ovsdb_monitor [None req-09e6c90d-6186-499c-89df-8dd432d32c28 None None] Hash Ring: Node 4a7045b81a2654009cdd0b3e9c4f4235 (host: np0000155880) handling event "create" for row 42362fb9-560b-4c34-8eeb-252f3613d6c4 (table: ACL) {{(pid=103459) notify /opt/stack/neutron/neutron/plugins/ml2/drivers/ovn/mech_driver/ovsdb/ovsdb_monitor.py:920}}
Feb 17 02:17:15.596093 np0000155880 devstack@neutron-api.service[103459]: DEBUG neutron.common.ovn.hash_ring_manager [None req-09e6c90d-6186-499c-89df-8dd432d32c28 None None] Hash Ring loaded. 1 active nodes. 0 offline nodes {{(pid=103459) _load_hash_ring /opt/stack/neutron/neutron/common/ovn/hash_ring_manager.py:102}}
Feb 17 02:17:15.596252 np0000155880 devstack@neutron-api.service[103459]: DEBUG neutron.plugins.ml2.drivers.ovn.mech_driver.ovsdb.ovsdb_monitor [None req-09e6c90d-6186-499c-89df-8dd432d32c28 None None] Hash Ring: Node 4a7045b81a2654009cdd0b3e9c4f4235 (host: np0000155880) handling event "create" for row 4db5609b-0dff-4581-8120-f53cb04950b4 (table: ACL) {{(pid=103459) notify /opt/stack/neutron/neutron/plugins/ml2/drivers/ovn/mech_driver/ovsdb/ovsdb_monitor.py:920}}
Feb 17 02:17:15.602452 np0000155880 devstack@neutron-api.service[103459]: DEBUG neutron.common.ovn.hash_ring_manager [None req-09e6c90d-6186-499c-89df-8dd432d32c28 None None] Hash Ring loaded. 1 active nodes. 0 offline nodes {{(pid=103459) _load_hash_ring /opt/stack/neutron/neutron/common/ovn/hash_ring_manager.py:102}}
Feb 17 02:17:15.602663 np0000155880 devstack@neutron-api.service[103459]: DEBUG neutron.plugins.ml2.drivers.ovn.mech_driver.ovsdb.ovsdb_monitor [None req-09e6c90d-6186-499c-89df-8dd432d32c28 None None] Hash Ring: Node 4a7045b81a2654009cdd0b3e9c4f4235 (host: np0000155880) handling event "create" for row ff71e395-08bb-493b-b31a-20e99a938c78 (table: Connection) {{(pid=103459) notify /opt/stack/neutron/neutron/plugins/ml2/drivers/ovn/mech_driver/ovsdb/ovsdb_monitor.py:920}}
Feb 17 02:17:15.609093 np0000155880 devstack@neutron-api.service[103459]: DEBUG neutron.common.ovn.hash_ring_manager [None req-09e6c90d-6186-499c-89df-8dd432d32c28 None None] Hash Ring loaded. 1 active nodes. 0 offline nodes {{(pid=103459) _load_hash_ring /opt/stack/neutron/neutron/common/ovn/hash_ring_manager.py:102}}
Feb 17 02:17:15.609279 np0000155880 devstack@neutron-api.service[103459]: DEBUG neutron.plugins.ml2.drivers.ovn.mech_driver.ovsdb.ovsdb_monitor [None req-09e6c90d-6186-499c-89df-8dd432d32c28 None None] Hash Ring: Node 4a7045b81a2654009cdd0b3e9c4f4235 (host: np0000155880) handling event "create" for row e21386d4-c1d7-40fa-bee8-a1f9d7b3d393 (table: NB_Global) {{(pid=103459) notify /opt/stack/neutron/neutron/plugins/ml2/drivers/ovn/mech_driver/ovsdb/ovsdb_monitor.py:920}}
Feb 17 02:17:15.615460 np0000155880 devstack@neutron-api.service[103459]: DEBUG neutron.common.ovn.hash_ring_manager [None req-09e6c90d-6186-499c-89df-8dd432d32c28 None None] Hash Ring loaded. 1 active nodes. 0 offline nodes {{(pid=103459) _load_hash_ring /opt/stack/neutron/neutron/common/ovn/hash_ring_manager.py:102}}
Feb 17 02:17:15.615587 np0000155880 devstack@neutron-api.service[103459]: DEBUG neutron.plugins.ml2.drivers.ovn.mech_driver.ovsdb.ovsdb_monitor [None req-09e6c90d-6186-499c-89df-8dd432d32c28 None None] Hash Ring: Node 4a7045b81a2654009cdd0b3e9c4f4235 (host: np0000155880) handling event "create" for row 2b6e1682-97b6-4d6d-a231-184a1320e786 (table: Port_Group) {{(pid=103459) notify /opt/stack/neutron/neutron/plugins/ml2/drivers/ovn/mech_driver/ovsdb/ovsdb_monitor.py:920}}
Feb 17 02:17:15.620385 np0000155880 devstack@neutron-api.service[103459]: DEBUG neutron.common.ovn.hash_ring_manager [None req-09e6c90d-6186-499c-89df-8dd432d32c28 None None] Hash Ring loaded. 1 active nodes. 0 offline nodes {{(pid=103459) _load_hash_ring /opt/stack/neutron/neutron/common/ovn/hash_ring_manager.py:102}}
Feb 17 02:17:15.620516 np0000155880 devstack@neutron-api.service[103459]: DEBUG neutron.plugins.ml2.drivers.ovn.mech_driver.ovsdb.ovsdb_monitor [None req-09e6c90d-6186-499c-89df-8dd432d32c28 None None] Hash Ring: Node 4a7045b81a2654009cdd0b3e9c4f4235 (host: np0000155880) handling event "create" for row 403fece6-e67c-4f22-b760-02e73631cf17 (table: SSL) {{(pid=103459) notify /opt/stack/neutron/neutron/plugins/ml2/drivers/ovn/mech_driver/ovsdb/ovsdb_monitor.py:920}}
Feb 17 02:17:15.621461 np0000155880 devstack@neutron-api.service[103459]: INFO neutron.plugins.ml2.drivers.ovn.mech_driver.ovsdb.impl_idl_ovn [None req-09e6c90d-6186-499c-89df-8dd432d32c28 None None] Getting OvsdbSbOvnIdl for WorkerService with retry
Feb 17 02:17:15.651490 np0000155880 devstack@neutron-api.service[103459]: DEBUG ovsdbapp.backend.ovs_idl [None req-09e6c90d-6186-499c-89df-8dd432d32c28 None None] Created lookup_table index Chassis.name {{(pid=103459) autocreate_indices /opt/stack/data/venv/lib/python3.12/site-packages/ovsdbapp/backend/ovs_idl/__init__.py:87}}
Feb 17 02:17:15.651585 np0000155880 devstack@neutron-api.service[103459]: DEBUG ovsdbapp.backend.ovs_idl [None req-09e6c90d-6186-499c-89df-8dd432d32c28 None None] Created lookup_table index Port_Binding.logical_port {{(pid=103459) autocreate_indices /opt/stack/data/venv/lib/python3.12/site-packages/ovsdbapp/backend/ovs_idl/__init__.py:87}}
Feb 17 02:17:15.651694 np0000155880 devstack@neutron-api.service[103459]: DEBUG ovsdbapp.backend.ovs_idl [None req-09e6c90d-6186-499c-89df-8dd432d32c28 None None] Created schema index Chassis_Private.name {{(pid=103459) autocreate_indices /opt/stack/data/venv/lib/python3.12/site-packages/ovsdbapp/backend/ovs_idl/__init__.py:106}}
Feb 17 02:17:15.651785 np0000155880 devstack@neutron-api.service[103459]: DEBUG ovsdbapp.backend.ovs_idl [None req-09e6c90d-6186-499c-89df-8dd432d32c28 None None] Created schema index Datapath_Binding.tunnel_key {{(pid=103459) autocreate_indices /opt/stack/data/venv/lib/python3.12/site-packages/ovsdbapp/backend/ovs_idl/__init__.py:106}}
Feb 17 02:17:15.656650 np0000155880 devstack@neutron-api.service[103459]: INFO ovsdbapp.backend.ovs_idl.vlog [None req-09e6c90d-6186-499c-89df-8dd432d32c28 None None] ssl:199.204.45.227:6642: connecting...
Feb 17 02:17:15.658755 np0000155880 devstack@neutron-api.service[103459]: INFO ovsdbapp.backend.ovs_idl.vlog [None req-09e6c90d-6186-499c-89df-8dd432d32c28 None None] ssl:199.204.45.227:6642: connected
Feb 17 02:17:15.692031 np0000155880 devstack@neutron-api.service[103459]: DEBUG neutron.common.ovn.hash_ring_manager [None req-09e6c90d-6186-499c-89df-8dd432d32c28 None None] Disallow caching, nodes 1<4 {{(pid=103459) _wait_startup_before_caching /opt/stack/neutron/neutron/common/ovn/hash_ring_manager.py:72}}
Feb 17 02:17:15.696372 np0000155880 devstack@neutron-api.service[103459]: DEBUG neutron.common.ovn.hash_ring_manager [None req-09e6c90d-6186-499c-89df-8dd432d32c28 None None] Hash Ring loaded. 1 active nodes. 0 offline nodes {{(pid=103459) _load_hash_ring /opt/stack/neutron/neutron/common/ovn/hash_ring_manager.py:102}}
Feb 17 02:17:15.696571 np0000155880 devstack@neutron-api.service[103459]: DEBUG neutron.plugins.ml2.drivers.ovn.mech_driver.ovsdb.ovsdb_monitor [None req-09e6c90d-6186-499c-89df-8dd432d32c28 None None] Hash Ring: Node 4a7045b81a2654009cdd0b3e9c4f4235 (host: np0000155880) handling event "create" for row 928f844b-4a54-4e37-a6ff-e5feecbe05dd (table: Chassis) {{(pid=103459) notify /opt/stack/neutron/neutron/plugins/ml2/drivers/ovn/mech_driver/ovsdb/ovsdb_monitor.py:920}}
Feb 17 02:17:15.697353 np0000155880 devstack@neutron-api.service[103459]: DEBUG ovsdbapp.backend.ovs_idl.event [None req-09e6c90d-6186-499c-89df-8dd432d32c28 None None] Matched CREATE: ChassisBandwidthConfigEvent(events=('create', 'update'), table='Chassis', conditions=None, old_conditions=None), priority=20 to row=Chassis(name=e7499a42-5c00-4e45-b9d9-9445897a9d63, nb_cfg=0, encaps=[], external_ids={}, other_config={'ct-commit-nat-v2': 'true', 'ct-commit-to-zone': 'true', 'ct-next-zone': 'true', 'ct-no-masked-label': 'true', 'ct-state-save': 'true', 'datapath-type': 'system', 'fdb-timestamp': 'true', 'iface-types': 'afxdp,afxdp-nonpmd,bareudp,erspan,geneve,gre,gtpu,internal,ip6erspan,ip6gre,lisp,patch,srv6,stt,system,tap,vxlan', 'is-interconn': 'false', 'ls-dpg-column': 'true', 'mac-binding-timestamp': 'true', 'ovn-bridge-mappings': 'public:br-ex', 'ovn-chassis-mac-mappings': '', 'ovn-cms-options': 'enable-chassis-as-gw', 'ovn-ct-lb-related': 'true', 'ovn-enable-lflow-cache': 'true', 'ovn-limit-lflow-cache': '', 'ovn-memlimit-lflow-cache-kb': '', 'ovn-monitor-all': 'false', 'ovn-trim-limit-lflow-cache': '', 'ovn-trim-timeout-ms': '', 'ovn-trim-wmark-perc-lflow-cache': '', 'port-up-notif': 'true'}, transport_zones=[], hostname=np0000155880, vtep_logical_switches=[]) old= {{(pid=103459) matches /opt/stack/data/venv/lib/python3.12/site-packages/ovsdbapp/backend/ovs_idl/event.py:55}}
Feb 17 02:17:15.698061 np0000155880 devstack@neutron-api.service[103459]: DEBUG neutron.plugins.ml2.drivers.ovn.mech_driver.ovsdb.ovsdb_monitor [None req-09e6c90d-6186-499c-89df-8dd432d32c28 None None] ChassisAgentWriteEvent : Matched Chassis_Private, create, None None {{(pid=103459) matches /opt/stack/neutron/neutron/plugins/ml2/drivers/ovn/mech_driver/ovsdb/ovsdb_monitor.py:65}}
Feb 17 02:17:15.698266 np0000155880 devstack@neutron-api.service[103459]: DEBUG neutron.plugins.ml2.drivers.ovn.mech_driver.ovsdb.ovsdb_monitor [None req-09e6c90d-6186-499c-89df-8dd432d32c28 None None] ChassisOVNAgentWriteEvent : Matched Chassis_Private, create, None None {{(pid=103459) matches /opt/stack/neutron/neutron/plugins/ml2/drivers/ovn/mech_driver/ovsdb/ovsdb_monitor.py:65}}
Feb 17 02:17:15.705125 np0000155880 devstack@neutron-api.service[103459]: DEBUG neutron.common.ovn.hash_ring_manager [None req-09e6c90d-6186-499c-89df-8dd432d32c28 None None] Hash Ring loaded. 1 active nodes. 0 offline nodes {{(pid=103459) _load_hash_ring /opt/stack/neutron/neutron/common/ovn/hash_ring_manager.py:102}}
Feb 17 02:17:15.705271 np0000155880 devstack@neutron-api.service[103459]: DEBUG neutron.plugins.ml2.drivers.ovn.mech_driver.ovsdb.ovsdb_monitor [None req-09e6c90d-6186-499c-89df-8dd432d32c28 None None] Hash Ring: Node 4a7045b81a2654009cdd0b3e9c4f4235 (host: np0000155880) handling event "create" for row aff357c3-b416-46a1-8f4f-89b3df0f12ed (table: Chassis_Private) {{(pid=103459) notify /opt/stack/neutron/neutron/plugins/ml2/drivers/ovn/mech_driver/ovsdb/ovsdb_monitor.py:920}}
Feb 17 02:17:15.710251 np0000155880 devstack@neutron-api.service[103459]: DEBUG neutron.common.ovn.hash_ring_manager [None req-09e6c90d-6186-499c-89df-8dd432d32c28 None None] Hash Ring loaded. 1 active nodes. 0 offline nodes {{(pid=103459) _load_hash_ring /opt/stack/neutron/neutron/common/ovn/hash_ring_manager.py:102}}
Feb 17 02:17:15.710365 np0000155880 devstack@neutron-api.service[103459]: DEBUG neutron.plugins.ml2.drivers.ovn.mech_driver.ovsdb.ovsdb_monitor [None req-09e6c90d-6186-499c-89df-8dd432d32c28 None None] Hash Ring: Node 4a7045b81a2654009cdd0b3e9c4f4235 (host: np0000155880) handling event "create" for row c7eae0f0-59fd-418f-b31c-0b8b9ee062fa (table: Encap) {{(pid=103459) notify /opt/stack/neutron/neutron/plugins/ml2/drivers/ovn/mech_driver/ovsdb/ovsdb_monitor.py:920}}
Feb 17 02:17:15.711512 np0000155880 devstack@neutron-api.service[103459]: INFO neutron.plugins.ml2.drivers.ovn.mech_driver.mech_driver [None req-09e6c90d-6186-499c-89df-8dd432d32c28 None None] WorkerService process has finished the post initialization
Feb 17 02:17:15.712383 np0000155880 devstack@neutron-api.service[103459]: INFO neutron.plugins.ml2.drivers.ovn.mech_driver.ovsdb.extensions.qos [-] Starting OVNClientQosExtension
Feb 17 02:17:15.712940 np0000155880 devstack@neutron-api.service[103459]: INFO neutron.plugins.ml2.drivers.ovn.mech_driver.ovsdb.extensions.placement [-] Starting OVNClientPlacementExtension
Feb 17 02:17:15.715373 np0000155880 devstack@neutron-api.service[103459]: WSGI app 0 (mountpoint='') ready in 6 seconds on interpreter 0x76b49fca3668 pid: 103459 (default app)
Feb 17 02:17:15.718184 np0000155880 devstack@neutron-api.service[103459]: [pid: 103459|app: 0|req: 1/1] 199.204.45.227 () {62 vars in 988 bytes} [Tue Feb 17 02:17:15 2026] GET /networking => generated 130 bytes in 2 msecs (HTTP/1.1 200) 3 headers in 91 bytes (1 switches on core 0)
Feb 17 02:17:15.857039 np0000155880 devstack@neutron-api.service[103460]: INFO neutron.plugins.ml2.managers [None req-6a2708d6-8a1c-4768-8e07-a10398cf42c9 None None] Initializing driver for type 'local'
Feb 17 02:17:15.857211 np0000155880 devstack@neutron-api.service[103460]: INFO neutron.plugins.ml2.managers [None req-6a2708d6-8a1c-4768-8e07-a10398cf42c9 None None] Initializing driver for type 'vlan'
Feb 17 02:17:15.874362 np0000155880 devstack@neutron-api.service[103458]: INFO neutron.plugins.ml2.managers [None req-f1a118f6-c027-4fef-86f2-4ba7dc25cf00 None None] Initializing driver for type 'local'
Feb 17 02:17:15.875168 np0000155880 devstack@neutron-api.service[103458]: INFO neutron.plugins.ml2.managers [None req-f1a118f6-c027-4fef-86f2-4ba7dc25cf00 None None] Initializing driver for type 'vlan'
Feb 17 02:17:15.877372 np0000155880 devstack@neutron-api.service[103459]: DEBUG neutron.common.ovn.hash_ring_manager [-] Hash Ring loaded. 1 active nodes. 0 offline nodes {{(pid=103459) _load_hash_ring /opt/stack/neutron/neutron/common/ovn/hash_ring_manager.py:102}}
Feb 17 02:17:15.877372 np0000155880 devstack@neutron-api.service[103459]: DEBUG neutron.plugins.ml2.drivers.ovn.mech_driver.ovsdb.ovsdb_monitor [-] Hash Ring: Node 4a7045b81a2654009cdd0b3e9c4f4235 (host: np0000155880) handling event "update" for row ff71e395-08bb-493b-b31a-20e99a938c78 (table: Connection) {{(pid=103459) notify /opt/stack/neutron/neutron/plugins/ml2/drivers/ovn/mech_driver/ovsdb/ovsdb_monitor.py:920}}
Feb 17 02:17:15.890053 np0000155880 devstack@neutron-api.service[103457]: INFO neutron.plugins.ml2.managers [None req-6aee2ab6-93d2-4599-9949-5a3b8ac33aec None None] Initializing driver for type 'local'
Feb 17 02:17:15.890289 np0000155880 devstack@neutron-api.service[103457]: INFO neutron.plugins.ml2.managers [None req-6aee2ab6-93d2-4599-9949-5a3b8ac33aec None None] Initializing driver for type 'vlan'
Feb 17 02:17:16.025998 np0000155880 devstack@neutron-api.service[103460]: INFO neutron.plugins.ml2.drivers.type_vlan [None req-6a2708d6-8a1c-4768-8e07-a10398cf42c9 None None] VlanTypeDriver initialization complete
Feb 17 02:17:16.026141 np0000155880 devstack@neutron-api.service[103460]: INFO neutron.plugins.ml2.managers [None req-6a2708d6-8a1c-4768-8e07-a10398cf42c9 None None] Initializing extension driver 'port_security'
Feb 17 02:17:16.026237 np0000155880 devstack@neutron-api.service[103460]: INFO neutron.plugins.ml2.extensions.port_security [None req-6a2708d6-8a1c-4768-8e07-a10398cf42c9 None None] PortSecurityExtensionDriver initialization complete
Feb 17 02:17:16.026344 np0000155880 devstack@neutron-api.service[103460]: INFO neutron.plugins.ml2.managers [None req-6a2708d6-8a1c-4768-8e07-a10398cf42c9 None None] Initializing extension driver 'qos'
Feb 17 02:17:16.026441 np0000155880 devstack@neutron-api.service[103460]: DEBUG neutron.plugins.ml2.extensions.qos [None req-6a2708d6-8a1c-4768-8e07-a10398cf42c9 None None] QosExtensionDriver initialization complete {{(pid=103460) initialize /opt/stack/neutron/neutron/plugins/ml2/extensions/qos.py:31}}
Feb 17 02:17:16.026546 np0000155880 devstack@neutron-api.service[103460]: INFO neutron.plugins.ml2.managers [None req-6a2708d6-8a1c-4768-8e07-a10398cf42c9 None None] Initializing mechanism driver 'ovn'
Feb 17 02:17:16.026672 np0000155880 devstack@neutron-api.service[103460]: INFO neutron.plugins.ml2.drivers.ovn.mech_driver.mech_driver [None req-6a2708d6-8a1c-4768-8e07-a10398cf42c9 None None] Starting OVNMechanismDriver
Feb 17 02:17:16.027580 np0000155880 devstack@neutron-api.service[103458]: INFO neutron.plugins.ml2.drivers.type_vlan [None req-f1a118f6-c027-4fef-86f2-4ba7dc25cf00 None None] VlanTypeDriver initialization complete
Feb 17 02:17:16.027747 np0000155880 devstack@neutron-api.service[103458]: INFO neutron.plugins.ml2.managers [None req-f1a118f6-c027-4fef-86f2-4ba7dc25cf00 None None] Initializing extension driver 'port_security'
Feb 17 02:17:16.027849 np0000155880 devstack@neutron-api.service[103458]: INFO neutron.plugins.ml2.extensions.port_security [None req-f1a118f6-c027-4fef-86f2-4ba7dc25cf00 None None] PortSecurityExtensionDriver initialization complete
Feb 17 02:17:16.027958 np0000155880 devstack@neutron-api.service[103458]: INFO neutron.plugins.ml2.managers [None req-f1a118f6-c027-4fef-86f2-4ba7dc25cf00 None None] Initializing extension driver 'qos'
Feb 17 02:17:16.028053 np0000155880 devstack@neutron-api.service[103458]: DEBUG neutron.plugins.ml2.extensions.qos [None req-f1a118f6-c027-4fef-86f2-4ba7dc25cf00 None None] QosExtensionDriver initialization complete {{(pid=103458) initialize /opt/stack/neutron/neutron/plugins/ml2/extensions/qos.py:31}}
Feb 17 02:17:16.028169 np0000155880 devstack@neutron-api.service[103458]: INFO neutron.plugins.ml2.managers [None req-f1a118f6-c027-4fef-86f2-4ba7dc25cf00 None None] Initializing mechanism driver 'ovn'
Feb 17 02:17:16.028232 np0000155880 devstack@neutron-api.service[103460]: DEBUG neutron_lib.callbacks.manager [None req-6a2708d6-8a1c-4768-8e07-a10398cf42c9 None None] Subscribe: > process before_spawn 55550000, False {{(pid=103460) subscribe /opt/stack/data/venv/lib/python3.12/site-packages/neutron_lib/callbacks/manager.py:52}}
Feb 17 02:17:16.028297 np0000155880 devstack@neutron-api.service[103458]: INFO neutron.plugins.ml2.drivers.ovn.mech_driver.mech_driver [None req-f1a118f6-c027-4fef-86f2-4ba7dc25cf00 None None] Starting OVNMechanismDriver
Feb 17 02:17:16.028379 np0000155880 devstack@neutron-api.service[103460]: DEBUG neutron_lib.callbacks.manager [None req-6a2708d6-8a1c-4768-8e07-a10398cf42c9 None None] Subscribe: > process after_init 55550000, True {{(pid=103460) subscribe /opt/stack/data/venv/lib/python3.12/site-packages/neutron_lib/callbacks/manager.py:52}}
Feb 17 02:17:16.028507 np0000155880 devstack@neutron-api.service[103460]: DEBUG neutron_lib.callbacks.manager [None req-6a2708d6-8a1c-4768-8e07-a10398cf42c9 None None] Subscribe: > segment after_create 55550000, False {{(pid=103460) subscribe /opt/stack/data/venv/lib/python3.12/site-packages/neutron_lib/callbacks/manager.py:52}}
Feb 17 02:17:16.028590 np0000155880 devstack@neutron-api.service[103460]: DEBUG neutron_lib.callbacks.manager [None req-6a2708d6-8a1c-4768-8e07-a10398cf42c9 None None] Subscribe: > segment after_create 55550000, False {{(pid=103460) subscribe /opt/stack/data/venv/lib/python3.12/site-packages/neutron_lib/callbacks/manager.py:52}}
Feb 17 02:17:16.028702 np0000155880 devstack@neutron-api.service[103460]: DEBUG neutron_lib.callbacks.manager [None req-6a2708d6-8a1c-4768-8e07-a10398cf42c9 None None] Subscribe: > segment after_delete 55550000, False {{(pid=103460) subscribe /opt/stack/data/venv/lib/python3.12/site-packages/neutron_lib/callbacks/manager.py:52}}
Feb 17 02:17:16.028815 np0000155880 devstack@neutron-api.service[103460]: DEBUG neutron_lib.callbacks.manager [None req-6a2708d6-8a1c-4768-8e07-a10398cf42c9 None None] Subscribe: > allowed_address_pair before_create 55550000, False {{(pid=103460) subscribe /opt/stack/data/venv/lib/python3.12/site-packages/neutron_lib/callbacks/manager.py:52}}
Feb 17 02:17:16.028902 np0000155880 devstack@neutron-api.service[103460]: DEBUG neutron_lib.callbacks.manager [None req-6a2708d6-8a1c-4768-8e07-a10398cf42c9 None None] Subscribe: > security_group precommit_create 55550000, False {{(pid=103460) subscribe /opt/stack/data/venv/lib/python3.12/site-packages/neutron_lib/callbacks/manager.py:52}}
Feb 17 02:17:16.029028 np0000155880 devstack@neutron-api.service[103460]: DEBUG neutron_lib.callbacks.manager [None req-6a2708d6-8a1c-4768-8e07-a10398cf42c9 None None] Subscribe: > security_group after_update 55550000, False {{(pid=103460) subscribe /opt/stack/data/venv/lib/python3.12/site-packages/neutron_lib/callbacks/manager.py:52}}
Feb 17 02:17:16.029152 np0000155880 devstack@neutron-api.service[103460]: DEBUG neutron_lib.callbacks.manager [None req-6a2708d6-8a1c-4768-8e07-a10398cf42c9 None None] Subscribe: > security_group after_create 55550000, False {{(pid=103460) subscribe /opt/stack/data/venv/lib/python3.12/site-packages/neutron_lib/callbacks/manager.py:52}}
Feb 17 02:17:16.029267 np0000155880 devstack@neutron-api.service[103460]: DEBUG neutron_lib.callbacks.manager [None req-6a2708d6-8a1c-4768-8e07-a10398cf42c9 None None] Subscribe: > security_group precommit_delete 55550000, False {{(pid=103460) subscribe /opt/stack/data/venv/lib/python3.12/site-packages/neutron_lib/callbacks/manager.py:52}}
Feb 17 02:17:16.029356 np0000155880 devstack@neutron-api.service[103460]: DEBUG neutron_lib.callbacks.manager [None req-6a2708d6-8a1c-4768-8e07-a10398cf42c9 None None] Subscribe: > security_group after_delete 55550000, False {{(pid=103460) subscribe /opt/stack/data/venv/lib/python3.12/site-packages/neutron_lib/callbacks/manager.py:52}}
Feb 17 02:17:16.029437 np0000155880 devstack@neutron-api.service[103460]: DEBUG neutron_lib.callbacks.manager [None req-6a2708d6-8a1c-4768-8e07-a10398cf42c9 None None] Subscribe: > security_group_rule precommit_create 55550000, False {{(pid=103460) subscribe /opt/stack/data/venv/lib/python3.12/site-packages/neutron_lib/callbacks/manager.py:52}}
Feb 17 02:17:16.029585 np0000155880 devstack@neutron-api.service[103460]: DEBUG neutron_lib.callbacks.manager [None req-6a2708d6-8a1c-4768-8e07-a10398cf42c9 None None] Subscribe: > security_group_rule after_create 55550000, False {{(pid=103460) subscribe /opt/stack/data/venv/lib/python3.12/site-packages/neutron_lib/callbacks/manager.py:52}}
Feb 17 02:17:16.029660 np0000155880 devstack@neutron-api.service[103460]: DEBUG neutron_lib.callbacks.manager [None req-6a2708d6-8a1c-4768-8e07-a10398cf42c9 None None] Subscribe: > security_group_rule before_delete 55550000, False {{(pid=103460) subscribe /opt/stack/data/venv/lib/python3.12/site-packages/neutron_lib/callbacks/manager.py:52}}
Feb 17 02:17:16.029774 np0000155880 devstack@neutron-api.service[103460]: DEBUG neutron_lib.callbacks.manager [None req-6a2708d6-8a1c-4768-8e07-a10398cf42c9 None None] Subscribe: > address_group after_create 55550000, False {{(pid=103460) subscribe /opt/stack/data/venv/lib/python3.12/site-packages/neutron_lib/callbacks/manager.py:52}}
Feb 17 02:17:16.029812 np0000155880 devstack@neutron-api.service[103458]: DEBUG neutron_lib.callbacks.manager [None req-f1a118f6-c027-4fef-86f2-4ba7dc25cf00 None None] Subscribe: > process before_spawn 55550000, False {{(pid=103458) subscribe /opt/stack/data/venv/lib/python3.12/site-packages/neutron_lib/callbacks/manager.py:52}}
Feb 17 02:17:16.029871 np0000155880 devstack@neutron-api.service[103460]: DEBUG neutron_lib.callbacks.manager [None req-6a2708d6-8a1c-4768-8e07-a10398cf42c9 None None] Subscribe: > address_group after_update 55550000, False {{(pid=103460) subscribe /opt/stack/data/venv/lib/python3.12/site-packages/neutron_lib/callbacks/manager.py:52}}
Feb 17 02:17:16.029902 np0000155880 devstack@neutron-api.service[103458]: DEBUG neutron_lib.callbacks.manager [None req-f1a118f6-c027-4fef-86f2-4ba7dc25cf00 None None] Subscribe: > process after_init 55550000, True {{(pid=103458) subscribe /opt/stack/data/venv/lib/python3.12/site-packages/neutron_lib/callbacks/manager.py:52}}
Feb 17 02:17:16.029965 np0000155880 devstack@neutron-api.service[103460]: DEBUG neutron_lib.callbacks.manager [None req-6a2708d6-8a1c-4768-8e07-a10398cf42c9 None None] Subscribe: > address_group after_delete 55550000, False {{(pid=103460) subscribe /opt/stack/data/venv/lib/python3.12/site-packages/neutron_lib/callbacks/manager.py:52}}
Feb 17 02:17:16.030029 np0000155880 devstack@neutron-api.service[103458]: DEBUG neutron_lib.callbacks.manager [None req-f1a118f6-c027-4fef-86f2-4ba7dc25cf00 None None] Subscribe: > segment after_create 55550000, False {{(pid=103458) subscribe /opt/stack/data/venv/lib/python3.12/site-packages/neutron_lib/callbacks/manager.py:52}}
Feb 17 02:17:16.030144 np0000155880 devstack@neutron-api.service[103458]: DEBUG neutron_lib.callbacks.manager [None req-f1a118f6-c027-4fef-86f2-4ba7dc25cf00 None None] Subscribe: > segment after_create 55550000, False {{(pid=103458) subscribe /opt/stack/data/venv/lib/python3.12/site-packages/neutron_lib/callbacks/manager.py:52}}
Feb 17 02:17:16.030176 np0000155880 devstack@neutron-api.service[103460]: DEBUG neutron_lib.callbacks.manager [None req-6a2708d6-8a1c-4768-8e07-a10398cf42c9 None None] Subscribe: > qos_plugin after_init 55550000, False {{(pid=103460) subscribe /opt/stack/data/venv/lib/python3.12/site-packages/neutron_lib/callbacks/manager.py:52}}
Feb 17 02:17:16.030262 np0000155880 devstack@neutron-api.service[103458]: DEBUG neutron_lib.callbacks.manager [None req-f1a118f6-c027-4fef-86f2-4ba7dc25cf00 None None] Subscribe: > segment after_delete 55550000, False {{(pid=103458) subscribe /opt/stack/data/venv/lib/python3.12/site-packages/neutron_lib/callbacks/manager.py:52}}
Feb 17 02:17:16.030361 np0000155880 devstack@neutron-api.service[103460]: DEBUG neutron_lib.callbacks.manager [None req-6a2708d6-8a1c-4768-8e07-a10398cf42c9 None None] Subscribe: > trunk_plugin after_init 55550000, False {{(pid=103460) subscribe /opt/stack/data/venv/lib/python3.12/site-packages/neutron_lib/callbacks/manager.py:52}}
Feb 17 02:17:16.030421 np0000155880 devstack@neutron-api.service[103458]: DEBUG neutron_lib.callbacks.manager [None req-f1a118f6-c027-4fef-86f2-4ba7dc25cf00 None None] Subscribe: > allowed_address_pair before_create 55550000, False {{(pid=103458) subscribe /opt/stack/data/venv/lib/python3.12/site-packages/neutron_lib/callbacks/manager.py:52}}
Feb 17 02:17:16.030475 np0000155880 devstack@neutron-api.service[103458]: DEBUG neutron_lib.callbacks.manager [None req-f1a118f6-c027-4fef-86f2-4ba7dc25cf00 None None] Subscribe: > security_group precommit_create 55550000, False {{(pid=103458) subscribe /opt/stack/data/venv/lib/python3.12/site-packages/neutron_lib/callbacks/manager.py:52}}
Feb 17 02:17:16.030571 np0000155880 devstack@neutron-api.service[103460]: DEBUG neutron_lib.callbacks.manager [None req-6a2708d6-8a1c-4768-8e07-a10398cf42c9 None None] Subscribe: > logging-plugin after_init 55550000, False {{(pid=103460) subscribe /opt/stack/data/venv/lib/python3.12/site-packages/neutron_lib/callbacks/manager.py:52}}
Feb 17 02:17:16.030691 np0000155880 devstack@neutron-api.service[103458]: DEBUG neutron_lib.callbacks.manager [None req-f1a118f6-c027-4fef-86f2-4ba7dc25cf00 None None] Subscribe: > security_group after_update 55550000, False {{(pid=103458) subscribe /opt/stack/data/venv/lib/python3.12/site-packages/neutron_lib/callbacks/manager.py:52}}
Feb 17 02:17:16.030691 np0000155880 devstack@neutron-api.service[103458]: DEBUG neutron_lib.callbacks.manager [None req-f1a118f6-c027-4fef-86f2-4ba7dc25cf00 None None] Subscribe: > security_group after_create 55550000, False {{(pid=103458) subscribe /opt/stack/data/venv/lib/python3.12/site-packages/neutron_lib/callbacks/manager.py:52}}
Feb 17 02:17:16.030848 np0000155880 devstack@neutron-api.service[103458]: DEBUG neutron_lib.callbacks.manager [None req-f1a118f6-c027-4fef-86f2-4ba7dc25cf00 None None] Subscribe: > security_group precommit_delete 55550000, False {{(pid=103458) subscribe /opt/stack/data/venv/lib/python3.12/site-packages/neutron_lib/callbacks/manager.py:52}}
Feb 17 02:17:16.030936 np0000155880 devstack@neutron-api.service[103458]: DEBUG neutron_lib.callbacks.manager [None req-f1a118f6-c027-4fef-86f2-4ba7dc25cf00 None None] Subscribe: > security_group after_delete 55550000, False {{(pid=103458) subscribe /opt/stack/data/venv/lib/python3.12/site-packages/neutron_lib/callbacks/manager.py:52}}
Feb 17 02:17:16.030971 np0000155880 devstack@neutron-api.service[103460]: INFO neutron.services.logapi.drivers.ovn.driver [None req-6a2708d6-8a1c-4768-8e07-a10398cf42c9 None None] OVN logging driver registered
Feb 17 02:17:16.031251 np0000155880 devstack@neutron-api.service[103458]: DEBUG neutron_lib.callbacks.manager [None req-f1a118f6-c027-4fef-86f2-4ba7dc25cf00 None None] Subscribe: > security_group_rule precommit_create 55550000, False {{(pid=103458) subscribe /opt/stack/data/venv/lib/python3.12/site-packages/neutron_lib/callbacks/manager.py:52}}
Feb 17 02:17:16.031251 np0000155880 devstack@neutron-api.service[103458]: DEBUG neutron_lib.callbacks.manager [None req-f1a118f6-c027-4fef-86f2-4ba7dc25cf00 None None] Subscribe: > security_group_rule after_create 55550000, False {{(pid=103458) subscribe /opt/stack/data/venv/lib/python3.12/site-packages/neutron_lib/callbacks/manager.py:52}}
Feb 17 02:17:16.031251 np0000155880 devstack@neutron-api.service[103458]: DEBUG neutron_lib.callbacks.manager [None req-f1a118f6-c027-4fef-86f2-4ba7dc25cf00 None None] Subscribe: > security_group_rule before_delete 55550000, False {{(pid=103458) subscribe /opt/stack/data/venv/lib/python3.12/site-packages/neutron_lib/callbacks/manager.py:52}}
Feb 17 02:17:16.031447 np0000155880 devstack@neutron-api.service[103458]: DEBUG neutron_lib.callbacks.manager [None req-f1a118f6-c027-4fef-86f2-4ba7dc25cf00 None None] Subscribe: > address_group after_create 55550000, False {{(pid=103458) subscribe /opt/stack/data/venv/lib/python3.12/site-packages/neutron_lib/callbacks/manager.py:52}}
Feb 17 02:17:16.031474 np0000155880 devstack@neutron-api.service[103458]: DEBUG neutron_lib.callbacks.manager [None req-f1a118f6-c027-4fef-86f2-4ba7dc25cf00 None None] Subscribe: > address_group after_update 55550000, False {{(pid=103458) subscribe /opt/stack/data/venv/lib/python3.12/site-packages/neutron_lib/callbacks/manager.py:52}}
Feb 17 02:17:16.031567 np0000155880 devstack@neutron-api.service[103458]: DEBUG neutron_lib.callbacks.manager [None req-f1a118f6-c027-4fef-86f2-4ba7dc25cf00 None None] Subscribe: > address_group after_delete 55550000, False {{(pid=103458) subscribe /opt/stack/data/venv/lib/python3.12/site-packages/neutron_lib/callbacks/manager.py:52}}
Feb 17 02:17:16.031762 np0000155880 devstack@neutron-api.service[103458]: DEBUG neutron_lib.callbacks.manager [None req-f1a118f6-c027-4fef-86f2-4ba7dc25cf00 None None] Subscribe: > qos_plugin after_init 55550000, False {{(pid=103458) subscribe /opt/stack/data/venv/lib/python3.12/site-packages/neutron_lib/callbacks/manager.py:52}}
Feb 17 02:17:16.031944 np0000155880 devstack@neutron-api.service[103458]: DEBUG neutron_lib.callbacks.manager [None req-f1a118f6-c027-4fef-86f2-4ba7dc25cf00 None None] Subscribe: > trunk_plugin after_init 55550000, False {{(pid=103458) subscribe /opt/stack/data/venv/lib/python3.12/site-packages/neutron_lib/callbacks/manager.py:52}}
Feb 17 02:17:16.032350 np0000155880 devstack@neutron-api.service[103458]: DEBUG neutron_lib.callbacks.manager [None req-f1a118f6-c027-4fef-86f2-4ba7dc25cf00 None None] Subscribe: > logging-plugin after_init 55550000, False {{(pid=103458) subscribe /opt/stack/data/venv/lib/python3.12/site-packages/neutron_lib/callbacks/manager.py:52}}
Feb 17 02:17:16.032387 np0000155880 devstack@neutron-api.service[103460]: DEBUG neutron.plugins.ml2.plugin [None req-6a2708d6-8a1c-4768-8e07-a10398cf42c9 None None] neutron.plugins.ml2.plugin.Ml2Plugin method _start_rpc_notifiers called with arguments () {} {{(pid=103460) wrapper /opt/stack/data/venv/lib/python3.12/site-packages/oslo_log/helpers.py:77}}
Feb 17 02:17:16.032588 np0000155880 devstack@neutron-api.service[103458]: INFO neutron.services.logapi.drivers.ovn.driver [None req-f1a118f6-c027-4fef-86f2-4ba7dc25cf00 None None] OVN logging driver registered
Feb 17 02:17:16.032660 np0000155880 devstack@neutron-api.service[103460]: DEBUG neutron_lib.callbacks.manager [None req-6a2708d6-8a1c-4768-8e07-a10398cf42c9 None None] Subscribe: > port after_create 55550000, False {{(pid=103460) subscribe /opt/stack/data/venv/lib/python3.12/site-packages/neutron_lib/callbacks/manager.py:52}}
Feb 17 02:17:16.032769 np0000155880 devstack@neutron-api.service[103460]: DEBUG neutron_lib.callbacks.manager [None req-6a2708d6-8a1c-4768-8e07-a10398cf42c9 None None] Subscribe: > port after_update 55550000, False {{(pid=103460) subscribe /opt/stack/data/venv/lib/python3.12/site-packages/neutron_lib/callbacks/manager.py:52}}
Feb 17 02:17:16.032875 np0000155880 devstack@neutron-api.service[103460]: DEBUG neutron_lib.callbacks.manager [None req-6a2708d6-8a1c-4768-8e07-a10398cf42c9 None None] Subscribe: > port after_delete 55550000, False {{(pid=103460) subscribe /opt/stack/data/venv/lib/python3.12/site-packages/neutron_lib/callbacks/manager.py:52}}
Feb 17 02:17:16.032997 np0000155880 devstack@neutron-api.service[103460]: DEBUG neutron_lib.callbacks.manager [None req-6a2708d6-8a1c-4768-8e07-a10398cf42c9 None None] Subscribe: > subnet after_create 55550000, False {{(pid=103460) subscribe /opt/stack/data/venv/lib/python3.12/site-packages/neutron_lib/callbacks/manager.py:52}}
Feb 17 02:17:16.033083 np0000155880 devstack@neutron-api.service[103460]: DEBUG neutron_lib.callbacks.manager [None req-6a2708d6-8a1c-4768-8e07-a10398cf42c9 None None] Subscribe: > subnet after_update 55550000, False {{(pid=103460) subscribe /opt/stack/data/venv/lib/python3.12/site-packages/neutron_lib/callbacks/manager.py:52}}
Feb 17 02:17:16.033184 np0000155880 devstack@neutron-api.service[103460]: DEBUG neutron_lib.callbacks.manager [None req-6a2708d6-8a1c-4768-8e07-a10398cf42c9 None None] Subscribe: > subnet after_delete 55550000, False {{(pid=103460) subscribe /opt/stack/data/venv/lib/python3.12/site-packages/neutron_lib/callbacks/manager.py:52}}
Feb 17 02:17:16.033284 np0000155880 devstack@neutron-api.service[103460]: DEBUG neutron_lib.callbacks.manager [None req-6a2708d6-8a1c-4768-8e07-a10398cf42c9 None None] Subscribe: > network after_create 55550000, False {{(pid=103460) subscribe /opt/stack/data/venv/lib/python3.12/site-packages/neutron_lib/callbacks/manager.py:52}}
Feb 17 02:17:16.033386 np0000155880 devstack@neutron-api.service[103460]: DEBUG neutron_lib.callbacks.manager [None req-6a2708d6-8a1c-4768-8e07-a10398cf42c9 None None] Subscribe: > network after_update 55550000, False {{(pid=103460) subscribe /opt/stack/data/venv/lib/python3.12/site-packages/neutron_lib/callbacks/manager.py:52}}
Feb 17 02:17:16.033486 np0000155880 devstack@neutron-api.service[103460]: DEBUG neutron_lib.callbacks.manager [None req-6a2708d6-8a1c-4768-8e07-a10398cf42c9 None None] Subscribe: > network after_delete 55550000, False {{(pid=103460) subscribe /opt/stack/data/venv/lib/python3.12/site-packages/neutron_lib/callbacks/manager.py:52}}
Feb 17 02:17:16.033612 np0000155880 devstack@neutron-api.service[103460]: DEBUG neutron_lib.callbacks.manager [None req-6a2708d6-8a1c-4768-8e07-a10398cf42c9 None None] Subscribe: > security_group after_create 55550000, False {{(pid=103460) subscribe /opt/stack/data/venv/lib/python3.12/site-packages/neutron_lib/callbacks/manager.py:52}}
Feb 17 02:17:16.033694 np0000155880 devstack@neutron-api.service[103460]: DEBUG neutron_lib.callbacks.manager [None req-6a2708d6-8a1c-4768-8e07-a10398cf42c9 None None] Subscribe: > security_group after_update 55550000, False {{(pid=103460) subscribe /opt/stack/data/venv/lib/python3.12/site-packages/neutron_lib/callbacks/manager.py:52}}
Feb 17 02:17:16.033791 np0000155880 devstack@neutron-api.service[103460]: DEBUG neutron_lib.callbacks.manager [None req-6a2708d6-8a1c-4768-8e07-a10398cf42c9 None None] Subscribe: > security_group after_delete 55550000, False {{(pid=103460) subscribe /opt/stack/data/venv/lib/python3.12/site-packages/neutron_lib/callbacks/manager.py:52}}
Feb 17 02:17:16.033890 np0000155880 devstack@neutron-api.service[103460]: DEBUG neutron_lib.callbacks.manager [None req-6a2708d6-8a1c-4768-8e07-a10398cf42c9 None None] Subscribe: > security_group_rule after_create 55550000, False {{(pid=103460) subscribe /opt/stack/data/venv/lib/python3.12/site-packages/neutron_lib/callbacks/manager.py:52}}
Feb 17 02:17:16.033988 np0000155880 devstack@neutron-api.service[103460]: DEBUG neutron_lib.callbacks.manager [None req-6a2708d6-8a1c-4768-8e07-a10398cf42c9 None None] Subscribe: > security_group_rule after_update 55550000, False {{(pid=103460) subscribe /opt/stack/data/venv/lib/python3.12/site-packages/neutron_lib/callbacks/manager.py:52}}
Feb 17 02:17:16.034024 np0000155880 devstack@neutron-api.service[103458]: DEBUG neutron.plugins.ml2.plugin [None req-f1a118f6-c027-4fef-86f2-4ba7dc25cf00 None None] neutron.plugins.ml2.plugin.Ml2Plugin method _start_rpc_notifiers called with arguments () {} {{(pid=103458) wrapper /opt/stack/data/venv/lib/python3.12/site-packages/oslo_log/helpers.py:77}}
Feb 17 02:17:16.034283 np0000155880 devstack@neutron-api.service[103460]: DEBUG neutron_lib.callbacks.manager [None req-6a2708d6-8a1c-4768-8e07-a10398cf42c9 None None] Subscribe: > security_group_rule after_delete 55550000, False {{(pid=103460) subscribe /opt/stack/data/venv/lib/python3.12/site-packages/neutron_lib/callbacks/manager.py:52}}
Feb 17 02:17:16.034283 np0000155880 devstack@neutron-api.service[103460]: DEBUG neutron_lib.callbacks.manager [None req-6a2708d6-8a1c-4768-8e07-a10398cf42c9 None None] Subscribe: > address_group after_create 55550000, False {{(pid=103460) subscribe /opt/stack/data/venv/lib/python3.12/site-packages/neutron_lib/callbacks/manager.py:52}}
Feb 17 02:17:16.034338 np0000155880 devstack@neutron-api.service[103458]: DEBUG neutron_lib.callbacks.manager [None req-f1a118f6-c027-4fef-86f2-4ba7dc25cf00 None None] Subscribe: > port after_create 55550000, False {{(pid=103458) subscribe /opt/stack/data/venv/lib/python3.12/site-packages/neutron_lib/callbacks/manager.py:52}}
Feb 17 02:17:16.034366 np0000155880 devstack@neutron-api.service[103460]: DEBUG neutron_lib.callbacks.manager [None req-6a2708d6-8a1c-4768-8e07-a10398cf42c9 None None] Subscribe: > address_group after_update 55550000, False {{(pid=103460) subscribe /opt/stack/data/venv/lib/python3.12/site-packages/neutron_lib/callbacks/manager.py:52}}
Feb 17 02:17:16.034366 np0000155880 devstack@neutron-api.service[103460]: DEBUG neutron_lib.callbacks.manager [None req-6a2708d6-8a1c-4768-8e07-a10398cf42c9 None None] Subscribe: > address_group after_delete 55550000, False {{(pid=103460) subscribe /opt/stack/data/venv/lib/python3.12/site-packages/neutron_lib/callbacks/manager.py:52}}
Feb 17 02:17:16.034453 np0000155880 devstack@neutron-api.service[103458]: DEBUG neutron_lib.callbacks.manager [None req-f1a118f6-c027-4fef-86f2-4ba7dc25cf00 None None] Subscribe: > port after_update 55550000, False {{(pid=103458) subscribe /opt/stack/data/venv/lib/python3.12/site-packages/neutron_lib/callbacks/manager.py:52}}
Feb 17 02:17:16.034483 np0000155880 devstack@neutron-api.service[103460]: DEBUG neutron.plugins.ml2.ovo_rpc [None req-6a2708d6-8a1c-4768-8e07-a10398cf42c9 None None] ML2 OVO RPC backend initialized. {{(pid=103460) __init__ /opt/stack/neutron/neutron/plugins/ml2/ovo_rpc.py:117}}
Feb 17 02:17:16.034517 np0000155880 devstack@neutron-api.service[103458]: DEBUG neutron_lib.callbacks.manager [None req-f1a118f6-c027-4fef-86f2-4ba7dc25cf00 None None] Subscribe: > port after_delete 55550000, False {{(pid=103458) subscribe /opt/stack/data/venv/lib/python3.12/site-packages/neutron_lib/callbacks/manager.py:52}}
Feb 17 02:17:16.034685 np0000155880 devstack@neutron-api.service[103458]: DEBUG neutron_lib.callbacks.manager [None req-f1a118f6-c027-4fef-86f2-4ba7dc25cf00 None None] Subscribe: > subnet after_create 55550000, False {{(pid=103458) subscribe /opt/stack/data/venv/lib/python3.12/site-packages/neutron_lib/callbacks/manager.py:52}}
Feb 17 02:17:16.034716 np0000155880 devstack@neutron-api.service[103458]: DEBUG neutron_lib.callbacks.manager [None req-f1a118f6-c027-4fef-86f2-4ba7dc25cf00 None None] Subscribe: > subnet after_update 55550000, False {{(pid=103458) subscribe /opt/stack/data/venv/lib/python3.12/site-packages/neutron_lib/callbacks/manager.py:52}}
Feb 17 02:17:16.034797 np0000155880 devstack@neutron-api.service[103458]: DEBUG neutron_lib.callbacks.manager [None req-f1a118f6-c027-4fef-86f2-4ba7dc25cf00 None None] Subscribe: > subnet after_delete 55550000, False {{(pid=103458) subscribe /opt/stack/data/venv/lib/python3.12/site-packages/neutron_lib/callbacks/manager.py:52}}
Feb 17 02:17:16.034897 np0000155880 devstack@neutron-api.service[103458]: DEBUG neutron_lib.callbacks.manager [None req-f1a118f6-c027-4fef-86f2-4ba7dc25cf00 None None] Subscribe: > network after_create 55550000, False {{(pid=103458) subscribe /opt/stack/data/venv/lib/python3.12/site-packages/neutron_lib/callbacks/manager.py:52}}
Feb 17 02:17:16.034999 np0000155880 devstack@neutron-api.service[103458]: DEBUG neutron_lib.callbacks.manager [None req-f1a118f6-c027-4fef-86f2-4ba7dc25cf00 None None] Subscribe: > network after_update 55550000, False {{(pid=103458) subscribe /opt/stack/data/venv/lib/python3.12/site-packages/neutron_lib/callbacks/manager.py:52}}
Feb 17 02:17:16.035111 np0000155880 devstack@neutron-api.service[103458]: DEBUG neutron_lib.callbacks.manager [None req-f1a118f6-c027-4fef-86f2-4ba7dc25cf00 None None] Subscribe: > network after_delete 55550000, False {{(pid=103458) subscribe /opt/stack/data/venv/lib/python3.12/site-packages/neutron_lib/callbacks/manager.py:52}}
Feb 17 02:17:16.035208 np0000155880 devstack@neutron-api.service[103458]: DEBUG neutron_lib.callbacks.manager [None req-f1a118f6-c027-4fef-86f2-4ba7dc25cf00 None None] Subscribe: > security_group after_create 55550000, False {{(pid=103458) subscribe /opt/stack/data/venv/lib/python3.12/site-packages/neutron_lib/callbacks/manager.py:52}}
