Feb 17 17:58:45.330193 np0000156078 neutron-periodic-workers[105359]: DEBUG cotyledon.oslo_config_glue [-] ml2.tunnelled_network_rp_name = rp_tunnelled {{(pid=105359) log_opt_values /opt/stack/data/venv/lib/python3.12/site-packages/oslo_config/cfg.py:2824}}
Feb 17 17:58:45.330193 np0000156078 neutron-periodic-workers[105359]: DEBUG cotyledon.oslo_config_glue [-] ml2.type_drivers = ['local', 'flat', 'vlan', 'geneve'] {{(pid=105359) log_opt_values /opt/stack/data/venv/lib/python3.12/site-packages/oslo_config/cfg.py:2824}}
Feb 17 17:58:45.330193 np0000156078 neutron-periodic-workers[105359]: DEBUG cotyledon.oslo_config_glue [-] ml2_type_flat.flat_networks = ['public'] {{(pid=105359) log_opt_values /opt/stack/data/venv/lib/python3.12/site-packages/oslo_config/cfg.py:2824}}
Feb 17 17:58:45.330384 np0000156078 neutron-periodic-workers[105359]: DEBUG cotyledon.oslo_config_glue [-] ml2_type_geneve.max_header_size = 38 {{(pid=105359) log_opt_values /opt/stack/data/venv/lib/python3.12/site-packages/oslo_config/cfg.py:2824}}
Feb 17 17:58:45.330384 np0000156078 neutron-periodic-workers[105359]: DEBUG cotyledon.oslo_config_glue [-] ml2_type_geneve.vni_ranges = ['1:65536'] {{(pid=105359) log_opt_values /opt/stack/data/venv/lib/python3.12/site-packages/oslo_config/cfg.py:2824}}
Feb 17 17:58:45.330476 np0000156078 neutron-periodic-workers[105359]: DEBUG cotyledon.oslo_config_glue [-] ml2_type_vlan.network_vlan_ranges = ['public'] {{(pid=105359) log_opt_values /opt/stack/data/venv/lib/python3.12/site-packages/oslo_config/cfg.py:2824}}
Feb 17 17:58:45.330578 np0000156078 neutron-periodic-workers[105359]: DEBUG cotyledon.oslo_config_glue [-] network_log.burst_limit = 25 {{(pid=105359) log_opt_values /opt/stack/data/venv/lib/python3.12/site-packages/oslo_config/cfg.py:2824}}
Feb 17 17:58:45.330652 np0000156078 neutron-periodic-workers[105359]: DEBUG cotyledon.oslo_config_glue [-] network_log.local_output_log_base = None {{(pid=105359) log_opt_values /opt/stack/data/venv/lib/python3.12/site-packages/oslo_config/cfg.py:2824}}
Feb 17 17:58:45.330652 np0000156078 neutron-periodic-workers[105359]: DEBUG cotyledon.oslo_config_glue [-] network_log.rate_limit = 100 {{(pid=105359) log_opt_values /opt/stack/data/venv/lib/python3.12/site-packages/oslo_config/cfg.py:2824}}
Feb 17 17:58:45.330716 np0000156078 neutron-periodic-workers[105359]: DEBUG cotyledon.oslo_config_glue [-] database.asyncio_connection = **** {{(pid=105359) log_opt_values /opt/stack/data/venv/lib/python3.12/site-packages/oslo_config/cfg.py:2824}}
Feb 17 17:58:45.330770 np0000156078 neutron-periodic-workers[105359]: DEBUG cotyledon.oslo_config_glue [-] database.asyncio_slave_connection = **** {{(pid=105359) log_opt_values /opt/stack/data/venv/lib/python3.12/site-packages/oslo_config/cfg.py:2824}}
Feb 17 17:58:45.330804 np0000156078 neutron-periodic-workers[105359]: DEBUG cotyledon.oslo_config_glue [-] database.backend = sqlalchemy {{(pid=105359) log_opt_values /opt/stack/data/venv/lib/python3.12/site-packages/oslo_config/cfg.py:2824}}
Feb 17 17:58:45.330862 np0000156078 neutron-periodic-workers[105359]: DEBUG cotyledon.oslo_config_glue [-] database.connection = **** {{(pid=105359) log_opt_values /opt/stack/data/venv/lib/python3.12/site-packages/oslo_config/cfg.py:2824}}
Feb 17 17:58:45.330906 np0000156078 neutron-periodic-workers[105359]: DEBUG cotyledon.oslo_config_glue [-] database.connection_debug = 0 {{(pid=105359) log_opt_values /opt/stack/data/venv/lib/python3.12/site-packages/oslo_config/cfg.py:2824}}
Feb 17 17:58:45.330938 np0000156078 neutron-periodic-workers[105359]: DEBUG cotyledon.oslo_config_glue [-] database.connection_parameters = {{(pid=105359) log_opt_values /opt/stack/data/venv/lib/python3.12/site-packages/oslo_config/cfg.py:2824}}
Feb 17 17:58:45.330998 np0000156078 neutron-periodic-workers[105359]: DEBUG cotyledon.oslo_config_glue [-] database.connection_recycle_time = 3600 {{(pid=105359) log_opt_values /opt/stack/data/venv/lib/python3.12/site-packages/oslo_config/cfg.py:2824}}
Feb 17 17:58:45.331036 np0000156078 neutron-periodic-workers[105359]: DEBUG cotyledon.oslo_config_glue [-] database.connection_trace = False {{(pid=105359) log_opt_values /opt/stack/data/venv/lib/python3.12/site-packages/oslo_config/cfg.py:2824}}
Feb 17 17:58:45.331086 np0000156078 neutron-periodic-workers[105359]: DEBUG cotyledon.oslo_config_glue [-] database.db_inc_retry_interval = True {{(pid=105359) log_opt_values /opt/stack/data/venv/lib/python3.12/site-packages/oslo_config/cfg.py:2824}}
Feb 17 17:58:45.331124 np0000156078 neutron-periodic-workers[105359]: DEBUG cotyledon.oslo_config_glue [-] database.db_max_retries = 20 {{(pid=105359) log_opt_values /opt/stack/data/venv/lib/python3.12/site-packages/oslo_config/cfg.py:2824}}
Feb 17 17:58:45.331161 np0000156078 neutron-periodic-workers[105359]: DEBUG cotyledon.oslo_config_glue [-] database.db_max_retry_interval = 10 {{(pid=105359) log_opt_values /opt/stack/data/venv/lib/python3.12/site-packages/oslo_config/cfg.py:2824}}
Feb 17 17:58:45.331193 np0000156078 neutron-periodic-workers[105359]: DEBUG cotyledon.oslo_config_glue [-] database.db_retry_interval = 1 {{(pid=105359) log_opt_values /opt/stack/data/venv/lib/python3.12/site-packages/oslo_config/cfg.py:2824}}
Feb 17 17:58:45.331261 np0000156078 neutron-periodic-workers[105359]: DEBUG cotyledon.oslo_config_glue [-] database.max_overflow = 50 {{(pid=105359) log_opt_values /opt/stack/data/venv/lib/python3.12/site-packages/oslo_config/cfg.py:2824}}
Feb 17 17:58:45.331296 np0000156078 neutron-periodic-workers[105359]: DEBUG cotyledon.oslo_config_glue [-] database.max_pool_size = 5 {{(pid=105359) log_opt_values /opt/stack/data/venv/lib/python3.12/site-packages/oslo_config/cfg.py:2824}}
Feb 17 17:58:45.331328 np0000156078 neutron-periodic-workers[105359]: DEBUG cotyledon.oslo_config_glue [-] database.max_retries = 10 {{(pid=105359) log_opt_values /opt/stack/data/venv/lib/python3.12/site-packages/oslo_config/cfg.py:2824}}
Feb 17 17:58:45.331368 np0000156078 neutron-periodic-workers[105359]: DEBUG cotyledon.oslo_config_glue [-] database.mysql_sql_mode = TRADITIONAL {{(pid=105359) log_opt_values /opt/stack/data/venv/lib/python3.12/site-packages/oslo_config/cfg.py:2824}}
Feb 17 17:58:45.331427 np0000156078 neutron-periodic-workers[105359]: DEBUG cotyledon.oslo_config_glue [-] database.mysql_wsrep_sync_wait = None {{(pid=105359) log_opt_values /opt/stack/data/venv/lib/python3.12/site-packages/oslo_config/cfg.py:2824}}
Feb 17 17:58:45.331461 np0000156078 neutron-periodic-workers[105359]: DEBUG cotyledon.oslo_config_glue [-] database.pool_timeout = None {{(pid=105359) log_opt_values /opt/stack/data/venv/lib/python3.12/site-packages/oslo_config/cfg.py:2824}}
Feb 17 17:58:45.331496 np0000156078 neutron-periodic-workers[105359]: DEBUG cotyledon.oslo_config_glue [-] database.retry_interval = 10 {{(pid=105359) log_opt_values /opt/stack/data/venv/lib/python3.12/site-packages/oslo_config/cfg.py:2824}}
Feb 17 17:58:45.331531 np0000156078 neutron-periodic-workers[105359]: DEBUG cotyledon.oslo_config_glue [-] database.slave_connection = **** {{(pid=105359) log_opt_values /opt/stack/data/venv/lib/python3.12/site-packages/oslo_config/cfg.py:2824}}
Feb 17 17:58:45.331567 np0000156078 neutron-periodic-workers[105359]: DEBUG cotyledon.oslo_config_glue [-] database.sqlite_synchronous = True {{(pid=105359) log_opt_values /opt/stack/data/venv/lib/python3.12/site-packages/oslo_config/cfg.py:2824}}
Feb 17 17:58:45.331627 np0000156078 neutron-periodic-workers[105359]: DEBUG cotyledon.oslo_config_glue [-] database.synchronous_reader = True {{(pid=105359) log_opt_values /opt/stack/data/venv/lib/python3.12/site-packages/oslo_config/cfg.py:2824}}
Feb 17 17:58:45.331712 np0000156078 neutron-periodic-workers[105359]: DEBUG cotyledon.oslo_config_glue [-] database.use_db_reconnect = False {{(pid=105359) log_opt_values /opt/stack/data/venv/lib/python3.12/site-packages/oslo_config/cfg.py:2824}}
Feb 17 17:58:45.331744 np0000156078 neutron-periodic-workers[105359]: DEBUG cotyledon.oslo_config_glue [-] ovn.broadcast_arps_to_all_routers = True {{(pid=105359) log_opt_values /opt/stack/data/venv/lib/python3.12/site-packages/oslo_config/cfg.py:2824}}
Feb 17 17:58:45.331774 np0000156078 neutron-periodic-workers[105359]: DEBUG cotyledon.oslo_config_glue [-] ovn.dhcp_default_lease_time = 43200 {{(pid=105359) log_opt_values /opt/stack/data/venv/lib/python3.12/site-packages/oslo_config/cfg.py:2824}}
Feb 17 17:58:45.331806 np0000156078 neutron-periodic-workers[105359]: DEBUG cotyledon.oslo_config_glue [-] ovn.disable_ovn_dhcp_for_baremetal_ports = False {{(pid=105359) log_opt_values /opt/stack/data/venv/lib/python3.12/site-packages/oslo_config/cfg.py:2824}}
Feb 17 17:58:45.331837 np0000156078 neutron-periodic-workers[105359]: DEBUG cotyledon.oslo_config_glue [-] ovn.dns_records_ovn_owned = False {{(pid=105359) log_opt_values /opt/stack/data/venv/lib/python3.12/site-packages/oslo_config/cfg.py:2824}}
Feb 17 17:58:45.331884 np0000156078 neutron-periodic-workers[105359]: DEBUG cotyledon.oslo_config_glue [-] ovn.dns_servers = [] {{(pid=105359) log_opt_values /opt/stack/data/venv/lib/python3.12/site-packages/oslo_config/cfg.py:2824}}
Feb 17 17:58:45.331918 np0000156078 neutron-periodic-workers[105359]: DEBUG cotyledon.oslo_config_glue [-] ovn.enable_distributed_floating_ip = False {{(pid=105359) log_opt_values /opt/stack/data/venv/lib/python3.12/site-packages/oslo_config/cfg.py:2824}}
Feb 17 17:58:45.331954 np0000156078 neutron-periodic-workers[105359]: DEBUG cotyledon.oslo_config_glue [-] ovn.fdb_age_threshold = 0 {{(pid=105359) log_opt_values /opt/stack/data/venv/lib/python3.12/site-packages/oslo_config/cfg.py:2824}}
Feb 17 17:58:45.331999 np0000156078 neutron-periodic-workers[105359]: DEBUG cotyledon.oslo_config_glue [-] ovn.live_migration_activation_strategy = rarp {{(pid=105359) log_opt_values /opt/stack/data/venv/lib/python3.12/site-packages/oslo_config/cfg.py:2824}}
Feb 17 17:58:45.332032 np0000156078 neutron-periodic-workers[105359]: DEBUG cotyledon.oslo_config_glue [-] ovn.localnet_learn_fdb = False {{(pid=105359) log_opt_values /opt/stack/data/venv/lib/python3.12/site-packages/oslo_config/cfg.py:2824}}
Feb 17 17:58:45.332064 np0000156078 neutron-periodic-workers[105359]: DEBUG cotyledon.oslo_config_glue [-] ovn.mac_binding_age_threshold = 0 {{(pid=105359) log_opt_values /opt/stack/data/venv/lib/python3.12/site-packages/oslo_config/cfg.py:2824}}
Feb 17 17:58:45.332124 np0000156078 neutron-periodic-workers[105359]: DEBUG cotyledon.oslo_config_glue [-] ovn.neutron_sync_mode = log {{(pid=105359) log_opt_values /opt/stack/data/venv/lib/python3.12/site-packages/oslo_config/cfg.py:2824}}
Feb 17 17:58:45.332157 np0000156078 neutron-periodic-workers[105359]: DEBUG cotyledon.oslo_config_glue [-] ovn.ovn_dhcp4_global_options = {} {{(pid=105359) log_opt_values /opt/stack/data/venv/lib/python3.12/site-packages/oslo_config/cfg.py:2824}}
Feb 17 17:58:45.332195 np0000156078 neutron-periodic-workers[105359]: DEBUG cotyledon.oslo_config_glue [-] ovn.ovn_dhcp6_global_options = {} {{(pid=105359) log_opt_values /opt/stack/data/venv/lib/python3.12/site-packages/oslo_config/cfg.py:2824}}
Feb 17 17:58:45.332265 np0000156078 neutron-periodic-workers[105359]: DEBUG cotyledon.oslo_config_glue [-] ovn.ovn_l3_scheduler = leastloaded {{(pid=105359) log_opt_values /opt/stack/data/venv/lib/python3.12/site-packages/oslo_config/cfg.py:2824}}
Feb 17 17:58:45.332300 np0000156078 neutron-periodic-workers[105359]: DEBUG cotyledon.oslo_config_glue [-] ovn.ovn_metadata_enabled = True {{(pid=105359) log_opt_values /opt/stack/data/venv/lib/python3.12/site-packages/oslo_config/cfg.py:2824}}
Feb 17 17:58:45.332385 np0000156078 neutron-periodic-workers[105359]: DEBUG cotyledon.oslo_config_glue [-] ovn.ovn_nb_ca_cert = /opt/stack/data/CA/int-ca/ca-chain.pem {{(pid=105359) log_opt_values /opt/stack/data/venv/lib/python3.12/site-packages/oslo_config/cfg.py:2824}}
Feb 17 17:58:45.332385 np0000156078 neutron-periodic-workers[105359]: DEBUG cotyledon.oslo_config_glue [-] ovn.ovn_nb_certificate = /opt/stack/data/CA/int-ca/devstack-cert.crt {{(pid=105359) log_opt_values /opt/stack/data/venv/lib/python3.12/site-packages/oslo_config/cfg.py:2824}}
Feb 17 17:58:45.332480 np0000156078 neutron-periodic-workers[105359]: DEBUG cotyledon.oslo_config_glue [-] ovn.ovn_nb_connection = ['ssl:199.19.213.213:6641'] {{(pid=105359) log_opt_values /opt/stack/data/venv/lib/python3.12/site-packages/oslo_config/cfg.py:2824}}
Feb 17 17:58:45.332480 np0000156078 neutron-periodic-workers[105359]: DEBUG cotyledon.oslo_config_glue [-] ovn.ovn_nb_private_key = /opt/stack/data/CA/int-ca/private/devstack-cert.key {{(pid=105359) log_opt_values /opt/stack/data/venv/lib/python3.12/site-packages/oslo_config/cfg.py:2824}}
Feb 17 17:58:45.332586 np0000156078 neutron-periodic-workers[105359]: DEBUG cotyledon.oslo_config_glue [-] ovn.ovn_router_indirect_snat = False {{(pid=105359) log_opt_values /opt/stack/data/venv/lib/python3.12/site-packages/oslo_config/cfg.py:2824}}
Feb 17 17:58:45.332586 np0000156078 neutron-periodic-workers[105359]: DEBUG cotyledon.oslo_config_glue [-] ovn.ovn_sb_ca_cert = /opt/stack/data/CA/int-ca/ca-chain.pem {{(pid=105359) log_opt_values /opt/stack/data/venv/lib/python3.12/site-packages/oslo_config/cfg.py:2824}}
Feb 17 17:58:45.332586 np0000156078 neutron-periodic-workers[105359]: DEBUG cotyledon.oslo_config_glue [-] ovn.ovn_sb_certificate = /opt/stack/data/CA/int-ca/devstack-cert.crt {{(pid=105359) log_opt_values /opt/stack/data/venv/lib/python3.12/site-packages/oslo_config/cfg.py:2824}}
Feb 17 17:58:45.332797 np0000156078 neutron-periodic-workers[105359]: DEBUG cotyledon.oslo_config_glue [-] ovn.ovn_sb_connection = ['ssl:199.19.213.213:6642'] {{(pid=105359) log_opt_values /opt/stack/data/venv/lib/python3.12/site-packages/oslo_config/cfg.py:2824}}
Feb 17 17:58:45.332797 np0000156078 neutron-periodic-workers[105359]: DEBUG cotyledon.oslo_config_glue [-] ovn.ovn_sb_private_key = /opt/stack/data/CA/int-ca/private/devstack-cert.key {{(pid=105359) log_opt_values /opt/stack/data/venv/lib/python3.12/site-packages/oslo_config/cfg.py:2824}}
Feb 17 17:58:45.332797 np0000156078 neutron-periodic-workers[105359]: DEBUG cotyledon.oslo_config_glue [-] ovn.ovs_create_tap = False {{(pid=105359) log_opt_values /opt/stack/data/venv/lib/python3.12/site-packages/oslo_config/cfg.py:2824}}
Feb 17 17:58:45.332797 np0000156078 neutron-periodic-workers[105359]: DEBUG cotyledon.oslo_config_glue [-] ovn.ovsdb_connection_timeout = 180 {{(pid=105359) log_opt_values /opt/stack/data/venv/lib/python3.12/site-packages/oslo_config/cfg.py:2824}}
Feb 17 17:58:45.332797 np0000156078 neutron-periodic-workers[105359]: DEBUG cotyledon.oslo_config_glue [-] ovn.ovsdb_log_level = INFO {{(pid=105359) log_opt_values /opt/stack/data/venv/lib/python3.12/site-packages/oslo_config/cfg.py:2824}}
Feb 17 17:58:45.332797 np0000156078 neutron-periodic-workers[105359]: DEBUG cotyledon.oslo_config_glue [-] ovn.ovsdb_probe_interval = 60000 {{(pid=105359) log_opt_values /opt/stack/data/venv/lib/python3.12/site-packages/oslo_config/cfg.py:2824}}
Feb 17 17:58:45.333027 np0000156078 neutron-periodic-workers[105359]: DEBUG cotyledon.oslo_config_glue [-] ovn.ovsdb_retry_max_interval = 180 {{(pid=105359) log_opt_values /opt/stack/data/venv/lib/python3.12/site-packages/oslo_config/cfg.py:2824}}
Feb 17 17:58:45.333027 np0000156078 neutron-periodic-workers[105359]: DEBUG cotyledon.oslo_config_glue [-] ovn.stateless_nat_enabled = False {{(pid=105359) log_opt_values /opt/stack/data/venv/lib/python3.12/site-packages/oslo_config/cfg.py:2824}}
Feb 17 17:58:45.333027 np0000156078 neutron-periodic-workers[105359]: DEBUG cotyledon.oslo_config_glue [-] ovn.vhost_sock_dir = /var/run/openvswitch {{(pid=105359) log_opt_values /opt/stack/data/venv/lib/python3.12/site-packages/oslo_config/cfg.py:2824}}
Feb 17 17:58:45.333027 np0000156078 neutron-periodic-workers[105359]: DEBUG cotyledon.oslo_config_glue [-] OVS.bridge_mac_table_size = 50000 {{(pid=105359) log_opt_values /opt/stack/data/venv/lib/python3.12/site-packages/oslo_config/cfg.py:2824}}
Feb 17 17:58:45.333027 np0000156078 neutron-periodic-workers[105359]: DEBUG cotyledon.oslo_config_glue [-] OVS.igmp_flood = False {{(pid=105359) log_opt_values /opt/stack/data/venv/lib/python3.12/site-packages/oslo_config/cfg.py:2824}}
Feb 17 17:58:45.333027 np0000156078 neutron-periodic-workers[105359]: DEBUG cotyledon.oslo_config_glue [-] OVS.igmp_flood_reports = True {{(pid=105359) log_opt_values /opt/stack/data/venv/lib/python3.12/site-packages/oslo_config/cfg.py:2824}}
Feb 17 17:58:45.333370 np0000156078 neutron-periodic-workers[105359]: DEBUG cotyledon.oslo_config_glue [-] OVS.igmp_flood_unregistered = False {{(pid=105359) log_opt_values /opt/stack/data/venv/lib/python3.12/site-packages/oslo_config/cfg.py:2824}}
Feb 17 17:58:45.333370 np0000156078 neutron-periodic-workers[105359]: DEBUG cotyledon.oslo_config_glue [-] OVS.igmp_snooping_enable = False {{(pid=105359) log_opt_values /opt/stack/data/venv/lib/python3.12/site-packages/oslo_config/cfg.py:2824}}
Feb 17 17:58:45.333370 np0000156078 neutron-periodic-workers[105359]: DEBUG cotyledon.oslo_config_glue [-] OVS.ovsdb_timeout = 10 {{(pid=105359) log_opt_values /opt/stack/data/venv/lib/python3.12/site-packages/oslo_config/cfg.py:2824}}
Feb 17 17:58:45.333370 np0000156078 neutron-periodic-workers[105359]: DEBUG cotyledon.oslo_config_glue [-] ovn_nb_global.fdb_removal_limit = 0 {{(pid=105359) log_opt_values /opt/stack/data/venv/lib/python3.12/site-packages/oslo_config/cfg.py:2824}}
Feb 17 17:58:45.333370 np0000156078 neutron-periodic-workers[105359]: DEBUG cotyledon.oslo_config_glue [-] ovn_nb_global.ignore_lsp_down = False {{(pid=105359) log_opt_values /opt/stack/data/venv/lib/python3.12/site-packages/oslo_config/cfg.py:2824}}
Feb 17 17:58:45.333370 np0000156078 neutron-periodic-workers[105359]: DEBUG cotyledon.oslo_config_glue [-] ovn_nb_global.mac_binding_removal_limit = 0 {{(pid=105359) log_opt_values /opt/stack/data/venv/lib/python3.12/site-packages/oslo_config/cfg.py:2824}}
Feb 17 17:58:45.333370 np0000156078 neutron-periodic-workers[105359]: DEBUG cotyledon.oslo_config_glue [-] ******************************************************************************** {{(pid=105359) log_opt_values /opt/stack/data/venv/lib/python3.12/site-packages/oslo_config/cfg.py:2828}}
Feb 17 17:58:45.333593 np0000156078 neutron-periodic-workers[105359]: DEBUG cotyledon._service_worker [-] Run service ServiceWrapper(0) [105359] {{(pid=105359) wait_forever /opt/stack/data/venv/lib/python3.12/site-packages/cotyledon/_service_worker.py:218}}
Feb 17 17:58:54.963062 np0000156078 neutron-periodic-workers[104523]: DEBUG dbcounter [-] [104523] Writing DB stats neutron:SELECT=4 {{(pid=104523) stat_writer /opt/stack/data/venv/lib/python3.12/site-packages/dbcounter.py:115}}
Feb 17 17:59:23.297691 np0000156078 neutron-periodic-workers[105328]: DEBUG oslo_db.sqlalchemy.engines [None req-d6203375-197b-48b7-a569-d8bd1724e1f3 None None] Parent process 104523 forked (105328) with an open database connection, which is being discarded and recreated. {{(pid=105328) checkout /opt/stack/data/venv/lib/python3.12/site-packages/oslo_db/sqlalchemy/engines.py:402}}
Feb 17 17:59:23.305536 np0000156078 neutron-periodic-workers[105328]: DEBUG dbcounter [-] [105328] Writer thread running {{(pid=105328) stat_writer /opt/stack/data/venv/lib/python3.12/site-packages/dbcounter.py:102}}
Feb 17 17:59:23.315205 np0000156078 neutron-periodic-workers[105328]: DEBUG oslo.service.backend._threading.loopingcall [None req-d6203375-197b-48b7-a569-d8bd1724e1f3 None None] Fixed interval looping call 'neutron.plugins.ml2.plugin.DhcpAgentSchedulerDbMixin.remove_networks_from_down_agents' sleeping for 36.98 seconds {{(pid=105328) _run_loop /opt/stack/data/venv/lib/python3.12/site-packages/oslo_service/backend/_threading/loopingcall.py:125}}
Feb 17 17:59:33.316275 np0000156078 neutron-periodic-workers[105328]: DEBUG dbcounter [-] [105328] Writing DB stats neutron:SELECT=3 {{(pid=105328) stat_writer /opt/stack/data/venv/lib/python3.12/site-packages/dbcounter.py:115}}
Feb 17 17:59:54.313463 np0000156078 neutron-periodic-workers[105337]: DEBUG dbcounter [-] [105337] Writer thread running {{(pid=105337) stat_writer /opt/stack/data/venv/lib/python3.12/site-packages/dbcounter.py:102}}
Feb 17 17:59:54.317881 np0000156078 neutron-periodic-workers[105337]: DEBUG neutron.db.agents_db [None req-5222e61f-52b4-470c-bd7d-763559cd0d38 None None] Agent healthcheck: found 0 active agents {{(pid=105337) agent_health_check /opt/stack/neutron/neutron/db/agents_db.py:317}}
Feb 17 17:59:54.318054 np0000156078 neutron-periodic-workers[105337]: DEBUG oslo.service.backend._threading.loopingcall [None req-5222e61f-52b4-470c-bd7d-763559cd0d38 None None] Fixed interval looping call 'neutron.plugins.ml2.plugin.AgentDbMixin.agent_health_check' sleeping for 36.98 seconds {{(pid=105337) _run_loop /opt/stack/data/venv/lib/python3.12/site-packages/oslo_service/backend/_threading/loopingcall.py:125}}
Feb 17 18:00:00.305454 np0000156078 neutron-periodic-workers[105328]: DEBUG oslo.service.backend._threading.loopingcall [None req-d6203375-197b-48b7-a569-d8bd1724e1f3 None None] Fixed interval looping call 'neutron.plugins.ml2.plugin.DhcpAgentSchedulerDbMixin.remove_networks_from_down_agents' sleeping for 36.99 seconds {{(pid=105328) _run_loop /opt/stack/data/venv/lib/python3.12/site-packages/oslo_service/backend/_threading/loopingcall.py:125}}
Feb 17 18:00:04.314124 np0000156078 neutron-periodic-workers[105337]: DEBUG dbcounter [-] [105337] Writing DB stats neutron:SELECT=1 {{(pid=105337) stat_writer /opt/stack/data/venv/lib/python3.12/site-packages/dbcounter.py:115}}
Feb 17 18:00:10.304488 np0000156078 neutron-periodic-workers[105328]: DEBUG dbcounter [-] [105328] Writing DB stats neutron:SELECT=3 {{(pid=105328) stat_writer /opt/stack/data/venv/lib/python3.12/site-packages/dbcounter.py:115}}
Feb 17 18:00:31.303748 np0000156078 neutron-periodic-workers[105337]: DEBUG neutron.db.agents_db [None req-5222e61f-52b4-470c-bd7d-763559cd0d38 None None] Agent healthcheck: found 0 active agents {{(pid=105337) agent_health_check /opt/stack/neutron/neutron/db/agents_db.py:317}}
Feb 17 18:00:31.304525 np0000156078 neutron-periodic-workers[105337]: DEBUG oslo.service.backend._threading.loopingcall [None req-5222e61f-52b4-470c-bd7d-763559cd0d38 None None] Fixed interval looping call 'neutron.plugins.ml2.plugin.AgentDbMixin.agent_health_check' sleeping for 36.99 seconds {{(pid=105337) _run_loop /opt/stack/data/venv/lib/python3.12/site-packages/oslo_service/backend/_threading/loopingcall.py:125}}
Feb 17 18:00:37.306288 np0000156078 neutron-periodic-workers[105328]: DEBUG oslo.service.backend._threading.loopingcall [None req-d6203375-197b-48b7-a569-d8bd1724e1f3 None None] Fixed interval looping call 'neutron.plugins.ml2.plugin.DhcpAgentSchedulerDbMixin.remove_networks_from_down_agents' sleeping for 36.99 seconds {{(pid=105328) _run_loop /opt/stack/data/venv/lib/python3.12/site-packages/oslo_service/backend/_threading/loopingcall.py:125}}
Feb 17 18:00:41.302603 np0000156078 neutron-periodic-workers[105337]: DEBUG dbcounter [-] [105337] Writing DB stats neutron:SELECT=1 {{(pid=105337) stat_writer /opt/stack/data/venv/lib/python3.12/site-packages/dbcounter.py:115}}
Feb 17 18:00:45.331134 np0000156078 neutron-periodic-workers[105342]: DEBUG dbcounter [-] [105342] Writer thread running {{(pid=105342) stat_writer /opt/stack/data/venv/lib/python3.12/site-packages/dbcounter.py:102}}
Feb 17 18:00:45.333205 np0000156078 neutron-periodic-workers[105342]: DEBUG oslo.service.backend._threading.loopingcall [None req-9825f2b4-24d0-4be3-87a6-f63ac0975134 None None] Fixed interval looping call 'neutron.db.quota.driver_nolock.DbQuotaNoLockDriver._remove_expired_reservations' sleeping for 119.98 seconds {{(pid=105342) _run_loop /opt/stack/data/venv/lib/python3.12/site-packages/oslo_service/backend/_threading/loopingcall.py:125}}
Feb 17 18:00:47.304564 np0000156078 neutron-periodic-workers[105328]: DEBUG dbcounter [-] [105328] Writing DB stats neutron:SELECT=3 {{(pid=105328) stat_writer /opt/stack/data/venv/lib/python3.12/site-packages/dbcounter.py:115}}
Feb 17 18:00:55.331895 np0000156078 neutron-periodic-workers[105342]: DEBUG dbcounter [-] [105342] Writing DB stats neutron:DELETE=1 {{(pid=105342) stat_writer /opt/stack/data/venv/lib/python3.12/site-packages/dbcounter.py:115}}
Feb 17 18:01:08.297252 np0000156078 neutron-periodic-workers[105337]: DEBUG neutron.db.agents_db [None req-5222e61f-52b4-470c-bd7d-763559cd0d38 None None] Agent healthcheck: found 0 active agents {{(pid=105337) agent_health_check /opt/stack/neutron/neutron/db/agents_db.py:317}}
Feb 17 18:01:08.297551 np0000156078 neutron-periodic-workers[105337]: DEBUG oslo.service.backend._threading.loopingcall [None req-5222e61f-52b4-470c-bd7d-763559cd0d38 None None] Fixed interval looping call 'neutron.plugins.ml2.plugin.AgentDbMixin.agent_health_check' sleeping for 37.00 seconds {{(pid=105337) _run_loop /opt/stack/data/venv/lib/python3.12/site-packages/oslo_service/backend/_threading/loopingcall.py:125}}
Feb 17 18:01:14.306859 np0000156078 neutron-periodic-workers[105328]: DEBUG oslo.service.backend._threading.loopingcall [None req-d6203375-197b-48b7-a569-d8bd1724e1f3 None None] Fixed interval looping call 'neutron.plugins.ml2.plugin.DhcpAgentSchedulerDbMixin.remove_networks_from_down_agents' sleeping for 36.99 seconds {{(pid=105328) _run_loop /opt/stack/data/venv/lib/python3.12/site-packages/oslo_service/backend/_threading/loopingcall.py:125}}
Feb 17 18:01:18.296990 np0000156078 neutron-periodic-workers[105337]: DEBUG dbcounter [-] [105337] Writing DB stats neutron:SELECT=1 {{(pid=105337) stat_writer /opt/stack/data/venv/lib/python3.12/site-packages/dbcounter.py:115}}
Feb 17 18:01:24.305504 np0000156078 neutron-periodic-workers[105328]: DEBUG dbcounter [-] [105328] Writing DB stats neutron:SELECT=3 {{(pid=105328) stat_writer /opt/stack/data/venv/lib/python3.12/site-packages/dbcounter.py:115}}
Feb 17 18:01:44.365835 np0000156078 neutron-periodic-workers[105359]: DEBUG dbcounter [-] [105359] Writer thread running {{(pid=105359) stat_writer /opt/stack/data/venv/lib/python3.12/site-packages/dbcounter.py:102}}
Feb 17 18:01:44.377552 np0000156078 neutron-periodic-workers[105359]: DEBUG oslo.service.backend._threading.loopingcall [None req-191ef514-90b9-45a0-b539-e17becbfc4ca None None] Fixed interval looping call 'neutron.services.ovn_l3.plugin.L3_NAT_dbonly_mixin._clean_garbage' sleeping for 299.96 seconds {{(pid=105359) _run_loop /opt/stack/data/venv/lib/python3.12/site-packages/oslo_service/backend/_threading/loopingcall.py:125}}
Feb 17 18:01:45.302812 np0000156078 neutron-periodic-workers[105337]: DEBUG neutron.db.agents_db [None req-5222e61f-52b4-470c-bd7d-763559cd0d38 None None] Agent healthcheck: found 0 active agents {{(pid=105337) agent_health_check /opt/stack/neutron/neutron/db/agents_db.py:317}}
Feb 17 18:01:45.303593 np0000156078 neutron-periodic-workers[105337]: DEBUG oslo.service.backend._threading.loopingcall [None req-5222e61f-52b4-470c-bd7d-763559cd0d38 None None] Fixed interval looping call 'neutron.plugins.ml2.plugin.AgentDbMixin.agent_health_check' sleeping for 36.99 seconds {{(pid=105337) _run_loop /opt/stack/data/venv/lib/python3.12/site-packages/oslo_service/backend/_threading/loopingcall.py:125}}
Feb 17 18:01:51.305193 np0000156078 neutron-periodic-workers[105328]: DEBUG oslo.service.backend._threading.loopingcall [None req-d6203375-197b-48b7-a569-d8bd1724e1f3 None None] Fixed interval looping call 'neutron.plugins.ml2.plugin.DhcpAgentSchedulerDbMixin.remove_networks_from_down_agents' sleeping for 36.99 seconds {{(pid=105328) _run_loop /opt/stack/data/venv/lib/python3.12/site-packages/oslo_service/backend/_threading/loopingcall.py:125}}
Feb 17 18:01:54.366886 np0000156078 neutron-periodic-workers[105359]: DEBUG dbcounter [-] [105359] Writing DB stats neutron:SELECT=1 {{(pid=105359) stat_writer /opt/stack/data/venv/lib/python3.12/site-packages/dbcounter.py:115}}
Feb 17 18:01:55.300709 np0000156078 neutron-periodic-workers[105337]: DEBUG dbcounter [-] [105337] Writing DB stats neutron:SELECT=1 {{(pid=105337) stat_writer /opt/stack/data/venv/lib/python3.12/site-packages/dbcounter.py:115}}
Feb 17 18:02:01.304148 np0000156078 neutron-periodic-workers[105328]: DEBUG dbcounter [-] [105328] Writing DB stats neutron:SELECT=3 {{(pid=105328) stat_writer /opt/stack/data/venv/lib/python3.12/site-packages/dbcounter.py:115}}
Feb 17 18:02:22.300752 np0000156078 neutron-periodic-workers[105337]: DEBUG neutron.db.agents_db [None req-5222e61f-52b4-470c-bd7d-763559cd0d38 None None] Agent healthcheck: found 0 active agents {{(pid=105337) agent_health_check /opt/stack/neutron/neutron/db/agents_db.py:317}}
Feb 17 18:02:22.301329 np0000156078 neutron-periodic-workers[105337]: DEBUG oslo.service.backend._threading.loopingcall [None req-5222e61f-52b4-470c-bd7d-763559cd0d38 None None] Fixed interval looping call 'neutron.plugins.ml2.plugin.AgentDbMixin.agent_health_check' sleeping for 36.99 seconds {{(pid=105337) _run_loop /opt/stack/data/venv/lib/python3.12/site-packages/oslo_service/backend/_threading/loopingcall.py:125}}
Feb 17 18:02:28.306170 np0000156078 neutron-periodic-workers[105328]: DEBUG oslo.service.backend._threading.loopingcall [None req-d6203375-197b-48b7-a569-d8bd1724e1f3 None None] Fixed interval looping call 'neutron.plugins.ml2.plugin.DhcpAgentSchedulerDbMixin.remove_networks_from_down_agents' sleeping for 36.99 seconds {{(pid=105328) _run_loop /opt/stack/data/venv/lib/python3.12/site-packages/oslo_service/backend/_threading/loopingcall.py:125}}
Feb 17 18:02:32.297577 np0000156078 neutron-periodic-workers[105337]: DEBUG dbcounter [-] [105337] Writing DB stats neutron:SELECT=1 {{(pid=105337) stat_writer /opt/stack/data/venv/lib/python3.12/site-packages/dbcounter.py:115}}
Feb 17 18:02:38.305573 np0000156078 neutron-periodic-workers[105328]: DEBUG dbcounter [-] [105328] Writing DB stats neutron:SELECT=3 {{(pid=105328) stat_writer /opt/stack/data/venv/lib/python3.12/site-packages/dbcounter.py:115}}
Feb 17 18:02:45.320503 np0000156078 neutron-periodic-workers[105342]: DEBUG oslo.service.backend._threading.loopingcall [None req-9825f2b4-24d0-4be3-87a6-f63ac0975134 None None] Fixed interval looping call 'neutron.db.quota.driver_nolock.DbQuotaNoLockDriver._remove_expired_reservations' sleeping for 119.99 seconds {{(pid=105342) _run_loop /opt/stack/data/venv/lib/python3.12/site-packages/oslo_service/backend/_threading/loopingcall.py:125}}
Feb 17 18:02:55.319193 np0000156078 neutron-periodic-workers[105342]: DEBUG dbcounter [-] [105342] Writing DB stats neutron:DELETE=1 {{(pid=105342) stat_writer /opt/stack/data/venv/lib/python3.12/site-packages/dbcounter.py:115}}
Feb 17 18:02:59.297969 np0000156078 neutron-periodic-workers[105337]: DEBUG neutron.db.agents_db [None req-5222e61f-52b4-470c-bd7d-763559cd0d38 None None] Agent healthcheck: found 0 active agents {{(pid=105337) agent_health_check /opt/stack/neutron/neutron/db/agents_db.py:317}}
Feb 17 18:02:59.298737 np0000156078 neutron-periodic-workers[105337]: DEBUG oslo.service.backend._threading.loopingcall [None req-5222e61f-52b4-470c-bd7d-763559cd0d38 None None] Fixed interval looping call 'neutron.plugins.ml2.plugin.AgentDbMixin.agent_health_check' sleeping for 36.99 seconds {{(pid=105337) _run_loop /opt/stack/data/venv/lib/python3.12/site-packages/oslo_service/backend/_threading/loopingcall.py:125}}
Feb 17 18:03:05.306059 np0000156078 neutron-periodic-workers[105328]: DEBUG oslo.service.backend._threading.loopingcall [None req-d6203375-197b-48b7-a569-d8bd1724e1f3 None None] Fixed interval looping call 'neutron.plugins.ml2.plugin.DhcpAgentSchedulerDbMixin.remove_networks_from_down_agents' sleeping for 36.99 seconds {{(pid=105328) _run_loop /opt/stack/data/venv/lib/python3.12/site-packages/oslo_service/backend/_threading/loopingcall.py:125}}
Feb 17 18:03:09.295380 np0000156078 neutron-periodic-workers[105337]: DEBUG dbcounter [-] [105337] Writing DB stats neutron:SELECT=1 {{(pid=105337) stat_writer /opt/stack/data/venv/lib/python3.12/site-packages/dbcounter.py:115}}
Feb 17 18:03:15.304696 np0000156078 neutron-periodic-workers[105328]: DEBUG dbcounter [-] [105328] Writing DB stats neutron:SELECT=3 {{(pid=105328) stat_writer /opt/stack/data/venv/lib/python3.12/site-packages/dbcounter.py:115}}
Feb 17 18:03:36.293479 np0000156078 neutron-periodic-workers[105337]: DEBUG neutron.db.agents_db [None req-5222e61f-52b4-470c-bd7d-763559cd0d38 None None] Agent healthcheck: found 0 active agents {{(pid=105337) agent_health_check /opt/stack/neutron/neutron/db/agents_db.py:317}}
Feb 17 18:03:36.294201 np0000156078 neutron-periodic-workers[105337]: DEBUG oslo.service.backend._threading.loopingcall [None req-5222e61f-52b4-470c-bd7d-763559cd0d38 None None] Fixed interval looping call 'neutron.plugins.ml2.plugin.AgentDbMixin.agent_health_check' sleeping for 36.99 seconds {{(pid=105337) _run_loop /opt/stack/data/venv/lib/python3.12/site-packages/oslo_service/backend/_threading/loopingcall.py:125}}
Feb 17 18:03:42.305518 np0000156078 neutron-periodic-workers[105328]: DEBUG oslo.service.backend._threading.loopingcall [None req-d6203375-197b-48b7-a569-d8bd1724e1f3 None None] Fixed interval looping call 'neutron.plugins.ml2.plugin.DhcpAgentSchedulerDbMixin.remove_networks_from_down_agents' sleeping for 36.99 seconds {{(pid=105328) _run_loop /opt/stack/data/venv/lib/python3.12/site-packages/oslo_service/backend/_threading/loopingcall.py:125}}
Feb 17 18:03:46.291918 np0000156078 neutron-periodic-workers[105337]: DEBUG dbcounter [-] [105337] Writing DB stats neutron:SELECT=1 {{(pid=105337) stat_writer /opt/stack/data/venv/lib/python3.12/site-packages/dbcounter.py:115}}
Feb 17 18:03:52.304639 np0000156078 neutron-periodic-workers[105328]: DEBUG dbcounter [-] [105328] Writing DB stats neutron:SELECT=3 {{(pid=105328) stat_writer /opt/stack/data/venv/lib/python3.12/site-packages/dbcounter.py:115}}
Feb 17 18:04:13.288891 np0000156078 neutron-periodic-workers[105337]: DEBUG neutron.db.agents_db [None req-5222e61f-52b4-470c-bd7d-763559cd0d38 None None] Agent healthcheck: found 0 active agents {{(pid=105337) agent_health_check /opt/stack/neutron/neutron/db/agents_db.py:317}}
Feb 17 18:04:13.289845 np0000156078 neutron-periodic-workers[105337]: DEBUG oslo.service.backend._threading.loopingcall [None req-5222e61f-52b4-470c-bd7d-763559cd0d38 None None] Fixed interval looping call 'neutron.plugins.ml2.plugin.AgentDbMixin.agent_health_check' sleeping for 37.00 seconds {{(pid=105337) _run_loop /opt/stack/data/venv/lib/python3.12/site-packages/oslo_service/backend/_threading/loopingcall.py:125}}
Feb 17 18:04:19.304962 np0000156078 neutron-periodic-workers[105328]: DEBUG oslo.service.backend._threading.loopingcall [None req-d6203375-197b-48b7-a569-d8bd1724e1f3 None None] Fixed interval looping call 'neutron.plugins.ml2.plugin.DhcpAgentSchedulerDbMixin.remove_networks_from_down_agents' sleeping for 36.99 seconds {{(pid=105328) _run_loop /opt/stack/data/venv/lib/python3.12/site-packages/oslo_service/backend/_threading/loopingcall.py:125}}
Feb 17 18:04:23.287189 np0000156078 neutron-periodic-workers[105337]: DEBUG dbcounter [-] [105337] Writing DB stats neutron:SELECT=1 {{(pid=105337) stat_writer /opt/stack/data/venv/lib/python3.12/site-packages/dbcounter.py:115}}
Feb 17 18:04:29.304400 np0000156078 neutron-periodic-workers[105328]: DEBUG dbcounter [-] [105328] Writing DB stats neutron:SELECT=3 {{(pid=105328) stat_writer /opt/stack/data/venv/lib/python3.12/site-packages/dbcounter.py:115}}
Feb 17 18:04:45.315718 np0000156078 neutron-periodic-workers[105342]: DEBUG oslo.service.backend._threading.loopingcall [None req-9825f2b4-24d0-4be3-87a6-f63ac0975134 None None] Fixed interval looping call 'neutron.db.quota.driver_nolock.DbQuotaNoLockDriver._remove_expired_reservations' sleeping for 120.00 seconds {{(pid=105342) _run_loop /opt/stack/data/venv/lib/python3.12/site-packages/oslo_service/backend/_threading/loopingcall.py:125}}
Feb 17 18:04:50.294400 np0000156078 neutron-periodic-workers[105337]: DEBUG neutron.db.agents_db [None req-5222e61f-52b4-470c-bd7d-763559cd0d38 None None] Agent healthcheck: found 0 active agents {{(pid=105337) agent_health_check /opt/stack/neutron/neutron/db/agents_db.py:317}}
Feb 17 18:04:50.295155 np0000156078 neutron-periodic-workers[105337]: DEBUG oslo.service.backend._threading.loopingcall [None req-5222e61f-52b4-470c-bd7d-763559cd0d38 None None] Fixed interval looping call 'neutron.plugins.ml2.plugin.AgentDbMixin.agent_health_check' sleeping for 36.99 seconds {{(pid=105337) _run_loop /opt/stack/data/venv/lib/python3.12/site-packages/oslo_service/backend/_threading/loopingcall.py:125}}
Feb 17 18:04:55.313936 np0000156078 neutron-periodic-workers[105342]: DEBUG dbcounter [-] [105342] Writing DB stats neutron:DELETE=1 {{(pid=105342) stat_writer /opt/stack/data/venv/lib/python3.12/site-packages/dbcounter.py:115}}
Feb 17 18:04:56.303009 np0000156078 neutron-periodic-workers[105328]: DEBUG oslo.service.backend._threading.loopingcall [None req-d6203375-197b-48b7-a569-d8bd1724e1f3 None None] Fixed interval looping call 'neutron.plugins.ml2.plugin.DhcpAgentSchedulerDbMixin.remove_networks_from_down_agents' sleeping for 36.99 seconds {{(pid=105328) _run_loop /opt/stack/data/venv/lib/python3.12/site-packages/oslo_service/backend/_threading/loopingcall.py:125}}
Feb 17 18:05:00.292491 np0000156078 neutron-periodic-workers[105337]: DEBUG dbcounter [-] [105337] Writing DB stats neutron:SELECT=1 {{(pid=105337) stat_writer /opt/stack/data/venv/lib/python3.12/site-packages/dbcounter.py:115}}
Feb 17 18:05:06.301386 np0000156078 neutron-periodic-workers[105328]: DEBUG dbcounter [-] [105328] Writing DB stats neutron:SELECT=3 {{(pid=105328) stat_writer /opt/stack/data/venv/lib/python3.12/site-packages/dbcounter.py:115}}
Feb 17 18:05:27.289034 np0000156078 neutron-periodic-workers[105337]: DEBUG neutron.db.agents_db [None req-5222e61f-52b4-470c-bd7d-763559cd0d38 None None] Agent healthcheck: found 0 active agents {{(pid=105337) agent_health_check /opt/stack/neutron/neutron/db/agents_db.py:317}}
Feb 17 18:05:27.289813 np0000156078 neutron-periodic-workers[105337]: DEBUG oslo.service.backend._threading.loopingcall [None req-5222e61f-52b4-470c-bd7d-763559cd0d38 None None] Fixed interval looping call 'neutron.plugins.ml2.plugin.AgentDbMixin.agent_health_check' sleeping for 37.00 seconds {{(pid=105337) _run_loop /opt/stack/data/venv/lib/python3.12/site-packages/oslo_service/backend/_threading/loopingcall.py:125}}
Feb 17 18:05:33.301388 np0000156078 neutron-periodic-workers[105328]: DEBUG oslo.service.backend._threading.loopingcall [None req-d6203375-197b-48b7-a569-d8bd1724e1f3 None None] Fixed interval looping call 'neutron.plugins.ml2.plugin.DhcpAgentSchedulerDbMixin.remove_networks_from_down_agents' sleeping for 36.99 seconds {{(pid=105328) _run_loop /opt/stack/data/venv/lib/python3.12/site-packages/oslo_service/backend/_threading/loopingcall.py:125}}
Feb 17 18:05:37.287716 np0000156078 neutron-periodic-workers[105337]: DEBUG dbcounter [-] [105337] Writing DB stats neutron:SELECT=1 {{(pid=105337) stat_writer /opt/stack/data/venv/lib/python3.12/site-packages/dbcounter.py:115}}
Feb 17 18:05:43.300513 np0000156078 neutron-periodic-workers[105328]: DEBUG dbcounter [-] [105328] Writing DB stats neutron:SELECT=3 {{(pid=105328) stat_writer /opt/stack/data/venv/lib/python3.12/site-packages/dbcounter.py:115}}
Feb 17 18:06:04.294097 np0000156078 neutron-periodic-workers[105337]: DEBUG neutron.db.agents_db [None req-5222e61f-52b4-470c-bd7d-763559cd0d38 None None] Agent healthcheck: found 0 active agents {{(pid=105337) agent_health_check /opt/stack/neutron/neutron/db/agents_db.py:317}}
Feb 17 18:06:04.294703 np0000156078 neutron-periodic-workers[105337]: DEBUG oslo.service.backend._threading.loopingcall [None req-5222e61f-52b4-470c-bd7d-763559cd0d38 None None] Fixed interval looping call 'neutron.plugins.ml2.plugin.AgentDbMixin.agent_health_check' sleeping for 37.00 seconds {{(pid=105337) _run_loop /opt/stack/data/venv/lib/python3.12/site-packages/oslo_service/backend/_threading/loopingcall.py:125}}
Feb 17 18:06:10.301580 np0000156078 neutron-periodic-workers[105328]: DEBUG oslo.service.backend._threading.loopingcall [None req-d6203375-197b-48b7-a569-d8bd1724e1f3 None None] Fixed interval looping call 'neutron.plugins.ml2.plugin.DhcpAgentSchedulerDbMixin.remove_networks_from_down_agents' sleeping for 36.99 seconds {{(pid=105328) _run_loop /opt/stack/data/venv/lib/python3.12/site-packages/oslo_service/backend/_threading/loopingcall.py:125}}
Feb 17 18:06:14.293110 np0000156078 neutron-periodic-workers[105337]: DEBUG dbcounter [-] [105337] Writing DB stats neutron:SELECT=1 {{(pid=105337) stat_writer /opt/stack/data/venv/lib/python3.12/site-packages/dbcounter.py:115}}
Feb 17 18:06:20.299942 np0000156078 neutron-periodic-workers[105328]: DEBUG dbcounter [-] [105328] Writing DB stats neutron:SELECT=3 {{(pid=105328) stat_writer /opt/stack/data/venv/lib/python3.12/site-packages/dbcounter.py:115}}
Feb 17 18:06:41.302630 np0000156078 neutron-periodic-workers[105337]: DEBUG neutron.db.agents_db [None req-5222e61f-52b4-470c-bd7d-763559cd0d38 None None] Agent healthcheck: found 0 active agents {{(pid=105337) agent_health_check /opt/stack/neutron/neutron/db/agents_db.py:317}}
Feb 17 18:06:41.303711 np0000156078 neutron-periodic-workers[105337]: DEBUG oslo.service.backend._threading.loopingcall [None req-5222e61f-52b4-470c-bd7d-763559cd0d38 None None] Fixed interval looping call 'neutron.plugins.ml2.plugin.AgentDbMixin.agent_health_check' sleeping for 36.99 seconds {{(pid=105337) _run_loop /opt/stack/data/venv/lib/python3.12/site-packages/oslo_service/backend/_threading/loopingcall.py:125}}
Feb 17 18:06:44.347746 np0000156078 neutron-periodic-workers[105359]: DEBUG oslo.service.backend._threading.loopingcall [None req-191ef514-90b9-45a0-b539-e17becbfc4ca None None] Fixed interval looping call 'neutron.services.ovn_l3.plugin.L3_NAT_dbonly_mixin._clean_garbage' sleeping for 299.99 seconds {{(pid=105359) _run_loop /opt/stack/data/venv/lib/python3.12/site-packages/oslo_service/backend/_threading/loopingcall.py:125}}
Feb 17 18:06:45.320332 np0000156078 neutron-periodic-workers[105342]: DEBUG oslo.service.backend._threading.loopingcall [None req-9825f2b4-24d0-4be3-87a6-f63ac0975134 None None] Fixed interval looping call 'neutron.db.quota.driver_nolock.DbQuotaNoLockDriver._remove_expired_reservations' sleeping for 120.00 seconds {{(pid=105342) _run_loop /opt/stack/data/venv/lib/python3.12/site-packages/oslo_service/backend/_threading/loopingcall.py:125}}
Feb 17 18:06:47.302764 np0000156078 neutron-periodic-workers[105328]: DEBUG oslo.service.backend._threading.loopingcall [None req-d6203375-197b-48b7-a569-d8bd1724e1f3 None None] Fixed interval looping call 'neutron.plugins.ml2.plugin.DhcpAgentSchedulerDbMixin.remove_networks_from_down_agents' sleeping for 36.99 seconds {{(pid=105328) _run_loop /opt/stack/data/venv/lib/python3.12/site-packages/oslo_service/backend/_threading/loopingcall.py:125}}
Feb 17 18:06:51.300365 np0000156078 neutron-periodic-workers[105337]: DEBUG dbcounter [-] [105337] Writing DB stats neutron:SELECT=1 {{(pid=105337) stat_writer /opt/stack/data/venv/lib/python3.12/site-packages/dbcounter.py:115}}
Feb 17 18:06:54.340993 np0000156078 neutron-periodic-workers[105359]: DEBUG dbcounter [-] [105359] Writing DB stats neutron:SELECT=1 {{(pid=105359) stat_writer /opt/stack/data/venv/lib/python3.12/site-packages/dbcounter.py:115}}
Feb 17 18:06:55.319881 np0000156078 neutron-periodic-workers[105342]: DEBUG dbcounter [-] [105342] Writing DB stats neutron:DELETE=1 {{(pid=105342) stat_writer /opt/stack/data/venv/lib/python3.12/site-packages/dbcounter.py:115}}
Feb 17 18:06:57.301084 np0000156078 neutron-periodic-workers[105328]: DEBUG dbcounter [-] [105328] Writing DB stats neutron:SELECT=3 {{(pid=105328) stat_writer /opt/stack/data/venv/lib/python3.12/site-packages/dbcounter.py:115}}
Feb 17 18:07:18.295867 np0000156078 neutron-periodic-workers[105337]: DEBUG neutron.db.agents_db [None req-5222e61f-52b4-470c-bd7d-763559cd0d38 None None] Agent healthcheck: found 0 active agents {{(pid=105337) agent_health_check /opt/stack/neutron/neutron/db/agents_db.py:317}}
Feb 17 18:07:18.296554 np0000156078 neutron-periodic-workers[105337]: DEBUG oslo.service.backend._threading.loopingcall [None req-5222e61f-52b4-470c-bd7d-763559cd0d38 None None] Fixed interval looping call 'neutron.plugins.ml2.plugin.AgentDbMixin.agent_health_check' sleeping for 37.00 seconds {{(pid=105337) _run_loop /opt/stack/data/venv/lib/python3.12/site-packages/oslo_service/backend/_threading/loopingcall.py:125}}
Feb 17 18:07:24.301636 np0000156078 neutron-periodic-workers[105328]: DEBUG oslo.service.backend._threading.loopingcall [None req-d6203375-197b-48b7-a569-d8bd1724e1f3 None None] Fixed interval looping call 'neutron.plugins.ml2.plugin.DhcpAgentSchedulerDbMixin.remove_networks_from_down_agents' sleeping for 36.99 seconds {{(pid=105328) _run_loop /opt/stack/data/venv/lib/python3.12/site-packages/oslo_service/backend/_threading/loopingcall.py:125}}
Feb 17 18:07:28.330861 np0000156078 neutron-periodic-workers[105337]: DEBUG dbcounter [-] [105337] Writing DB stats neutron:SELECT=1 {{(pid=105337) stat_writer /opt/stack/data/venv/lib/python3.12/site-packages/dbcounter.py:115}}
Feb 17 18:07:34.300792 np0000156078 neutron-periodic-workers[105328]: DEBUG dbcounter [-] [105328] Writing DB stats neutron:SELECT=3 {{(pid=105328) stat_writer /opt/stack/data/venv/lib/python3.12/site-packages/dbcounter.py:115}}
Feb 17 18:07:55.301934 np0000156078 neutron-periodic-workers[105337]: DEBUG neutron.db.agents_db [None req-5222e61f-52b4-470c-bd7d-763559cd0d38 None None] Agent healthcheck: found 0 active agents {{(pid=105337) agent_health_check /opt/stack/neutron/neutron/db/agents_db.py:317}}
Feb 17 18:07:55.302626 np0000156078 neutron-periodic-workers[105337]: DEBUG oslo.service.backend._threading.loopingcall [None req-5222e61f-52b4-470c-bd7d-763559cd0d38 None None] Fixed interval looping call 'neutron.plugins.ml2.plugin.AgentDbMixin.agent_health_check' sleeping for 36.99 seconds {{(pid=105337) _run_loop /opt/stack/data/venv/lib/python3.12/site-packages/oslo_service/backend/_threading/loopingcall.py:125}}
Feb 17 18:08:01.298114 np0000156078 neutron-periodic-workers[105328]: DEBUG oslo.service.backend._threading.loopingcall [None req-d6203375-197b-48b7-a569-d8bd1724e1f3 None None] Fixed interval looping call 'neutron.plugins.ml2.plugin.DhcpAgentSchedulerDbMixin.remove_networks_from_down_agents' sleeping for 36.99 seconds {{(pid=105328) _run_loop /opt/stack/data/venv/lib/python3.12/site-packages/oslo_service/backend/_threading/loopingcall.py:125}}
Feb 17 18:08:05.300908 np0000156078 neutron-periodic-workers[105337]: DEBUG dbcounter [-] [105337] Writing DB stats neutron:SELECT=1 {{(pid=105337) stat_writer /opt/stack/data/venv/lib/python3.12/site-packages/dbcounter.py:115}}
Feb 17 18:08:11.297816 np0000156078 neutron-periodic-workers[105328]: DEBUG dbcounter [-] [105328] Writing DB stats neutron:SELECT=3 {{(pid=105328) stat_writer /opt/stack/data/venv/lib/python3.12/site-packages/dbcounter.py:115}}
Feb 17 18:08:32.298428 np0000156078 neutron-periodic-workers[105337]: DEBUG neutron.db.agents_db [None req-5222e61f-52b4-470c-bd7d-763559cd0d38 None None] Agent healthcheck: found 0 active agents {{(pid=105337) agent_health_check /opt/stack/neutron/neutron/db/agents_db.py:317}}
Feb 17 18:08:32.299017 np0000156078 neutron-periodic-workers[105337]: DEBUG oslo.service.backend._threading.loopingcall [None req-5222e61f-52b4-470c-bd7d-763559cd0d38 None None] Fixed interval looping call 'neutron.plugins.ml2.plugin.AgentDbMixin.agent_health_check' sleeping for 36.99 seconds {{(pid=105337) _run_loop /opt/stack/data/venv/lib/python3.12/site-packages/oslo_service/backend/_threading/loopingcall.py:125}}
Feb 17 18:08:38.297426 np0000156078 neutron-periodic-workers[105328]: DEBUG oslo.service.backend._threading.loopingcall [None req-d6203375-197b-48b7-a569-d8bd1724e1f3 None None] Fixed interval looping call 'neutron.plugins.ml2.plugin.DhcpAgentSchedulerDbMixin.remove_networks_from_down_agents' sleeping for 36.99 seconds {{(pid=105328) _run_loop /opt/stack/data/venv/lib/python3.12/site-packages/oslo_service/backend/_threading/loopingcall.py:125}}
Feb 17 18:08:42.296027 np0000156078 neutron-periodic-workers[105337]: DEBUG dbcounter [-] [105337] Writing DB stats neutron:SELECT=1 {{(pid=105337) stat_writer /opt/stack/data/venv/lib/python3.12/site-packages/dbcounter.py:115}}
Feb 17 18:08:45.323424 np0000156078 neutron-periodic-workers[105342]: DEBUG oslo.service.backend._threading.loopingcall [None req-9825f2b4-24d0-4be3-87a6-f63ac0975134 None None] Fixed interval looping call 'neutron.db.quota.driver_nolock.DbQuotaNoLockDriver._remove_expired_reservations' sleeping for 120.00 seconds {{(pid=105342) _run_loop /opt/stack/data/venv/lib/python3.12/site-packages/oslo_service/backend/_threading/loopingcall.py:125}}
Feb 17 18:08:48.296352 np0000156078 neutron-periodic-workers[105328]: DEBUG dbcounter [-] [105328] Writing DB stats neutron:SELECT=3 {{(pid=105328) stat_writer /opt/stack/data/venv/lib/python3.12/site-packages/dbcounter.py:115}}
Feb 17 18:08:55.323093 np0000156078 neutron-periodic-workers[105342]: DEBUG dbcounter [-] [105342] Writing DB stats neutron:DELETE=1 {{(pid=105342) stat_writer /opt/stack/data/venv/lib/python3.12/site-packages/dbcounter.py:115}}
Feb 17 18:09:09.292499 np0000156078 neutron-periodic-workers[105337]: DEBUG neutron.db.agents_db [None req-5222e61f-52b4-470c-bd7d-763559cd0d38 None None] Agent healthcheck: found 0 active agents {{(pid=105337) agent_health_check /opt/stack/neutron/neutron/db/agents_db.py:317}}
