Feb 17 17:59:15.083947 np0000156078 systemd[1]: Starting devstack@n-api-meta.service - Devstack devstack@n-api-meta.service...
Feb 17 17:59:15.090833 np0000156078 devstack@n-api-meta.service[108576]: [uWSGI] getting INI configuration from /etc/nova/nova-metadata-uwsgi.ini
Feb 17 17:59:15.091430 np0000156078 devstack@n-api-meta.service[108576]: open("./http_plugin.so"): No such file or directory [core/utils.c line 3709]
Feb 17 17:59:15.091430 np0000156078 devstack@n-api-meta.service[108576]: !!! UNABLE to load uWSGI plugin: ./http_plugin.so: cannot open shared object file: No such file or directory !!!
Feb 17 17:59:15.091430 np0000156078 devstack@n-api-meta.service[108576]: open("./python3_plugin.so"): No such file or directory [core/utils.c line 3709]
Feb 17 17:59:15.091430 np0000156078 devstack@n-api-meta.service[108576]: !!! UNABLE to load uWSGI plugin: ./python3_plugin.so: cannot open shared object file: No such file or directory !!!
Feb 17 17:59:15.091430 np0000156078 devstack@n-api-meta.service[108576]: *** Starting uWSGI 2.0.31 (64bit) on [Tue Feb 17 17:59:15 2026] ***
Feb 17 17:59:15.091430 np0000156078 devstack@n-api-meta.service[108576]: compiled with version: 13.3.0 on 17 February 2026 17:49:16
Feb 17 17:59:15.091430 np0000156078 devstack@n-api-meta.service[108576]: os: Linux-6.8.0-100-generic #100-Ubuntu SMP PREEMPT_DYNAMIC Tue Jan 13 16:40:06 UTC 2026
Feb 17 17:59:15.091430 np0000156078 devstack@n-api-meta.service[108576]: nodename: np0000156078
Feb 17 17:59:15.091430 np0000156078 devstack@n-api-meta.service[108576]: machine: x86_64
Feb 17 17:59:15.091430 np0000156078 devstack@n-api-meta.service[108576]: clock source: unix
Feb 17 17:59:15.091430 np0000156078 devstack@n-api-meta.service[108576]: pcre jit disabled
Feb 17 17:59:15.091430 np0000156078 devstack@n-api-meta.service[108576]: detected number of CPU cores: 16
Feb 17 17:59:15.091430 np0000156078 devstack@n-api-meta.service[108576]: current working directory: /
Feb 17 17:59:15.091430 np0000156078 devstack@n-api-meta.service[108576]: detected binary path: /opt/stack/data/venv/bin/uwsgi
Feb 17 17:59:15.091430 np0000156078 devstack@n-api-meta.service[108576]: your processes number limit is 256923
Feb 17 17:59:15.091430 np0000156078 devstack@n-api-meta.service[108576]: your memory page size is 4096 bytes
Feb 17 17:59:15.091430 np0000156078 devstack@n-api-meta.service[108576]: detected max file descriptor number: 2048
Feb 17 17:59:15.091430 np0000156078 devstack@n-api-meta.service[108576]: lock engine: pthread robust mutexes
Feb 17 17:59:15.091430 np0000156078 devstack@n-api-meta.service[108576]: thunder lock: enabled
Feb 17 17:59:15.091430 np0000156078 devstack@n-api-meta.service[108576]: uWSGI http bound on 0.0.0.0:8775 fd 5
Feb 17 17:59:15.091430 np0000156078 devstack@n-api-meta.service[108576]: uwsgi socket 0 bound to TCP address 127.0.0.1:35551 (port auto-assigned) fd 4
Feb 17 17:59:15.091430 np0000156078 devstack@n-api-meta.service[108576]: Python version: 3.12.3 (main, Jan 22 2026, 20:57:42) [GCC 13.3.0]
Feb 17 17:59:15.092523 np0000156078 devstack@n-api-meta.service[108576]: PEP 405 virtualenv detected: /opt/stack/data/venv
Feb 17 17:59:15.092523 np0000156078 devstack@n-api-meta.service[108576]: Set PythonHome to /opt/stack/data/venv
Feb 17 17:59:15.126582 np0000156078 devstack@n-api-meta.service[108576]: Python main interpreter initialized at 0x6ffcd74a3668
Feb 17 17:59:15.126582 np0000156078 devstack@n-api-meta.service[108576]: python threads support enabled
Feb 17 17:59:15.126582 np0000156078 devstack@n-api-meta.service[108576]: your server socket listen backlog is limited to 100 connections
Feb 17 17:59:15.126582 np0000156078 devstack@n-api-meta.service[108576]: your mercy for graceful operations on workers is 80 seconds
Feb 17 17:59:15.127197 np0000156078 devstack@n-api-meta.service[108576]: mapped 671795 bytes (656 KB) for 4 cores
Feb 17 17:59:15.127351 np0000156078 devstack@n-api-meta.service[108576]: *** Operational MODE: preforking ***
Feb 17 17:59:15.127596 np0000156078 devstack@n-api-meta.service[108576]: *** uWSGI is running in multiple interpreter mode ***
Feb 17 17:59:15.127596 np0000156078 devstack@n-api-meta.service[108576]: spawned uWSGI master process (pid: 108576)
Feb 17 17:59:15.127821 np0000156078 systemd[1]: Started devstack@n-api-meta.service - Devstack devstack@n-api-meta.service.
Feb 17 17:59:15.128218 np0000156078 devstack@n-api-meta.service[108576]: spawned uWSGI worker 1 (pid: 108579, cores: 1)
Feb 17 17:59:15.128640 np0000156078 devstack@n-api-meta.service[108576]: spawned uWSGI worker 2 (pid: 108580, cores: 1)
Feb 17 17:59:15.129062 np0000156078 devstack@n-api-meta.service[108576]: spawned uWSGI worker 3 (pid: 108581, cores: 1)
Feb 17 17:59:15.129472 np0000156078 devstack@n-api-meta.service[108576]: spawned uWSGI worker 4 (pid: 108582, cores: 1)
Feb 17 17:59:15.129926 np0000156078 devstack@n-api-meta.service[108576]: spawned uWSGI http 1 (pid: 108583)
Feb 17 17:59:15.129926 np0000156078 devstack@n-api-meta.service[108576]: running "unix_signal:15 gracefully_kill_them_all" (master-start)...
Feb 17 17:59:15.465190 np0000156078 devstack@n-api-meta.service[108579]: Service is starting with native threading. This is currently experimental. Do not use it in production without first testing it in pre-production.
Feb 17 17:59:15.482055 np0000156078 devstack@n-api-meta.service[108580]: Service is starting with native threading. This is currently experimental. Do not use it in production without first testing it in pre-production.
Feb 17 17:59:15.486347 np0000156078 devstack@n-api-meta.service[108582]: Service is starting with native threading. This is currently experimental. Do not use it in production without first testing it in pre-production.
Feb 17 17:59:15.492222 np0000156078 devstack@n-api-meta.service[108581]: Service is starting with native threading. This is currently experimental. Do not use it in production without first testing it in pre-production.
Feb 17 17:59:16.847780 np0000156078 devstack@n-api-meta.service[108580]: INFO dbcounter [None req-c296b1a2-e3db-4b8d-8c7e-30a131c6f3d0 None None] Registered counter for database nova_api
Feb 17 17:59:16.861869 np0000156078 devstack@n-api-meta.service[108580]: DEBUG oslo_db.sqlalchemy.engines [None req-c296b1a2-e3db-4b8d-8c7e-30a131c6f3d0 None None] MySQL server mode set to STRICT_TRANS_TABLES,STRICT_ALL_TABLES,NO_ZERO_IN_DATE,NO_ZERO_DATE,ERROR_FOR_DIVISION_BY_ZERO,TRADITIONAL,NO_ENGINE_SUBSTITUTION {{(pid=108580) _check_effective_sql_mode /opt/stack/data/venv/lib/python3.12/site-packages/oslo_db/sqlalchemy/engines.py:325}}
Feb 17 17:59:16.898484 np0000156078 devstack@n-api-meta.service[108580]: DEBUG dbcounter [-] [108580] Writer thread running {{(pid=108580) stat_writer /opt/stack/data/venv/lib/python3.12/site-packages/dbcounter.py:102}}
Feb 17 17:59:16.900912 np0000156078 devstack@n-api-meta.service[108580]: DEBUG nova.context [None req-c296b1a2-e3db-4b8d-8c7e-30a131c6f3d0 None None] Found 2 cells: 00000000-0000-0000-0000-000000000000(cell0),35ff2742-4979-437b-a45f-c0f1e266517b(cell1) {{(pid=108580) load_cells /opt/stack/nova/nova/context.py:509}}
Feb 17 17:59:16.901148 np0000156078 devstack@n-api-meta.service[108580]: INFO nova.utils [None req-c296b1a2-e3db-4b8d-8c7e-30a131c6f3d0 None None] The cell worker thread pool MainProcess.cell_worker is initialized
Feb 17 17:59:16.902962 np0000156078 devstack@n-api-meta.service[108580]: DEBUG oslo_concurrency.lockutils [None req-c296b1a2-e3db-4b8d-8c7e-30a131c6f3d0 None None] Acquiring lock "00000000-0000-0000-0000-000000000000" by "nova.context.set_target_cell..get_or_set_cached_cell_and_set_connections" {{(pid=108580) inner /opt/stack/data/venv/lib/python3.12/site-packages/oslo_concurrency/lockutils.py:506}}
Feb 17 17:59:16.903126 np0000156078 devstack@n-api-meta.service[108580]: DEBUG oslo_concurrency.lockutils [None req-c296b1a2-e3db-4b8d-8c7e-30a131c6f3d0 None None] Lock "00000000-0000-0000-0000-000000000000" acquired by "nova.context.set_target_cell..get_or_set_cached_cell_and_set_connections" :: waited 0.000s {{(pid=108580) inner /opt/stack/data/venv/lib/python3.12/site-packages/oslo_concurrency/lockutils.py:519}}
Feb 17 17:59:16.903566 np0000156078 devstack@n-api-meta.service[108580]: DEBUG oslo_concurrency.lockutils [None req-c296b1a2-e3db-4b8d-8c7e-30a131c6f3d0 None None] Lock "00000000-0000-0000-0000-000000000000" "released" by "nova.context.set_target_cell..get_or_set_cached_cell_and_set_connections" :: held 0.000s {{(pid=108580) inner /opt/stack/data/venv/lib/python3.12/site-packages/oslo_concurrency/lockutils.py:538}}
Feb 17 17:59:16.904221 np0000156078 devstack@n-api-meta.service[108580]: DEBUG oslo_concurrency.lockutils [None req-c296b1a2-e3db-4b8d-8c7e-30a131c6f3d0 None None] Acquiring lock "35ff2742-4979-437b-a45f-c0f1e266517b" by "nova.context.set_target_cell..get_or_set_cached_cell_and_set_connections" {{(pid=108580) inner /opt/stack/data/venv/lib/python3.12/site-packages/oslo_concurrency/lockutils.py:506}}
Feb 17 17:59:16.904405 np0000156078 devstack@n-api-meta.service[108580]: DEBUG oslo_concurrency.lockutils [None req-c296b1a2-e3db-4b8d-8c7e-30a131c6f3d0 None None] Lock "35ff2742-4979-437b-a45f-c0f1e266517b" acquired by "nova.context.set_target_cell..get_or_set_cached_cell_and_set_connections" :: waited 0.000s {{(pid=108580) inner /opt/stack/data/venv/lib/python3.12/site-packages/oslo_concurrency/lockutils.py:519}}
Feb 17 17:59:16.907594 np0000156078 devstack@n-api-meta.service[108580]: INFO dbcounter [None req-c296b1a2-e3db-4b8d-8c7e-30a131c6f3d0 None None] Registered counter for database nova_cell0
Feb 17 17:59:16.909752 np0000156078 devstack@n-api-meta.service[108580]: DEBUG oslo_concurrency.lockutils [None req-c296b1a2-e3db-4b8d-8c7e-30a131c6f3d0 None None] Lock "35ff2742-4979-437b-a45f-c0f1e266517b" "released" by "nova.context.set_target_cell..get_or_set_cached_cell_and_set_connections" :: held 0.003s {{(pid=108580) inner /opt/stack/data/venv/lib/python3.12/site-packages/oslo_concurrency/lockutils.py:538}}
Feb 17 17:59:16.911407 np0000156078 devstack@n-api-meta.service[108579]: INFO dbcounter [None req-3cd4cd10-75b1-4328-9c19-d34463f50980 None None] Registered counter for database nova_api
Feb 17 17:59:16.913796 np0000156078 devstack@n-api-meta.service[108580]: INFO dbcounter [None req-c296b1a2-e3db-4b8d-8c7e-30a131c6f3d0 None None] Registered counter for database nova_cell1
Feb 17 17:59:16.914707 np0000156078 devstack@n-api-meta.service[108582]: INFO dbcounter [None req-1acf44f2-754f-4021-9ce3-07a358c680bd None None] Registered counter for database nova_api
Feb 17 17:59:16.924125 np0000156078 devstack@n-api-meta.service[108581]: INFO dbcounter [None req-90af8e23-4a92-463d-84ef-b908086bdd47 None None] Registered counter for database nova_api
Feb 17 17:59:16.925746 np0000156078 devstack@n-api-meta.service[108580]: DEBUG oslo_db.sqlalchemy.engines [None req-c296b1a2-e3db-4b8d-8c7e-30a131c6f3d0 None None] MySQL server mode set to STRICT_TRANS_TABLES,STRICT_ALL_TABLES,NO_ZERO_IN_DATE,NO_ZERO_DATE,ERROR_FOR_DIVISION_BY_ZERO,TRADITIONAL,NO_ENGINE_SUBSTITUTION {{(pid=108580) _check_effective_sql_mode /opt/stack/data/venv/lib/python3.12/site-packages/oslo_db/sqlalchemy/engines.py:325}}
Feb 17 17:59:16.931019 np0000156078 devstack@n-api-meta.service[108580]: DEBUG oslo_db.sqlalchemy.engines [None req-c296b1a2-e3db-4b8d-8c7e-30a131c6f3d0 None None] MySQL server mode set to STRICT_TRANS_TABLES,STRICT_ALL_TABLES,NO_ZERO_IN_DATE,NO_ZERO_DATE,ERROR_FOR_DIVISION_BY_ZERO,TRADITIONAL,NO_ENGINE_SUBSTITUTION {{(pid=108580) _check_effective_sql_mode /opt/stack/data/venv/lib/python3.12/site-packages/oslo_db/sqlalchemy/engines.py:325}}
Feb 17 17:59:16.934774 np0000156078 devstack@n-api-meta.service[108579]: DEBUG oslo_db.sqlalchemy.engines [None req-3cd4cd10-75b1-4328-9c19-d34463f50980 None None] MySQL server mode set to STRICT_TRANS_TABLES,STRICT_ALL_TABLES,NO_ZERO_IN_DATE,NO_ZERO_DATE,ERROR_FOR_DIVISION_BY_ZERO,TRADITIONAL,NO_ENGINE_SUBSTITUTION {{(pid=108579) _check_effective_sql_mode /opt/stack/data/venv/lib/python3.12/site-packages/oslo_db/sqlalchemy/engines.py:325}}
Feb 17 17:59:16.939664 np0000156078 devstack@n-api-meta.service[108582]: DEBUG oslo_db.sqlalchemy.engines [None req-1acf44f2-754f-4021-9ce3-07a358c680bd None None] MySQL server mode set to STRICT_TRANS_TABLES,STRICT_ALL_TABLES,NO_ZERO_IN_DATE,NO_ZERO_DATE,ERROR_FOR_DIVISION_BY_ZERO,TRADITIONAL,NO_ENGINE_SUBSTITUTION {{(pid=108582) _check_effective_sql_mode /opt/stack/data/venv/lib/python3.12/site-packages/oslo_db/sqlalchemy/engines.py:325}}
Feb 17 17:59:16.946278 np0000156078 devstack@n-api-meta.service[108581]: DEBUG oslo_db.sqlalchemy.engines [None req-90af8e23-4a92-463d-84ef-b908086bdd47 None None] MySQL server mode set to STRICT_TRANS_TABLES,STRICT_ALL_TABLES,NO_ZERO_IN_DATE,NO_ZERO_DATE,ERROR_FOR_DIVISION_BY_ZERO,TRADITIONAL,NO_ENGINE_SUBSTITUTION {{(pid=108581) _check_effective_sql_mode /opt/stack/data/venv/lib/python3.12/site-packages/oslo_db/sqlalchemy/engines.py:325}}
Feb 17 17:59:16.969852 np0000156078 devstack@n-api-meta.service[108579]: DEBUG dbcounter [-] [108579] Writer thread running {{(pid=108579) stat_writer /opt/stack/data/venv/lib/python3.12/site-packages/dbcounter.py:102}}
Feb 17 17:59:16.972008 np0000156078 devstack@n-api-meta.service[108579]: DEBUG nova.context [None req-3cd4cd10-75b1-4328-9c19-d34463f50980 None None] Found 2 cells: 00000000-0000-0000-0000-000000000000(cell0),35ff2742-4979-437b-a45f-c0f1e266517b(cell1) {{(pid=108579) load_cells /opt/stack/nova/nova/context.py:509}}
Feb 17 17:59:16.972269 np0000156078 devstack@n-api-meta.service[108579]: INFO nova.utils [None req-3cd4cd10-75b1-4328-9c19-d34463f50980 None None] The cell worker thread pool MainProcess.cell_worker is initialized
Feb 17 17:59:16.974087 np0000156078 devstack@n-api-meta.service[108579]: DEBUG oslo_concurrency.lockutils [None req-3cd4cd10-75b1-4328-9c19-d34463f50980 None None] Acquiring lock "00000000-0000-0000-0000-000000000000" by "nova.context.set_target_cell..get_or_set_cached_cell_and_set_connections" {{(pid=108579) inner /opt/stack/data/venv/lib/python3.12/site-packages/oslo_concurrency/lockutils.py:506}}
Feb 17 17:59:16.974228 np0000156078 devstack@n-api-meta.service[108579]: DEBUG oslo_concurrency.lockutils [None req-3cd4cd10-75b1-4328-9c19-d34463f50980 None None] Lock "00000000-0000-0000-0000-000000000000" acquired by "nova.context.set_target_cell..get_or_set_cached_cell_and_set_connections" :: waited 0.000s {{(pid=108579) inner /opt/stack/data/venv/lib/python3.12/site-packages/oslo_concurrency/lockutils.py:519}}
Feb 17 17:59:16.974612 np0000156078 devstack@n-api-meta.service[108579]: DEBUG oslo_concurrency.lockutils [None req-3cd4cd10-75b1-4328-9c19-d34463f50980 None None] Lock "00000000-0000-0000-0000-000000000000" "released" by "nova.context.set_target_cell..get_or_set_cached_cell_and_set_connections" :: held 0.000s {{(pid=108579) inner /opt/stack/data/venv/lib/python3.12/site-packages/oslo_concurrency/lockutils.py:538}}
Feb 17 17:59:16.975517 np0000156078 devstack@n-api-meta.service[108579]: DEBUG oslo_concurrency.lockutils [None req-3cd4cd10-75b1-4328-9c19-d34463f50980 None None] Acquiring lock "35ff2742-4979-437b-a45f-c0f1e266517b" by "nova.context.set_target_cell..get_or_set_cached_cell_and_set_connections" {{(pid=108579) inner /opt/stack/data/venv/lib/python3.12/site-packages/oslo_concurrency/lockutils.py:506}}
Feb 17 17:59:16.975653 np0000156078 devstack@n-api-meta.service[108579]: DEBUG oslo_concurrency.lockutils [None req-3cd4cd10-75b1-4328-9c19-d34463f50980 None None] Lock "35ff2742-4979-437b-a45f-c0f1e266517b" acquired by "nova.context.set_target_cell..get_or_set_cached_cell_and_set_connections" :: waited 0.000s {{(pid=108579) inner /opt/stack/data/venv/lib/python3.12/site-packages/oslo_concurrency/lockutils.py:519}}
Feb 17 17:59:16.976517 np0000156078 devstack@n-api-meta.service[108579]: DEBUG oslo_concurrency.lockutils [None req-3cd4cd10-75b1-4328-9c19-d34463f50980 None None] Lock "35ff2742-4979-437b-a45f-c0f1e266517b" "released" by "nova.context.set_target_cell..get_or_set_cached_cell_and_set_connections" :: held 0.001s {{(pid=108579) inner /opt/stack/data/venv/lib/python3.12/site-packages/oslo_concurrency/lockutils.py:538}}
Feb 17 17:59:16.979784 np0000156078 devstack@n-api-meta.service[108579]: INFO dbcounter [None req-3cd4cd10-75b1-4328-9c19-d34463f50980 None None] Registered counter for database nova_cell0
Feb 17 17:59:16.983173 np0000156078 devstack@n-api-meta.service[108582]: DEBUG dbcounter [-] [108582] Writer thread running {{(pid=108582) stat_writer /opt/stack/data/venv/lib/python3.12/site-packages/dbcounter.py:102}}
Feb 17 17:59:16.984888 np0000156078 devstack@n-api-meta.service[108579]: INFO dbcounter [None req-3cd4cd10-75b1-4328-9c19-d34463f50980 None None] Registered counter for database nova_cell1
Feb 17 17:59:16.985715 np0000156078 devstack@n-api-meta.service[108582]: DEBUG nova.context [None req-1acf44f2-754f-4021-9ce3-07a358c680bd None None] Found 2 cells: 00000000-0000-0000-0000-000000000000(cell0),35ff2742-4979-437b-a45f-c0f1e266517b(cell1) {{(pid=108582) load_cells /opt/stack/nova/nova/context.py:509}}
Feb 17 17:59:16.985954 np0000156078 devstack@n-api-meta.service[108582]: INFO nova.utils [None req-1acf44f2-754f-4021-9ce3-07a358c680bd None None] The cell worker thread pool MainProcess.cell_worker is initialized
Feb 17 17:59:16.987809 np0000156078 devstack@n-api-meta.service[108582]: DEBUG oslo_concurrency.lockutils [None req-1acf44f2-754f-4021-9ce3-07a358c680bd None None] Acquiring lock "00000000-0000-0000-0000-000000000000" by "nova.context.set_target_cell..get_or_set_cached_cell_and_set_connections" {{(pid=108582) inner /opt/stack/data/venv/lib/python3.12/site-packages/oslo_concurrency/lockutils.py:506}}
Feb 17 17:59:16.987971 np0000156078 devstack@n-api-meta.service[108582]: DEBUG oslo_concurrency.lockutils [None req-1acf44f2-754f-4021-9ce3-07a358c680bd None None] Lock "00000000-0000-0000-0000-000000000000" acquired by "nova.context.set_target_cell..get_or_set_cached_cell_and_set_connections" :: waited 0.000s {{(pid=108582) inner /opt/stack/data/venv/lib/python3.12/site-packages/oslo_concurrency/lockutils.py:519}}
Feb 17 17:59:16.988335 np0000156078 devstack@n-api-meta.service[108582]: DEBUG oslo_concurrency.lockutils [None req-1acf44f2-754f-4021-9ce3-07a358c680bd None None] Lock "00000000-0000-0000-0000-000000000000" "released" by "nova.context.set_target_cell..get_or_set_cached_cell_and_set_connections" :: held 0.000s {{(pid=108582) inner /opt/stack/data/venv/lib/python3.12/site-packages/oslo_concurrency/lockutils.py:538}}
Feb 17 17:59:16.989123 np0000156078 devstack@n-api-meta.service[108582]: DEBUG oslo_concurrency.lockutils [None req-1acf44f2-754f-4021-9ce3-07a358c680bd None None] Acquiring lock "35ff2742-4979-437b-a45f-c0f1e266517b" by "nova.context.set_target_cell..get_or_set_cached_cell_and_set_connections" {{(pid=108582) inner /opt/stack/data/venv/lib/python3.12/site-packages/oslo_concurrency/lockutils.py:506}}
Feb 17 17:59:16.989272 np0000156078 devstack@n-api-meta.service[108582]: DEBUG oslo_concurrency.lockutils [None req-1acf44f2-754f-4021-9ce3-07a358c680bd None None] Lock "35ff2742-4979-437b-a45f-c0f1e266517b" acquired by "nova.context.set_target_cell..get_or_set_cached_cell_and_set_connections" :: waited 0.000s {{(pid=108582) inner /opt/stack/data/venv/lib/python3.12/site-packages/oslo_concurrency/lockutils.py:519}}
Feb 17 17:59:16.990078 np0000156078 devstack@n-api-meta.service[108582]: DEBUG oslo_concurrency.lockutils [None req-1acf44f2-754f-4021-9ce3-07a358c680bd None None] Lock "35ff2742-4979-437b-a45f-c0f1e266517b" "released" by "nova.context.set_target_cell..get_or_set_cached_cell_and_set_connections" :: held 0.001s {{(pid=108582) inner /opt/stack/data/venv/lib/python3.12/site-packages/oslo_concurrency/lockutils.py:538}}
Feb 17 17:59:16.992972 np0000156078 devstack@n-api-meta.service[108582]: INFO dbcounter [None req-1acf44f2-754f-4021-9ce3-07a358c680bd None None] Registered counter for database nova_cell0
Feb 17 17:59:16.995575 np0000156078 devstack@n-api-meta.service[108581]: DEBUG dbcounter [-] [108581] Writer thread running {{(pid=108581) stat_writer /opt/stack/data/venv/lib/python3.12/site-packages/dbcounter.py:102}}
Feb 17 17:59:16.996824 np0000156078 devstack@n-api-meta.service[108579]: DEBUG oslo_db.sqlalchemy.engines [None req-3cd4cd10-75b1-4328-9c19-d34463f50980 None None] MySQL server mode set to STRICT_TRANS_TABLES,STRICT_ALL_TABLES,NO_ZERO_IN_DATE,NO_ZERO_DATE,ERROR_FOR_DIVISION_BY_ZERO,TRADITIONAL,NO_ENGINE_SUBSTITUTION {{(pid=108579) _check_effective_sql_mode /opt/stack/data/venv/lib/python3.12/site-packages/oslo_db/sqlalchemy/engines.py:325}}
Feb 17 17:59:16.997932 np0000156078 devstack@n-api-meta.service[108581]: DEBUG nova.context [None req-90af8e23-4a92-463d-84ef-b908086bdd47 None None] Found 2 cells: 00000000-0000-0000-0000-000000000000(cell0),35ff2742-4979-437b-a45f-c0f1e266517b(cell1) {{(pid=108581) load_cells /opt/stack/nova/nova/context.py:509}}
Feb 17 17:59:16.998145 np0000156078 devstack@n-api-meta.service[108581]: INFO nova.utils [None req-90af8e23-4a92-463d-84ef-b908086bdd47 None None] The cell worker thread pool MainProcess.cell_worker is initialized
Feb 17 17:59:16.998383 np0000156078 devstack@n-api-meta.service[108582]: INFO dbcounter [None req-1acf44f2-754f-4021-9ce3-07a358c680bd None None] Registered counter for database nova_cell1
Feb 17 17:59:17.000259 np0000156078 devstack@n-api-meta.service[108581]: DEBUG oslo_concurrency.lockutils [None req-90af8e23-4a92-463d-84ef-b908086bdd47 None None] Acquiring lock "00000000-0000-0000-0000-000000000000" by "nova.context.set_target_cell..get_or_set_cached_cell_and_set_connections" {{(pid=108581) inner /opt/stack/data/venv/lib/python3.12/site-packages/oslo_concurrency/lockutils.py:506}}
Feb 17 17:59:17.000434 np0000156078 devstack@n-api-meta.service[108581]: DEBUG oslo_concurrency.lockutils [None req-90af8e23-4a92-463d-84ef-b908086bdd47 None None] Lock "00000000-0000-0000-0000-000000000000" acquired by "nova.context.set_target_cell..get_or_set_cached_cell_and_set_connections" :: waited 0.000s {{(pid=108581) inner /opt/stack/data/venv/lib/python3.12/site-packages/oslo_concurrency/lockutils.py:519}}
Feb 17 17:59:17.000821 np0000156078 devstack@n-api-meta.service[108581]: DEBUG oslo_concurrency.lockutils [None req-90af8e23-4a92-463d-84ef-b908086bdd47 None None] Lock "00000000-0000-0000-0000-000000000000" "released" by "nova.context.set_target_cell..get_or_set_cached_cell_and_set_connections" :: held 0.000s {{(pid=108581) inner /opt/stack/data/venv/lib/python3.12/site-packages/oslo_concurrency/lockutils.py:538}}
Feb 17 17:59:17.001710 np0000156078 devstack@n-api-meta.service[108581]: DEBUG oslo_concurrency.lockutils [None req-90af8e23-4a92-463d-84ef-b908086bdd47 None None] Acquiring lock "35ff2742-4979-437b-a45f-c0f1e266517b" by "nova.context.set_target_cell..get_or_set_cached_cell_and_set_connections" {{(pid=108581) inner /opt/stack/data/venv/lib/python3.12/site-packages/oslo_concurrency/lockutils.py:506}}
Feb 17 17:59:17.001920 np0000156078 devstack@n-api-meta.service[108581]: DEBUG oslo_concurrency.lockutils [None req-90af8e23-4a92-463d-84ef-b908086bdd47 None None] Lock "35ff2742-4979-437b-a45f-c0f1e266517b" acquired by "nova.context.set_target_cell..get_or_set_cached_cell_and_set_connections" :: waited 0.000s {{(pid=108581) inner /opt/stack/data/venv/lib/python3.12/site-packages/oslo_concurrency/lockutils.py:519}}
Feb 17 17:59:17.002903 np0000156078 devstack@n-api-meta.service[108581]: DEBUG oslo_concurrency.lockutils [None req-90af8e23-4a92-463d-84ef-b908086bdd47 None None] Lock "35ff2742-4979-437b-a45f-c0f1e266517b" "released" by "nova.context.set_target_cell..get_or_set_cached_cell_and_set_connections" :: held 0.001s {{(pid=108581) inner /opt/stack/data/venv/lib/python3.12/site-packages/oslo_concurrency/lockutils.py:538}}
Feb 17 17:59:17.003449 np0000156078 devstack@n-api-meta.service[108579]: DEBUG oslo_db.sqlalchemy.engines [None req-3cd4cd10-75b1-4328-9c19-d34463f50980 None None] MySQL server mode set to STRICT_TRANS_TABLES,STRICT_ALL_TABLES,NO_ZERO_IN_DATE,NO_ZERO_DATE,ERROR_FOR_DIVISION_BY_ZERO,TRADITIONAL,NO_ENGINE_SUBSTITUTION {{(pid=108579) _check_effective_sql_mode /opt/stack/data/venv/lib/python3.12/site-packages/oslo_db/sqlalchemy/engines.py:325}}
Feb 17 17:59:17.006012 np0000156078 devstack@n-api-meta.service[108581]: INFO dbcounter [None req-90af8e23-4a92-463d-84ef-b908086bdd47 None None] Registered counter for database nova_cell0
Feb 17 17:59:17.007379 np0000156078 devstack@n-api-meta.service[108582]: DEBUG oslo_db.sqlalchemy.engines [None req-1acf44f2-754f-4021-9ce3-07a358c680bd None None] MySQL server mode set to STRICT_TRANS_TABLES,STRICT_ALL_TABLES,NO_ZERO_IN_DATE,NO_ZERO_DATE,ERROR_FOR_DIVISION_BY_ZERO,TRADITIONAL,NO_ENGINE_SUBSTITUTION {{(pid=108582) _check_effective_sql_mode /opt/stack/data/venv/lib/python3.12/site-packages/oslo_db/sqlalchemy/engines.py:325}}
Feb 17 17:59:17.011648 np0000156078 devstack@n-api-meta.service[108581]: INFO dbcounter [None req-90af8e23-4a92-463d-84ef-b908086bdd47 None None] Registered counter for database nova_cell1
Feb 17 17:59:17.013775 np0000156078 devstack@n-api-meta.service[108582]: DEBUG oslo_db.sqlalchemy.engines [None req-1acf44f2-754f-4021-9ce3-07a358c680bd None None] MySQL server mode set to STRICT_TRANS_TABLES,STRICT_ALL_TABLES,NO_ZERO_IN_DATE,NO_ZERO_DATE,ERROR_FOR_DIVISION_BY_ZERO,TRADITIONAL,NO_ENGINE_SUBSTITUTION {{(pid=108582) _check_effective_sql_mode /opt/stack/data/venv/lib/python3.12/site-packages/oslo_db/sqlalchemy/engines.py:325}}
Feb 17 17:59:17.022001 np0000156078 devstack@n-api-meta.service[108581]: DEBUG oslo_db.sqlalchemy.engines [None req-90af8e23-4a92-463d-84ef-b908086bdd47 None None] MySQL server mode set to STRICT_TRANS_TABLES,STRICT_ALL_TABLES,NO_ZERO_IN_DATE,NO_ZERO_DATE,ERROR_FOR_DIVISION_BY_ZERO,TRADITIONAL,NO_ENGINE_SUBSTITUTION {{(pid=108581) _check_effective_sql_mode /opt/stack/data/venv/lib/python3.12/site-packages/oslo_db/sqlalchemy/engines.py:325}}
Feb 17 17:59:17.039281 np0000156078 devstack@n-api-meta.service[108581]: DEBUG oslo_db.sqlalchemy.engines [None req-90af8e23-4a92-463d-84ef-b908086bdd47 None None] MySQL server mode set to STRICT_TRANS_TABLES,STRICT_ALL_TABLES,NO_ZERO_IN_DATE,NO_ZERO_DATE,ERROR_FOR_DIVISION_BY_ZERO,TRADITIONAL,NO_ENGINE_SUBSTITUTION {{(pid=108581) _check_effective_sql_mode /opt/stack/data/venv/lib/python3.12/site-packages/oslo_db/sqlalchemy/engines.py:325}}
Feb 17 17:59:17.048591 np0000156078 devstack@n-api-meta.service[108580]: DEBUG dbcounter [-] [108580] Writer thread running {{(pid=108580) stat_writer /opt/stack/data/venv/lib/python3.12/site-packages/dbcounter.py:102}}
Feb 17 17:59:17.049249 np0000156078 devstack@n-api-meta.service[108580]: DEBUG dbcounter [-] [108580] Writer thread running {{(pid=108580) stat_writer /opt/stack/data/venv/lib/python3.12/site-packages/dbcounter.py:102}}
Feb 17 17:59:17.055340 np0000156078 devstack@n-api-meta.service[108580]: INFO dbcounter [None req-c296b1a2-e3db-4b8d-8c7e-30a131c6f3d0 None None] Registered counter for database nova_cell0
Feb 17 17:59:17.067532 np0000156078 devstack@n-api-meta.service[108580]: DEBUG oslo_db.sqlalchemy.engines [None req-c296b1a2-e3db-4b8d-8c7e-30a131c6f3d0 None None] MySQL server mode set to STRICT_TRANS_TABLES,STRICT_ALL_TABLES,NO_ZERO_IN_DATE,NO_ZERO_DATE,ERROR_FOR_DIVISION_BY_ZERO,TRADITIONAL,NO_ENGINE_SUBSTITUTION {{(pid=108580) _check_effective_sql_mode /opt/stack/data/venv/lib/python3.12/site-packages/oslo_db/sqlalchemy/engines.py:325}}
Feb 17 17:59:17.077470 np0000156078 devstack@n-api-meta.service[108580]: DEBUG dbcounter [-] [108580] Writer thread running {{(pid=108580) stat_writer /opt/stack/data/venv/lib/python3.12/site-packages/dbcounter.py:102}}
Feb 17 17:59:17.103612 np0000156078 devstack@n-api-meta.service[108582]: DEBUG dbcounter [-] [108582] Writer thread running {{(pid=108582) stat_writer /opt/stack/data/venv/lib/python3.12/site-packages/dbcounter.py:102}}
Feb 17 17:59:17.104772 np0000156078 devstack@n-api-meta.service[108582]: DEBUG dbcounter [-] [108582] Writer thread running {{(pid=108582) stat_writer /opt/stack/data/venv/lib/python3.12/site-packages/dbcounter.py:102}}
Feb 17 17:59:17.112070 np0000156078 devstack@n-api-meta.service[108579]: DEBUG dbcounter [-] [108579] Writer thread running {{(pid=108579) stat_writer /opt/stack/data/venv/lib/python3.12/site-packages/dbcounter.py:102}}
Feb 17 17:59:17.112630 np0000156078 devstack@n-api-meta.service[108582]: INFO dbcounter [None req-1acf44f2-754f-4021-9ce3-07a358c680bd None None] Registered counter for database nova_cell0
Feb 17 17:59:17.112722 np0000156078 devstack@n-api-meta.service[108579]: DEBUG dbcounter [-] [108579] Writer thread running {{(pid=108579) stat_writer /opt/stack/data/venv/lib/python3.12/site-packages/dbcounter.py:102}}
Feb 17 17:59:17.120270 np0000156078 devstack@n-api-meta.service[108579]: INFO dbcounter [None req-3cd4cd10-75b1-4328-9c19-d34463f50980 None None] Registered counter for database nova_cell0
Feb 17 17:59:17.120361 np0000156078 devstack@n-api-meta.service[108580]: WARNING nova.api.metadata.handler [None req-c296b1a2-e3db-4b8d-8c7e-30a131c6f3d0 None None] metadata_proxy_shared_secret is not configured, the metadata information returned by the proxy cannot be trusted
Feb 17 17:59:17.120999 np0000156078 devstack@n-api-meta.service[108580]: DEBUG nova.api.openstack.wsgi_app [None req-c296b1a2-e3db-4b8d-8c7e-30a131c6f3d0 None None] ******************************************************************************** {{(pid=108580) log_opt_values /opt/stack/data/venv/lib/python3.12/site-packages/oslo_config/cfg.py:2804}}
Feb 17 17:59:17.121124 np0000156078 devstack@n-api-meta.service[108580]: DEBUG nova.api.openstack.wsgi_app [None req-c296b1a2-e3db-4b8d-8c7e-30a131c6f3d0 None None] Configuration options gathered from: {{(pid=108580) log_opt_values /opt/stack/data/venv/lib/python3.12/site-packages/oslo_config/cfg.py:2805}}
Feb 17 17:59:17.121267 np0000156078 devstack@n-api-meta.service[108580]: DEBUG nova.api.openstack.wsgi_app [None req-c296b1a2-e3db-4b8d-8c7e-30a131c6f3d0 None None] command line args: [] {{(pid=108580) log_opt_values /opt/stack/data/venv/lib/python3.12/site-packages/oslo_config/cfg.py:2806}}
Feb 17 17:59:17.121448 np0000156078 devstack@n-api-meta.service[108580]: DEBUG nova.api.openstack.wsgi_app [None req-c296b1a2-e3db-4b8d-8c7e-30a131c6f3d0 None None] config files: ['/etc/nova/api-paste.ini', '/etc/nova/nova.conf'] {{(pid=108580) log_opt_values /opt/stack/data/venv/lib/python3.12/site-packages/oslo_config/cfg.py:2807}}
Feb 17 17:59:17.121946 np0000156078 devstack@n-api-meta.service[108580]: DEBUG nova.api.openstack.wsgi_app [None req-c296b1a2-e3db-4b8d-8c7e-30a131c6f3d0 None None] ================================================================================ {{(pid=108580) log_opt_values /opt/stack/data/venv/lib/python3.12/site-packages/oslo_config/cfg.py:2809}}
Feb 17 17:59:17.121946 np0000156078 devstack@n-api-meta.service[108580]: DEBUG nova.api.openstack.wsgi_app [None req-c296b1a2-e3db-4b8d-8c7e-30a131c6f3d0 None None] allow_resize_to_same_host = True {{(pid=108580) log_opt_values /opt/stack/data/venv/lib/python3.12/site-packages/oslo_config/cfg.py:2817}}
Feb 17 17:59:17.122120 np0000156078 devstack@n-api-meta.service[108580]: DEBUG nova.api.openstack.wsgi_app [None req-c296b1a2-e3db-4b8d-8c7e-30a131c6f3d0 None None] arq_binding_timeout = 300 {{(pid=108580) log_opt_values /opt/stack/data/venv/lib/python3.12/site-packages/oslo_config/cfg.py:2817}}
Feb 17 17:59:17.122196 np0000156078 devstack@n-api-meta.service[108580]: DEBUG nova.api.openstack.wsgi_app [None req-c296b1a2-e3db-4b8d-8c7e-30a131c6f3d0 None None] block_device_allocate_retries = 60 {{(pid=108580) log_opt_values /opt/stack/data/venv/lib/python3.12/site-packages/oslo_config/cfg.py:2817}}
Feb 17 17:59:17.122381 np0000156078 devstack@n-api-meta.service[108580]: DEBUG nova.api.openstack.wsgi_app [None req-c296b1a2-e3db-4b8d-8c7e-30a131c6f3d0 None None] block_device_allocate_retries_interval = 3 {{(pid=108580) log_opt_values /opt/stack/data/venv/lib/python3.12/site-packages/oslo_config/cfg.py:2817}}
Feb 17 17:59:17.122534 np0000156078 devstack@n-api-meta.service[108580]: DEBUG nova.api.openstack.wsgi_app [None req-c296b1a2-e3db-4b8d-8c7e-30a131c6f3d0 None None] cell_worker_thread_pool_size = 5 {{(pid=108580) log_opt_values /opt/stack/data/venv/lib/python3.12/site-packages/oslo_config/cfg.py:2817}}
Feb 17 17:59:17.122672 np0000156078 devstack@n-api-meta.service[108580]: DEBUG nova.api.openstack.wsgi_app [None req-c296b1a2-e3db-4b8d-8c7e-30a131c6f3d0 None None] cert = self.pem {{(pid=108580) log_opt_values /opt/stack/data/venv/lib/python3.12/site-packages/oslo_config/cfg.py:2817}}
Feb 17 17:59:17.122825 np0000156078 devstack@n-api-meta.service[108580]: DEBUG nova.api.openstack.wsgi_app [None req-c296b1a2-e3db-4b8d-8c7e-30a131c6f3d0 None None] compute_driver = libvirt.LibvirtDriver {{(pid=108580) log_opt_values /opt/stack/data/venv/lib/python3.12/site-packages/oslo_config/cfg.py:2817}}
Feb 17 17:59:17.122969 np0000156078 devstack@n-api-meta.service[108580]: DEBUG nova.api.openstack.wsgi_app [None req-c296b1a2-e3db-4b8d-8c7e-30a131c6f3d0 None None] compute_monitors = [] {{(pid=108580) log_opt_values /opt/stack/data/venv/lib/python3.12/site-packages/oslo_config/cfg.py:2817}}
Feb 17 17:59:17.123101 np0000156078 devstack@n-api-meta.service[108580]: DEBUG nova.api.openstack.wsgi_app [None req-c296b1a2-e3db-4b8d-8c7e-30a131c6f3d0 None None] config_dir = [] {{(pid=108580) log_opt_values /opt/stack/data/venv/lib/python3.12/site-packages/oslo_config/cfg.py:2817}}
Feb 17 17:59:17.123261 np0000156078 devstack@n-api-meta.service[108580]: DEBUG nova.api.openstack.wsgi_app [None req-c296b1a2-e3db-4b8d-8c7e-30a131c6f3d0 None None] config_drive_format = iso9660 {{(pid=108580) log_opt_values /opt/stack/data/venv/lib/python3.12/site-packages/oslo_config/cfg.py:2817}}
Feb 17 17:59:17.123373 np0000156078 devstack@n-api-meta.service[108580]: DEBUG nova.api.openstack.wsgi_app [None req-c296b1a2-e3db-4b8d-8c7e-30a131c6f3d0 None None] config_file = ['/etc/nova/api-paste.ini', '/etc/nova/nova.conf'] {{(pid=108580) log_opt_values /opt/stack/data/venv/lib/python3.12/site-packages/oslo_config/cfg.py:2817}}
Feb 17 17:59:17.123489 np0000156078 devstack@n-api-meta.service[108580]: DEBUG nova.api.openstack.wsgi_app [None req-c296b1a2-e3db-4b8d-8c7e-30a131c6f3d0 None None] config_source = [] {{(pid=108580) log_opt_values /opt/stack/data/venv/lib/python3.12/site-packages/oslo_config/cfg.py:2817}}
Feb 17 17:59:17.123635 np0000156078 devstack@n-api-meta.service[108580]: DEBUG nova.api.openstack.wsgi_app [None req-c296b1a2-e3db-4b8d-8c7e-30a131c6f3d0 None None] console_host = np0000156078 {{(pid=108580) log_opt_values /opt/stack/data/venv/lib/python3.12/site-packages/oslo_config/cfg.py:2817}}
Feb 17 17:59:17.123771 np0000156078 devstack@n-api-meta.service[108580]: DEBUG nova.api.openstack.wsgi_app [None req-c296b1a2-e3db-4b8d-8c7e-30a131c6f3d0 None None] control_exchange = nova {{(pid=108580) log_opt_values /opt/stack/data/venv/lib/python3.12/site-packages/oslo_config/cfg.py:2817}}
Feb 17 17:59:17.123903 np0000156078 devstack@n-api-meta.service[108580]: DEBUG nova.api.openstack.wsgi_app [None req-c296b1a2-e3db-4b8d-8c7e-30a131c6f3d0 None None] cpu_allocation_ratio = None {{(pid=108580) log_opt_values /opt/stack/data/venv/lib/python3.12/site-packages/oslo_config/cfg.py:2817}}
Feb 17 17:59:17.124027 np0000156078 devstack@n-api-meta.service[108580]: DEBUG nova.api.openstack.wsgi_app [None req-c296b1a2-e3db-4b8d-8c7e-30a131c6f3d0 None None] daemon = False {{(pid=108580) log_opt_values /opt/stack/data/venv/lib/python3.12/site-packages/oslo_config/cfg.py:2817}}
Feb 17 17:59:17.124158 np0000156078 devstack@n-api-meta.service[108580]: DEBUG nova.api.openstack.wsgi_app [None req-c296b1a2-e3db-4b8d-8c7e-30a131c6f3d0 None None] debug = True {{(pid=108580) log_opt_values /opt/stack/data/venv/lib/python3.12/site-packages/oslo_config/cfg.py:2817}}
Feb 17 17:59:17.124301 np0000156078 devstack@n-api-meta.service[108580]: DEBUG nova.api.openstack.wsgi_app [None req-c296b1a2-e3db-4b8d-8c7e-30a131c6f3d0 None None] default_access_ip_network_name = None {{(pid=108580) log_opt_values /opt/stack/data/venv/lib/python3.12/site-packages/oslo_config/cfg.py:2817}}
Feb 17 17:59:17.124435 np0000156078 devstack@n-api-meta.service[108580]: DEBUG nova.api.openstack.wsgi_app [None req-c296b1a2-e3db-4b8d-8c7e-30a131c6f3d0 None None] default_availability_zone = nova {{(pid=108580) log_opt_values /opt/stack/data/venv/lib/python3.12/site-packages/oslo_config/cfg.py:2817}}
Feb 17 17:59:17.124570 np0000156078 devstack@n-api-meta.service[108580]: DEBUG nova.api.openstack.wsgi_app [None req-c296b1a2-e3db-4b8d-8c7e-30a131c6f3d0 None None] default_ephemeral_format = ext4 {{(pid=108580) log_opt_values /opt/stack/data/venv/lib/python3.12/site-packages/oslo_config/cfg.py:2817}}
Feb 17 17:59:17.124690 np0000156078 devstack@n-api-meta.service[108580]: DEBUG nova.api.openstack.wsgi_app [None req-c296b1a2-e3db-4b8d-8c7e-30a131c6f3d0 None None] default_green_pool_size = 1000 {{(pid=108580) log_opt_values /opt/stack/data/venv/lib/python3.12/site-packages/oslo_config/cfg.py:2817}}
Feb 17 17:59:17.124892 np0000156078 devstack@n-api-meta.service[108580]: DEBUG nova.api.openstack.wsgi_app [None req-c296b1a2-e3db-4b8d-8c7e-30a131c6f3d0 None None] default_log_levels = ['amqp=WARN', 'boto=WARN', 'sqlalchemy=WARN', 'suds=INFO', 'oslo.messaging=INFO', 'oslo_messaging=INFO', 'iso8601=WARN', 'requests.packages.urllib3.connectionpool=WARN', 'urllib3.connectionpool=WARN', 'websocket=WARN', 'requests.packages.urllib3.util.retry=WARN', 'urllib3.util.retry=WARN', 'keystonemiddleware=WARN', 'routes.middleware=WARN', 'stevedore=WARN', 'taskflow=WARN', 'keystoneauth=WARN', 'oslo.cache=INFO', 'oslo_policy=INFO', 'dogpile.core.dogpile=INFO', 'glanceclient=WARN', 'oslo.privsep.daemon=INFO'] {{(pid=108580) log_opt_values /opt/stack/data/venv/lib/python3.12/site-packages/oslo_config/cfg.py:2817}}
Feb 17 17:59:17.125063 np0000156078 devstack@n-api-meta.service[108580]: DEBUG nova.api.openstack.wsgi_app [None req-c296b1a2-e3db-4b8d-8c7e-30a131c6f3d0 None None] default_schedule_zone = None {{(pid=108580) log_opt_values /opt/stack/data/venv/lib/python3.12/site-packages/oslo_config/cfg.py:2817}}
Feb 17 17:59:17.125161 np0000156078 devstack@n-api-meta.service[108580]: DEBUG nova.api.openstack.wsgi_app [None req-c296b1a2-e3db-4b8d-8c7e-30a131c6f3d0 None None] default_thread_pool_size = 10 {{(pid=108580) log_opt_values /opt/stack/data/venv/lib/python3.12/site-packages/oslo_config/cfg.py:2817}}
Feb 17 17:59:17.125298 np0000156078 devstack@n-api-meta.service[108580]: DEBUG nova.api.openstack.wsgi_app [None req-c296b1a2-e3db-4b8d-8c7e-30a131c6f3d0 None None] disk_allocation_ratio = None {{(pid=108580) log_opt_values /opt/stack/data/venv/lib/python3.12/site-packages/oslo_config/cfg.py:2817}}
Feb 17 17:59:17.125387 np0000156078 devstack@n-api-meta.service[108580]: DEBUG nova.api.openstack.wsgi_app [None req-c296b1a2-e3db-4b8d-8c7e-30a131c6f3d0 None None] enable_new_services = True {{(pid=108580) log_opt_values /opt/stack/data/venv/lib/python3.12/site-packages/oslo_config/cfg.py:2817}}
Feb 17 17:59:17.125518 np0000156078 devstack@n-api-meta.service[108580]: DEBUG nova.api.openstack.wsgi_app [None req-c296b1a2-e3db-4b8d-8c7e-30a131c6f3d0 None None] flat_injected = False {{(pid=108580) log_opt_values /opt/stack/data/venv/lib/python3.12/site-packages/oslo_config/cfg.py:2817}}
Feb 17 17:59:17.125622 np0000156078 devstack@n-api-meta.service[108580]: DEBUG nova.api.openstack.wsgi_app [None req-c296b1a2-e3db-4b8d-8c7e-30a131c6f3d0 None None] force_config_drive = False {{(pid=108580) log_opt_values /opt/stack/data/venv/lib/python3.12/site-packages/oslo_config/cfg.py:2817}}
Feb 17 17:59:17.125762 np0000156078 devstack@n-api-meta.service[108580]: DEBUG nova.api.openstack.wsgi_app [None req-c296b1a2-e3db-4b8d-8c7e-30a131c6f3d0 None None] force_raw_images = True {{(pid=108580) log_opt_values /opt/stack/data/venv/lib/python3.12/site-packages/oslo_config/cfg.py:2817}}
Feb 17 17:59:17.125910 np0000156078 devstack@n-api-meta.service[108580]: DEBUG nova.api.openstack.wsgi_app [None req-c296b1a2-e3db-4b8d-8c7e-30a131c6f3d0 None None] graceful_shutdown_timeout = 5 {{(pid=108580) log_opt_values /opt/stack/data/venv/lib/python3.12/site-packages/oslo_config/cfg.py:2817}}
Feb 17 17:59:17.126027 np0000156078 devstack@n-api-meta.service[108580]: DEBUG nova.api.openstack.wsgi_app [None req-c296b1a2-e3db-4b8d-8c7e-30a131c6f3d0 None None] heal_instance_info_cache_interval = -1 {{(pid=108580) log_opt_values /opt/stack/data/venv/lib/python3.12/site-packages/oslo_config/cfg.py:2817}}
Feb 17 17:59:17.126198 np0000156078 devstack@n-api-meta.service[108580]: DEBUG nova.api.openstack.wsgi_app [None req-c296b1a2-e3db-4b8d-8c7e-30a131c6f3d0 None None] host = np0000156078 {{(pid=108580) log_opt_values /opt/stack/data/venv/lib/python3.12/site-packages/oslo_config/cfg.py:2817}}
Feb 17 17:59:17.126375 np0000156078 devstack@n-api-meta.service[108580]: DEBUG nova.api.openstack.wsgi_app [None req-c296b1a2-e3db-4b8d-8c7e-30a131c6f3d0 None None] initial_cpu_allocation_ratio = 4.0 {{(pid=108580) log_opt_values /opt/stack/data/venv/lib/python3.12/site-packages/oslo_config/cfg.py:2817}}
Feb 17 17:59:17.126505 np0000156078 devstack@n-api-meta.service[108580]: DEBUG nova.api.openstack.wsgi_app [None req-c296b1a2-e3db-4b8d-8c7e-30a131c6f3d0 None None] initial_disk_allocation_ratio = 1.0 {{(pid=108580) log_opt_values /opt/stack/data/venv/lib/python3.12/site-packages/oslo_config/cfg.py:2817}}
Feb 17 17:59:17.126633 np0000156078 devstack@n-api-meta.service[108580]: DEBUG nova.api.openstack.wsgi_app [None req-c296b1a2-e3db-4b8d-8c7e-30a131c6f3d0 None None] initial_ram_allocation_ratio = 1.0 {{(pid=108580) log_opt_values /opt/stack/data/venv/lib/python3.12/site-packages/oslo_config/cfg.py:2817}}
Feb 17 17:59:17.126833 np0000156078 devstack@n-api-meta.service[108580]: DEBUG nova.api.openstack.wsgi_app [None req-c296b1a2-e3db-4b8d-8c7e-30a131c6f3d0 None None] injected_network_template = /opt/stack/nova/nova/virt/interfaces.template {{(pid=108580) log_opt_values /opt/stack/data/venv/lib/python3.12/site-packages/oslo_config/cfg.py:2817}}
Feb 17 17:59:17.126966 np0000156078 devstack@n-api-meta.service[108580]: DEBUG nova.api.openstack.wsgi_app [None req-c296b1a2-e3db-4b8d-8c7e-30a131c6f3d0 None None] instance_build_timeout = 0 {{(pid=108580) log_opt_values /opt/stack/data/venv/lib/python3.12/site-packages/oslo_config/cfg.py:2817}}
Feb 17 17:59:17.128258 np0000156078 devstack@n-api-meta.service[108580]: DEBUG nova.api.openstack.wsgi_app [None req-c296b1a2-e3db-4b8d-8c7e-30a131c6f3d0 None None] instance_delete_interval = 300 {{(pid=108580) log_opt_values /opt/stack/data/venv/lib/python3.12/site-packages/oslo_config/cfg.py:2817}}
Feb 17 17:59:17.128258 np0000156078 devstack@n-api-meta.service[108580]: DEBUG nova.api.openstack.wsgi_app [None req-c296b1a2-e3db-4b8d-8c7e-30a131c6f3d0 None None] instance_format = [instance: %(uuid)s] {{(pid=108580) log_opt_values /opt/stack/data/venv/lib/python3.12/site-packages/oslo_config/cfg.py:2817}}
Feb 17 17:59:17.128258 np0000156078 devstack@n-api-meta.service[108580]: DEBUG nova.api.openstack.wsgi_app [None req-c296b1a2-e3db-4b8d-8c7e-30a131c6f3d0 None None] instance_name_template = instance-%08x {{(pid=108580) log_opt_values /opt/stack/data/venv/lib/python3.12/site-packages/oslo_config/cfg.py:2817}}
Feb 17 17:59:17.128258 np0000156078 devstack@n-api-meta.service[108580]: DEBUG nova.api.openstack.wsgi_app [None req-c296b1a2-e3db-4b8d-8c7e-30a131c6f3d0 None None] instance_usage_audit = False {{(pid=108580) log_opt_values /opt/stack/data/venv/lib/python3.12/site-packages/oslo_config/cfg.py:2817}}
Feb 17 17:59:17.128258 np0000156078 devstack@n-api-meta.service[108580]: DEBUG nova.api.openstack.wsgi_app [None req-c296b1a2-e3db-4b8d-8c7e-30a131c6f3d0 None None] instance_usage_audit_period = month {{(pid=108580) log_opt_values /opt/stack/data/venv/lib/python3.12/site-packages/oslo_config/cfg.py:2817}}
Feb 17 17:59:17.128258 np0000156078 devstack@n-api-meta.service[108580]: DEBUG nova.api.openstack.wsgi_app [None req-c296b1a2-e3db-4b8d-8c7e-30a131c6f3d0 None None] instance_uuid_format = [instance: %(uuid)s] {{(pid=108580) log_opt_values /opt/stack/data/venv/lib/python3.12/site-packages/oslo_config/cfg.py:2817}}
Feb 17 17:59:17.128258 np0000156078 devstack@n-api-meta.service[108580]: DEBUG nova.api.openstack.wsgi_app [None req-c296b1a2-e3db-4b8d-8c7e-30a131c6f3d0 None None] instances_path = /opt/stack/data/nova/instances {{(pid=108580) log_opt_values /opt/stack/data/venv/lib/python3.12/site-packages/oslo_config/cfg.py:2817}}
Feb 17 17:59:17.128534 np0000156078 devstack@n-api-meta.service[108580]: DEBUG nova.api.openstack.wsgi_app [None req-c296b1a2-e3db-4b8d-8c7e-30a131c6f3d0 None None] internal_service_availability_zone = internal {{(pid=108580) log_opt_values /opt/stack/data/venv/lib/python3.12/site-packages/oslo_config/cfg.py:2817}}
Feb 17 17:59:17.128534 np0000156078 devstack@n-api-meta.service[108580]: DEBUG nova.api.openstack.wsgi_app [None req-c296b1a2-e3db-4b8d-8c7e-30a131c6f3d0 None None] key = None {{(pid=108580) log_opt_values /opt/stack/data/venv/lib/python3.12/site-packages/oslo_config/cfg.py:2817}}
Feb 17 17:59:17.128534 np0000156078 devstack@n-api-meta.service[108580]: DEBUG nova.api.openstack.wsgi_app [None req-c296b1a2-e3db-4b8d-8c7e-30a131c6f3d0 None None] live_migration_retry_count = 30 {{(pid=108580) log_opt_values /opt/stack/data/venv/lib/python3.12/site-packages/oslo_config/cfg.py:2817}}
Feb 17 17:59:17.128534 np0000156078 devstack@n-api-meta.service[108580]: DEBUG nova.api.openstack.wsgi_app [None req-c296b1a2-e3db-4b8d-8c7e-30a131c6f3d0 None None] log_color = False {{(pid=108580) log_opt_values /opt/stack/data/venv/lib/python3.12/site-packages/oslo_config/cfg.py:2817}}
Feb 17 17:59:17.128534 np0000156078 devstack@n-api-meta.service[108580]: DEBUG nova.api.openstack.wsgi_app [None req-c296b1a2-e3db-4b8d-8c7e-30a131c6f3d0 None None] log_config_append = None {{(pid=108580) log_opt_values /opt/stack/data/venv/lib/python3.12/site-packages/oslo_config/cfg.py:2817}}
Feb 17 17:59:17.128721 np0000156078 devstack@n-api-meta.service[108580]: DEBUG nova.api.openstack.wsgi_app [None req-c296b1a2-e3db-4b8d-8c7e-30a131c6f3d0 None None] log_date_format = %Y-%m-%d %H:%M:%S {{(pid=108580) log_opt_values /opt/stack/data/venv/lib/python3.12/site-packages/oslo_config/cfg.py:2817}}
Feb 17 17:59:17.128762 np0000156078 devstack@n-api-meta.service[108580]: DEBUG nova.api.openstack.wsgi_app [None req-c296b1a2-e3db-4b8d-8c7e-30a131c6f3d0 None None] log_dir = None {{(pid=108580) log_opt_values /opt/stack/data/venv/lib/python3.12/site-packages/oslo_config/cfg.py:2817}}
Feb 17 17:59:17.129144 np0000156078 devstack@n-api-meta.service[108580]: DEBUG nova.api.openstack.wsgi_app [None req-c296b1a2-e3db-4b8d-8c7e-30a131c6f3d0 None None] log_file = None {{(pid=108580) log_opt_values /opt/stack/data/venv/lib/python3.12/site-packages/oslo_config/cfg.py:2817}}
Feb 17 17:59:17.129144 np0000156078 devstack@n-api-meta.service[108580]: DEBUG nova.api.openstack.wsgi_app [None req-c296b1a2-e3db-4b8d-8c7e-30a131c6f3d0 None None] log_options = True {{(pid=108580) log_opt_values /opt/stack/data/venv/lib/python3.12/site-packages/oslo_config/cfg.py:2817}}
Feb 17 17:59:17.129302 np0000156078 devstack@n-api-meta.service[108580]: DEBUG nova.api.openstack.wsgi_app [None req-c296b1a2-e3db-4b8d-8c7e-30a131c6f3d0 None None] log_rotate_interval = 1 {{(pid=108580) log_opt_values /opt/stack/data/venv/lib/python3.12/site-packages/oslo_config/cfg.py:2817}}
Feb 17 17:59:17.129470 np0000156078 devstack@n-api-meta.service[108580]: DEBUG nova.api.openstack.wsgi_app [None req-c296b1a2-e3db-4b8d-8c7e-30a131c6f3d0 None None] log_rotate_interval_type = days {{(pid=108580) log_opt_values /opt/stack/data/venv/lib/python3.12/site-packages/oslo_config/cfg.py:2817}}
Feb 17 17:59:17.129602 np0000156078 devstack@n-api-meta.service[108580]: DEBUG nova.api.openstack.wsgi_app [None req-c296b1a2-e3db-4b8d-8c7e-30a131c6f3d0 None None] log_rotation_type = none {{(pid=108580) log_opt_values /opt/stack/data/venv/lib/python3.12/site-packages/oslo_config/cfg.py:2817}}
Feb 17 17:59:17.129783 np0000156078 devstack@n-api-meta.service[108580]: DEBUG nova.api.openstack.wsgi_app [None req-c296b1a2-e3db-4b8d-8c7e-30a131c6f3d0 None None] logging_context_format_string = %(color)s%(levelname)s %(name)s [%(global_request_id)s %(request_id)s %(project_name)s %(user_name)s%(color)s] %(instance)s%(color)s%(message)s {{(pid=108580) log_opt_values /opt/stack/data/venv/lib/python3.12/site-packages/oslo_config/cfg.py:2817}}
Feb 17 17:59:17.129783 np0000156078 devstack@n-api-meta.service[108580]: DEBUG nova.api.openstack.wsgi_app [None req-c296b1a2-e3db-4b8d-8c7e-30a131c6f3d0 None None] logging_debug_format_suffix = {{(pid=%(process)d) %(funcName)s %(pathname)s:%(lineno)d}} {{(pid=108580) log_opt_values /opt/stack/data/venv/lib/python3.12/site-packages/oslo_config/cfg.py:2817}}
Feb 17 17:59:17.129938 np0000156078 devstack@n-api-meta.service[108580]: DEBUG nova.api.openstack.wsgi_app [None req-c296b1a2-e3db-4b8d-8c7e-30a131c6f3d0 None None] logging_default_format_string = %(color)s%(levelname)s %(name)s [-%(color)s] %(instance)s%(color)s%(message)s {{(pid=108580) log_opt_values /opt/stack/data/venv/lib/python3.12/site-packages/oslo_config/cfg.py:2817}}
Feb 17 17:59:17.130055 np0000156078 devstack@n-api-meta.service[108580]: DEBUG nova.api.openstack.wsgi_app [None req-c296b1a2-e3db-4b8d-8c7e-30a131c6f3d0 None None] logging_exception_prefix = ERROR %(name)s %(instance)s {{(pid=108580) log_opt_values /opt/stack/data/venv/lib/python3.12/site-packages/oslo_config/cfg.py:2817}}
