Apr 07 21:01:15.337465 np0000164079 devstack@neutron-api.service[102383]: DEBUG neutron.api.extensions [None req-06234283-2046-4935-9051-36b724597cca None None] Ext name="Add security_group type to network RBAC" alias="rbac-security-groups" description="Add security_group type to network RBAC" updated="2019-02-14T00:00:00-00:00" {{(pid=102383) _check_extension /opt/stack/neutron/neutron/api/extensions.py:415}}
Apr 07 21:01:15.337546 np0000164079 devstack@neutron-api.service[102382]: DEBUG neutron.api.extensions [None req-9a2d156f-005e-4c04-9455-e23a61ea74ce None None] Extended resource: extensions {{(pid=102382) __init__ /opt/stack/neutron/neutron/api/extensions.py:156}}
Apr 07 21:01:15.337934 np0000164079 devstack@neutron-api.service[102383]: INFO neutron.api.extensions [None req-06234283-2046-4935-9051-36b724597cca None None] Loaded extension: rbac-security-groups
Apr 07 21:01:15.338046 np0000164079 devstack@neutron-api.service[102383]: DEBUG neutron.api.extensions [None req-06234283-2046-4935-9051-36b724597cca None None] Loading extension file: rbac_subnetpool.py {{(pid=102383) _load_all_extensions_from_path /opt/stack/neutron/neutron/api/extensions.py:449}}
Apr 07 21:01:15.338349 np0000164079 devstack@neutron-api.service[102383]: DEBUG neutron.api.extensions [None req-06234283-2046-4935-9051-36b724597cca None None] Ext name="Add subnetpool type to RBAC" alias="rbac-subnetpool" description="Add subnetpool type to RBAC" updated="2020-02-05T00:00:00-00:00" {{(pid=102383) _check_extension /opt/stack/neutron/neutron/api/extensions.py:415}}
Apr 07 21:01:15.338499 np0000164079 devstack@neutron-api.service[102383]: INFO neutron.api.extensions [None req-06234283-2046-4935-9051-36b724597cca None None] Extension rbac-subnetpool not supported by any of loaded plugins
Apr 07 21:01:15.338647 np0000164079 devstack@neutron-api.service[102382]: DEBUG neutron.api.extensions [None req-9a2d156f-005e-4c04-9455-e23a61ea74ce None None] Extended resource: address-groups {{(pid=102382) __init__ /opt/stack/neutron/neutron/api/extensions.py:156}}
Apr 07 21:01:15.338726 np0000164079 devstack@neutron-api.service[102383]: DEBUG neutron.api.extensions [None req-06234283-2046-4935-9051-36b724597cca None None] Loading extension file: revisionifmatch.py {{(pid=102383) _load_all_extensions_from_path /opt/stack/neutron/neutron/api/extensions.py:449}}
Apr 07 21:01:15.338726 np0000164079 devstack@neutron-api.service[102383]: DEBUG neutron.api.extensions [None req-06234283-2046-4935-9051-36b724597cca None None] Ext name="If-Match constraints based on revision_number" alias="revision-if-match" description="Extension indicating that If-Match based on revision_number is supported." updated="2016-12-11T00:00:00-00:00" {{(pid=102383) _check_extension /opt/stack/neutron/neutron/api/extensions.py:415}}
Apr 07 21:01:15.338996 np0000164079 devstack@neutron-api.service[102383]: INFO neutron.api.extensions [None req-06234283-2046-4935-9051-36b724597cca None None] Loaded extension: revision-if-match
Apr 07 21:01:15.338996 np0000164079 devstack@neutron-api.service[102383]: DEBUG neutron.api.extensions [None req-06234283-2046-4935-9051-36b724597cca None None] Loading extension file: revisions.py {{(pid=102383) _load_all_extensions_from_path /opt/stack/neutron/neutron/api/extensions.py:449}}
Apr 07 21:01:15.339181 np0000164079 devstack@neutron-api.service[102382]: DEBUG neutron.api.extensions [None req-9a2d156f-005e-4c04-9455-e23a61ea74ce None None] Extended resource: address-scopes {{(pid=102382) __init__ /opt/stack/neutron/neutron/api/extensions.py:156}}
Apr 07 21:01:15.339357 np0000164079 devstack@neutron-api.service[102383]: DEBUG neutron.api.extensions [None req-06234283-2046-4935-9051-36b724597cca None None] Ext name="Resource revision numbers" alias="standard-attr-revisions" description="This extension will display the revision number of neutron resources." updated="2016-04-11T10:00:00-00:00" {{(pid=102383) _check_extension /opt/stack/neutron/neutron/api/extensions.py:415}}
Apr 07 21:01:15.339465 np0000164079 devstack@neutron-api.service[102383]: INFO neutron.api.extensions [None req-06234283-2046-4935-9051-36b724597cca None None] Loaded extension: standard-attr-revisions
Apr 07 21:01:15.339613 np0000164079 devstack@neutron-api.service[102383]: DEBUG neutron.api.extensions [None req-06234283-2046-4935-9051-36b724597cca None None] Loading extension file: router_availability_zone.py {{(pid=102383) _load_all_extensions_from_path /opt/stack/neutron/neutron/api/extensions.py:449}}
Apr 07 21:01:15.339726 np0000164079 devstack@neutron-api.service[102382]: DEBUG neutron.api.extensions [None req-9a2d156f-005e-4c04-9455-e23a61ea74ce None None] Extended resource: agents {{(pid=102382) __init__ /opt/stack/neutron/neutron/api/extensions.py:156}}
Apr 07 21:01:15.340010 np0000164079 devstack@neutron-api.service[102383]: DEBUG neutron.api.extensions [None req-06234283-2046-4935-9051-36b724597cca None None] Ext name="Router Availability Zone" alias="router_availability_zone" description="Availability zone support for router." updated="2015-01-01T10:00:00-00:00" {{(pid=102383) _check_extension /opt/stack/neutron/neutron/api/extensions.py:415}}
Apr 07 21:01:15.340010 np0000164079 devstack@neutron-api.service[102383]: INFO neutron.api.extensions [None req-06234283-2046-4935-9051-36b724597cca None None] Loaded extension: router_availability_zone
Apr 07 21:01:15.340353 np0000164079 devstack@neutron-api.service[102383]: DEBUG neutron.api.extensions [None req-06234283-2046-4935-9051-36b724597cca None None] Loading extension file: router_enable_snat.py {{(pid=102383) _load_all_extensions_from_path /opt/stack/neutron/neutron/api/extensions.py:449}}
Apr 07 21:01:15.340666 np0000164079 devstack@neutron-api.service[102382]: DEBUG neutron.api.extensions [None req-9a2d156f-005e-4c04-9455-e23a61ea74ce None None] Extended resource: auto-allocated-topology {{(pid=102382) __init__ /opt/stack/neutron/neutron/api/extensions.py:156}}
Apr 07 21:01:15.340965 np0000164079 devstack@neutron-api.service[102383]: DEBUG neutron.api.extensions [None req-06234283-2046-4935-9051-36b724597cca None None] Ext name="Exposes the router "enable_snat" read-only configuration flag" alias="router-enable-snat" description="Exposes the router "enable_snat" read-only configuration flag" updated="2025-09-18T18:00:00-00:00" {{(pid=102383) _check_extension /opt/stack/neutron/neutron/api/extensions.py:415}}
Apr 07 21:01:15.340965 np0000164079 devstack@neutron-api.service[102383]: INFO neutron.api.extensions [None req-06234283-2046-4935-9051-36b724597cca None None] Loaded extension: router-enable-snat
Apr 07 21:01:15.340965 np0000164079 devstack@neutron-api.service[102383]: DEBUG neutron.api.extensions [None req-06234283-2046-4935-9051-36b724597cca None None] Loading extension file: routerservicetype.py {{(pid=102383) _load_all_extensions_from_path /opt/stack/neutron/neutron/api/extensions.py:449}}
Apr 07 21:01:15.341181 np0000164079 devstack@neutron-api.service[102382]: DEBUG neutron.api.extensions [None req-9a2d156f-005e-4c04-9455-e23a61ea74ce None None] Extended resource: availability_zones {{(pid=102382) __init__ /opt/stack/neutron/neutron/api/extensions.py:156}}
Apr 07 21:01:15.341236 np0000164079 devstack@neutron-api.service[102383]: DEBUG neutron.api.extensions [None req-06234283-2046-4935-9051-36b724597cca None None] Ext name="Router Service Type" alias="router-service-type" description="Provides router service type" updated="2013-01-29T00:00:00-00:00" {{(pid=102383) _check_extension /opt/stack/neutron/neutron/api/extensions.py:415}}
Apr 07 21:01:15.341236 np0000164079 devstack@neutron-api.service[102383]: INFO neutron.api.extensions [None req-06234283-2046-4935-9051-36b724597cca None None] Extension router-service-type not supported by any of loaded plugins
Apr 07 21:01:15.341236 np0000164079 devstack@neutron-api.service[102383]: DEBUG neutron.api.extensions [None req-06234283-2046-4935-9051-36b724597cca None None] Loading extension file: security_groups_default_rules.py {{(pid=102383) _load_all_extensions_from_path /opt/stack/neutron/neutron/api/extensions.py:449}}
Apr 07 21:01:15.341390 np0000164079 devstack@neutron-api.service[102382]: DEBUG neutron.api.extensions [None req-9a2d156f-005e-4c04-9455-e23a61ea74ce None None] Extended resource: dhcp-networks {{(pid=102382) __init__ /opt/stack/neutron/neutron/api/extensions.py:156}}
Apr 07 21:01:15.341555 np0000164079 devstack@neutron-api.service[102383]: DEBUG neutron.api.extensions [None req-06234283-2046-4935-9051-36b724597cca None None] Ext name="Default rules for security groups" alias="security-groups-default-rules" description="Configure set of security group rules used as default rules for every new security group" updated="2022-12-19T10:00:00-00:00" {{(pid=102383) _check_extension /opt/stack/neutron/neutron/api/extensions.py:415}}
Apr 07 21:01:15.341745 np0000164079 devstack@neutron-api.service[102383]: INFO neutron.api.extensions [None req-06234283-2046-4935-9051-36b724597cca None None] Loaded extension: security-groups-default-rules
Apr 07 21:01:15.341832 np0000164079 devstack@neutron-api.service[102383]: DEBUG neutron.api.extensions [None req-06234283-2046-4935-9051-36b724597cca None None] Loading extension file: security_groups_normalized_cidr.py {{(pid=102383) _load_all_extensions_from_path /opt/stack/neutron/neutron/api/extensions.py:449}}
Apr 07 21:01:15.341901 np0000164079 devstack@neutron-api.service[102382]: DEBUG neutron.api.extensions [None req-9a2d156f-005e-4c04-9455-e23a61ea74ce None None] Extended resource: dhcp-agents {{(pid=102382) __init__ /opt/stack/neutron/neutron/api/extensions.py:156}}
Apr 07 21:01:15.342104 np0000164079 devstack@neutron-api.service[102383]: DEBUG neutron.api.extensions [None req-06234283-2046-4935-9051-36b724597cca None None] Ext name="Normalized CIDR field for security group rules" alias="security-groups-normalized-cidr" description="Add new field with normalized remote_ip_prefix cidr in SG rule" updated="2020-07-28T10:00:00-00:00" {{(pid=102383) _check_extension /opt/stack/neutron/neutron/api/extensions.py:415}}
Apr 07 21:01:15.342301 np0000164079 devstack@neutron-api.service[102383]: INFO neutron.api.extensions [None req-06234283-2046-4935-9051-36b724597cca None None] Loaded extension: security-groups-normalized-cidr
Apr 07 21:01:15.342301 np0000164079 devstack@neutron-api.service[102383]: DEBUG neutron.api.extensions [None req-06234283-2046-4935-9051-36b724597cca None None] Loading extension file: security_groups_port_filtering.py {{(pid=102383) _load_all_extensions_from_path /opt/stack/neutron/neutron/api/extensions.py:449}}
Apr 07 21:01:15.342605 np0000164079 devstack@neutron-api.service[102382]: DEBUG neutron.api.extensions [None req-9a2d156f-005e-4c04-9455-e23a61ea74ce None None] Extended resource: routers {{(pid=102382) __init__ /opt/stack/neutron/neutron/api/extensions.py:156}}
Apr 07 21:01:15.342753 np0000164079 devstack@neutron-api.service[102383]: DEBUG neutron.api.extensions [None req-06234283-2046-4935-9051-36b724597cca None None] Ext name="Port filtering on security groups" alias="port-security-groups-filtering" description="Provides security groups filtering when listing ports" updated="2018-01-09T09:00:00-00:00" {{(pid=102383) _check_extension /opt/stack/neutron/neutron/api/extensions.py:415}}
Apr 07 21:01:15.342913 np0000164079 devstack@neutron-api.service[102383]: INFO neutron.api.extensions [None req-06234283-2046-4935-9051-36b724597cca None None] Extension port-security-groups-filtering not supported by any of loaded plugins
Apr 07 21:01:15.342913 np0000164079 devstack@neutron-api.service[102383]: DEBUG neutron.api.extensions [None req-06234283-2046-4935-9051-36b724597cca None None] Loading extension file: security_groups_remote_address_group.py {{(pid=102383) _load_all_extensions_from_path /opt/stack/neutron/neutron/api/extensions.py:449}}
Apr 07 21:01:15.343252 np0000164079 devstack@neutron-api.service[102383]: DEBUG neutron.api.extensions [None req-06234283-2046-4935-9051-36b724597cca None None] Ext name="Remote address group id field for security group rules" alias="security-groups-remote-address-group" description="Add new field of remote address group id in SG rules" updated="2020-08-25T10:00:00-00:00" {{(pid=102383) _check_extension /opt/stack/neutron/neutron/api/extensions.py:415}}
Apr 07 21:01:15.343392 np0000164079 devstack@neutron-api.service[102383]: INFO neutron.api.extensions [None req-06234283-2046-4935-9051-36b724597cca None None] Loaded extension: security-groups-remote-address-group
Apr 07 21:01:15.343546 np0000164079 devstack@neutron-api.service[102383]: DEBUG neutron.api.extensions [None req-06234283-2046-4935-9051-36b724597cca None None] Loading extension file: security_groups_rules_belongs_to_default_sg.py {{(pid=102383) _load_all_extensions_from_path /opt/stack/neutron/neutron/api/extensions.py:449}}
Apr 07 21:01:15.343622 np0000164079 devstack@neutron-api.service[102382]: DEBUG neutron.api.extensions [None req-9a2d156f-005e-4c04-9455-e23a61ea74ce None None] Extended resource: flavors {{(pid=102382) __init__ /opt/stack/neutron/neutron/api/extensions.py:156}}
Apr 07 21:01:15.343738 np0000164079 devstack@neutron-api.service[102383]: DEBUG neutron.api.extensions [None req-06234283-2046-4935-9051-36b724597cca None None] Ext name="Security group rule belongs to the project's default security group" alias="security-groups-rules-belongs-to-default-sg" description="Flag to determine if the security group rule belongs to the project's default security group" updated="2023-05-23T10:00:00-00:00" {{(pid=102383) _check_extension /opt/stack/neutron/neutron/api/extensions.py:415}}
Apr 07 21:01:15.343934 np0000164079 devstack@neutron-api.service[102383]: INFO neutron.api.extensions [None req-06234283-2046-4935-9051-36b724597cca None None] Loaded extension: security-groups-rules-belongs-to-default-sg
Apr 07 21:01:15.343934 np0000164079 devstack@neutron-api.service[102383]: DEBUG neutron.api.extensions [None req-06234283-2046-4935-9051-36b724597cca None None] Loading extension file: security_groups_shared_filtering.py {{(pid=102383) _load_all_extensions_from_path /opt/stack/neutron/neutron/api/extensions.py:449}}
Apr 07 21:01:15.344052 np0000164079 devstack@neutron-api.service[102382]: DEBUG neutron.api.extensions [None req-9a2d156f-005e-4c04-9455-e23a61ea74ce None None] Extended resource: service_profiles {{(pid=102382) __init__ /opt/stack/neutron/neutron/api/extensions.py:156}}
Apr 07 21:01:15.344222 np0000164079 devstack@neutron-api.service[102383]: DEBUG neutron.api.extensions [None req-06234283-2046-4935-9051-36b724597cca None None] Ext name="Security group filtering on the shared field" alias="security-groups-shared-filtering" description="Support filtering security groups on the shared field" updated="2021-10-05T09:00:00-00:00" {{(pid=102383) _check_extension /opt/stack/neutron/neutron/api/extensions.py:415}}
Apr 07 21:01:15.344408 np0000164079 devstack@neutron-api.service[102383]: INFO neutron.api.extensions [None req-06234283-2046-4935-9051-36b724597cca None None] Loaded extension: security-groups-shared-filtering
Apr 07 21:01:15.344526 np0000164079 devstack@neutron-api.service[102383]: DEBUG neutron.api.extensions [None req-06234283-2046-4935-9051-36b724597cca None None] Loading extension file: securitygroup.py {{(pid=102383) _load_all_extensions_from_path /opt/stack/neutron/neutron/api/extensions.py:449}}
Apr 07 21:01:15.344618 np0000164079 devstack@neutron-api.service[102382]: DEBUG neutron.api.extensions [None req-9a2d156f-005e-4c04-9455-e23a61ea74ce None None] Extended resource: next_providers {{(pid=102382) __init__ /opt/stack/neutron/neutron/api/extensions.py:156}}
Apr 07 21:01:15.345503 np0000164079 devstack@neutron-api.service[102382]: DEBUG neutron.api.extensions [None req-9a2d156f-005e-4c04-9455-e23a61ea74ce None None] Extended resource: service_profiles {{(pid=102382) __init__ /opt/stack/neutron/neutron/api/extensions.py:156}}
Apr 07 21:01:15.346323 np0000164079 devstack@neutron-api.service[102382]: DEBUG neutron.api.extensions [None req-9a2d156f-005e-4c04-9455-e23a61ea74ce None None] Extended resource: floatingip-pools {{(pid=102382) __init__ /opt/stack/neutron/neutron/api/extensions.py:156}}
Apr 07 21:01:15.346761 np0000164079 devstack@neutron-api.service[102383]: DEBUG neutron.api.extensions [None req-06234283-2046-4935-9051-36b724597cca None None] Ext name="security-group" alias="security-group" description="The security groups extension." updated="2012-10-05T10:00:00-00:00" {{(pid=102383) _check_extension /opt/stack/neutron/neutron/api/extensions.py:415}}
Apr 07 21:01:15.347053 np0000164079 devstack@neutron-api.service[102382]: DEBUG neutron.api.extensions [None req-9a2d156f-005e-4c04-9455-e23a61ea74ce None None] Extended resource: routers {{(pid=102382) __init__ /opt/stack/neutron/neutron/api/extensions.py:156}}
Apr 07 21:01:15.347381 np0000164079 devstack@neutron-api.service[102383]: INFO neutron.api.extensions [None req-06234283-2046-4935-9051-36b724597cca None None] Loaded extension: security-group
Apr 07 21:01:15.347381 np0000164079 devstack@neutron-api.service[102383]: DEBUG neutron.api.extensions [None req-06234283-2046-4935-9051-36b724597cca None None] Loading extension file: segment.py {{(pid=102383) _load_all_extensions_from_path /opt/stack/neutron/neutron/api/extensions.py:449}}
Apr 07 21:01:15.347381 np0000164079 devstack@neutron-api.service[102383]: DEBUG neutron.api.extensions [None req-06234283-2046-4935-9051-36b724597cca None None] Ext name="Segment" alias="segment" description="Segments extension." updated="2016-02-24T17:00:00-00:00" {{(pid=102383) _check_extension /opt/stack/neutron/neutron/api/extensions.py:415}}
Apr 07 21:01:15.347381 np0000164079 devstack@neutron-api.service[102383]: INFO neutron.api.extensions [None req-06234283-2046-4935-9051-36b724597cca None None] Extension segment not supported by any of loaded plugins
Apr 07 21:01:15.347381 np0000164079 devstack@neutron-api.service[102383]: DEBUG neutron.api.extensions [None req-06234283-2046-4935-9051-36b724597cca None None] Loading extension file: segments_peer_subnet_host_routes.py {{(pid=102383) _load_all_extensions_from_path /opt/stack/neutron/neutron/api/extensions.py:449}}
Apr 07 21:01:15.347731 np0000164079 devstack@neutron-api.service[102382]: DEBUG neutron.api.extensions [None req-9a2d156f-005e-4c04-9455-e23a61ea74ce None None] Extended resource: floatingips {{(pid=102382) __init__ /opt/stack/neutron/neutron/api/extensions.py:156}}
Apr 07 21:01:15.347986 np0000164079 devstack@neutron-api.service[102383]: DEBUG neutron.api.extensions [None req-06234283-2046-4935-9051-36b724597cca None None] Ext name="Segments peer-subnet host routes" alias="segments-peer-subnet-host-routes" description="Add host routes to subnets on a routed network (segments)" updated="2018-06-12T10:00:00-00:00" {{(pid=102383) _check_extension /opt/stack/neutron/neutron/api/extensions.py:415}}
Apr 07 21:01:15.347986 np0000164079 devstack@neutron-api.service[102383]: INFO neutron.api.extensions [None req-06234283-2046-4935-9051-36b724597cca None None] Extension segments-peer-subnet-host-routes not supported by any of loaded plugins
Apr 07 21:01:15.347986 np0000164079 devstack@neutron-api.service[102383]: DEBUG neutron.api.extensions [None req-06234283-2046-4935-9051-36b724597cca None None] Loading extension file: servicetype.py {{(pid=102383) _load_all_extensions_from_path /opt/stack/neutron/neutron/api/extensions.py:449}}
Apr 07 21:01:15.348229 np0000164079 devstack@neutron-api.service[102382]: DEBUG neutron.api.extensions [None req-9a2d156f-005e-4c04-9455-e23a61ea74ce None None] Extended resource: network-ip-availabilities {{(pid=102382) __init__ /opt/stack/neutron/neutron/api/extensions.py:156}}
Apr 07 21:01:15.348574 np0000164079 devstack@neutron-api.service[102383]: DEBUG neutron.api.extensions [None req-06234283-2046-4935-9051-36b724597cca None None] Ext name="Neutron Service Type Management" alias="service-type" description="API for retrieving service providers for Neutron advanced services" updated="2013-01-20T00:00:00-00:00" {{(pid=102383) _check_extension /opt/stack/neutron/neutron/api/extensions.py:415}}
Apr 07 21:01:15.348574 np0000164079 devstack@neutron-api.service[102383]: INFO neutron.api.extensions [None req-06234283-2046-4935-9051-36b724597cca None None] Loaded extension: service-type
Apr 07 21:01:15.348574 np0000164079 devstack@neutron-api.service[102383]: DEBUG neutron.api.extensions [None req-06234283-2046-4935-9051-36b724597cca None None] Loading extension file: sorting.py {{(pid=102383) _load_all_extensions_from_path /opt/stack/neutron/neutron/api/extensions.py:449}}
Apr 07 21:01:15.348864 np0000164079 devstack@neutron-api.service[102382]: DEBUG neutron.api.extensions [None req-9a2d156f-005e-4c04-9455-e23a61ea74ce None None] Extended resource: network-ip-availabilities {{(pid=102382) __init__ /opt/stack/neutron/neutron/api/extensions.py:156}}
Apr 07 21:01:15.348962 np0000164079 devstack@neutron-api.service[102383]: DEBUG neutron.api.extensions [None req-06234283-2046-4935-9051-36b724597cca None None] Ext name="Sorting support" alias="sorting" description="Extension that indicates that sorting is enabled." updated="2016-06-12T00:00:00-00:00" {{(pid=102383) _check_extension /opt/stack/neutron/neutron/api/extensions.py:415}}
Apr 07 21:01:15.348962 np0000164079 devstack@neutron-api.service[102383]: INFO neutron.api.extensions [None req-06234283-2046-4935-9051-36b724597cca None None] Loaded extension: sorting
Apr 07 21:01:15.348962 np0000164079 devstack@neutron-api.service[102383]: DEBUG neutron.api.extensions [None req-06234283-2046-4935-9051-36b724597cca None None] Loading extension file: standard_attr_segment.py {{(pid=102383) _load_all_extensions_from_path /opt/stack/neutron/neutron/api/extensions.py:449}}
Apr 07 21:01:15.349196 np0000164079 devstack@neutron-api.service[102383]: DEBUG neutron.api.extensions [None req-06234283-2046-4935-9051-36b724597cca None None] Ext name="Standard Attribute Segment Extension" alias="standard-attr-segment" description="Add standard attributes to Segment resource" updated="2018-04-09T10:00:00-00:00" {{(pid=102383) _check_extension /opt/stack/neutron/neutron/api/extensions.py:415}}
Apr 07 21:01:15.349310 np0000164079 devstack@neutron-api.service[102382]: DEBUG neutron.api.extensions [None req-9a2d156f-005e-4c04-9455-e23a61ea74ce None None] Extended resource: bindings {{(pid=102382) __init__ /opt/stack/neutron/neutron/api/extensions.py:156}}
Apr 07 21:01:15.349582 np0000164079 devstack@neutron-api.service[102383]: INFO neutron.api.extensions [None req-06234283-2046-4935-9051-36b724597cca None None] Extension standard-attr-segment not supported by any of loaded plugins
Apr 07 21:01:15.349582 np0000164079 devstack@neutron-api.service[102383]: DEBUG neutron.api.extensions [None req-06234283-2046-4935-9051-36b724597cca None None] Loading extension file: standardattrdescription.py {{(pid=102383) _load_all_extensions_from_path /opt/stack/neutron/neutron/api/extensions.py:449}}
Apr 07 21:01:15.349582 np0000164079 devstack@neutron-api.service[102383]: DEBUG neutron.api.extensions [None req-06234283-2046-4935-9051-36b724597cca None None] Ext name="standard-attr-description" alias="standard-attr-description" description="Extension to add descriptions to standard attributes" updated="2016-02-10T10:00:00-00:00" {{(pid=102383) _check_extension /opt/stack/neutron/neutron/api/extensions.py:415}}
Apr 07 21:01:15.349858 np0000164079 devstack@neutron-api.service[102382]: DEBUG neutron.api.extensions [None req-9a2d156f-005e-4c04-9455-e23a61ea74ce None None] Extended resource: quotas {{(pid=102382) __init__ /opt/stack/neutron/neutron/api/extensions.py:156}}
Apr 07 21:01:15.349997 np0000164079 devstack@neutron-api.service[102383]: INFO neutron.api.extensions [None req-06234283-2046-4935-9051-36b724597cca None None] Loaded extension: standard-attr-description
Apr 07 21:01:15.349997 np0000164079 devstack@neutron-api.service[102383]: DEBUG neutron.api.extensions [None req-06234283-2046-4935-9051-36b724597cca None None] Loading extension file: stateful_security_group.py {{(pid=102383) _load_all_extensions_from_path /opt/stack/neutron/neutron/api/extensions.py:449}}
Apr 07 21:01:15.350166 np0000164079 devstack@neutron-api.service[102383]: DEBUG neutron.api.extensions [None req-06234283-2046-4935-9051-36b724597cca None None] Ext name="Stateful security group" alias="stateful-security-group" description="Indicates if the security group is stateful or not" updated="2019-11-26T09:00:00-00:00" {{(pid=102383) _check_extension /opt/stack/neutron/neutron/api/extensions.py:415}}
Apr 07 21:01:15.350412 np0000164079 devstack@neutron-api.service[102383]: INFO neutron.api.extensions [None req-06234283-2046-4935-9051-36b724597cca None None] Loaded extension: stateful-security-group
Apr 07 21:01:15.350412 np0000164079 devstack@neutron-api.service[102383]: DEBUG neutron.api.extensions [None req-06234283-2046-4935-9051-36b724597cca None None] Loading extension file: stdattrs_common.py {{(pid=102383) _load_all_extensions_from_path /opt/stack/neutron/neutron/api/extensions.py:449}}
Apr 07 21:01:15.350545 np0000164079 devstack@neutron-api.service[102382]: DEBUG neutron.api.extensions [None req-9a2d156f-005e-4c04-9455-e23a61ea74ce None None] Extended resource: quotas {{(pid=102382) __init__ /opt/stack/neutron/neutron/api/extensions.py:156}}
Apr 07 21:01:15.350668 np0000164079 devstack@neutron-api.service[102383]: WARNING neutron.api.extensions [None req-06234283-2046-4935-9051-36b724597cca None None] Did not find expected name "Stdattrs_common" in /opt/stack/neutron/neutron/extensions/stdattrs_common.py
Apr 07 21:01:15.350668 np0000164079 devstack@neutron-api.service[102383]: DEBUG neutron.api.extensions [None req-06234283-2046-4935-9051-36b724597cca None None] Loading extension file: subnet_dns_publish_fixed_ip.py {{(pid=102383) _load_all_extensions_from_path /opt/stack/neutron/neutron/api/extensions.py:449}}
Apr 07 21:01:15.350926 np0000164079 devstack@neutron-api.service[102383]: DEBUG neutron.api.extensions [None req-06234283-2046-4935-9051-36b724597cca None None] Ext name="Subnet DNS publish fixed IP" alias="subnet-dns-publish-fixed-ip" description="Support choosing to publish DNS records for IPs from a subnet" updated="2019-05-24T10:00:00-00:00" {{(pid=102383) _check_extension /opt/stack/neutron/neutron/api/extensions.py:415}}
Apr 07 21:01:15.351236 np0000164079 devstack@neutron-api.service[102383]: INFO neutron.api.extensions [None req-06234283-2046-4935-9051-36b724597cca None None] Loaded extension: subnet-dns-publish-fixed-ip
Apr 07 21:01:15.351345 np0000164079 devstack@neutron-api.service[102382]: DEBUG neutron.api.extensions [None req-9a2d156f-005e-4c04-9455-e23a61ea74ce None None] Extended resource: rbac-policies {{(pid=102382) __init__ /opt/stack/neutron/neutron/api/extensions.py:156}}
Apr 07 21:01:15.351469 np0000164079 devstack@neutron-api.service[102383]: DEBUG neutron.api.extensions [None req-06234283-2046-4935-9051-36b724597cca None None] Loading extension file: subnet_external_network.py {{(pid=102383) _load_all_extensions_from_path /opt/stack/neutron/neutron/api/extensions.py:449}}
Apr 07 21:01:15.351469 np0000164079 devstack@neutron-api.service[102383]: DEBUG neutron.api.extensions [None req-06234283-2046-4935-9051-36b724597cca None None] Ext name="Subnet belongs to an external network" alias="subnet-external-network" description="Informs if the subnet belongs to an external network" updated="2024-02-05T18:00:00-00:00" {{(pid=102383) _check_extension /opt/stack/neutron/neutron/api/extensions.py:415}}
Apr 07 21:01:15.351682 np0000164079 devstack@neutron-api.service[102383]: INFO neutron.api.extensions [None req-06234283-2046-4935-9051-36b724597cca None None] Loaded extension: subnet-external-network
Apr 07 21:01:15.351772 np0000164079 devstack@neutron-api.service[102382]: DEBUG neutron.api.extensions [None req-9a2d156f-005e-4c04-9455-e23a61ea74ce None None] Extended resource: default-security-group-rules {{(pid=102382) __init__ /opt/stack/neutron/neutron/api/extensions.py:156}}
Apr 07 21:01:15.351896 np0000164079 devstack@neutron-api.service[102383]: DEBUG neutron.api.extensions [None req-06234283-2046-4935-9051-36b724597cca None None] Loading extension file: subnet_onboard.py {{(pid=102383) _load_all_extensions_from_path /opt/stack/neutron/neutron/api/extensions.py:449}}
Apr 07 21:01:15.351988 np0000164079 devstack@neutron-api.service[102383]: DEBUG neutron.api.extensions [None req-06234283-2046-4935-9051-36b724597cca None None] Ext name="Subnet Onboard" alias="subnet_onboard" description="Provides support for onboarding subnets into subnet pools" updated="2018-12-18T09:00:00-00:00" {{(pid=102383) _check_extension /opt/stack/neutron/neutron/api/extensions.py:415}}
Apr 07 21:01:15.352240 np0000164079 devstack@neutron-api.service[102383]: INFO neutron.api.extensions [None req-06234283-2046-4935-9051-36b724597cca None None] Extension subnet_onboard not supported by any of loaded plugins
Apr 07 21:01:15.352240 np0000164079 devstack@neutron-api.service[102383]: DEBUG neutron.api.extensions [None req-06234283-2046-4935-9051-36b724597cca None None] Loading extension file: subnet_segmentid_writable.py {{(pid=102383) _load_all_extensions_from_path /opt/stack/neutron/neutron/api/extensions.py:449}}
Apr 07 21:01:15.352503 np0000164079 devstack@neutron-api.service[102383]: DEBUG neutron.api.extensions [None req-06234283-2046-4935-9051-36b724597cca None None] Ext name="Subnet SegmentID (writable)" alias="subnet-segmentid-writable" description="Provides a writable segment_id attribute for a subnet resource." updated="2018-03-12T00:00:00-00:00" {{(pid=102383) _check_extension /opt/stack/neutron/neutron/api/extensions.py:415}}
Apr 07 21:01:15.352742 np0000164079 devstack@neutron-api.service[102383]: INFO neutron.api.extensions [None req-06234283-2046-4935-9051-36b724597cca None None] Extension subnet-segmentid-writable not supported by any of loaded plugins
Apr 07 21:01:15.352799 np0000164079 devstack@neutron-api.service[102382]: DEBUG neutron.api.extensions [None req-9a2d156f-005e-4c04-9455-e23a61ea74ce None None] Extended resource: security-groups {{(pid=102382) __init__ /opt/stack/neutron/neutron/api/extensions.py:156}}
Apr 07 21:01:15.352901 np0000164079 devstack@neutron-api.service[102383]: DEBUG neutron.api.extensions [None req-06234283-2046-4935-9051-36b724597cca None None] Loading extension file: subnet_service_types.py {{(pid=102383) _load_all_extensions_from_path /opt/stack/neutron/neutron/api/extensions.py:449}}
Apr 07 21:01:15.352964 np0000164079 devstack@neutron-api.service[102383]: DEBUG neutron.api.extensions [None req-06234283-2046-4935-9051-36b724597cca None None] Ext name="Subnet service types" alias="subnet-service-types" description="Provides ability to set the subnet service_types field" updated="2016-03-15T18:00:00-00:00" {{(pid=102383) _check_extension /opt/stack/neutron/neutron/api/extensions.py:415}}
Apr 07 21:01:15.353231 np0000164079 devstack@neutron-api.service[102383]: INFO neutron.api.extensions [None req-06234283-2046-4935-9051-36b724597cca None None] Loaded extension: subnet-service-types
Apr 07 21:01:15.353462 np0000164079 devstack@neutron-api.service[102382]: DEBUG neutron.api.extensions [None req-9a2d156f-005e-4c04-9455-e23a61ea74ce None None] Extended resource: security-group-rules {{(pid=102382) __init__ /opt/stack/neutron/neutron/api/extensions.py:156}}
Apr 07 21:01:15.353645 np0000164079 devstack@neutron-api.service[102383]: DEBUG neutron.api.extensions [None req-06234283-2046-4935-9051-36b724597cca None None] Loading extension file: subnetallocation.py {{(pid=102383) _load_all_extensions_from_path /opt/stack/neutron/neutron/api/extensions.py:449}}
Apr 07 21:01:15.353645 np0000164079 devstack@neutron-api.service[102383]: DEBUG neutron.api.extensions [None req-06234283-2046-4935-9051-36b724597cca None None] Ext name="Subnet Allocation" alias="subnet_allocation" description="Enables allocation of subnets from a subnet pool" updated="2015-03-30T10:00:00-00:00" {{(pid=102383) _check_extension /opt/stack/neutron/neutron/api/extensions.py:415}}
Apr 07 21:01:15.353805 np0000164079 devstack@neutron-api.service[102383]: INFO neutron.api.extensions [None req-06234283-2046-4935-9051-36b724597cca None None] Loaded extension: subnet_allocation
Apr 07 21:01:15.353956 np0000164079 devstack@neutron-api.service[102382]: DEBUG neutron.api.extensions [None req-9a2d156f-005e-4c04-9455-e23a61ea74ce None None] Extended resource: service-providers {{(pid=102382) __init__ /opt/stack/neutron/neutron/api/extensions.py:156}}
Apr 07 21:01:15.354086 np0000164079 devstack@neutron-api.service[102383]: DEBUG neutron.api.extensions [None req-06234283-2046-4935-9051-36b724597cca None None] Loading extension file: subnetpool_prefix_ops.py {{(pid=102383) _load_all_extensions_from_path /opt/stack/neutron/neutron/api/extensions.py:449}}
Apr 07 21:01:15.354086 np0000164079 devstack@neutron-api.service[102383]: DEBUG neutron.api.extensions [None req-06234283-2046-4935-9051-36b724597cca None None] Ext name="Subnet Pool Prefix Operations" alias="subnetpool-prefix-ops" description="Provides support for adjusting the prefix list of subnet pools" updated="2019-02-08T10:00:00-00:00" {{(pid=102383) _check_extension /opt/stack/neutron/neutron/api/extensions.py:415}}
Apr 07 21:01:15.354321 np0000164079 devstack@neutron-api.service[102383]: INFO neutron.api.extensions [None req-06234283-2046-4935-9051-36b724597cca None None] Loaded extension: subnetpool-prefix-ops
Apr 07 21:01:15.354410 np0000164079 devstack@neutron-api.service[102382]: DEBUG neutron.api.extensions [None req-9a2d156f-005e-4c04-9455-e23a61ea74ce None None] Extended resource: subnetpools {{(pid=102382) __init__ /opt/stack/neutron/neutron/api/extensions.py:156}}
Apr 07 21:01:15.354527 np0000164079 devstack@neutron-api.service[102383]: DEBUG neutron.api.extensions [None req-06234283-2046-4935-9051-36b724597cca None None] Loading extension file: tag_creation.py {{(pid=102383) _load_all_extensions_from_path /opt/stack/neutron/neutron/api/extensions.py:449}}
Apr 07 21:01:15.354628 np0000164079 devstack@neutron-api.service[102383]: DEBUG neutron.api.extensions [None req-06234283-2046-4935-9051-36b724597cca None None] Ext name="Tag creation extension" alias="tag-creation" description="Allow to create multiple tags for a resource" updated="2024-23-07T10:00:00-00:00" {{(pid=102383) _check_extension /opt/stack/neutron/neutron/api/extensions.py:415}}
Apr 07 21:01:15.354794 np0000164079 devstack@neutron-api.service[102383]: INFO neutron.api.extensions [None req-06234283-2046-4935-9051-36b724597cca None None] Loaded extension: tag-creation
Apr 07 21:01:15.354905 np0000164079 devstack@neutron-api.service[102383]: DEBUG neutron.api.extensions [None req-06234283-2046-4935-9051-36b724597cca None None] Loading extension file: tag_ports_during_bulk_creation.py {{(pid=102383) _load_all_extensions_from_path /opt/stack/neutron/neutron/api/extensions.py:449}}
Apr 07 21:01:15.355027 np0000164079 devstack@neutron-api.service[102382]: DEBUG neutron.api.extensions [None req-9a2d156f-005e-4c04-9455-e23a61ea74ce None None] Extended resource: tags {{(pid=102382) __init__ /opt/stack/neutron/neutron/api/extensions.py:156}}
Apr 07 21:01:15.355289 np0000164079 devstack@neutron-api.service[102383]: DEBUG neutron.api.extensions [None req-06234283-2046-4935-9051-36b724597cca None None] Ext name="Tag Ports During Bulk Creation" alias="tag-ports-during-bulk-creation" description="Allow to tag ports during bulk creation" updated="2019-12-29T19:00:00-00:00" {{(pid=102383) _check_extension /opt/stack/neutron/neutron/api/extensions.py:415}}
Apr 07 21:01:15.355449 np0000164079 devstack@neutron-api.service[102383]: INFO neutron.api.extensions [None req-06234283-2046-4935-9051-36b724597cca None None] Extension tag-ports-during-bulk-creation not supported by any of loaded plugins
Apr 07 21:01:15.355583 np0000164079 devstack@neutron-api.service[102383]: DEBUG neutron.api.extensions [None req-06234283-2046-4935-9051-36b724597cca None None] Loading extension file: tagging.py {{(pid=102383) _load_all_extensions_from_path /opt/stack/neutron/neutron/api/extensions.py:449}}
Apr 07 21:01:15.355739 np0000164079 devstack@neutron-api.service[102382]: DEBUG neutron.api.extensions [None req-9a2d156f-005e-4c04-9455-e23a61ea74ce None None] Extended resource: tags {{(pid=102382) __init__ /opt/stack/neutron/neutron/api/extensions.py:156}}
Apr 07 21:01:15.356475 np0000164079 devstack@neutron-api.service[102380]: DEBUG oslo_concurrency.processutils [None req-47ed41d2-3577-4efd-bce1-094ce3bb93c8 None None] CMD "ovsdb-client transact ssl:199.204.45.33:6641 --timeout 180 -p /opt/stack/data/CA/int-ca/private/devstack-cert.key -c /opt/stack/data/CA/int-ca/devstack-cert.crt -C /opt/stack/data/CA/int-ca/ca-chain.pem ["OVN_Northbound", {"op": "wait", "timeout": 0, "table": "Port_Group", "where": [["name", "==", "neutron_pg_drop"]], "until": "==", "rows": []}, {"op": "insert", "table": "ACL", "row": {"action": "drop", "direction": "to-lport", "match": "outport == @neutron_pg_drop && ip", "priority": 1001}, "uuid-name": "droptoport"}, {"op": "insert", "table": "ACL", "row": {"action": "drop", "direction": "from-lport", "match": "inport == @neutron_pg_drop && ip", "priority": 1001}, "uuid-name": "dropfromport"}, {"op": "insert", "table": "Port_Group", "row": {"name": "neutron_pg_drop", "acls": ["set", [["named-uuid", "droptoport"], ["named-uuid", "dropfromport"]]]}}]" returned: 0 in 0.036s {{(pid=102380) execute /opt/stack/data/venv/lib/python3.12/site-packages/oslo_concurrency/processutils.py:468}}
Apr 07 21:01:15.356570 np0000164079 devstack@neutron-api.service[102382]: DEBUG neutron.api.extensions [None req-9a2d156f-005e-4c04-9455-e23a61ea74ce None None] Extended resource: tags {{(pid=102382) __init__ /opt/stack/neutron/neutron/api/extensions.py:156}}
Apr 07 21:01:15.356629 np0000164079 devstack@neutron-api.service[102383]: DEBUG neutron.api.extensions [None req-06234283-2046-4935-9051-36b724597cca None None] Ext name="Tag support for resources with standard attribute: port, subnet, subnetpool, network, security_group, router, floatingip, policy, trunk, network_segment_range" alias="standard-attr-tag" description="Enables to set tag on resources with standard attribute." updated="2017-01-01T00:00:00-00:00" {{(pid=102383) _check_extension /opt/stack/neutron/neutron/api/extensions.py:415}}
Apr 07 21:01:15.356865 np0000164079 devstack@neutron-api.service[102383]: INFO neutron.api.extensions [None req-06234283-2046-4935-9051-36b724597cca None None] Loaded extension: standard-attr-tag
Apr 07 21:01:15.356865 np0000164079 devstack@neutron-api.service[102383]: DEBUG neutron.api.extensions [None req-06234283-2046-4935-9051-36b724597cca None None] Loading extension file: timestamp.py {{(pid=102383) _load_all_extensions_from_path /opt/stack/neutron/neutron/api/extensions.py:449}}
Apr 07 21:01:15.357107 np0000164079 devstack@neutron-api.service[102380]: DEBUG neutron_lib.callbacks.manager [None req-47ed41d2-3577-4efd-bce1-094ce3bb93c8 None None] Publish callbacks ['neutron.plugins.ml2.drivers.ovn.mech_driver.mech_driver.OVNMechanismDriver.post_fork_initialize-1900053', 'neutron.services.ovn_l3.plugin.OVNL3RouterPlugin._post_fork_initialize-32066214'] for process (None), after_init {{(pid=102380) _notify_loop /opt/stack/data/venv/lib/python3.12/site-packages/neutron_lib/callbacks/manager.py:184}}
Apr 07 21:01:15.357250 np0000164079 devstack@neutron-api.service[102383]: DEBUG neutron.api.extensions [None req-06234283-2046-4935-9051-36b724597cca None None] Ext name="Resource timestamps" alias="standard-attr-timestamp" description="Adds created_at and updated_at fields to all Neutron resources that have Neutron standard attributes." updated="2016-09-12T10:00:00-00:00" {{(pid=102383) _check_extension /opt/stack/neutron/neutron/api/extensions.py:415}}
Apr 07 21:01:15.357342 np0000164079 devstack@neutron-api.service[102380]: DEBUG oslo_concurrency.lockutils [None req-47ed41d2-3577-4efd-bce1-094ce3bb93c8 None None] Acquiring lock "singleton_lock" {{(pid=102380) lock /opt/stack/data/venv/lib/python3.12/site-packages/oslo_concurrency/lockutils.py:390}}
Apr 07 21:01:15.357342 np0000164079 devstack@neutron-api.service[102380]: DEBUG oslo_concurrency.lockutils [None req-47ed41d2-3577-4efd-bce1-094ce3bb93c8 None None] Acquired lock "singleton_lock" {{(pid=102380) lock /opt/stack/data/venv/lib/python3.12/site-packages/oslo_concurrency/lockutils.py:393}}
Apr 07 21:01:15.357425 np0000164079 devstack@neutron-api.service[102382]: DEBUG neutron.api.extensions [None req-9a2d156f-005e-4c04-9455-e23a61ea74ce None None] Extended resource: tags {{(pid=102382) __init__ /opt/stack/neutron/neutron/api/extensions.py:156}}
Apr 07 21:01:15.357475 np0000164079 devstack@neutron-api.service[102383]: INFO neutron.api.extensions [None req-06234283-2046-4935-9051-36b724597cca None None] Loaded extension: standard-attr-timestamp
Apr 07 21:01:15.357524 np0000164079 devstack@neutron-api.service[102383]: DEBUG neutron.api.extensions [None req-06234283-2046-4935-9051-36b724597cca None None] Loading extension file: trunk.py {{(pid=102383) _load_all_extensions_from_path /opt/stack/neutron/neutron/api/extensions.py:449}}
Apr 07 21:01:15.357597 np0000164079 devstack@neutron-api.service[102380]: DEBUG oslo_concurrency.lockutils [None req-47ed41d2-3577-4efd-bce1-094ce3bb93c8 None None] Releasing lock "singleton_lock" {{(pid=102380) lock /opt/stack/data/venv/lib/python3.12/site-packages/oslo_concurrency/lockutils.py:413}}
Apr 07 21:01:15.357769 np0000164079 devstack@neutron-api.service[102383]: DEBUG neutron.api.extensions [None req-06234283-2046-4935-9051-36b724597cca None None] Ext name="Trunk Extension" alias="trunk" description="Provides support for trunk ports" updated="2016-01-01T10:00:00-00:00" {{(pid=102383) _check_extension /opt/stack/neutron/neutron/api/extensions.py:415}}
Apr 07 21:01:15.357966 np0000164079 devstack@neutron-api.service[102383]: INFO neutron.api.extensions [None req-06234283-2046-4935-9051-36b724597cca None None] Extension trunk not supported by any of loaded plugins
Apr 07 21:01:15.358090 np0000164079 devstack@neutron-api.service[102383]: DEBUG neutron.api.extensions [None req-06234283-2046-4935-9051-36b724597cca None None] Loading extension file: trunk_details.py {{(pid=102383) _load_all_extensions_from_path /opt/stack/neutron/neutron/api/extensions.py:449}}
Apr 07 21:01:15.358158 np0000164079 devstack@neutron-api.service[102382]: DEBUG neutron.api.extensions [None req-9a2d156f-005e-4c04-9455-e23a61ea74ce None None] Extended resource: tags {{(pid=102382) __init__ /opt/stack/neutron/neutron/api/extensions.py:156}}
Apr 07 21:01:15.358278 np0000164079 devstack@neutron-api.service[102383]: DEBUG neutron.api.extensions [None req-06234283-2046-4935-9051-36b724597cca None None] Ext name="Trunk port details" alias="trunk-details" description="Expose trunk port details" updated="2016-01-01T10:00:00-00:00" {{(pid=102383) _check_extension /opt/stack/neutron/neutron/api/extensions.py:415}}
Apr 07 21:01:15.358527 np0000164079 devstack@neutron-api.service[102383]: INFO neutron.api.extensions [None req-06234283-2046-4935-9051-36b724597cca None None] Extension trunk-details not supported by any of loaded plugins
Apr 07 21:01:15.358670 np0000164079 devstack@neutron-api.service[102383]: DEBUG neutron.api.extensions [None req-06234283-2046-4935-9051-36b724597cca None None] Loading extension file: uplink_status_propagation.py {{(pid=102383) _load_all_extensions_from_path /opt/stack/neutron/neutron/api/extensions.py:449}}
Apr 07 21:01:15.359003 np0000164079 devstack@neutron-api.service[102383]: DEBUG neutron.api.extensions [None req-06234283-2046-4935-9051-36b724597cca None None] Ext name="Uplink status propagation extension" alias="uplink-status-propagation" description="Provides ability to propagate port uplink status." updated="2018-05-31T18:00:00-00:00" {{(pid=102383) _check_extension /opt/stack/neutron/neutron/api/extensions.py:415}}
Apr 07 21:01:15.359128 np0000164079 devstack@neutron-api.service[102382]: DEBUG neutron.api.extensions [None req-9a2d156f-005e-4c04-9455-e23a61ea74ce None None] Extended resource: tags {{(pid=102382) __init__ /opt/stack/neutron/neutron/api/extensions.py:156}}
Apr 07 21:01:15.359204 np0000164079 devstack@neutron-api.service[102383]: INFO neutron.api.extensions [None req-06234283-2046-4935-9051-36b724597cca None None] Extension uplink-status-propagation not supported by any of loaded plugins
Apr 07 21:01:15.359268 np0000164079 devstack@neutron-api.service[102380]: DEBUG neutron.plugins.ml2.drivers.ovn.mech_driver.mech_driver [None req-47ed41d2-3577-4efd-bce1-094ce3bb93c8 None None] Hash Ring setup using WSGI start time 2026-04-07 21:01:08+00:00 {{(pid=102380) _init_hash_ring /opt/stack/neutron/neutron/plugins/ml2/drivers/ovn/mech_driver/mech_driver.py:402}}
Apr 07 21:01:15.359364 np0000164079 devstack@neutron-api.service[102383]: DEBUG neutron.api.extensions [None req-06234283-2046-4935-9051-36b724597cca None None] Loading extension file: uplink_status_propagation_updatable.py {{(pid=102383) _load_all_extensions_from_path /opt/stack/neutron/neutron/api/extensions.py:449}}
Apr 07 21:01:15.359559 np0000164079 devstack@neutron-api.service[102383]: DEBUG neutron.api.extensions [None req-06234283-2046-4935-9051-36b724597cca None None] Ext name="Uplink status propagation updatable extension" alias="uplink-status-propagation-updatable" description="Provides ability to update the port uplink status." updated="2024-09-03T18:00:00-00:00" {{(pid=102383) _check_extension /opt/stack/neutron/neutron/api/extensions.py:415}}
Apr 07 21:01:15.359668 np0000164079 devstack@neutron-api.service[102383]: INFO neutron.api.extensions [None req-06234283-2046-4935-9051-36b724597cca None None] Extension uplink-status-propagation-updatable not supported by any of loaded plugins
Apr 07 21:01:15.359761 np0000164079 devstack@neutron-api.service[102383]: DEBUG neutron.api.extensions [None req-06234283-2046-4935-9051-36b724597cca None None] Loading extension file: vlantransparent.py {{(pid=102383) _load_all_extensions_from_path /opt/stack/neutron/neutron/api/extensions.py:449}}
Apr 07 21:01:15.359818 np0000164079 devstack@neutron-api.service[102382]: DEBUG neutron.api.extensions [None req-9a2d156f-005e-4c04-9455-e23a61ea74ce None None] Extended resource: tags {{(pid=102382) __init__ /opt/stack/neutron/neutron/api/extensions.py:156}}
Apr 07 21:01:15.360003 np0000164079 devstack@neutron-api.service[102383]: DEBUG neutron.api.extensions [None req-06234283-2046-4935-9051-36b724597cca None None] Ext name="Vlantransparent" alias="vlan-transparent" description="Provides Vlan Transparent Networks" updated="2015-03-23T09:00:00-00:00" {{(pid=102383) _check_extension /opt/stack/neutron/neutron/api/extensions.py:415}}
Apr 07 21:01:15.360173 np0000164079 devstack@neutron-api.service[102383]: INFO neutron.api.extensions [None req-06234283-2046-4935-9051-36b724597cca None None] Loaded extension: vlan-transparent
Apr 07 21:01:15.360682 np0000164079 devstack@neutron-api.service[102382]: DEBUG neutron.api.extensions [None req-9a2d156f-005e-4c04-9455-e23a61ea74ce None None] Extended resource: tags {{(pid=102382) __init__ /opt/stack/neutron/neutron/api/extensions.py:156}}
Apr 07 21:01:15.361548 np0000164079 devstack@neutron-api.service[102382]: DEBUG neutron.api.extensions [None req-9a2d156f-005e-4c04-9455-e23a61ea74ce None None] Extended resource: tags {{(pid=102382) __init__ /opt/stack/neutron/neutron/api/extensions.py:156}}
Apr 07 21:01:15.361911 np0000164079 devstack@neutron-api.service[102383]: INFO neutron.quota.resource_registry [None req-06234283-2046-4935-9051-36b724597cca None None] Creating instance of TrackedResource for resource:network
Apr 07 21:01:15.362140 np0000164079 devstack@neutron-api.service[102383]: INFO neutron.quota.resource_registry [None req-06234283-2046-4935-9051-36b724597cca None None] Creating instance of TrackedResource for resource:subnet
Apr 07 21:01:15.362300 np0000164079 devstack@neutron-api.service[102383]: INFO neutron.quota.resource_registry [None req-06234283-2046-4935-9051-36b724597cca None None] Creating instance of TrackedResource for resource:subnetpool
Apr 07 21:01:15.362534 np0000164079 devstack@neutron-api.service[102382]: DEBUG neutron.api.extensions [None req-9a2d156f-005e-4c04-9455-e23a61ea74ce None None] Extended resource: tags {{(pid=102382) __init__ /opt/stack/neutron/neutron/api/extensions.py:156}}
Apr 07 21:01:15.362701 np0000164079 devstack@neutron-api.service[102383]: INFO neutron.quota.resource_registry [None req-06234283-2046-4935-9051-36b724597cca None None] Creating instance of TrackedResource for resource:port
Apr 07 21:01:15.364284 np0000164079 devstack@neutron-api.service[102383]: DEBUG neutron.api.v2.resource_helper [None req-06234283-2046-4935-9051-36b724597cca None None] Service L3_ROUTER_NAT assigned prefix: {{(pid=102383) build_resource_info /opt/stack/neutron/neutron/api/v2/resource_helper.py:77}}
Apr 07 21:01:15.364284 np0000164079 devstack@neutron-api.service[102383]: DEBUG neutron.api.v2.resource_helper [None req-06234283-2046-4935-9051-36b724597cca None None] Service FLAVORS assigned prefix: {{(pid=102383) build_resource_info /opt/stack/neutron/neutron/api/v2/resource_helper.py:77}}
Apr 07 21:01:15.364806 np0000164079 devstack@neutron-api.service[102380]: INFO neutron.db.ovn_hash_ring_db [None req-47ed41d2-3577-4efd-bce1-094ce3bb93c8 None None] Nodes from host "np0000164079" and group "mechanism_driver" removed from the Hash Ring created at 2026-04-07 21:01:08+00:00
