Apr 07 21:01:49.386162 np0000164079 nova-scheduler[107582]: DEBUG cotyledon.oslo_config_glue [-] vnc.vencrypt_client_cert = None {{(pid=107582) log_opt_values /opt/stack/data/venv/lib/python3.12/site-packages/oslo_config/cfg.py:3006}}
Apr 07 21:01:49.386162 np0000164079 nova-scheduler[107582]: DEBUG cotyledon.oslo_config_glue [-] vnc.vencrypt_client_key = None {{(pid=107582) log_opt_values /opt/stack/data/venv/lib/python3.12/site-packages/oslo_config/cfg.py:3006}}
Apr 07 21:01:49.386162 np0000164079 nova-scheduler[107582]: DEBUG cotyledon.oslo_config_glue [-] workarounds.disable_compute_service_check_for_ffu = False {{(pid=107582) log_opt_values /opt/stack/data/venv/lib/python3.12/site-packages/oslo_config/cfg.py:3006}}
Apr 07 21:01:49.386162 np0000164079 nova-scheduler[107582]: DEBUG cotyledon.oslo_config_glue [-] workarounds.disable_deep_image_inspection = False {{(pid=107582) log_opt_values /opt/stack/data/venv/lib/python3.12/site-packages/oslo_config/cfg.py:3006}}
Apr 07 21:01:49.386162 np0000164079 nova-scheduler[107582]: DEBUG cotyledon.oslo_config_glue [-] workarounds.disable_fallback_pcpu_query = False {{(pid=107582) log_opt_values /opt/stack/data/venv/lib/python3.12/site-packages/oslo_config/cfg.py:3006}}
Apr 07 21:01:49.386162 np0000164079 nova-scheduler[107582]: DEBUG cotyledon.oslo_config_glue [-] workarounds.disable_group_policy_check_upcall = False {{(pid=107582) log_opt_values /opt/stack/data/venv/lib/python3.12/site-packages/oslo_config/cfg.py:3006}}
Apr 07 21:01:49.386378 np0000164079 nova-scheduler[107582]: DEBUG cotyledon.oslo_config_glue [-] workarounds.disable_libvirt_livesnapshot = False {{(pid=107582) log_opt_values /opt/stack/data/venv/lib/python3.12/site-packages/oslo_config/cfg.py:3006}}
Apr 07 21:01:49.386378 np0000164079 nova-scheduler[107582]: DEBUG cotyledon.oslo_config_glue [-] workarounds.disable_rootwrap = False {{(pid=107582) log_opt_values /opt/stack/data/venv/lib/python3.12/site-packages/oslo_config/cfg.py:3006}}
Apr 07 21:01:49.386378 np0000164079 nova-scheduler[107582]: DEBUG cotyledon.oslo_config_glue [-] workarounds.enable_numa_live_migration = False {{(pid=107582) log_opt_values /opt/stack/data/venv/lib/python3.12/site-packages/oslo_config/cfg.py:3006}}
Apr 07 21:01:49.386378 np0000164079 nova-scheduler[107582]: DEBUG cotyledon.oslo_config_glue [-] workarounds.enable_qemu_monitor_announce_self = False {{(pid=107582) log_opt_values /opt/stack/data/venv/lib/python3.12/site-packages/oslo_config/cfg.py:3006}}
Apr 07 21:01:49.386378 np0000164079 nova-scheduler[107582]: DEBUG cotyledon.oslo_config_glue [-] workarounds.ensure_libvirt_rbd_instance_dir_cleanup = False {{(pid=107582) log_opt_values /opt/stack/data/venv/lib/python3.12/site-packages/oslo_config/cfg.py:3006}}
Apr 07 21:01:49.386378 np0000164079 nova-scheduler[107582]: DEBUG cotyledon.oslo_config_glue [-] workarounds.handle_virt_lifecycle_events = True {{(pid=107582) log_opt_values /opt/stack/data/venv/lib/python3.12/site-packages/oslo_config/cfg.py:3006}}
Apr 07 21:01:49.386378 np0000164079 nova-scheduler[107582]: DEBUG cotyledon.oslo_config_glue [-] workarounds.libvirt_disable_apic = False {{(pid=107582) log_opt_values /opt/stack/data/venv/lib/python3.12/site-packages/oslo_config/cfg.py:3006}}
Apr 07 21:01:49.386378 np0000164079 nova-scheduler[107582]: DEBUG cotyledon.oslo_config_glue [-] workarounds.never_download_image_if_on_rbd = False {{(pid=107582) log_opt_values /opt/stack/data/venv/lib/python3.12/site-packages/oslo_config/cfg.py:3006}}
Apr 07 21:01:49.386378 np0000164079 nova-scheduler[107582]: DEBUG cotyledon.oslo_config_glue [-] workarounds.qemu_monitor_announce_self_count = 3 {{(pid=107582) log_opt_values /opt/stack/data/venv/lib/python3.12/site-packages/oslo_config/cfg.py:3006}}
Apr 07 21:01:49.386609 np0000164079 nova-scheduler[107582]: DEBUG cotyledon.oslo_config_glue [-] workarounds.qemu_monitor_announce_self_interval = 1 {{(pid=107582) log_opt_values /opt/stack/data/venv/lib/python3.12/site-packages/oslo_config/cfg.py:3006}}
Apr 07 21:01:49.386609 np0000164079 nova-scheduler[107582]: DEBUG cotyledon.oslo_config_glue [-] workarounds.reserve_disk_resource_for_image_cache = False {{(pid=107582) log_opt_values /opt/stack/data/venv/lib/python3.12/site-packages/oslo_config/cfg.py:3006}}
Apr 07 21:01:49.386609 np0000164079 nova-scheduler[107582]: DEBUG cotyledon.oslo_config_glue [-] workarounds.skip_cpu_compare_at_startup = False {{(pid=107582) log_opt_values /opt/stack/data/venv/lib/python3.12/site-packages/oslo_config/cfg.py:3006}}
Apr 07 21:01:49.386609 np0000164079 nova-scheduler[107582]: DEBUG cotyledon.oslo_config_glue [-] workarounds.skip_cpu_compare_on_dest = False {{(pid=107582) log_opt_values /opt/stack/data/venv/lib/python3.12/site-packages/oslo_config/cfg.py:3006}}
Apr 07 21:01:49.386609 np0000164079 nova-scheduler[107582]: DEBUG cotyledon.oslo_config_glue [-] workarounds.skip_hypervisor_version_check_on_lm = False {{(pid=107582) log_opt_values /opt/stack/data/venv/lib/python3.12/site-packages/oslo_config/cfg.py:3006}}
Apr 07 21:01:49.386609 np0000164079 nova-scheduler[107582]: DEBUG cotyledon.oslo_config_glue [-] workarounds.skip_reserve_in_use_ironic_nodes = False {{(pid=107582) log_opt_values /opt/stack/data/venv/lib/python3.12/site-packages/oslo_config/cfg.py:3006}}
Apr 07 21:01:49.386609 np0000164079 nova-scheduler[107582]: DEBUG cotyledon.oslo_config_glue [-] workarounds.unified_limits_count_pcpu_as_vcpu = False {{(pid=107582) log_opt_values /opt/stack/data/venv/lib/python3.12/site-packages/oslo_config/cfg.py:3006}}
Apr 07 21:01:49.386609 np0000164079 nova-scheduler[107582]: DEBUG cotyledon.oslo_config_glue [-] workarounds.wait_for_vif_plugged_event_during_hard_reboot = [] {{(pid=107582) log_opt_values /opt/stack/data/venv/lib/python3.12/site-packages/oslo_config/cfg.py:3006}}
Apr 07 21:01:49.386796 np0000164079 nova-scheduler[107582]: DEBUG cotyledon.oslo_config_glue [-] wsgi.api_paste_config = /etc/nova/api-paste.ini {{(pid=107582) log_opt_values /opt/stack/data/venv/lib/python3.12/site-packages/oslo_config/cfg.py:3006}}
Apr 07 21:01:49.386796 np0000164079 nova-scheduler[107582]: DEBUG cotyledon.oslo_config_glue [-] wsgi.secure_proxy_ssl_header = None {{(pid=107582) log_opt_values /opt/stack/data/venv/lib/python3.12/site-packages/oslo_config/cfg.py:3006}}
Apr 07 21:01:49.386796 np0000164079 nova-scheduler[107582]: DEBUG cotyledon.oslo_config_glue [-] zvm.ca_file = None {{(pid=107582) log_opt_values /opt/stack/data/venv/lib/python3.12/site-packages/oslo_config/cfg.py:3006}}
Apr 07 21:01:49.386796 np0000164079 nova-scheduler[107582]: DEBUG cotyledon.oslo_config_glue [-] zvm.cloud_connector_url = None {{(pid=107582) log_opt_values /opt/stack/data/venv/lib/python3.12/site-packages/oslo_config/cfg.py:3006}}
Apr 07 21:01:49.386796 np0000164079 nova-scheduler[107582]: DEBUG cotyledon.oslo_config_glue [-] zvm.image_tmp_path = /opt/stack/data/nova/images {{(pid=107582) log_opt_values /opt/stack/data/venv/lib/python3.12/site-packages/oslo_config/cfg.py:3006}}
Apr 07 21:01:49.386796 np0000164079 nova-scheduler[107582]: DEBUG cotyledon.oslo_config_glue [-] zvm.reachable_timeout = 300 {{(pid=107582) log_opt_values /opt/stack/data/venv/lib/python3.12/site-packages/oslo_config/cfg.py:3006}}
Apr 07 21:01:49.386796 np0000164079 nova-scheduler[107582]: DEBUG cotyledon.oslo_config_glue [-] oslo_versionedobjects.fatal_exception_format_errors = False {{(pid=107582) log_opt_values /opt/stack/data/venv/lib/python3.12/site-packages/oslo_config/cfg.py:3006}}
Apr 07 21:01:49.386796 np0000164079 nova-scheduler[107582]: DEBUG cotyledon.oslo_config_glue [-] oslo_middleware.http_basic_auth_user_file = /etc/htpasswd {{(pid=107582) log_opt_values /opt/stack/data/venv/lib/python3.12/site-packages/oslo_config/cfg.py:3006}}
Apr 07 21:01:49.386796 np0000164079 nova-scheduler[107582]: DEBUG cotyledon.oslo_config_glue [-] oslo_messaging_metrics.metrics_buffer_size = 1000 {{(pid=107582) log_opt_values /opt/stack/data/venv/lib/python3.12/site-packages/oslo_config/cfg.py:3006}}
Apr 07 21:01:49.387026 np0000164079 nova-scheduler[107582]: DEBUG cotyledon.oslo_config_glue [-] oslo_messaging_metrics.metrics_enabled = False {{(pid=107582) log_opt_values /opt/stack/data/venv/lib/python3.12/site-packages/oslo_config/cfg.py:3006}}
Apr 07 21:01:49.387026 np0000164079 nova-scheduler[107582]: DEBUG cotyledon.oslo_config_glue [-] oslo_messaging_metrics.metrics_process_name = {{(pid=107582) log_opt_values /opt/stack/data/venv/lib/python3.12/site-packages/oslo_config/cfg.py:3006}}
Apr 07 21:01:49.387026 np0000164079 nova-scheduler[107582]: DEBUG cotyledon.oslo_config_glue [-] oslo_messaging_metrics.metrics_socket_file = /var/tmp/metrics_collector.sock {{(pid=107582) log_opt_values /opt/stack/data/venv/lib/python3.12/site-packages/oslo_config/cfg.py:3006}}
Apr 07 21:01:49.387026 np0000164079 nova-scheduler[107582]: DEBUG cotyledon.oslo_config_glue [-] oslo_messaging_metrics.metrics_thread_stop_timeout = 10 {{(pid=107582) log_opt_values /opt/stack/data/venv/lib/python3.12/site-packages/oslo_config/cfg.py:3006}}
Apr 07 21:01:49.387026 np0000164079 nova-scheduler[107582]: DEBUG cotyledon.oslo_config_glue [-] profiler.connection_string = messaging:// {{(pid=107582) log_opt_values /opt/stack/data/venv/lib/python3.12/site-packages/oslo_config/cfg.py:3006}}
Apr 07 21:01:49.387026 np0000164079 nova-scheduler[107582]: DEBUG cotyledon.oslo_config_glue [-] profiler.enabled = False {{(pid=107582) log_opt_values /opt/stack/data/venv/lib/python3.12/site-packages/oslo_config/cfg.py:3006}}
Apr 07 21:01:49.387026 np0000164079 nova-scheduler[107582]: DEBUG cotyledon.oslo_config_glue [-] profiler.es_doc_type = notification {{(pid=107582) log_opt_values /opt/stack/data/venv/lib/python3.12/site-packages/oslo_config/cfg.py:3006}}
Apr 07 21:01:49.387026 np0000164079 nova-scheduler[107582]: DEBUG cotyledon.oslo_config_glue [-] profiler.es_scroll_size = 10000 {{(pid=107582) log_opt_values /opt/stack/data/venv/lib/python3.12/site-packages/oslo_config/cfg.py:3006}}
Apr 07 21:01:49.387026 np0000164079 nova-scheduler[107582]: DEBUG cotyledon.oslo_config_glue [-] profiler.es_scroll_time = 2m {{(pid=107582) log_opt_values /opt/stack/data/venv/lib/python3.12/site-packages/oslo_config/cfg.py:3006}}
Apr 07 21:01:49.387306 np0000164079 nova-scheduler[107582]: DEBUG cotyledon.oslo_config_glue [-] profiler.filter_error_trace = False {{(pid=107582) log_opt_values /opt/stack/data/venv/lib/python3.12/site-packages/oslo_config/cfg.py:3006}}
Apr 07 21:01:49.387306 np0000164079 nova-scheduler[107582]: DEBUG cotyledon.oslo_config_glue [-] profiler.hmac_keys = **** {{(pid=107582) log_opt_values /opt/stack/data/venv/lib/python3.12/site-packages/oslo_config/cfg.py:3006}}
Apr 07 21:01:49.387306 np0000164079 nova-scheduler[107582]: DEBUG cotyledon.oslo_config_glue [-] profiler.sentinel_service_name = mymaster {{(pid=107582) log_opt_values /opt/stack/data/venv/lib/python3.12/site-packages/oslo_config/cfg.py:3006}}
Apr 07 21:01:49.387306 np0000164079 nova-scheduler[107582]: DEBUG cotyledon.oslo_config_glue [-] profiler.socket_timeout = 0.1 {{(pid=107582) log_opt_values /opt/stack/data/venv/lib/python3.12/site-packages/oslo_config/cfg.py:3006}}
Apr 07 21:01:49.387306 np0000164079 nova-scheduler[107582]: DEBUG cotyledon.oslo_config_glue [-] profiler.trace_requests = False {{(pid=107582) log_opt_values /opt/stack/data/venv/lib/python3.12/site-packages/oslo_config/cfg.py:3006}}
Apr 07 21:01:49.387306 np0000164079 nova-scheduler[107582]: DEBUG cotyledon.oslo_config_glue [-] profiler.trace_sqlalchemy = False {{(pid=107582) log_opt_values /opt/stack/data/venv/lib/python3.12/site-packages/oslo_config/cfg.py:3006}}
Apr 07 21:01:49.387306 np0000164079 nova-scheduler[107582]: DEBUG cotyledon.oslo_config_glue [-] profiler_jaeger.process_tags = {} {{(pid=107582) log_opt_values /opt/stack/data/venv/lib/python3.12/site-packages/oslo_config/cfg.py:3006}}
Apr 07 21:01:49.387306 np0000164079 nova-scheduler[107582]: DEBUG cotyledon.oslo_config_glue [-] profiler_jaeger.service_name_prefix = None {{(pid=107582) log_opt_values /opt/stack/data/venv/lib/python3.12/site-packages/oslo_config/cfg.py:3006}}
Apr 07 21:01:49.387306 np0000164079 nova-scheduler[107582]: DEBUG cotyledon.oslo_config_glue [-] profiler_otlp.service_name_prefix = None {{(pid=107582) log_opt_values /opt/stack/data/venv/lib/python3.12/site-packages/oslo_config/cfg.py:3006}}
Apr 07 21:01:49.387520 np0000164079 nova-scheduler[107582]: DEBUG cotyledon.oslo_config_glue [-] oslo_messaging_rabbit.amqp_auto_delete = False {{(pid=107582) log_opt_values /opt/stack/data/venv/lib/python3.12/site-packages/oslo_config/cfg.py:3006}}
Apr 07 21:01:49.387520 np0000164079 nova-scheduler[107582]: DEBUG cotyledon.oslo_config_glue [-] oslo_messaging_rabbit.amqp_durable_queues = False {{(pid=107582) log_opt_values /opt/stack/data/venv/lib/python3.12/site-packages/oslo_config/cfg.py:3006}}
Apr 07 21:01:49.387520 np0000164079 nova-scheduler[107582]: DEBUG cotyledon.oslo_config_glue [-] oslo_messaging_rabbit.conn_pool_min_size = 2 {{(pid=107582) log_opt_values /opt/stack/data/venv/lib/python3.12/site-packages/oslo_config/cfg.py:3006}}
Apr 07 21:01:49.387520 np0000164079 nova-scheduler[107582]: DEBUG cotyledon.oslo_config_glue [-] oslo_messaging_rabbit.conn_pool_ttl = 1200 {{(pid=107582) log_opt_values /opt/stack/data/venv/lib/python3.12/site-packages/oslo_config/cfg.py:3006}}
Apr 07 21:01:49.387520 np0000164079 nova-scheduler[107582]: DEBUG cotyledon.oslo_config_glue [-] oslo_messaging_rabbit.direct_mandatory_flag = True {{(pid=107582) log_opt_values /opt/stack/data/venv/lib/python3.12/site-packages/oslo_config/cfg.py:3006}}
Apr 07 21:01:49.387520 np0000164079 nova-scheduler[107582]: DEBUG cotyledon.oslo_config_glue [-] oslo_messaging_rabbit.enable_cancel_on_failover = False {{(pid=107582) log_opt_values /opt/stack/data/venv/lib/python3.12/site-packages/oslo_config/cfg.py:3006}}
Apr 07 21:01:49.387520 np0000164079 nova-scheduler[107582]: DEBUG cotyledon.oslo_config_glue [-] oslo_messaging_rabbit.heartbeat_in_pthread = False {{(pid=107582) log_opt_values /opt/stack/data/venv/lib/python3.12/site-packages/oslo_config/cfg.py:3006}}
Apr 07 21:01:49.387520 np0000164079 nova-scheduler[107582]: DEBUG cotyledon.oslo_config_glue [-] oslo_messaging_rabbit.heartbeat_rate = 3 {{(pid=107582) log_opt_values /opt/stack/data/venv/lib/python3.12/site-packages/oslo_config/cfg.py:3006}}
Apr 07 21:01:49.387520 np0000164079 nova-scheduler[107582]: DEBUG cotyledon.oslo_config_glue [-] oslo_messaging_rabbit.heartbeat_timeout_threshold = 60 {{(pid=107582) log_opt_values /opt/stack/data/venv/lib/python3.12/site-packages/oslo_config/cfg.py:3006}}
Apr 07 21:01:49.387782 np0000164079 nova-scheduler[107582]: DEBUG cotyledon.oslo_config_glue [-] oslo_messaging_rabbit.hostname = np0000164079 {{(pid=107582) log_opt_values /opt/stack/data/venv/lib/python3.12/site-packages/oslo_config/cfg.py:3006}}
Apr 07 21:01:49.387782 np0000164079 nova-scheduler[107582]: DEBUG cotyledon.oslo_config_glue [-] oslo_messaging_rabbit.kombu_compression = None {{(pid=107582) log_opt_values /opt/stack/data/venv/lib/python3.12/site-packages/oslo_config/cfg.py:3006}}
Apr 07 21:01:49.387782 np0000164079 nova-scheduler[107582]: DEBUG cotyledon.oslo_config_glue [-] oslo_messaging_rabbit.kombu_failover_strategy = round-robin {{(pid=107582) log_opt_values /opt/stack/data/venv/lib/python3.12/site-packages/oslo_config/cfg.py:3006}}
Apr 07 21:01:49.387782 np0000164079 nova-scheduler[107582]: DEBUG cotyledon.oslo_config_glue [-] oslo_messaging_rabbit.kombu_missing_consumer_retry_timeout = 60 {{(pid=107582) log_opt_values /opt/stack/data/venv/lib/python3.12/site-packages/oslo_config/cfg.py:3006}}
Apr 07 21:01:49.387782 np0000164079 nova-scheduler[107582]: DEBUG cotyledon.oslo_config_glue [-] oslo_messaging_rabbit.kombu_reconnect_delay = 1.0 {{(pid=107582) log_opt_values /opt/stack/data/venv/lib/python3.12/site-packages/oslo_config/cfg.py:3006}}
Apr 07 21:01:49.387782 np0000164079 nova-scheduler[107582]: DEBUG cotyledon.oslo_config_glue [-] oslo_messaging_rabbit.kombu_reconnect_splay = 0.0 {{(pid=107582) log_opt_values /opt/stack/data/venv/lib/python3.12/site-packages/oslo_config/cfg.py:3006}}
Apr 07 21:01:49.387782 np0000164079 nova-scheduler[107582]: DEBUG cotyledon.oslo_config_glue [-] oslo_messaging_rabbit.processname = nova-scheduler {{(pid=107582) log_opt_values /opt/stack/data/venv/lib/python3.12/site-packages/oslo_config/cfg.py:3006}}
Apr 07 21:01:49.387782 np0000164079 nova-scheduler[107582]: DEBUG cotyledon.oslo_config_glue [-] oslo_messaging_rabbit.rabbit_ha_queues = False {{(pid=107582) log_opt_values /opt/stack/data/venv/lib/python3.12/site-packages/oslo_config/cfg.py:3006}}
Apr 07 21:01:49.387782 np0000164079 nova-scheduler[107582]: DEBUG cotyledon.oslo_config_glue [-] oslo_messaging_rabbit.rabbit_interval_max = 30 {{(pid=107582) log_opt_values /opt/stack/data/venv/lib/python3.12/site-packages/oslo_config/cfg.py:3006}}
Apr 07 21:01:49.388007 np0000164079 nova-scheduler[107582]: DEBUG cotyledon.oslo_config_glue [-] oslo_messaging_rabbit.rabbit_login_method = AMQPLAIN {{(pid=107582) log_opt_values /opt/stack/data/venv/lib/python3.12/site-packages/oslo_config/cfg.py:3006}}
Apr 07 21:01:49.388007 np0000164079 nova-scheduler[107582]: DEBUG cotyledon.oslo_config_glue [-] oslo_messaging_rabbit.rabbit_qos_prefetch_count = 0 {{(pid=107582) log_opt_values /opt/stack/data/venv/lib/python3.12/site-packages/oslo_config/cfg.py:3006}}
Apr 07 21:01:49.388007 np0000164079 nova-scheduler[107582]: DEBUG cotyledon.oslo_config_glue [-] oslo_messaging_rabbit.rabbit_quorum_delivery_limit = 0 {{(pid=107582) log_opt_values /opt/stack/data/venv/lib/python3.12/site-packages/oslo_config/cfg.py:3006}}
Apr 07 21:01:49.388007 np0000164079 nova-scheduler[107582]: DEBUG cotyledon.oslo_config_glue [-] oslo_messaging_rabbit.rabbit_quorum_max_memory_bytes = 0 {{(pid=107582) log_opt_values /opt/stack/data/venv/lib/python3.12/site-packages/oslo_config/cfg.py:3006}}
Apr 07 21:01:49.388007 np0000164079 nova-scheduler[107582]: DEBUG cotyledon.oslo_config_glue [-] oslo_messaging_rabbit.rabbit_quorum_max_memory_length = 0 {{(pid=107582) log_opt_values /opt/stack/data/venv/lib/python3.12/site-packages/oslo_config/cfg.py:3006}}
Apr 07 21:01:49.388007 np0000164079 nova-scheduler[107582]: DEBUG cotyledon.oslo_config_glue [-] oslo_messaging_rabbit.rabbit_quorum_queue = False {{(pid=107582) log_opt_values /opt/stack/data/venv/lib/python3.12/site-packages/oslo_config/cfg.py:3006}}
Apr 07 21:01:49.388007 np0000164079 nova-scheduler[107582]: DEBUG cotyledon.oslo_config_glue [-] oslo_messaging_rabbit.rabbit_retry_backoff = 2 {{(pid=107582) log_opt_values /opt/stack/data/venv/lib/python3.12/site-packages/oslo_config/cfg.py:3006}}
Apr 07 21:01:49.388007 np0000164079 nova-scheduler[107582]: DEBUG cotyledon.oslo_config_glue [-] oslo_messaging_rabbit.rabbit_retry_interval = 1 {{(pid=107582) log_opt_values /opt/stack/data/venv/lib/python3.12/site-packages/oslo_config/cfg.py:3006}}
Apr 07 21:01:49.388568 np0000164079 nova-scheduler[107582]: DEBUG cotyledon.oslo_config_glue [-] oslo_messaging_rabbit.rabbit_stream_fanout = False {{(pid=107582) log_opt_values /opt/stack/data/venv/lib/python3.12/site-packages/oslo_config/cfg.py:3006}}
Apr 07 21:01:49.388568 np0000164079 nova-scheduler[107582]: DEBUG cotyledon.oslo_config_glue [-] oslo_messaging_rabbit.rabbit_transient_queues_ttl = 1800 {{(pid=107582) log_opt_values /opt/stack/data/venv/lib/python3.12/site-packages/oslo_config/cfg.py:3006}}
Apr 07 21:01:49.388568 np0000164079 nova-scheduler[107582]: DEBUG cotyledon.oslo_config_glue [-] oslo_messaging_rabbit.rabbit_transient_quorum_queue = False {{(pid=107582) log_opt_values /opt/stack/data/venv/lib/python3.12/site-packages/oslo_config/cfg.py:3006}}
Apr 07 21:01:49.388568 np0000164079 nova-scheduler[107582]: DEBUG cotyledon.oslo_config_glue [-] oslo_messaging_rabbit.rpc_conn_pool_size = 30 {{(pid=107582) log_opt_values /opt/stack/data/venv/lib/python3.12/site-packages/oslo_config/cfg.py:3006}}
Apr 07 21:01:49.388568 np0000164079 nova-scheduler[107582]: DEBUG cotyledon.oslo_config_glue [-] oslo_messaging_rabbit.ssl = False {{(pid=107582) log_opt_values /opt/stack/data/venv/lib/python3.12/site-packages/oslo_config/cfg.py:3006}}
Apr 07 21:01:49.388568 np0000164079 nova-scheduler[107582]: DEBUG cotyledon.oslo_config_glue [-] oslo_messaging_rabbit.ssl_ca_file = {{(pid=107582) log_opt_values /opt/stack/data/venv/lib/python3.12/site-packages/oslo_config/cfg.py:3006}}
Apr 07 21:01:49.388568 np0000164079 nova-scheduler[107582]: DEBUG cotyledon.oslo_config_glue [-] oslo_messaging_rabbit.ssl_cert_file = {{(pid=107582) log_opt_values /opt/stack/data/venv/lib/python3.12/site-packages/oslo_config/cfg.py:3006}}
Apr 07 21:01:49.388568 np0000164079 nova-scheduler[107582]: DEBUG cotyledon.oslo_config_glue [-] oslo_messaging_rabbit.ssl_enforce_fips_mode = False {{(pid=107582) log_opt_values /opt/stack/data/venv/lib/python3.12/site-packages/oslo_config/cfg.py:3006}}
Apr 07 21:01:49.388568 np0000164079 nova-scheduler[107582]: DEBUG cotyledon.oslo_config_glue [-] oslo_messaging_rabbit.ssl_key_file = {{(pid=107582) log_opt_values /opt/stack/data/venv/lib/python3.12/site-packages/oslo_config/cfg.py:3006}}
Apr 07 21:01:49.388860 np0000164079 nova-scheduler[107582]: DEBUG cotyledon.oslo_config_glue [-] oslo_messaging_rabbit.ssl_version = {{(pid=107582) log_opt_values /opt/stack/data/venv/lib/python3.12/site-packages/oslo_config/cfg.py:3006}}
Apr 07 21:01:49.388860 np0000164079 nova-scheduler[107582]: DEBUG cotyledon.oslo_config_glue [-] oslo_messaging_rabbit.use_queue_manager = False {{(pid=107582) log_opt_values /opt/stack/data/venv/lib/python3.12/site-packages/oslo_config/cfg.py:3006}}
Apr 07 21:01:49.388860 np0000164079 nova-scheduler[107582]: DEBUG cotyledon.oslo_config_glue [-] oslo_messaging_notifications.driver = ['messagingv2'] {{(pid=107582) log_opt_values /opt/stack/data/venv/lib/python3.12/site-packages/oslo_config/cfg.py:3006}}
Apr 07 21:01:49.388860 np0000164079 nova-scheduler[107582]: DEBUG cotyledon.oslo_config_glue [-] oslo_messaging_notifications.retry = -1 {{(pid=107582) log_opt_values /opt/stack/data/venv/lib/python3.12/site-packages/oslo_config/cfg.py:3006}}
Apr 07 21:01:49.388860 np0000164079 nova-scheduler[107582]: DEBUG cotyledon.oslo_config_glue [-] oslo_messaging_notifications.topics = ['notifications'] {{(pid=107582) log_opt_values /opt/stack/data/venv/lib/python3.12/site-packages/oslo_config/cfg.py:3006}}
Apr 07 21:01:49.388860 np0000164079 nova-scheduler[107582]: DEBUG cotyledon.oslo_config_glue [-] oslo_messaging_notifications.transport_url = **** {{(pid=107582) log_opt_values /opt/stack/data/venv/lib/python3.12/site-packages/oslo_config/cfg.py:3006}}
Apr 07 21:01:49.388860 np0000164079 nova-scheduler[107582]: DEBUG cotyledon.oslo_config_glue [-] oslo_limit.auth_section = None {{(pid=107582) log_opt_values /opt/stack/data/venv/lib/python3.12/site-packages/oslo_config/cfg.py:3006}}
Apr 07 21:01:49.388860 np0000164079 nova-scheduler[107582]: DEBUG cotyledon.oslo_config_glue [-] oslo_limit.auth_type = None {{(pid=107582) log_opt_values /opt/stack/data/venv/lib/python3.12/site-packages/oslo_config/cfg.py:3006}}
Apr 07 21:01:49.388860 np0000164079 nova-scheduler[107582]: DEBUG cotyledon.oslo_config_glue [-] oslo_limit.cafile = None {{(pid=107582) log_opt_values /opt/stack/data/venv/lib/python3.12/site-packages/oslo_config/cfg.py:3006}}
Apr 07 21:01:49.389092 np0000164079 nova-scheduler[107582]: DEBUG cotyledon.oslo_config_glue [-] oslo_limit.certfile = None {{(pid=107582) log_opt_values /opt/stack/data/venv/lib/python3.12/site-packages/oslo_config/cfg.py:3006}}
Apr 07 21:01:49.389092 np0000164079 nova-scheduler[107582]: DEBUG cotyledon.oslo_config_glue [-] oslo_limit.collect_timing = False {{(pid=107582) log_opt_values /opt/stack/data/venv/lib/python3.12/site-packages/oslo_config/cfg.py:3006}}
Apr 07 21:01:49.389092 np0000164079 nova-scheduler[107582]: DEBUG cotyledon.oslo_config_glue [-] oslo_limit.connect_retries = None {{(pid=107582) log_opt_values /opt/stack/data/venv/lib/python3.12/site-packages/oslo_config/cfg.py:3006}}
Apr 07 21:01:49.389092 np0000164079 nova-scheduler[107582]: DEBUG cotyledon.oslo_config_glue [-] oslo_limit.connect_retry_delay = None {{(pid=107582) log_opt_values /opt/stack/data/venv/lib/python3.12/site-packages/oslo_config/cfg.py:3006}}
Apr 07 21:01:49.389092 np0000164079 nova-scheduler[107582]: DEBUG cotyledon.oslo_config_glue [-] oslo_limit.endpoint_id = None {{(pid=107582) log_opt_values /opt/stack/data/venv/lib/python3.12/site-packages/oslo_config/cfg.py:3006}}
Apr 07 21:01:49.389092 np0000164079 nova-scheduler[107582]: DEBUG cotyledon.oslo_config_glue [-] oslo_limit.endpoint_interface = public {{(pid=107582) log_opt_values /opt/stack/data/venv/lib/python3.12/site-packages/oslo_config/cfg.py:3006}}
Apr 07 21:01:49.389092 np0000164079 nova-scheduler[107582]: DEBUG cotyledon.oslo_config_glue [-] oslo_limit.endpoint_override = None {{(pid=107582) log_opt_values /opt/stack/data/venv/lib/python3.12/site-packages/oslo_config/cfg.py:3006}}
Apr 07 21:01:49.389092 np0000164079 nova-scheduler[107582]: DEBUG cotyledon.oslo_config_glue [-] oslo_limit.endpoint_region_name = None {{(pid=107582) log_opt_values /opt/stack/data/venv/lib/python3.12/site-packages/oslo_config/cfg.py:3006}}
Apr 07 21:01:49.389092 np0000164079 nova-scheduler[107582]: DEBUG cotyledon.oslo_config_glue [-] oslo_limit.endpoint_service_name = None {{(pid=107582) log_opt_values /opt/stack/data/venv/lib/python3.12/site-packages/oslo_config/cfg.py:3006}}
Apr 07 21:01:49.389478 np0000164079 nova-scheduler[107582]: DEBUG cotyledon.oslo_config_glue [-] oslo_limit.endpoint_service_type = None {{(pid=107582) log_opt_values /opt/stack/data/venv/lib/python3.12/site-packages/oslo_config/cfg.py:3006}}
Apr 07 21:01:49.389478 np0000164079 nova-scheduler[107582]: DEBUG cotyledon.oslo_config_glue [-] oslo_limit.insecure = False {{(pid=107582) log_opt_values /opt/stack/data/venv/lib/python3.12/site-packages/oslo_config/cfg.py:3006}}
Apr 07 21:01:49.389478 np0000164079 nova-scheduler[107582]: DEBUG cotyledon.oslo_config_glue [-] oslo_limit.keyfile = None {{(pid=107582) log_opt_values /opt/stack/data/venv/lib/python3.12/site-packages/oslo_config/cfg.py:3006}}
Apr 07 21:01:49.389478 np0000164079 nova-scheduler[107582]: DEBUG cotyledon.oslo_config_glue [-] oslo_limit.max_version = None {{(pid=107582) log_opt_values /opt/stack/data/venv/lib/python3.12/site-packages/oslo_config/cfg.py:3006}}
Apr 07 21:01:49.389478 np0000164079 nova-scheduler[107582]: DEBUG cotyledon.oslo_config_glue [-] oslo_limit.min_version = None {{(pid=107582) log_opt_values /opt/stack/data/venv/lib/python3.12/site-packages/oslo_config/cfg.py:3006}}
Apr 07 21:01:49.389478 np0000164079 nova-scheduler[107582]: DEBUG cotyledon.oslo_config_glue [-] oslo_limit.region_name = None {{(pid=107582) log_opt_values /opt/stack/data/venv/lib/python3.12/site-packages/oslo_config/cfg.py:3006}}
Apr 07 21:01:49.389478 np0000164079 nova-scheduler[107582]: DEBUG cotyledon.oslo_config_glue [-] oslo_limit.retriable_status_codes = None {{(pid=107582) log_opt_values /opt/stack/data/venv/lib/python3.12/site-packages/oslo_config/cfg.py:3006}}
Apr 07 21:01:49.389478 np0000164079 nova-scheduler[107582]: DEBUG cotyledon.oslo_config_glue [-] oslo_limit.service_name = None {{(pid=107582) log_opt_values /opt/stack/data/venv/lib/python3.12/site-packages/oslo_config/cfg.py:3006}}
Apr 07 21:01:49.389478 np0000164079 nova-scheduler[107582]: DEBUG cotyledon.oslo_config_glue [-] oslo_limit.service_type = None {{(pid=107582) log_opt_values /opt/stack/data/venv/lib/python3.12/site-packages/oslo_config/cfg.py:3006}}
Apr 07 21:01:49.389695 np0000164079 nova-scheduler[107582]: DEBUG cotyledon.oslo_config_glue [-] oslo_limit.split_loggers = False {{(pid=107582) log_opt_values /opt/stack/data/venv/lib/python3.12/site-packages/oslo_config/cfg.py:3006}}
Apr 07 21:01:49.389724 np0000164079 nova-scheduler[107559]: DEBUG dbcounter [-] [107559] Writer thread running {{(pid=107559) stat_writer /opt/stack/data/venv/lib/python3.12/site-packages/dbcounter.py:102}}
Apr 07 21:01:49.389756 np0000164079 nova-scheduler[107582]: DEBUG cotyledon.oslo_config_glue [-] oslo_limit.status_code_retries = None {{(pid=107582) log_opt_values /opt/stack/data/venv/lib/python3.12/site-packages/oslo_config/cfg.py:3006}}
Apr 07 21:01:49.389756 np0000164079 nova-scheduler[107582]: DEBUG cotyledon.oslo_config_glue [-] oslo_limit.status_code_retry_delay = None {{(pid=107582) log_opt_values /opt/stack/data/venv/lib/python3.12/site-packages/oslo_config/cfg.py:3006}}
Apr 07 21:01:49.389756 np0000164079 nova-scheduler[107582]: DEBUG cotyledon.oslo_config_glue [-] oslo_limit.timeout = None {{(pid=107582) log_opt_values /opt/stack/data/venv/lib/python3.12/site-packages/oslo_config/cfg.py:3006}}
Apr 07 21:01:49.389756 np0000164079 nova-scheduler[107582]: DEBUG cotyledon.oslo_config_glue [-] oslo_limit.valid_interfaces = None {{(pid=107582) log_opt_values /opt/stack/data/venv/lib/python3.12/site-packages/oslo_config/cfg.py:3006}}
Apr 07 21:01:49.389756 np0000164079 nova-scheduler[107582]: DEBUG cotyledon.oslo_config_glue [-] oslo_limit.version = None {{(pid=107582) log_opt_values /opt/stack/data/venv/lib/python3.12/site-packages/oslo_config/cfg.py:3006}}
Apr 07 21:01:49.389867 np0000164079 nova-scheduler[107574]: INFO dbcounter [None req-183fb468-0224-4e1e-957f-d219ae98b78e None None] Registered counter for database nova_cell0
Apr 07 21:01:49.389902 np0000164079 nova-scheduler[107582]: DEBUG cotyledon.oslo_config_glue [-] oslo_reports.file_event_handler = None {{(pid=107582) log_opt_values /opt/stack/data/venv/lib/python3.12/site-packages/oslo_config/cfg.py:3006}}
Apr 07 21:01:49.389902 np0000164079 nova-scheduler[107582]: DEBUG cotyledon.oslo_config_glue [-] oslo_reports.file_event_handler_interval = 1 {{(pid=107582) log_opt_values /opt/stack/data/venv/lib/python3.12/site-packages/oslo_config/cfg.py:3006}}
Apr 07 21:01:49.389902 np0000164079 nova-scheduler[107582]: DEBUG cotyledon.oslo_config_glue [-] oslo_reports.log_dir = None {{(pid=107582) log_opt_values /opt/stack/data/venv/lib/python3.12/site-packages/oslo_config/cfg.py:3006}}
Apr 07 21:01:49.389902 np0000164079 nova-scheduler[107582]: DEBUG cotyledon.oslo_config_glue [-] ******************************************************************************** {{(pid=107582) log_opt_values /opt/stack/data/venv/lib/python3.12/site-packages/oslo_config/cfg.py:3013}}
Apr 07 21:01:49.389902 np0000164079 nova-scheduler[107582]: DEBUG cotyledon._service_worker [-] Run service ServiceWrapper(3) [107582] {{(pid=107582) wait_forever /opt/stack/data/venv/lib/python3.12/site-packages/cotyledon/_service_worker.py:218}}
Apr 07 21:01:49.389902 np0000164079 nova-scheduler[107582]: INFO nova.service [-] Starting scheduler node (version 33.1.0)
Apr 07 21:01:49.390090 np0000164079 nova-scheduler[107566]: DEBUG dbcounter [-] [107566] Writer thread running {{(pid=107566) stat_writer /opt/stack/data/venv/lib/python3.12/site-packages/dbcounter.py:102}}
Apr 07 21:01:49.390116 np0000164079 nova-scheduler[107582]: INFO dbcounter [None req-e7077be9-81ab-4ca9-848c-9f84e47cb668 None None] Registered counter for database nova_cell0
Apr 07 21:01:49.390144 np0000164079 nova-scheduler[107574]: DEBUG oslo_db.sqlalchemy.engines [None req-183fb468-0224-4e1e-957f-d219ae98b78e None None] MySQL server mode set to STRICT_TRANS_TABLES,STRICT_ALL_TABLES,NO_ZERO_IN_DATE,NO_ZERO_DATE,ERROR_FOR_DIVISION_BY_ZERO,TRADITIONAL,NO_ENGINE_SUBSTITUTION {{(pid=107574) _check_effective_sql_mode /opt/stack/data/venv/lib/python3.12/site-packages/oslo_db/sqlalchemy/engines.py:325}}
Apr 07 21:01:49.390144 np0000164079 nova-scheduler[107574]: DEBUG dbcounter [-] [107574] Writer thread running {{(pid=107574) stat_writer /opt/stack/data/venv/lib/python3.12/site-packages/dbcounter.py:102}}
Apr 07 21:01:49.390463 np0000164079 nova-scheduler[107559]: DEBUG nova.service [None req-fcba077f-cbf4-4c2e-8178-942db62fb43a None None] Creating RPC server for service: nova-scheduler on topic: scheduler {{(pid=107559) start /opt/stack/nova/nova/service.py:195}}
Apr 07 21:01:49.390492 np0000164079 nova-scheduler[107582]: DEBUG oslo_db.sqlalchemy.engines [None req-e7077be9-81ab-4ca9-848c-9f84e47cb668 None None] MySQL server mode set to STRICT_TRANS_TABLES,STRICT_ALL_TABLES,NO_ZERO_IN_DATE,NO_ZERO_DATE,ERROR_FOR_DIVISION_BY_ZERO,TRADITIONAL,NO_ENGINE_SUBSTITUTION {{(pid=107582) _check_effective_sql_mode /opt/stack/data/venv/lib/python3.12/site-packages/oslo_db/sqlalchemy/engines.py:325}}
Apr 07 21:01:49.391818 np0000164079 nova-scheduler[107574]: DEBUG nova.service [None req-183fb468-0224-4e1e-957f-d219ae98b78e None None] Creating RPC server for service: nova-scheduler on topic: scheduler {{(pid=107574) start /opt/stack/nova/nova/service.py:195}}
Apr 07 21:01:49.392881 np0000164079 nova-scheduler[107566]: DEBUG nova.service [None req-6d50742c-8222-455b-b9e3-e0c709348a9f None None] Creating RPC server for service: nova-scheduler on topic: scheduler {{(pid=107566) start /opt/stack/nova/nova/service.py:195}}
Apr 07 21:01:49.403693 np0000164079 nova-scheduler[107582]: DEBUG dbcounter [-] [107582] Writer thread running {{(pid=107582) stat_writer /opt/stack/data/venv/lib/python3.12/site-packages/dbcounter.py:102}}
Apr 07 21:01:49.407047 np0000164079 nova-scheduler[107582]: DEBUG nova.service [None req-e7077be9-81ab-4ca9-848c-9f84e47cb668 None None] Creating RPC server for service: nova-scheduler on topic: scheduler {{(pid=107582) start /opt/stack/nova/nova/service.py:195}}
Apr 07 21:01:49.422955 np0000164079 nova-scheduler[107574]: DEBUG nova.service [None req-183fb468-0224-4e1e-957f-d219ae98b78e None None] Join ServiceGroup membership for this service scheduler {{(pid=107574) start /opt/stack/nova/nova/service.py:221}}
Apr 07 21:01:49.423306 np0000164079 nova-scheduler[107574]: DEBUG nova.servicegroup.drivers.db [None req-183fb468-0224-4e1e-957f-d219ae98b78e None None] DB_Driver: join new ServiceGroup member np0000164079 to the scheduler group, service = {{(pid=107574) join /opt/stack/nova/nova/servicegroup/drivers/db.py:44}}
Apr 07 21:01:49.423640 np0000164079 nova-scheduler[107566]: DEBUG nova.service [None req-6d50742c-8222-455b-b9e3-e0c709348a9f None None] Join ServiceGroup membership for this service scheduler {{(pid=107566) start /opt/stack/nova/nova/service.py:221}}
Apr 07 21:01:49.424049 np0000164079 nova-scheduler[107566]: DEBUG nova.servicegroup.drivers.db [None req-6d50742c-8222-455b-b9e3-e0c709348a9f None None] DB_Driver: join new ServiceGroup member np0000164079 to the scheduler group, service = {{(pid=107566) join /opt/stack/nova/nova/servicegroup/drivers/db.py:44}}
Apr 07 21:01:49.429286 np0000164079 nova-scheduler[107582]: DEBUG nova.service [None req-e7077be9-81ab-4ca9-848c-9f84e47cb668 None None] Join ServiceGroup membership for this service scheduler {{(pid=107582) start /opt/stack/nova/nova/service.py:221}}
Apr 07 21:01:49.429286 np0000164079 nova-scheduler[107582]: DEBUG nova.servicegroup.drivers.db [None req-e7077be9-81ab-4ca9-848c-9f84e47cb668 None None] DB_Driver: join new ServiceGroup member np0000164079 to the scheduler group, service = {{(pid=107582) join /opt/stack/nova/nova/servicegroup/drivers/db.py:44}}
Apr 07 21:01:49.432107 np0000164079 nova-scheduler[107559]: DEBUG nova.service [None req-fcba077f-cbf4-4c2e-8178-942db62fb43a None None] Join ServiceGroup membership for this service scheduler {{(pid=107559) start /opt/stack/nova/nova/service.py:221}}
Apr 07 21:01:49.432750 np0000164079 nova-scheduler[107559]: DEBUG nova.servicegroup.drivers.db [None req-fcba077f-cbf4-4c2e-8178-942db62fb43a None None] DB_Driver: join new ServiceGroup member np0000164079 to the scheduler group, service = {{(pid=107559) join /opt/stack/nova/nova/servicegroup/drivers/db.py:44}}
Apr 07 21:01:54.447295 np0000164079 nova-scheduler[107574]: DEBUG oslo.service.backend._threading.loopingcall [-] Fixed interval looping call 'nova.servicegroup.drivers.db.DbDriver._report_state' sleeping for 119.98 seconds {{(pid=107574) _run_loop /opt/stack/data/venv/lib/python3.12/site-packages/oslo_service/backend/_threading/loopingcall.py:125}}
Apr 07 21:01:54.450283 np0000164079 nova-scheduler[107566]: DEBUG oslo.service.backend._threading.loopingcall [-] Fixed interval looping call 'nova.servicegroup.drivers.db.DbDriver._report_state' sleeping for 119.98 seconds {{(pid=107566) _run_loop /opt/stack/data/venv/lib/python3.12/site-packages/oslo_service/backend/_threading/loopingcall.py:125}}
Apr 07 21:01:54.450791 np0000164079 nova-scheduler[107582]: DEBUG oslo.service.backend._threading.loopingcall [-] Fixed interval looping call 'nova.servicegroup.drivers.db.DbDriver._report_state' sleeping for 119.98 seconds {{(pid=107582) _run_loop /opt/stack/data/venv/lib/python3.12/site-packages/oslo_service/backend/_threading/loopingcall.py:125}}
Apr 07 21:01:54.451559 np0000164079 nova-scheduler[107559]: DEBUG oslo.service.backend._threading.loopingcall [-] Fixed interval looping call 'nova.servicegroup.drivers.db.DbDriver._report_state' sleeping for 119.98 seconds {{(pid=107559) _run_loop /opt/stack/data/venv/lib/python3.12/site-packages/oslo_service/backend/_threading/loopingcall.py:125}}
Apr 07 21:01:57.984690 np0000164079 nova-scheduler[106858]: DEBUG dbcounter [-] [106858] Writing DB stats nova_api:SELECT=3 {{(pid=106858) stat_writer /opt/stack/data/venv/lib/python3.12/site-packages/dbcounter.py:115}}
Apr 07 21:01:58.089617 np0000164079 nova-scheduler[106858]: DEBUG dbcounter [-] [106858] Writing DB stats nova_cell1:SELECT=1 {{(pid=106858) stat_writer /opt/stack/data/venv/lib/python3.12/site-packages/dbcounter.py:115}}
Apr 07 21:01:58.090287 np0000164079 nova-scheduler[106858]: DEBUG dbcounter [-] [106858] Writing DB stats nova_cell0:SELECT=1 {{(pid=106858) stat_writer /opt/stack/data/venv/lib/python3.12/site-packages/dbcounter.py:115}}
Apr 07 21:02:00.427584 np0000164079 nova-scheduler[107566]: DEBUG oslo.service.backend._threading.loopingcall [None req-3a2e7b3a-2717-42e8-8b62-d5c8d5937837 None None] Dynamic interval looping call 'nova.service.Service.periodic_tasks' sleeping for 60.00 seconds {{(pid=107566) _run_loop /opt/stack/data/venv/lib/python3.12/site-packages/oslo_service/backend/_threading/loopingcall.py:125}}
Apr 07 21:02:04.440368 np0000164079 nova-scheduler[107574]: DEBUG dbcounter [-] [107574] Writing DB stats nova_cell0:SELECT=3,nova_cell0:UPDATE=1 {{(pid=107574) stat_writer /opt/stack/data/venv/lib/python3.12/site-packages/dbcounter.py:115}}
Apr 07 21:02:04.441101 np0000164079 nova-scheduler[107566]: DEBUG dbcounter [-] [107566] Writing DB stats nova_cell0:SELECT=5,nova_cell0:INSERT=1,nova_cell0:UPDATE=1 {{(pid=107566) stat_writer /opt/stack/data/venv/lib/python3.12/site-packages/dbcounter.py:115}}
Apr 07 21:02:04.446832 np0000164079 nova-scheduler[107582]: DEBUG dbcounter [-] [107582] Writing DB stats nova_cell0:SELECT=3,nova_cell0:UPDATE=1 {{(pid=107582) stat_writer /opt/stack/data/venv/lib/python3.12/site-packages/dbcounter.py:115}}
Apr 07 21:02:04.449019 np0000164079 nova-scheduler[107559]: DEBUG dbcounter [-] [107559] Writing DB stats nova_cell0:SELECT=4,nova_cell0:INSERT=1,nova_cell0:UPDATE=1 {{(pid=107559) stat_writer /opt/stack/data/venv/lib/python3.12/site-packages/dbcounter.py:115}}
Apr 07 21:02:08.426835 np0000164079 nova-scheduler[107574]: DEBUG oslo.service.backend._threading.loopingcall [None req-14cdc997-711d-4f65-937d-58124d7ec595 None None] Dynamic interval looping call 'nova.service.Service.periodic_tasks' sleeping for 60.00 seconds {{(pid=107574) _run_loop /opt/stack/data/venv/lib/python3.12/site-packages/oslo_service/backend/_threading/loopingcall.py:125}}
Apr 07 21:02:31.436915 np0000164079 nova-scheduler[107559]: DEBUG oslo.service.backend._threading.loopingcall [None req-71c0afca-1124-46c6-a221-89c34f95d254 None None] Dynamic interval looping call 'nova.service.Service.periodic_tasks' sleeping for 60.00 seconds {{(pid=107559) _run_loop /opt/stack/data/venv/lib/python3.12/site-packages/oslo_service/backend/_threading/loopingcall.py:125}}
Apr 07 21:02:46.432013 np0000164079 nova-scheduler[107582]: DEBUG oslo.service.backend._threading.loopingcall [None req-c3395e52-b925-4db3-aefb-0d04f6134a3f None None] Dynamic interval looping call 'nova.service.Service.periodic_tasks' sleeping for 60.00 seconds {{(pid=107582) _run_loop /opt/stack/data/venv/lib/python3.12/site-packages/oslo_service/backend/_threading/loopingcall.py:125}}
Apr 07 21:03:00.428438 np0000164079 nova-scheduler[107566]: DEBUG oslo.service.backend._threading.loopingcall [None req-3a2e7b3a-2717-42e8-8b62-d5c8d5937837 None None] Dynamic interval looping call 'nova.service.Service.periodic_tasks' sleeping for 60.00 seconds {{(pid=107566) _run_loop /opt/stack/data/venv/lib/python3.12/site-packages/oslo_service/backend/_threading/loopingcall.py:125}}
Apr 07 21:03:08.427640 np0000164079 nova-scheduler[107574]: DEBUG oslo.service.backend._threading.loopingcall [None req-14cdc997-711d-4f65-937d-58124d7ec595 None None] Dynamic interval looping call 'nova.service.Service.periodic_tasks' sleeping for 60.00 seconds {{(pid=107574) _run_loop /opt/stack/data/venv/lib/python3.12/site-packages/oslo_service/backend/_threading/loopingcall.py:125}}
Apr 07 21:03:31.437840 np0000164079 nova-scheduler[107559]: DEBUG oslo.service.backend._threading.loopingcall [None req-71c0afca-1124-46c6-a221-89c34f95d254 None None] Dynamic interval looping call 'nova.service.Service.periodic_tasks' sleeping for 60.00 seconds {{(pid=107559) _run_loop /opt/stack/data/venv/lib/python3.12/site-packages/oslo_service/backend/_threading/loopingcall.py:125}}
Apr 07 21:03:46.432784 np0000164079 nova-scheduler[107582]: DEBUG oslo.service.backend._threading.loopingcall [None req-c3395e52-b925-4db3-aefb-0d04f6134a3f None None] Dynamic interval looping call 'nova.service.Service.periodic_tasks' sleeping for 60.00 seconds {{(pid=107582) _run_loop /opt/stack/data/venv/lib/python3.12/site-packages/oslo_service/backend/_threading/loopingcall.py:125}}
Apr 07 21:03:54.441747 np0000164079 nova-scheduler[107582]: DEBUG oslo.service.backend._threading.loopingcall [-] Fixed interval looping call 'nova.servicegroup.drivers.db.DbDriver._report_state' sleeping for 119.99 seconds {{(pid=107582) _run_loop /opt/stack/data/venv/lib/python3.12/site-packages/oslo_service/backend/_threading/loopingcall.py:125}}
Apr 07 21:03:54.442405 np0000164079 nova-scheduler[107566]: DEBUG oslo.service.backend._threading.loopingcall [-] Fixed interval looping call 'nova.servicegroup.drivers.db.DbDriver._report_state' sleeping for 119.99 seconds {{(pid=107566) _run_loop /opt/stack/data/venv/lib/python3.12/site-packages/oslo_service/backend/_threading/loopingcall.py:125}}
Apr 07 21:03:54.442727 np0000164079 nova-scheduler[107574]: DEBUG oslo.service.backend._threading.loopingcall [-] Fixed interval looping call 'nova.servicegroup.drivers.db.DbDriver._report_state' sleeping for 119.99 seconds {{(pid=107574) _run_loop /opt/stack/data/venv/lib/python3.12/site-packages/oslo_service/backend/_threading/loopingcall.py:125}}
Apr 07 21:03:54.443286 np0000164079 nova-scheduler[107559]: DEBUG oslo.service.backend._threading.loopingcall [-] Fixed interval looping call 'nova.servicegroup.drivers.db.DbDriver._report_state' sleeping for 119.99 seconds {{(pid=107559) _run_loop /opt/stack/data/venv/lib/python3.12/site-packages/oslo_service/backend/_threading/loopingcall.py:125}}
Apr 07 21:04:00.429029 np0000164079 nova-scheduler[107566]: DEBUG oslo.service.backend._threading.loopingcall [None req-3a2e7b3a-2717-42e8-8b62-d5c8d5937837 None None] Dynamic interval looping call 'nova.service.Service.periodic_tasks' sleeping for 60.00 seconds {{(pid=107566) _run_loop /opt/stack/data/venv/lib/python3.12/site-packages/oslo_service/backend/_threading/loopingcall.py:125}}
Apr 07 21:04:04.435444 np0000164079 nova-scheduler[107566]: DEBUG dbcounter [-] [107566] Writing DB stats nova_cell0:SELECT=1,nova_cell0:UPDATE=1 {{(pid=107566) stat_writer /opt/stack/data/venv/lib/python3.12/site-packages/dbcounter.py:115}}
Apr 07 21:04:04.436251 np0000164079 nova-scheduler[107582]: DEBUG dbcounter [-] [107582] Writing DB stats nova_cell0:SELECT=1,nova_cell0:UPDATE=1 {{(pid=107582) stat_writer /opt/stack/data/venv/lib/python3.12/site-packages/dbcounter.py:115}}
Apr 07 21:04:04.436735 np0000164079 nova-scheduler[107574]: DEBUG dbcounter [-] [107574] Writing DB stats nova_cell0:SELECT=1,nova_cell0:UPDATE=1 {{(pid=107574) stat_writer /opt/stack/data/venv/lib/python3.12/site-packages/dbcounter.py:115}}
Apr 07 21:04:04.438951 np0000164079 nova-scheduler[107559]: DEBUG dbcounter [-] [107559] Writing DB stats nova_cell0:SELECT=1,nova_cell0:UPDATE=1 {{(pid=107559) stat_writer /opt/stack/data/venv/lib/python3.12/site-packages/dbcounter.py:115}}
Apr 07 21:04:08.428479 np0000164079 nova-scheduler[107574]: DEBUG oslo.service.backend._threading.loopingcall [None req-14cdc997-711d-4f65-937d-58124d7ec595 None None] Dynamic interval looping call 'nova.service.Service.periodic_tasks' sleeping for 60.00 seconds {{(pid=107574) _run_loop /opt/stack/data/venv/lib/python3.12/site-packages/oslo_service/backend/_threading/loopingcall.py:125}}
Apr 07 21:04:31.438653 np0000164079 nova-scheduler[107559]: DEBUG oslo.service.backend._threading.loopingcall [None req-71c0afca-1124-46c6-a221-89c34f95d254 None None] Dynamic interval looping call 'nova.service.Service.periodic_tasks' sleeping for 60.00 seconds {{(pid=107559) _run_loop /opt/stack/data/venv/lib/python3.12/site-packages/oslo_service/backend/_threading/loopingcall.py:125}}
Apr 07 21:04:46.433702 np0000164079 nova-scheduler[107582]: DEBUG oslo.service.backend._threading.loopingcall [None req-c3395e52-b925-4db3-aefb-0d04f6134a3f None None] Dynamic interval looping call 'nova.service.Service.periodic_tasks' sleeping for 60.00 seconds {{(pid=107582) _run_loop /opt/stack/data/venv/lib/python3.12/site-packages/oslo_service/backend/_threading/loopingcall.py:125}}
Apr 07 21:05:00.430601 np0000164079 nova-scheduler[107566]: DEBUG oslo.service.backend._threading.loopingcall [None req-3a2e7b3a-2717-42e8-8b62-d5c8d5937837 None None] Dynamic interval looping call 'nova.service.Service.periodic_tasks' sleeping for 60.00 seconds {{(pid=107566) _run_loop /opt/stack/data/venv/lib/python3.12/site-packages/oslo_service/backend/_threading/loopingcall.py:125}}
Apr 07 21:05:08.429029 np0000164079 nova-scheduler[107574]: DEBUG oslo.service.backend._threading.loopingcall [None req-14cdc997-711d-4f65-937d-58124d7ec595 None None] Dynamic interval looping call 'nova.service.Service.periodic_tasks' sleeping for 60.00 seconds {{(pid=107574) _run_loop /opt/stack/data/venv/lib/python3.12/site-packages/oslo_service/backend/_threading/loopingcall.py:125}}
Apr 07 21:05:31.439430 np0000164079 nova-scheduler[107559]: DEBUG oslo.service.backend._threading.loopingcall [None req-71c0afca-1124-46c6-a221-89c34f95d254 None None] Dynamic interval looping call 'nova.service.Service.periodic_tasks' sleeping for 60.00 seconds {{(pid=107559) _run_loop /opt/stack/data/venv/lib/python3.12/site-packages/oslo_service/backend/_threading/loopingcall.py:125}}
Apr 07 21:05:46.434602 np0000164079 nova-scheduler[107582]: DEBUG oslo.service.backend._threading.loopingcall [None req-c3395e52-b925-4db3-aefb-0d04f6134a3f None None] Dynamic interval looping call 'nova.service.Service.periodic_tasks' sleeping for 60.00 seconds {{(pid=107582) _run_loop /opt/stack/data/venv/lib/python3.12/site-packages/oslo_service/backend/_threading/loopingcall.py:125}}
Apr 07 21:05:54.443194 np0000164079 nova-scheduler[107566]: DEBUG oslo.service.backend._threading.loopingcall [-] Fixed interval looping call 'nova.servicegroup.drivers.db.DbDriver._report_state' sleeping for 119.99 seconds {{(pid=107566) _run_loop /opt/stack/data/venv/lib/python3.12/site-packages/oslo_service/backend/_threading/loopingcall.py:125}}
Apr 07 21:05:54.443762 np0000164079 nova-scheduler[107582]: DEBUG oslo.service.backend._threading.loopingcall [-] Fixed interval looping call 'nova.servicegroup.drivers.db.DbDriver._report_state' sleeping for 119.99 seconds {{(pid=107582) _run_loop /opt/stack/data/venv/lib/python3.12/site-packages/oslo_service/backend/_threading/loopingcall.py:125}}
Apr 07 21:05:54.444371 np0000164079 nova-scheduler[107559]: DEBUG oslo.service.backend._threading.loopingcall [-] Fixed interval looping call 'nova.servicegroup.drivers.db.DbDriver._report_state' sleeping for 119.99 seconds {{(pid=107559) _run_loop /opt/stack/data/venv/lib/python3.12/site-packages/oslo_service/backend/_threading/loopingcall.py:125}}
Apr 07 21:05:54.445144 np0000164079 nova-scheduler[107574]: DEBUG oslo.service.backend._threading.loopingcall [-] Fixed interval looping call 'nova.servicegroup.drivers.db.DbDriver._report_state' sleeping for 119.99 seconds {{(pid=107574) _run_loop /opt/stack/data/venv/lib/python3.12/site-packages/oslo_service/backend/_threading/loopingcall.py:125}}
Apr 07 21:06:00.054236 np0000164079 nova-scheduler[107574]: DEBUG nova.scheduler.manager [None req-c55770ff-6bf3-40bd-a173-cc8e3031a64f demo demo] Starting to schedule for instances: ['325422a3-6181-4966-b354-375bcb4945e6'] {{(pid=107574) select_destinations /opt/stack/nova/nova/scheduler/manager.py:210}}
Apr 07 21:06:00.057229 np0000164079 nova-scheduler[107574]: DEBUG oslo_db.sqlalchemy.engines [None req-c55770ff-6bf3-40bd-a173-cc8e3031a64f demo demo] Parent process 106858 forked (107574) with an open database connection, which is being discarded and recreated. {{(pid=107574) checkout /opt/stack/data/venv/lib/python3.12/site-packages/oslo_db/sqlalchemy/engines.py:402}}
Apr 07 21:06:00.065816 np0000164079 nova-scheduler[107574]: DEBUG dbcounter [-] [107574] Writer thread running {{(pid=107574) stat_writer /opt/stack/data/venv/lib/python3.12/site-packages/dbcounter.py:102}}
