Jun 16 03:34:35.421714 np0000180673 devstack@neutron-api.service[103164]: DEBUG neutron_lib.callbacks.manager [None req-461fb41d-f1c4-412f-b53f-4c9b27965f22 None None] Subscribe: > router precommit_create 55549900, False {{(pid=103164) subscribe /opt/stack/data/venv/lib/python3.12/site-packages/neutron_lib/callbacks/manager.py:52}}
Jun 16 03:34:35.422007 np0000180673 devstack@neutron-api.service[103163]: DEBUG neutron_lib.callbacks.manager [None req-aa9b593b-af7d-438b-918d-2fec101f7ead None None] Subscribe: > security_group_rule after_create 55550000, False {{(pid=103163) subscribe /opt/stack/data/venv/lib/python3.12/site-packages/neutron_lib/callbacks/manager.py:52}}
Jun 16 03:34:35.422007 np0000180673 devstack@neutron-api.service[103163]: DEBUG neutron_lib.callbacks.manager [None req-aa9b593b-af7d-438b-918d-2fec101f7ead None None] Subscribe: > security_group_rule before_delete 55550000, False {{(pid=103163) subscribe /opt/stack/data/venv/lib/python3.12/site-packages/neutron_lib/callbacks/manager.py:52}}
Jun 16 03:34:35.422304 np0000180673 devstack@neutron-api.service[103164]: DEBUG neutron_lib.callbacks.manager [None req-461fb41d-f1c4-412f-b53f-4c9b27965f22 None None] Subscribe: > router_interface after_create 55550000, False {{(pid=103164) subscribe /opt/stack/data/venv/lib/python3.12/site-packages/neutron_lib/callbacks/manager.py:52}}
Jun 16 03:34:35.422831 np0000180673 devstack@neutron-api.service[103163]: DEBUG neutron_lib.callbacks.manager [None req-aa9b593b-af7d-438b-918d-2fec101f7ead None None] Subscribe: > address_group after_create 55550000, False {{(pid=103163) subscribe /opt/stack/data/venv/lib/python3.12/site-packages/neutron_lib/callbacks/manager.py:52}}
Jun 16 03:34:35.423386 np0000180673 devstack@neutron-api.service[103164]: DEBUG neutron_lib.callbacks.manager [None req-461fb41d-f1c4-412f-b53f-4c9b27965f22 None None] Subscribe: > floatingip after_create 55550000, False {{(pid=103164) subscribe /opt/stack/data/venv/lib/python3.12/site-packages/neutron_lib/callbacks/manager.py:52}}
Jun 16 03:34:35.423791 np0000180673 devstack@neutron-api.service[103163]: DEBUG neutron_lib.callbacks.manager [None req-aa9b593b-af7d-438b-918d-2fec101f7ead None None] Subscribe: > address_group after_update 55550000, False {{(pid=103163) subscribe /opt/stack/data/venv/lib/python3.12/site-packages/neutron_lib/callbacks/manager.py:52}}
Jun 16 03:34:35.423851 np0000180673 devstack@neutron-api.service[103164]: DEBUG neutron_lib.callbacks.manager [None req-461fb41d-f1c4-412f-b53f-4c9b27965f22 None None] Subscribe: > floatingip precommit_create 55550000, False {{(pid=103164) subscribe /opt/stack/data/venv/lib/python3.12/site-packages/neutron_lib/callbacks/manager.py:52}}
Jun 16 03:34:35.423918 np0000180673 devstack@neutron-api.service[103163]: DEBUG neutron_lib.callbacks.manager [None req-aa9b593b-af7d-438b-918d-2fec101f7ead None None] Subscribe: > address_group after_delete 55550000, False {{(pid=103163) subscribe /opt/stack/data/venv/lib/python3.12/site-packages/neutron_lib/callbacks/manager.py:52}}
Jun 16 03:34:35.423987 np0000180673 devstack@neutron-api.service[103164]: DEBUG neutron_lib.callbacks.manager [None req-461fb41d-f1c4-412f-b53f-4c9b27965f22 None None] Subscribe: > floatingip precommit_update 55550000, False {{(pid=103164) subscribe /opt/stack/data/venv/lib/python3.12/site-packages/neutron_lib/callbacks/manager.py:52}}
Jun 16 03:34:35.424024 np0000180673 devstack@neutron-api.service[103163]: DEBUG neutron_lib.callbacks.manager [None req-aa9b593b-af7d-438b-918d-2fec101f7ead None None] Subscribe: > qos_plugin after_init 55550000, False {{(pid=103163) subscribe /opt/stack/data/venv/lib/python3.12/site-packages/neutron_lib/callbacks/manager.py:52}}
Jun 16 03:34:35.424107 np0000180673 devstack@neutron-api.service[103164]: DEBUG neutron_lib.callbacks.manager [None req-461fb41d-f1c4-412f-b53f-4c9b27965f22 None None] Subscribe: > floatingip after_delete 55550000, False {{(pid=103164) subscribe /opt/stack/data/venv/lib/python3.12/site-packages/neutron_lib/callbacks/manager.py:52}}
Jun 16 03:34:35.424145 np0000180673 devstack@neutron-api.service[103163]: DEBUG neutron_lib.callbacks.manager [None req-aa9b593b-af7d-438b-918d-2fec101f7ead None None] Subscribe: > trunk_plugin after_init 55550000, False {{(pid=103163) subscribe /opt/stack/data/venv/lib/python3.12/site-packages/neutron_lib/callbacks/manager.py:52}}
Jun 16 03:34:35.424203 np0000180673 devstack@neutron-api.service[103164]: DEBUG neutron_lib.callbacks.manager [None req-461fb41d-f1c4-412f-b53f-4c9b27965f22 None None] Subscribe: > floatingip after_status_update 55550000, False {{(pid=103164) subscribe /opt/stack/data/venv/lib/python3.12/site-packages/neutron_lib/callbacks/manager.py:52}}
Jun 16 03:34:35.424203 np0000180673 devstack@neutron-api.service[103164]: DEBUG neutron_lib.callbacks.manager [None req-461fb41d-f1c4-412f-b53f-4c9b27965f22 None None] Subscribe: > floatingip after_update 55550000, False {{(pid=103164) subscribe /opt/stack/data/venv/lib/python3.12/site-packages/neutron_lib/callbacks/manager.py:52}}
Jun 16 03:34:35.424359 np0000180673 devstack@neutron-api.service[103163]: DEBUG neutron_lib.callbacks.manager [None req-aa9b593b-af7d-438b-918d-2fec101f7ead None None] Subscribe: > logging-plugin after_init 55550000, False {{(pid=103163) subscribe /opt/stack/data/venv/lib/python3.12/site-packages/neutron_lib/callbacks/manager.py:52}}
Jun 16 03:34:35.424397 np0000180673 devstack@neutron-api.service[103164]: DEBUG neutron_lib.callbacks.manager [None req-461fb41d-f1c4-412f-b53f-4c9b27965f22 None None] Subscribe: > port_forwarding after_create 55550000, False {{(pid=103164) subscribe /opt/stack/data/venv/lib/python3.12/site-packages/neutron_lib/callbacks/manager.py:52}}
Jun 16 03:34:35.424397 np0000180673 devstack@neutron-api.service[103164]: DEBUG neutron_lib.callbacks.manager [None req-461fb41d-f1c4-412f-b53f-4c9b27965f22 None None] Subscribe: > router_interface after_delete 55550000, False {{(pid=103164) subscribe /opt/stack/data/venv/lib/python3.12/site-packages/neutron_lib/callbacks/manager.py:52}}
Jun 16 03:34:35.424658 np0000180673 devstack@neutron-api.service[103163]: INFO neutron.services.logapi.drivers.ovn.driver [None req-aa9b593b-af7d-438b-918d-2fec101f7ead None None] OVN logging driver registered
Jun 16 03:34:35.424716 np0000180673 devstack@neutron-api.service[103164]: DEBUG neutron_lib.callbacks.manager [None req-461fb41d-f1c4-412f-b53f-4c9b27965f22 None None] Subscribe: > router after_create 55550000, False {{(pid=103164) subscribe /opt/stack/data/venv/lib/python3.12/site-packages/neutron_lib/callbacks/manager.py:52}}
Jun 16 03:34:35.424755 np0000180673 devstack@neutron-api.service[103163]: DEBUG neutron_lib.callbacks.manager [None req-aa9b593b-af7d-438b-918d-2fec101f7ead None None] Subscribe: ._register_pvlan_driver at 0x72593d07c180> pvlan_plugin before_spawn 55550000, False {{(pid=103163) subscribe /opt/stack/data/venv/lib/python3.12/site-packages/neutron_lib/callbacks/manager.py:52}}
Jun 16 03:34:35.424874 np0000180673 devstack@neutron-api.service[103164]: DEBUG neutron_lib.callbacks.manager [None req-461fb41d-f1c4-412f-b53f-4c9b27965f22 None None] Subscribe: > router precommit_create 55550000, False {{(pid=103164) subscribe /opt/stack/data/venv/lib/python3.12/site-packages/neutron_lib/callbacks/manager.py:52}}
Jun 16 03:34:35.425011 np0000180673 devstack@neutron-api.service[103163]: DEBUG neutron_lib.callbacks.manager [None req-aa9b593b-af7d-438b-918d-2fec101f7ead None None] Subscribe: process after_init 55550000, False {{(pid=103163) subscribe /opt/stack/data/venv/lib/python3.12/site-packages/neutron_lib/callbacks/manager.py:52}}
Jun 16 03:34:35.425051 np0000180673 devstack@neutron-api.service[103164]: DEBUG neutron_lib.callbacks.manager [None req-461fb41d-f1c4-412f-b53f-4c9b27965f22 None None] Subscribe: > router after_delete 55550000, False {{(pid=103164) subscribe /opt/stack/data/venv/lib/python3.12/site-packages/neutron_lib/callbacks/manager.py:52}}
Jun 16 03:34:35.425051 np0000180673 devstack@neutron-api.service[103164]: DEBUG neutron_lib.callbacks.manager [None req-461fb41d-f1c4-412f-b53f-4c9b27965f22 None None] Subscribe: > router after_update 55550000, False {{(pid=103164) subscribe /opt/stack/data/venv/lib/python3.12/site-packages/neutron_lib/callbacks/manager.py:52}}
Jun 16 03:34:35.425051 np0000180673 devstack@neutron-api.service[103164]: DEBUG neutron.services.service_base [None req-461fb41d-f1c4-412f-b53f-4c9b27965f22 None None] Loaded 'neutron.services.ovn_l3.service_providers.ovn.OvnDriver' provider for service L3_ROUTER_NAT {{(pid=103164) load_drivers /opt/stack/neutron/neutron/services/service_base.py:49}}
Jun 16 03:34:35.425051 np0000180673 devstack@neutron-api.service[103164]: DEBUG neutron_lib.callbacks.manager [None req-461fb41d-f1c4-412f-b53f-4c9b27965f22 None None] Subscribe: > process after_init 55550001, True {{(pid=103164) subscribe /opt/stack/data/venv/lib/python3.12/site-packages/neutron_lib/callbacks/manager.py:52}}
Jun 16 03:34:35.425051 np0000180673 devstack@neutron-api.service[103164]: DEBUG neutron.manager [None req-461fb41d-f1c4-412f-b53f-4c9b27965f22 None None] Successfully loaded L3_ROUTER_NAT plugin. Description: L3 Router Service Plugin for basic L3 forwarding using OVN {{(pid=103164) _create_and_add_service_plugin /opt/stack/neutron/neutron/manager.py:239}}
Jun 16 03:34:35.425364 np0000180673 devstack@neutron-api.service[103164]: INFO neutron.manager [None req-461fb41d-f1c4-412f-b53f-4c9b27965f22 None None] Loading Plugin: auto_allocate
Jun 16 03:34:35.425429 np0000180673 devstack@neutron-api.service[103163]: DEBUG neutron.plugins.ml2.plugin [None req-aa9b593b-af7d-438b-918d-2fec101f7ead None None] neutron.plugins.ml2.plugin.Ml2Plugin method _start_rpc_notifiers called with arguments () {} {{(pid=103163) wrapper /opt/stack/data/venv/lib/python3.12/site-packages/oslo_log/helpers.py:77}}
Jun 16 03:34:35.425429 np0000180673 devstack@neutron-api.service[103163]: DEBUG neutron_lib.callbacks.manager [None req-aa9b593b-af7d-438b-918d-2fec101f7ead None None] Subscribe: > port after_create 55550000, False {{(pid=103163) subscribe /opt/stack/data/venv/lib/python3.12/site-packages/neutron_lib/callbacks/manager.py:52}}
Jun 16 03:34:35.425429 np0000180673 devstack@neutron-api.service[103163]: DEBUG neutron_lib.callbacks.manager [None req-aa9b593b-af7d-438b-918d-2fec101f7ead None None] Subscribe: > port after_update 55550000, False {{(pid=103163) subscribe /opt/stack/data/venv/lib/python3.12/site-packages/neutron_lib/callbacks/manager.py:52}}
Jun 16 03:34:35.425429 np0000180673 devstack@neutron-api.service[103163]: DEBUG neutron_lib.callbacks.manager [None req-aa9b593b-af7d-438b-918d-2fec101f7ead None None] Subscribe: > port after_delete 55550000, False {{(pid=103163) subscribe /opt/stack/data/venv/lib/python3.12/site-packages/neutron_lib/callbacks/manager.py:52}}
Jun 16 03:34:35.425429 np0000180673 devstack@neutron-api.service[103163]: DEBUG neutron_lib.callbacks.manager [None req-aa9b593b-af7d-438b-918d-2fec101f7ead None None] Subscribe: > subnet after_create 55550000, False {{(pid=103163) subscribe /opt/stack/data/venv/lib/python3.12/site-packages/neutron_lib/callbacks/manager.py:52}}
Jun 16 03:34:35.425694 np0000180673 devstack@neutron-api.service[103164]: DEBUG neutron_lib.callbacks.manager [None req-461fb41d-f1c4-412f-b53f-4c9b27965f22 None None] Subscribe: network precommit_update 55550000, False {{(pid=103164) subscribe /opt/stack/data/venv/lib/python3.12/site-packages/neutron_lib/callbacks/manager.py:52}}
Jun 16 03:34:35.425791 np0000180673 devstack@neutron-api.service[103163]: DEBUG neutron_lib.callbacks.manager [None req-aa9b593b-af7d-438b-918d-2fec101f7ead None None] Subscribe: > subnet after_update 55550000, False {{(pid=103163) subscribe /opt/stack/data/venv/lib/python3.12/site-packages/neutron_lib/callbacks/manager.py:52}}
Jun 16 03:34:35.425860 np0000180673 devstack@neutron-api.service[103164]: DEBUG neutron_lib.callbacks.manager [None req-461fb41d-f1c4-412f-b53f-4c9b27965f22 None None] Subscribe: network precommit_create 55550000, False {{(pid=103164) subscribe /opt/stack/data/venv/lib/python3.12/site-packages/neutron_lib/callbacks/manager.py:52}}
Jun 16 03:34:35.425897 np0000180673 devstack@neutron-api.service[103163]: DEBUG neutron_lib.callbacks.manager [None req-aa9b593b-af7d-438b-918d-2fec101f7ead None None] Subscribe: > subnet after_delete 55550000, False {{(pid=103163) subscribe /opt/stack/data/venv/lib/python3.12/site-packages/neutron_lib/callbacks/manager.py:52}}
Jun 16 03:34:35.425897 np0000180673 devstack@neutron-api.service[103163]: DEBUG neutron_lib.callbacks.manager [None req-aa9b593b-af7d-438b-918d-2fec101f7ead None None] Subscribe: > network after_create 55550000, False {{(pid=103163) subscribe /opt/stack/data/venv/lib/python3.12/site-packages/neutron_lib/callbacks/manager.py:52}}
Jun 16 03:34:35.425897 np0000180673 devstack@neutron-api.service[103163]: DEBUG neutron_lib.callbacks.manager [None req-aa9b593b-af7d-438b-918d-2fec101f7ead None None] Subscribe: > network after_update 55550000, False {{(pid=103163) subscribe /opt/stack/data/venv/lib/python3.12/site-packages/neutron_lib/callbacks/manager.py:52}}
Jun 16 03:34:35.425897 np0000180673 devstack@neutron-api.service[103163]: DEBUG neutron_lib.callbacks.manager [None req-aa9b593b-af7d-438b-918d-2fec101f7ead None None] Subscribe: > network after_delete 55550000, False {{(pid=103163) subscribe /opt/stack/data/venv/lib/python3.12/site-packages/neutron_lib/callbacks/manager.py:52}}
Jun 16 03:34:35.426111 np0000180673 devstack@neutron-api.service[103164]: DEBUG neutron.manager [None req-461fb41d-f1c4-412f-b53f-4c9b27965f22 None None] Successfully loaded auto-allocated-topology plugin. Description: Auto Allocated Topology - aka get me a network. {{(pid=103164) _create_and_add_service_plugin /opt/stack/neutron/neutron/manager.py:239}}
Jun 16 03:34:35.426191 np0000180673 devstack@neutron-api.service[103163]: DEBUG neutron_lib.callbacks.manager [None req-aa9b593b-af7d-438b-918d-2fec101f7ead None None] Subscribe: > security_group after_create 55550000, False {{(pid=103163) subscribe /opt/stack/data/venv/lib/python3.12/site-packages/neutron_lib/callbacks/manager.py:52}}
Jun 16 03:34:35.426240 np0000180673 devstack@neutron-api.service[103164]: INFO neutron.manager [None req-461fb41d-f1c4-412f-b53f-4c9b27965f22 None None] Loading Plugin: tag
Jun 16 03:34:35.426302 np0000180673 devstack@neutron-api.service[103163]: DEBUG neutron_lib.callbacks.manager [None req-aa9b593b-af7d-438b-918d-2fec101f7ead None None] Subscribe: > security_group after_update 55550000, False {{(pid=103163) subscribe /opt/stack/data/venv/lib/python3.12/site-packages/neutron_lib/callbacks/manager.py:52}}
Jun 16 03:34:35.426302 np0000180673 devstack@neutron-api.service[103163]: DEBUG neutron_lib.callbacks.manager [None req-aa9b593b-af7d-438b-918d-2fec101f7ead None None] Subscribe: > security_group after_delete 55550000, False {{(pid=103163) subscribe /opt/stack/data/venv/lib/python3.12/site-packages/neutron_lib/callbacks/manager.py:52}}
Jun 16 03:34:35.426302 np0000180673 devstack@neutron-api.service[103163]: DEBUG neutron_lib.callbacks.manager [None req-aa9b593b-af7d-438b-918d-2fec101f7ead None None] Subscribe: > security_group_rule after_create 55550000, False {{(pid=103163) subscribe /opt/stack/data/venv/lib/python3.12/site-packages/neutron_lib/callbacks/manager.py:52}}
Jun 16 03:34:35.426302 np0000180673 devstack@neutron-api.service[103163]: DEBUG neutron_lib.callbacks.manager [None req-aa9b593b-af7d-438b-918d-2fec101f7ead None None] Subscribe: > security_group_rule after_update 55550000, False {{(pid=103163) subscribe /opt/stack/data/venv/lib/python3.12/site-packages/neutron_lib/callbacks/manager.py:52}}
Jun 16 03:34:35.426619 np0000180673 devstack@neutron-api.service[103163]: DEBUG neutron_lib.callbacks.manager [None req-aa9b593b-af7d-438b-918d-2fec101f7ead None None] Subscribe: > security_group_rule after_delete 55550000, False {{(pid=103163) subscribe /opt/stack/data/venv/lib/python3.12/site-packages/neutron_lib/callbacks/manager.py:52}}
Jun 16 03:34:35.426619 np0000180673 devstack@neutron-api.service[103163]: DEBUG neutron_lib.callbacks.manager [None req-aa9b593b-af7d-438b-918d-2fec101f7ead None None] Subscribe: > address_group after_create 55550000, False {{(pid=103163) subscribe /opt/stack/data/venv/lib/python3.12/site-packages/neutron_lib/callbacks/manager.py:52}}
Jun 16 03:34:35.426619 np0000180673 devstack@neutron-api.service[103163]: DEBUG neutron_lib.callbacks.manager [None req-aa9b593b-af7d-438b-918d-2fec101f7ead None None] Subscribe: > address_group after_update 55550000, False {{(pid=103163) subscribe /opt/stack/data/venv/lib/python3.12/site-packages/neutron_lib/callbacks/manager.py:52}}
Jun 16 03:34:35.426619 np0000180673 devstack@neutron-api.service[103163]: DEBUG neutron_lib.callbacks.manager [None req-aa9b593b-af7d-438b-918d-2fec101f7ead None None] Subscribe: > address_group after_delete 55550000, False {{(pid=103163) subscribe /opt/stack/data/venv/lib/python3.12/site-packages/neutron_lib/callbacks/manager.py:52}}
Jun 16 03:34:35.426619 np0000180673 devstack@neutron-api.service[103163]: DEBUG neutron.plugins.ml2.ovo_rpc [None req-aa9b593b-af7d-438b-918d-2fec101f7ead None None] ML2 OVO RPC backend initialized. {{(pid=103163) __init__ /opt/stack/neutron/neutron/plugins/ml2/ovo_rpc.py:117}}
Jun 16 03:34:35.426867 np0000180673 devstack@neutron-api.service[103163]: INFO neutron.quota [None req-aa9b593b-af7d-438b-918d-2fec101f7ead None None] Loaded quota_driver: .
Jun 16 03:34:35.426867 np0000180673 devstack@neutron-api.service[103163]: INFO neutron.plugins.ml2.plugin [None req-aa9b593b-af7d-438b-918d-2fec101f7ead None None] Modular L2 Plugin initialization complete
Jun 16 03:34:35.427009 np0000180673 devstack@neutron-api.service[103163]: DEBUG neutron.manager [None req-aa9b593b-af7d-438b-918d-2fec101f7ead None None] Loading services supported by the core plugin {{(pid=103163) _load_services_from_core_plugin /opt/stack/neutron/neutron/manager.py:170}}
Jun 16 03:34:35.427082 np0000180673 devstack@neutron-api.service[103163]: INFO neutron.plugins.ml2.managers [None req-aa9b593b-af7d-438b-918d-2fec101f7ead None None] Got port-security extension from driver 'port_security'
Jun 16 03:34:35.427307 np0000180673 devstack@neutron-api.service[103163]: DEBUG neutron.manager [None req-aa9b593b-af7d-438b-918d-2fec101f7ead None None] Loading service plugins: ['ovn-router', 'auto_allocate', 'tag', 'timestamp', 'network_ip_availability', 'flavors', 'revisions'] {{(pid=103163) _load_service_plugins /opt/stack/neutron/neutron/manager.py:195}}
Jun 16 03:34:35.427393 np0000180673 devstack@neutron-api.service[103163]: INFO neutron.manager [None req-aa9b593b-af7d-438b-918d-2fec101f7ead None None] Loading Plugin: ovn-router
Jun 16 03:34:35.436908 np0000180673 devstack@neutron-api.service[103164]: DEBUG neutron.manager [None req-461fb41d-f1c4-412f-b53f-4c9b27965f22 None None] Successfully loaded TAG plugin. Description: Tag support {{(pid=103164) _create_and_add_service_plugin /opt/stack/neutron/neutron/manager.py:239}}
Jun 16 03:34:35.436908 np0000180673 devstack@neutron-api.service[103164]: INFO neutron.manager [None req-461fb41d-f1c4-412f-b53f-4c9b27965f22 None None] Loading Plugin: timestamp
Jun 16 03:34:35.436908 np0000180673 devstack@neutron-api.service[103164]: DEBUG neutron.manager [None req-461fb41d-f1c4-412f-b53f-4c9b27965f22 None None] Successfully loaded timestamp plugin. Description: Adds timestamps to Neutron resources with standard attributes {{(pid=103164) _create_and_add_service_plugin /opt/stack/neutron/neutron/manager.py:239}}
Jun 16 03:34:35.436908 np0000180673 devstack@neutron-api.service[103164]: INFO neutron.manager [None req-461fb41d-f1c4-412f-b53f-4c9b27965f22 None None] Loading Plugin: network_ip_availability
Jun 16 03:34:35.436908 np0000180673 devstack@neutron-api.service[103164]: DEBUG neutron.manager [None req-461fb41d-f1c4-412f-b53f-4c9b27965f22 None None] Successfully loaded network-ip-availability plugin. Description: Provides IP availability data for each network and subnet. {{(pid=103164) _create_and_add_service_plugin /opt/stack/neutron/neutron/manager.py:239}}
Jun 16 03:34:35.436908 np0000180673 devstack@neutron-api.service[103164]: INFO neutron.manager [None req-461fb41d-f1c4-412f-b53f-4c9b27965f22 None None] Loading Plugin: flavors
Jun 16 03:34:35.436908 np0000180673 devstack@neutron-api.service[103164]: DEBUG neutron.manager [None req-461fb41d-f1c4-412f-b53f-4c9b27965f22 None None] Successfully loaded FLAVORS plugin. Description: Neutron Flavors and Service Profiles manager plugin {{(pid=103164) _create_and_add_service_plugin /opt/stack/neutron/neutron/manager.py:239}}
Jun 16 03:34:35.436908 np0000180673 devstack@neutron-api.service[103164]: INFO neutron.manager [None req-461fb41d-f1c4-412f-b53f-4c9b27965f22 None None] Loading Plugin: revisions
Jun 16 03:34:35.437234 np0000180673 devstack@neutron-api.service[103164]: DEBUG neutron.manager [None req-461fb41d-f1c4-412f-b53f-4c9b27965f22 None None] Successfully loaded revision_plugin plugin. Description: Adds revision numbers to resources. {{(pid=103164) _create_and_add_service_plugin /opt/stack/neutron/neutron/manager.py:239}}
Jun 16 03:34:35.437234 np0000180673 devstack@neutron-api.service[103164]: DEBUG oslo_concurrency.lockutils [None req-461fb41d-f1c4-412f-b53f-4c9b27965f22 None None] Lock "manager" "released" by "neutron.manager.NeutronManager._create_instance" :: held 5.119s {{(pid=103164) inner /opt/stack/data/venv/lib/python3.12/site-packages/oslo_concurrency/lockutils.py:543}}
Jun 16 03:34:35.437366 np0000180673 devstack@neutron-api.service[103163]: DEBUG neutron_lib.callbacks.manager [None req-aa9b593b-af7d-438b-918d-2fec101f7ead None None] Subscribe: > router before_delete 55550000, False {{(pid=103163) subscribe /opt/stack/data/venv/lib/python3.12/site-packages/neutron_lib/callbacks/manager.py:52}}
Jun 16 03:34:35.437366 np0000180673 devstack@neutron-api.service[103163]: DEBUG neutron_lib.callbacks.manager [None req-aa9b593b-af7d-438b-918d-2fec101f7ead None None] Subscribe: port before_update 55550000, False {{(pid=103163) subscribe /opt/stack/data/venv/lib/python3.12/site-packages/neutron_lib/callbacks/manager.py:52}}
Jun 16 03:34:35.437366 np0000180673 devstack@neutron-api.service[103163]: DEBUG neutron_lib.callbacks.manager [None req-aa9b593b-af7d-438b-918d-2fec101f7ead None None] Subscribe: port after_update 55550000, False {{(pid=103163) subscribe /opt/stack/data/venv/lib/python3.12/site-packages/neutron_lib/callbacks/manager.py:52}}
Jun 16 03:34:35.437494 np0000180673 devstack@neutron-api.service[103164]: DEBUG neutron.api.extensions [None req-461fb41d-f1c4-412f-b53f-4c9b27965f22 None None] get_extension_paths = OrderedDict({'/opt/stack/neutron/neutron/extensions': 1}) {{(pid=103164) get_extensions_path /opt/stack/neutron/neutron/api/extensions.py:640}}
Jun 16 03:34:35.437567 np0000180673 devstack@neutron-api.service[103163]: DEBUG neutron_lib.callbacks.manager [None req-aa9b593b-af7d-438b-918d-2fec101f7ead None None] Subscribe: > port precommit_delete 55550000, False {{(pid=103163) subscribe /opt/stack/data/venv/lib/python3.12/site-packages/neutron_lib/callbacks/manager.py:52}}
Jun 16 03:34:35.437567 np0000180673 devstack@neutron-api.service[103163]: DEBUG neutron_lib.callbacks.manager [None req-aa9b593b-af7d-438b-918d-2fec101f7ead None None] Subscribe: port before_update 55550000, False {{(pid=103163) subscribe /opt/stack/data/venv/lib/python3.12/site-packages/neutron_lib/callbacks/manager.py:52}}
Jun 16 03:34:35.437667 np0000180673 devstack@neutron-api.service[103164]: INFO neutron.api.extensions [None req-461fb41d-f1c4-412f-b53f-4c9b27965f22 None None] Initializing extension manager.
Jun 16 03:34:35.437724 np0000180673 devstack@neutron-api.service[103163]: DEBUG neutron_lib.callbacks.manager [None req-aa9b593b-af7d-438b-918d-2fec101f7ead None None] Subscribe: port before_delete 55550000, False {{(pid=103163) subscribe /opt/stack/data/venv/lib/python3.12/site-packages/neutron_lib/callbacks/manager.py:52}}
Jun 16 03:34:35.437826 np0000180673 devstack@neutron-api.service[103163]: DEBUG neutron_lib.callbacks.manager [None req-aa9b593b-af7d-438b-918d-2fec101f7ead None None] Subscribe: > router precommit_create 55550000, False {{(pid=103163) subscribe /opt/stack/data/venv/lib/python3.12/site-packages/neutron_lib/callbacks/manager.py:52}}
Jun 16 03:34:35.437998 np0000180673 devstack@neutron-api.service[103163]: DEBUG neutron_lib.callbacks.manager [None req-aa9b593b-af7d-438b-918d-2fec101f7ead None None] Subscribe: > router precommit_create 55550000, False {{(pid=103163) subscribe /opt/stack/data/venv/lib/python3.12/site-packages/neutron_lib/callbacks/manager.py:52}}
Jun 16 03:34:35.438073 np0000180673 devstack@neutron-api.service[103164]: DEBUG neutron.api.extensions [None req-461fb41d-f1c4-412f-b53f-4c9b27965f22 None None] Loading extension file: __init__.py {{(pid=103164) _load_all_extensions_from_path /opt/stack/neutron/neutron/api/extensions.py:449}}
Jun 16 03:34:35.438132 np0000180673 devstack@neutron-api.service[103163]: DEBUG neutron_lib.callbacks.manager [None req-aa9b593b-af7d-438b-918d-2fec101f7ead None None] Subscribe: > router precommit_update 55550000, False {{(pid=103163) subscribe /opt/stack/data/venv/lib/python3.12/site-packages/neutron_lib/callbacks/manager.py:52}}
Jun 16 03:34:35.438198 np0000180673 devstack@neutron-api.service[103164]: DEBUG neutron.api.extensions [None req-461fb41d-f1c4-412f-b53f-4c9b27965f22 None None] Loading extension file: __pycache__ {{(pid=103164) _load_all_extensions_from_path /opt/stack/neutron/neutron/api/extensions.py:449}}
Jun 16 03:34:35.438253 np0000180673 devstack@neutron-api.service[103163]: DEBUG neutron_lib.callbacks.manager [None req-aa9b593b-af7d-438b-918d-2fec101f7ead None None] Subscribe: subnet after_update 55550000, False {{(pid=103163) subscribe /opt/stack/data/venv/lib/python3.12/site-packages/neutron_lib/callbacks/manager.py:52}}
Jun 16 03:34:35.438322 np0000180673 devstack@neutron-api.service[103164]: DEBUG neutron.api.extensions [None req-461fb41d-f1c4-412f-b53f-4c9b27965f22 None None] Loading extension file: aap_reject_multicast.py {{(pid=103164) _load_all_extensions_from_path /opt/stack/neutron/neutron/api/extensions.py:449}}
Jun 16 03:34:35.438383 np0000180673 devstack@neutron-api.service[103163]: DEBUG neutron.quota.resource_registry [None req-aa9b593b-af7d-438b-918d-2fec101f7ead None None] Tracking information for resource: router configured {{(pid=103163) set_tracked_resource /opt/stack/neutron/neutron/quota/resource_registry.py:203}}
Jun 16 03:34:35.438383 np0000180673 devstack@neutron-api.service[103163]: DEBUG neutron.quota.resource_registry [None req-aa9b593b-af7d-438b-918d-2fec101f7ead None None] Tracking information for resource: floatingip configured {{(pid=103163) set_tracked_resource /opt/stack/neutron/neutron/quota/resource_registry.py:203}}
Jun 16 03:34:35.438500 np0000180673 devstack@neutron-api.service[103163]: INFO neutron.services.ovn_l3.plugin [None req-aa9b593b-af7d-438b-918d-2fec101f7ead None None] Starting OVNL3RouterPlugin
Jun 16 03:34:35.438674 np0000180673 devstack@neutron-api.service[103164]: DEBUG neutron.api.extensions [None req-461fb41d-f1c4-412f-b53f-4c9b27965f22 None None] Ext name="Allowed address pairs reject multicast extension" alias="aap-reject-multicast" description="Reject multicast addresses in Allowed Address Pairs" updated="2026-04-01T00:00:00-00:00" {{(pid=103164) _check_extension /opt/stack/neutron/neutron/api/extensions.py:415}}
Jun 16 03:34:35.438742 np0000180673 devstack@neutron-api.service[103163]: DEBUG neutron_lib.callbacks.manager [None req-aa9b593b-af7d-438b-918d-2fec101f7ead None None] Subscribe: > port_forwarding_plugin after_init 55550000, False {{(pid=103163) subscribe /opt/stack/data/venv/lib/python3.12/site-packages/neutron_lib/callbacks/manager.py:52}}
Jun 16 03:34:35.438911 np0000180673 devstack@neutron-api.service[103163]: DEBUG neutron_lib.callbacks.manager [None req-aa9b593b-af7d-438b-918d-2fec101f7ead None None] Subscribe: > router before_create 55550100, False {{(pid=103163) subscribe /opt/stack/data/venv/lib/python3.12/site-packages/neutron_lib/callbacks/manager.py:52}}
Jun 16 03:34:35.438985 np0000180673 devstack@neutron-api.service[103163]: DEBUG neutron_lib.callbacks.manager [None req-aa9b593b-af7d-438b-918d-2fec101f7ead None None] Subscribe: > router precommit_delete 55550100, False {{(pid=103163) subscribe /opt/stack/data/venv/lib/python3.12/site-packages/neutron_lib/callbacks/manager.py:52}}
Jun 16 03:34:35.439020 np0000180673 devstack@neutron-api.service[103164]: INFO neutron.api.extensions [None req-461fb41d-f1c4-412f-b53f-4c9b27965f22 None None] Extension aap-reject-multicast not supported by any of loaded plugins
Jun 16 03:34:35.439118 np0000180673 devstack@neutron-api.service[103163]: DEBUG neutron_lib.callbacks.manager [None req-aa9b593b-af7d-438b-918d-2fec101f7ead None None] Subscribe: > router precommit_create 55550100, False {{(pid=103163) subscribe /opt/stack/data/venv/lib/python3.12/site-packages/neutron_lib/callbacks/manager.py:52}}
Jun 16 03:34:35.439241 np0000180673 devstack@neutron-api.service[103164]: DEBUG neutron.api.extensions [None req-461fb41d-f1c4-412f-b53f-4c9b27965f22 None None] Loading extension file: address_group.py {{(pid=103164) _load_all_extensions_from_path /opt/stack/neutron/neutron/api/extensions.py:449}}
Jun 16 03:34:35.439274 np0000180673 devstack@neutron-api.service[103163]: DEBUG neutron_lib.callbacks.manager [None req-aa9b593b-af7d-438b-918d-2fec101f7ead None None] Subscribe: > router precommit_update 55550100, False {{(pid=103163) subscribe /opt/stack/data/venv/lib/python3.12/site-packages/neutron_lib/callbacks/manager.py:52}}
Jun 16 03:34:35.439646 np0000180673 devstack@neutron-api.service[103164]: DEBUG neutron.api.extensions [None req-461fb41d-f1c4-412f-b53f-4c9b27965f22 None None] Ext name="Address group" alias="address-group" description="Support address group" updated="2020-07-15T10:00:00-00:00" {{(pid=103164) _check_extension /opt/stack/neutron/neutron/api/extensions.py:415}}
Jun 16 03:34:35.439941 np0000180673 devstack@neutron-api.service[103164]: INFO neutron.api.extensions [None req-461fb41d-f1c4-412f-b53f-4c9b27965f22 None None] Loaded extension: address-group
Jun 16 03:34:35.440101 np0000180673 devstack@neutron-api.service[103164]: DEBUG neutron.api.extensions [None req-461fb41d-f1c4-412f-b53f-4c9b27965f22 None None] Loading extension file: address_scope.py {{(pid=103164) _load_all_extensions_from_path /opt/stack/neutron/neutron/api/extensions.py:449}}
Jun 16 03:34:35.440700 np0000180673 devstack@neutron-api.service[103164]: DEBUG neutron.api.extensions [None req-461fb41d-f1c4-412f-b53f-4c9b27965f22 None None] Ext name="Address scope" alias="address-scope" description="Address scopes extension." updated="2015-07-26T10:00:00-00:00" {{(pid=103164) _check_extension /opt/stack/neutron/neutron/api/extensions.py:415}}
Jun 16 03:34:35.441080 np0000180673 devstack@neutron-api.service[103164]: INFO neutron.api.extensions [None req-461fb41d-f1c4-412f-b53f-4c9b27965f22 None None] Loaded extension: address-scope
Jun 16 03:34:35.441183 np0000180673 devstack@neutron-api.service[103164]: DEBUG neutron.api.extensions [None req-461fb41d-f1c4-412f-b53f-4c9b27965f22 None None] Loading extension file: admin_state_down_before_update.py {{(pid=103164) _load_all_extensions_from_path /opt/stack/neutron/neutron/api/extensions.py:449}}
Jun 16 03:34:35.441499 np0000180673 devstack@neutron-api.service[103164]: DEBUG neutron.api.extensions [None req-461fb41d-f1c4-412f-b53f-4c9b27965f22 None None] Ext name="Enforce Router's Admin State Down Before Update Extension" alias="router-admin-state-down-before-update" description="Ensure that the admin state of a router is DOWN (admin_state_up=False) before updating the distributed attribute" updated="2019-07-02T15:56:00" {{(pid=103164) _check_extension /opt/stack/neutron/neutron/api/extensions.py:415}}
Jun 16 03:34:35.441671 np0000180673 devstack@neutron-api.service[103164]: INFO neutron.api.extensions [None req-461fb41d-f1c4-412f-b53f-4c9b27965f22 None None] Extension router-admin-state-down-before-update not supported by any of loaded plugins
Jun 16 03:34:35.441761 np0000180673 devstack@neutron-api.service[103164]: DEBUG neutron.api.extensions [None req-461fb41d-f1c4-412f-b53f-4c9b27965f22 None None] Loading extension file: agent.py {{(pid=103164) _load_all_extensions_from_path /opt/stack/neutron/neutron/api/extensions.py:449}}
Jun 16 03:34:35.442107 np0000180673 devstack@neutron-api.service[103164]: DEBUG neutron.api.extensions [None req-461fb41d-f1c4-412f-b53f-4c9b27965f22 None None] Ext name="agent" alias="agent" description="The agent management extension." updated="2013-02-03T10:00:00-00:00" {{(pid=103164) _check_extension /opt/stack/neutron/neutron/api/extensions.py:415}}
Jun 16 03:34:35.442326 np0000180673 devstack@neutron-api.service[103164]: INFO neutron.api.extensions [None req-461fb41d-f1c4-412f-b53f-4c9b27965f22 None None] Loaded extension: agent
Jun 16 03:34:35.442326 np0000180673 devstack@neutron-api.service[103164]: DEBUG neutron.api.extensions [None req-461fb41d-f1c4-412f-b53f-4c9b27965f22 None None] Loading extension file: agent_resources_synced.py {{(pid=103164) _load_all_extensions_from_path /opt/stack/neutron/neutron/api/extensions.py:449}}
Jun 16 03:34:35.442595 np0000180673 devstack@neutron-api.service[103164]: DEBUG neutron.api.extensions [None req-461fb41d-f1c4-412f-b53f-4c9b27965f22 None None] Ext name="Agent's Resource View Synced to Placement" alias="agent-resources-synced" description="Stores success/failure of last sync to Placement" updated="2018-12-19T00:00:00-00:00" {{(pid=103164) _check_extension /opt/stack/neutron/neutron/api/extensions.py:415}}
Jun 16 03:34:35.442736 np0000180673 devstack@neutron-api.service[103163]: DEBUG neutron.services.provider_configuration [None req-aa9b593b-af7d-438b-918d-2fec101f7ead None None] Service providers = [] {{(pid=103163) parse_service_provider_opt /opt/stack/neutron/neutron/services/provider_configuration.py:170}}
Jun 16 03:34:35.442776 np0000180673 devstack@neutron-api.service[103164]: INFO neutron.api.extensions [None req-461fb41d-f1c4-412f-b53f-4c9b27965f22 None None] Extension agent-resources-synced not supported by any of loaded plugins
Jun 16 03:34:35.442843 np0000180673 devstack@neutron-api.service[103163]: DEBUG neutron.db.servicetype_db [None req-aa9b593b-af7d-438b-918d-2fec101f7ead None None] Adding provider configuration for service L3_ROUTER_NAT {{(pid=103163) add_provider_configuration /opt/stack/neutron/neutron/db/servicetype_db.py:45}}
Jun 16 03:34:35.442894 np0000180673 devstack@neutron-api.service[103164]: DEBUG neutron.api.extensions [None req-461fb41d-f1c4-412f-b53f-4c9b27965f22 None None] Loading extension file: agent_sort_key.py {{(pid=103164) _load_all_extensions_from_path /opt/stack/neutron/neutron/api/extensions.py:449}}
Jun 16 03:34:35.443095 np0000180673 devstack@neutron-api.service[103164]: DEBUG neutron.api.extensions [None req-461fb41d-f1c4-412f-b53f-4c9b27965f22 None None] Ext name="Agents Sort Key" alias="agent_sort_key" description="Enabling the keyword sort_key for sorting in agents." updated="2013-02-03T10:00:00-00:00" {{(pid=103164) _check_extension /opt/stack/neutron/neutron/api/extensions.py:415}}
Jun 16 03:34:35.443280 np0000180673 devstack@neutron-api.service[103164]: INFO neutron.api.extensions [None req-461fb41d-f1c4-412f-b53f-4c9b27965f22 None None] Extension agent_sort_key not supported by any of loaded plugins
Jun 16 03:34:35.443373 np0000180673 devstack@neutron-api.service[103164]: DEBUG neutron.api.extensions [None req-461fb41d-f1c4-412f-b53f-4c9b27965f22 None None] Loading extension file: allowedaddresspairs.py {{(pid=103164) _load_all_extensions_from_path /opt/stack/neutron/neutron/api/extensions.py:449}}
Jun 16 03:34:35.444017 np0000180673 devstack@neutron-api.service[103163]: DEBUG neutron_lib.callbacks.manager [None req-aa9b593b-af7d-438b-918d-2fec101f7ead None None] Subscribe: > router precommit_create 55549900, False {{(pid=103163) subscribe /opt/stack/data/venv/lib/python3.12/site-packages/neutron_lib/callbacks/manager.py:52}}
Jun 16 03:34:35.444098 np0000180673 devstack@neutron-api.service[103163]: DEBUG neutron_lib.callbacks.manager [None req-aa9b593b-af7d-438b-918d-2fec101f7ead None None] Subscribe: > router_interface after_create 55550000, False {{(pid=103163) subscribe /opt/stack/data/venv/lib/python3.12/site-packages/neutron_lib/callbacks/manager.py:52}}
Jun 16 03:34:35.444213 np0000180673 devstack@neutron-api.service[103164]: DEBUG neutron.api.extensions [None req-461fb41d-f1c4-412f-b53f-4c9b27965f22 None None] Ext name="Allowed Address Pairs" alias="allowed-address-pairs" description="Provides allowed address pairs" updated="2013-07-23T10:00:00-00:00" {{(pid=103164) _check_extension /opt/stack/neutron/neutron/api/extensions.py:415}}
Jun 16 03:34:35.444300 np0000180673 devstack@neutron-api.service[103163]: DEBUG neutron_lib.callbacks.manager [None req-aa9b593b-af7d-438b-918d-2fec101f7ead None None] Subscribe: > floatingip after_create 55550000, False {{(pid=103163) subscribe /opt/stack/data/venv/lib/python3.12/site-packages/neutron_lib/callbacks/manager.py:52}}
Jun 16 03:34:35.444300 np0000180673 devstack@neutron-api.service[103163]: DEBUG neutron_lib.callbacks.manager [None req-aa9b593b-af7d-438b-918d-2fec101f7ead None None] Subscribe: > floatingip precommit_create 55550000, False {{(pid=103163) subscribe /opt/stack/data/venv/lib/python3.12/site-packages/neutron_lib/callbacks/manager.py:52}}
Jun 16 03:34:35.444400 np0000180673 devstack@neutron-api.service[103164]: INFO neutron.api.extensions [None req-461fb41d-f1c4-412f-b53f-4c9b27965f22 None None] Loaded extension: allowed-address-pairs
Jun 16 03:34:35.444431 np0000180673 devstack@neutron-api.service[103163]: DEBUG neutron_lib.callbacks.manager [None req-aa9b593b-af7d-438b-918d-2fec101f7ead None None] Subscribe: > floatingip precommit_update 55550000, False {{(pid=103163) subscribe /opt/stack/data/venv/lib/python3.12/site-packages/neutron_lib/callbacks/manager.py:52}}
Jun 16 03:34:35.444460 np0000180673 devstack@neutron-api.service[103164]: DEBUG neutron.api.extensions [None req-461fb41d-f1c4-412f-b53f-4c9b27965f22 None None] Loading extension file: auto_allocated_topology.py {{(pid=103164) _load_all_extensions_from_path /opt/stack/neutron/neutron/api/extensions.py:449}}
Jun 16 03:34:35.444488 np0000180673 devstack@neutron-api.service[103163]: DEBUG neutron_lib.callbacks.manager [None req-aa9b593b-af7d-438b-918d-2fec101f7ead None None] Subscribe: > floatingip after_delete 55550000, False {{(pid=103163) subscribe /opt/stack/data/venv/lib/python3.12/site-packages/neutron_lib/callbacks/manager.py:52}}
Jun 16 03:34:35.444619 np0000180673 devstack@neutron-api.service[103163]: DEBUG neutron_lib.callbacks.manager [None req-aa9b593b-af7d-438b-918d-2fec101f7ead None None] Subscribe: > floatingip after_status_update 55550000, False {{(pid=103163) subscribe /opt/stack/data/venv/lib/python3.12/site-packages/neutron_lib/callbacks/manager.py:52}}
Jun 16 03:34:35.444696 np0000180673 devstack@neutron-api.service[103164]: DEBUG neutron.api.extensions [None req-461fb41d-f1c4-412f-b53f-4c9b27965f22 None None] Ext name="Auto Allocated Topology Services" alias="auto-allocated-topology" description="Auto Allocated Topology Services." updated="2016-01-01T00:00:00-00:00" {{(pid=103164) _check_extension /opt/stack/neutron/neutron/api/extensions.py:415}}
Jun 16 03:34:35.444730 np0000180673 devstack@neutron-api.service[103163]: DEBUG neutron_lib.callbacks.manager [None req-aa9b593b-af7d-438b-918d-2fec101f7ead None None] Subscribe: > floatingip after_update 55550000, False {{(pid=103163) subscribe /opt/stack/data/venv/lib/python3.12/site-packages/neutron_lib/callbacks/manager.py:52}}
Jun 16 03:34:35.444859 np0000180673 devstack@neutron-api.service[103163]: DEBUG neutron_lib.callbacks.manager [None req-aa9b593b-af7d-438b-918d-2fec101f7ead None None] Subscribe: > port_forwarding after_create 55550000, False {{(pid=103163) subscribe /opt/stack/data/venv/lib/python3.12/site-packages/neutron_lib/callbacks/manager.py:52}}
Jun 16 03:34:35.444926 np0000180673 devstack@neutron-api.service[103164]: INFO neutron.api.extensions [None req-461fb41d-f1c4-412f-b53f-4c9b27965f22 None None] Loaded extension: auto-allocated-topology
Jun 16 03:34:35.444962 np0000180673 devstack@neutron-api.service[103163]: DEBUG neutron_lib.callbacks.manager [None req-aa9b593b-af7d-438b-918d-2fec101f7ead None None] Subscribe: > router_interface after_delete 55550000, False {{(pid=103163) subscribe /opt/stack/data/venv/lib/python3.12/site-packages/neutron_lib/callbacks/manager.py:52}}
Jun 16 03:34:35.445024 np0000180673 devstack@neutron-api.service[103164]: DEBUG neutron.api.extensions [None req-461fb41d-f1c4-412f-b53f-4c9b27965f22 None None] Loading extension file: availability_zone.py {{(pid=103164) _load_all_extensions_from_path /opt/stack/neutron/neutron/api/extensions.py:449}}
Jun 16 03:34:35.445060 np0000180673 devstack@neutron-api.service[103163]: DEBUG neutron_lib.callbacks.manager [None req-aa9b593b-af7d-438b-918d-2fec101f7ead None None] Subscribe: > router after_create 55550000, False {{(pid=103163) subscribe /opt/stack/data/venv/lib/python3.12/site-packages/neutron_lib/callbacks/manager.py:52}}
Jun 16 03:34:35.445143 np0000180673 devstack@neutron-api.service[103163]: DEBUG neutron_lib.callbacks.manager [None req-aa9b593b-af7d-438b-918d-2fec101f7ead None None] Subscribe: > router precommit_create 55550000, False {{(pid=103163) subscribe /opt/stack/data/venv/lib/python3.12/site-packages/neutron_lib/callbacks/manager.py:52}}
Jun 16 03:34:35.445248 np0000180673 devstack@neutron-api.service[103163]: DEBUG neutron_lib.callbacks.manager [None req-aa9b593b-af7d-438b-918d-2fec101f7ead None None] Subscribe: > router after_delete 55550000, False {{(pid=103163) subscribe /opt/stack/data/venv/lib/python3.12/site-packages/neutron_lib/callbacks/manager.py:52}}
Jun 16 03:34:35.445344 np0000180673 devstack@neutron-api.service[103163]: DEBUG neutron_lib.callbacks.manager [None req-aa9b593b-af7d-438b-918d-2fec101f7ead None None] Subscribe: > router after_update 55550000, False {{(pid=103163) subscribe /opt/stack/data/venv/lib/python3.12/site-packages/neutron_lib/callbacks/manager.py:52}}
Jun 16 03:34:35.445459 np0000180673 devstack@neutron-api.service[103163]: DEBUG neutron.services.service_base [None req-aa9b593b-af7d-438b-918d-2fec101f7ead None None] Loaded 'neutron.services.ovn_l3.service_providers.ovn.OvnDriver' provider for service L3_ROUTER_NAT {{(pid=103163) load_drivers /opt/stack/neutron/neutron/services/service_base.py:49}}
Jun 16 03:34:35.445496 np0000180673 devstack@neutron-api.service[103164]: DEBUG neutron.api.extensions [None req-461fb41d-f1c4-412f-b53f-4c9b27965f22 None None] Ext name="Availability Zone" alias="availability_zone" description="The availability zone extension." updated="2015-01-01T10:00:00-00:00" {{(pid=103164) _check_extension /opt/stack/neutron/neutron/api/extensions.py:415}}
Jun 16 03:34:35.445598 np0000180673 devstack@neutron-api.service[103163]: DEBUG neutron_lib.callbacks.manager [None req-aa9b593b-af7d-438b-918d-2fec101f7ead None None] Subscribe: > process after_init 55550001, True {{(pid=103163) subscribe /opt/stack/data/venv/lib/python3.12/site-packages/neutron_lib/callbacks/manager.py:52}}
Jun 16 03:34:35.445719 np0000180673 devstack@neutron-api.service[103164]: INFO neutron.api.extensions [None req-461fb41d-f1c4-412f-b53f-4c9b27965f22 None None] Loaded extension: availability_zone
Jun 16 03:34:35.445799 np0000180673 devstack@neutron-api.service[103163]: DEBUG neutron.manager [None req-aa9b593b-af7d-438b-918d-2fec101f7ead None None] Successfully loaded L3_ROUTER_NAT plugin. Description: L3 Router Service Plugin for basic L3 forwarding using OVN {{(pid=103163) _create_and_add_service_plugin /opt/stack/neutron/neutron/manager.py:239}}
Jun 16 03:34:35.445831 np0000180673 devstack@neutron-api.service[103164]: DEBUG neutron.api.extensions [None req-461fb41d-f1c4-412f-b53f-4c9b27965f22 None None] Loading extension file: availability_zone_filter.py {{(pid=103164) _load_all_extensions_from_path /opt/stack/neutron/neutron/api/extensions.py:449}}
Jun 16 03:34:35.445911 np0000180673 devstack@neutron-api.service[103163]: INFO neutron.manager [None req-aa9b593b-af7d-438b-918d-2fec101f7ead None None] Loading Plugin: auto_allocate
Jun 16 03:34:35.446010 np0000180673 devstack@neutron-api.service[103164]: DEBUG neutron.api.extensions [None req-461fb41d-f1c4-412f-b53f-4c9b27965f22 None None] Ext name="Availability Zone Filter Extension" alias="availability_zone_filter" description="Add filter parameters to AvailabilityZone resource" updated="2018-06-22T10:00:00-00:00" {{(pid=103164) _check_extension /opt/stack/neutron/neutron/api/extensions.py:415}}
Jun 16 03:34:35.446332 np0000180673 devstack@neutron-api.service[103164]: INFO neutron.api.extensions [None req-461fb41d-f1c4-412f-b53f-4c9b27965f22 None None] Extension availability_zone_filter not supported by any of loaded plugins
Jun 16 03:34:35.446450 np0000180673 devstack@neutron-api.service[103164]: DEBUG neutron.api.extensions [None req-461fb41d-f1c4-412f-b53f-4c9b27965f22 None None] Loading extension file: data_plane_status.py {{(pid=103164) _load_all_extensions_from_path /opt/stack/neutron/neutron/api/extensions.py:449}}
Jun 16 03:34:35.446672 np0000180673 devstack@neutron-api.service[103164]: DEBUG neutron.api.extensions [None req-461fb41d-f1c4-412f-b53f-4c9b27965f22 None None] Ext name="Port data plane status extension" alias="data-plane-status" description="Expose status of underlying data plane" updated="2017-01-24T10:00:00-00:00" {{(pid=103164) _check_extension /opt/stack/neutron/neutron/api/extensions.py:415}}
Jun 16 03:34:35.446897 np0000180673 devstack@neutron-api.service[103163]: DEBUG neutron_lib.callbacks.manager [None req-aa9b593b-af7d-438b-918d-2fec101f7ead None None] Subscribe: network precommit_update 55550000, False {{(pid=103163) subscribe /opt/stack/data/venv/lib/python3.12/site-packages/neutron_lib/callbacks/manager.py:52}}
Jun 16 03:34:35.446970 np0000180673 devstack@neutron-api.service[103164]: INFO neutron.api.extensions [None req-461fb41d-f1c4-412f-b53f-4c9b27965f22 None None] Extension data-plane-status not supported by any of loaded plugins
Jun 16 03:34:35.446970 np0000180673 devstack@neutron-api.service[103164]: DEBUG neutron.api.extensions [None req-461fb41d-f1c4-412f-b53f-4c9b27965f22 None None] Loading extension file: default_subnetpools.py {{(pid=103164) _load_all_extensions_from_path /opt/stack/neutron/neutron/api/extensions.py:449}}
Jun 16 03:34:35.447208 np0000180673 devstack@neutron-api.service[103164]: DEBUG neutron.api.extensions [None req-461fb41d-f1c4-412f-b53f-4c9b27965f22 None None] Ext name="Default Subnetpools" alias="default-subnetpools" description="Provides ability to mark and use a subnetpool as the default." updated="2016-02-18T18:00:00-00:00" {{(pid=103164) _check_extension /opt/stack/neutron/neutron/api/extensions.py:415}}
Jun 16 03:34:35.447764 np0000180673 devstack@neutron-api.service[103163]: DEBUG neutron_lib.callbacks.manager [None req-aa9b593b-af7d-438b-918d-2fec101f7ead None None] Subscribe: network precommit_create 55550000, False {{(pid=103163) subscribe /opt/stack/data/venv/lib/python3.12/site-packages/neutron_lib/callbacks/manager.py:52}}
Jun 16 03:34:35.447878 np0000180673 devstack@neutron-api.service[103164]: INFO neutron.api.extensions [None req-461fb41d-f1c4-412f-b53f-4c9b27965f22 None None] Loaded extension: default-subnetpools
Jun 16 03:34:35.447878 np0000180673 devstack@neutron-api.service[103164]: DEBUG neutron.api.extensions [None req-461fb41d-f1c4-412f-b53f-4c9b27965f22 None None] Loading extension file: dhcpagentscheduler.py {{(pid=103164) _load_all_extensions_from_path /opt/stack/neutron/neutron/api/extensions.py:449}}
Jun 16 03:34:35.448029 np0000180673 devstack@neutron-api.service[103163]: DEBUG neutron.manager [None req-aa9b593b-af7d-438b-918d-2fec101f7ead None None] Successfully loaded auto-allocated-topology plugin. Description: Auto Allocated Topology - aka get me a network. {{(pid=103163) _create_and_add_service_plugin /opt/stack/neutron/neutron/manager.py:239}}
Jun 16 03:34:35.448029 np0000180673 devstack@neutron-api.service[103163]: INFO neutron.manager [None req-aa9b593b-af7d-438b-918d-2fec101f7ead None None] Loading Plugin: tag
Jun 16 03:34:35.448153 np0000180673 devstack@neutron-api.service[103164]: DEBUG neutron.api.extensions [None req-461fb41d-f1c4-412f-b53f-4c9b27965f22 None None] Ext name="DHCP Agent Scheduler" alias="dhcp_agent_scheduler" description="Schedule networks among dhcp agents" updated="2013-02-07T10:00:00-00:00" {{(pid=103164) _check_extension /opt/stack/neutron/neutron/api/extensions.py:415}}
Jun 16 03:34:35.448153 np0000180673 devstack@neutron-api.service[103164]: INFO neutron.api.extensions [None req-461fb41d-f1c4-412f-b53f-4c9b27965f22 None None] Loaded extension: dhcp_agent_scheduler
Jun 16 03:34:35.448153 np0000180673 devstack@neutron-api.service[103164]: DEBUG neutron.api.extensions [None req-461fb41d-f1c4-412f-b53f-4c9b27965f22 None None] Loading extension file: dns.py {{(pid=103164) _load_all_extensions_from_path /opt/stack/neutron/neutron/api/extensions.py:449}}
Jun 16 03:34:35.448341 np0000180673 devstack@neutron-api.service[103164]: DEBUG neutron.api.extensions [None req-461fb41d-f1c4-412f-b53f-4c9b27965f22 None None] Ext name="DNS Integration" alias="dns-integration" description="Provides integration with DNS." updated="2015-08-15T18:00:00-00:00" {{(pid=103164) _check_extension /opt/stack/neutron/neutron/api/extensions.py:415}}
