Jun 19 00:34:56.319907 np0000182239 devstack@neutron-api.service[103398]: DEBUG neutron.api.extensions [None req-227615de-800d-49df-b3a3-ecabafbf58ba None None] Ext name="Add security_group type to network RBAC" alias="rbac-security-groups" description="Add security_group type to network RBAC" updated="2019-02-14T00:00:00-00:00" {{(pid=103398) _check_extension /opt/stack/neutron/neutron/api/extensions.py:415}}
Jun 19 00:34:56.319974 np0000182239 devstack@neutron-api.service[103397]: DEBUG neutron_lib.callbacks.manager [None req-ec9ecb0c-aeae-45c2-94c0-4d41c5a6566b None None] Subscribe: > address_group after_create 55550000, False {{(pid=103397) subscribe /opt/stack/data/venv/lib/python3.12/site-packages/neutron_lib/callbacks/manager.py:52}}
Jun 19 00:34:56.320037 np0000182239 devstack@neutron-api.service[103398]: INFO neutron.api.extensions [None req-227615de-800d-49df-b3a3-ecabafbf58ba None None] Loaded extension: rbac-security-groups
Jun 19 00:34:56.320037 np0000182239 devstack@neutron-api.service[103398]: DEBUG neutron.api.extensions [None req-227615de-800d-49df-b3a3-ecabafbf58ba None None] Loading extension file: rbac_subnetpool.py {{(pid=103398) _load_all_extensions_from_path /opt/stack/neutron/neutron/api/extensions.py:449}}
Jun 19 00:34:56.320115 np0000182239 devstack@neutron-api.service[103397]: DEBUG neutron_lib.callbacks.manager [None req-ec9ecb0c-aeae-45c2-94c0-4d41c5a6566b None None] Subscribe: > address_group after_update 55550000, False {{(pid=103397) subscribe /opt/stack/data/venv/lib/python3.12/site-packages/neutron_lib/callbacks/manager.py:52}}
Jun 19 00:34:56.320115 np0000182239 devstack@neutron-api.service[103397]: DEBUG neutron_lib.callbacks.manager [None req-ec9ecb0c-aeae-45c2-94c0-4d41c5a6566b None None] Subscribe: > address_group after_delete 55550000, False {{(pid=103397) subscribe /opt/stack/data/venv/lib/python3.12/site-packages/neutron_lib/callbacks/manager.py:52}}
Jun 19 00:34:56.320200 np0000182239 devstack@neutron-api.service[103398]: DEBUG neutron.api.extensions [None req-227615de-800d-49df-b3a3-ecabafbf58ba None None] Ext name="Add subnetpool type to RBAC" alias="rbac-subnetpool" description="Add subnetpool type to RBAC" updated="2020-02-05T00:00:00-00:00" {{(pid=103398) _check_extension /opt/stack/neutron/neutron/api/extensions.py:415}}
Jun 19 00:34:56.320200 np0000182239 devstack@neutron-api.service[103398]: INFO neutron.api.extensions [None req-227615de-800d-49df-b3a3-ecabafbf58ba None None] Extension rbac-subnetpool not supported by any of loaded plugins
Jun 19 00:34:56.320282 np0000182239 devstack@neutron-api.service[103397]: DEBUG neutron.plugins.ml2.ovo_rpc [None req-ec9ecb0c-aeae-45c2-94c0-4d41c5a6566b None None] ML2 OVO RPC backend initialized. {{(pid=103397) __init__ /opt/stack/neutron/neutron/plugins/ml2/ovo_rpc.py:117}}
Jun 19 00:34:56.320339 np0000182239 devstack@neutron-api.service[103398]: DEBUG neutron.api.extensions [None req-227615de-800d-49df-b3a3-ecabafbf58ba None None] Loading extension file: revisionifmatch.py {{(pid=103398) _load_all_extensions_from_path /opt/stack/neutron/neutron/api/extensions.py:449}}
Jun 19 00:34:56.320339 np0000182239 devstack@neutron-api.service[103398]: DEBUG neutron.api.extensions [None req-227615de-800d-49df-b3a3-ecabafbf58ba None None] Ext name="If-Match constraints based on revision_number" alias="revision-if-match" description="Extension indicating that If-Match based on revision_number is supported." updated="2016-12-11T00:00:00-00:00" {{(pid=103398) _check_extension /opt/stack/neutron/neutron/api/extensions.py:415}}
Jun 19 00:34:56.320502 np0000182239 devstack@neutron-api.service[103398]: INFO neutron.api.extensions [None req-227615de-800d-49df-b3a3-ecabafbf58ba None None] Loaded extension: revision-if-match
Jun 19 00:34:56.320588 np0000182239 devstack@neutron-api.service[103398]: DEBUG neutron.api.extensions [None req-227615de-800d-49df-b3a3-ecabafbf58ba None None] Loading extension file: revisions.py {{(pid=103398) _load_all_extensions_from_path /opt/stack/neutron/neutron/api/extensions.py:449}}
Jun 19 00:34:56.320847 np0000182239 devstack@neutron-api.service[103398]: DEBUG neutron.api.extensions [None req-227615de-800d-49df-b3a3-ecabafbf58ba None None] Ext name="Resource revision numbers" alias="standard-attr-revisions" description="This extension will display the revision number of neutron resources." updated="2016-04-11T10:00:00-00:00" {{(pid=103398) _check_extension /opt/stack/neutron/neutron/api/extensions.py:415}}
Jun 19 00:34:56.320989 np0000182239 devstack@neutron-api.service[103398]: INFO neutron.api.extensions [None req-227615de-800d-49df-b3a3-ecabafbf58ba None None] Loaded extension: standard-attr-revisions
Jun 19 00:34:56.321086 np0000182239 devstack@neutron-api.service[103398]: DEBUG neutron.api.extensions [None req-227615de-800d-49df-b3a3-ecabafbf58ba None None] Loading extension file: router_availability_zone.py {{(pid=103398) _load_all_extensions_from_path /opt/stack/neutron/neutron/api/extensions.py:449}}
Jun 19 00:34:56.321156 np0000182239 devstack@neutron-api.service[103397]: INFO neutron.quota [None req-ec9ecb0c-aeae-45c2-94c0-4d41c5a6566b None None] Loaded quota_driver: .
Jun 19 00:34:56.321227 np0000182239 devstack@neutron-api.service[103397]: INFO neutron.plugins.ml2.plugin [None req-ec9ecb0c-aeae-45c2-94c0-4d41c5a6566b None None] Modular L2 Plugin initialization complete
Jun 19 00:34:56.321342 np0000182239 devstack@neutron-api.service[103398]: DEBUG neutron.api.extensions [None req-227615de-800d-49df-b3a3-ecabafbf58ba None None] Ext name="Router Availability Zone" alias="router_availability_zone" description="Availability zone support for router." updated="2015-01-01T10:00:00-00:00" {{(pid=103398) _check_extension /opt/stack/neutron/neutron/api/extensions.py:415}}
Jun 19 00:34:56.321402 np0000182239 devstack@neutron-api.service[103397]: DEBUG neutron.manager [None req-ec9ecb0c-aeae-45c2-94c0-4d41c5a6566b None None] Loading services supported by the core plugin {{(pid=103397) _load_services_from_core_plugin /opt/stack/neutron/neutron/manager.py:170}}
Jun 19 00:34:56.321488 np0000182239 devstack@neutron-api.service[103397]: INFO neutron.plugins.ml2.managers [None req-ec9ecb0c-aeae-45c2-94c0-4d41c5a6566b None None] Got port-security extension from driver 'port_security'
Jun 19 00:34:56.321515 np0000182239 devstack@neutron-api.service[103398]: INFO neutron.api.extensions [None req-227615de-800d-49df-b3a3-ecabafbf58ba None None] Loaded extension: router_availability_zone
Jun 19 00:34:56.321573 np0000182239 devstack@neutron-api.service[103398]: DEBUG neutron.api.extensions [None req-227615de-800d-49df-b3a3-ecabafbf58ba None None] Loading extension file: router_enable_snat.py {{(pid=103398) _load_all_extensions_from_path /opt/stack/neutron/neutron/api/extensions.py:449}}
Jun 19 00:34:56.321787 np0000182239 devstack@neutron-api.service[103397]: DEBUG neutron.manager [None req-ec9ecb0c-aeae-45c2-94c0-4d41c5a6566b None None] Loading service plugins: ['ovn-router', 'auto_allocate', 'tag', 'timestamp', 'network_ip_availability', 'flavors', 'revisions'] {{(pid=103397) _load_service_plugins /opt/stack/neutron/neutron/manager.py:195}}
Jun 19 00:34:56.321830 np0000182239 devstack@neutron-api.service[103398]: DEBUG neutron.api.extensions [None req-227615de-800d-49df-b3a3-ecabafbf58ba None None] Ext name="Exposes the router "enable_snat" read-only configuration flag" alias="router-enable-snat" description="Exposes the router "enable_snat" read-only configuration flag" updated="2025-09-18T18:00:00-00:00" {{(pid=103398) _check_extension /opt/stack/neutron/neutron/api/extensions.py:415}}
Jun 19 00:34:56.321927 np0000182239 devstack@neutron-api.service[103397]: INFO neutron.manager [None req-ec9ecb0c-aeae-45c2-94c0-4d41c5a6566b None None] Loading Plugin: ovn-router
Jun 19 00:34:56.322025 np0000182239 devstack@neutron-api.service[103398]: INFO neutron.api.extensions [None req-227615de-800d-49df-b3a3-ecabafbf58ba None None] Loaded extension: router-enable-snat
Jun 19 00:34:56.322089 np0000182239 devstack@neutron-api.service[103398]: DEBUG neutron.api.extensions [None req-227615de-800d-49df-b3a3-ecabafbf58ba None None] Loading extension file: routerservicetype.py {{(pid=103398) _load_all_extensions_from_path /opt/stack/neutron/neutron/api/extensions.py:449}}
Jun 19 00:34:56.322317 np0000182239 devstack@neutron-api.service[103398]: DEBUG neutron.api.extensions [None req-227615de-800d-49df-b3a3-ecabafbf58ba None None] Ext name="Router Service Type" alias="router-service-type" description="Provides router service type" updated="2013-01-29T00:00:00-00:00" {{(pid=103398) _check_extension /opt/stack/neutron/neutron/api/extensions.py:415}}
Jun 19 00:34:56.322488 np0000182239 devstack@neutron-api.service[103398]: INFO neutron.api.extensions [None req-227615de-800d-49df-b3a3-ecabafbf58ba None None] Extension router-service-type not supported by any of loaded plugins
Jun 19 00:34:56.322556 np0000182239 devstack@neutron-api.service[103398]: DEBUG neutron.api.extensions [None req-227615de-800d-49df-b3a3-ecabafbf58ba None None] Loading extension file: security_groups_default_rules.py {{(pid=103398) _load_all_extensions_from_path /opt/stack/neutron/neutron/api/extensions.py:449}}
Jun 19 00:34:56.322999 np0000182239 devstack@neutron-api.service[103398]: DEBUG neutron.api.extensions [None req-227615de-800d-49df-b3a3-ecabafbf58ba None None] Ext name="Default rules for security groups" alias="security-groups-default-rules" description="Configure set of security group rules used as default rules for every new security group" updated="2022-12-19T10:00:00-00:00" {{(pid=103398) _check_extension /opt/stack/neutron/neutron/api/extensions.py:415}}
Jun 19 00:34:56.323167 np0000182239 devstack@neutron-api.service[103398]: INFO neutron.api.extensions [None req-227615de-800d-49df-b3a3-ecabafbf58ba None None] Loaded extension: security-groups-default-rules
Jun 19 00:34:56.323255 np0000182239 devstack@neutron-api.service[103398]: DEBUG neutron.api.extensions [None req-227615de-800d-49df-b3a3-ecabafbf58ba None None] Loading extension file: security_groups_default_statefulness.py {{(pid=103398) _load_all_extensions_from_path /opt/stack/neutron/neutron/api/extensions.py:449}}
Jun 19 00:34:56.323502 np0000182239 devstack@neutron-api.service[103398]: DEBUG neutron.api.extensions [None req-227615de-800d-49df-b3a3-ecabafbf58ba None None] Ext name="Security Groups Default Statefulness" alias="security-groups-default-statefulness" description="Allows configuring the default value of the 'stateful' attribute for new security groups, on a per-project or system-wide basis" updated="2026-04-13T00:00:00-00:00" {{(pid=103398) _check_extension /opt/stack/neutron/neutron/api/extensions.py:415}}
Jun 19 00:34:56.323743 np0000182239 devstack@neutron-api.service[103398]: INFO neutron.api.extensions [None req-227615de-800d-49df-b3a3-ecabafbf58ba None None] Loaded extension: security-groups-default-statefulness
Jun 19 00:34:56.323851 np0000182239 devstack@neutron-api.service[103396]: DEBUG neutron.manager [None req-f9dc3f21-a61f-4bfd-9315-74726c588049 None None] Successfully loaded network-ip-availability plugin. Description: Provides IP availability data for each network and subnet. {{(pid=103396) _create_and_add_service_plugin /opt/stack/neutron/neutron/manager.py:239}}
Jun 19 00:34:56.323919 np0000182239 devstack@neutron-api.service[103398]: DEBUG neutron.api.extensions [None req-227615de-800d-49df-b3a3-ecabafbf58ba None None] Loading extension file: security_groups_normalized_cidr.py {{(pid=103398) _load_all_extensions_from_path /opt/stack/neutron/neutron/api/extensions.py:449}}
Jun 19 00:34:56.324073 np0000182239 devstack@neutron-api.service[103398]: DEBUG neutron.api.extensions [None req-227615de-800d-49df-b3a3-ecabafbf58ba None None] Ext name="Normalized CIDR field for security group rules" alias="security-groups-normalized-cidr" description="Add new field with normalized remote_ip_prefix cidr in SG rule" updated="2020-07-28T10:00:00-00:00" {{(pid=103398) _check_extension /opt/stack/neutron/neutron/api/extensions.py:415}}
Jun 19 00:34:56.324315 np0000182239 devstack@neutron-api.service[103398]: INFO neutron.api.extensions [None req-227615de-800d-49df-b3a3-ecabafbf58ba None None] Loaded extension: security-groups-normalized-cidr
Jun 19 00:34:56.324315 np0000182239 devstack@neutron-api.service[103398]: DEBUG neutron.api.extensions [None req-227615de-800d-49df-b3a3-ecabafbf58ba None None] Loading extension file: security_groups_port_filtering.py {{(pid=103398) _load_all_extensions_from_path /opt/stack/neutron/neutron/api/extensions.py:449}}
Jun 19 00:34:56.324580 np0000182239 devstack@neutron-api.service[103398]: DEBUG neutron.api.extensions [None req-227615de-800d-49df-b3a3-ecabafbf58ba None None] Ext name="Port filtering on security groups" alias="port-security-groups-filtering" description="Provides security groups filtering when listing ports" updated="2018-01-09T09:00:00-00:00" {{(pid=103398) _check_extension /opt/stack/neutron/neutron/api/extensions.py:415}}
Jun 19 00:34:56.324757 np0000182239 devstack@neutron-api.service[103398]: INFO neutron.api.extensions [None req-227615de-800d-49df-b3a3-ecabafbf58ba None None] Extension port-security-groups-filtering not supported by any of loaded plugins
Jun 19 00:34:56.324847 np0000182239 devstack@neutron-api.service[103396]: INFO neutron.manager [None req-f9dc3f21-a61f-4bfd-9315-74726c588049 None None] Loading Plugin: flavors
Jun 19 00:34:56.324921 np0000182239 devstack@neutron-api.service[103398]: DEBUG neutron.api.extensions [None req-227615de-800d-49df-b3a3-ecabafbf58ba None None] Loading extension file: security_groups_remote_address_group.py {{(pid=103398) _load_all_extensions_from_path /opt/stack/neutron/neutron/api/extensions.py:449}}
Jun 19 00:34:56.325095 np0000182239 devstack@neutron-api.service[103398]: DEBUG neutron.api.extensions [None req-227615de-800d-49df-b3a3-ecabafbf58ba None None] Ext name="Remote address group id field for security group rules" alias="security-groups-remote-address-group" description="Add new field of remote address group id in SG rules" updated="2020-08-25T10:00:00-00:00" {{(pid=103398) _check_extension /opt/stack/neutron/neutron/api/extensions.py:415}}
Jun 19 00:34:56.325228 np0000182239 devstack@neutron-api.service[103398]: INFO neutron.api.extensions [None req-227615de-800d-49df-b3a3-ecabafbf58ba None None] Loaded extension: security-groups-remote-address-group
Jun 19 00:34:56.325326 np0000182239 devstack@neutron-api.service[103398]: DEBUG neutron.api.extensions [None req-227615de-800d-49df-b3a3-ecabafbf58ba None None] Loading extension file: security_groups_rules_belongs_to_default_sg.py {{(pid=103398) _load_all_extensions_from_path /opt/stack/neutron/neutron/api/extensions.py:449}}
Jun 19 00:34:56.325546 np0000182239 devstack@neutron-api.service[103398]: DEBUG neutron.api.extensions [None req-227615de-800d-49df-b3a3-ecabafbf58ba None None] Ext name="Security group rule belongs to the project's default security group" alias="security-groups-rules-belongs-to-default-sg" description="Flag to determine if the security group rule belongs to the project's default security group" updated="2023-05-23T10:00:00-00:00" {{(pid=103398) _check_extension /opt/stack/neutron/neutron/api/extensions.py:415}}
Jun 19 00:34:56.325712 np0000182239 devstack@neutron-api.service[103398]: INFO neutron.api.extensions [None req-227615de-800d-49df-b3a3-ecabafbf58ba None None] Loaded extension: security-groups-rules-belongs-to-default-sg
Jun 19 00:34:56.325763 np0000182239 devstack@neutron-api.service[103398]: DEBUG neutron.api.extensions [None req-227615de-800d-49df-b3a3-ecabafbf58ba None None] Loading extension file: security_groups_shared_filtering.py {{(pid=103398) _load_all_extensions_from_path /opt/stack/neutron/neutron/api/extensions.py:449}}
Jun 19 00:34:56.326054 np0000182239 devstack@neutron-api.service[103398]: DEBUG neutron.api.extensions [None req-227615de-800d-49df-b3a3-ecabafbf58ba None None] Ext name="Security group filtering on the shared field" alias="security-groups-shared-filtering" description="Support filtering security groups on the shared field" updated="2021-10-05T09:00:00-00:00" {{(pid=103398) _check_extension /opt/stack/neutron/neutron/api/extensions.py:415}}
Jun 19 00:34:56.326187 np0000182239 devstack@neutron-api.service[103398]: INFO neutron.api.extensions [None req-227615de-800d-49df-b3a3-ecabafbf58ba None None] Loaded extension: security-groups-shared-filtering
Jun 19 00:34:56.326253 np0000182239 devstack@neutron-api.service[103398]: DEBUG neutron.api.extensions [None req-227615de-800d-49df-b3a3-ecabafbf58ba None None] Loading extension file: securitygroup.py {{(pid=103398) _load_all_extensions_from_path /opt/stack/neutron/neutron/api/extensions.py:449}}
Jun 19 00:34:56.326285 np0000182239 devstack@neutron-api.service[103396]: DEBUG neutron.manager [None req-f9dc3f21-a61f-4bfd-9315-74726c588049 None None] Successfully loaded FLAVORS plugin. Description: Neutron Flavors and Service Profiles manager plugin {{(pid=103396) _create_and_add_service_plugin /opt/stack/neutron/neutron/manager.py:239}}
Jun 19 00:34:56.326604 np0000182239 devstack@neutron-api.service[103396]: INFO neutron.manager [None req-f9dc3f21-a61f-4bfd-9315-74726c588049 None None] Loading Plugin: revisions
Jun 19 00:34:56.328239 np0000182239 devstack@neutron-api.service[103398]: DEBUG neutron.api.extensions [None req-227615de-800d-49df-b3a3-ecabafbf58ba None None] Ext name="security-group" alias="security-group" description="The security groups extension." updated="2012-10-05T10:00:00-00:00" {{(pid=103398) _check_extension /opt/stack/neutron/neutron/api/extensions.py:415}}
Jun 19 00:34:56.328630 np0000182239 devstack@neutron-api.service[103398]: INFO neutron.api.extensions [None req-227615de-800d-49df-b3a3-ecabafbf58ba None None] Loaded extension: security-group
Jun 19 00:34:56.328630 np0000182239 devstack@neutron-api.service[103398]: DEBUG neutron.api.extensions [None req-227615de-800d-49df-b3a3-ecabafbf58ba None None] Loading extension file: segment.py {{(pid=103398) _load_all_extensions_from_path /opt/stack/neutron/neutron/api/extensions.py:449}}
Jun 19 00:34:56.328876 np0000182239 devstack@neutron-api.service[103398]: DEBUG neutron.api.extensions [None req-227615de-800d-49df-b3a3-ecabafbf58ba None None] Ext name="Segment" alias="segment" description="Segments extension." updated="2016-02-24T17:00:00-00:00" {{(pid=103398) _check_extension /opt/stack/neutron/neutron/api/extensions.py:415}}
Jun 19 00:34:56.328995 np0000182239 devstack@neutron-api.service[103398]: INFO neutron.api.extensions [None req-227615de-800d-49df-b3a3-ecabafbf58ba None None] Extension segment not supported by any of loaded plugins
Jun 19 00:34:56.329086 np0000182239 devstack@neutron-api.service[103398]: DEBUG neutron.api.extensions [None req-227615de-800d-49df-b3a3-ecabafbf58ba None None] Loading extension file: segments_peer_subnet_host_routes.py {{(pid=103398) _load_all_extensions_from_path /opt/stack/neutron/neutron/api/extensions.py:449}}
Jun 19 00:34:56.329320 np0000182239 devstack@neutron-api.service[103398]: DEBUG neutron.api.extensions [None req-227615de-800d-49df-b3a3-ecabafbf58ba None None] Ext name="Segments peer-subnet host routes" alias="segments-peer-subnet-host-routes" description="Add host routes to subnets on a routed network (segments)" updated="2018-06-12T10:00:00-00:00" {{(pid=103398) _check_extension /opt/stack/neutron/neutron/api/extensions.py:415}}
Jun 19 00:34:56.329494 np0000182239 devstack@neutron-api.service[103398]: INFO neutron.api.extensions [None req-227615de-800d-49df-b3a3-ecabafbf58ba None None] Extension segments-peer-subnet-host-routes not supported by any of loaded plugins
Jun 19 00:34:56.329584 np0000182239 devstack@neutron-api.service[103398]: DEBUG neutron.api.extensions [None req-227615de-800d-49df-b3a3-ecabafbf58ba None None] Loading extension file: servicetype.py {{(pid=103398) _load_all_extensions_from_path /opt/stack/neutron/neutron/api/extensions.py:449}}
Jun 19 00:34:56.329878 np0000182239 devstack@neutron-api.service[103398]: DEBUG neutron.api.extensions [None req-227615de-800d-49df-b3a3-ecabafbf58ba None None] Ext name="Neutron Service Type Management" alias="service-type" description="API for retrieving service providers for Neutron advanced services" updated="2013-01-20T00:00:00-00:00" {{(pid=103398) _check_extension /opt/stack/neutron/neutron/api/extensions.py:415}}
Jun 19 00:34:56.330025 np0000182239 devstack@neutron-api.service[103398]: INFO neutron.api.extensions [None req-227615de-800d-49df-b3a3-ecabafbf58ba None None] Loaded extension: service-type
Jun 19 00:34:56.330166 np0000182239 devstack@neutron-api.service[103398]: DEBUG neutron.api.extensions [None req-227615de-800d-49df-b3a3-ecabafbf58ba None None] Loading extension file: sorting.py {{(pid=103398) _load_all_extensions_from_path /opt/stack/neutron/neutron/api/extensions.py:449}}
Jun 19 00:34:56.330396 np0000182239 devstack@neutron-api.service[103398]: DEBUG neutron.api.extensions [None req-227615de-800d-49df-b3a3-ecabafbf58ba None None] Ext name="Sorting support" alias="sorting" description="Extension that indicates that sorting is enabled." updated="2016-06-12T00:00:00-00:00" {{(pid=103398) _check_extension /opt/stack/neutron/neutron/api/extensions.py:415}}
Jun 19 00:34:56.330473 np0000182239 devstack@neutron-api.service[103398]: INFO neutron.api.extensions [None req-227615de-800d-49df-b3a3-ecabafbf58ba None None] Loaded extension: sorting
Jun 19 00:34:56.330547 np0000182239 devstack@neutron-api.service[103398]: DEBUG neutron.api.extensions [None req-227615de-800d-49df-b3a3-ecabafbf58ba None None] Loading extension file: standard_attr_segment.py {{(pid=103398) _load_all_extensions_from_path /opt/stack/neutron/neutron/api/extensions.py:449}}
Jun 19 00:34:56.330820 np0000182239 devstack@neutron-api.service[103398]: DEBUG neutron.api.extensions [None req-227615de-800d-49df-b3a3-ecabafbf58ba None None] Ext name="Standard Attribute Segment Extension" alias="standard-attr-segment" description="Add standard attributes to Segment resource" updated="2018-04-09T10:00:00-00:00" {{(pid=103398) _check_extension /opt/stack/neutron/neutron/api/extensions.py:415}}
Jun 19 00:34:56.330954 np0000182239 devstack@neutron-api.service[103398]: INFO neutron.api.extensions [None req-227615de-800d-49df-b3a3-ecabafbf58ba None None] Extension standard-attr-segment not supported by any of loaded plugins
Jun 19 00:34:56.331028 np0000182239 devstack@neutron-api.service[103396]: DEBUG neutron.manager [None req-f9dc3f21-a61f-4bfd-9315-74726c588049 None None] Successfully loaded revision_plugin plugin. Description: Adds revision numbers to resources. {{(pid=103396) _create_and_add_service_plugin /opt/stack/neutron/neutron/manager.py:239}}
Jun 19 00:34:56.331100 np0000182239 devstack@neutron-api.service[103398]: DEBUG neutron.api.extensions [None req-227615de-800d-49df-b3a3-ecabafbf58ba None None] Loading extension file: standardattrdescription.py {{(pid=103398) _load_all_extensions_from_path /opt/stack/neutron/neutron/api/extensions.py:449}}
Jun 19 00:34:56.331132 np0000182239 devstack@neutron-api.service[103396]: DEBUG oslo_concurrency.lockutils [None req-f9dc3f21-a61f-4bfd-9315-74726c588049 None None] Lock "manager" "released" by "neutron.manager.NeutronManager._create_instance" :: held 4.965s {{(pid=103396) inner /opt/stack/data/venv/lib/python3.12/site-packages/oslo_concurrency/lockutils.py:543}}
Jun 19 00:34:56.331429 np0000182239 devstack@neutron-api.service[103398]: DEBUG neutron.api.extensions [None req-227615de-800d-49df-b3a3-ecabafbf58ba None None] Ext name="standard-attr-description" alias="standard-attr-description" description="Extension to add descriptions to standard attributes" updated="2016-02-10T10:00:00-00:00" {{(pid=103398) _check_extension /opt/stack/neutron/neutron/api/extensions.py:415}}
Jun 19 00:34:56.331500 np0000182239 devstack@neutron-api.service[103396]: DEBUG neutron.api.extensions [None req-f9dc3f21-a61f-4bfd-9315-74726c588049 None None] get_extension_paths = OrderedDict({'/opt/stack/neutron/neutron/extensions': 1}) {{(pid=103396) get_extensions_path /opt/stack/neutron/neutron/api/extensions.py:640}}
Jun 19 00:34:56.331500 np0000182239 devstack@neutron-api.service[103396]: INFO neutron.api.extensions [None req-f9dc3f21-a61f-4bfd-9315-74726c588049 None None] Initializing extension manager.
Jun 19 00:34:56.331634 np0000182239 devstack@neutron-api.service[103398]: INFO neutron.api.extensions [None req-227615de-800d-49df-b3a3-ecabafbf58ba None None] Loaded extension: standard-attr-description
Jun 19 00:34:56.331634 np0000182239 devstack@neutron-api.service[103398]: DEBUG neutron.api.extensions [None req-227615de-800d-49df-b3a3-ecabafbf58ba None None] Loading extension file: stateful_security_group.py {{(pid=103398) _load_all_extensions_from_path /opt/stack/neutron/neutron/api/extensions.py:449}}
Jun 19 00:34:56.331871 np0000182239 devstack@neutron-api.service[103396]: DEBUG neutron.api.extensions [None req-f9dc3f21-a61f-4bfd-9315-74726c588049 None None] Loading extension file: __init__.py {{(pid=103396) _load_all_extensions_from_path /opt/stack/neutron/neutron/api/extensions.py:449}}
Jun 19 00:34:56.331942 np0000182239 devstack@neutron-api.service[103398]: DEBUG neutron.api.extensions [None req-227615de-800d-49df-b3a3-ecabafbf58ba None None] Ext name="Stateful security group" alias="stateful-security-group" description="Indicates if the security group is stateful or not" updated="2019-11-26T09:00:00-00:00" {{(pid=103398) _check_extension /opt/stack/neutron/neutron/api/extensions.py:415}}
Jun 19 00:34:56.332026 np0000182239 devstack@neutron-api.service[103396]: DEBUG neutron.api.extensions [None req-f9dc3f21-a61f-4bfd-9315-74726c588049 None None] Loading extension file: __pycache__ {{(pid=103396) _load_all_extensions_from_path /opt/stack/neutron/neutron/api/extensions.py:449}}
Jun 19 00:34:56.332093 np0000182239 devstack@neutron-api.service[103398]: INFO neutron.api.extensions [None req-227615de-800d-49df-b3a3-ecabafbf58ba None None] Loaded extension: stateful-security-group
Jun 19 00:34:56.332160 np0000182239 devstack@neutron-api.service[103396]: DEBUG neutron.api.extensions [None req-f9dc3f21-a61f-4bfd-9315-74726c588049 None None] Loading extension file: aap_reject_multicast.py {{(pid=103396) _load_all_extensions_from_path /opt/stack/neutron/neutron/api/extensions.py:449}}
Jun 19 00:34:56.332232 np0000182239 devstack@neutron-api.service[103398]: DEBUG neutron.api.extensions [None req-227615de-800d-49df-b3a3-ecabafbf58ba None None] Loading extension file: stdattrs_common.py {{(pid=103398) _load_all_extensions_from_path /opt/stack/neutron/neutron/api/extensions.py:449}}
Jun 19 00:34:56.332394 np0000182239 devstack@neutron-api.service[103398]: WARNING neutron.api.extensions [None req-227615de-800d-49df-b3a3-ecabafbf58ba None None] Did not find expected name "Stdattrs_common" in /opt/stack/neutron/neutron/extensions/stdattrs_common.py
Jun 19 00:34:56.332466 np0000182239 devstack@neutron-api.service[103398]: DEBUG neutron.api.extensions [None req-227615de-800d-49df-b3a3-ecabafbf58ba None None] Loading extension file: subnet_dns_publish_fixed_ip.py {{(pid=103398) _load_all_extensions_from_path /opt/stack/neutron/neutron/api/extensions.py:449}}
Jun 19 00:34:56.332541 np0000182239 devstack@neutron-api.service[103396]: DEBUG neutron.api.extensions [None req-f9dc3f21-a61f-4bfd-9315-74726c588049 None None] Ext name="Allowed address pairs reject multicast extension" alias="aap-reject-multicast" description="Reject multicast addresses in Allowed Address Pairs" updated="2026-04-01T00:00:00-00:00" {{(pid=103396) _check_extension /opt/stack/neutron/neutron/api/extensions.py:415}}
Jun 19 00:34:56.332707 np0000182239 devstack@neutron-api.service[103398]: DEBUG neutron.api.extensions [None req-227615de-800d-49df-b3a3-ecabafbf58ba None None] Ext name="Subnet DNS publish fixed IP" alias="subnet-dns-publish-fixed-ip" description="Support choosing to publish DNS records for IPs from a subnet" updated="2019-05-24T10:00:00-00:00" {{(pid=103398) _check_extension /opt/stack/neutron/neutron/api/extensions.py:415}}
Jun 19 00:34:56.332870 np0000182239 devstack@neutron-api.service[103398]: INFO neutron.api.extensions [None req-227615de-800d-49df-b3a3-ecabafbf58ba None None] Loaded extension: subnet-dns-publish-fixed-ip
Jun 19 00:34:56.333028 np0000182239 devstack@neutron-api.service[103398]: DEBUG neutron.api.extensions [None req-227615de-800d-49df-b3a3-ecabafbf58ba None None] Loading extension file: subnet_external_network.py {{(pid=103398) _load_all_extensions_from_path /opt/stack/neutron/neutron/api/extensions.py:449}}
Jun 19 00:34:56.333190 np0000182239 devstack@neutron-api.service[103398]: DEBUG neutron.api.extensions [None req-227615de-800d-49df-b3a3-ecabafbf58ba None None] Ext name="Subnet belongs to an external network" alias="subnet-external-network" description="Informs if the subnet belongs to an external network" updated="2024-02-05T18:00:00-00:00" {{(pid=103398) _check_extension /opt/stack/neutron/neutron/api/extensions.py:415}}
Jun 19 00:34:56.333342 np0000182239 devstack@neutron-api.service[103398]: INFO neutron.api.extensions [None req-227615de-800d-49df-b3a3-ecabafbf58ba None None] Loaded extension: subnet-external-network
Jun 19 00:34:56.333428 np0000182239 devstack@neutron-api.service[103398]: DEBUG neutron.api.extensions [None req-227615de-800d-49df-b3a3-ecabafbf58ba None None] Loading extension file: subnet_onboard.py {{(pid=103398) _load_all_extensions_from_path /opt/stack/neutron/neutron/api/extensions.py:449}}
Jun 19 00:34:56.333702 np0000182239 devstack@neutron-api.service[103398]: DEBUG neutron.api.extensions [None req-227615de-800d-49df-b3a3-ecabafbf58ba None None] Ext name="Subnet Onboard" alias="subnet_onboard" description="Provides support for onboarding subnets into subnet pools" updated="2018-12-18T09:00:00-00:00" {{(pid=103398) _check_extension /opt/stack/neutron/neutron/api/extensions.py:415}}
Jun 19 00:34:56.333854 np0000182239 devstack@neutron-api.service[103398]: INFO neutron.api.extensions [None req-227615de-800d-49df-b3a3-ecabafbf58ba None None] Loaded extension: subnet_onboard
Jun 19 00:34:56.333935 np0000182239 devstack@neutron-api.service[103398]: DEBUG neutron.api.extensions [None req-227615de-800d-49df-b3a3-ecabafbf58ba None None] Loading extension file: subnet_segmentid_writable.py {{(pid=103398) _load_all_extensions_from_path /opt/stack/neutron/neutron/api/extensions.py:449}}
Jun 19 00:34:56.334166 np0000182239 devstack@neutron-api.service[103398]: DEBUG neutron.api.extensions [None req-227615de-800d-49df-b3a3-ecabafbf58ba None None] Ext name="Subnet SegmentID (writable)" alias="subnet-segmentid-writable" description="Provides a writable segment_id attribute for a subnet resource." updated="2018-03-12T00:00:00-00:00" {{(pid=103398) _check_extension /opt/stack/neutron/neutron/api/extensions.py:415}}
Jun 19 00:34:56.334336 np0000182239 devstack@neutron-api.service[103398]: INFO neutron.api.extensions [None req-227615de-800d-49df-b3a3-ecabafbf58ba None None] Extension subnet-segmentid-writable not supported by any of loaded plugins
Jun 19 00:34:56.334427 np0000182239 devstack@neutron-api.service[103398]: DEBUG neutron.api.extensions [None req-227615de-800d-49df-b3a3-ecabafbf58ba None None] Loading extension file: subnet_service_types.py {{(pid=103398) _load_all_extensions_from_path /opt/stack/neutron/neutron/api/extensions.py:449}}
Jun 19 00:34:56.334660 np0000182239 devstack@neutron-api.service[103398]: DEBUG neutron.api.extensions [None req-227615de-800d-49df-b3a3-ecabafbf58ba None None] Ext name="Subnet service types" alias="subnet-service-types" description="Provides ability to set the subnet service_types field" updated="2016-03-15T18:00:00-00:00" {{(pid=103398) _check_extension /opt/stack/neutron/neutron/api/extensions.py:415}}
Jun 19 00:34:56.334896 np0000182239 devstack@neutron-api.service[103398]: INFO neutron.api.extensions [None req-227615de-800d-49df-b3a3-ecabafbf58ba None None] Loaded extension: subnet-service-types
Jun 19 00:34:56.335004 np0000182239 devstack@neutron-api.service[103398]: DEBUG neutron.api.extensions [None req-227615de-800d-49df-b3a3-ecabafbf58ba None None] Loading extension file: subnetallocation.py {{(pid=103398) _load_all_extensions_from_path /opt/stack/neutron/neutron/api/extensions.py:449}}
Jun 19 00:34:56.335286 np0000182239 devstack@neutron-api.service[103398]: DEBUG neutron.api.extensions [None req-227615de-800d-49df-b3a3-ecabafbf58ba None None] Ext name="Subnet Allocation" alias="subnet_allocation" description="Enables allocation of subnets from a subnet pool" updated="2015-03-30T10:00:00-00:00" {{(pid=103398) _check_extension /opt/stack/neutron/neutron/api/extensions.py:415}}
Jun 19 00:34:56.335474 np0000182239 devstack@neutron-api.service[103398]: INFO neutron.api.extensions [None req-227615de-800d-49df-b3a3-ecabafbf58ba None None] Loaded extension: subnet_allocation
Jun 19 00:34:56.335590 np0000182239 devstack@neutron-api.service[103398]: DEBUG neutron.api.extensions [None req-227615de-800d-49df-b3a3-ecabafbf58ba None None] Loading extension file: subnetpool_prefix_ops.py {{(pid=103398) _load_all_extensions_from_path /opt/stack/neutron/neutron/api/extensions.py:449}}
Jun 19 00:34:56.335858 np0000182239 devstack@neutron-api.service[103396]: INFO neutron.api.extensions [None req-f9dc3f21-a61f-4bfd-9315-74726c588049 None None] Extension aap-reject-multicast not supported by any of loaded plugins
Jun 19 00:34:56.335894 np0000182239 devstack@neutron-api.service[103398]: DEBUG neutron.api.extensions [None req-227615de-800d-49df-b3a3-ecabafbf58ba None None] Ext name="Subnet Pool Prefix Operations" alias="subnetpool-prefix-ops" description="Provides support for adjusting the prefix list of subnet pools" updated="2019-02-08T10:00:00-00:00" {{(pid=103398) _check_extension /opt/stack/neutron/neutron/api/extensions.py:415}}
Jun 19 00:34:56.335982 np0000182239 devstack@neutron-api.service[103396]: DEBUG neutron.api.extensions [None req-f9dc3f21-a61f-4bfd-9315-74726c588049 None None] Loading extension file: address_group.py {{(pid=103396) _load_all_extensions_from_path /opt/stack/neutron/neutron/api/extensions.py:449}}
Jun 19 00:34:56.336040 np0000182239 devstack@neutron-api.service[103398]: INFO neutron.api.extensions [None req-227615de-800d-49df-b3a3-ecabafbf58ba None None] Loaded extension: subnetpool-prefix-ops
Jun 19 00:34:56.336138 np0000182239 devstack@neutron-api.service[103398]: DEBUG neutron.api.extensions [None req-227615de-800d-49df-b3a3-ecabafbf58ba None None] Loading extension file: tag_creation.py {{(pid=103398) _load_all_extensions_from_path /opt/stack/neutron/neutron/api/extensions.py:449}}
Jun 19 00:34:56.336327 np0000182239 devstack@neutron-api.service[103397]: DEBUG neutron_lib.callbacks.manager [None req-ec9ecb0c-aeae-45c2-94c0-4d41c5a6566b None None] Subscribe: > router before_delete 55550000, False {{(pid=103397) subscribe /opt/stack/data/venv/lib/python3.12/site-packages/neutron_lib/callbacks/manager.py:52}}
Jun 19 00:34:56.336363 np0000182239 devstack@neutron-api.service[103398]: DEBUG neutron.api.extensions [None req-227615de-800d-49df-b3a3-ecabafbf58ba None None] Ext name="Tag creation extension" alias="tag-creation" description="Allow to create multiple tags for a resource" updated="2024-23-07T10:00:00-00:00" {{(pid=103398) _check_extension /opt/stack/neutron/neutron/api/extensions.py:415}}
Jun 19 00:34:56.336399 np0000182239 devstack@neutron-api.service[103396]: DEBUG neutron.api.extensions [None req-f9dc3f21-a61f-4bfd-9315-74726c588049 None None] Ext name="Address group" alias="address-group" description="Support address group" updated="2020-07-15T10:00:00-00:00" {{(pid=103396) _check_extension /opt/stack/neutron/neutron/api/extensions.py:415}}
Jun 19 00:34:56.336528 np0000182239 devstack@neutron-api.service[103397]: DEBUG neutron_lib.callbacks.manager [None req-ec9ecb0c-aeae-45c2-94c0-4d41c5a6566b None None] Subscribe: port before_update 55550000, False {{(pid=103397) subscribe /opt/stack/data/venv/lib/python3.12/site-packages/neutron_lib/callbacks/manager.py:52}}
Jun 19 00:34:56.336570 np0000182239 devstack@neutron-api.service[103398]: INFO neutron.api.extensions [None req-227615de-800d-49df-b3a3-ecabafbf58ba None None] Loaded extension: tag-creation
Jun 19 00:34:56.336598 np0000182239 devstack@neutron-api.service[103396]: INFO neutron.api.extensions [None req-f9dc3f21-a61f-4bfd-9315-74726c588049 None None] Loaded extension: address-group
Jun 19 00:34:56.336627 np0000182239 devstack@neutron-api.service[103398]: DEBUG neutron.api.extensions [None req-227615de-800d-49df-b3a3-ecabafbf58ba None None] Loading extension file: tag_ports_during_bulk_creation.py {{(pid=103398) _load_all_extensions_from_path /opt/stack/neutron/neutron/api/extensions.py:449}}
Jun 19 00:34:56.336827 np0000182239 devstack@neutron-api.service[103397]: DEBUG neutron_lib.callbacks.manager [None req-ec9ecb0c-aeae-45c2-94c0-4d41c5a6566b None None] Subscribe: port after_update 55550000, False {{(pid=103397) subscribe /opt/stack/data/venv/lib/python3.12/site-packages/neutron_lib/callbacks/manager.py:52}}
Jun 19 00:34:56.336874 np0000182239 devstack@neutron-api.service[103396]: DEBUG neutron.api.extensions [None req-f9dc3f21-a61f-4bfd-9315-74726c588049 None None] Loading extension file: address_scope.py {{(pid=103396) _load_all_extensions_from_path /opt/stack/neutron/neutron/api/extensions.py:449}}
Jun 19 00:34:56.336902 np0000182239 devstack@neutron-api.service[103397]: DEBUG neutron_lib.callbacks.manager [None req-ec9ecb0c-aeae-45c2-94c0-4d41c5a6566b None None] Subscribe: > port precommit_delete 55550000, False {{(pid=103397) subscribe /opt/stack/data/venv/lib/python3.12/site-packages/neutron_lib/callbacks/manager.py:52}}
Jun 19 00:34:56.336931 np0000182239 devstack@neutron-api.service[103398]: DEBUG neutron.api.extensions [None req-227615de-800d-49df-b3a3-ecabafbf58ba None None] Ext name="Tag Ports During Bulk Creation" alias="tag-ports-during-bulk-creation" description="Allow to tag ports during bulk creation" updated="2019-12-29T19:00:00-00:00" {{(pid=103398) _check_extension /opt/stack/neutron/neutron/api/extensions.py:415}}
Jun 19 00:34:56.337009 np0000182239 devstack@neutron-api.service[103397]: DEBUG neutron_lib.callbacks.manager [None req-ec9ecb0c-aeae-45c2-94c0-4d41c5a6566b None None] Subscribe: port before_update 55550000, False {{(pid=103397) subscribe /opt/stack/data/venv/lib/python3.12/site-packages/neutron_lib/callbacks/manager.py:52}}
Jun 19 00:34:56.337040 np0000182239 devstack@neutron-api.service[103398]: INFO neutron.api.extensions [None req-227615de-800d-49df-b3a3-ecabafbf58ba None None] Extension tag-ports-during-bulk-creation not supported by any of loaded plugins
Jun 19 00:34:56.337067 np0000182239 devstack@neutron-api.service[103396]: DEBUG neutron.api.extensions [None req-f9dc3f21-a61f-4bfd-9315-74726c588049 None None] Ext name="Address scope" alias="address-scope" description="Address scopes extension." updated="2015-07-26T10:00:00-00:00" {{(pid=103396) _check_extension /opt/stack/neutron/neutron/api/extensions.py:415}}
Jun 19 00:34:56.337104 np0000182239 devstack@neutron-api.service[103398]: DEBUG neutron.api.extensions [None req-227615de-800d-49df-b3a3-ecabafbf58ba None None] Loading extension file: tagging.py {{(pid=103398) _load_all_extensions_from_path /opt/stack/neutron/neutron/api/extensions.py:449}}
Jun 19 00:34:56.337162 np0000182239 devstack@neutron-api.service[103397]: DEBUG neutron_lib.callbacks.manager [None req-ec9ecb0c-aeae-45c2-94c0-4d41c5a6566b None None] Subscribe: port before_delete 55550000, False {{(pid=103397) subscribe /opt/stack/data/venv/lib/python3.12/site-packages/neutron_lib/callbacks/manager.py:52}}
Jun 19 00:34:56.337264 np0000182239 devstack@neutron-api.service[103396]: INFO neutron.api.extensions [None req-f9dc3f21-a61f-4bfd-9315-74726c588049 None None] Loaded extension: address-scope
Jun 19 00:34:56.337330 np0000182239 devstack@neutron-api.service[103397]: DEBUG neutron_lib.callbacks.manager [None req-ec9ecb0c-aeae-45c2-94c0-4d41c5a6566b None None] Subscribe: > router precommit_create 55550000, False {{(pid=103397) subscribe /opt/stack/data/venv/lib/python3.12/site-packages/neutron_lib/callbacks/manager.py:52}}
Jun 19 00:34:56.337364 np0000182239 devstack@neutron-api.service[103396]: DEBUG neutron.api.extensions [None req-f9dc3f21-a61f-4bfd-9315-74726c588049 None None] Loading extension file: admin_state_down_before_update.py {{(pid=103396) _load_all_extensions_from_path /opt/stack/neutron/neutron/api/extensions.py:449}}
Jun 19 00:34:56.337510 np0000182239 devstack@neutron-api.service[103397]: DEBUG neutron_lib.callbacks.manager [None req-ec9ecb0c-aeae-45c2-94c0-4d41c5a6566b None None] Subscribe: > router precommit_create 55550000, False {{(pid=103397) subscribe /opt/stack/data/venv/lib/python3.12/site-packages/neutron_lib/callbacks/manager.py:52}}
Jun 19 00:34:56.337617 np0000182239 devstack@neutron-api.service[103396]: DEBUG neutron.api.extensions [None req-f9dc3f21-a61f-4bfd-9315-74726c588049 None None] Ext name="Enforce Router's Admin State Down Before Update Extension" alias="router-admin-state-down-before-update" description="Ensure that the admin state of a router is DOWN (admin_state_up=False) before updating the distributed attribute" updated="2019-07-02T15:56:00" {{(pid=103396) _check_extension /opt/stack/neutron/neutron/api/extensions.py:415}}
Jun 19 00:34:56.337904 np0000182239 devstack@neutron-api.service[103397]: DEBUG neutron_lib.callbacks.manager [None req-ec9ecb0c-aeae-45c2-94c0-4d41c5a6566b None None] Subscribe: > router precommit_update 55550000, False {{(pid=103397) subscribe /opt/stack/data/venv/lib/python3.12/site-packages/neutron_lib/callbacks/manager.py:52}}
Jun 19 00:34:56.337949 np0000182239 devstack@neutron-api.service[103396]: INFO neutron.api.extensions [None req-f9dc3f21-a61f-4bfd-9315-74726c588049 None None] Extension router-admin-state-down-before-update not supported by any of loaded plugins
Jun 19 00:34:56.338059 np0000182239 devstack@neutron-api.service[103397]: DEBUG neutron_lib.callbacks.manager [None req-ec9ecb0c-aeae-45c2-94c0-4d41c5a6566b None None] Subscribe: subnet after_update 55550000, False {{(pid=103397) subscribe /opt/stack/data/venv/lib/python3.12/site-packages/neutron_lib/callbacks/manager.py:52}}
Jun 19 00:34:56.338173 np0000182239 devstack@neutron-api.service[103396]: DEBUG neutron.api.extensions [None req-f9dc3f21-a61f-4bfd-9315-74726c588049 None None] Loading extension file: agent.py {{(pid=103396) _load_all_extensions_from_path /opt/stack/neutron/neutron/api/extensions.py:449}}
Jun 19 00:34:56.338265 np0000182239 devstack@neutron-api.service[103398]: DEBUG neutron.api.extensions [None req-227615de-800d-49df-b3a3-ecabafbf58ba None None] Ext name="Tag support for resources with standard attribute: port, subnet, subnetpool, network, security_group, router, floatingip, policy, trunk, network_segment_range" alias="standard-attr-tag" description="Enables to set tag on resources with standard attribute." updated="2017-01-01T00:00:00-00:00" {{(pid=103398) _check_extension /opt/stack/neutron/neutron/api/extensions.py:415}}
Jun 19 00:34:56.338321 np0000182239 devstack@neutron-api.service[103397]: DEBUG neutron.quota.resource_registry [None req-ec9ecb0c-aeae-45c2-94c0-4d41c5a6566b None None] Tracking information for resource: router configured {{(pid=103397) set_tracked_resource /opt/stack/neutron/neutron/quota/resource_registry.py:203}}
Jun 19 00:34:56.338660 np0000182239 devstack@neutron-api.service[103396]: DEBUG neutron.api.extensions [None req-f9dc3f21-a61f-4bfd-9315-74726c588049 None None] Ext name="agent" alias="agent" description="The agent management extension." updated="2013-02-03T10:00:00-00:00" {{(pid=103396) _check_extension /opt/stack/neutron/neutron/api/extensions.py:415}}
Jun 19 00:34:56.338749 np0000182239 devstack@neutron-api.service[103398]: INFO neutron.api.extensions [None req-227615de-800d-49df-b3a3-ecabafbf58ba None None] Loaded extension: standard-attr-tag
Jun 19 00:34:56.338794 np0000182239 devstack@neutron-api.service[103397]: DEBUG neutron.quota.resource_registry [None req-ec9ecb0c-aeae-45c2-94c0-4d41c5a6566b None None] Tracking information for resource: floatingip configured {{(pid=103397) set_tracked_resource /opt/stack/neutron/neutron/quota/resource_registry.py:203}}
Jun 19 00:34:56.338834 np0000182239 devstack@neutron-api.service[103398]: DEBUG neutron.api.extensions [None req-227615de-800d-49df-b3a3-ecabafbf58ba None None] Loading extension file: timestamp.py {{(pid=103398) _load_all_extensions_from_path /opt/stack/neutron/neutron/api/extensions.py:449}}
Jun 19 00:34:56.338864 np0000182239 devstack@neutron-api.service[103396]: INFO neutron.api.extensions [None req-f9dc3f21-a61f-4bfd-9315-74726c588049 None None] Loaded extension: agent
Jun 19 00:34:56.338902 np0000182239 devstack@neutron-api.service[103397]: INFO neutron.services.ovn_l3.plugin [None req-ec9ecb0c-aeae-45c2-94c0-4d41c5a6566b None None] Starting OVNL3RouterPlugin
Jun 19 00:34:56.338933 np0000182239 devstack@neutron-api.service[103396]: DEBUG neutron.api.extensions [None req-f9dc3f21-a61f-4bfd-9315-74726c588049 None None] Loading extension file: agent_resources_synced.py {{(pid=103396) _load_all_extensions_from_path /opt/stack/neutron/neutron/api/extensions.py:449}}
Jun 19 00:34:56.338962 np0000182239 devstack@neutron-api.service[103398]: DEBUG neutron.api.extensions [None req-227615de-800d-49df-b3a3-ecabafbf58ba None None] Ext name="Resource timestamps" alias="standard-attr-timestamp" description="Adds created_at and updated_at fields to all Neutron resources that have Neutron standard attributes." updated="2016-09-12T10:00:00-00:00" {{(pid=103398) _check_extension /opt/stack/neutron/neutron/api/extensions.py:415}}
Jun 19 00:34:56.338962 np0000182239 devstack@neutron-api.service[103398]: INFO neutron.api.extensions [None req-227615de-800d-49df-b3a3-ecabafbf58ba None None] Loaded extension: standard-attr-timestamp
Jun 19 00:34:56.339254 np0000182239 devstack@neutron-api.service[103397]: DEBUG neutron_lib.callbacks.manager [None req-ec9ecb0c-aeae-45c2-94c0-4d41c5a6566b None None] Subscribe: > port_forwarding_plugin after_init 55550000, False {{(pid=103397) subscribe /opt/stack/data/venv/lib/python3.12/site-packages/neutron_lib/callbacks/manager.py:52}}
Jun 19 00:34:56.339328 np0000182239 devstack@neutron-api.service[103398]: DEBUG neutron.api.extensions [None req-227615de-800d-49df-b3a3-ecabafbf58ba None None] Loading extension file: trunk.py {{(pid=103398) _load_all_extensions_from_path /opt/stack/neutron/neutron/api/extensions.py:449}}
Jun 19 00:34:56.339398 np0000182239 devstack@neutron-api.service[103397]: DEBUG neutron_lib.callbacks.manager [None req-ec9ecb0c-aeae-45c2-94c0-4d41c5a6566b None None] Subscribe: > router before_create 55550100, False {{(pid=103397) subscribe /opt/stack/data/venv/lib/python3.12/site-packages/neutron_lib/callbacks/manager.py:52}}
Jun 19 00:34:56.339596 np0000182239 devstack@neutron-api.service[103398]: DEBUG neutron.api.extensions [None req-227615de-800d-49df-b3a3-ecabafbf58ba None None] Ext name="Trunk Extension" alias="trunk" description="Provides support for trunk ports" updated="2016-01-01T10:00:00-00:00" {{(pid=103398) _check_extension /opt/stack/neutron/neutron/api/extensions.py:415}}
Jun 19 00:34:56.339970 np0000182239 devstack@neutron-api.service[103397]: DEBUG neutron_lib.callbacks.manager [None req-ec9ecb0c-aeae-45c2-94c0-4d41c5a6566b None None] Subscribe: > router precommit_delete 55550100, False {{(pid=103397) subscribe /opt/stack/data/venv/lib/python3.12/site-packages/neutron_lib/callbacks/manager.py:52}}
Jun 19 00:34:56.340086 np0000182239 devstack@neutron-api.service[103398]: INFO neutron.api.extensions [None req-227615de-800d-49df-b3a3-ecabafbf58ba None None] Extension trunk not supported by any of loaded plugins
Jun 19 00:34:56.340086 np0000182239 devstack@neutron-api.service[103398]: DEBUG neutron.api.extensions [None req-227615de-800d-49df-b3a3-ecabafbf58ba None None] Loading extension file: trunk_details.py {{(pid=103398) _load_all_extensions_from_path /opt/stack/neutron/neutron/api/extensions.py:449}}
Jun 19 00:34:56.340168 np0000182239 devstack@neutron-api.service[103397]: DEBUG neutron_lib.callbacks.manager [None req-ec9ecb0c-aeae-45c2-94c0-4d41c5a6566b None None] Subscribe: > router precommit_create 55550100, False {{(pid=103397) subscribe /opt/stack/data/venv/lib/python3.12/site-packages/neutron_lib/callbacks/manager.py:52}}
Jun 19 00:34:56.340168 np0000182239 devstack@neutron-api.service[103397]: DEBUG neutron_lib.callbacks.manager [None req-ec9ecb0c-aeae-45c2-94c0-4d41c5a6566b None None] Subscribe: > router precommit_update 55550100, False {{(pid=103397) subscribe /opt/stack/data/venv/lib/python3.12/site-packages/neutron_lib/callbacks/manager.py:52}}
Jun 19 00:34:56.340219 np0000182239 devstack@neutron-api.service[103398]: DEBUG neutron.api.extensions [None req-227615de-800d-49df-b3a3-ecabafbf58ba None None] Ext name="Trunk port details" alias="trunk-details" description="Expose trunk port details" updated="2016-01-01T10:00:00-00:00" {{(pid=103398) _check_extension /opt/stack/neutron/neutron/api/extensions.py:415}}
Jun 19 00:34:56.340219 np0000182239 devstack@neutron-api.service[103398]: INFO neutron.api.extensions [None req-227615de-800d-49df-b3a3-ecabafbf58ba None None] Extension trunk-details not supported by any of loaded plugins
Jun 19 00:34:56.340584 np0000182239 devstack@neutron-api.service[103398]: DEBUG neutron.api.extensions [None req-227615de-800d-49df-b3a3-ecabafbf58ba None None] Loading extension file: uplink_status_propagation.py {{(pid=103398) _load_all_extensions_from_path /opt/stack/neutron/neutron/api/extensions.py:449}}
