2026-07-02 01:35:39.454 9 INFO neutron.db.ovn_revision_numbers_db [None req-831f7feb-3dfb-459c-92cc-88c419244da0 - - - - - -] Successfully bumped revision number for resource 0fda7586-35c0-40c4-9320-f167952ffc4e (type: ports) to 5
2026-07-02 01:35:39.462 10 INFO neutron.db.ovn_revision_numbers_db [None req-72b9d377-8648-43b8-9a1f-e373772bc68d 4b2a813359364a0396e08867bbfea6f6 a44f28ef83f04e43806b6abf743604e6 - - default default] Successfully bumped revision number for resource cd6a0141-31f3-4fb0-9b42-ed113f013e49 (type: security_group_rules) to 0
2026-07-02 01:35:39.498 10 INFO neutron.api.wsgi [None req-72b9d377-8648-43b8-9a1f-e373772bc68d 4b2a813359364a0396e08867bbfea6f6 a44f28ef83f04e43806b6abf743604e6 - - default default] 10.0.0.92 "POST /v2.0/security-group-rules HTTP/1.1" status: 201 len: 800 time: 0.1674809
2026-07-02 01:35:39.516 10 INFO neutron.api.wsgi [None req-c201fdb9-ce7b-47ff-ad57-dec637413105 4b2a813359364a0396e08867bbfea6f6 a44f28ef83f04e43806b6abf743604e6 - - default default] 10.0.0.92 "GET /v2.0/security-group-rules/cd6a0141-31f3-4fb0-9b42-ed113f013e49 HTTP/1.1" status: 200 len: 795 time: 0.0135865
2026-07-02 01:35:39.583 10 INFO neutron.api.wsgi [None req-1f980234-d56f-413a-a070-597a12d9a252 4b2a813359364a0396e08867bbfea6f6 a44f28ef83f04e43806b6abf743604e6 - - default default] 10.0.0.92 "GET /v2.0/security-group-rules HTTP/1.1" status: 200 len: 4333 time: 0.0610173
2026-07-02 01:35:39.685 10 INFO neutron.api.wsgi [None req-c7793054-4c63-4220-b865-53d3ce90c0af 4b2a813359364a0396e08867bbfea6f6 a44f28ef83f04e43806b6abf743604e6 - - default default] 10.0.0.92 "DELETE /v2.0/security-group-rules/cd6a0141-31f3-4fb0-9b42-ed113f013e49 HTTP/1.1" status: 204 len: 168 time: 0.0976222
2026-07-02 01:35:39.726 9 INFO neutron.db.l3_db [req-8fad6e9f-560e-4269-a639-04639956a557 req-6c85b4b7-1fb6-45cc-b83b-47c50b47a21d cf7134d6e051449b9f995ab690db73af 96865488369440df96caf7fd5452de6f - - default default] Floating IP c76bf174-24cf-4b0b-b00e-93e7698a4ff5 disassociated. External IP: 10.96.250.218, port: 77c6a753-c3e9-4d41-9bcd-301750b72774.
2026-07-02 01:35:39.732 10 INFO neutron.plugins.ml2.drivers.ovn.mech_driver.mech_driver [None req-6015506b-dcec-4264-90b8-7ae15ad30e10 - - - - - -] OVN reports status up for port: 562c1022-545e-4b98-82d3-489a1cce236f
2026-07-02 01:35:39.743 10 INFO neutron.plugins.ml2.plugin [None req-6015506b-dcec-4264-90b8-7ae15ad30e10 - - - - - -] Attempt 1 to provision port 562c1022-545e-4b98-82d3-489a1cce236f
2026-07-02 01:35:39.748 10 INFO neutron.api.wsgi [None req-98fabf59-20f5-43bb-8113-819e5268040f 4b2a813359364a0396e08867bbfea6f6 a44f28ef83f04e43806b6abf743604e6 - - default default] 10.0.0.92 "GET /v2.0/security-group-rules HTTP/1.1" status: 200 len: 3755 time: 0.0589311
2026-07-02 01:35:39.757 10 WARNING neutron_lib.context [None req-5f39632c-e831-4891-81a8-f18c51fe389e 4b2a813359364a0396e08867bbfea6f6 a44f28ef83f04e43806b6abf743604e6 - - default default] Method 'is_advsvc' is deprecated since 2023.2 release (neutron-lib 3.8.0) and will be removed once support for the old RBAC API policies will be removed from Neutron. Please use method 'is_service_role' instead.
2026-07-02 01:35:39.763 9 INFO neutron.db.ovn_revision_numbers_db [None req-7e0cd27e-2032-4165-90a6-053d7f8f8def 3e01dbd7e1704f9db4666c59b8ae46bc 2c5cb693a75c4cc8bb6350c86fae6bfe - - default default] Successfully bumped revision number for resource 562c1022-545e-4b98-82d3-489a1cce236f (type: ports) to 1 /var/lib/openstack/lib/python3.12/site-packages/pycadf/identifier.py:71: UserWarning: Invalid uuid: neutron. To ensure interoperability, identifiers should be a valid uuid. warnings.warn(('Invalid uuid: %s. To ensure interoperability, '
2026-07-02 01:35:39.879 9 WARNING neutron.scheduler.dhcp_agent_scheduler [None req-7e0cd27e-2032-4165-90a6-053d7f8f8def 3e01dbd7e1704f9db4666c59b8ae46bc 2c5cb693a75c4cc8bb6350c86fae6bfe - - default default] No more DHCP agents
2026-07-02 01:35:39.886 9 INFO neutron.api.wsgi [req-d95893e3-25d0-4d72-8252-42df57e3422e req-d17dc21a-bbc2-4f6d-80bf-a54575312b1d cf7134d6e051449b9f995ab690db73af 96865488369440df96caf7fd5452de6f - - default default] 10.0.0.187 "GET /v2.0/ports?device_id=b4726e9a-8919-4531-b267-b5081b918923 HTTP/1.1" status: 200 len: 1168 time: 0.0493329
2026-07-02 01:35:39.887 9 WARNING neutron.api.rpc.agentnotifiers.dhcp_rpc_agent_api [None req-7e0cd27e-2032-4165-90a6-053d7f8f8def 3e01dbd7e1704f9db4666c59b8ae46bc 2c5cb693a75c4cc8bb6350c86fae6bfe - - default default] Unable to schedule network 8a3aa241-3a80-462b-ae7c-6deddaab586d: no agents available; will retry on subsequent port and subnet creation events.
2026-07-02 01:35:39.926 10 INFO neutron.db.ovn_revision_numbers_db [None req-5f39632c-e831-4891-81a8-f18c51fe389e 4b2a813359364a0396e08867bbfea6f6 a44f28ef83f04e43806b6abf743604e6 - - default default] Successfully bumped revision number for resource aa7b2fa2-16ae-41f9-8154-8d97c9168a31 (type: security_group_rules) to 0
2026-07-02 01:35:39.936 9 INFO neutron.api.wsgi [req-8fad6e9f-560e-4269-a639-04639956a557 req-6c85b4b7-1fb6-45cc-b83b-47c50b47a21d cf7134d6e051449b9f995ab690db73af 96865488369440df96caf7fd5452de6f - - default default] 199.204.45.242 "DELETE /v2.0/ports/77c6a753-c3e9-4d41-9bcd-301750b72774 HTTP/1.1" status: 204 len: 173 time: 0.6676426
2026-07-02 01:35:39.954 9 INFO neutron.api.wsgi [req-d95893e3-25d0-4d72-8252-42df57e3422e req-1371bd4d-3544-4ebd-8bcf-6d843a4c87aa cf7134d6e051449b9f995ab690db73af 96865488369440df96caf7fd5452de6f - - default default] 10.0.0.187 "GET /v2.0/security-groups?id=8705071e-de1f-43dd-acf2-48c4b5d55472&fields=id&fields=name HTTP/1.1" status: 200 len: 313 time: 0.0567315
2026-07-02 01:35:39.957 10 INFO neutron.api.wsgi [None req-5f39632c-e831-4891-81a8-f18c51fe389e 4b2a813359364a0396e08867bbfea6f6 a44f28ef83f04e43806b6abf743604e6 - - default default] 10.0.0.92 "POST /v2.0/security-group-rules HTTP/1.1" status: 201 len: 800 time: 0.2036848
2026-07-02 01:35:39.970 9 INFO neutron.notifiers.nova [-] Nova event matching ['req-39bebb9c-30b5-441e-ba91-d9bd8772e4a0'] response: {'server_uuid': 'b4726e9a-8919-4531-b267-b5081b918923', 'name': 'network-vif-deleted', 'tag': '77c6a753-c3e9-4d41-9bcd-301750b72774', 'status': 'completed', 'code': 200}
2026-07-02 01:35:39.993 10 INFO neutron.api.wsgi [None req-ddb6b026-9fc5-43a0-b8f5-2a64228f054e 4b2a813359364a0396e08867bbfea6f6 a44f28ef83f04e43806b6abf743604e6 - - default default] 10.0.0.92 "GET /v2.0/security-group-rules/aa7b2fa2-16ae-41f9-8154-8d97c9168a31 HTTP/1.1" status: 200 len: 795 time: 0.0289812
2026-07-02 01:35:40.095 9 INFO neutron.api.wsgi [None req-cb7780ca-d368-414f-8e32-51725dff3db1 4b2a813359364a0396e08867bbfea6f6 a44f28ef83f04e43806b6abf743604e6 - - default default] 10.0.0.92 "GET /v2.0/security-group-rules HTTP/1.1" status: 200 len: 4333 time: 0.0966599
2026-07-02 01:35:40.135 10 INFO neutron.db.ovn_revision_numbers_db [None req-6015506b-dcec-4264-90b8-7ae15ad30e10 - - - - - -] Successfully bumped revision number for resource 562c1022-545e-4b98-82d3-489a1cce236f (type: ports) to 2
2026-07-02 01:35:40.197 10 INFO neutron.notifiers.nova [-] Nova event matching ['req-63b246af-303f-474d-8046-3b85e4077859'] response: {'server_uuid': 'b4726e9a-8919-4531-b267-b5081b918923', 'name': 'network-vif-unplugged', 'status': 'completed', 'tag': '77c6a753-c3e9-4d41-9bcd-301750b72774', 'code': 200}
2026-07-02 01:35:40.231 9 INFO neutron.api.wsgi [None req-e3f7374c-2ad9-416e-9be0-c80d934d62dc 4b2a813359364a0396e08867bbfea6f6 a44f28ef83f04e43806b6abf743604e6 - - default default] 10.0.0.92 "DELETE /v2.0/security-group-rules/aa7b2fa2-16ae-41f9-8154-8d97c9168a31 HTTP/1.1" status: 204 len: 168 time: 0.1307847
2026-07-02 01:35:40.284 10 INFO neutron.api.wsgi [None req-325ade25-2d9c-4009-903b-5104852aac71 4b2a813359364a0396e08867bbfea6f6 a44f28ef83f04e43806b6abf743604e6 - - default default] 10.0.0.92 "GET /v2.0/security-group-rules HTTP/1.1" status: 200 len: 3755 time: 0.0466990
2026-07-02 01:35:40.292 10 WARNING neutron_lib.context [None req-3b62382d-2698-497c-97bd-9b69a1c15a11 4b2a813359364a0396e08867bbfea6f6 a44f28ef83f04e43806b6abf743604e6 - - default default] Method 'is_advsvc' is deprecated since 2023.2 release (neutron-lib 3.8.0) and will be removed once support for the old RBAC API policies will be removed from Neutron. Please use method 'is_service_role' instead.
2026-07-02 01:35:40.333 10 INFO neutron.db.securitygroups_db [None req-3b62382d-2698-497c-97bd-9b69a1c15a11 4b2a813359364a0396e08867bbfea6f6 a44f28ef83f04e43806b6abf743604e6 - - default default] Project a44f28ef83f04e43806b6abf743604e6 added a security group rule with legacy IPv6 ICMP protocol name icmp, ipv6-icmp should be used instead. It was automatically converted.
2026-07-02 01:35:40.409 10 INFO neutron.db.ovn_revision_numbers_db [None req-3b62382d-2698-497c-97bd-9b69a1c15a11 4b2a813359364a0396e08867bbfea6f6 a44f28ef83f04e43806b6abf743604e6 - - default default] Successfully bumped revision number for resource 3570f735-d019-40e6-bc84-32fbc7f3fc46 (type: security_group_rules) to 0
2026-07-02 01:35:40.454 10 INFO neutron.api.wsgi [None req-3b62382d-2698-497c-97bd-9b69a1c15a11 4b2a813359364a0396e08867bbfea6f6 a44f28ef83f04e43806b6abf743604e6 - - default default] 10.0.0.92 "POST /v2.0/security-group-rules HTTP/1.1" status: 201 len: 806 time: 0.1647043
2026-07-02 01:35:40.484 10 INFO neutron.api.wsgi [None req-a37146e9-0ad3-467b-a525-b7d7764714fc 4b2a813359364a0396e08867bbfea6f6 a44f28ef83f04e43806b6abf743604e6 - - default default] 10.0.0.92 "GET /v2.0/security-group-rules/3570f735-d019-40e6-bc84-32fbc7f3fc46 HTTP/1.1" status: 200 len: 801 time: 0.0233593
2026-07-02 01:35:40.545 10 INFO neutron.api.wsgi [None req-e2826122-7001-452f-8890-b5adb37429ef 4b2a813359364a0396e08867bbfea6f6 a44f28ef83f04e43806b6abf743604e6 - - default default] 10.0.0.92 "GET /v2.0/security-group-rules HTTP/1.1" status: 200 len: 4339 time: 0.0562999
2026-07-02 01:35:40.571 9 INFO neutron.db.ovn_revision_numbers_db [None req-7e0cd27e-2032-4165-90a6-053d7f8f8def 3e01dbd7e1704f9db4666c59b8ae46bc 2c5cb693a75c4cc8bb6350c86fae6bfe - - default default] Successfully bumped revision number for resource 562c1022-545e-4b98-82d3-489a1cce236f (type: router_ports) to 1
2026-07-02 01:35:40.577 9 INFO neutron.api.wsgi [None req-7e0cd27e-2032-4165-90a6-053d7f8f8def 3e01dbd7e1704f9db4666c59b8ae46bc 2c5cb693a75c4cc8bb6350c86fae6bfe - - default default] 10.0.0.92 "PUT /v2.0/routers/a8ba51fc-69ef-47d5-8e11-3f8975e6bc1d/add_router_interface HTTP/1.1" status: 200 len: 503 time: 2.3884830
2026-07-02 01:35:40.679 10 INFO neutron.api.wsgi [None req-aa0467ef-dc60-49a5-8069-d5124526a72c 4b2a813359364a0396e08867bbfea6f6 a44f28ef83f04e43806b6abf743604e6 - - default default] 10.0.0.92 "DELETE /v2.0/security-group-rules/3570f735-d019-40e6-bc84-32fbc7f3fc46 HTTP/1.1" status: 204 len: 168 time: 0.1280179
2026-07-02 01:35:40.733 10 INFO neutron.api.wsgi [None req-b0e6bcf8-3b33-45d8-a072-177389d535cd 4b2a813359364a0396e08867bbfea6f6 a44f28ef83f04e43806b6abf743604e6 - - default default] 10.0.0.92 "GET /v2.0/security-group-rules HTTP/1.1" status: 200 len: 3755 time: 0.0492537
2026-07-02 01:35:40.836 10 INFO neutron.api.wsgi [None req-150bb435-0a6f-47b8-b818-fcf87a1358c7 4b2a813359364a0396e08867bbfea6f6 a44f28ef83f04e43806b6abf743604e6 - - default default] 10.0.0.92 "DELETE /v2.0/security-groups/38f681fc-6a28-4ade-88c2-a44f09cf16be HTTP/1.1" status: 204 len: 168 time: 0.0972192
2026-07-02 01:35:40.871 10 INFO neutron.api.wsgi [None req-ba1a2fae-919c-4f45-b5d8-5adcffa1bca3 4b2a813359364a0396e08867bbfea6f6 a44f28ef83f04e43806b6abf743604e6 - - default default] 10.0.0.92 "GET /v2.0/security-groups HTTP/1.1" status: 200 len: 3120 time: 0.0297756
2026-07-02 01:35:40.902 10 INFO neutron.api.wsgi [None req-dcb914b1-f49c-473f-b2ec-c5cde7c1ea4e 4b2a813359364a0396e08867bbfea6f6 a44f28ef83f04e43806b6abf743604e6 - - default default] 10.0.0.92 "GET /v2.0/security-groups HTTP/1.1" status: 200 len: 3120 time: 0.0261412
2026-07-02 01:35:41.041 9 INFO neutron.api.wsgi [req-757bacd6-50cf-44bf-9a90-e0397703802a req-000c2902-3852-4ff7-847e-7128e7c94432 cf7134d6e051449b9f995ab690db73af 96865488369440df96caf7fd5452de6f - - default default] 10.0.0.187 "GET /v2.0/ports?device_id=b4726e9a-8919-4531-b267-b5081b918923 HTTP/1.1" status: 200 len: 210 time: 0.0208814
2026-07-02 01:35:41.201 9 WARNING neutron_lib.context [None req-bc44cae3-940d-4293-a993-a2deb2d37891 8c458e04aebd4515ad50c8b3cfe50ab6 dfe2ba0542954bb7b6a77919cbddd0fe - - default default] Method 'is_advsvc' is deprecated since 2023.2 release (neutron-lib 3.8.0) and will be removed once support for the old RBAC API policies will be removed from Neutron. Please use method 'is_service_role' instead.
2026-07-02 01:35:41.312 9 INFO neutron.db.ovn_revision_numbers_db [None req-bc44cae3-940d-4293-a993-a2deb2d37891 8c458e04aebd4515ad50c8b3cfe50ab6 dfe2ba0542954bb7b6a77919cbddd0fe - - default default] Successfully bumped revision number for resource 2db45344-9f06-4f08-ad4d-b5d5de9e0d58 (type: security_groups) to 1
2026-07-02 01:35:41.322 9 INFO neutron.db.ovn_revision_numbers_db [None req-bc44cae3-940d-4293-a993-a2deb2d37891 8c458e04aebd4515ad50c8b3cfe50ab6 dfe2ba0542954bb7b6a77919cbddd0fe - - default default] Successfully bumped revision number for resource 4e966e56-c6a7-4a7f-b222-541a0d320240 (type: security_group_rules) to 0
2026-07-02 01:35:41.335 9 INFO neutron.db.ovn_revision_numbers_db [None req-bc44cae3-940d-4293-a993-a2deb2d37891 8c458e04aebd4515ad50c8b3cfe50ab6 dfe2ba0542954bb7b6a77919cbddd0fe - - default default] Successfully bumped revision number for resource d092c9b0-0435-46c9-a844-5ebdb2a7bade (type: security_group_rules) to 0
2026-07-02 01:35:41.371 9 INFO neutron.api.wsgi [None req-bc44cae3-940d-4293-a993-a2deb2d37891 8c458e04aebd4515ad50c8b3cfe50ab6 dfe2ba0542954bb7b6a77919cbddd0fe - - default default] 10.0.0.92 "POST /v2.0/security-groups HTTP/1.1" status: 201 len: 1859 time: 0.1749580
2026-07-02 01:35:41.385 9 WARNING neutron_lib.context [None req-b811fbca-7aa8-4b57-8c30-6fdb14611b56 8c458e04aebd4515ad50c8b3cfe50ab6 dfe2ba0542954bb7b6a77919cbddd0fe - - default default] Method 'is_advsvc' is deprecated since 2023.2 release (neutron-lib 3.8.0) and will be removed once support for the old RBAC API policies will be removed from Neutron. Please use method 'is_service_role' instead.
2026-07-02 01:35:41.515 9 INFO neutron.db.ovn_revision_numbers_db [None req-b811fbca-7aa8-4b57-8c30-6fdb14611b56 8c458e04aebd4515ad50c8b3cfe50ab6 dfe2ba0542954bb7b6a77919cbddd0fe - - default default] Successfully bumped revision number for resource 550431b2-8def-4afc-a5ce-152e9fa3f23f (type: security_group_rules) to 0
2026-07-02 01:35:41.542 10 INFO neutron.api.wsgi [None req-7c24bfa5-54ee-459b-a5dc-0aa11a883ee6 3e01dbd7e1704f9db4666c59b8ae46bc 2c5cb693a75c4cc8bb6350c86fae6bfe - - default default] 10.0.0.92 "GET /v2.0/security-groups?tenant_id=a44f28ef83f04e43806b6abf743604e6&name=default HTTP/1.1" status: 200 len: 3120 time: 0.1371648
2026-07-02 01:35:41.546 9 INFO neutron.api.wsgi [None req-b811fbca-7aa8-4b57-8c30-6fdb14611b56 8c458e04aebd4515ad50c8b3cfe50ab6 dfe2ba0542954bb7b6a77919cbddd0fe - - default default] 10.0.0.92 "POST /v2.0/security-group-rules HTTP/1.1" status: 201 len: 796 time: 0.1686578
2026-07-02 01:35:41.554 9 WARNING neutron_lib.context [None req-d24a4a5b-b896-4f2f-b5c7-c849939dd76c 8c458e04aebd4515ad50c8b3cfe50ab6 dfe2ba0542954bb7b6a77919cbddd0fe - - default default] Method 'is_advsvc' is deprecated since 2023.2 release (neutron-lib 3.8.0) and will be removed once support for the old RBAC API policies will be removed from Neutron. Please use method 'is_service_role' instead.
2026-07-02 01:35:41.661 9 INFO neutron.db.ovn_revision_numbers_db [None req-d24a4a5b-b896-4f2f-b5c7-c849939dd76c 8c458e04aebd4515ad50c8b3cfe50ab6 dfe2ba0542954bb7b6a77919cbddd0fe - - default default] Successfully bumped revision number for resource 66800dc8-b0dc-4b3f-abd2-130a012513d3 (type: security_group_rules) to 0
2026-07-02 01:35:41.688 9 INFO neutron.api.wsgi [None req-d24a4a5b-b896-4f2f-b5c7-c849939dd76c 8c458e04aebd4515ad50c8b3cfe50ab6 dfe2ba0542954bb7b6a77919cbddd0fe - - default default] 10.0.0.92 "POST /v2.0/security-group-rules HTTP/1.1" status: 201 len: 801 time: 0.1378589
2026-07-02 01:35:41.696 9 WARNING neutron_lib.context [None req-12f8fa84-6ddc-4d7d-bdec-27395ccfc57e 8c458e04aebd4515ad50c8b3cfe50ab6 dfe2ba0542954bb7b6a77919cbddd0fe - - default default] Method 'is_advsvc' is deprecated since 2023.2 release (neutron-lib 3.8.0) and will be removed once support for the old RBAC API policies will be removed from Neutron. Please use method 'is_service_role' instead.
2026-07-02 01:35:41.721 10 INFO neutron.api.wsgi [None req-4c63ee67-9b26-41ba-a802-e92dd96b397a 3e01dbd7e1704f9db4666c59b8ae46bc 2c5cb693a75c4cc8bb6350c86fae6bfe - - default default] 10.0.0.92 "DELETE /v2.0/security-groups/850c91c5-42aa-4b0f-8984-eb38ba85b545 HTTP/1.1" status: 204 len: 168 time: 0.1741672
2026-07-02 01:35:41.909 9 WARNING neutron.scheduler.dhcp_agent_scheduler [None req-12f8fa84-6ddc-4d7d-bdec-27395ccfc57e 8c458e04aebd4515ad50c8b3cfe50ab6 dfe2ba0542954bb7b6a77919cbddd0fe - - default default] No more DHCP agents
2026-07-02 01:35:41.910 9 WARNING neutron.api.rpc.agentnotifiers.dhcp_rpc_agent_api [None req-12f8fa84-6ddc-4d7d-bdec-27395ccfc57e 8c458e04aebd4515ad50c8b3cfe50ab6 dfe2ba0542954bb7b6a77919cbddd0fe - - default default] Unable to schedule network a5a76a20-a48f-4d60-b560-1b9cf6fcba93: no agents available; will retry on subsequent port and subnet creation events.
2026-07-02 01:35:42.130 9 INFO neutron.api.wsgi [req-e90a0dd7-7bab-4121-8ee6-767a7fddbdd3 req-7b5d335b-e41a-4efe-800e-06ebd276cbb4 cf7134d6e051449b9f995ab690db73af 96865488369440df96caf7fd5452de6f - - default default] 10.0.0.187 "GET /v2.0/ports?device_id=b4726e9a-8919-4531-b267-b5081b918923 HTTP/1.1" status: 200 len: 210 time: 0.0176134
2026-07-02 01:35:42.228 9 INFO neutron.api.wsgi [None req-12f8fa84-6ddc-4d7d-bdec-27395ccfc57e 8c458e04aebd4515ad50c8b3cfe50ab6 dfe2ba0542954bb7b6a77919cbddd0fe - - default default] 10.0.0.92 "POST /v2.0/floatingips HTTP/1.1" status: 201 len: 751 time: 0.5348597
2026-07-02 01:35:42.706 9 INFO neutron.api.wsgi [req-66b598b0-1cca-49fb-a2cc-5b5629c0d1de req-f4f1b09e-c68c-4e81-95c7-e14d90414f83 8c458e04aebd4515ad50c8b3cfe50ab6 dfe2ba0542954bb7b6a77919cbddd0fe - - default default] 10.0.0.187 "GET /v2.0/security-groups?name=tempest-securitygroup--365970261&fields=id&tenant_id=dfe2ba0542954bb7b6a77919cbddd0fe HTTP/1.1" status: 200 len: 267 time: 0.0374923
2026-07-02 01:35:42.758 9 INFO neutron.api.wsgi [req-66b598b0-1cca-49fb-a2cc-5b5629c0d1de req-f17d76a2-0b2c-45ba-8f97-9af34df18e79 8c458e04aebd4515ad50c8b3cfe50ab6 dfe2ba0542954bb7b6a77919cbddd0fe - - default default] 10.0.0.187 "GET /v2.0/networks?id=8a3aa241-3a80-462b-ae7c-6deddaab586d HTTP/1.1" status: 200 len: 868 time: 0.0441799
2026-07-02 01:35:42.774 9 INFO neutron.api.wsgi [req-66b598b0-1cca-49fb-a2cc-5b5629c0d1de req-5329c419-a010-4419-bf3f-8e7f939be27b 8c458e04aebd4515ad50c8b3cfe50ab6 dfe2ba0542954bb7b6a77919cbddd0fe - - default default] 10.0.0.187 "GET /v2.0/quotas/dfe2ba0542954bb7b6a77919cbddd0fe HTTP/1.1" status: 200 len: 491 time: 0.0086231
2026-07-02 01:35:42.843 9 INFO neutron.api.wsgi [req-66b598b0-1cca-49fb-a2cc-5b5629c0d1de req-63b87912-9dd2-4e5e-9b2f-424b63e7cd3b 8c458e04aebd4515ad50c8b3cfe50ab6 dfe2ba0542954bb7b6a77919cbddd0fe - - default default] 10.0.0.187 "GET /v2.0/ports?tenant_id=dfe2ba0542954bb7b6a77919cbddd0fe&fields=id HTTP/1.1" status: 200 len: 302 time: 0.0648534
2026-07-02 01:35:42.897 9 INFO neutron.api.wsgi [req-66b598b0-1cca-49fb-a2cc-5b5629c0d1de req-fe7d4d98-d47d-42e8-86b2-4f6433d436ae e87e72b4033848039c84fc7fc2d060cf df8080bc6e534792b9472afd0019c822 - - 8caf2e07147247b9bb941e3edaeeec84 8caf2e07147247b9bb941e3edaeeec84] 10.0.0.187 "GET /v2.0/networks/8a3aa241-3a80-462b-ae7c-6deddaab586d?fields=segments HTTP/1.1" status: 200 len: 212 time: 0.0420427
2026-07-02 01:35:42.932 9 INFO neutron.api.wsgi [req-66b598b0-1cca-49fb-a2cc-5b5629c0d1de req-268971f8-1c59-4723-bd9e-aa8c1351c2b2 e87e72b4033848039c84fc7fc2d060cf df8080bc6e534792b9472afd0019c822 - - 8caf2e07147247b9bb941e3edaeeec84 8caf2e07147247b9bb941e3edaeeec84] 10.0.0.187 "GET /v2.0/networks/8a3aa241-3a80-462b-ae7c-6deddaab586d?fields=provider%3Aphysical_network&fields=provider%3Anetwork_type HTTP/1.1" status: 200 len: 277 time: 0.0292675
2026-07-02 01:35:43.073 9 INFO neutron.api.wsgi [req-58c6b77f-ba08-4328-9bd1-0502d8788e5b req-a7788499-1605-4597-b3a1-297d83d2864d 8c458e04aebd4515ad50c8b3cfe50ab6 dfe2ba0542954bb7b6a77919cbddd0fe - - default default] 10.0.0.187 "GET /v2.0/ports?device_id=e8bbf200-ecf7-4e48-98e1-1304dd4bf926 HTTP/1.1" status: 200 len: 210 time: 0.0186169
2026-07-02 01:35:43.318 10 INFO neutron.api.wsgi [None req-d78c8172-de63-4595-a580-25fd133ef2ce cf7134d6e051449b9f995ab690db73af 96865488369440df96caf7fd5452de6f - - default default] 10.0.0.92 "DELETE /v2.0/security-groups/8705071e-de1f-43dd-acf2-48c4b5d55472 HTTP/1.1" status: 204 len: 168 time: 0.1108601
2026-07-02 01:35:43.331 10 INFO neutron.api.wsgi [-] 10.0.0.92 "GET / HTTP/1.1" status: 200 len: 279 time: 0.0018661
2026-07-02 01:35:43.335 9 INFO neutron.api.v2.resource [None req-f8e033fd-1121-43c9-9f6c-4508db45206a cf7134d6e051449b9f995ab690db73af 96865488369440df96caf7fd5452de6f - - default default] show failed (client error): The resource could not be found.
2026-07-02 01:35:43.336 9 INFO neutron.api.wsgi [None req-f8e033fd-1121-43c9-9f6c-4508db45206a cf7134d6e051449b9f995ab690db73af 96865488369440df96caf7fd5452de6f - - default default] 10.0.0.92 "GET /v2.0/security-groups/8705071e-de1f-43dd-acf2-48c4b5d55472 HTTP/1.1" status: 404 len: 347 time: 0.0123436
2026-07-02 01:35:43.503 10 INFO neutron.api.wsgi [None req-903c5dd6-cc5c-4d39-bdb7-c890055f007d 0c1fe4047b414f05a202eddebac32584 04ba64ba74d1462780e8e35a3a21c6a1 - - default default] 10.0.0.92 "GET /v2.0/ HTTP/1.1" status: 200 len: 826 time: 0.1685741
2026-07-02 01:35:43.644 9 INFO neutron.api.wsgi [None req-181e1e1b-da3b-4570-a18b-8bee64259641 cf7134d6e051449b9f995ab690db73af 96865488369440df96caf7fd5452de6f - - default default] 10.0.0.92 "DELETE /v2.0/floatingips/c76bf174-24cf-4b0b-b00e-93e7698a4ff5 HTTP/1.1" status: 204 len: 168 time: 0.3034942
2026-07-02 01:35:44.153 10 INFO neutron.db.ovn_revision_numbers_db [None req-545ffb9a-75d3-4f91-bc08-0183ad30a5ed 3e01dbd7e1704f9db4666c59b8ae46bc 2c5cb693a75c4cc8bb6350c86fae6bfe - - default default] Successfully bumped revision number for resource 22083290-7482-4066-93e7-76a727477399 (type: security_groups) to 1
2026-07-02 01:35:44.156 9 INFO neutron.api.wsgi [req-00f67202-4be2-4b2f-8959-ef796407ea08 req-ce823db8-1c00-4fee-bd79-a2c08684000f 8c458e04aebd4515ad50c8b3cfe50ab6 dfe2ba0542954bb7b6a77919cbddd0fe - - default default] 10.0.0.187 "GET /v2.0/ports?device_id=e8bbf200-ecf7-4e48-98e1-1304dd4bf926 HTTP/1.1" status: 200 len: 210 time: 0.0207229
2026-07-02 01:35:44.166 10 INFO neutron.db.ovn_revision_numbers_db [None req-545ffb9a-75d3-4f91-bc08-0183ad30a5ed 3e01dbd7e1704f9db4666c59b8ae46bc 2c5cb693a75c4cc8bb6350c86fae6bfe - - default default] Successfully bumped revision number for resource 50ecd08d-ff1b-494d-b8af-efae84b5f4d4 (type: security_group_rules) to 0
2026-07-02 01:35:44.179 10 INFO neutron.db.ovn_revision_numbers_db [None req-545ffb9a-75d3-4f91-bc08-0183ad30a5ed 3e01dbd7e1704f9db4666c59b8ae46bc 2c5cb693a75c4cc8bb6350c86fae6bfe - - default default] Successfully bumped revision number for resource 8119344f-4363-4636-82a9-8173527a41bf (type: security_group_rules) to 0
2026-07-02 01:35:44.192 10 INFO neutron.db.ovn_revision_numbers_db [None req-545ffb9a-75d3-4f91-bc08-0183ad30a5ed 3e01dbd7e1704f9db4666c59b8ae46bc 2c5cb693a75c4cc8bb6350c86fae6bfe - - default default] Successfully bumped revision number for resource 866b99b2-b1d0-4e5b-87d2-bcad415bac54 (type: security_group_rules) to 0
2026-07-02 01:35:44.205 10 INFO neutron.db.ovn_revision_numbers_db [None req-545ffb9a-75d3-4f91-bc08-0183ad30a5ed 3e01dbd7e1704f9db4666c59b8ae46bc 2c5cb693a75c4cc8bb6350c86fae6bfe - - default default] Successfully bumped revision number for resource c03e9933-0f5b-48b0-8679-61cdc223d8e4 (type: security_group_rules) to 0
2026-07-02 01:35:44.240 10 INFO neutron.api.wsgi [None req-545ffb9a-75d3-4f91-bc08-0183ad30a5ed 3e01dbd7e1704f9db4666c59b8ae46bc 2c5cb693a75c4cc8bb6350c86fae6bfe - - default default] 10.0.0.92 "GET /v2.0/security-groups?tenant_id=04ba64ba74d1462780e8e35a3a21c6a1&name=default HTTP/1.1" status: 200 len: 3120 time: 0.2825530
2026-07-02 01:35:44.688 9 INFO neutron.api.wsgi [None req-79c1a3e2-badc-409b-8146-903d180d1684 3e01dbd7e1704f9db4666c59b8ae46bc 2c5cb693a75c4cc8bb6350c86fae6bfe - - default default] 10.0.0.92 "DELETE /v2.0/security-groups/22083290-7482-4066-93e7-76a727477399 HTTP/1.1" status: 204 len: 168 time: 0.4420540
2026-07-02 01:35:44.865 9 INFO neutron.api.wsgi [None req-ff58d172-d5b8-4ead-9290-8f7f7ab445b2 3e01dbd7e1704f9db4666c59b8ae46bc 2c5cb693a75c4cc8bb6350c86fae6bfe - - default default] 10.0.0.92 "PUT /v2.0/routers/b736a255-2dcc-497d-9a34-3dac7b381833/remove_router_interface HTTP/1.1" status: 200 len: 503 time: 1.2165780 /var/lib/openstack/lib/python3.12/site-packages/pycadf/identifier.py:71: UserWarning: Invalid uuid: neutron. To ensure interoperability, identifiers should be a valid uuid. warnings.warn(('Invalid uuid: %s. To ensure interoperability, '
2026-07-02 01:35:45.255 9 INFO neutron.api.wsgi [req-07cd985e-3920-4785-a588-c6df1cf60368 req-a94b342f-635e-49bd-981a-5ba108a49f67 8c458e04aebd4515ad50c8b3cfe50ab6 dfe2ba0542954bb7b6a77919cbddd0fe - - default default] 10.0.0.187 "GET /v2.0/ports?device_id=e8bbf200-ecf7-4e48-98e1-1304dd4bf926 HTTP/1.1" status: 200 len: 210 time: 0.0229177
2026-07-02 01:35:45.355 10 WARNING neutron.plugins.ml2.drivers.ovn.mech_driver.ovsdb.ovn_client [None req-6062b65b-acf2-401d-a1e1-7f8be6d3c746 - - - - - -] No hosting information found for port 562c1022-545e-4b98-82d3-489a1cce236f: RuntimeError: No hosting information found for port 562c1022-545e-4b98-82d3-489a1cce236f
2026-07-02 01:35:45.425 10 INFO neutron.db.ovn_revision_numbers_db [None req-6062b65b-acf2-401d-a1e1-7f8be6d3c746 - - - - - -] Successfully bumped revision number for resource 562c1022-545e-4b98-82d3-489a1cce236f (type: router_ports) to 2
2026-07-02 01:35:45.552 9 INFO neutron.api.wsgi [None req-afcbce56-2a4d-42c9-b2de-e15d8beacc6c 3e01dbd7e1704f9db4666c59b8ae46bc 2c5cb693a75c4cc8bb6350c86fae6bfe - - default default] 10.0.0.92 "DELETE /v2.0/routers/b736a255-2dcc-497d-9a34-3dac7b381833 HTTP/1.1" status: 204 len: 168 time: 0.6808548
2026-07-02 01:35:45.699 9 INFO neutron.api.wsgi [None req-d93019c4-9642-4b2b-89bc-9ee6df922d98 3e01dbd7e1704f9db4666c59b8ae46bc 2c5cb693a75c4cc8bb6350c86fae6bfe - - default default] 10.0.0.92 "DELETE /v2.0/subnets/8a2c3032-052f-46a4-aa6e-2364c3b8bc36 HTTP/1.1" status: 204 len: 168 time: 0.1435971
2026-07-02 01:35:45.975 9 INFO neutron.services.segments.plugin [-] Segment df63d492-5358-44d7-bc8d-d615c481b900 resource provider aggregate not found
2026-07-02 01:35:45.982 9 INFO neutron.services.segments.plugin [-] Segment df63d492-5358-44d7-bc8d-d615c481b900 resource provider aggregate not found
2026-07-02 01:35:46.000 9 INFO neutron.services.segments.plugin [-] Segment df63d492-5358-44d7-bc8d-d615c481b900 resource provider not found; error: Placement Client Error (4xx): {"errors": [{"status": 404, "title": "Not Found", "detail": "The resource could not be found.\n\n No resource provider with uuid df63d492-5358-44d7-bc8d-d615c481b900 found for delete ", "request_id": "req-8b76df17-1622-4be3-acba-147a7cd53fce"}]}
2026-07-02 01:35:46.000 9 INFO neutron.services.segments.plugin [-] Segment df63d492-5358-44d7-bc8d-d615c481b900 resource provider not found; error: Placement Client Error (4xx): {"errors": [{"status": 404, "title": "Not Found", "detail": "The resource could not be found.\n\n No resource provider with uuid df63d492-5358-44d7-bc8d-d615c481b900 found for delete ", "request_id": "req-87636fb3-0897-4286-941a-22da5c2aa7aa"}]}
2026-07-02 01:35:46.012 9 INFO neutron.api.wsgi [None req-82f503ff-2b19-4bf8-82ea-9acff1a493f7 3e01dbd7e1704f9db4666c59b8ae46bc 2c5cb693a75c4cc8bb6350c86fae6bfe - - default default] 10.0.0.92 "DELETE /v2.0/networks/3ee55789-efc9-4160-9805-674d8f65f3ee HTTP/1.1" status: 204 len: 168 time: 0.3076160
2026-07-02 01:35:46.184 9 INFO neutron.api.wsgi [None req-783a4079-cca1-4038-8219-5f4dce19ea60 3e01dbd7e1704f9db4666c59b8ae46bc 2c5cb693a75c4cc8bb6350c86fae6bfe - - default default] 10.0.0.92 "GET /v2.0/security-groups?tenant_id=96865488369440df96caf7fd5452de6f&name=default HTTP/1.1" status: 200 len: 3120 time: 0.0348756
2026-07-02 01:35:46.333 9 INFO neutron.api.wsgi [req-806a0d36-0982-42bf-a45e-b3b4695aa2bd req-be24a589-5fdf-4fc9-8375-0e403c2809c7 8c458e04aebd4515ad50c8b3cfe50ab6 dfe2ba0542954bb7b6a77919cbddd0fe - - default default] 10.0.0.187 "GET /v2.0/ports?device_id=e8bbf200-ecf7-4e48-98e1-1304dd4bf926 HTTP/1.1" status: 200 len: 210 time: 0.0183356
2026-07-02 01:35:46.396 9 INFO neutron.api.wsgi [None req-ae732162-eabd-432f-9537-fac91bb7beea 3e01dbd7e1704f9db4666c59b8ae46bc 2c5cb693a75c4cc8bb6350c86fae6bfe - - default default] 10.0.0.92 "DELETE /v2.0/security-groups/21163a20-a1de-486b-948a-16b16d777bd9 HTTP/1.1" status: 204 len: 168 time: 0.2075291
2026-07-02 01:35:46.706 9 INFO neutron.api.wsgi [req-4b05fa5d-6a95-407b-923b-be0db0b6526a req-35f32560-40c9-4203-b7fe-89f1612956b1 e87e72b4033848039c84fc7fc2d060cf df8080bc6e534792b9472afd0019c822 - - 8caf2e07147247b9bb941e3edaeeec84 8caf2e07147247b9bb941e3edaeeec84] 10.0.0.181 "GET /v2.0/ports?device_id=58ab803b-5095-4d31-b613-cb5569094fa6 HTTP/1.1" status: 200 len: 1413 time: 0.0382850
2026-07-02 01:35:46.753 9 INFO neutron.api.wsgi [req-4b05fa5d-6a95-407b-923b-be0db0b6526a req-4a9a0442-432c-4a73-87c7-83dc5396801c e87e72b4033848039c84fc7fc2d060cf df8080bc6e534792b9472afd0019c822 - - 8caf2e07147247b9bb941e3edaeeec84 8caf2e07147247b9bb941e3edaeeec84] 10.0.0.181 "GET /v2.0/security-groups?id=3b90bdf4-b8dc-44de-bafc-4d30f3fbeab4&fields=id&fields=name HTTP/1.1" status: 200 len: 312 time: 0.0411370
2026-07-02 01:35:47.335 9 INFO neutron.api.wsgi [req-66b598b0-1cca-49fb-a2cc-5b5629c0d1de req-98424136-0978-44ce-bbe8-30d5f3f064bf 8c458e04aebd4515ad50c8b3cfe50ab6 dfe2ba0542954bb7b6a77919cbddd0fe - - default default] 199.204.45.242 "GET /v2.0/networks?id=8a3aa241-3a80-462b-ae7c-6deddaab586d HTTP/1.1" status: 200 len: 868 time: 0.0444930
2026-07-02 01:35:47.376 9 INFO neutron.api.wsgi [req-66b598b0-1cca-49fb-a2cc-5b5629c0d1de req-4540761f-7776-43a4-a933-db96e5fe7f9c 8c458e04aebd4515ad50c8b3cfe50ab6 dfe2ba0542954bb7b6a77919cbddd0fe - - default default] 199.204.45.242 "GET /v2.0/security-groups?fields=id&fields=name&tenant_id=dfe2ba0542954bb7b6a77919cbddd0fe HTTP/1.1" status: 200 len: 379 time: 0.0353405
2026-07-02 01:35:47.385 9 WARNING neutron_lib.context [req-66b598b0-1cca-49fb-a2cc-5b5629c0d1de req-b049c626-76c0-4c46-992b-07bd111b505f 8c458e04aebd4515ad50c8b3cfe50ab6 dfe2ba0542954bb7b6a77919cbddd0fe - - default default] Method 'is_advsvc' is deprecated since 2023.2 release (neutron-lib 3.8.0) and will be removed once support for the old RBAC API policies will be removed from Neutron. Please use method 'is_service_role' instead.
2026-07-02 01:35:47.427 9 INFO neutron.api.wsgi [req-38ad3f3c-1252-4842-9ca8-6d405afa2e64 req-4d9e50d6-2405-4a98-a2b4-f9a18faaade5 8c458e04aebd4515ad50c8b3cfe50ab6 dfe2ba0542954bb7b6a77919cbddd0fe - - default default] 10.0.0.187 "GET /v2.0/ports?device_id=e8bbf200-ecf7-4e48-98e1-1304dd4bf926 HTTP/1.1" status: 200 len: 210 time: 0.0201607
2026-07-02 01:35:47.668 9 WARNING neutron.scheduler.dhcp_agent_scheduler [req-66b598b0-1cca-49fb-a2cc-5b5629c0d1de req-b049c626-76c0-4c46-992b-07bd111b505f 8c458e04aebd4515ad50c8b3cfe50ab6 dfe2ba0542954bb7b6a77919cbddd0fe - - default default] No more DHCP agents
2026-07-02 01:35:47.670 9 WARNING neutron.api.rpc.agentnotifiers.dhcp_rpc_agent_api [req-66b598b0-1cca-49fb-a2cc-5b5629c0d1de req-b049c626-76c0-4c46-992b-07bd111b505f 8c458e04aebd4515ad50c8b3cfe50ab6 dfe2ba0542954bb7b6a77919cbddd0fe - - default default] Unable to schedule network 8a3aa241-3a80-462b-ae7c-6deddaab586d: no agents available; will retry on subsequent port and subnet creation events.
2026-07-02 01:35:47.829 9 INFO neutron.db.ovn_revision_numbers_db [req-66b598b0-1cca-49fb-a2cc-5b5629c0d1de req-b049c626-76c0-4c46-992b-07bd111b505f 8c458e04aebd4515ad50c8b3cfe50ab6 dfe2ba0542954bb7b6a77919cbddd0fe - - default default] Successfully bumped revision number for resource 25cda6bb-a8cb-4102-8706-0f92142b10ec (type: ports) to 1
2026-07-02 01:35:47.850 9 INFO neutron.api.wsgi [req-66b598b0-1cca-49fb-a2cc-5b5629c0d1de req-b049c626-76c0-4c46-992b-07bd111b505f 8c458e04aebd4515ad50c8b3cfe50ab6 dfe2ba0542954bb7b6a77919cbddd0fe - - default default] 199.204.45.242 "POST /v2.0/ports HTTP/1.1" status: 201 len: 1158 time: 0.4684701 /var/lib/openstack/lib/python3.12/site-packages/pycadf/identifier.py:71: UserWarning: Invalid uuid: neutron. To ensure interoperability, identifiers should be a valid uuid. warnings.warn(('Invalid uuid: %s. To ensure interoperability, '
2026-07-02 01:35:48.184 9 INFO neutron.db.ovn_revision_numbers_db [req-66b598b0-1cca-49fb-a2cc-5b5629c0d1de req-bdea6c72-de4b-4fcd-9a92-da07b85cc32c e87e72b4033848039c84fc7fc2d060cf df8080bc6e534792b9472afd0019c822 - - 8caf2e07147247b9bb941e3edaeeec84 8caf2e07147247b9bb941e3edaeeec84] Successfully bumped revision number for resource 25cda6bb-a8cb-4102-8706-0f92142b10ec (type: ports) to 2
2026-07-02 01:35:48.417 9 INFO neutron.db.ovn_revision_numbers_db [req-66b598b0-1cca-49fb-a2cc-5b5629c0d1de req-bdea6c72-de4b-4fcd-9a92-da07b85cc32c e87e72b4033848039c84fc7fc2d060cf df8080bc6e534792b9472afd0019c822 - - 8caf2e07147247b9bb941e3edaeeec84 8caf2e07147247b9bb941e3edaeeec84] Successfully bumped revision number for resource 25cda6bb-a8cb-4102-8706-0f92142b10ec (type: ports) to 4
2026-07-02 01:35:48.441 9 INFO neutron.api.wsgi [req-66b598b0-1cca-49fb-a2cc-5b5629c0d1de req-bdea6c72-de4b-4fcd-9a92-da07b85cc32c e87e72b4033848039c84fc7fc2d060cf df8080bc6e534792b9472afd0019c822 - - 8caf2e07147247b9bb941e3edaeeec84 8caf2e07147247b9bb941e3edaeeec84] 199.204.45.242 "PUT /v2.0/ports/25cda6bb-a8cb-4102-8706-0f92142b10ec HTTP/1.1" status: 200 len: 1404 time: 0.5846364
2026-07-02 01:35:48.471 9 INFO neutron.notifiers.nova [-] Nova event matching ['req-a99db519-9012-44e6-af6a-8b9c52f23a58'] response: {'name': 'network-changed', 'server_uuid': 'e8bbf200-ecf7-4e48-98e1-1304dd4bf926', 'tag': '25cda6bb-a8cb-4102-8706-0f92142b10ec', 'status': 'completed', 'code': 200} /var/lib/openstack/lib/python3.12/site-packages/pycadf/identifier.py:71: UserWarning: Invalid uuid: neutron. To ensure interoperability, identifiers should be a valid uuid. warnings.warn(('Invalid uuid: %s. To ensure interoperability, '
2026-07-02 01:35:48.599 9 INFO neutron.api.wsgi [req-7a8628e6-d838-4490-abd8-639ca1b76e95 req-abb399bc-fd55-4ab8-9e97-844db189c723 8c458e04aebd4515ad50c8b3cfe50ab6 dfe2ba0542954bb7b6a77919cbddd0fe - - default default] 10.0.0.187 "GET /v2.0/ports?device_id=e8bbf200-ecf7-4e48-98e1-1304dd4bf926 HTTP/1.1" status: 200 len: 1168 time: 0.0891168
2026-07-02 01:35:48.657 9 INFO neutron.api.wsgi [req-7a8628e6-d838-4490-abd8-639ca1b76e95 req-290df0f8-8e4e-4dd0-8cb8-3c1d10217987 8c458e04aebd4515ad50c8b3cfe50ab6 dfe2ba0542954bb7b6a77919cbddd0fe - - default default] 10.0.0.187 "GET /v2.0/security-groups?id=2db45344-9f06-4f08-ad4d-b5d5de9e0d58&fields=id&fields=name HTTP/1.1" status: 200 len: 312 time: 0.0503106
2026-07-02 01:35:48.715 9 INFO neutron.db.ovn_revision_numbers_db [None req-3f283c11-1b4c-4026-8fa3-789f15253b9b 3e01dbd7e1704f9db4666c59b8ae46bc 2c5cb693a75c4cc8bb6350c86fae6bfe - - default default] Successfully bumped revision number for resource 81c01c0e-39cc-42a9-be7c-63440277bcaf (type: security_groups) to 1
2026-07-02 01:35:48.728 9 INFO neutron.db.ovn_revision_numbers_db [None req-3f283c11-1b4c-4026-8fa3-789f15253b9b 3e01dbd7e1704f9db4666c59b8ae46bc 2c5cb693a75c4cc8bb6350c86fae6bfe - - default default] Successfully bumped revision number for resource 1923cfad-a56b-4e10-973c-7bff4a6feb62 (type: security_group_rules) to 0
2026-07-02 01:35:48.738 9 INFO neutron.db.ovn_revision_numbers_db [None req-3f283c11-1b4c-4026-8fa3-789f15253b9b 3e01dbd7e1704f9db4666c59b8ae46bc 2c5cb693a75c4cc8bb6350c86fae6bfe - - default default] Successfully bumped revision number for resource 36959efd-3c09-47fe-9dcd-192e3ce6b81d (type: security_group_rules) to 0
2026-07-02 01:35:48.759 9 INFO neutron.db.ovn_revision_numbers_db [None req-3f283c11-1b4c-4026-8fa3-789f15253b9b 3e01dbd7e1704f9db4666c59b8ae46bc 2c5cb693a75c4cc8bb6350c86fae6bfe - - default default] Successfully bumped revision number for resource ad2fd441-c78b-49b8-b222-5e6c168b633f (type: security_group_rules) to 0
2026-07-02 01:35:48.775 9 INFO neutron.db.ovn_revision_numbers_db [None req-3f283c11-1b4c-4026-8fa3-789f15253b9b 3e01dbd7e1704f9db4666c59b8ae46bc 2c5cb693a75c4cc8bb6350c86fae6bfe - - default default] Successfully bumped revision number for resource fbe92d36-03f2-4640-8c34-cf794fd52ce6 (type: security_group_rules) to 0
2026-07-02 01:35:48.809 9 INFO neutron.api.wsgi [None req-3f283c11-1b4c-4026-8fa3-789f15253b9b 3e01dbd7e1704f9db4666c59b8ae46bc 2c5cb693a75c4cc8bb6350c86fae6bfe - - default default] 10.0.0.92 "GET /v2.0/security-groups?tenant_id=8a2dc4d47efe48eb9cdac5bbf14d875f&name=default HTTP/1.1" status: 200 len: 3120 time: 0.4040878
2026-07-02 01:35:49.010 9 INFO neutron.api.wsgi [req-fa802e77-d400-49b4-aea0-db885689e8c1 req-f5b1571d-6fc9-45e6-a457-7efea4e2753b e87e72b4033848039c84fc7fc2d060cf df8080bc6e534792b9472afd0019c822 - - 8caf2e07147247b9bb941e3edaeeec84 8caf2e07147247b9bb941e3edaeeec84] 199.204.45.242 "GET /v2.0/ports?tenant_id=dfe2ba0542954bb7b6a77919cbddd0fe&device_id=e8bbf200-ecf7-4e48-98e1-1304dd4bf926 HTTP/1.1" status: 200 len: 1407 time: 0.0303917
2026-07-02 01:35:49.053 9 INFO neutron.api.wsgi [None req-5725af23-79af-4bfc-b1f5-1fea08f159e0 3e01dbd7e1704f9db4666c59b8ae46bc 2c5cb693a75c4cc8bb6350c86fae6bfe - - default default] 10.0.0.92 "DELETE /v2.0/security-groups/81c01c0e-39cc-42a9-be7c-63440277bcaf HTTP/1.1" status: 204 len: 168 time: 0.2395256
2026-07-02 01:35:49.065 9 INFO neutron.api.wsgi [req-fa802e77-d400-49b4-aea0-db885689e8c1 req-3e57ac90-fc1c-427a-9153-e53584c338c3 e87e72b4033848039c84fc7fc2d060cf df8080bc6e534792b9472afd0019c822 - - 8caf2e07147247b9bb941e3edaeeec84 8caf2e07147247b9bb941e3edaeeec84] 199.204.45.242 "GET /v2.0/networks?tenant_id=dfe2ba0542954bb7b6a77919cbddd0fe&shared=False HTTP/1.1" status: 200 len: 967 time: 0.0497322
2026-07-02 01:35:49.104 9 INFO neutron.api.wsgi [req-fa802e77-d400-49b4-aea0-db885689e8c1 req-50d6489c-bc22-4570-b16c-da0e2b61458f e87e72b4033848039c84fc7fc2d060cf df8080bc6e534792b9472afd0019c822 - - 8caf2e07147247b9bb941e3edaeeec84 8caf2e07147247b9bb941e3edaeeec84] 199.204.45.242 "GET /v2.0/networks?shared=True HTTP/1.1" status: 200 len: 952 time: 0.0356371
2026-07-02 01:35:49.750 9 INFO neutron.api.wsgi [req-9267308a-e89f-40e5-8a19-d7d98c3eba39 req-0203765d-3e41-4f68-8e91-113f1994c0d4 8c458e04aebd4515ad50c8b3cfe50ab6 dfe2ba0542954bb7b6a77919cbddd0fe - - default default] 10.0.0.187 "GET /v2.0/ports?device_id=e8bbf200-ecf7-4e48-98e1-1304dd4bf926 HTTP/1.1" status: 200 len: 1168 time: 0.0390301
2026-07-02 01:35:49.783 9 INFO neutron.api.wsgi [req-9267308a-e89f-40e5-8a19-d7d98c3eba39 req-165ae8bb-2cad-41cd-84e6-6953a417a219 8c458e04aebd4515ad50c8b3cfe50ab6 dfe2ba0542954bb7b6a77919cbddd0fe - - default default] 10.0.0.187 "GET /v2.0/security-groups?id=2db45344-9f06-4f08-ad4d-b5d5de9e0d58&fields=id&fields=name HTTP/1.1" status: 200 len: 312 time: 0.0277297
2026-07-02 01:35:50.155 9 INFO neutron.api.wsgi [req-66b598b0-1cca-49fb-a2cc-5b5629c0d1de req-66e01f5d-1e67-4003-b659-3487a2ce247d e87e72b4033848039c84fc7fc2d060cf df8080bc6e534792b9472afd0019c822 - - 8caf2e07147247b9bb941e3edaeeec84 8caf2e07147247b9bb941e3edaeeec84] 199.204.45.242 "GET /v2.0/ports?tenant_id=dfe2ba0542954bb7b6a77919cbddd0fe&device_id=e8bbf200-ecf7-4e48-98e1-1304dd4bf926 HTTP/1.1" status: 200 len: 1407 time: 0.0344627
2026-07-02 01:35:50.177 9 INFO neutron.api.wsgi [req-66b598b0-1cca-49fb-a2cc-5b5629c0d1de req-df04f87d-e684-4c09-9cd8-c7c94150eee3 e87e72b4033848039c84fc7fc2d060cf df8080bc6e534792b9472afd0019c822 - - 8caf2e07147247b9bb941e3edaeeec84 8caf2e07147247b9bb941e3edaeeec84] 199.204.45.242 "GET /v2.0/floatingips?fixed_ip_address=10.100.0.6&port_id=25cda6bb-a8cb-4102-8706-0f92142b10ec HTTP/1.1" status: 200 len: 217 time: 0.0169427
2026-07-02 01:35:50.201 9 INFO neutron.api.wsgi [req-66b598b0-1cca-49fb-a2cc-5b5629c0d1de req-cb34766b-6b0f-4552-affa-557762398924 e87e72b4033848039c84fc7fc2d060cf df8080bc6e534792b9472afd0019c822 - - 8caf2e07147247b9bb941e3edaeeec84 8caf2e07147247b9bb941e3edaeeec84] 199.204.45.242 "GET /v2.0/subnets?id=b86fe744-9caf-47b3-8201-5f57e5717646 HTTP/1.1" status: 200 len: 886 time: 0.0206769
2026-07-02 01:35:50.226 9 INFO neutron.api.wsgi [req-66b598b0-1cca-49fb-a2cc-5b5629c0d1de req-fc744aa9-c33f-45af-a00b-fd502ba19b02 e87e72b4033848039c84fc7fc2d060cf df8080bc6e534792b9472afd0019c822 - - 8caf2e07147247b9bb941e3edaeeec84 8caf2e07147247b9bb941e3edaeeec84] 199.204.45.242 "GET /v2.0/ports?network_id=8a3aa241-3a80-462b-ae7c-6deddaab586d&device_owner=network%3Adhcp HTTP/1.1" status: 200 len: 210 time: 0.0160599
2026-07-02 01:35:50.273 9 INFO neutron.api.wsgi [req-66b598b0-1cca-49fb-a2cc-5b5629c0d1de req-07ce051d-8570-41a2-93fa-d2561dc32d3c e87e72b4033848039c84fc7fc2d060cf df8080bc6e534792b9472afd0019c822 - - 8caf2e07147247b9bb941e3edaeeec84 8caf2e07147247b9bb941e3edaeeec84] 199.204.45.242 "GET /v2.0/networks/8a3aa241-3a80-462b-ae7c-6deddaab586d?fields=segments HTTP/1.1" status: 200 len: 212 time: 0.0412781
2026-07-02 01:35:50.317 9 INFO neutron.api.wsgi [req-66b598b0-1cca-49fb-a2cc-5b5629c0d1de req-9718cd9e-7b93-4fd8-a14f-72fc6692ad63 e87e72b4033848039c84fc7fc2d060cf df8080bc6e534792b9472afd0019c822 - - 8caf2e07147247b9bb941e3edaeeec84 8caf2e07147247b9bb941e3edaeeec84] 199.204.45.242 "GET /v2.0/networks/8a3aa241-3a80-462b-ae7c-6deddaab586d?fields=provider%3Aphysical_network&fields=provider%3Anetwork_type HTTP/1.1" status: 200 len: 277 time: 0.0395010
2026-07-02 01:35:50.881 9 INFO neutron.api.wsgi [req-701fa6eb-a9ca-4a24-a1b8-16813d88752c req-b7978d15-4811-46ba-95d9-fbabf90c70c1 8c458e04aebd4515ad50c8b3cfe50ab6 dfe2ba0542954bb7b6a77919cbddd0fe - - default default] 10.0.0.187 "GET /v2.0/ports?device_id=e8bbf200-ecf7-4e48-98e1-1304dd4bf926 HTTP/1.1" status: 200 len: 1168 time: 0.0384169
2026-07-02 01:35:50.918 9 INFO neutron.api.wsgi [req-701fa6eb-a9ca-4a24-a1b8-16813d88752c req-b7a28128-265c-4d97-8b47-170a4edb8907 8c458e04aebd4515ad50c8b3cfe50ab6 dfe2ba0542954bb7b6a77919cbddd0fe - - default default] 10.0.0.187 "GET /v2.0/security-groups?id=2db45344-9f06-4f08-ad4d-b5d5de9e0d58&fields=id&fields=name HTTP/1.1" status: 200 len: 312 time: 0.0311520
2026-07-02 01:35:51.054 10 INFO neutron.db.ovn_revision_numbers_db [None req-4566173c-0c51-404b-a3ec-cbf72402a297 3e01dbd7e1704f9db4666c59b8ae46bc 2c5cb693a75c4cc8bb6350c86fae6bfe - - default default] Successfully bumped revision number for resource 263688f0-ca4e-48af-8b6d-783d9dda43ce (type: security_groups) to 1
2026-07-02 01:35:51.065 10 INFO neutron.db.ovn_revision_numbers_db [None req-4566173c-0c51-404b-a3ec-cbf72402a297 3e01dbd7e1704f9db4666c59b8ae46bc 2c5cb693a75c4cc8bb6350c86fae6bfe - - default default] Successfully bumped revision number for resource 0dda07c5-ade3-46d9-ba15-e0e0aa66b3ff (type: security_group_rules) to 0
2026-07-02 01:35:51.079 10 INFO neutron.db.ovn_revision_numbers_db [None req-4566173c-0c51-404b-a3ec-cbf72402a297 3e01dbd7e1704f9db4666c59b8ae46bc 2c5cb693a75c4cc8bb6350c86fae6bfe - - default default] Successfully bumped revision number for resource 1152b0b1-a29d-46bd-a241-ca13efbfb9e6 (type: security_group_rules) to 0
2026-07-02 01:35:51.095 10 INFO neutron.db.ovn_revision_numbers_db [None req-4566173c-0c51-404b-a3ec-cbf72402a297 3e01dbd7e1704f9db4666c59b8ae46bc 2c5cb693a75c4cc8bb6350c86fae6bfe - - default default] Successfully bumped revision number for resource 14f5cc72-6e04-4c15-84ba-d6935f570e2b (type: security_group_rules) to 0
2026-07-02 01:35:51.107 10 INFO neutron.db.ovn_revision_numbers_db [None req-4566173c-0c51-404b-a3ec-cbf72402a297 3e01dbd7e1704f9db4666c59b8ae46bc 2c5cb693a75c4cc8bb6350c86fae6bfe - - default default] Successfully bumped revision number for resource b1e95976-926d-4de8-a1c0-e86aae39fb9c (type: security_group_rules) to 0
2026-07-02 01:35:51.142 10 INFO neutron.api.wsgi [None req-4566173c-0c51-404b-a3ec-cbf72402a297 3e01dbd7e1704f9db4666c59b8ae46bc 2c5cb693a75c4cc8bb6350c86fae6bfe - - default default] 10.0.0.92 "GET /v2.0/security-groups?tenant_id=3013428bc090483aa733de06561f192f&name=default HTTP/1.1" status: 200 len: 3120 time: 0.2969434
2026-07-02 01:35:51.322 9 INFO neutron.api.wsgi [req-7ce975b1-5114-4914-921c-10dbf3beb7cd req-a1b8854c-6870-4c75-ad9b-c8f80dd564a2 1ea5077b914f41d9b88298a9539444c3 277cefd55d974879bcef3ae326eccc90 - - default default] 10.0.0.187 "GET /v2.0/ports?device_id=58ab803b-5095-4d31-b613-cb5569094fa6 HTTP/1.1" status: 200 len: 1174 time: 0.0852132
2026-07-02 01:35:51.359 9 INFO neutron.api.wsgi [req-7ce975b1-5114-4914-921c-10dbf3beb7cd req-8de49abb-950f-467b-aa39-a03415ad65aa 1ea5077b914f41d9b88298a9539444c3 277cefd55d974879bcef3ae326eccc90 - - default default] 10.0.0.187 "GET /v2.0/security-groups?id=3b90bdf4-b8dc-44de-bafc-4d30f3fbeab4&fields=id&fields=name HTTP/1.1" status: 200 len: 312 time: 0.0331178
2026-07-02 01:35:51.366 10 INFO neutron.api.wsgi [None req-14c6bffa-9126-4f6f-8e46-91145876f26a 3e01dbd7e1704f9db4666c59b8ae46bc 2c5cb693a75c4cc8bb6350c86fae6bfe - - default default] 10.0.0.92 "DELETE /v2.0/security-groups/263688f0-ca4e-48af-8b6d-783d9dda43ce HTTP/1.1" status: 204 len: 168 time: 0.2176211
2026-07-02 01:35:51.570 9 INFO neutron.api.wsgi [req-00ec5fc6-06bf-4d5c-a04b-8d1dfb9a8df8 req-6a29bfed-f2e9-45a2-89fe-4fe89763a26f 1ea5077b914f41d9b88298a9539444c3 277cefd55d974879bcef3ae326eccc90 - - default default] 10.0.0.187 "GET /v2.0/ports?device_id=58ab803b-5095-4d31-b613-cb5569094fa6 HTTP/1.1" status: 200 len: 1174 time: 0.0307984
2026-07-02 01:35:51.609 9 INFO neutron.api.wsgi [req-00ec5fc6-06bf-4d5c-a04b-8d1dfb9a8df8 req-cdf8ac79-6189-4b08-8b4d-273bd40591d3 1ea5077b914f41d9b88298a9539444c3 277cefd55d974879bcef3ae326eccc90 - - default default] 10.0.0.187 "GET /v2.0/security-groups?id=3b90bdf4-b8dc-44de-bafc-4d30f3fbeab4&fields=id&fields=name HTTP/1.1" status: 200 len: 312 time: 0.0322385
2026-07-02 01:35:51.626 10 INFO neutron.db.ovn_revision_numbers_db [None req-9c09cdf0-d624-4da5-8f97-b8c716eedf94 3e01dbd7e1704f9db4666c59b8ae46bc 2c5cb693a75c4cc8bb6350c86fae6bfe - - default default] Successfully bumped revision number for resource ca2c6e43-660a-46e4-b397-e866ccf60441 (type: security_groups) to 1
2026-07-02 01:35:51.640 10 INFO neutron.db.ovn_revision_numbers_db [None req-9c09cdf0-d624-4da5-8f97-b8c716eedf94 3e01dbd7e1704f9db4666c59b8ae46bc 2c5cb693a75c4cc8bb6350c86fae6bfe - - default default] Successfully bumped revision number for resource 21e5a1a1-66aa-4bad-afb2-d1a61319a723 (type: security_group_rules) to 0
2026-07-02 01:35:51.655 10 INFO neutron.db.ovn_revision_numbers_db [None req-9c09cdf0-d624-4da5-8f97-b8c716eedf94 3e01dbd7e1704f9db4666c59b8ae46bc 2c5cb693a75c4cc8bb6350c86fae6bfe - - default default] Successfully bumped revision number for resource 82c7f292-3bf8-4a0f-bed5-01d318c558e5 (type: security_group_rules) to 0
2026-07-02 01:35:51.671 10 INFO neutron.db.ovn_revision_numbers_db [None req-9c09cdf0-d624-4da5-8f97-b8c716eedf94 3e01dbd7e1704f9db4666c59b8ae46bc 2c5cb693a75c4cc8bb6350c86fae6bfe - - default default] Successfully bumped revision number for resource 953a376d-a44c-4584-808f-8c3944b5c7f2 (type: security_group_rules) to 0
2026-07-02 01:35:51.684 10 INFO neutron.db.ovn_revision_numbers_db [None req-9c09cdf0-d624-4da5-8f97-b8c716eedf94 3e01dbd7e1704f9db4666c59b8ae46bc 2c5cb693a75c4cc8bb6350c86fae6bfe - - default default] Successfully bumped revision number for resource e5d3d0e9-ab85-4aef-99bd-4ddf3606201f (type: security_group_rules) to 0
2026-07-02 01:35:51.723 10 INFO neutron.api.wsgi [None req-9c09cdf0-d624-4da5-8f97-b8c716eedf94 3e01dbd7e1704f9db4666c59b8ae46bc 2c5cb693a75c4cc8bb6350c86fae6bfe - - default default] 10.0.0.92 "GET /v2.0/security-groups?tenant_id=97758da80ed74d51822b2ffc17d29312&name=default HTTP/1.1" status: 200 len: 3120 time: 0.2385383
2026-07-02 01:35:51.918 10 INFO neutron.api.wsgi [None req-747d1518-b782-451a-a23e-efa949ad84af 3e01dbd7e1704f9db4666c59b8ae46bc 2c5cb693a75c4cc8bb6350c86fae6bfe - - default default] 10.0.0.92 "DELETE /v2.0/security-groups/ca2c6e43-660a-46e4-b397-e866ccf60441 HTTP/1.1" status: 204 len: 168 time: 0.1882083
2026-07-02 01:35:52.013 9 INFO neutron.api.wsgi [req-b7617937-d159-48d3-b4d8-bb7ffc0eceba req-4e112ad4-99a8-40ce-83aa-e47363a0997e 8c458e04aebd4515ad50c8b3cfe50ab6 dfe2ba0542954bb7b6a77919cbddd0fe - - default default] 10.0.0.187 "GET /v2.0/ports?device_id=e8bbf200-ecf7-4e48-98e1-1304dd4bf926 HTTP/1.1" status: 200 len: 1168 time: 0.0349176
2026-07-02 01:35:52.060 9 INFO neutron.api.wsgi [req-b7617937-d159-48d3-b4d8-bb7ffc0eceba req-e906f5f7-ce11-4a62-bed8-6305ea590ff7 8c458e04aebd4515ad50c8b3cfe50ab6 dfe2ba0542954bb7b6a77919cbddd0fe - - default default] 10.0.0.187 "GET /v2.0/security-groups?id=2db45344-9f06-4f08-ad4d-b5d5de9e0d58&fields=id&fields=name HTTP/1.1" status: 200 len: 312 time: 0.0323400
2026-07-02 01:35:52.118 10 INFO neutron.plugins.ml2.drivers.ovn.mech_driver.mech_driver [None req-6062b65b-acf2-401d-a1e1-7f8be6d3c746 - - - - - -] OVN reports status down for port: 7078a8b5-d616-4a58-b152-a3ffa96f2a07
2026-07-02 01:35:52.229 10 INFO neutron.notifiers.nova [-] Nova event matching ['req-a7e40eda-3085-45d8-b017-a293e72d000f'] response: {'server_uuid': '58ab803b-5095-4d31-b613-cb5569094fa6', 'name': 'network-vif-unplugged', 'status': 'completed', 'tag': '7078a8b5-d616-4a58-b152-a3ffa96f2a07', 'code': 200}
