2026-07-02 01:41:01.495 10 INFO neutron.api.wsgi [req-7588aa71-de99-4314-8417-0b44c282ffd6 req-2cb95727-0293-4c83-af0a-15eb43b2b9f5 3e01dbd7e1704f9db4666c59b8ae46bc 2c5cb693a75c4cc8bb6350c86fae6bfe - - default default] 199.204.45.242 "GET /v2.0/networks?id=4cd0f58c-2053-4a13-ae0f-95f592016595 HTTP/1.1" status: 200 len: 1002 time: 0.0505707
2026-07-02 01:41:01.794 10 WARNING neutron.scheduler.dhcp_agent_scheduler [req-7588aa71-de99-4314-8417-0b44c282ffd6 req-1a799def-92eb-4331-83da-5ccc44e6cda3 3e01dbd7e1704f9db4666c59b8ae46bc 2c5cb693a75c4cc8bb6350c86fae6bfe - - default default] No more DHCP agents
2026-07-02 01:41:01.795 10 WARNING neutron.api.rpc.agentnotifiers.dhcp_rpc_agent_api [req-7588aa71-de99-4314-8417-0b44c282ffd6 req-1a799def-92eb-4331-83da-5ccc44e6cda3 3e01dbd7e1704f9db4666c59b8ae46bc 2c5cb693a75c4cc8bb6350c86fae6bfe - - default default] Unable to schedule network 4cd0f58c-2053-4a13-ae0f-95f592016595: no agents available; will retry on subsequent port and subnet creation events.
2026-07-02 01:41:01.971 10 INFO neutron.db.ovn_revision_numbers_db [req-7588aa71-de99-4314-8417-0b44c282ffd6 req-1a799def-92eb-4331-83da-5ccc44e6cda3 3e01dbd7e1704f9db4666c59b8ae46bc 2c5cb693a75c4cc8bb6350c86fae6bfe - - default default] Successfully bumped revision number for resource 50b1d084-b0be-4e9d-b598-51603bc0e8e8 (type: ports) to 1
2026-07-02 01:41:01.994 10 INFO neutron.api.wsgi [req-7588aa71-de99-4314-8417-0b44c282ffd6 req-1a799def-92eb-4331-83da-5ccc44e6cda3 3e01dbd7e1704f9db4666c59b8ae46bc 2c5cb693a75c4cc8bb6350c86fae6bfe - - default default] 199.204.45.242 "POST /v2.0/ports HTTP/1.1" status: 201 len: 1508 time: 0.4947529 /var/lib/openstack/lib/python3.12/site-packages/pycadf/identifier.py:71: UserWarning: Invalid uuid: neutron. To ensure interoperability, identifiers should be a valid uuid. warnings.warn(('Invalid uuid: %s. To ensure interoperability, '
2026-07-02 01:41:02.358 10 INFO neutron.db.ovn_revision_numbers_db [req-7588aa71-de99-4314-8417-0b44c282ffd6 req-3ce26ace-8dec-4e3e-9f57-ec807d3fd978 e87e72b4033848039c84fc7fc2d060cf df8080bc6e534792b9472afd0019c822 - - 8caf2e07147247b9bb941e3edaeeec84 8caf2e07147247b9bb941e3edaeeec84] Successfully bumped revision number for resource 50b1d084-b0be-4e9d-b598-51603bc0e8e8 (type: ports) to 2
2026-07-02 01:41:02.374 9 INFO neutron.api.wsgi [None req-eb24f4ea-c884-406a-b690-af3306472ee2 3e01dbd7e1704f9db4666c59b8ae46bc 2c5cb693a75c4cc8bb6350c86fae6bfe - - default default] 10.0.0.54 "GET /v2.0/floatingips HTTP/1.1" status: 200 len: 2764 time: 0.0817862
2026-07-02 01:41:02.437 9 INFO neutron.api.wsgi [None req-8c72e351-83ca-4d4c-8f22-c1b01170b597 3e01dbd7e1704f9db4666c59b8ae46bc 2c5cb693a75c4cc8bb6350c86fae6bfe - - default default] 10.0.0.54 "GET /v2.0/security-groups HTTP/1.1" status: 200 len: 31660 time: 0.0611718
2026-07-02 01:41:02.546 9 INFO neutron.api.wsgi [None req-27c3a251-a37c-45d2-bfa4-10149f41ecda 3e01dbd7e1704f9db4666c59b8ae46bc 2c5cb693a75c4cc8bb6350c86fae6bfe - - default default] 10.0.0.54 "GET /v2.0/ports HTTP/1.1" status: 200 len: 23537 time: 0.0925000
2026-07-02 01:41:02.574 9 INFO neutron.api.wsgi [None req-4136ff01-32dd-4a79-920a-11a5ca26435f 3e01dbd7e1704f9db4666c59b8ae46bc 2c5cb693a75c4cc8bb6350c86fae6bfe - - default default] 10.0.0.54 "GET /v2.0/agents HTTP/1.1" status: 200 len: 1390 time: 0.0145049
2026-07-02 01:41:02.632 9 INFO neutron.api.wsgi [None req-ecf9aa04-f9f0-4d50-a4a0-bfab938b59fc 3e01dbd7e1704f9db4666c59b8ae46bc 2c5cb693a75c4cc8bb6350c86fae6bfe - - default default] 10.0.0.54 "GET /v2.0/networks HTTP/1.1" status: 200 len: 4719 time: 0.0574665
2026-07-02 01:41:02.664 10 INFO neutron.db.ovn_revision_numbers_db [req-7588aa71-de99-4314-8417-0b44c282ffd6 req-3ce26ace-8dec-4e3e-9f57-ec807d3fd978 e87e72b4033848039c84fc7fc2d060cf df8080bc6e534792b9472afd0019c822 - - 8caf2e07147247b9bb941e3edaeeec84 8caf2e07147247b9bb941e3edaeeec84] Successfully bumped revision number for resource 50b1d084-b0be-4e9d-b598-51603bc0e8e8 (type: ports) to 4
2026-07-02 01:41:02.688 10 INFO neutron.api.wsgi [req-7588aa71-de99-4314-8417-0b44c282ffd6 req-3ce26ace-8dec-4e3e-9f57-ec807d3fd978 e87e72b4033848039c84fc7fc2d060cf df8080bc6e534792b9472afd0019c822 - - 8caf2e07147247b9bb941e3edaeeec84 8caf2e07147247b9bb941e3edaeeec84] 199.204.45.242 "PUT /v2.0/ports/50b1d084-b0be-4e9d-b598-51603bc0e8e8 HTTP/1.1" status: 200 len: 1633 time: 0.6882465
2026-07-02 01:41:02.726 9 INFO neutron.api.wsgi [None req-a609365e-0bf6-4aa0-8563-5963873a4db7 3e01dbd7e1704f9db4666c59b8ae46bc 2c5cb693a75c4cc8bb6350c86fae6bfe - - default default] 10.0.0.54 "GET /v2.0/routers HTTP/1.1" status: 200 len: 1141 time: 0.0874724
2026-07-02 01:41:02.736 9 INFO neutron.api.wsgi [None req-fd2b74a3-7da5-4edd-91ba-9a2bc1266d00 3e01dbd7e1704f9db4666c59b8ae46bc 2c5cb693a75c4cc8bb6350c86fae6bfe - - default default] 10.0.0.54 "GET /v2.0/agents?binary=ovn-controller HTTP/1.1" status: 200 len: 591 time: 0.0089478
2026-07-02 01:41:02.739 10 INFO neutron.notifiers.nova [-] Nova event matching ['req-1213ee7c-e3d4-43dd-8e0e-cf4001fc45c9'] response: {'name': 'network-changed', 'server_uuid': 'e33aa83b-8531-4831-aefe-6c3deb2a408a', 'tag': '50b1d084-b0be-4e9d-b598-51603bc0e8e8', 'status': 'completed', 'code': 200}
2026-07-02 01:41:02.750 9 INFO neutron.api.wsgi [None req-c0071593-8a05-4075-9da5-7678b7d92180 3e01dbd7e1704f9db4666c59b8ae46bc 2c5cb693a75c4cc8bb6350c86fae6bfe - - default default] 10.0.0.54 "GET /v2.0/network-ip-availabilities HTTP/1.1" status: 200 len: 3361 time: 0.0128722
2026-07-02 01:41:02.805 9 INFO neutron.api.wsgi [None req-66fe5d3d-a904-4cb3-a228-747652fd55b4 3e01dbd7e1704f9db4666c59b8ae46bc 2c5cb693a75c4cc8bb6350c86fae6bfe - - default default] 10.0.0.54 "GET /v2.0/subnets HTTP/1.1" status: 200 len: 5686 time: 0.0540707
2026-07-02 01:41:02.824 9 INFO neutron.api.wsgi [None req-6f554b6f-0a7b-49b6-b450-a1d924be94cd 3e01dbd7e1704f9db4666c59b8ae46bc 2c5cb693a75c4cc8bb6350c86fae6bfe - - default default] 10.0.0.54 "GET /v2.0/subnetpools HTTP/1.1" status: 200 len: 193 time: 0.0156677
2026-07-02 01:41:02.867 9 INFO neutron.api.wsgi [None req-8d2b8e4e-07d0-4ded-9aa0-198f328d2432 3e01dbd7e1704f9db4666c59b8ae46bc 2c5cb693a75c4cc8bb6350c86fae6bfe - - default default] 10.0.0.54 "GET /v2.0/subnets HTTP/1.1" status: 200 len: 5686 time: 0.0423582 /var/lib/openstack/lib/python3.12/site-packages/pycadf/identifier.py:71: UserWarning: Invalid uuid: neutron. To ensure interoperability, identifiers should be a valid uuid. warnings.warn(('Invalid uuid: %s. To ensure interoperability, '
2026-07-02 01:41:03.295 10 INFO neutron.api.wsgi [req-35d5fde3-1b9a-4db0-a40f-f70852fb8b08 req-bb85cd06-f5e2-471c-bd29-5da94766d39f e87e72b4033848039c84fc7fc2d060cf df8080bc6e534792b9472afd0019c822 - - 8caf2e07147247b9bb941e3edaeeec84 8caf2e07147247b9bb941e3edaeeec84] 199.204.45.242 "GET /v2.0/ports?tenant_id=2c5cb693a75c4cc8bb6350c86fae6bfe&device_id=e33aa83b-8531-4831-aefe-6c3deb2a408a HTTP/1.1" status: 200 len: 4153 time: 0.0441759
2026-07-02 01:41:03.346 10 INFO neutron.api.wsgi [req-35d5fde3-1b9a-4db0-a40f-f70852fb8b08 req-d112b1a0-8034-4a41-b643-4acb776a3c21 e87e72b4033848039c84fc7fc2d060cf df8080bc6e534792b9472afd0019c822 - - 8caf2e07147247b9bb941e3edaeeec84 8caf2e07147247b9bb941e3edaeeec84] 199.204.45.242 "GET /v2.0/networks?id=4cd0f58c-2053-4a13-ae0f-95f592016595 HTTP/1.1" status: 200 len: 1002 time: 0.0434330
2026-07-02 01:41:03.363 10 INFO neutron.api.wsgi [req-35d5fde3-1b9a-4db0-a40f-f70852fb8b08 req-792a2c2c-34e1-4dcf-bad5-38769c2a71d8 e87e72b4033848039c84fc7fc2d060cf df8080bc6e534792b9472afd0019c822 - - 8caf2e07147247b9bb941e3edaeeec84 8caf2e07147247b9bb941e3edaeeec84] 199.204.45.242 "GET /v2.0/floatingips?fixed_ip_address=10.2.1.235&port_id=50b1d084-b0be-4e9d-b598-51603bc0e8e8 HTTP/1.1" status: 200 len: 217 time: 0.0118353
2026-07-02 01:41:03.384 10 INFO neutron.api.wsgi [req-35d5fde3-1b9a-4db0-a40f-f70852fb8b08 req-8d4e81d3-2756-4695-9aed-1ee3cec90971 e87e72b4033848039c84fc7fc2d060cf df8080bc6e534792b9472afd0019c822 - - 8caf2e07147247b9bb941e3edaeeec84 8caf2e07147247b9bb941e3edaeeec84] 199.204.45.242 "GET /v2.0/floatingips?fixed_ip_address=fd7b%3Af9f7%3Afff%3A4eca%3A%3A120&port_id=50b1d084-b0be-4e9d-b598-51603bc0e8e8 HTTP/1.1" status: 200 len: 217 time: 0.0172188
2026-07-02 01:41:03.418 10 INFO neutron.api.wsgi [req-35d5fde3-1b9a-4db0-a40f-f70852fb8b08 req-f72dd07d-cffc-44e4-9687-11fe7d47b53a e87e72b4033848039c84fc7fc2d060cf df8080bc6e534792b9472afd0019c822 - - 8caf2e07147247b9bb941e3edaeeec84 8caf2e07147247b9bb941e3edaeeec84] 199.204.45.242 "GET /v2.0/subnets?id=6adafdbb-1577-40fb-b485-aba3c3a211f2&id=9fe3c44a-1589-4396-9173-3ce1b16b037e HTTP/1.1" status: 200 len: 1610 time: 0.0279670
2026-07-02 01:41:03.455 10 INFO neutron.api.wsgi [req-35d5fde3-1b9a-4db0-a40f-f70852fb8b08 req-21633b26-b651-4d13-9c3a-18f2546e872f e87e72b4033848039c84fc7fc2d060cf df8080bc6e534792b9472afd0019c822 - - 8caf2e07147247b9bb941e3edaeeec84 8caf2e07147247b9bb941e3edaeeec84] 199.204.45.242 "GET /v2.0/ports?network_id=4cd0f58c-2053-4a13-ae0f-95f592016595&device_owner=network%3Adhcp HTTP/1.1" status: 200 len: 210 time: 0.0269234
2026-07-02 01:41:03.486 10 INFO neutron.api.wsgi [req-35d5fde3-1b9a-4db0-a40f-f70852fb8b08 req-baa1021f-4a20-4276-9bee-7c91318f5d29 e87e72b4033848039c84fc7fc2d060cf df8080bc6e534792b9472afd0019c822 - - 8caf2e07147247b9bb941e3edaeeec84 8caf2e07147247b9bb941e3edaeeec84] 199.204.45.242 "GET /v2.0/ports?network_id=4cd0f58c-2053-4a13-ae0f-95f592016595&device_owner=network%3Adhcp HTTP/1.1" status: 200 len: 210 time: 0.0235367
2026-07-02 01:41:03.535 10 INFO neutron.api.wsgi [req-35d5fde3-1b9a-4db0-a40f-f70852fb8b08 req-55e1fffd-9aa0-4a3f-90a5-ecc9087fa6d0 e87e72b4033848039c84fc7fc2d060cf df8080bc6e534792b9472afd0019c822 - - 8caf2e07147247b9bb941e3edaeeec84 8caf2e07147247b9bb941e3edaeeec84] 199.204.45.242 "GET /v2.0/networks/4cd0f58c-2053-4a13-ae0f-95f592016595?fields=segments HTTP/1.1" status: 200 len: 212 time: 0.0421338
2026-07-02 01:41:03.597 10 INFO neutron.api.wsgi [req-35d5fde3-1b9a-4db0-a40f-f70852fb8b08 req-6c78a467-558d-4c6f-9755-91bd5c8453eb e87e72b4033848039c84fc7fc2d060cf df8080bc6e534792b9472afd0019c822 - - 8caf2e07147247b9bb941e3edaeeec84 8caf2e07147247b9bb941e3edaeeec84] 199.204.45.242 "GET /v2.0/networks/4cd0f58c-2053-4a13-ae0f-95f592016595?fields=provider%3Aphysical_network&fields=provider%3Anetwork_type HTTP/1.1" status: 200 len: 277 time: 0.0560586
2026-07-02 01:41:04.552 15 INFO neutron.db.ovn_revision_numbers_db [None req-184056cb-8df0-43fc-9c95-bd7c217380ba - - - - - -] Successfully bumped revision number for resource 38a3ad7e-60e6-409e-8d39-3085f1e576a2 (type: networks) to 3
2026-07-02 01:41:04.625 15 INFO neutron.db.ovn_revision_numbers_db [None req-184056cb-8df0-43fc-9c95-bd7c217380ba - - - - - -] Successfully bumped revision number for resource 4cd0f58c-2053-4a13-ae0f-95f592016595 (type: networks) to 3
2026-07-02 01:41:04.656 10 INFO neutron.api.wsgi [req-7588aa71-de99-4314-8417-0b44c282ffd6 req-c22151b6-5738-405a-8ac9-b6b251047c38 e87e72b4033848039c84fc7fc2d060cf df8080bc6e534792b9472afd0019c822 - - 8caf2e07147247b9bb941e3edaeeec84 8caf2e07147247b9bb941e3edaeeec84] 199.204.45.242 "GET /v2.0/ports?tenant_id=2c5cb693a75c4cc8bb6350c86fae6bfe&device_id=e33aa83b-8531-4831-aefe-6c3deb2a408a HTTP/1.1" status: 200 len: 4153 time: 0.0403666
2026-07-02 01:41:04.678 10 INFO neutron.api.wsgi [req-7588aa71-de99-4314-8417-0b44c282ffd6 req-f63548b2-4518-47ef-9728-6a057225f855 e87e72b4033848039c84fc7fc2d060cf df8080bc6e534792b9472afd0019c822 - - 8caf2e07147247b9bb941e3edaeeec84 8caf2e07147247b9bb941e3edaeeec84] 199.204.45.242 "GET /v2.0/floatingips?fixed_ip_address=172.24.2.146&port_id=914ccad1-a918-4dad-9f7f-d8e1c3703958 HTTP/1.1" status: 200 len: 217 time: 0.0151744
2026-07-02 01:41:04.692 15 INFO neutron.db.ovn_revision_numbers_db [None req-184056cb-8df0-43fc-9c95-bd7c217380ba - - - - - -] Successfully bumped revision number for resource 82b6ef35-7d34-457d-8e93-ba5f2f117ef8 (type: networks) to 3
2026-07-02 01:41:04.705 10 INFO neutron.api.wsgi [req-7588aa71-de99-4314-8417-0b44c282ffd6 req-0fd349fe-50a4-435e-8f34-b5a496d5332f e87e72b4033848039c84fc7fc2d060cf df8080bc6e534792b9472afd0019c822 - - 8caf2e07147247b9bb941e3edaeeec84 8caf2e07147247b9bb941e3edaeeec84] 199.204.45.242 "GET /v2.0/subnets?id=5bfb7fd6-24ac-4c2a-a1b7-def36221deab HTTP/1.1" status: 200 len: 853 time: 0.0217359
2026-07-02 01:41:04.725 10 INFO neutron.api.wsgi [req-7588aa71-de99-4314-8417-0b44c282ffd6 req-715a9be0-90d6-4c0d-94d3-63b3c9c0b012 e87e72b4033848039c84fc7fc2d060cf df8080bc6e534792b9472afd0019c822 - - 8caf2e07147247b9bb941e3edaeeec84 8caf2e07147247b9bb941e3edaeeec84] 199.204.45.242 "GET /v2.0/ports?network_id=4e583302-3684-4daa-a8ea-21cc1a81ecb0&device_owner=network%3Adhcp HTTP/1.1" status: 200 len: 210 time: 0.0139432
2026-07-02 01:41:04.747 15 INFO neutron.db.ovn_revision_numbers_db [None req-184056cb-8df0-43fc-9c95-bd7c217380ba - - - - - -] Successfully bumped revision number for resource d0c7d626-882b-42c1-84c0-02a89f101e44 (type: security_groups) to 12
2026-07-02 01:41:04.764 10 INFO neutron.api.wsgi [req-7588aa71-de99-4314-8417-0b44c282ffd6 req-53c070e8-36ce-402d-88ae-1f9995d47d5d e87e72b4033848039c84fc7fc2d060cf df8080bc6e534792b9472afd0019c822 - - 8caf2e07147247b9bb941e3edaeeec84 8caf2e07147247b9bb941e3edaeeec84] 199.204.45.242 "GET /v2.0/networks/4e583302-3684-4daa-a8ea-21cc1a81ecb0?fields=segments HTTP/1.1" status: 200 len: 212 time: 0.0347524
2026-07-02 01:41:04.786 15 INFO neutron.db.ovn_revision_numbers_db [None req-184056cb-8df0-43fc-9c95-bd7c217380ba - - - - - -] Successfully bumped revision number for resource f64e953f-c95c-454a-902c-0783b71e2abc (type: security_groups) to 3
2026-07-02 01:41:04.813 10 INFO neutron.api.wsgi [req-7588aa71-de99-4314-8417-0b44c282ffd6 req-325b9581-60d4-4ea3-8449-febd2a7dc4ab e87e72b4033848039c84fc7fc2d060cf df8080bc6e534792b9472afd0019c822 - - 8caf2e07147247b9bb941e3edaeeec84 8caf2e07147247b9bb941e3edaeeec84] 199.204.45.242 "GET /v2.0/networks/4e583302-3684-4daa-a8ea-21cc1a81ecb0?fields=provider%3Aphysical_network&fields=provider%3Anetwork_type HTTP/1.1" status: 200 len: 277 time: 0.0431373
2026-07-02 01:41:04.833 10 INFO neutron.api.wsgi [req-7588aa71-de99-4314-8417-0b44c282ffd6 req-e1864d21-b74b-48e6-a375-b53e542bba23 e87e72b4033848039c84fc7fc2d060cf df8080bc6e534792b9472afd0019c822 - - 8caf2e07147247b9bb941e3edaeeec84 8caf2e07147247b9bb941e3edaeeec84] 199.204.45.242 "GET /v2.0/floatingips?fixed_ip_address=10.1.1.236&port_id=dfb0de01-1cf7-43bd-ab61-410e7be7ed0e HTTP/1.1" status: 200 len: 217 time: 0.0151422
2026-07-02 01:41:04.860 10 INFO neutron.api.wsgi [req-7588aa71-de99-4314-8417-0b44c282ffd6 req-09f9ab9d-a32f-4adf-a4a8-b82f4f5f335f e87e72b4033848039c84fc7fc2d060cf df8080bc6e534792b9472afd0019c822 - - 8caf2e07147247b9bb941e3edaeeec84 8caf2e07147247b9bb941e3edaeeec84] 199.204.45.242 "GET /v2.0/subnets?id=6f1ef295-10a9-4c31-bf42-1e999be99e0c HTTP/1.1" status: 200 len: 877 time: 0.0214009
2026-07-02 01:41:04.880 10 INFO neutron.api.wsgi [req-7588aa71-de99-4314-8417-0b44c282ffd6 req-279aeb36-f4c7-442d-a923-498d0722e6c6 e87e72b4033848039c84fc7fc2d060cf df8080bc6e534792b9472afd0019c822 - - 8caf2e07147247b9bb941e3edaeeec84 8caf2e07147247b9bb941e3edaeeec84] 199.204.45.242 "GET /v2.0/ports?network_id=38a3ad7e-60e6-409e-8d39-3085f1e576a2&device_owner=network%3Adhcp HTTP/1.1" status: 200 len: 210 time: 0.0148218
2026-07-02 01:41:04.924 10 INFO neutron.api.wsgi [req-7588aa71-de99-4314-8417-0b44c282ffd6 req-d759510d-1bd7-4061-88e3-3520d1f1c3c8 e87e72b4033848039c84fc7fc2d060cf df8080bc6e534792b9472afd0019c822 - - 8caf2e07147247b9bb941e3edaeeec84 8caf2e07147247b9bb941e3edaeeec84] 199.204.45.242 "GET /v2.0/networks/38a3ad7e-60e6-409e-8d39-3085f1e576a2?fields=segments HTTP/1.1" status: 200 len: 212 time: 0.0374644
2026-07-02 01:41:04.965 10 INFO neutron.api.wsgi [req-7588aa71-de99-4314-8417-0b44c282ffd6 req-578013f8-bdcc-4e05-8c43-e4ca87e1c601 e87e72b4033848039c84fc7fc2d060cf df8080bc6e534792b9472afd0019c822 - - 8caf2e07147247b9bb941e3edaeeec84 8caf2e07147247b9bb941e3edaeeec84] 199.204.45.242 "GET /v2.0/networks/38a3ad7e-60e6-409e-8d39-3085f1e576a2?fields=provider%3Aphysical_network&fields=provider%3Anetwork_type HTTP/1.1" status: 200 len: 277 time: 0.0362186
2026-07-02 01:41:04.985 10 INFO neutron.api.wsgi [req-7588aa71-de99-4314-8417-0b44c282ffd6 req-34c46652-c9a8-4b2a-872c-c079e82b55e2 e87e72b4033848039c84fc7fc2d060cf df8080bc6e534792b9472afd0019c822 - - 8caf2e07147247b9bb941e3edaeeec84 8caf2e07147247b9bb941e3edaeeec84] 199.204.45.242 "GET /v2.0/floatingips?fixed_ip_address=10.2.1.235&port_id=50b1d084-b0be-4e9d-b598-51603bc0e8e8 HTTP/1.1" status: 200 len: 217 time: 0.0152471
2026-07-02 01:41:05.003 10 INFO neutron.api.wsgi [req-7588aa71-de99-4314-8417-0b44c282ffd6 req-582fba28-bf45-4416-8262-57c8a45aa948 e87e72b4033848039c84fc7fc2d060cf df8080bc6e534792b9472afd0019c822 - - 8caf2e07147247b9bb941e3edaeeec84 8caf2e07147247b9bb941e3edaeeec84] 199.204.45.242 "GET /v2.0/floatingips?fixed_ip_address=fd7b%3Af9f7%3Afff%3A4eca%3A%3A120&port_id=50b1d084-b0be-4e9d-b598-51603bc0e8e8 HTTP/1.1" status: 200 len: 217 time: 0.0138121
2026-07-02 01:41:05.005 15 INFO neutron.db.ovn_revision_numbers_db [None req-184056cb-8df0-43fc-9c95-bd7c217380ba - - - - - -] Successfully bumped revision number for resource b8a26118-c80a-4acb-a2a3-cb6c514bfce2 (type: routers) to 5
2026-07-02 01:41:05.031 10 INFO neutron.api.wsgi [req-7588aa71-de99-4314-8417-0b44c282ffd6 req-65bd15fb-dfe9-4a60-814e-3385c91c0e50 e87e72b4033848039c84fc7fc2d060cf df8080bc6e534792b9472afd0019c822 - - 8caf2e07147247b9bb941e3edaeeec84 8caf2e07147247b9bb941e3edaeeec84] 199.204.45.242 "GET /v2.0/subnets?id=6adafdbb-1577-40fb-b485-aba3c3a211f2&id=9fe3c44a-1589-4396-9173-3ce1b16b037e HTTP/1.1" status: 200 len: 1610 time: 0.0227780
2026-07-02 01:41:05.049 10 INFO neutron.api.wsgi [req-7588aa71-de99-4314-8417-0b44c282ffd6 req-0f61057a-2cea-4409-8418-d81cfdbba697 e87e72b4033848039c84fc7fc2d060cf df8080bc6e534792b9472afd0019c822 - - 8caf2e07147247b9bb941e3edaeeec84 8caf2e07147247b9bb941e3edaeeec84] 199.204.45.242 "GET /v2.0/ports?network_id=4cd0f58c-2053-4a13-ae0f-95f592016595&device_owner=network%3Adhcp HTTP/1.1" status: 200 len: 210 time: 0.0134816
2026-07-02 01:41:05.066 10 INFO neutron.api.wsgi [req-7588aa71-de99-4314-8417-0b44c282ffd6 req-d827d2d1-3e44-4ac9-9884-932433544828 e87e72b4033848039c84fc7fc2d060cf df8080bc6e534792b9472afd0019c822 - - 8caf2e07147247b9bb941e3edaeeec84 8caf2e07147247b9bb941e3edaeeec84] 199.204.45.242 "GET /v2.0/ports?network_id=4cd0f58c-2053-4a13-ae0f-95f592016595&device_owner=network%3Adhcp HTTP/1.1" status: 200 len: 210 time: 0.0138607
2026-07-02 01:41:05.109 10 INFO neutron.api.wsgi [req-7588aa71-de99-4314-8417-0b44c282ffd6 req-1bbf689f-5c48-4dee-a00e-3780f287cb42 e87e72b4033848039c84fc7fc2d060cf df8080bc6e534792b9472afd0019c822 - - 8caf2e07147247b9bb941e3edaeeec84 8caf2e07147247b9bb941e3edaeeec84] 199.204.45.242 "GET /v2.0/networks/4cd0f58c-2053-4a13-ae0f-95f592016595?fields=segments HTTP/1.1" status: 200 len: 212 time: 0.0384896
2026-07-02 01:41:05.152 10 INFO neutron.api.wsgi [req-7588aa71-de99-4314-8417-0b44c282ffd6 req-6e6d3d46-7235-4e21-bf1a-97cc60277d83 e87e72b4033848039c84fc7fc2d060cf df8080bc6e534792b9472afd0019c822 - - 8caf2e07147247b9bb941e3edaeeec84 8caf2e07147247b9bb941e3edaeeec84] 199.204.45.242 "GET /v2.0/networks/4cd0f58c-2053-4a13-ae0f-95f592016595?fields=provider%3Aphysical_network&fields=provider%3Anetwork_type HTTP/1.1" status: 200 len: 277 time: 0.0378034
2026-07-02 01:41:05.188 15 INFO neutron.db.ovn_revision_numbers_db [None req-184056cb-8df0-43fc-9c95-bd7c217380ba - - - - - -] Successfully bumped revision number for resource 29536c12-20c8-44d3-a80a-3eedb340488e (type: router_ports) to 5
2026-07-02 01:41:05.728 10 INFO neutron.plugins.ml2.drivers.ovn.mech_driver.mech_driver [None req-eee7dba1-4749-471f-8d35-f63c0659f7ff - - - - - -] OVN reports status up for port: 50b1d084-b0be-4e9d-b598-51603bc0e8e8
2026-07-02 01:41:05.737 10 INFO neutron.plugins.ml2.plugin [None req-eee7dba1-4749-471f-8d35-f63c0659f7ff - - - - - -] Attempt 1 to provision port 50b1d084-b0be-4e9d-b598-51603bc0e8e8
2026-07-02 01:41:05.843 10 INFO neutron.notifiers.nova [-] Nova event matching ['req-7220385e-4192-4cea-9e06-6df77978b377'] response: {'server_uuid': 'e33aa83b-8531-4831-aefe-6c3deb2a408a', 'name': 'network-vif-plugged', 'status': 'completed', 'tag': '50b1d084-b0be-4e9d-b598-51603bc0e8e8', 'code': 200}
2026-07-02 01:41:05.957 10 INFO neutron.db.ovn_revision_numbers_db [None req-eee7dba1-4749-471f-8d35-f63c0659f7ff - - - - - -] Successfully bumped revision number for resource 50b1d084-b0be-4e9d-b598-51603bc0e8e8 (type: ports) to 5
2026-07-02 01:41:06.526 15 INFO neutron.plugins.ml2.drivers.ovn.mech_driver.ovsdb.maintenance [None req-184056cb-8df0-43fc-9c95-bd7c217380ba - - - - - -] OVN maintenance task check_for_inconsistencies finished in 2.081 seconds
2026-07-02 01:41:07.884 10 INFO neutron.notifiers.nova [-] Nova event matching ['req-16c6bb4f-2757-40d5-b73e-963b499f66f6'] response: {'server_uuid': 'e33aa83b-8531-4831-aefe-6c3deb2a408a', 'name': 'network-vif-plugged', 'status': 'completed', 'tag': '50b1d084-b0be-4e9d-b598-51603bc0e8e8', 'code': 200}
2026-07-02 01:41:08.396 9 INFO neutron.api.wsgi [req-7588aa71-de99-4314-8417-0b44c282ffd6 req-716656c0-ede6-4236-bcfa-a158510339a1 3e01dbd7e1704f9db4666c59b8ae46bc 2c5cb693a75c4cc8bb6350c86fae6bfe - - default default] 10.0.0.187 "GET /v2.0/ports/50b1d084-b0be-4e9d-b598-51603bc0e8e8 HTTP/1.1" status: 200 len: 1635 time: 0.0363512 /var/lib/openstack/lib/python3.12/site-packages/pycadf/identifier.py:71: UserWarning: Invalid uuid: neutron. To ensure interoperability, identifiers should be a valid uuid. warnings.warn(('Invalid uuid: %s. To ensure interoperability, '
2026-07-02 01:41:08.443 10 INFO neutron.api.wsgi [None req-99f5c42a-8e47-4efe-afbe-d878bf035e16 3e01dbd7e1704f9db4666c59b8ae46bc 2c5cb693a75c4cc8bb6350c86fae6bfe - - default default] 199.204.45.242 "GET /v2.0/ports/50b1d084-b0be-4e9d-b598-51603bc0e8e8 HTTP/1.1" status: 200 len: 1635 time: 0.0358062
2026-07-02 01:41:08.477 10 INFO neutron.api.wsgi [None req-9707478d-0e29-49fa-bd13-509db040a294 3e01dbd7e1704f9db4666c59b8ae46bc 2c5cb693a75c4cc8bb6350c86fae6bfe - - default default] 199.204.45.242 "GET /v2.0/ports/50b1d084-b0be-4e9d-b598-51603bc0e8e8 HTTP/1.1" status: 200 len: 1635 time: 0.0278373
2026-07-02 01:41:08.763 10 INFO neutron.api.wsgi [-] 10.0.0.211 "GET / HTTP/1.1" status: 200 len: 247 time: 0.0014675
2026-07-02 01:41:08.765 10 INFO neutron.api.wsgi [-] 10.0.0.211 "GET / HTTP/1.1" status: 200 len: 247 time: 0.0012939
2026-07-02 01:41:08.857 10 INFO neutron.db.ovn_revision_numbers_db [None req-c6e01576-efd5-4d5f-8a8d-41900db675eb 3e01dbd7e1704f9db4666c59b8ae46bc 2c5cb693a75c4cc8bb6350c86fae6bfe - - default default] Successfully bumped revision number for resource 50b1d084-b0be-4e9d-b598-51603bc0e8e8 (type: ports) to 6
2026-07-02 01:41:08.868 10 INFO neutron.api.wsgi [None req-c6e01576-efd5-4d5f-8a8d-41900db675eb 3e01dbd7e1704f9db4666c59b8ae46bc 2c5cb693a75c4cc8bb6350c86fae6bfe - - default default] 199.204.45.242 "PUT /v2.0/ports/50b1d084-b0be-4e9d-b598-51603bc0e8e8 HTTP/1.1" status: 200 len: 1378 time: 0.3824575 /var/lib/openstack/lib/python3.12/site-packages/pycadf/identifier.py:71: UserWarning: Invalid uuid: neutron. To ensure interoperability, identifiers should be a valid uuid. warnings.warn(('Invalid uuid: %s. To ensure interoperability, '
2026-07-02 01:41:08.914 10 INFO neutron.api.wsgi [None req-ef7a3016-30ea-4157-a322-5b48e9f999b1 3e01dbd7e1704f9db4666c59b8ae46bc 2c5cb693a75c4cc8bb6350c86fae6bfe - - default default] 199.204.45.242 "GET /v2.0/networks/4cd0f58c-2053-4a13-ae0f-95f592016595 HTTP/1.1" status: 200 len: 999 time: 0.0378323
2026-07-02 01:41:08.942 10 INFO neutron.api.wsgi [None req-b2051e77-d125-47ba-a27f-79c7fe73e813 3e01dbd7e1704f9db4666c59b8ae46bc 2c5cb693a75c4cc8bb6350c86fae6bfe - - default default] 199.204.45.242 "GET /v2.0/subnets/9fe3c44a-1589-4396-9173-3ce1b16b037e HTTP/1.1" status: 200 len: 872 time: 0.0231295
2026-07-02 01:41:09.043 10 INFO neutron.api.wsgi [None req-b8378510-1d93-40ee-b92d-278a775cfaaf 3e01dbd7e1704f9db4666c59b8ae46bc 2c5cb693a75c4cc8bb6350c86fae6bfe - - default default] 199.204.45.242 "GET /v2.0/extensions/security-group HTTP/1.1" status: 200 len: 369 time: 0.0059850
2026-07-02 01:41:09.049 10 INFO neutron.api.wsgi [None req-065bfb33-ef7f-49e0-85cb-130c12c5d47c 3e01dbd7e1704f9db4666c59b8ae46bc 2c5cb693a75c4cc8bb6350c86fae6bfe - - default default] 199.204.45.242 "GET /v2.0/extensions/dns-integration HTTP/1.1" status: 200 len: 371 time: 0.0024266
2026-07-02 01:41:09.054 10 INFO neutron.api.wsgi [None req-da0a6816-1204-45a5-9aff-e072b4d98983 3e01dbd7e1704f9db4666c59b8ae46bc 2c5cb693a75c4cc8bb6350c86fae6bfe - - default default] 199.204.45.242 "GET /v2.0/extensions/qos HTTP/1.1" status: 200 len: 365 time: 0.0026240
2026-07-02 01:41:09.061 10 INFO neutron.api.wsgi [None req-7004daba-4c9a-4c80-852a-c88034f9bef2 3e01dbd7e1704f9db4666c59b8ae46bc 2c5cb693a75c4cc8bb6350c86fae6bfe - - default default] 199.204.45.242 "GET /v2.0/extensions/allowed-address-pairs HTTP/1.1" status: 200 len: 383 time: 0.0032265
2026-07-02 01:41:09.085 10 INFO neutron.api.wsgi [None req-a8d6c0b0-9e56-40c4-bedb-c06d876bb862 3e01dbd7e1704f9db4666c59b8ae46bc 2c5cb693a75c4cc8bb6350c86fae6bfe - - default default] 199.204.45.242 "GET /v2.0/subnets/6f1ef295-10a9-4c31-bf42-1e999be99e0c HTTP/1.1" status: 200 len: 874 time: 0.0203121
2026-07-02 01:41:09.120 10 INFO neutron.api.wsgi [None req-e422286c-eaf2-49b6-b48a-b163d3d0b105 3e01dbd7e1704f9db4666c59b8ae46bc 2c5cb693a75c4cc8bb6350c86fae6bfe - - default default] 199.204.45.242 "GET /v2.0/ports/86a39c56-47f2-4362-83cb-96c5ba1d1025 HTTP/1.1" status: 200 len: 1340 time: 0.0291064
2026-07-02 01:41:09.152 10 INFO neutron.api.wsgi [None req-c9a7a2c1-3bd6-49aa-8ed7-aa4e822b5357 3e01dbd7e1704f9db4666c59b8ae46bc 2c5cb693a75c4cc8bb6350c86fae6bfe - - default default] 199.204.45.242 "GET /v2.0/ports/dfb0de01-1cf7-43bd-ab61-410e7be7ed0e HTTP/1.1" status: 200 len: 1519 time: 0.0249279
2026-07-02 01:41:09.180 10 INFO neutron.api.wsgi [None req-31b2df01-eb8b-4aa4-b4fe-766047db5766 3e01dbd7e1704f9db4666c59b8ae46bc 2c5cb693a75c4cc8bb6350c86fae6bfe - - default default] 199.204.45.242 "GET /v2.0/subnets/6f1ef295-10a9-4c31-bf42-1e999be99e0c HTTP/1.1" status: 200 len: 874 time: 0.0235679
2026-07-02 01:41:09.219 10 INFO neutron.api.wsgi [None req-17dffb39-59e2-4af3-9a7f-1377a0b41762 3e01dbd7e1704f9db4666c59b8ae46bc 2c5cb693a75c4cc8bb6350c86fae6bfe - - default default] 199.204.45.242 "GET /v2.0/networks/38a3ad7e-60e6-409e-8d39-3085f1e576a2 HTTP/1.1" status: 200 len: 1002 time: 0.0323470
2026-07-02 01:41:09.253 10 INFO neutron.api.wsgi [None req-9081deaa-675d-47b7-b5eb-6e33fb248dc6 3e01dbd7e1704f9db4666c59b8ae46bc 2c5cb693a75c4cc8bb6350c86fae6bfe - - default default] 199.204.45.242 "GET /v2.0/ports/86a39c56-47f2-4362-83cb-96c5ba1d1025 HTTP/1.1" status: 200 len: 1340 time: 0.0275989
2026-07-02 01:41:09.283 10 INFO neutron.api.wsgi [None req-57269bee-d55d-4cae-92b0-60c3bf790584 3e01dbd7e1704f9db4666c59b8ae46bc 2c5cb693a75c4cc8bb6350c86fae6bfe - - default default] 199.204.45.242 "GET /v2.0/subnets/6f1ef295-10a9-4c31-bf42-1e999be99e0c HTTP/1.1" status: 200 len: 874 time: 0.0217319
2026-07-02 01:41:09.920 10 INFO neutron.notifiers.nova [-] Nova event matching ['req-8414a121-caad-4aa9-ac1f-b3c39c53a2b0'] response: {'name': 'network-changed', 'server_uuid': 'e33aa83b-8531-4831-aefe-6c3deb2a408a', 'tag': '50b1d084-b0be-4e9d-b598-51603bc0e8e8', 'status': 'completed', 'code': 200}
2026-07-02 01:41:10.479 10 INFO neutron.api.wsgi [req-43b34b3f-0040-4ece-a7a4-13c8dfc8e118 req-f068c83b-548d-45e0-950f-5c607beb032c e87e72b4033848039c84fc7fc2d060cf df8080bc6e534792b9472afd0019c822 - - 8caf2e07147247b9bb941e3edaeeec84 8caf2e07147247b9bb941e3edaeeec84] 199.204.45.242 "GET /v2.0/ports?tenant_id=2c5cb693a75c4cc8bb6350c86fae6bfe&device_id=e33aa83b-8531-4831-aefe-6c3deb2a408a HTTP/1.1" status: 200 len: 3926 time: 0.0498912
2026-07-02 01:41:10.521 10 INFO neutron.api.wsgi [req-43b34b3f-0040-4ece-a7a4-13c8dfc8e118 req-b7994380-a44e-4169-ba3f-bf57aa44a488 e87e72b4033848039c84fc7fc2d060cf df8080bc6e534792b9472afd0019c822 - - 8caf2e07147247b9bb941e3edaeeec84 8caf2e07147247b9bb941e3edaeeec84] 199.204.45.242 "GET /v2.0/networks?id=4cd0f58c-2053-4a13-ae0f-95f592016595 HTTP/1.1" status: 200 len: 1002 time: 0.0379422
2026-07-02 01:41:10.540 10 INFO neutron.api.wsgi [req-43b34b3f-0040-4ece-a7a4-13c8dfc8e118 req-2d3460b9-3e72-4619-bb18-30c68da10b0f e87e72b4033848039c84fc7fc2d060cf df8080bc6e534792b9472afd0019c822 - - 8caf2e07147247b9bb941e3edaeeec84 8caf2e07147247b9bb941e3edaeeec84] 199.204.45.242 "GET /v2.0/floatingips?fixed_ip_address=10.2.1.235&port_id=50b1d084-b0be-4e9d-b598-51603bc0e8e8 HTTP/1.1" status: 200 len: 217 time: 0.0137880
2026-07-02 01:41:10.568 10 INFO neutron.api.wsgi [req-43b34b3f-0040-4ece-a7a4-13c8dfc8e118 req-21e96902-5973-4b9b-a4a9-dbb63fbd7227 e87e72b4033848039c84fc7fc2d060cf df8080bc6e534792b9472afd0019c822 - - 8caf2e07147247b9bb941e3edaeeec84 8caf2e07147247b9bb941e3edaeeec84] 199.204.45.242 "GET /v2.0/subnets?id=9fe3c44a-1589-4396-9173-3ce1b16b037e HTTP/1.1" status: 200 len: 875 time: 0.0220375
2026-07-02 01:41:10.590 10 INFO neutron.api.wsgi [req-43b34b3f-0040-4ece-a7a4-13c8dfc8e118 req-e191a875-a2ff-45b5-8763-842ee2a40243 e87e72b4033848039c84fc7fc2d060cf df8080bc6e534792b9472afd0019c822 - - 8caf2e07147247b9bb941e3edaeeec84 8caf2e07147247b9bb941e3edaeeec84] 199.204.45.242 "GET /v2.0/ports?network_id=4cd0f58c-2053-4a13-ae0f-95f592016595&device_owner=network%3Adhcp HTTP/1.1" status: 200 len: 210 time: 0.0151072
2026-07-02 01:41:10.633 10 INFO neutron.api.wsgi [req-43b34b3f-0040-4ece-a7a4-13c8dfc8e118 req-ea546e89-2bd3-4048-9427-64c6d1893408 e87e72b4033848039c84fc7fc2d060cf df8080bc6e534792b9472afd0019c822 - - 8caf2e07147247b9bb941e3edaeeec84 8caf2e07147247b9bb941e3edaeeec84] 199.204.45.242 "GET /v2.0/networks/4cd0f58c-2053-4a13-ae0f-95f592016595?fields=segments HTTP/1.1" status: 200 len: 212 time: 0.0396423
2026-07-02 01:41:10.678 10 INFO neutron.api.wsgi [req-43b34b3f-0040-4ece-a7a4-13c8dfc8e118 req-0d8d810f-df43-4323-920c-34b01499bdb6 e87e72b4033848039c84fc7fc2d060cf df8080bc6e534792b9472afd0019c822 - - 8caf2e07147247b9bb941e3edaeeec84 8caf2e07147247b9bb941e3edaeeec84] 199.204.45.242 "GET /v2.0/networks/4cd0f58c-2053-4a13-ae0f-95f592016595?fields=provider%3Aphysical_network&fields=provider%3Anetwork_type HTTP/1.1" status: 200 len: 277 time: 0.0388212
2026-07-02 01:41:13.926 9 INFO neutron.api.wsgi [None req-1c640ad2-0515-4d26-8251-409cf798274e 3e01dbd7e1704f9db4666c59b8ae46bc 2c5cb693a75c4cc8bb6350c86fae6bfe - - default default] 10.0.0.167 "GET /v2.0/extensions/security-group HTTP/1.1" status: 200 len: 369 time: 0.0072639
2026-07-02 01:41:13.934 9 INFO neutron.api.wsgi [None req-7832605b-6877-4488-95a6-edccdd32825b 3e01dbd7e1704f9db4666c59b8ae46bc 2c5cb693a75c4cc8bb6350c86fae6bfe - - default default] 10.0.0.167 "GET /v2.0/extensions/dns-integration HTTP/1.1" status: 200 len: 371 time: 0.0036991
2026-07-02 01:41:13.946 9 INFO neutron.api.wsgi [None req-8cdb4976-44c2-4754-8776-291370fbba6d 3e01dbd7e1704f9db4666c59b8ae46bc 2c5cb693a75c4cc8bb6350c86fae6bfe - - default default] 10.0.0.167 "GET /v2.0/extensions/qos HTTP/1.1" status: 200 len: 365 time: 0.0082128
2026-07-02 01:41:13.955 9 INFO neutron.api.wsgi [None req-7f30865f-55b8-4b98-9539-cabbb2de72ec 3e01dbd7e1704f9db4666c59b8ae46bc 2c5cb693a75c4cc8bb6350c86fae6bfe - - default default] 10.0.0.167 "GET /v2.0/extensions/allowed-address-pairs HTTP/1.1" status: 200 len: 383 time: 0.0052123
2026-07-02 01:41:14.284 9 INFO neutron.api.wsgi [-] 10.0.0.167 "GET / HTTP/1.1" status: 200 len: 284 time: 0.0025318
2026-07-02 01:41:14.326 9 INFO neutron.api.wsgi [None req-d1629e4b-2551-4882-bbd8-770d62551953 bab95d561e324319b16649bead50fe85 00f57688627a4851af88213c6ee4ba77 - - default default] 10.0.0.167 "GET /v2.0/subnets/b547597c-c040-459d-ae62-2df776502344 HTTP/1.1" status: 200 len: 855 time: 0.0236638
2026-07-02 01:41:14.990 10 INFO neutron.api.wsgi [None req-c73b90aa-a89d-46d7-816d-85f25675df79 3e01dbd7e1704f9db4666c59b8ae46bc 2c5cb693a75c4cc8bb6350c86fae6bfe - - default default] 199.204.45.242 "GET /v2.0/extensions/security-group HTTP/1.1" status: 200 len: 369 time: 0.0035808
2026-07-02 01:41:15.000 10 INFO neutron.api.wsgi [None req-d96a88ee-b34d-4359-9f2a-e64daea9d14c 3e01dbd7e1704f9db4666c59b8ae46bc 2c5cb693a75c4cc8bb6350c86fae6bfe - - default default] 199.204.45.242 "GET /v2.0/extensions/dns-integration HTTP/1.1" status: 200 len: 371 time: 0.0039012
2026-07-02 01:41:15.009 10 INFO neutron.api.wsgi [None req-7a6abe79-c9ba-4c16-97a9-fd74e94aebf0 3e01dbd7e1704f9db4666c59b8ae46bc 2c5cb693a75c4cc8bb6350c86fae6bfe - - default default] 199.204.45.242 "GET /v2.0/extensions/qos HTTP/1.1" status: 200 len: 365 time: 0.0036798
2026-07-02 01:41:15.018 10 INFO neutron.api.wsgi [None req-88d5aea6-4d75-479a-a35e-2f3034b7b536 3e01dbd7e1704f9db4666c59b8ae46bc 2c5cb693a75c4cc8bb6350c86fae6bfe - - default default] 199.204.45.242 "GET /v2.0/extensions/allowed-address-pairs HTTP/1.1" status: 200 len: 383 time: 0.0032923
2026-07-02 01:41:15.046 10 INFO neutron.api.wsgi [None req-583e97a9-04c0-40e4-b655-bdeadd2a601f 3e01dbd7e1704f9db4666c59b8ae46bc 2c5cb693a75c4cc8bb6350c86fae6bfe - - default default] 199.204.45.242 "GET /v2.0/subnets/9fe3c44a-1589-4396-9173-3ce1b16b037e HTTP/1.1" status: 200 len: 872 time: 0.0241368
2026-07-02 01:41:15.073 10 INFO neutron.api.wsgi [None req-8151453b-cbe7-401a-9f5b-b54f54b01b30 3e01dbd7e1704f9db4666c59b8ae46bc 2c5cb693a75c4cc8bb6350c86fae6bfe - - default default] 199.204.45.242 "GET /v2.0/subnets/b547597c-c040-459d-ae62-2df776502344 HTTP/1.1" status: 200 len: 873 time: 0.0211551
2026-07-02 01:41:15.112 10 INFO neutron.api.wsgi [None req-adefd52c-d61f-4b78-9289-913b69558b7e 3e01dbd7e1704f9db4666c59b8ae46bc 2c5cb693a75c4cc8bb6350c86fae6bfe - - default default] 199.204.45.242 "GET /v2.0/ports?device_id=e33aa83b-8531-4831-aefe-6c3deb2a408a HTTP/1.1" status: 200 len: 3926 time: 0.0325632
2026-07-02 01:41:15.261 10 INFO neutron.api.wsgi [None req-effc1f94-6c74-4a5e-aaf7-e86b4b86733e 3e01dbd7e1704f9db4666c59b8ae46bc 2c5cb693a75c4cc8bb6350c86fae6bfe - - default default] 199.204.45.242 "GET /v2.0/extensions/security-group HTTP/1.1" status: 200 len: 369 time: 0.0071969
2026-07-02 01:41:15.267 10 INFO neutron.api.wsgi [None req-dd2584e5-44b9-42cb-b196-25a412d6472f 3e01dbd7e1704f9db4666c59b8ae46bc 2c5cb693a75c4cc8bb6350c86fae6bfe - - default default] 199.204.45.242 "GET /v2.0/extensions/dns-integration HTTP/1.1" status: 200 len: 371 time: 0.0026248
2026-07-02 01:41:15.283 10 INFO neutron.api.wsgi [None req-0640e6a8-4ffe-42bd-99ac-ec93638ebb5c 3e01dbd7e1704f9db4666c59b8ae46bc 2c5cb693a75c4cc8bb6350c86fae6bfe - - default default] 199.204.45.242 "GET /v2.0/extensions/qos HTTP/1.1" status: 200 len: 365 time: 0.0099120
2026-07-02 01:41:15.293 10 INFO neutron.api.wsgi [None req-a2315d95-9c91-4f37-baf7-f2d63a632744 3e01dbd7e1704f9db4666c59b8ae46bc 2c5cb693a75c4cc8bb6350c86fae6bfe - - default default] 199.204.45.242 "GET /v2.0/extensions/allowed-address-pairs HTTP/1.1" status: 200 len: 383 time: 0.0046263
2026-07-02 01:41:16.405 10 INFO neutron.api.wsgi [req-de854d73-6b87-43ef-8605-ca29d3ea989f req-799d7813-946b-4442-b257-861a2bb73502 e87e72b4033848039c84fc7fc2d060cf df8080bc6e534792b9472afd0019c822 - - 8caf2e07147247b9bb941e3edaeeec84 8caf2e07147247b9bb941e3edaeeec84] 199.204.45.242 "GET /v2.0/networks/82b6ef35-7d34-457d-8e93-ba5f2f117ef8?fields=segments HTTP/1.1" status: 200 len: 212 time: 0.0513887
2026-07-02 01:41:16.455 10 INFO neutron.api.wsgi [req-de854d73-6b87-43ef-8605-ca29d3ea989f req-c5791c02-9d3a-442c-a004-04056658333e e87e72b4033848039c84fc7fc2d060cf df8080bc6e534792b9472afd0019c822 - - 8caf2e07147247b9bb941e3edaeeec84 8caf2e07147247b9bb941e3edaeeec84] 199.204.45.242 "GET /v2.0/networks/82b6ef35-7d34-457d-8e93-ba5f2f117ef8?fields=provider%3Aphysical_network&fields=provider%3Anetwork_type HTTP/1.1" status: 200 len: 277 time: 0.0457387
2026-07-02 01:41:17.014 10 INFO neutron.api.wsgi [req-de854d73-6b87-43ef-8605-ca29d3ea989f req-2f03e76e-5d07-465e-beab-b83a626b940c 3e01dbd7e1704f9db4666c59b8ae46bc 2c5cb693a75c4cc8bb6350c86fae6bfe - - default default] 199.204.45.242 "GET /v2.0/networks?id=82b6ef35-7d34-457d-8e93-ba5f2f117ef8 HTTP/1.1" status: 200 len: 1001 time: 0.0505733
2026-07-02 01:41:17.302 10 WARNING neutron.scheduler.dhcp_agent_scheduler [req-de854d73-6b87-43ef-8605-ca29d3ea989f req-ac88a760-9979-4586-9494-459e63fc9225 3e01dbd7e1704f9db4666c59b8ae46bc 2c5cb693a75c4cc8bb6350c86fae6bfe - - default default] No more DHCP agents
2026-07-02 01:41:17.304 10 WARNING neutron.api.rpc.agentnotifiers.dhcp_rpc_agent_api [req-de854d73-6b87-43ef-8605-ca29d3ea989f req-ac88a760-9979-4586-9494-459e63fc9225 3e01dbd7e1704f9db4666c59b8ae46bc 2c5cb693a75c4cc8bb6350c86fae6bfe - - default default] Unable to schedule network 82b6ef35-7d34-457d-8e93-ba5f2f117ef8: no agents available; will retry on subsequent port and subnet creation events.
2026-07-02 01:41:17.446 10 INFO neutron.db.ovn_revision_numbers_db [req-de854d73-6b87-43ef-8605-ca29d3ea989f req-ac88a760-9979-4586-9494-459e63fc9225 3e01dbd7e1704f9db4666c59b8ae46bc 2c5cb693a75c4cc8bb6350c86fae6bfe - - default default] Successfully bumped revision number for resource fe4b1c0b-ee6c-4454-a15c-0c1afc2e1084 (type: ports) to 1
2026-07-02 01:41:17.472 10 INFO neutron.api.wsgi [req-de854d73-6b87-43ef-8605-ca29d3ea989f req-ac88a760-9979-4586-9494-459e63fc9225 3e01dbd7e1704f9db4666c59b8ae46bc 2c5cb693a75c4cc8bb6350c86fae6bfe - - default default] 199.204.45.242 "POST /v2.0/ports HTTP/1.1" status: 201 len: 1512 time: 0.4542701 /var/lib/openstack/lib/python3.12/site-packages/pycadf/identifier.py:71: UserWarning: Invalid uuid: neutron. To ensure interoperability, identifiers should be a valid uuid. warnings.warn(('Invalid uuid: %s. To ensure interoperability, '
2026-07-02 01:41:18.118 10 INFO neutron.db.ovn_revision_numbers_db [req-de854d73-6b87-43ef-8605-ca29d3ea989f req-3ff481f8-88d9-4e46-8bb3-100573c67fd5 e87e72b4033848039c84fc7fc2d060cf df8080bc6e534792b9472afd0019c822 - - 8caf2e07147247b9bb941e3edaeeec84 8caf2e07147247b9bb941e3edaeeec84] Successfully bumped revision number for resource fe4b1c0b-ee6c-4454-a15c-0c1afc2e1084 (type: ports) to 2
2026-07-02 01:41:18.307 10 INFO neutron.db.ovn_revision_numbers_db [req-de854d73-6b87-43ef-8605-ca29d3ea989f req-3ff481f8-88d9-4e46-8bb3-100573c67fd5 e87e72b4033848039c84fc7fc2d060cf df8080bc6e534792b9472afd0019c822 - - 8caf2e07147247b9bb941e3edaeeec84 8caf2e07147247b9bb941e3edaeeec84] Successfully bumped revision number for resource fe4b1c0b-ee6c-4454-a15c-0c1afc2e1084 (type: ports) to 4
2026-07-02 01:41:18.328 10 INFO neutron.api.wsgi [req-de854d73-6b87-43ef-8605-ca29d3ea989f req-3ff481f8-88d9-4e46-8bb3-100573c67fd5 e87e72b4033848039c84fc7fc2d060cf df8080bc6e534792b9472afd0019c822 - - 8caf2e07147247b9bb941e3edaeeec84 8caf2e07147247b9bb941e3edaeeec84] 199.204.45.242 "PUT /v2.0/ports/fe4b1c0b-ee6c-4454-a15c-0c1afc2e1084 HTTP/1.1" status: 200 len: 1637 time: 0.8519714
2026-07-02 01:41:18.361 10 INFO neutron.notifiers.nova [-] Nova event matching ['req-4573231e-40d4-42de-95a0-75190e84e6c2'] response: {'name': 'network-changed', 'server_uuid': 'e33aa83b-8531-4831-aefe-6c3deb2a408a', 'tag': 'fe4b1c0b-ee6c-4454-a15c-0c1afc2e1084', 'status': 'completed', 'code': 200} /var/lib/openstack/lib/python3.12/site-packages/pycadf/identifier.py:71: UserWarning: Invalid uuid: neutron. To ensure interoperability, identifiers should be a valid uuid. warnings.warn(('Invalid uuid: %s. To ensure interoperability, '
2026-07-02 01:41:18.916 10 INFO neutron.api.wsgi [req-462cf3d1-bed1-4346-9d99-825cdb40ddf3 req-77228034-2f87-4cb7-b83d-d080755c32b7 e87e72b4033848039c84fc7fc2d060cf df8080bc6e534792b9472afd0019c822 - - 8caf2e07147247b9bb941e3edaeeec84 8caf2e07147247b9bb941e3edaeeec84] 199.204.45.242 "GET /v2.0/ports?tenant_id=2c5cb693a75c4cc8bb6350c86fae6bfe&device_id=e33aa83b-8531-4831-aefe-6c3deb2a408a HTTP/1.1" status: 200 len: 5355 time: 0.0438035
2026-07-02 01:41:18.960 10 INFO neutron.api.wsgi [req-462cf3d1-bed1-4346-9d99-825cdb40ddf3 req-4bf31b76-826a-4960-a758-6963e1b13a0e e87e72b4033848039c84fc7fc2d060cf df8080bc6e534792b9472afd0019c822 - - 8caf2e07147247b9bb941e3edaeeec84 8caf2e07147247b9bb941e3edaeeec84] 199.204.45.242 "GET /v2.0/networks?id=82b6ef35-7d34-457d-8e93-ba5f2f117ef8 HTTP/1.1" status: 200 len: 1001 time: 0.0385835
2026-07-02 01:41:18.980 10 INFO neutron.api.wsgi [req-462cf3d1-bed1-4346-9d99-825cdb40ddf3 req-31b0220e-2340-4c93-94ee-b85020cc4ce6 e87e72b4033848039c84fc7fc2d060cf df8080bc6e534792b9472afd0019c822 - - 8caf2e07147247b9bb941e3edaeeec84 8caf2e07147247b9bb941e3edaeeec84] 199.204.45.242 "GET /v2.0/floatingips?fixed_ip_address=10.2.2.210&port_id=fe4b1c0b-ee6c-4454-a15c-0c1afc2e1084 HTTP/1.1" status: 200 len: 217 time: 0.0137925
2026-07-02 01:41:19.004 10 INFO neutron.api.wsgi [req-462cf3d1-bed1-4346-9d99-825cdb40ddf3 req-c7fae933-8a65-429f-bcb5-920f08cd31ad e87e72b4033848039c84fc7fc2d060cf df8080bc6e534792b9472afd0019c822 - - 8caf2e07147247b9bb941e3edaeeec84 8caf2e07147247b9bb941e3edaeeec84] 199.204.45.242 "GET /v2.0/floatingips?fixed_ip_address=fd77%3A1457%3A4cf0%3A26a8%3A%3A304&port_id=fe4b1c0b-ee6c-4454-a15c-0c1afc2e1084 HTTP/1.1" status: 200 len: 217 time: 0.0180867
2026-07-02 01:41:19.031 10 INFO neutron.api.wsgi [req-462cf3d1-bed1-4346-9d99-825cdb40ddf3 req-acba2b4d-24cf-44e5-91ec-7d4d1c1b2232 e87e72b4033848039c84fc7fc2d060cf df8080bc6e534792b9472afd0019c822 - - 8caf2e07147247b9bb941e3edaeeec84 8caf2e07147247b9bb941e3edaeeec84] 199.204.45.242 "GET /v2.0/subnets?id=b547597c-c040-459d-ae62-2df776502344&id=ac834df7-eda6-403b-8387-13d270f7f3d9 HTTP/1.1" status: 200 len: 1614 time: 0.0215228
2026-07-02 01:41:19.062 10 INFO neutron.api.wsgi [req-462cf3d1-bed1-4346-9d99-825cdb40ddf3 req-61744eb2-5e4d-4100-8be6-cd99b5914adb e87e72b4033848039c84fc7fc2d060cf df8080bc6e534792b9472afd0019c822 - - 8caf2e07147247b9bb941e3edaeeec84 8caf2e07147247b9bb941e3edaeeec84] 199.204.45.242 "GET /v2.0/ports?network_id=82b6ef35-7d34-457d-8e93-ba5f2f117ef8&device_owner=network%3Adhcp HTTP/1.1" status: 200 len: 210 time: 0.0269504
2026-07-02 01:41:19.078 10 INFO neutron.api.wsgi [req-462cf3d1-bed1-4346-9d99-825cdb40ddf3 req-86d5a9d0-82fa-4905-bc6b-493f6a9fe73e e87e72b4033848039c84fc7fc2d060cf df8080bc6e534792b9472afd0019c822 - - 8caf2e07147247b9bb941e3edaeeec84 8caf2e07147247b9bb941e3edaeeec84] 199.204.45.242 "GET /v2.0/ports?network_id=82b6ef35-7d34-457d-8e93-ba5f2f117ef8&device_owner=network%3Adhcp HTTP/1.1" status: 200 len: 210 time: 0.0110490
2026-07-02 01:41:19.116 10 INFO neutron.api.wsgi [req-462cf3d1-bed1-4346-9d99-825cdb40ddf3 req-c9c641bc-027d-488d-af0c-8d5b7b9c5c78 e87e72b4033848039c84fc7fc2d060cf df8080bc6e534792b9472afd0019c822 - - 8caf2e07147247b9bb941e3edaeeec84 8caf2e07147247b9bb941e3edaeeec84] 199.204.45.242 "GET /v2.0/networks/82b6ef35-7d34-457d-8e93-ba5f2f117ef8?fields=segments HTTP/1.1" status: 200 len: 212 time: 0.0312924
2026-07-02 01:41:19.149 10 INFO neutron.api.wsgi [req-462cf3d1-bed1-4346-9d99-825cdb40ddf3 req-6ee6cd3d-c0b1-4db0-8234-28aae7d0ca23 e87e72b4033848039c84fc7fc2d060cf df8080bc6e534792b9472afd0019c822 - - 8caf2e07147247b9bb941e3edaeeec84 8caf2e07147247b9bb941e3edaeeec84] 199.204.45.242 "GET /v2.0/networks/82b6ef35-7d34-457d-8e93-ba5f2f117ef8?fields=provider%3Aphysical_network&fields=provider%3Anetwork_type HTTP/1.1" status: 200 len: 277 time: 0.0296214
2026-07-02 01:41:20.208 10 INFO neutron.api.wsgi [req-de854d73-6b87-43ef-8605-ca29d3ea989f req-83b3fd31-2627-48de-8603-c3dc5ad4f941 e87e72b4033848039c84fc7fc2d060cf df8080bc6e534792b9472afd0019c822 - - 8caf2e07147247b9bb941e3edaeeec84 8caf2e07147247b9bb941e3edaeeec84] 199.204.45.242 "GET /v2.0/ports?tenant_id=2c5cb693a75c4cc8bb6350c86fae6bfe&device_id=e33aa83b-8531-4831-aefe-6c3deb2a408a HTTP/1.1" status: 200 len: 5355 time: 0.0433757
2026-07-02 01:41:20.228 10 INFO neutron.api.wsgi [req-de854d73-6b87-43ef-8605-ca29d3ea989f req-8d200ec5-2acb-4b2c-82de-a785587286ba e87e72b4033848039c84fc7fc2d060cf df8080bc6e534792b9472afd0019c822 - - 8caf2e07147247b9bb941e3edaeeec84 8caf2e07147247b9bb941e3edaeeec84] 199.204.45.242 "GET /v2.0/floatingips?fixed_ip_address=172.24.2.146&port_id=914ccad1-a918-4dad-9f7f-d8e1c3703958 HTTP/1.1" status: 200 len: 217 time: 0.0136023
2026-07-02 01:41:20.255 10 INFO neutron.api.wsgi [req-de854d73-6b87-43ef-8605-ca29d3ea989f req-95b5c2ad-096a-4733-add4-5a4419395fb6 e87e72b4033848039c84fc7fc2d060cf df8080bc6e534792b9472afd0019c822 - - 8caf2e07147247b9bb941e3edaeeec84 8caf2e07147247b9bb941e3edaeeec84] 199.204.45.242 "GET /v2.0/subnets?id=5bfb7fd6-24ac-4c2a-a1b7-def36221deab HTTP/1.1" status: 200 len: 853 time: 0.0215304
2026-07-02 01:41:20.274 10 INFO neutron.api.wsgi [req-de854d73-6b87-43ef-8605-ca29d3ea989f req-ee20e6a8-667c-401e-b59c-a966b8c4a89c e87e72b4033848039c84fc7fc2d060cf df8080bc6e534792b9472afd0019c822 - - 8caf2e07147247b9bb941e3edaeeec84 8caf2e07147247b9bb941e3edaeeec84] 199.204.45.242 "GET /v2.0/ports?network_id=4e583302-3684-4daa-a8ea-21cc1a81ecb0&device_owner=network%3Adhcp HTTP/1.1" status: 200 len: 210 time: 0.0139506
2026-07-02 01:41:20.318 10 INFO neutron.api.wsgi [req-de854d73-6b87-43ef-8605-ca29d3ea989f req-2b353740-cc19-469a-b277-f12713083a98 e87e72b4033848039c84fc7fc2d060cf df8080bc6e534792b9472afd0019c822 - - 8caf2e07147247b9bb941e3edaeeec84 8caf2e07147247b9bb941e3edaeeec84] 199.204.45.242 "GET /v2.0/networks/4e583302-3684-4daa-a8ea-21cc1a81ecb0?fields=segments HTTP/1.1" status: 200 len: 212 time: 0.0387800
2026-07-02 01:41:20.362 10 INFO neutron.api.wsgi [req-de854d73-6b87-43ef-8605-ca29d3ea989f req-f4773968-07a4-4349-8472-c2075b57c6a8 e87e72b4033848039c84fc7fc2d060cf df8080bc6e534792b9472afd0019c822 - - 8caf2e07147247b9bb941e3edaeeec84 8caf2e07147247b9bb941e3edaeeec84] 199.204.45.242 "GET /v2.0/networks/4e583302-3684-4daa-a8ea-21cc1a81ecb0?fields=provider%3Aphysical_network&fields=provider%3Anetwork_type HTTP/1.1" status: 200 len: 277 time: 0.0391617
2026-07-02 01:41:20.387 10 INFO neutron.api.wsgi [req-de854d73-6b87-43ef-8605-ca29d3ea989f req-68d964ba-a804-431d-b9ee-e31fbb6a17e0 e87e72b4033848039c84fc7fc2d060cf df8080bc6e534792b9472afd0019c822 - - 8caf2e07147247b9bb941e3edaeeec84 8caf2e07147247b9bb941e3edaeeec84] 199.204.45.242 "GET /v2.0/floatingips?fixed_ip_address=10.1.1.236&port_id=dfb0de01-1cf7-43bd-ab61-410e7be7ed0e HTTP/1.1" status: 200 len: 217 time: 0.0172579
2026-07-02 01:41:20.424 10 INFO neutron.api.wsgi [req-de854d73-6b87-43ef-8605-ca29d3ea989f req-a13b621d-9ecf-4dc7-bdf7-198975dc702a e87e72b4033848039c84fc7fc2d060cf df8080bc6e534792b9472afd0019c822 - - 8caf2e07147247b9bb941e3edaeeec84 8caf2e07147247b9bb941e3edaeeec84] 199.204.45.242 "GET /v2.0/subnets?id=6f1ef295-10a9-4c31-bf42-1e999be99e0c HTTP/1.1" status: 200 len: 877 time: 0.0307205
2026-07-02 01:41:20.444 10 INFO neutron.api.wsgi [req-de854d73-6b87-43ef-8605-ca29d3ea989f req-d8d9c76a-72c6-4113-a2b2-cab19ca70313 e87e72b4033848039c84fc7fc2d060cf df8080bc6e534792b9472afd0019c822 - - 8caf2e07147247b9bb941e3edaeeec84 8caf2e07147247b9bb941e3edaeeec84] 199.204.45.242 "GET /v2.0/ports?network_id=38a3ad7e-60e6-409e-8d39-3085f1e576a2&device_owner=network%3Adhcp HTTP/1.1" status: 200 len: 210 time: 0.0160823
2026-07-02 01:41:20.486 10 INFO neutron.api.wsgi [req-de854d73-6b87-43ef-8605-ca29d3ea989f req-16be2aae-ec04-4efb-8f2c-96b5ebac92d9 e87e72b4033848039c84fc7fc2d060cf df8080bc6e534792b9472afd0019c822 - - 8caf2e07147247b9bb941e3edaeeec84 8caf2e07147247b9bb941e3edaeeec84] 199.204.45.242 "GET /v2.0/networks/38a3ad7e-60e6-409e-8d39-3085f1e576a2?fields=segments HTTP/1.1" status: 200 len: 212 time: 0.0360222
2026-07-02 01:41:20.546 10 INFO neutron.api.wsgi [req-de854d73-6b87-43ef-8605-ca29d3ea989f req-0c7ceb31-56e2-408a-8a8e-7735b1b77340 e87e72b4033848039c84fc7fc2d060cf df8080bc6e534792b9472afd0019c822 - - 8caf2e07147247b9bb941e3edaeeec84 8caf2e07147247b9bb941e3edaeeec84] 199.204.45.242 "GET /v2.0/networks/38a3ad7e-60e6-409e-8d39-3085f1e576a2?fields=provider%3Aphysical_network&fields=provider%3Anetwork_type HTTP/1.1" status: 200 len: 277 time: 0.0554304
2026-07-02 01:41:20.569 10 INFO neutron.api.wsgi [req-de854d73-6b87-43ef-8605-ca29d3ea989f req-466ceb0f-8ebc-4003-accc-ee52a03ca177 e87e72b4033848039c84fc7fc2d060cf df8080bc6e534792b9472afd0019c822 - - 8caf2e07147247b9bb941e3edaeeec84 8caf2e07147247b9bb941e3edaeeec84] 199.204.45.242 "GET /v2.0/floatingips?fixed_ip_address=10.2.1.235&port_id=50b1d084-b0be-4e9d-b598-51603bc0e8e8 HTTP/1.1" status: 200 len: 217 time: 0.0194988
2026-07-02 01:41:20.600 10 INFO neutron.api.wsgi [req-de854d73-6b87-43ef-8605-ca29d3ea989f req-1cf28d7f-9160-45b1-98ad-39a335b622a9 e87e72b4033848039c84fc7fc2d060cf df8080bc6e534792b9472afd0019c822 - - 8caf2e07147247b9bb941e3edaeeec84 8caf2e07147247b9bb941e3edaeeec84] 199.204.45.242 "GET /v2.0/subnets?id=9fe3c44a-1589-4396-9173-3ce1b16b037e HTTP/1.1" status: 200 len: 875 time: 0.0253434
2026-07-02 01:41:20.623 10 INFO neutron.api.wsgi [req-de854d73-6b87-43ef-8605-ca29d3ea989f req-cefd0da7-f791-400a-ad89-eb8f0d4c49e5 e87e72b4033848039c84fc7fc2d060cf df8080bc6e534792b9472afd0019c822 - - 8caf2e07147247b9bb941e3edaeeec84 8caf2e07147247b9bb941e3edaeeec84] 199.204.45.242 "GET /v2.0/ports?network_id=4cd0f58c-2053-4a13-ae0f-95f592016595&device_owner=network%3Adhcp HTTP/1.1" status: 200 len: 210 time: 0.0192163
2026-07-02 01:41:20.672 10 INFO neutron.api.wsgi [req-de854d73-6b87-43ef-8605-ca29d3ea989f req-f4d669d6-d7c4-4bdd-8185-66c5d7bb4acf e87e72b4033848039c84fc7fc2d060cf df8080bc6e534792b9472afd0019c822 - - 8caf2e07147247b9bb941e3edaeeec84 8caf2e07147247b9bb941e3edaeeec84] 199.204.45.242 "GET /v2.0/networks/4cd0f58c-2053-4a13-ae0f-95f592016595?fields=segments HTTP/1.1" status: 200 len: 212 time: 0.0438156
