2026-07-02 01:36:25.931 9 INFO neutron.services.segments.plugin [-] Segment 0fd9e601-9948-42cf-acd1-89f97b355a9f resource provider not found; error: Placement Client Error (4xx): {"errors": [{"status": 404, "title": "Not Found", "detail": "The resource could not be found.\n\n No resource provider with uuid 0fd9e601-9948-42cf-acd1-89f97b355a9f found for delete ", "request_id": "req-36a5283d-4dea-438e-b1d5-c0a78aa1f2b2"}]}
2026-07-02 01:36:25.951 9 INFO neutron.api.wsgi [None req-9b34fae9-394c-4387-8328-2ed4251594ba 3e01dbd7e1704f9db4666c59b8ae46bc 2c5cb693a75c4cc8bb6350c86fae6bfe - - default default] 10.0.0.92 "GET /v2.0/security-groups?tenant_id=e8892c4f5be447fdb205a83cf92601e4&name=default HTTP/1.1" status: 200 len: 3120 time: 0.3511026
2026-07-02 01:36:25.954 9 INFO neutron.api.wsgi [None req-aeba8eb0-6b60-4c5b-a445-e57c5a0ef8f3 449db100df714387a4813f4b30093f4e bde139bbdb4d4cfaaf5b85f084cc67e3 - - default default] 10.0.0.92 "DELETE /v2.0/networks/2a177ea2-cdf6-4573-ae30-7c53772d8ac7 HTTP/1.1" status: 204 len: 168 time: 0.3876178
2026-07-02 01:36:26.180 10 INFO neutron.services.segments.plugin [-] Segment db92593b-8082-4e49-bef3-42532e1d5e85 resource provider aggregate not found
2026-07-02 01:36:26.186 10 INFO neutron.services.segments.plugin [-] Segment db92593b-8082-4e49-bef3-42532e1d5e85 resource provider aggregate not found
2026-07-02 01:36:26.206 10 INFO neutron.services.segments.plugin [-] Segment db92593b-8082-4e49-bef3-42532e1d5e85 resource provider not found; error: Placement Client Error (4xx): {"errors": [{"status": 404, "title": "Not Found", "detail": "The resource could not be found.\n\n No resource provider with uuid db92593b-8082-4e49-bef3-42532e1d5e85 found for delete ", "request_id": "req-6507a896-905c-4cf6-b6da-b9f320923d3f"}]}
2026-07-02 01:36:26.210 10 INFO neutron.services.segments.plugin [-] Segment db92593b-8082-4e49-bef3-42532e1d5e85 resource provider not found; error: Placement Client Error (4xx): {"errors": [{"status": 404, "title": "Not Found", "detail": "The resource could not be found.\n\n No resource provider with uuid db92593b-8082-4e49-bef3-42532e1d5e85 found for delete ", "request_id": "req-a5df6e22-a5be-45b2-99da-f53dee4ef82b"}]}
2026-07-02 01:36:26.221 10 INFO neutron.services.segments.plugin [-] Segment 8f74e1d3-a066-4889-ad83-08671ade1ff3 resource provider aggregate not found
2026-07-02 01:36:26.227 10 INFO neutron.services.segments.plugin [-] Segment 8f74e1d3-a066-4889-ad83-08671ade1ff3 resource provider aggregate not found
2026-07-02 01:36:26.240 10 INFO neutron.services.segments.plugin [-] Segment 8f74e1d3-a066-4889-ad83-08671ade1ff3 resource provider not found; error: Placement Client Error (4xx): {"errors": [{"status": 404, "title": "Not Found", "detail": "The resource could not be found.\n\n No resource provider with uuid 8f74e1d3-a066-4889-ad83-08671ade1ff3 found for delete ", "request_id": "req-e88e9c79-a949-44e9-a2b5-a30dc4ab69cc"}]}
2026-07-02 01:36:26.245 10 INFO neutron.services.segments.plugin [-] Segment 8f74e1d3-a066-4889-ad83-08671ade1ff3 resource provider not found; error: Placement Client Error (4xx): {"errors": [{"status": 404, "title": "Not Found", "detail": "The resource could not be found.\n\n No resource provider with uuid 8f74e1d3-a066-4889-ad83-08671ade1ff3 found for delete ", "request_id": "req-3d0e2a57-c549-4464-867d-189da918c7fa"}]}
2026-07-02 01:36:26.261 9 INFO neutron.api.wsgi [None req-0cd8707a-ee08-424f-b1bc-5276d43d6e55 3e01dbd7e1704f9db4666c59b8ae46bc 2c5cb693a75c4cc8bb6350c86fae6bfe - - default default] 10.0.0.92 "DELETE /v2.0/security-groups/631d6d15-5699-43f2-a43e-9c25cfa1394b HTTP/1.1" status: 204 len: 168 time: 0.3035338
2026-07-02 01:36:26.273 10 INFO neutron.api.wsgi [None req-e19f635d-4233-4e9a-b1b3-7c6890b62cf9 5f4d673e24b44219a3d20b66316a4ccc eefe17140fc64cbca74dd2123d71d420 - - default default] 10.0.0.92 "GET /v2.0/ports?tags=red HTTP/1.1" status: 200 len: 2448 time: 0.4091685
2026-07-02 01:36:26.331 10 INFO neutron.api.wsgi [None req-f3072116-e6e9-4461-bc38-a4a6bc6a24dd 5f4d673e24b44219a3d20b66316a4ccc eefe17140fc64cbca74dd2123d71d420 - - default default] 10.0.0.92 "GET /v2.0/ports?tags=red%2Cblue HTTP/1.1" status: 200 len: 1708 time: 0.0542383
2026-07-02 01:36:26.345 9 INFO neutron.api.wsgi [None req-0345774c-c165-48b0-a3d9-f70387d39473 449db100df714387a4813f4b30093f4e bde139bbdb4d4cfaaf5b85f084cc67e3 - - default default] 10.0.0.92 "DELETE /v2.0/networks/79c66928-c5d9-41e3-92ee-505b5876745c HTTP/1.1" status: 204 len: 168 time: 0.3874776
2026-07-02 01:36:26.397 10 INFO neutron.api.wsgi [None req-2bfe4ca0-8487-4193-b022-d2b26b6348c6 5f4d673e24b44219a3d20b66316a4ccc eefe17140fc64cbca74dd2123d71d420 - - default default] 10.0.0.92 "GET /v2.0/ports?tags-any=blue HTTP/1.1" status: 200 len: 1708 time: 0.0602751
2026-07-02 01:36:26.449 10 INFO neutron.api.wsgi [None req-eff15ba8-8f2f-4e8f-9a54-39ca1c474ca2 5f4d673e24b44219a3d20b66316a4ccc eefe17140fc64cbca74dd2123d71d420 - - default default] 10.0.0.92 "GET /v2.0/ports?tags-any=red%2Cblue HTTP/1.1" status: 200 len: 2448 time: 0.0482252
2026-07-02 01:36:26.624 10 INFO neutron.api.wsgi [None req-9d6d4fbd-b0fa-4e09-ae45-5f65ac92f80e 5f4d673e24b44219a3d20b66316a4ccc eefe17140fc64cbca74dd2123d71d420 - - default default] 10.0.0.92 "GET /v2.0/ports?not-tags=red HTTP/1.1" status: 200 len: 5463 time: 0.1675997
2026-07-02 01:36:26.716 10 INFO neutron.api.wsgi [None req-dd28a740-625a-4473-9c18-814aeb2f5066 5f4d673e24b44219a3d20b66316a4ccc eefe17140fc64cbca74dd2123d71d420 - - default default] 10.0.0.92 "GET /v2.0/ports?not-tags=red%2Cblue HTTP/1.1" status: 200 len: 6203 time: 0.0873528
2026-07-02 01:36:26.818 10 INFO neutron.api.wsgi [None req-c5439d9c-0c0c-4550-84e4-925b27a0afb5 5f4d673e24b44219a3d20b66316a4ccc eefe17140fc64cbca74dd2123d71d420 - - default default] 10.0.0.92 "GET /v2.0/ports?not-tags-any=blue HTTP/1.1" status: 200 len: 6203 time: 0.0926573
2026-07-02 01:36:26.947 9 INFO neutron.api.wsgi [None req-cca62036-9108-42b0-8654-bf90e2d6c65b 3e01dbd7e1704f9db4666c59b8ae46bc 2c5cb693a75c4cc8bb6350c86fae6bfe - - default default] 10.0.0.92 "GET /v2.0/security-groups?tenant_id=bde139bbdb4d4cfaaf5b85f084cc67e3&name=default HTTP/1.1" status: 200 len: 3120 time: 0.1382179
2026-07-02 01:36:26.986 10 WARNING neutron_lib.context [None req-548c4c48-a5b9-4261-a080-1a501f3964bd bb8f8a4744a943b1a022ce0bfe6af3d7 3f1d393db22a44829291b326e6aceefc - - default default] Method 'is_advsvc' is deprecated since 2023.2 release (neutron-lib 3.8.0) and will be removed once support for the old RBAC API policies will be removed from Neutron. Please use method 'is_service_role' instead.
2026-07-02 01:36:27.042 9 INFO neutron.api.wsgi [None req-81453294-a4a0-4758-a905-23dab8d31e82 5f4d673e24b44219a3d20b66316a4ccc eefe17140fc64cbca74dd2123d71d420 - - default default] 10.0.0.92 "GET /v2.0/ports?not-tags-any=red%2Cblue HTTP/1.1" status: 200 len: 5463 time: 0.2152894
2026-07-02 01:36:27.141 10 INFO neutron.db.ovn_revision_numbers_db [None req-548c4c48-a5b9-4261-a080-1a501f3964bd bb8f8a4744a943b1a022ce0bfe6af3d7 3f1d393db22a44829291b326e6aceefc - - default default] Successfully bumped revision number for resource 937e5f5a-bb9b-4f61-aeb3-fc60b32b57c2 (type: security_groups) to 1
2026-07-02 01:36:27.157 10 INFO neutron.db.ovn_revision_numbers_db [None req-548c4c48-a5b9-4261-a080-1a501f3964bd bb8f8a4744a943b1a022ce0bfe6af3d7 3f1d393db22a44829291b326e6aceefc - - default default] Successfully bumped revision number for resource 16a4fc49-9ec7-41c1-be4a-3c961631633e (type: security_group_rules) to 0
2026-07-02 01:36:27.170 10 INFO neutron.db.ovn_revision_numbers_db [None req-548c4c48-a5b9-4261-a080-1a501f3964bd bb8f8a4744a943b1a022ce0bfe6af3d7 3f1d393db22a44829291b326e6aceefc - - default default] Successfully bumped revision number for resource 451c1d4a-a1c7-4f8c-aea5-ccbc75f4dc29 (type: security_group_rules) to 0
2026-07-02 01:36:27.184 10 INFO neutron.db.ovn_revision_numbers_db [None req-548c4c48-a5b9-4261-a080-1a501f3964bd bb8f8a4744a943b1a022ce0bfe6af3d7 3f1d393db22a44829291b326e6aceefc - - default default] Successfully bumped revision number for resource 7a512647-4d27-49ad-9774-1096a59f218c (type: security_group_rules) to 0
2026-07-02 01:36:27.198 10 INFO neutron.db.ovn_revision_numbers_db [None req-548c4c48-a5b9-4261-a080-1a501f3964bd bb8f8a4744a943b1a022ce0bfe6af3d7 3f1d393db22a44829291b326e6aceefc - - default default] Successfully bumped revision number for resource b025b9be-70fc-4319-b379-5c111c4e1a5f (type: security_group_rules) to 0
2026-07-02 01:36:27.246 9 INFO neutron.api.wsgi [None req-f63a3347-f774-4653-935e-e09257ea3132 3e01dbd7e1704f9db4666c59b8ae46bc 2c5cb693a75c4cc8bb6350c86fae6bfe - - default default] 10.0.0.92 "DELETE /v2.0/security-groups/abac8d10-0d79-4111-9402-2bbad49ee643 HTTP/1.1" status: 204 len: 168 time: 0.2943752
2026-07-02 01:36:27.263 10 INFO neutron.db.segments_db [None req-548c4c48-a5b9-4261-a080-1a501f3964bd bb8f8a4744a943b1a022ce0bfe6af3d7 3f1d393db22a44829291b326e6aceefc - - default default] Added segment e3311961-efb3-4a4a-8f26-c69ba9b80d7b of type geneve for network 9c29be2c-e419-45ec-8536-5c0889f67eca
2026-07-02 01:36:27.275 9 INFO neutron.api.wsgi [None req-7e5adb8f-a80c-4a58-9adb-47e5609c13f9 5f4d673e24b44219a3d20b66316a4ccc eefe17140fc64cbca74dd2123d71d420 - - default default] 10.0.0.92 "DELETE /v2.0/ports/93698aeb-1345-4044-aa6f-52d205029551 HTTP/1.1" status: 204 len: 168 time: 0.2286408
2026-07-02 01:36:27.384 10 INFO neutron.db.ovn_revision_numbers_db [None req-548c4c48-a5b9-4261-a080-1a501f3964bd bb8f8a4744a943b1a022ce0bfe6af3d7 3f1d393db22a44829291b326e6aceefc - - default default] Successfully bumped revision number for resource 9c29be2c-e419-45ec-8536-5c0889f67eca (type: networks) to 1
2026-07-02 01:36:27.524 9 INFO neutron.api.wsgi [None req-494fb7a9-ab44-4b23-bd2a-558e7bee32b9 5f4d673e24b44219a3d20b66316a4ccc eefe17140fc64cbca74dd2123d71d420 - - default default] 10.0.0.92 "DELETE /v2.0/ports/b6b66987-0a37-40fd-bcbe-b4194482ee5e HTTP/1.1" status: 204 len: 168 time: 0.2440875
2026-07-02 01:36:27.612 10 WARNING neutron.scheduler.dhcp_agent_scheduler [None req-548c4c48-a5b9-4261-a080-1a501f3964bd bb8f8a4744a943b1a022ce0bfe6af3d7 3f1d393db22a44829291b326e6aceefc - - default default] No more DHCP agents
2026-07-02 01:36:27.614 10 WARNING neutron.api.rpc.agentnotifiers.dhcp_rpc_agent_api [None req-548c4c48-a5b9-4261-a080-1a501f3964bd bb8f8a4744a943b1a022ce0bfe6af3d7 3f1d393db22a44829291b326e6aceefc - - default default] Unable to schedule network 9c29be2c-e419-45ec-8536-5c0889f67eca: no agents available; will retry on subsequent port and subnet creation events.
2026-07-02 01:36:27.697 10 INFO neutron.db.ovn_revision_numbers_db [None req-548c4c48-a5b9-4261-a080-1a501f3964bd bb8f8a4744a943b1a022ce0bfe6af3d7 3f1d393db22a44829291b326e6aceefc - - default default] Successfully bumped revision number for resource 48a67206-a3e1-4aef-85bb-9fe1e989895e (type: ports) to 1
2026-07-02 01:36:27.728 10 INFO neutron.api.wsgi [None req-548c4c48-a5b9-4261-a080-1a501f3964bd bb8f8a4744a943b1a022ce0bfe6af3d7 3f1d393db22a44829291b326e6aceefc - - default default] 10.0.0.92 "POST /v2.0/networks HTTP/1.1" status: 201 len: 847 time: 0.8216517
2026-07-02 01:36:27.770 10 INFO neutron.api.wsgi [None req-ff46ab01-c5dd-4d25-89f3-60dacace7960 5f4d673e24b44219a3d20b66316a4ccc eefe17140fc64cbca74dd2123d71d420 - - default default] 10.0.0.92 "DELETE /v2.0/ports/977e5bd8-b0dc-463a-a1f6-8a7ce4de5f0e HTTP/1.1" status: 204 len: 168 time: 0.2422853
2026-07-02 01:36:27.948 9 INFO neutron.services.segments.plugin [-] Segment 9191f763-bb9c-405a-affb-819d780ec781 resource provider aggregate not found
2026-07-02 01:36:27.955 9 INFO neutron.services.segments.plugin [-] Segment 9191f763-bb9c-405a-affb-819d780ec781 resource provider aggregate not found
2026-07-02 01:36:27.962 9 INFO neutron.services.segments.plugin [-] Segment 9191f763-bb9c-405a-affb-819d780ec781 resource provider not found; error: Placement Client Error (4xx): {"errors": [{"status": 404, "title": "Not Found", "detail": "The resource could not be found.\n\n No resource provider with uuid 9191f763-bb9c-405a-affb-819d780ec781 found for delete ", "request_id": "req-164d4e7e-d6f8-47d4-9d0b-6bf814f6e259"}]}
2026-07-02 01:36:27.970 9 INFO neutron.services.segments.plugin [-] Segment 9191f763-bb9c-405a-affb-819d780ec781 resource provider not found; error: Placement Client Error (4xx): {"errors": [{"status": 404, "title": "Not Found", "detail": "The resource could not be found.\n\n No resource provider with uuid 9191f763-bb9c-405a-affb-819d780ec781 found for delete ", "request_id": "req-50e8c733-7d92-4830-84b0-e48c0e0888a8"}]}
2026-07-02 01:36:27.979 10 INFO neutron.api.wsgi [None req-835d6531-be7e-4ad7-842a-ec4c7a50aeb4 5f4d673e24b44219a3d20b66316a4ccc eefe17140fc64cbca74dd2123d71d420 - - default default] 10.0.0.92 "DELETE /v2.0/ports/360c64d0-6e38-41b9-b235-238ad3a98d24 HTTP/1.1" status: 204 len: 168 time: 0.2042634
2026-07-02 01:36:28.172 10 INFO neutron.api.wsgi [None req-90c86cae-09e1-40bc-ab22-52bfc6af6361 5f4d673e24b44219a3d20b66316a4ccc eefe17140fc64cbca74dd2123d71d420 - - default default] 10.0.0.92 "DELETE /v2.0/ports/ea1c1143-1ea3-4b5f-ad70-fe19fc45ab75 HTTP/1.1" status: 204 len: 168 time: 0.1899748
2026-07-02 01:36:28.176 9 WARNING neutron_lib.context [None req-1db03599-2f5a-4e6f-ade7-a7742ee1f351 bb8f8a4744a943b1a022ce0bfe6af3d7 3f1d393db22a44829291b326e6aceefc - - default default] Method 'is_advsvc' is deprecated since 2023.2 release (neutron-lib 3.8.0) and will be removed once support for the old RBAC API policies will be removed from Neutron. Please use method 'is_service_role' instead.
2026-07-02 01:36:28.184 9 WARNING neutron_lib.context [None req-d7dfb35d-f626-41b6-936f-da8311487b74 de8e5301c4d743eda2ffa80d2f60dec8 fa2a1b27195e48a7828e58477d3d814d - - default default] Method 'is_advsvc' is deprecated since 2023.2 release (neutron-lib 3.8.0) and will be removed once support for the old RBAC API policies will be removed from Neutron. Please use method 'is_service_role' instead.
2026-07-02 01:36:28.184 9 WARNING neutron_lib.context [None req-d7dfb35d-f626-41b6-936f-da8311487b74 de8e5301c4d743eda2ffa80d2f60dec8 fa2a1b27195e48a7828e58477d3d814d - - default default] Method 'is_advsvc' is deprecated since 2023.2 release (neutron-lib 3.8.0) and will be removed once support for the old RBAC API policies will be removed from Neutron. Please use method 'is_service_role' instead.
2026-07-02 01:36:28.332 9 INFO neutron.db.ovn_revision_numbers_db [None req-d7dfb35d-f626-41b6-936f-da8311487b74 de8e5301c4d743eda2ffa80d2f60dec8 fa2a1b27195e48a7828e58477d3d814d - - default default] Successfully bumped revision number for resource 4b411e35-16e1-4f03-ac12-aa58246f5939 (type: security_groups) to 1
2026-07-02 01:36:28.347 9 INFO neutron.db.ovn_revision_numbers_db [None req-d7dfb35d-f626-41b6-936f-da8311487b74 de8e5301c4d743eda2ffa80d2f60dec8 fa2a1b27195e48a7828e58477d3d814d - - default default] Successfully bumped revision number for resource 43a16167-6232-4eb5-ad0e-a593b0038c27 (type: security_group_rules) to 0
2026-07-02 01:36:28.366 9 INFO neutron.db.ovn_revision_numbers_db [None req-d7dfb35d-f626-41b6-936f-da8311487b74 de8e5301c4d743eda2ffa80d2f60dec8 fa2a1b27195e48a7828e58477d3d814d - - default default] Successfully bumped revision number for resource 48b9d22a-916b-4f13-96ab-cfe6da99f222 (type: security_group_rules) to 0
2026-07-02 01:36:28.389 9 WARNING neutron.scheduler.dhcp_agent_scheduler [None req-1db03599-2f5a-4e6f-ade7-a7742ee1f351 bb8f8a4744a943b1a022ce0bfe6af3d7 3f1d393db22a44829291b326e6aceefc - - default default] No more DHCP agents
2026-07-02 01:36:28.390 9 INFO neutron.db.ovn_revision_numbers_db [None req-d7dfb35d-f626-41b6-936f-da8311487b74 de8e5301c4d743eda2ffa80d2f60dec8 fa2a1b27195e48a7828e58477d3d814d - - default default] Successfully bumped revision number for resource 61cc5840-df07-424f-a350-254cd4428740 (type: security_group_rules) to 0
2026-07-02 01:36:28.395 9 WARNING neutron.api.rpc.agentnotifiers.dhcp_rpc_agent_api [None req-1db03599-2f5a-4e6f-ade7-a7742ee1f351 bb8f8a4744a943b1a022ce0bfe6af3d7 3f1d393db22a44829291b326e6aceefc - - default default] Unable to schedule network 9c29be2c-e419-45ec-8536-5c0889f67eca: no agents available; will retry on subsequent port and subnet creation events.
2026-07-02 01:36:28.407 9 INFO neutron.db.ovn_revision_numbers_db [None req-d7dfb35d-f626-41b6-936f-da8311487b74 de8e5301c4d743eda2ffa80d2f60dec8 fa2a1b27195e48a7828e58477d3d814d - - default default] Successfully bumped revision number for resource 8d197ebb-b773-4d82-986d-cd82da8d2310 (type: security_group_rules) to 0
2026-07-02 01:36:28.431 9 INFO neutron.db.ovn_revision_numbers_db [None req-1db03599-2f5a-4e6f-ade7-a7742ee1f351 bb8f8a4744a943b1a022ce0bfe6af3d7 3f1d393db22a44829291b326e6aceefc - - default default] Successfully bumped revision number for resource 964a8417-722f-442c-bf19-fb3e8b3b5636 (type: subnets) to 0
2026-07-02 01:36:28.452 9 INFO neutron.api.wsgi [None req-1db03599-2f5a-4e6f-ade7-a7742ee1f351 bb8f8a4744a943b1a022ce0bfe6af3d7 3f1d393db22a44829291b326e6aceefc - - default default] 10.0.0.92 "POST /v2.0/subnets HTTP/1.1" status: 201 len: 872 time: 0.2831829
2026-07-02 01:36:28.454 10 INFO neutron.services.segments.plugin [-] Segment cb2fb125-f7d8-44b3-b3c1-3c62253f4336 resource provider aggregate not found
2026-07-02 01:36:28.458 10 INFO neutron.services.segments.plugin [-] Segment cb2fb125-f7d8-44b3-b3c1-3c62253f4336 resource provider aggregate not found
2026-07-02 01:36:28.466 9 WARNING neutron_lib.context [None req-bbd4ba44-c8b2-4983-96f8-c61d5670767c bb8f8a4744a943b1a022ce0bfe6af3d7 3f1d393db22a44829291b326e6aceefc - - default default] Method 'is_advsvc' is deprecated since 2023.2 release (neutron-lib 3.8.0) and will be removed once support for the old RBAC API policies will be removed from Neutron. Please use method 'is_service_role' instead.
2026-07-02 01:36:28.466 10 INFO neutron.services.segments.plugin [-] Segment cb2fb125-f7d8-44b3-b3c1-3c62253f4336 resource provider not found; error: Placement Client Error (4xx): {"errors": [{"status": 404, "title": "Not Found", "detail": "The resource could not be found.\n\n No resource provider with uuid cb2fb125-f7d8-44b3-b3c1-3c62253f4336 found for delete ", "request_id": "req-37caceea-65b8-4589-b33e-8bb0c1fc88ae"}]}
2026-07-02 01:36:28.478 10 INFO neutron.services.segments.plugin [-] Segment cb2fb125-f7d8-44b3-b3c1-3c62253f4336 resource provider not found; error: Placement Client Error (4xx): {"errors": [{"status": 404, "title": "Not Found", "detail": "The resource could not be found.\n\n No resource provider with uuid cb2fb125-f7d8-44b3-b3c1-3c62253f4336 found for delete ", "request_id": "req-3998a9c0-5c54-4f0f-b391-4dd7627f0d0d"}]}
2026-07-02 01:36:28.495 10 INFO neutron.api.wsgi [None req-b4cdfa52-6860-4dee-b66b-37a2b1f7cb76 5f4d673e24b44219a3d20b66316a4ccc eefe17140fc64cbca74dd2123d71d420 - - default default] 10.0.0.92 "DELETE /v2.0/networks/90b8fa7b-b329-4472-b1c2-3b01d80a4518 HTTP/1.1" status: 204 len: 168 time: 0.3190787
2026-07-02 01:36:28.515 9 INFO neutron.db.segments_db [None req-d7dfb35d-f626-41b6-936f-da8311487b74 de8e5301c4d743eda2ffa80d2f60dec8 fa2a1b27195e48a7828e58477d3d814d - - default default] Added segment 2aed786b-e81d-4125-ab3f-28b88e4793d3 of type geneve for network 30ba9e88-d05c-4caf-9ed3-4d915c4d685e
2026-07-02 01:36:28.561 9 INFO neutron.db.segments_db [None req-bbd4ba44-c8b2-4983-96f8-c61d5670767c bb8f8a4744a943b1a022ce0bfe6af3d7 3f1d393db22a44829291b326e6aceefc - - default default] Added segment f418ee20-900a-41b1-a8b0-07f76c03df66 of type geneve for network 976f9354-07c4-43a2-a351-4846d7abc017
2026-07-02 01:36:28.622 9 INFO neutron.db.segments_db [None req-d7dfb35d-f626-41b6-936f-da8311487b74 de8e5301c4d743eda2ffa80d2f60dec8 fa2a1b27195e48a7828e58477d3d814d - - default default] Added segment 11eb3080-cdd2-48c6-9df0-2691df2c6fb6 of type geneve for network 9c7e74d8-24d2-4b84-b65f-2cdd886b7021
2026-07-02 01:36:28.678 9 INFO neutron.db.ovn_revision_numbers_db [None req-bbd4ba44-c8b2-4983-96f8-c61d5670767c bb8f8a4744a943b1a022ce0bfe6af3d7 3f1d393db22a44829291b326e6aceefc - - default default] Successfully bumped revision number for resource 976f9354-07c4-43a2-a351-4846d7abc017 (type: networks) to 1
2026-07-02 01:36:28.751 9 INFO neutron.db.ovn_revision_numbers_db [None req-d7dfb35d-f626-41b6-936f-da8311487b74 de8e5301c4d743eda2ffa80d2f60dec8 fa2a1b27195e48a7828e58477d3d814d - - default default] Successfully bumped revision number for resource 30ba9e88-d05c-4caf-9ed3-4d915c4d685e (type: networks) to 1
2026-07-02 01:36:28.814 10 INFO neutron.api.wsgi [None req-1e157a9d-ef8e-4635-a52e-51f1006dad3d 5f4d673e24b44219a3d20b66316a4ccc eefe17140fc64cbca74dd2123d71d420 - - default default] 10.0.0.92 "DELETE /v2.0/networks/3999dfdd-9a63-4a28-8ca5-6c250f7e176f HTTP/1.1" status: 204 len: 168 time: 0.3129470
2026-07-02 01:36:28.858 9 WARNING neutron.scheduler.dhcp_agent_scheduler [None req-bbd4ba44-c8b2-4983-96f8-c61d5670767c bb8f8a4744a943b1a022ce0bfe6af3d7 3f1d393db22a44829291b326e6aceefc - - default default] No more DHCP agents
2026-07-02 01:36:28.861 9 WARNING neutron.api.rpc.agentnotifiers.dhcp_rpc_agent_api [None req-bbd4ba44-c8b2-4983-96f8-c61d5670767c bb8f8a4744a943b1a022ce0bfe6af3d7 3f1d393db22a44829291b326e6aceefc - - default default] Unable to schedule network 976f9354-07c4-43a2-a351-4846d7abc017: no agents available; will retry on subsequent port and subnet creation events.
2026-07-02 01:36:28.941 9 INFO neutron.db.ovn_revision_numbers_db [None req-bbd4ba44-c8b2-4983-96f8-c61d5670767c bb8f8a4744a943b1a022ce0bfe6af3d7 3f1d393db22a44829291b326e6aceefc - - default default] Successfully bumped revision number for resource 99bfc4a1-537d-449c-a792-94bda3fa94b0 (type: ports) to 1
2026-07-02 01:36:28.950 9 WARNING neutron.scheduler.dhcp_agent_scheduler [None req-d7dfb35d-f626-41b6-936f-da8311487b74 de8e5301c4d743eda2ffa80d2f60dec8 fa2a1b27195e48a7828e58477d3d814d - - default default] No more DHCP agents
2026-07-02 01:36:28.950 10 WARNING neutron_lib.context [None req-fed7740c-342b-4ffd-b134-edbb39732f21 985403cda4d940b183cd576488da77d4 93f25eb777f04acf9caf087e943248ee - - default default] Method 'is_advsvc' is deprecated since 2023.2 release (neutron-lib 3.8.0) and will be removed once support for the old RBAC API policies will be removed from Neutron. Please use method 'is_service_role' instead.
2026-07-02 01:36:28.951 9 WARNING neutron.api.rpc.agentnotifiers.dhcp_rpc_agent_api [None req-d7dfb35d-f626-41b6-936f-da8311487b74 de8e5301c4d743eda2ffa80d2f60dec8 fa2a1b27195e48a7828e58477d3d814d - - default default] Unable to schedule network 30ba9e88-d05c-4caf-9ed3-4d915c4d685e: no agents available; will retry on subsequent port and subnet creation events.
2026-07-02 01:36:28.960 9 INFO neutron.api.wsgi [None req-bbd4ba44-c8b2-4983-96f8-c61d5670767c bb8f8a4744a943b1a022ce0bfe6af3d7 3f1d393db22a44829291b326e6aceefc - - default default] 10.0.0.92 "POST /v2.0/networks HTTP/1.1" status: 201 len: 846 time: 0.4986076
2026-07-02 01:36:29.020 9 INFO neutron.db.ovn_revision_numbers_db [None req-d7dfb35d-f626-41b6-936f-da8311487b74 de8e5301c4d743eda2ffa80d2f60dec8 fa2a1b27195e48a7828e58477d3d814d - - default default] Successfully bumped revision number for resource 9ac1f73d-1fbe-4ba5-9e55-38259eea96c8 (type: ports) to 1
2026-07-02 01:36:29.084 10 INFO neutron.db.ovn_revision_numbers_db [None req-fed7740c-342b-4ffd-b134-edbb39732f21 985403cda4d940b183cd576488da77d4 93f25eb777f04acf9caf087e943248ee - - default default] Successfully bumped revision number for resource 4aa4f07a-5ea8-47c9-bce6-559305683ba4 (type: security_groups) to 1
2026-07-02 01:36:29.093 9 INFO neutron.db.ovn_revision_numbers_db [None req-d7dfb35d-f626-41b6-936f-da8311487b74 de8e5301c4d743eda2ffa80d2f60dec8 fa2a1b27195e48a7828e58477d3d814d - - default default] Successfully bumped revision number for resource 9c7e74d8-24d2-4b84-b65f-2cdd886b7021 (type: networks) to 1
2026-07-02 01:36:29.099 10 INFO neutron.db.ovn_revision_numbers_db [None req-fed7740c-342b-4ffd-b134-edbb39732f21 985403cda4d940b183cd576488da77d4 93f25eb777f04acf9caf087e943248ee - - default default] Successfully bumped revision number for resource 1ad9c0e6-2b2e-4e00-88b6-3a5cdd9a6a4f (type: security_group_rules) to 0
2026-07-02 01:36:29.116 10 INFO neutron.db.ovn_revision_numbers_db [None req-fed7740c-342b-4ffd-b134-edbb39732f21 985403cda4d940b183cd576488da77d4 93f25eb777f04acf9caf087e943248ee - - default default] Successfully bumped revision number for resource b03fbb94-866f-4834-9599-e6acf9efa1bb (type: security_group_rules) to 0
2026-07-02 01:36:29.124 9 INFO neutron.db.ovn_revision_numbers_db [None req-012a3be3-8bf6-4e93-a658-c0f8568041b6 bb8f8a4744a943b1a022ce0bfe6af3d7 3f1d393db22a44829291b326e6aceefc - - default default] Successfully bumped revision number for resource 976f9354-07c4-43a2-a351-4846d7abc017 (type: networks) to 2
2026-07-02 01:36:29.127 9 INFO neutron.api.wsgi [None req-012a3be3-8bf6-4e93-a658-c0f8568041b6 bb8f8a4744a943b1a022ce0bfe6af3d7 3f1d393db22a44829291b326e6aceefc - - default default] 10.0.0.92 "PUT /v2.0/networks/976f9354-07c4-43a2-a351-4846d7abc017 HTTP/1.1" status: 200 len: 792 time: 0.1618655
2026-07-02 01:36:29.129 10 INFO neutron.db.ovn_revision_numbers_db [None req-fed7740c-342b-4ffd-b134-edbb39732f21 985403cda4d940b183cd576488da77d4 93f25eb777f04acf9caf087e943248ee - - default default] Successfully bumped revision number for resource c28542d3-aeb3-4ebd-82bc-7318958ad039 (type: security_group_rules) to 0
2026-07-02 01:36:29.136 9 WARNING neutron_lib.context [None req-8ab40e24-2fbb-428d-89cc-1e19e743d014 bb8f8a4744a943b1a022ce0bfe6af3d7 3f1d393db22a44829291b326e6aceefc - - default default] Method 'is_advsvc' is deprecated since 2023.2 release (neutron-lib 3.8.0) and will be removed once support for the old RBAC API policies will be removed from Neutron. Please use method 'is_service_role' instead.
2026-07-02 01:36:29.144 10 INFO neutron.api.wsgi [None req-a5a5c9ad-79c4-4d13-95b8-947054d2f12d 5f4d673e24b44219a3d20b66316a4ccc eefe17140fc64cbca74dd2123d71d420 - - default default] 10.0.0.92 "DELETE /v2.0/networks/b41d6fd8-d57b-4e66-9b43-68c9e087a1d4 HTTP/1.1" status: 204 len: 168 time: 0.3252442
2026-07-02 01:36:29.145 10 INFO neutron.db.ovn_revision_numbers_db [None req-fed7740c-342b-4ffd-b134-edbb39732f21 985403cda4d940b183cd576488da77d4 93f25eb777f04acf9caf087e943248ee - - default default] Successfully bumped revision number for resource ddc206d6-06df-4592-acca-ebe4161ff9ce (type: security_group_rules) to 0
2026-07-02 01:36:29.213 10 INFO neutron.db.segments_db [None req-fed7740c-342b-4ffd-b134-edbb39732f21 985403cda4d940b183cd576488da77d4 93f25eb777f04acf9caf087e943248ee - - default default] Added segment 56023d61-64a3-4442-b95f-9a66bfd3b91e of type geneve for network 4efefd8d-1eaf-4bd2-a8c4-19f379d32bc9
2026-07-02 01:36:29.260 9 WARNING neutron.scheduler.dhcp_agent_scheduler [None req-d7dfb35d-f626-41b6-936f-da8311487b74 de8e5301c4d743eda2ffa80d2f60dec8 fa2a1b27195e48a7828e58477d3d814d - - default default] No more DHCP agents
2026-07-02 01:36:29.262 9 WARNING neutron.api.rpc.agentnotifiers.dhcp_rpc_agent_api [None req-d7dfb35d-f626-41b6-936f-da8311487b74 de8e5301c4d743eda2ffa80d2f60dec8 fa2a1b27195e48a7828e58477d3d814d - - default default] Unable to schedule network 9c7e74d8-24d2-4b84-b65f-2cdd886b7021: no agents available; will retry on subsequent port and subnet creation events.
2026-07-02 01:36:29.326 9 INFO neutron.db.ovn_revision_numbers_db [None req-d7dfb35d-f626-41b6-936f-da8311487b74 de8e5301c4d743eda2ffa80d2f60dec8 fa2a1b27195e48a7828e58477d3d814d - - default default] Successfully bumped revision number for resource c716fa08-a6e7-44bc-bf89-e741439261fb (type: ports) to 1
2026-07-02 01:36:29.330 9 WARNING neutron.scheduler.dhcp_agent_scheduler [None req-8ab40e24-2fbb-428d-89cc-1e19e743d014 bb8f8a4744a943b1a022ce0bfe6af3d7 3f1d393db22a44829291b326e6aceefc - - default default] No more DHCP agents
2026-07-02 01:36:29.331 9 WARNING neutron.api.rpc.agentnotifiers.dhcp_rpc_agent_api [None req-8ab40e24-2fbb-428d-89cc-1e19e743d014 bb8f8a4744a943b1a022ce0bfe6af3d7 3f1d393db22a44829291b326e6aceefc - - default default] Unable to schedule network 976f9354-07c4-43a2-a351-4846d7abc017: no agents available; will retry on subsequent port and subnet creation events.
2026-07-02 01:36:29.352 10 INFO neutron.db.ovn_revision_numbers_db [None req-fed7740c-342b-4ffd-b134-edbb39732f21 985403cda4d940b183cd576488da77d4 93f25eb777f04acf9caf087e943248ee - - default default] Successfully bumped revision number for resource 4efefd8d-1eaf-4bd2-a8c4-19f379d32bc9 (type: networks) to 1
2026-07-02 01:36:29.357 9 INFO neutron.api.wsgi [None req-d7dfb35d-f626-41b6-936f-da8311487b74 de8e5301c4d743eda2ffa80d2f60dec8 fa2a1b27195e48a7828e58477d3d814d - - default default] 10.0.0.92 "POST /v2.0/networks HTTP/1.1" status: 201 len: 1445 time: 1.3536365
2026-07-02 01:36:29.367 9 INFO neutron.db.ovn_revision_numbers_db [None req-8ab40e24-2fbb-428d-89cc-1e19e743d014 bb8f8a4744a943b1a022ce0bfe6af3d7 3f1d393db22a44829291b326e6aceefc - - default default] Successfully bumped revision number for resource 21531c9a-4680-43ab-9f74-0478d2da2b6a (type: subnets) to 0
2026-07-02 01:36:29.387 9 INFO neutron.api.wsgi [None req-8ab40e24-2fbb-428d-89cc-1e19e743d014 bb8f8a4744a943b1a022ce0bfe6af3d7 3f1d393db22a44829291b326e6aceefc - - default default] 10.0.0.92 "POST /v2.0/subnets HTTP/1.1" status: 201 len: 845 time: 0.2548726
2026-07-02 01:36:29.415 9 INFO neutron.api.wsgi [None req-e77eb5f3-1683-4d06-ac81-89bf1391c8b3 de8e5301c4d743eda2ffa80d2f60dec8 fa2a1b27195e48a7828e58477d3d814d - - default default] 10.0.0.92 "GET /v2.0/networks HTTP/1.1" status: 200 len: 2051 time: 0.0538998
2026-07-02 01:36:29.497 10 INFO neutron.api.wsgi [None req-d0e0f2ec-bb17-441f-9e48-00d089a99bca 5f4d673e24b44219a3d20b66316a4ccc eefe17140fc64cbca74dd2123d71d420 - - default default] 10.0.0.92 "DELETE /v2.0/networks/077983b4-b291-4ed2-b905-27a4d30441aa HTTP/1.1" status: 204 len: 168 time: 0.3478179
2026-07-02 01:36:29.530 10 WARNING neutron.scheduler.dhcp_agent_scheduler [None req-fed7740c-342b-4ffd-b134-edbb39732f21 985403cda4d940b183cd576488da77d4 93f25eb777f04acf9caf087e943248ee - - default default] No more DHCP agents
2026-07-02 01:36:29.532 10 WARNING neutron.api.rpc.agentnotifiers.dhcp_rpc_agent_api [None req-fed7740c-342b-4ffd-b134-edbb39732f21 985403cda4d940b183cd576488da77d4 93f25eb777f04acf9caf087e943248ee - - default default] Unable to schedule network 4efefd8d-1eaf-4bd2-a8c4-19f379d32bc9: no agents available; will retry on subsequent port and subnet creation events.
2026-07-02 01:36:29.593 10 INFO neutron.db.ovn_revision_numbers_db [None req-fed7740c-342b-4ffd-b134-edbb39732f21 985403cda4d940b183cd576488da77d4 93f25eb777f04acf9caf087e943248ee - - default default] Successfully bumped revision number for resource 87113c6f-9801-4ad5-a6b1-273bf257fd85 (type: ports) to 1
2026-07-02 01:36:29.615 10 INFO neutron.api.wsgi [None req-fed7740c-342b-4ffd-b134-edbb39732f21 985403cda4d940b183cd576488da77d4 93f25eb777f04acf9caf087e943248ee - - default default] 10.0.0.92 "POST /v2.0/networks HTTP/1.1" status: 201 len: 843 time: 0.7655556
2026-07-02 01:36:29.656 10 WARNING neutron_lib.context [None req-413a438b-9bfa-48a3-960f-bab4dc35312e 985403cda4d940b183cd576488da77d4 93f25eb777f04acf9caf087e943248ee - - default default] Method 'is_advsvc' is deprecated since 2023.2 release (neutron-lib 3.8.0) and will be removed once support for the old RBAC API policies will be removed from Neutron. Please use method 'is_service_role' instead.
2026-07-02 01:36:29.768 9 INFO neutron.api.wsgi [None req-c1827fbe-f3ad-4236-bb6c-2725d36b55ae de8e5301c4d743eda2ffa80d2f60dec8 fa2a1b27195e48a7828e58477d3d814d - - default default] 10.0.0.92 "DELETE /v2.0/networks/30ba9e88-d05c-4caf-9ed3-4d915c4d685e HTTP/1.1" status: 204 len: 168 time: 0.3470125
2026-07-02 01:36:29.810 10 INFO neutron.api.wsgi [None req-28da0f42-a44d-444b-904f-fe84986d8a10 5f4d673e24b44219a3d20b66316a4ccc eefe17140fc64cbca74dd2123d71d420 - - default default] 10.0.0.92 "DELETE /v2.0/networks/fda16a2c-36f4-4d48-b56d-803f669bade8 HTTP/1.1" status: 204 len: 168 time: 0.3063197
2026-07-02 01:36:29.857 10 WARNING neutron.scheduler.dhcp_agent_scheduler [None req-413a438b-9bfa-48a3-960f-bab4dc35312e 985403cda4d940b183cd576488da77d4 93f25eb777f04acf9caf087e943248ee - - default default] No more DHCP agents
2026-07-02 01:36:29.858 10 WARNING neutron.api.rpc.agentnotifiers.dhcp_rpc_agent_api [None req-413a438b-9bfa-48a3-960f-bab4dc35312e 985403cda4d940b183cd576488da77d4 93f25eb777f04acf9caf087e943248ee - - default default] Unable to schedule network 4efefd8d-1eaf-4bd2-a8c4-19f379d32bc9: no agents available; will retry on subsequent port and subnet creation events.
2026-07-02 01:36:29.981 9 INFO neutron.services.segments.plugin [-] Segment 2aed786b-e81d-4125-ab3f-28b88e4793d3 resource provider aggregate not found
2026-07-02 01:36:29.989 9 INFO neutron.services.segments.plugin [-] Segment 2aed786b-e81d-4125-ab3f-28b88e4793d3 resource provider aggregate not found
2026-07-02 01:36:29.993 9 INFO neutron.services.segments.plugin [-] Segment 2aed786b-e81d-4125-ab3f-28b88e4793d3 resource provider not found; error: Placement Client Error (4xx): {"errors": [{"status": 404, "title": "Not Found", "detail": "The resource could not be found.\n\n No resource provider with uuid 2aed786b-e81d-4125-ab3f-28b88e4793d3 found for delete ", "request_id": "req-7b8bfeed-4233-41d3-afde-3d7764d54dc9"}]}
2026-07-02 01:36:30.007 9 INFO neutron.services.segments.plugin [-] Segment 2aed786b-e81d-4125-ab3f-28b88e4793d3 resource provider not found; error: Placement Client Error (4xx): {"errors": [{"status": 404, "title": "Not Found", "detail": "The resource could not be found.\n\n No resource provider with uuid 2aed786b-e81d-4125-ab3f-28b88e4793d3 found for delete ", "request_id": "req-5e0375ed-779f-4fe7-949a-23ff3ad34f26"}]}
2026-07-02 01:36:30.047 9 INFO neutron.db.ovn_revision_numbers_db [None req-b61a6169-cd6a-4cde-9694-71ae38b3896e - - - - - -] Successfully bumped revision number for resource 99bfc4a1-537d-449c-a792-94bda3fa94b0 (type: ports) to 2
2026-07-02 01:36:30.084 9 INFO neutron.db.ovn_revision_numbers_db [None req-b61a6169-cd6a-4cde-9694-71ae38b3896e - - - - - -] Successfully bumped revision number for resource 21531c9a-4680-43ab-9f74-0478d2da2b6a (type: subnets) to 1
2026-07-02 01:36:30.086 9 INFO neutron.api.wsgi [None req-745f4c3b-23c6-4350-bc7c-c3b8a9e8a2c6 bb8f8a4744a943b1a022ce0bfe6af3d7 3f1d393db22a44829291b326e6aceefc - - default default] 10.0.0.92 "PUT /v2.0/subnets/21531c9a-4680-43ab-9f74-0478d2da2b6a HTTP/1.1" status: 200 len: 850 time: 0.6864955
2026-07-02 01:36:30.138 9 INFO neutron.api.wsgi [None req-f832dbe6-f982-477c-a5b4-d55e6cc759f4 de8e5301c4d743eda2ffa80d2f60dec8 fa2a1b27195e48a7828e58477d3d814d - - default default] 10.0.0.92 "DELETE /v2.0/networks/9c7e74d8-24d2-4b84-b65f-2cdd886b7021 HTTP/1.1" status: 204 len: 168 time: 0.3643324
2026-07-02 01:36:30.182 9 INFO neutron.api.wsgi [None req-2cccaac5-dd4e-4870-8b57-e6788e106112 de8e5301c4d743eda2ffa80d2f60dec8 fa2a1b27195e48a7828e58477d3d814d - - default default] 10.0.0.92 "GET /v2.0/networks HTTP/1.1" status: 200 len: 845 time: 0.0392587
2026-07-02 01:36:30.200 10 WARNING neutron_lib.context [None req-7af6104c-4554-4600-90f0-bf8f18484198 de8e5301c4d743eda2ffa80d2f60dec8 fa2a1b27195e48a7828e58477d3d814d - - default default] Method 'is_advsvc' is deprecated since 2023.2 release (neutron-lib 3.8.0) and will be removed once support for the old RBAC API policies will be removed from Neutron. Please use method 'is_service_role' instead.
2026-07-02 01:36:30.269 10 INFO neutron.db.ovn_revision_numbers_db [None req-1e8d3a3d-8600-4baa-9fb1-633704536fc7 - - - - - -] Successfully bumped revision number for resource 87113c6f-9801-4ad5-a6b1-273bf257fd85 (type: ports) to 2
2026-07-02 01:36:30.295 10 INFO neutron.db.ovn_revision_numbers_db [None req-1e8d3a3d-8600-4baa-9fb1-633704536fc7 - - - - - -] Successfully bumped revision number for resource 4db8172e-e72d-44ae-a019-ddca232e115e (type: subnets) to 0
2026-07-02 01:36:30.303 10 INFO neutron.db.segments_db [None req-7af6104c-4554-4600-90f0-bf8f18484198 de8e5301c4d743eda2ffa80d2f60dec8 fa2a1b27195e48a7828e58477d3d814d - - default default] Added segment f2099f56-9b2a-497f-9994-730cdea27e6e of type geneve for network a3eaa6f6-e4a4-4e17-9c46-b9e80d892bd0
2026-07-02 01:36:30.310 10 INFO neutron.api.wsgi [None req-413a438b-9bfa-48a3-960f-bab4dc35312e 985403cda4d940b183cd576488da77d4 93f25eb777f04acf9caf087e943248ee - - default default] 10.0.0.92 "POST /v2.0/subnets HTTP/1.1" status: 201 len: 840 time: 0.6588385
2026-07-02 01:36:30.323 9 WARNING neutron_lib.context [None req-1a56bd28-5787-41a3-9e49-7f49d0c558f6 985403cda4d940b183cd576488da77d4 93f25eb777f04acf9caf087e943248ee - - default default] Method 'is_advsvc' is deprecated since 2023.2 release (neutron-lib 3.8.0) and will be removed once support for the old RBAC API policies will be removed from Neutron. Please use method 'is_service_role' instead.
2026-07-02 01:36:30.408 9 INFO neutron.db.segments_db [None req-1a56bd28-5787-41a3-9e49-7f49d0c558f6 985403cda4d940b183cd576488da77d4 93f25eb777f04acf9caf087e943248ee - - default default] Added segment f8241451-7300-463c-b7a6-1897b497f61c of type geneve for network b72ae6ce-a98b-4744-8037-7ae268572ec7
2026-07-02 01:36:30.447 10 INFO neutron.db.ovn_revision_numbers_db [None req-7af6104c-4554-4600-90f0-bf8f18484198 de8e5301c4d743eda2ffa80d2f60dec8 fa2a1b27195e48a7828e58477d3d814d - - default default] Successfully bumped revision number for resource a3eaa6f6-e4a4-4e17-9c46-b9e80d892bd0 (type: networks) to 1
2026-07-02 01:36:30.486 10 INFO neutron.services.segments.plugin [-] Segment de7dbbaa-f653-424e-9eb5-323385ae7f68 resource provider aggregate not found
2026-07-02 01:36:30.495 10 INFO neutron.services.segments.plugin [-] Segment de7dbbaa-f653-424e-9eb5-323385ae7f68 resource provider aggregate not found
2026-07-02 01:36:30.504 10 INFO neutron.services.segments.plugin [-] Segment de7dbbaa-f653-424e-9eb5-323385ae7f68 resource provider not found; error: Placement Client Error (4xx): {"errors": [{"status": 404, "title": "Not Found", "detail": "The resource could not be found.\n\n No resource provider with uuid de7dbbaa-f653-424e-9eb5-323385ae7f68 found for delete ", "request_id": "req-b4399be8-cb7a-4623-9411-e727708020e0"}]}
2026-07-02 01:36:30.507 10 INFO neutron.services.segments.plugin [-] Segment de7dbbaa-f653-424e-9eb5-323385ae7f68 resource provider not found; error: Placement Client Error (4xx): {"errors": [{"status": 404, "title": "Not Found", "detail": "The resource could not be found.\n\n No resource provider with uuid de7dbbaa-f653-424e-9eb5-323385ae7f68 found for delete ", "request_id": "req-ac5fadae-c616-4aa9-84df-b3fd7c603753"}]}
2026-07-02 01:36:30.520 10 INFO neutron.services.segments.plugin [-] Segment 391c2d5a-f082-4e3d-aaed-a7e337a9e323 resource provider aggregate not found
2026-07-02 01:36:30.524 10 INFO neutron.services.segments.plugin [-] Segment 391c2d5a-f082-4e3d-aaed-a7e337a9e323 resource provider aggregate not found
2026-07-02 01:36:30.530 10 INFO neutron.services.segments.plugin [-] Segment 391c2d5a-f082-4e3d-aaed-a7e337a9e323 resource provider not found; error: Placement Client Error (4xx): {"errors": [{"status": 404, "title": "Not Found", "detail": "The resource could not be found.\n\n No resource provider with uuid 391c2d5a-f082-4e3d-aaed-a7e337a9e323 found for delete ", "request_id": "req-20af4968-5284-4240-ae8c-1c59a0dc4d81"}]}
2026-07-02 01:36:30.533 10 INFO neutron.services.segments.plugin [-] Segment 391c2d5a-f082-4e3d-aaed-a7e337a9e323 resource provider not found; error: Placement Client Error (4xx): {"errors": [{"status": 404, "title": "Not Found", "detail": "The resource could not be found.\n\n No resource provider with uuid 391c2d5a-f082-4e3d-aaed-a7e337a9e323 found for delete ", "request_id": "req-b97708c4-18ec-41c9-816c-cd0c027db367"}]}
2026-07-02 01:36:30.537 9 INFO neutron.db.ovn_revision_numbers_db [None req-1a56bd28-5787-41a3-9e49-7f49d0c558f6 985403cda4d940b183cd576488da77d4 93f25eb777f04acf9caf087e943248ee - - default default] Successfully bumped revision number for resource b72ae6ce-a98b-4744-8037-7ae268572ec7 (type: networks) to 1
2026-07-02 01:36:30.546 10 INFO neutron.services.segments.plugin [-] Segment deae980a-fd44-46c7-b124-137c7bc997ad resource provider aggregate not found
2026-07-02 01:36:30.551 10 INFO neutron.services.segments.plugin [-] Segment deae980a-fd44-46c7-b124-137c7bc997ad resource provider aggregate not found
2026-07-02 01:36:30.556 10 INFO neutron.services.segments.plugin [-] Segment deae980a-fd44-46c7-b124-137c7bc997ad resource provider not found; error: Placement Client Error (4xx): {"errors": [{"status": 404, "title": "Not Found", "detail": "The resource could not be found.\n\n No resource provider with uuid deae980a-fd44-46c7-b124-137c7bc997ad found for delete ", "request_id": "req-06812492-08d8-43ea-856f-aca250211a1f"}]}
2026-07-02 01:36:30.563 10 INFO neutron.services.segments.plugin [-] Segment deae980a-fd44-46c7-b124-137c7bc997ad resource provider not found; error: Placement Client Error (4xx): {"errors": [{"status": 404, "title": "Not Found", "detail": "The resource could not be found.\n\n No resource provider with uuid deae980a-fd44-46c7-b124-137c7bc997ad found for delete ", "request_id": "req-50918067-01f4-43f5-9359-c3d1cc85ca60"}]}
2026-07-02 01:36:30.578 10 INFO neutron.services.segments.plugin [-] Segment a2c41ed7-5ab9-4151-9556-c2344b71945b resource provider aggregate not found
2026-07-02 01:36:30.589 10 INFO neutron.services.segments.plugin [-] Segment a2c41ed7-5ab9-4151-9556-c2344b71945b resource provider aggregate not found
2026-07-02 01:36:30.596 10 INFO neutron.services.segments.plugin [-] Segment a2c41ed7-5ab9-4151-9556-c2344b71945b resource provider not found; error: Placement Client Error (4xx): {"errors": [{"status": 404, "title": "Not Found", "detail": "The resource could not be found.\n\n No resource provider with uuid a2c41ed7-5ab9-4151-9556-c2344b71945b found for delete ", "request_id": "req-e61057e4-ce3a-4a2a-966f-814d872dcc23"}]}
2026-07-02 01:36:30.604 10 INFO neutron.services.segments.plugin [-] Segment a2c41ed7-5ab9-4151-9556-c2344b71945b resource provider not found; error: Placement Client Error (4xx): {"errors": [{"status": 404, "title": "Not Found", "detail": "The resource could not be found.\n\n No resource provider with uuid a2c41ed7-5ab9-4151-9556-c2344b71945b found for delete ", "request_id": "req-11a6a353-9e11-425e-9d74-3a80c320aeee"}]}
2026-07-02 01:36:30.631 10 INFO neutron.api.wsgi [None req-fb723614-28c6-461b-a808-5f088d1b6060 bb8f8a4744a943b1a022ce0bfe6af3d7 3f1d393db22a44829291b326e6aceefc - - default default] 10.0.0.92 "DELETE /v2.0/networks/976f9354-07c4-43a2-a351-4846d7abc017 HTTP/1.1" status: 204 len: 168 time: 0.5404594
2026-07-02 01:36:30.651 10 INFO neutron.pecan_wsgi.hooks.translation [None req-472a2748-bc81-4c3a-b618-9a7240b59858 bb8f8a4744a943b1a022ce0bfe6af3d7 3f1d393db22a44829291b326e6aceefc - - default default] DELETE failed (client error): The resource could not be found.
2026-07-02 01:36:30.653 10 INFO neutron.api.wsgi [None req-472a2748-bc81-4c3a-b618-9a7240b59858 bb8f8a4744a943b1a022ce0bfe6af3d7 3f1d393db22a44829291b326e6aceefc - - default default] 10.0.0.92 "DELETE /v2.0/networks/976f9354-07c4-43a2-a351-4846d7abc017 HTTP/1.1" status: 404 len: 339 time: 0.0146489
2026-07-02 01:36:30.689 10 WARNING neutron.scheduler.dhcp_agent_scheduler [None req-7af6104c-4554-4600-90f0-bf8f18484198 de8e5301c4d743eda2ffa80d2f60dec8 fa2a1b27195e48a7828e58477d3d814d - - default default] No more DHCP agents
2026-07-02 01:36:30.691 10 WARNING neutron.api.rpc.agentnotifiers.dhcp_rpc_agent_api [None req-7af6104c-4554-4600-90f0-bf8f18484198 de8e5301c4d743eda2ffa80d2f60dec8 fa2a1b27195e48a7828e58477d3d814d - - default default] Unable to schedule network a3eaa6f6-e4a4-4e17-9c46-b9e80d892bd0: no agents available; will retry on subsequent port and subnet creation events.
2026-07-02 01:36:30.712 10 INFO neutron.api.wsgi [None req-581f1b69-009f-4396-9f83-5db08313a11a bb8f8a4744a943b1a022ce0bfe6af3d7 3f1d393db22a44829291b326e6aceefc - - default default] 10.0.0.92 "GET /v2.0/networks?router%3Aexternal=True HTTP/1.1" status: 200 len: 845 time: 0.0507479
2026-07-02 01:36:30.730 9 WARNING neutron.scheduler.dhcp_agent_scheduler [None req-1a56bd28-5787-41a3-9e49-7f49d0c558f6 985403cda4d940b183cd576488da77d4 93f25eb777f04acf9caf087e943248ee - - default default] No more DHCP agents
2026-07-02 01:36:30.731 9 WARNING neutron.api.rpc.agentnotifiers.dhcp_rpc_agent_api [None req-1a56bd28-5787-41a3-9e49-7f49d0c558f6 985403cda4d940b183cd576488da77d4 93f25eb777f04acf9caf087e943248ee - - default default] Unable to schedule network b72ae6ce-a98b-4744-8037-7ae268572ec7: no agents available; will retry on subsequent port and subnet creation events.
2026-07-02 01:36:30.752 10 INFO neutron.api.wsgi [None req-fe8dc000-8121-4743-887e-e50f8db4458a bb8f8a4744a943b1a022ce0bfe6af3d7 3f1d393db22a44829291b326e6aceefc - - default default] 10.0.0.92 "GET /v2.0/subnets?network_id=a5a76a20-a48f-4d60-b560-1b9cf6fcba93 HTTP/1.1" status: 200 len: 843 time: 0.0340266
2026-07-02 01:36:30.762 10 INFO neutron.api.wsgi [None req-3cb3dcf4-aab5-46b3-8ddf-b80936d243fd bb8f8a4744a943b1a022ce0bfe6af3d7 3f1d393db22a44829291b326e6aceefc - - default default] 10.0.0.92 "GET /v2.0/extensions HTTP/1.1" status: 200 len: 19293 time: 0.0041552
2026-07-02 01:36:30.766 10 INFO neutron.db.ovn_revision_numbers_db [None req-7af6104c-4554-4600-90f0-bf8f18484198 de8e5301c4d743eda2ffa80d2f60dec8 fa2a1b27195e48a7828e58477d3d814d - - default default] Successfully bumped revision number for resource 9dbf815a-b20f-45f0-a322-efd609875078 (type: ports) to 1
2026-07-02 01:36:30.787 9 INFO neutron.api.wsgi [None req-c38c68f9-b4ce-4d54-93b7-ce85e1b969b8 3e01dbd7e1704f9db4666c59b8ae46bc 2c5cb693a75c4cc8bb6350c86fae6bfe - - default default] 10.0.0.92 "GET /v2.0/security-groups?tenant_id=eefe17140fc64cbca74dd2123d71d420&name=default HTTP/1.1" status: 200 len: 3120 time: 0.1841016
2026-07-02 01:36:30.807 10 INFO neutron.api.wsgi [None req-7af6104c-4554-4600-90f0-bf8f18484198 de8e5301c4d743eda2ffa80d2f60dec8 fa2a1b27195e48a7828e58477d3d814d - - default default] 10.0.0.92 "POST /v2.0/networks HTTP/1.1" status: 201 len: 849 time: 0.6155212
2026-07-02 01:36:30.817 10 WARNING neutron_lib.context [None req-a3a58f6e-d1cf-4ad3-be4e-849182e255cb de8e5301c4d743eda2ffa80d2f60dec8 fa2a1b27195e48a7828e58477d3d814d - - default default] Method 'is_advsvc' is deprecated since 2023.2 release (neutron-lib 3.8.0) and will be removed once support for the old RBAC API policies will be removed from Neutron. Please use method 'is_service_role' instead.
2026-07-02 01:36:30.823 9 INFO neutron.db.ovn_revision_numbers_db [None req-1a56bd28-5787-41a3-9e49-7f49d0c558f6 985403cda4d940b183cd576488da77d4 93f25eb777f04acf9caf087e943248ee - - default default] Successfully bumped revision number for resource 4ffd4fd0-c0d8-417b-82fe-f00e947b05de (type: ports) to 1
2026-07-02 01:36:30.828 10 INFO neutron.api.wsgi [None req-df572e68-e868-40f8-9779-e05f44daf196 bb8f8a4744a943b1a022ce0bfe6af3d7 3f1d393db22a44829291b326e6aceefc - - default default] 10.0.0.92 "GET /v2.0/networks HTTP/1.1" status: 200 len: 1508 time: 0.0592709
2026-07-02 01:36:30.851 9 INFO neutron.api.wsgi [None req-1a56bd28-5787-41a3-9e49-7f49d0c558f6 985403cda4d940b183cd576488da77d4 93f25eb777f04acf9caf087e943248ee - - default default] 10.0.0.92 "POST /v2.0/networks HTTP/1.1" status: 201 len: 842 time: 0.5342243
2026-07-02 01:36:30.871 9 INFO neutron.api.wsgi [None req-54a8974b-0dea-4289-9a2c-0cdf69acf789 bb8f8a4744a943b1a022ce0bfe6af3d7 3f1d393db22a44829291b326e6aceefc - - default default] 10.0.0.92 "GET /v2.0/subnets HTTP/1.1" status: 200 len: 1507 time: 0.0339718
2026-07-02 01:36:30.900 10 INFO neutron.db.segments_db [None req-a3a58f6e-d1cf-4ad3-be4e-849182e255cb de8e5301c4d743eda2ffa80d2f60dec8 fa2a1b27195e48a7828e58477d3d814d - - default default] Added segment 373c5140-6e93-438e-8ed1-b9a863555ae6 of type geneve for network d42eaf90-0fac-4a7f-84d8-f6ee4de1113f
2026-07-02 01:36:30.922 9 INFO neutron.api.wsgi [None req-b3a9d049-ace2-4a2a-bb6a-78622848170d bb8f8a4744a943b1a022ce0bfe6af3d7 3f1d393db22a44829291b326e6aceefc - - default default] 10.0.0.92 "GET /v2.0/networks/9c29be2c-e419-45ec-8536-5c0889f67eca HTTP/1.1" status: 200 len: 867 time: 0.0448225
2026-07-02 01:36:30.984 9 INFO neutron.api.wsgi [None req-c5a89f59-f113-4ccf-85c3-749a10c95726 bb8f8a4744a943b1a022ce0bfe6af3d7 3f1d393db22a44829291b326e6aceefc - - default default] 10.0.0.92 "GET /v2.0/subnets/964a8417-722f-442c-bf19-fb3e8b3b5636 HTTP/1.1" status: 200 len: 867 time: 0.0533564
2026-07-02 01:36:31.001 9 INFO neutron.pecan_wsgi.hooks.translation [None req-725c3f29-3490-4961-944c-21db43610aec bb8f8a4744a943b1a022ce0bfe6af3d7 3f1d393db22a44829291b326e6aceefc - - default default] DELETE failed (client error): The resource could not be found.
2026-07-02 01:36:31.003 9 INFO neutron.api.wsgi [None req-725c3f29-3490-4961-944c-21db43610aec bb8f8a4744a943b1a022ce0bfe6af3d7 3f1d393db22a44829291b326e6aceefc - - default default] 10.0.0.92 "DELETE /v2.0/subnets/21531c9a-4680-43ab-9f74-0478d2da2b6a HTTP/1.1" status: 404 len: 337 time: 0.0115874
2026-07-02 01:36:31.006 10 INFO neutron.db.ovn_revision_numbers_db [None req-06dcc7de-553a-41fd-a5f7-af22121e39e2 985403cda4d940b183cd576488da77d4 93f25eb777f04acf9caf087e943248ee - - default default] Successfully bumped revision number for resource b72ae6ce-a98b-4744-8037-7ae268572ec7 (type: networks) to 2
2026-07-02 01:36:31.009 10 INFO neutron.api.wsgi [None req-06dcc7de-553a-41fd-a5f7-af22121e39e2 985403cda4d940b183cd576488da77d4 93f25eb777f04acf9caf087e943248ee - - default default] 10.0.0.92 "PUT /v2.0/networks/b72ae6ce-a98b-4744-8037-7ae268572ec7 HTTP/1.1" status: 200 len: 792 time: 0.1528547
