2026-07-02 01:36:20.478 9 WARNING neutron.scheduler.dhcp_agent_scheduler [None req-71d89804-53ea-4d77-8426-6b835c1b7c48 449db100df714387a4813f4b30093f4e bde139bbdb4d4cfaaf5b85f084cc67e3 - - default default] No more DHCP agents
2026-07-02 01:36:20.479 9 WARNING neutron.api.rpc.agentnotifiers.dhcp_rpc_agent_api [None req-71d89804-53ea-4d77-8426-6b835c1b7c48 449db100df714387a4813f4b30093f4e bde139bbdb4d4cfaaf5b85f084cc67e3 - - default default] Unable to schedule network 79c66928-c5d9-41e3-92ee-505b5876745c: no agents available; will retry on subsequent port and subnet creation events.
2026-07-02 01:36:20.544 9 INFO neutron.db.ovn_revision_numbers_db [None req-71d89804-53ea-4d77-8426-6b835c1b7c48 449db100df714387a4813f4b30093f4e bde139bbdb4d4cfaaf5b85f084cc67e3 - - default default] Successfully bumped revision number for resource 1faffba5-9927-48c2-b208-4ba89474aaf6 (type: ports) to 1
2026-07-02 01:36:20.563 9 INFO neutron.api.wsgi [None req-71d89804-53ea-4d77-8426-6b835c1b7c48 449db100df714387a4813f4b30093f4e bde139bbdb4d4cfaaf5b85f084cc67e3 - - default default] 10.0.0.92 "POST /v2.0/networks HTTP/1.1" status: 201 len: 852 time: 0.4939265
2026-07-02 01:36:20.566 10 INFO neutron.db.ovn_revision_numbers_db [None req-4f08dc70-f9a8-4c6a-bebc-fd8b3711a28c 4ddb8eaa70d848339fafe153ae63dc2d a2e58068cf034097957734da233a18e5 - - default default] Successfully bumped revision number for resource 1563c9d7-341a-480c-a2a0-85fcd65972d3 (type: floatingips) to 3
2026-07-02 01:36:20.580 10 WARNING neutron_lib.context [None req-dd795d33-f5cf-4b01-b700-d60adb8e1153 449db100df714387a4813f4b30093f4e bde139bbdb4d4cfaaf5b85f084cc67e3 - - default default] Method 'is_advsvc' is deprecated since 2023.2 release (neutron-lib 3.8.0) and will be removed once support for the old RBAC API policies will be removed from Neutron. Please use method 'is_service_role' instead.
2026-07-02 01:36:20.633 10 INFO neutron.db.l3_db [None req-4f08dc70-f9a8-4c6a-bebc-fd8b3711a28c 4ddb8eaa70d848339fafe153ae63dc2d a2e58068cf034097957734da233a18e5 - - default default] Floating IP 1563c9d7-341a-480c-a2a0-85fcd65972d3 disassociated. External IP: 10.96.250.215, port: 2752f51d-7f24-49f2-8ab5-c732e5011cbb.
2026-07-02 01:36:20.659 10 INFO neutron.api.wsgi [None req-4f08dc70-f9a8-4c6a-bebc-fd8b3711a28c 4ddb8eaa70d848339fafe153ae63dc2d a2e58068cf034097957734da233a18e5 - - default default] 10.0.0.92 "PUT /v2.0/floatingips/1563c9d7-341a-480c-a2a0-85fcd65972d3 HTTP/1.1" status: 200 len: 748 time: 0.2751372 /var/lib/openstack/lib/python3.12/site-packages/pycadf/identifier.py:71: UserWarning: Invalid uuid: neutron. To ensure interoperability, identifiers should be a valid uuid. warnings.warn(('Invalid uuid: %s. To ensure interoperability, '
2026-07-02 01:36:20.674 10 INFO neutron.db.segments_db [None req-dd795d33-f5cf-4b01-b700-d60adb8e1153 449db100df714387a4813f4b30093f4e bde139bbdb4d4cfaaf5b85f084cc67e3 - - default default] Added segment 0fd9e601-9948-42cf-acd1-89f97b355a9f of type geneve for network 2a177ea2-cdf6-4573-ae30-7c53772d8ac7
2026-07-02 01:36:20.683 10 INFO neutron.api.wsgi [None req-89516ac9-f54b-4a87-ba00-8c7136d49783 3e01dbd7e1704f9db4666c59b8ae46bc 2c5cb693a75c4cc8bb6350c86fae6bfe - - default default] 10.0.0.92 "DELETE /v2.0/security-groups/047e5d00-3dea-41c1-931b-a1f70419507b HTTP/1.1" status: 204 len: 168 time: 0.2705650
2026-07-02 01:36:20.685 9 WARNING neutron_lib.context [None req-c5240ac3-c5b8-4b7f-984b-45730fd0bda5 5f4d673e24b44219a3d20b66316a4ccc eefe17140fc64cbca74dd2123d71d420 - - default default] Method 'is_advsvc' is deprecated since 2023.2 release (neutron-lib 3.8.0) and will be removed once support for the old RBAC API policies will be removed from Neutron. Please use method 'is_service_role' instead.
2026-07-02 01:36:20.779 10 INFO neutron.db.ovn_revision_numbers_db [None req-dd795d33-f5cf-4b01-b700-d60adb8e1153 449db100df714387a4813f4b30093f4e bde139bbdb4d4cfaaf5b85f084cc67e3 - - default default] Successfully bumped revision number for resource 2a177ea2-cdf6-4573-ae30-7c53772d8ac7 (type: networks) to 1
2026-07-02 01:36:20.850 9 INFO neutron.db.ovn_revision_numbers_db [None req-c5240ac3-c5b8-4b7f-984b-45730fd0bda5 5f4d673e24b44219a3d20b66316a4ccc eefe17140fc64cbca74dd2123d71d420 - - default default] Successfully bumped revision number for resource 22094e2b-4565-40ac-b32d-873164e5ce66 (type: security_groups) to 1
2026-07-02 01:36:20.862 9 INFO neutron.db.ovn_revision_numbers_db [None req-c5240ac3-c5b8-4b7f-984b-45730fd0bda5 5f4d673e24b44219a3d20b66316a4ccc eefe17140fc64cbca74dd2123d71d420 - - default default] Successfully bumped revision number for resource 2979e8e5-3f28-4baa-9194-c0fc58411579 (type: security_group_rules) to 0
2026-07-02 01:36:20.874 9 INFO neutron.db.ovn_revision_numbers_db [None req-c5240ac3-c5b8-4b7f-984b-45730fd0bda5 5f4d673e24b44219a3d20b66316a4ccc eefe17140fc64cbca74dd2123d71d420 - - default default] Successfully bumped revision number for resource 2fc7d268-7e24-4bb8-ab2c-ab374efae296 (type: security_group_rules) to 0
2026-07-02 01:36:20.884 9 INFO neutron.db.ovn_revision_numbers_db [None req-c5240ac3-c5b8-4b7f-984b-45730fd0bda5 5f4d673e24b44219a3d20b66316a4ccc eefe17140fc64cbca74dd2123d71d420 - - default default] Successfully bumped revision number for resource 9305929c-0c07-48db-9692-f23608f47771 (type: security_group_rules) to 0
2026-07-02 01:36:20.901 9 INFO neutron.db.ovn_revision_numbers_db [None req-c5240ac3-c5b8-4b7f-984b-45730fd0bda5 5f4d673e24b44219a3d20b66316a4ccc eefe17140fc64cbca74dd2123d71d420 - - default default] Successfully bumped revision number for resource da0e97f0-671f-4e0f-a293-0c98c07eaa62 (type: security_group_rules) to 0
2026-07-02 01:36:20.927 10 WARNING neutron.scheduler.dhcp_agent_scheduler [None req-dd795d33-f5cf-4b01-b700-d60adb8e1153 449db100df714387a4813f4b30093f4e bde139bbdb4d4cfaaf5b85f084cc67e3 - - default default] No more DHCP agents
2026-07-02 01:36:20.928 10 WARNING neutron.api.rpc.agentnotifiers.dhcp_rpc_agent_api [None req-dd795d33-f5cf-4b01-b700-d60adb8e1153 449db100df714387a4813f4b30093f4e bde139bbdb4d4cfaaf5b85f084cc67e3 - - default default] Unable to schedule network 2a177ea2-cdf6-4573-ae30-7c53772d8ac7: no agents available; will retry on subsequent port and subnet creation events.
2026-07-02 01:36:20.973 9 INFO neutron.db.segments_db [None req-c5240ac3-c5b8-4b7f-984b-45730fd0bda5 5f4d673e24b44219a3d20b66316a4ccc eefe17140fc64cbca74dd2123d71d420 - - default default] Added segment cb2fb125-f7d8-44b3-b3c1-3c62253f4336 of type geneve for network 90b8fa7b-b329-4472-b1c2-3b01d80a4518
2026-07-02 01:36:20.982 9 INFO neutron.api.wsgi [None req-554d7bf8-f5f2-48db-b790-ea8ffc498d76 4ddb8eaa70d848339fafe153ae63dc2d a2e58068cf034097957734da233a18e5 - - default default] 10.0.0.92 "DELETE /v2.0/floatingips/1563c9d7-341a-480c-a2a0-85fcd65972d3 HTTP/1.1" status: 204 len: 168 time: 0.3176286
2026-07-02 01:36:20.985 10 INFO neutron.db.ovn_revision_numbers_db [None req-dd795d33-f5cf-4b01-b700-d60adb8e1153 449db100df714387a4813f4b30093f4e bde139bbdb4d4cfaaf5b85f084cc67e3 - - default default] Successfully bumped revision number for resource f38b8cd2-4f94-4e81-9c5d-4a4e15c911d7 (type: ports) to 1
2026-07-02 01:36:21.000 10 INFO neutron.api.wsgi [None req-dd795d33-f5cf-4b01-b700-d60adb8e1153 449db100df714387a4813f4b30093f4e bde139bbdb4d4cfaaf5b85f084cc67e3 - - default default] 10.0.0.92 "POST /v2.0/networks HTTP/1.1" status: 201 len: 853 time: 0.4320650
2026-07-02 01:36:21.004 9 INFO neutron.api.v2.resource [None req-d2daaa57-4bda-43a3-90de-84fbcea102f8 4ddb8eaa70d848339fafe153ae63dc2d a2e58068cf034097957734da233a18e5 - - default default] delete failed (client error): The resource could not be found.
2026-07-02 01:36:21.004 9 INFO neutron.api.wsgi [None req-d2daaa57-4bda-43a3-90de-84fbcea102f8 4ddb8eaa70d848339fafe153ae63dc2d a2e58068cf034097957734da233a18e5 - - default default] 10.0.0.92 "DELETE /v2.0/floatingips/1563c9d7-341a-480c-a2a0-85fcd65972d3 HTTP/1.1" status: 404 len: 345 time: 0.0167475
2026-07-02 01:36:21.011 9 WARNING neutron_lib.context [None req-4dfffebd-1718-4d7b-8f33-d5a92c1c436a 449db100df714387a4813f4b30093f4e bde139bbdb4d4cfaaf5b85f084cc67e3 - - default default] Method 'is_advsvc' is deprecated since 2023.2 release (neutron-lib 3.8.0) and will be removed once support for the old RBAC API policies will be removed from Neutron. Please use method 'is_service_role' instead.
2026-07-02 01:36:21.041 9 WARNING neutron_lib.context [None req-4dfffebd-1718-4d7b-8f33-d5a92c1c436a 449db100df714387a4813f4b30093f4e bde139bbdb4d4cfaaf5b85f084cc67e3 - - default default] Method 'is_advsvc' is deprecated since 2023.2 release (neutron-lib 3.8.0) and will be removed once support for the old RBAC API policies will be removed from Neutron. Please use method 'is_service_role' instead.
2026-07-02 01:36:21.109 9 INFO neutron.db.ovn_revision_numbers_db [None req-c5240ac3-c5b8-4b7f-984b-45730fd0bda5 5f4d673e24b44219a3d20b66316a4ccc eefe17140fc64cbca74dd2123d71d420 - - default default] Successfully bumped revision number for resource 90b8fa7b-b329-4472-b1c2-3b01d80a4518 (type: networks) to 1
2026-07-02 01:36:21.250 10 WARNING neutron.plugins.ml2.drivers.ovn.mech_driver.ovsdb.ovn_client [None req-835593a5-fe81-47c0-8374-aecb950ca61c - - - - - -] No hosting information found for port da7e9d7b-0045-449e-8844-b7b9beafc75f: RuntimeError: No hosting information found for port da7e9d7b-0045-449e-8844-b7b9beafc75f
2026-07-02 01:36:21.307 9 WARNING neutron.scheduler.dhcp_agent_scheduler [None req-c5240ac3-c5b8-4b7f-984b-45730fd0bda5 5f4d673e24b44219a3d20b66316a4ccc eefe17140fc64cbca74dd2123d71d420 - - default default] No more DHCP agents
2026-07-02 01:36:21.312 9 WARNING neutron.api.rpc.agentnotifiers.dhcp_rpc_agent_api [None req-c5240ac3-c5b8-4b7f-984b-45730fd0bda5 5f4d673e24b44219a3d20b66316a4ccc eefe17140fc64cbca74dd2123d71d420 - - default default] Unable to schedule network 90b8fa7b-b329-4472-b1c2-3b01d80a4518: no agents available; will retry on subsequent port and subnet creation events.
2026-07-02 01:36:21.318 10 INFO neutron.db.ovn_revision_numbers_db [None req-835593a5-fe81-47c0-8374-aecb950ca61c - - - - - -] Successfully bumped revision number for resource da7e9d7b-0045-449e-8844-b7b9beafc75f (type: router_ports) to 2
2026-07-02 01:36:21.385 10 INFO neutron.api.wsgi [None req-295a7695-9022-4c65-83a8-25090532811e 4ddb8eaa70d848339fafe153ae63dc2d a2e58068cf034097957734da233a18e5 - - default default] 10.0.0.92 "DELETE /v2.0/ports/2752f51d-7f24-49f2-8ab5-c732e5011cbb HTTP/1.1" status: 204 len: 168 time: 0.3752367 /var/lib/openstack/lib/python3.12/site-packages/pycadf/identifier.py:71: UserWarning: Invalid uuid: neutron. To ensure interoperability, identifiers should be a valid uuid. warnings.warn(('Invalid uuid: %s. To ensure interoperability, '
2026-07-02 01:36:21.402 9 INFO neutron.db.ovn_revision_numbers_db [None req-c5240ac3-c5b8-4b7f-984b-45730fd0bda5 5f4d673e24b44219a3d20b66316a4ccc eefe17140fc64cbca74dd2123d71d420 - - default default] Successfully bumped revision number for resource e6e2a094-f394-41fe-bfe7-b950d86563a2 (type: ports) to 1
2026-07-02 01:36:21.444 9 INFO neutron.api.wsgi [None req-c5240ac3-c5b8-4b7f-984b-45730fd0bda5 5f4d673e24b44219a3d20b66316a4ccc eefe17140fc64cbca74dd2123d71d420 - - default default] 10.0.0.92 "POST /v2.0/networks HTTP/1.1" status: 201 len: 831 time: 0.7926056
2026-07-02 01:36:21.455 10 WARNING neutron_lib.context [None req-5e7b8acf-b94a-4142-9e2b-dfc2422117e1 5f4d673e24b44219a3d20b66316a4ccc eefe17140fc64cbca74dd2123d71d420 - - default default] Method 'is_advsvc' is deprecated since 2023.2 release (neutron-lib 3.8.0) and will be removed once support for the old RBAC API policies will be removed from Neutron. Please use method 'is_service_role' instead.
2026-07-02 01:36:21.523 9 WARNING neutron.scheduler.dhcp_agent_scheduler [None req-4dfffebd-1718-4d7b-8f33-d5a92c1c436a 449db100df714387a4813f4b30093f4e bde139bbdb4d4cfaaf5b85f084cc67e3 - - default default] No more DHCP agents
2026-07-02 01:36:21.524 9 WARNING neutron.api.rpc.agentnotifiers.dhcp_rpc_agent_api [None req-4dfffebd-1718-4d7b-8f33-d5a92c1c436a 449db100df714387a4813f4b30093f4e bde139bbdb4d4cfaaf5b85f084cc67e3 - - default default] Unable to schedule network 79c66928-c5d9-41e3-92ee-505b5876745c: no agents available; will retry on subsequent port and subnet creation events.
2026-07-02 01:36:21.595 9 INFO neutron.db.ovn_revision_numbers_db [None req-4dfffebd-1718-4d7b-8f33-d5a92c1c436a 449db100df714387a4813f4b30093f4e bde139bbdb4d4cfaaf5b85f084cc67e3 - - default default] Successfully bumped revision number for resource a920563b-d841-4036-a6f4-7e005d24fb03 (type: ports) to 1
2026-07-02 01:36:21.641 9 WARNING neutron.scheduler.dhcp_agent_scheduler [None req-4dfffebd-1718-4d7b-8f33-d5a92c1c436a 449db100df714387a4813f4b30093f4e bde139bbdb4d4cfaaf5b85f084cc67e3 - - default default] No more DHCP agents
2026-07-02 01:36:21.642 9 WARNING neutron.api.rpc.agentnotifiers.dhcp_rpc_agent_api [None req-4dfffebd-1718-4d7b-8f33-d5a92c1c436a 449db100df714387a4813f4b30093f4e bde139bbdb4d4cfaaf5b85f084cc67e3 - - default default] Unable to schedule network 2a177ea2-cdf6-4573-ae30-7c53772d8ac7: no agents available; will retry on subsequent port and subnet creation events.
2026-07-02 01:36:21.645 9 INFO neutron.services.segments.plugin [-] Segment 29ab38f0-c4d3-42d5-889c-5e64ecb35408 resource provider aggregate not found
2026-07-02 01:36:21.649 9 INFO neutron.services.segments.plugin [-] Segment 29ab38f0-c4d3-42d5-889c-5e64ecb35408 resource provider aggregate not found
2026-07-02 01:36:21.666 9 INFO neutron.services.segments.plugin [-] Segment 29ab38f0-c4d3-42d5-889c-5e64ecb35408 resource provider not found; error: Placement Client Error (4xx): {"errors": [{"status": 404, "title": "Not Found", "detail": "The resource could not be found.\n\n No resource provider with uuid 29ab38f0-c4d3-42d5-889c-5e64ecb35408 found for delete ", "request_id": "req-114392f7-1460-47ff-a0a0-6d6ec75b1479"}]}
2026-07-02 01:36:21.667 9 INFO neutron.services.segments.plugin [-] Segment 29ab38f0-c4d3-42d5-889c-5e64ecb35408 resource provider not found; error: Placement Client Error (4xx): {"errors": [{"status": 404, "title": "Not Found", "detail": "The resource could not be found.\n\n No resource provider with uuid 29ab38f0-c4d3-42d5-889c-5e64ecb35408 found for delete ", "request_id": "req-e30ae595-63db-4329-9e56-a1c3309d3884"}]}
2026-07-02 01:36:21.724 10 WARNING neutron.scheduler.dhcp_agent_scheduler [None req-5e7b8acf-b94a-4142-9e2b-dfc2422117e1 5f4d673e24b44219a3d20b66316a4ccc eefe17140fc64cbca74dd2123d71d420 - - default default] No more DHCP agents
2026-07-02 01:36:21.726 10 WARNING neutron.api.rpc.agentnotifiers.dhcp_rpc_agent_api [None req-5e7b8acf-b94a-4142-9e2b-dfc2422117e1 5f4d673e24b44219a3d20b66316a4ccc eefe17140fc64cbca74dd2123d71d420 - - default default] Unable to schedule network 90b8fa7b-b329-4472-b1c2-3b01d80a4518: no agents available; will retry on subsequent port and subnet creation events.
2026-07-02 01:36:21.726 9 INFO neutron.db.ovn_revision_numbers_db [None req-4dfffebd-1718-4d7b-8f33-d5a92c1c436a 449db100df714387a4813f4b30093f4e bde139bbdb4d4cfaaf5b85f084cc67e3 - - default default] Successfully bumped revision number for resource e7b12038-34d7-4f4e-8881-8509c8bdfdfb (type: ports) to 1
2026-07-02 01:36:21.749 9 INFO neutron.api.wsgi [None req-4dfffebd-1718-4d7b-8f33-d5a92c1c436a 449db100df714387a4813f4b30093f4e bde139bbdb4d4cfaaf5b85f084cc67e3 - - default default] 10.0.0.92 "POST /v2.0/ports HTTP/1.1" status: 201 len: 1705 time: 0.7429862 /var/lib/openstack/lib/python3.12/site-packages/pycadf/identifier.py:71: UserWarning: Invalid uuid: neutron. To ensure interoperability, identifiers should be a valid uuid. warnings.warn(('Invalid uuid: %s. To ensure interoperability, '
2026-07-02 01:36:21.765 10 INFO neutron.api.wsgi [None req-e2fd9fe7-d325-4366-8461-467583d88242 4ddb8eaa70d848339fafe153ae63dc2d a2e58068cf034097957734da233a18e5 - - default default] 10.0.0.92 "DELETE /v2.0/ports/8450453e-19c0-4a18-b48d-17fd2d14de06 HTTP/1.1" status: 204 len: 168 time: 0.3770700
2026-07-02 01:36:21.789 10 INFO neutron.db.ovn_revision_numbers_db [None req-5e7b8acf-b94a-4142-9e2b-dfc2422117e1 5f4d673e24b44219a3d20b66316a4ccc eefe17140fc64cbca74dd2123d71d420 - - default default] Successfully bumped revision number for resource 93698aeb-1345-4044-aa6f-52d205029551 (type: ports) to 1
2026-07-02 01:36:21.807 10 INFO neutron.api.wsgi [None req-5e7b8acf-b94a-4142-9e2b-dfc2422117e1 5f4d673e24b44219a3d20b66316a4ccc eefe17140fc64cbca74dd2123d71d420 - - default default] 10.0.0.92 "POST /v2.0/ports HTTP/1.1" status: 201 len: 942 time: 0.3573575
2026-07-02 01:36:21.817 9 WARNING neutron_lib.context [None req-037d2182-6659-42dd-8c04-70509311b866 5f4d673e24b44219a3d20b66316a4ccc eefe17140fc64cbca74dd2123d71d420 - - default default] Method 'is_advsvc' is deprecated since 2023.2 release (neutron-lib 3.8.0) and will be removed once support for the old RBAC API policies will be removed from Neutron. Please use method 'is_service_role' instead.
2026-07-02 01:36:21.864 9 INFO neutron.api.wsgi [None req-f900b277-54e3-4fee-8865-027516564bbc 4ddb8eaa70d848339fafe153ae63dc2d a2e58068cf034097957734da233a18e5 - - default default] 10.0.0.92 "GET /v2.0/ports?device_id=fd9370df-5b3a-4041-ace1-bc068e9f9999 HTTP/1.1" status: 200 len: 1140 time: 0.0953209
2026-07-02 01:36:21.914 9 INFO neutron.api.wsgi [None req-77337e41-0d51-491b-a63e-4be4318816c2 449db100df714387a4813f4b30093f4e bde139bbdb4d4cfaaf5b85f084cc67e3 - - default default] 10.0.0.92 "GET /v2.0/ports HTTP/1.1" status: 200 len: 3212 time: 0.1585541 /var/lib/openstack/lib/python3.12/site-packages/pycadf/identifier.py:71: UserWarning: Invalid uuid: neutron. To ensure interoperability, identifiers should be a valid uuid. warnings.warn(('Invalid uuid: %s. To ensure interoperability, '
2026-07-02 01:36:21.957 9 INFO neutron.db.segments_db [None req-037d2182-6659-42dd-8c04-70509311b866 5f4d673e24b44219a3d20b66316a4ccc eefe17140fc64cbca74dd2123d71d420 - - default default] Added segment de7dbbaa-f653-424e-9eb5-323385ae7f68 of type geneve for network 3999dfdd-9a63-4a28-8ca5-6c250f7e176f
2026-07-02 01:36:22.084 9 INFO neutron.db.ovn_revision_numbers_db [None req-037d2182-6659-42dd-8c04-70509311b866 5f4d673e24b44219a3d20b66316a4ccc eefe17140fc64cbca74dd2123d71d420 - - default default] Successfully bumped revision number for resource 3999dfdd-9a63-4a28-8ca5-6c250f7e176f (type: networks) to 1
2026-07-02 01:36:22.147 10 INFO neutron.api.wsgi [None req-23d9d7e6-18df-4770-a2e3-c9dbe7657660 449db100df714387a4813f4b30093f4e bde139bbdb4d4cfaaf5b85f084cc67e3 - - default default] 10.0.0.92 "DELETE /v2.0/ports/a920563b-d841-4036-a6f4-7e005d24fb03 HTTP/1.1" status: 204 len: 168 time: 0.2248905
2026-07-02 01:36:22.244 9 WARNING neutron.scheduler.dhcp_agent_scheduler [None req-037d2182-6659-42dd-8c04-70509311b866 5f4d673e24b44219a3d20b66316a4ccc eefe17140fc64cbca74dd2123d71d420 - - default default] No more DHCP agents
2026-07-02 01:36:22.246 9 WARNING neutron.api.rpc.agentnotifiers.dhcp_rpc_agent_api [None req-037d2182-6659-42dd-8c04-70509311b866 5f4d673e24b44219a3d20b66316a4ccc eefe17140fc64cbca74dd2123d71d420 - - default default] Unable to schedule network 3999dfdd-9a63-4a28-8ca5-6c250f7e176f: no agents available; will retry on subsequent port and subnet creation events.
2026-07-02 01:36:22.379 10 INFO neutron.api.wsgi [None req-401d5066-8fc8-47b4-aa31-2ad369a40be3 449db100df714387a4813f4b30093f4e bde139bbdb4d4cfaaf5b85f084cc67e3 - - default default] 10.0.0.92 "DELETE /v2.0/ports/e7b12038-34d7-4f4e-8881-8509c8bdfdfb HTTP/1.1" status: 204 len: 168 time: 0.2284787
2026-07-02 01:36:22.437 10 INFO neutron.api.wsgi [None req-5fcf5f02-5b55-4426-be08-7f38869eb4a0 449db100df714387a4813f4b30093f4e bde139bbdb4d4cfaaf5b85f084cc67e3 - - default default] 10.0.0.92 "GET /v2.0/ports HTTP/1.1" status: 200 len: 1718 time: 0.0532422
2026-07-02 01:36:22.448 10 WARNING neutron_lib.context [None req-434023dd-02a9-4116-989c-4693b5966d01 449db100df714387a4813f4b30093f4e bde139bbdb4d4cfaaf5b85f084cc67e3 - - default default] Method 'is_advsvc' is deprecated since 2023.2 release (neutron-lib 3.8.0) and will be removed once support for the old RBAC API policies will be removed from Neutron. Please use method 'is_service_role' instead.
2026-07-02 01:36:22.526 10 INFO neutron.db.segments_db [None req-434023dd-02a9-4116-989c-4693b5966d01 449db100df714387a4813f4b30093f4e bde139bbdb4d4cfaaf5b85f084cc67e3 - - default default] Added segment 8f74e1d3-a066-4889-ad83-08671ade1ff3 of type geneve for network 66433e01-09f3-4d81-a5f9-27ba2bf210a7
2026-07-02 01:36:22.540 9 INFO neutron.db.ovn_revision_numbers_db [None req-037d2182-6659-42dd-8c04-70509311b866 5f4d673e24b44219a3d20b66316a4ccc eefe17140fc64cbca74dd2123d71d420 - - default default] Successfully bumped revision number for resource 474eecb1-4fd1-44ea-904c-2ee52c2a0c1a (type: ports) to 1
2026-07-02 01:36:22.566 9 INFO neutron.api.wsgi [None req-037d2182-6659-42dd-8c04-70509311b866 5f4d673e24b44219a3d20b66316a4ccc eefe17140fc64cbca74dd2123d71d420 - - default default] 10.0.0.92 "POST /v2.0/networks HTTP/1.1" status: 201 len: 831 time: 0.7538929
2026-07-02 01:36:22.576 9 WARNING neutron_lib.context [None req-ce60dc45-23e2-4a8e-8424-00d5532a7078 5f4d673e24b44219a3d20b66316a4ccc eefe17140fc64cbca74dd2123d71d420 - - default default] Method 'is_advsvc' is deprecated since 2023.2 release (neutron-lib 3.8.0) and will be removed once support for the old RBAC API policies will be removed from Neutron. Please use method 'is_service_role' instead.
2026-07-02 01:36:22.644 10 INFO neutron.db.ovn_revision_numbers_db [None req-434023dd-02a9-4116-989c-4693b5966d01 449db100df714387a4813f4b30093f4e bde139bbdb4d4cfaaf5b85f084cc67e3 - - default default] Successfully bumped revision number for resource 66433e01-09f3-4d81-a5f9-27ba2bf210a7 (type: networks) to 1
2026-07-02 01:36:22.797 10 WARNING neutron.scheduler.dhcp_agent_scheduler [None req-434023dd-02a9-4116-989c-4693b5966d01 449db100df714387a4813f4b30093f4e bde139bbdb4d4cfaaf5b85f084cc67e3 - - default default] No more DHCP agents
2026-07-02 01:36:22.798 10 WARNING neutron.api.rpc.agentnotifiers.dhcp_rpc_agent_api [None req-434023dd-02a9-4116-989c-4693b5966d01 449db100df714387a4813f4b30093f4e bde139bbdb4d4cfaaf5b85f084cc67e3 - - default default] Unable to schedule network 66433e01-09f3-4d81-a5f9-27ba2bf210a7: no agents available; will retry on subsequent port and subnet creation events.
2026-07-02 01:36:22.824 9 WARNING neutron.scheduler.dhcp_agent_scheduler [None req-ce60dc45-23e2-4a8e-8424-00d5532a7078 5f4d673e24b44219a3d20b66316a4ccc eefe17140fc64cbca74dd2123d71d420 - - default default] No more DHCP agents
2026-07-02 01:36:22.827 9 WARNING neutron.api.rpc.agentnotifiers.dhcp_rpc_agent_api [None req-ce60dc45-23e2-4a8e-8424-00d5532a7078 5f4d673e24b44219a3d20b66316a4ccc eefe17140fc64cbca74dd2123d71d420 - - default default] Unable to schedule network 3999dfdd-9a63-4a28-8ca5-6c250f7e176f: no agents available; will retry on subsequent port and subnet creation events.
2026-07-02 01:36:22.859 10 INFO neutron.db.ovn_revision_numbers_db [None req-434023dd-02a9-4116-989c-4693b5966d01 449db100df714387a4813f4b30093f4e bde139bbdb4d4cfaaf5b85f084cc67e3 - - default default] Successfully bumped revision number for resource ead6af11-7413-4349-baf7-0a7229f07ec5 (type: ports) to 1
2026-07-02 01:36:22.879 10 INFO neutron.api.wsgi [None req-434023dd-02a9-4116-989c-4693b5966d01 449db100df714387a4813f4b30093f4e bde139bbdb4d4cfaaf5b85f084cc67e3 - - default default] 10.0.0.92 "POST /v2.0/networks HTTP/1.1" status: 201 len: 852 time: 0.4352806
2026-07-02 01:36:22.890 10 WARNING neutron_lib.context [None req-b4f250e9-78ec-41b2-b555-697ce6258323 449db100df714387a4813f4b30093f4e bde139bbdb4d4cfaaf5b85f084cc67e3 - - default default] Method 'is_advsvc' is deprecated since 2023.2 release (neutron-lib 3.8.0) and will be removed once support for the old RBAC API policies will be removed from Neutron. Please use method 'is_service_role' instead.
2026-07-02 01:36:22.919 9 INFO neutron.db.ovn_revision_numbers_db [None req-ce60dc45-23e2-4a8e-8424-00d5532a7078 5f4d673e24b44219a3d20b66316a4ccc eefe17140fc64cbca74dd2123d71d420 - - default default] Successfully bumped revision number for resource b6b66987-0a37-40fd-bcbe-b4194482ee5e (type: ports) to 1
2026-07-02 01:36:22.939 9 INFO neutron.api.wsgi [None req-ce60dc45-23e2-4a8e-8424-00d5532a7078 5f4d673e24b44219a3d20b66316a4ccc eefe17140fc64cbca74dd2123d71d420 - - default default] 10.0.0.92 "POST /v2.0/ports HTTP/1.1" status: 201 len: 942 time: 0.3663368
2026-07-02 01:36:22.950 10 WARNING neutron_lib.context [None req-f3158ae4-d207-4ec5-95aa-7e20fdff3578 5f4d673e24b44219a3d20b66316a4ccc eefe17140fc64cbca74dd2123d71d420 - - default default] Method 'is_advsvc' is deprecated since 2023.2 release (neutron-lib 3.8.0) and will be removed once support for the old RBAC API policies will be removed from Neutron. Please use method 'is_service_role' instead.
2026-07-02 01:36:22.972 10 INFO neutron.db.segments_db [None req-b4f250e9-78ec-41b2-b555-697ce6258323 449db100df714387a4813f4b30093f4e bde139bbdb4d4cfaaf5b85f084cc67e3 - - default default] Added segment db92593b-8082-4e49-bef3-42532e1d5e85 of type geneve for network 56b3df64-e6c3-4c35-931f-91c2ba121320
2026-07-02 01:36:22.976 9 INFO neutron.api.wsgi [None req-14375fc4-cf04-48b6-b20a-06b01b447cd2 4ddb8eaa70d848339fafe153ae63dc2d a2e58068cf034097957734da233a18e5 - - default default] 10.0.0.92 "PUT /v2.0/routers/fd9370df-5b3a-4041-ace1-bc068e9f9999/remove_router_interface HTTP/1.1" status: 200 len: 503 time: 1.1082363 /var/lib/openstack/lib/python3.12/site-packages/pycadf/identifier.py:71: UserWarning: Invalid uuid: neutron. To ensure interoperability, identifiers should be a valid uuid. warnings.warn(('Invalid uuid: %s. To ensure interoperability, '
2026-07-02 01:36:23.034 10 INFO neutron.db.segments_db [None req-f3158ae4-d207-4ec5-95aa-7e20fdff3578 5f4d673e24b44219a3d20b66316a4ccc eefe17140fc64cbca74dd2123d71d420 - - default default] Added segment 391c2d5a-f082-4e3d-aaed-a7e337a9e323 of type geneve for network b41d6fd8-d57b-4e66-9b43-68c9e087a1d4
2026-07-02 01:36:23.082 10 INFO neutron.db.ovn_revision_numbers_db [None req-b4f250e9-78ec-41b2-b555-697ce6258323 449db100df714387a4813f4b30093f4e bde139bbdb4d4cfaaf5b85f084cc67e3 - - default default] Successfully bumped revision number for resource 56b3df64-e6c3-4c35-931f-91c2ba121320 (type: networks) to 1
2026-07-02 01:36:23.157 10 INFO neutron.db.ovn_revision_numbers_db [None req-f3158ae4-d207-4ec5-95aa-7e20fdff3578 5f4d673e24b44219a3d20b66316a4ccc eefe17140fc64cbca74dd2123d71d420 - - default default] Successfully bumped revision number for resource b41d6fd8-d57b-4e66-9b43-68c9e087a1d4 (type: networks) to 1
2026-07-02 01:36:23.257 10 WARNING neutron.scheduler.dhcp_agent_scheduler [None req-b4f250e9-78ec-41b2-b555-697ce6258323 449db100df714387a4813f4b30093f4e bde139bbdb4d4cfaaf5b85f084cc67e3 - - default default] No more DHCP agents
2026-07-02 01:36:23.258 10 WARNING neutron.api.rpc.agentnotifiers.dhcp_rpc_agent_api [None req-b4f250e9-78ec-41b2-b555-697ce6258323 449db100df714387a4813f4b30093f4e bde139bbdb4d4cfaaf5b85f084cc67e3 - - default default] Unable to schedule network 56b3df64-e6c3-4c35-931f-91c2ba121320: no agents available; will retry on subsequent port and subnet creation events.
2026-07-02 01:36:23.314 10 WARNING neutron.scheduler.dhcp_agent_scheduler [None req-f3158ae4-d207-4ec5-95aa-7e20fdff3578 5f4d673e24b44219a3d20b66316a4ccc eefe17140fc64cbca74dd2123d71d420 - - default default] No more DHCP agents
2026-07-02 01:36:23.315 10 WARNING neutron.api.rpc.agentnotifiers.dhcp_rpc_agent_api [None req-f3158ae4-d207-4ec5-95aa-7e20fdff3578 5f4d673e24b44219a3d20b66316a4ccc eefe17140fc64cbca74dd2123d71d420 - - default default] Unable to schedule network b41d6fd8-d57b-4e66-9b43-68c9e087a1d4: no agents available; will retry on subsequent port and subnet creation events.
2026-07-02 01:36:23.316 10 INFO neutron.db.ovn_revision_numbers_db [None req-b4f250e9-78ec-41b2-b555-697ce6258323 449db100df714387a4813f4b30093f4e bde139bbdb4d4cfaaf5b85f084cc67e3 - - default default] Successfully bumped revision number for resource 3576fa85-be1a-4185-89b8-91de061d11d9 (type: ports) to 1
2026-07-02 01:36:23.340 10 INFO neutron.api.wsgi [None req-b4f250e9-78ec-41b2-b555-697ce6258323 449db100df714387a4813f4b30093f4e bde139bbdb4d4cfaaf5b85f084cc67e3 - - default default] 10.0.0.92 "POST /v2.0/networks HTTP/1.1" status: 201 len: 853 time: 0.4552851
2026-07-02 01:36:23.375 10 INFO neutron.db.ovn_revision_numbers_db [None req-f3158ae4-d207-4ec5-95aa-7e20fdff3578 5f4d673e24b44219a3d20b66316a4ccc eefe17140fc64cbca74dd2123d71d420 - - default default] Successfully bumped revision number for resource 7c4d5fdf-6143-4311-bb0f-d410f0c6d129 (type: ports) to 1
2026-07-02 01:36:23.407 10 INFO neutron.api.wsgi [None req-f3158ae4-d207-4ec5-95aa-7e20fdff3578 5f4d673e24b44219a3d20b66316a4ccc eefe17140fc64cbca74dd2123d71d420 - - default default] 10.0.0.92 "POST /v2.0/networks HTTP/1.1" status: 201 len: 830 time: 0.4620314
2026-07-02 01:36:23.422 9 WARNING neutron_lib.context [None req-cab0333a-c663-42c4-84d0-8d1b82b4bee2 5f4d673e24b44219a3d20b66316a4ccc eefe17140fc64cbca74dd2123d71d420 - - default default] Method 'is_advsvc' is deprecated since 2023.2 release (neutron-lib 3.8.0) and will be removed once support for the old RBAC API policies will be removed from Neutron. Please use method 'is_service_role' instead.
2026-07-02 01:36:23.624 9 INFO neutron.api.wsgi [None req-c2070022-cb48-4362-a5c4-0c4d8c39f393 4ddb8eaa70d848339fafe153ae63dc2d a2e58068cf034097957734da233a18e5 - - default default] 10.0.0.92 "DELETE /v2.0/routers/fd9370df-5b3a-4041-ace1-bc068e9f9999 HTTP/1.1" status: 204 len: 168 time: 0.6424263
2026-07-02 01:36:23.752 9 WARNING neutron.scheduler.dhcp_agent_scheduler [None req-cab0333a-c663-42c4-84d0-8d1b82b4bee2 5f4d673e24b44219a3d20b66316a4ccc eefe17140fc64cbca74dd2123d71d420 - - default default] No more DHCP agents
2026-07-02 01:36:23.753 9 WARNING neutron.api.rpc.agentnotifiers.dhcp_rpc_agent_api [None req-cab0333a-c663-42c4-84d0-8d1b82b4bee2 5f4d673e24b44219a3d20b66316a4ccc eefe17140fc64cbca74dd2123d71d420 - - default default] Unable to schedule network b41d6fd8-d57b-4e66-9b43-68c9e087a1d4: no agents available; will retry on subsequent port and subnet creation events.
2026-07-02 01:36:23.763 9 INFO neutron.api.wsgi [-] 10.0.0.211 "GET / HTTP/1.1" status: 200 len: 247 time: 0.0015163
2026-07-02 01:36:23.765 9 INFO neutron.api.wsgi [-] 10.0.0.211 "GET / HTTP/1.1" status: 200 len: 247 time: 0.0012906
2026-07-02 01:36:23.798 9 INFO neutron.api.wsgi [None req-9cfd9161-942c-41e2-8a42-7c46471adc4a 4ddb8eaa70d848339fafe153ae63dc2d a2e58068cf034097957734da233a18e5 - - default default] 10.0.0.92 "DELETE /v2.0/subnets/fc41ffa5-3748-49bc-bdd4-c8bd7fbad06c HTTP/1.1" status: 204 len: 168 time: 0.1697528
2026-07-02 01:36:23.827 9 INFO neutron.db.ovn_revision_numbers_db [None req-cab0333a-c663-42c4-84d0-8d1b82b4bee2 5f4d673e24b44219a3d20b66316a4ccc eefe17140fc64cbca74dd2123d71d420 - - default default] Successfully bumped revision number for resource 977e5bd8-b0dc-463a-a1f6-8a7ce4de5f0e (type: ports) to 1 /var/lib/openstack/lib/python3.12/site-packages/pycadf/identifier.py:71: UserWarning: Invalid uuid: neutron. To ensure interoperability, identifiers should be a valid uuid. warnings.warn(('Invalid uuid: %s. To ensure interoperability, '
2026-07-02 01:36:23.834 9 WARNING neutron_lib.context [None req-e02ad0be-8d90-4439-a7e7-54a3b7f1781c 449db100df714387a4813f4b30093f4e bde139bbdb4d4cfaaf5b85f084cc67e3 - - default default] Method 'is_advsvc' is deprecated since 2023.2 release (neutron-lib 3.8.0) and will be removed once support for the old RBAC API policies will be removed from Neutron. Please use method 'is_service_role' instead.
2026-07-02 01:36:23.858 9 INFO neutron.api.wsgi [None req-cab0333a-c663-42c4-84d0-8d1b82b4bee2 5f4d673e24b44219a3d20b66316a4ccc eefe17140fc64cbca74dd2123d71d420 - - default default] 10.0.0.92 "POST /v2.0/ports HTTP/1.1" status: 201 len: 942 time: 0.4429383
2026-07-02 01:36:23.861 9 WARNING neutron_lib.context [None req-e02ad0be-8d90-4439-a7e7-54a3b7f1781c 449db100df714387a4813f4b30093f4e bde139bbdb4d4cfaaf5b85f084cc67e3 - - default default] Method 'is_advsvc' is deprecated since 2023.2 release (neutron-lib 3.8.0) and will be removed once support for the old RBAC API policies will be removed from Neutron. Please use method 'is_service_role' instead.
2026-07-02 01:36:23.866 9 WARNING neutron_lib.context [None req-df742b31-9d82-49b7-9f6f-32b06c375bf9 5f4d673e24b44219a3d20b66316a4ccc eefe17140fc64cbca74dd2123d71d420 - - default default] Method 'is_advsvc' is deprecated since 2023.2 release (neutron-lib 3.8.0) and will be removed once support for the old RBAC API policies will be removed from Neutron. Please use method 'is_service_role' instead.
2026-07-02 01:36:23.963 9 INFO neutron.db.segments_db [None req-df742b31-9d82-49b7-9f6f-32b06c375bf9 5f4d673e24b44219a3d20b66316a4ccc eefe17140fc64cbca74dd2123d71d420 - - default default] Added segment deae980a-fd44-46c7-b124-137c7bc997ad of type geneve for network 077983b4-b291-4ed2-b905-27a4d30441aa
2026-07-02 01:36:24.084 10 INFO neutron.services.segments.plugin [-] Segment a934748e-bbc2-491f-a9d7-e8a779f77230 resource provider aggregate not found
2026-07-02 01:36:24.089 10 INFO neutron.services.segments.plugin [-] Segment a934748e-bbc2-491f-a9d7-e8a779f77230 resource provider aggregate not found
2026-07-02 01:36:24.101 9 INFO neutron.db.ovn_revision_numbers_db [None req-df742b31-9d82-49b7-9f6f-32b06c375bf9 5f4d673e24b44219a3d20b66316a4ccc eefe17140fc64cbca74dd2123d71d420 - - default default] Successfully bumped revision number for resource 077983b4-b291-4ed2-b905-27a4d30441aa (type: networks) to 1
2026-07-02 01:36:24.102 10 INFO neutron.services.segments.plugin [-] Segment a934748e-bbc2-491f-a9d7-e8a779f77230 resource provider not found; error: Placement Client Error (4xx): {"errors": [{"status": 404, "title": "Not Found", "detail": "The resource could not be found.\n\n No resource provider with uuid a934748e-bbc2-491f-a9d7-e8a779f77230 found for delete ", "request_id": "req-77b98cff-bedb-43c8-95b7-cf4f2adabdfc"}]}
2026-07-02 01:36:24.103 10 INFO neutron.services.segments.plugin [-] Segment a934748e-bbc2-491f-a9d7-e8a779f77230 resource provider not found; error: Placement Client Error (4xx): {"errors": [{"status": 404, "title": "Not Found", "detail": "The resource could not be found.\n\n No resource provider with uuid a934748e-bbc2-491f-a9d7-e8a779f77230 found for delete ", "request_id": "req-fe7c8e82-37ed-407b-a90d-e42adc2b3c21"}]}
2026-07-02 01:36:24.119 10 INFO neutron.api.wsgi [None req-9ccb8813-864a-48c5-92bd-daf6b13b21ae 4ddb8eaa70d848339fafe153ae63dc2d a2e58068cf034097957734da233a18e5 - - default default] 10.0.0.92 "DELETE /v2.0/networks/6c20019d-a688-4980-8d58-f095bdca08ec HTTP/1.1" status: 204 len: 168 time: 0.3127863
2026-07-02 01:36:24.221 9 WARNING neutron.scheduler.dhcp_agent_scheduler [None req-e02ad0be-8d90-4439-a7e7-54a3b7f1781c 449db100df714387a4813f4b30093f4e bde139bbdb4d4cfaaf5b85f084cc67e3 - - default default] No more DHCP agents
2026-07-02 01:36:24.223 9 WARNING neutron.api.rpc.agentnotifiers.dhcp_rpc_agent_api [None req-e02ad0be-8d90-4439-a7e7-54a3b7f1781c 449db100df714387a4813f4b30093f4e bde139bbdb4d4cfaaf5b85f084cc67e3 - - default default] Unable to schedule network 66433e01-09f3-4d81-a5f9-27ba2bf210a7: no agents available; will retry on subsequent port and subnet creation events.
2026-07-02 01:36:24.260 9 INFO neutron.db.ovn_revision_numbers_db [None req-e02ad0be-8d90-4439-a7e7-54a3b7f1781c 449db100df714387a4813f4b30093f4e bde139bbdb4d4cfaaf5b85f084cc67e3 - - default default] Successfully bumped revision number for resource fc32ea94-7570-4a9f-8052-c41a5cd40339 (type: subnets) to 0
2026-07-02 01:36:24.275 9 WARNING neutron.scheduler.dhcp_agent_scheduler [None req-df742b31-9d82-49b7-9f6f-32b06c375bf9 5f4d673e24b44219a3d20b66316a4ccc eefe17140fc64cbca74dd2123d71d420 - - default default] No more DHCP agents
2026-07-02 01:36:24.277 9 WARNING neutron.api.rpc.agentnotifiers.dhcp_rpc_agent_api [None req-df742b31-9d82-49b7-9f6f-32b06c375bf9 5f4d673e24b44219a3d20b66316a4ccc eefe17140fc64cbca74dd2123d71d420 - - default default] Unable to schedule network 077983b4-b291-4ed2-b905-27a4d30441aa: no agents available; will retry on subsequent port and subnet creation events.
2026-07-02 01:36:24.307 9 WARNING neutron.scheduler.dhcp_agent_scheduler [None req-e02ad0be-8d90-4439-a7e7-54a3b7f1781c 449db100df714387a4813f4b30093f4e bde139bbdb4d4cfaaf5b85f084cc67e3 - - default default] No more DHCP agents
2026-07-02 01:36:24.309 9 WARNING neutron.api.rpc.agentnotifiers.dhcp_rpc_agent_api [None req-e02ad0be-8d90-4439-a7e7-54a3b7f1781c 449db100df714387a4813f4b30093f4e bde139bbdb4d4cfaaf5b85f084cc67e3 - - default default] Unable to schedule network 56b3df64-e6c3-4c35-931f-91c2ba121320: no agents available; will retry on subsequent port and subnet creation events.
2026-07-02 01:36:24.342 9 INFO neutron.db.ovn_revision_numbers_db [None req-e02ad0be-8d90-4439-a7e7-54a3b7f1781c 449db100df714387a4813f4b30093f4e bde139bbdb4d4cfaaf5b85f084cc67e3 - - default default] Successfully bumped revision number for resource a407e03d-63c2-4f9b-b9a2-0b1f07f04b51 (type: subnets) to 0
2026-07-02 01:36:24.349 9 INFO neutron.db.ovn_revision_numbers_db [None req-df742b31-9d82-49b7-9f6f-32b06c375bf9 5f4d673e24b44219a3d20b66316a4ccc eefe17140fc64cbca74dd2123d71d420 - - default default] Successfully bumped revision number for resource eaad0d13-47ce-4d8a-993c-925a9436c1b7 (type: ports) to 1
2026-07-02 01:36:24.355 9 INFO neutron.api.wsgi [None req-e02ad0be-8d90-4439-a7e7-54a3b7f1781c 449db100df714387a4813f4b30093f4e bde139bbdb4d4cfaaf5b85f084cc67e3 - - default default] 10.0.0.92 "POST /v2.0/subnets HTTP/1.1" status: 201 len: 1524 time: 0.5261180
2026-07-02 01:36:24.372 9 INFO neutron.api.wsgi [None req-df742b31-9d82-49b7-9f6f-32b06c375bf9 5f4d673e24b44219a3d20b66316a4ccc eefe17140fc64cbca74dd2123d71d420 - - default default] 10.0.0.92 "POST /v2.0/networks HTTP/1.1" status: 201 len: 831 time: 0.5094619
2026-07-02 01:36:24.383 9 WARNING neutron_lib.context [None req-ce98bcc1-4744-4d6f-9acd-d3ced6f63615 5f4d673e24b44219a3d20b66316a4ccc eefe17140fc64cbca74dd2123d71d420 - - default default] Method 'is_advsvc' is deprecated since 2023.2 release (neutron-lib 3.8.0) and will be removed once support for the old RBAC API policies will be removed from Neutron. Please use method 'is_service_role' instead.
2026-07-02 01:36:24.406 10 INFO neutron.api.wsgi [None req-da04c7b3-4176-47b3-9d48-a0feb9fdc59a 449db100df714387a4813f4b30093f4e bde139bbdb4d4cfaaf5b85f084cc67e3 - - default default] 10.0.0.92 "GET /v2.0/subnets HTTP/1.1" status: 200 len: 2155 time: 0.0442600
2026-07-02 01:36:24.555 10 INFO neutron.api.wsgi [None req-3d981ee8-2121-4ca3-96f3-06fe93f9dc14 449db100df714387a4813f4b30093f4e bde139bbdb4d4cfaaf5b85f084cc67e3 - - default default] 10.0.0.92 "DELETE /v2.0/subnets/fc32ea94-7570-4a9f-8052-c41a5cd40339 HTTP/1.1" status: 204 len: 168 time: 0.1342225
2026-07-02 01:36:24.641 9 WARNING neutron.scheduler.dhcp_agent_scheduler [None req-ce98bcc1-4744-4d6f-9acd-d3ced6f63615 5f4d673e24b44219a3d20b66316a4ccc eefe17140fc64cbca74dd2123d71d420 - - default default] No more DHCP agents
2026-07-02 01:36:24.643 9 WARNING neutron.api.rpc.agentnotifiers.dhcp_rpc_agent_api [None req-ce98bcc1-4744-4d6f-9acd-d3ced6f63615 5f4d673e24b44219a3d20b66316a4ccc eefe17140fc64cbca74dd2123d71d420 - - default default] Unable to schedule network 077983b4-b291-4ed2-b905-27a4d30441aa: no agents available; will retry on subsequent port and subnet creation events.
2026-07-02 01:36:24.694 10 INFO neutron.api.wsgi [None req-46fc7fae-669e-4183-88eb-cbb08e5531aa 449db100df714387a4813f4b30093f4e bde139bbdb4d4cfaaf5b85f084cc67e3 - - default default] 10.0.0.92 "DELETE /v2.0/subnets/a407e03d-63c2-4f9b-b9a2-0b1f07f04b51 HTTP/1.1" status: 204 len: 168 time: 0.1343310
2026-07-02 01:36:24.711 9 INFO neutron.db.ovn_revision_numbers_db [None req-ce98bcc1-4744-4d6f-9acd-d3ced6f63615 5f4d673e24b44219a3d20b66316a4ccc eefe17140fc64cbca74dd2123d71d420 - - default default] Successfully bumped revision number for resource 360c64d0-6e38-41b9-b235-238ad3a98d24 (type: ports) to 1
2026-07-02 01:36:24.722 10 INFO neutron.api.wsgi [None req-278d9c06-93b7-4a93-ad50-658ccc2e5da3 449db100df714387a4813f4b30093f4e bde139bbdb4d4cfaaf5b85f084cc67e3 - - default default] 10.0.0.92 "GET /v2.0/subnets HTTP/1.1" status: 200 len: 843 time: 0.0233428
2026-07-02 01:36:24.732 9 INFO neutron.api.wsgi [None req-ce98bcc1-4744-4d6f-9acd-d3ced6f63615 5f4d673e24b44219a3d20b66316a4ccc eefe17140fc64cbca74dd2123d71d420 - - default default] 10.0.0.92 "POST /v2.0/ports HTTP/1.1" status: 201 len: 942 time: 0.3554354
2026-07-02 01:36:24.740 10 WARNING neutron_lib.context [None req-6a7dc356-cf4d-471d-986a-347257b99dbd 5f4d673e24b44219a3d20b66316a4ccc eefe17140fc64cbca74dd2123d71d420 - - default default] Method 'is_advsvc' is deprecated since 2023.2 release (neutron-lib 3.8.0) and will be removed once support for the old RBAC API policies will be removed from Neutron. Please use method 'is_service_role' instead. /var/lib/openstack/lib/python3.12/site-packages/pycadf/identifier.py:71: UserWarning: Invalid uuid: neutron. To ensure interoperability, identifiers should be a valid uuid. warnings.warn(('Invalid uuid: %s. To ensure interoperability, '
2026-07-02 01:36:24.800 9 INFO neutron.api.wsgi [None req-b7d143b4-eda4-4302-aa44-1c6e8eb28817 3e01dbd7e1704f9db4666c59b8ae46bc 2c5cb693a75c4cc8bb6350c86fae6bfe - - default default] 10.0.0.92 "GET /v2.0/security-groups?tenant_id=a2e58068cf034097957734da233a18e5&name=default HTTP/1.1" status: 200 len: 3120 time: 0.1846571
2026-07-02 01:36:24.835 10 INFO neutron.db.segments_db [None req-6a7dc356-cf4d-471d-986a-347257b99dbd 5f4d673e24b44219a3d20b66316a4ccc eefe17140fc64cbca74dd2123d71d420 - - default default] Added segment a2c41ed7-5ab9-4151-9556-c2344b71945b of type geneve for network fda16a2c-36f4-4d48-b56d-803f669bade8
2026-07-02 01:36:24.996 10 INFO neutron.db.ovn_revision_numbers_db [None req-6a7dc356-cf4d-471d-986a-347257b99dbd 5f4d673e24b44219a3d20b66316a4ccc eefe17140fc64cbca74dd2123d71d420 - - default default] Successfully bumped revision number for resource fda16a2c-36f4-4d48-b56d-803f669bade8 (type: networks) to 1
2026-07-02 01:36:25.141 10 INFO neutron.api.wsgi [None req-d69a2af9-e750-44a6-b3db-605a95c0116d 3e01dbd7e1704f9db4666c59b8ae46bc 2c5cb693a75c4cc8bb6350c86fae6bfe - - default default] 10.0.0.92 "DELETE /v2.0/security-groups/fbacec78-0feb-47ea-b3dd-0be5f0b3f4e2 HTTP/1.1" status: 204 len: 168 time: 0.3365555
2026-07-02 01:36:25.177 10 WARNING neutron.scheduler.dhcp_agent_scheduler [None req-6a7dc356-cf4d-471d-986a-347257b99dbd 5f4d673e24b44219a3d20b66316a4ccc eefe17140fc64cbca74dd2123d71d420 - - default default] No more DHCP agents
2026-07-02 01:36:25.179 10 WARNING neutron.api.rpc.agentnotifiers.dhcp_rpc_agent_api [None req-6a7dc356-cf4d-471d-986a-347257b99dbd 5f4d673e24b44219a3d20b66316a4ccc eefe17140fc64cbca74dd2123d71d420 - - default default] Unable to schedule network fda16a2c-36f4-4d48-b56d-803f669bade8: no agents available; will retry on subsequent port and subnet creation events.
2026-07-02 01:36:25.185 10 INFO neutron.api.wsgi [None req-e5beeaf5-5c4e-43e8-837c-d0d28a4da025 449db100df714387a4813f4b30093f4e bde139bbdb4d4cfaaf5b85f084cc67e3 - - default default] 10.0.0.92 "DELETE /v2.0/networks/56b3df64-e6c3-4c35-931f-91c2ba121320 HTTP/1.1" status: 204 len: 168 time: 0.4574449
2026-07-02 01:36:25.258 10 INFO neutron.db.ovn_revision_numbers_db [None req-6a7dc356-cf4d-471d-986a-347257b99dbd 5f4d673e24b44219a3d20b66316a4ccc eefe17140fc64cbca74dd2123d71d420 - - default default] Successfully bumped revision number for resource 8ceda74b-bc6c-435e-b14d-6711ff168f3e (type: ports) to 1
2026-07-02 01:36:25.281 10 INFO neutron.api.wsgi [None req-6a7dc356-cf4d-471d-986a-347257b99dbd 5f4d673e24b44219a3d20b66316a4ccc eefe17140fc64cbca74dd2123d71d420 - - default default] 10.0.0.92 "POST /v2.0/networks HTTP/1.1" status: 201 len: 831 time: 0.5446525
2026-07-02 01:36:25.291 10 WARNING neutron_lib.context [None req-7a20ad38-409d-47c7-a228-78d761684ccc 5f4d673e24b44219a3d20b66316a4ccc eefe17140fc64cbca74dd2123d71d420 - - default default] Method 'is_advsvc' is deprecated since 2023.2 release (neutron-lib 3.8.0) and will be removed once support for the old RBAC API policies will be removed from Neutron. Please use method 'is_service_role' instead.
2026-07-02 01:36:25.549 10 WARNING neutron.scheduler.dhcp_agent_scheduler [None req-7a20ad38-409d-47c7-a228-78d761684ccc 5f4d673e24b44219a3d20b66316a4ccc eefe17140fc64cbca74dd2123d71d420 - - default default] No more DHCP agents
2026-07-02 01:36:25.552 10 WARNING neutron.api.rpc.agentnotifiers.dhcp_rpc_agent_api [None req-7a20ad38-409d-47c7-a228-78d761684ccc 5f4d673e24b44219a3d20b66316a4ccc eefe17140fc64cbca74dd2123d71d420 - - default default] Unable to schedule network fda16a2c-36f4-4d48-b56d-803f669bade8: no agents available; will retry on subsequent port and subnet creation events.
2026-07-02 01:36:25.561 10 INFO neutron.api.wsgi [None req-ec34a731-a98c-400d-bdeb-41deeb9d49e0 449db100df714387a4813f4b30093f4e bde139bbdb4d4cfaaf5b85f084cc67e3 - - default default] 10.0.0.92 "DELETE /v2.0/networks/66433e01-09f3-4d81-a5f9-27ba2bf210a7 HTTP/1.1" status: 204 len: 168 time: 0.3698068
2026-07-02 01:36:25.621 10 INFO neutron.db.ovn_revision_numbers_db [None req-7a20ad38-409d-47c7-a228-78d761684ccc 5f4d673e24b44219a3d20b66316a4ccc eefe17140fc64cbca74dd2123d71d420 - - default default] Successfully bumped revision number for resource ea1c1143-1ea3-4b5f-ad70-fe19fc45ab75 (type: ports) to 1
2026-07-02 01:36:25.642 10 INFO neutron.api.wsgi [None req-7a20ad38-409d-47c7-a228-78d761684ccc 5f4d673e24b44219a3d20b66316a4ccc eefe17140fc64cbca74dd2123d71d420 - - default default] 10.0.0.92 "POST /v2.0/ports HTTP/1.1" status: 201 len: 942 time: 0.3565278 /var/lib/openstack/lib/python3.12/site-packages/pycadf/identifier.py:71: UserWarning: Invalid uuid: neutron. To ensure interoperability, identifiers should be a valid uuid. warnings.warn(('Invalid uuid: %s. To ensure interoperability, '
2026-07-02 01:36:25.682 10 INFO neutron.api.wsgi [None req-f324df74-4d67-4494-bade-3420ee849c70 5f4d673e24b44219a3d20b66316a4ccc eefe17140fc64cbca74dd2123d71d420 - - default default] 10.0.0.92 "PUT /v2.0/ports/93698aeb-1345-4044-aa6f-52d205029551/tags HTTP/1.1" status: 200 len: 210 time: 0.0342991
2026-07-02 01:36:25.753 9 INFO neutron.api.wsgi [None req-f2e1c4f6-d85e-40ac-aadf-30ed7d3512a5 5f4d673e24b44219a3d20b66316a4ccc eefe17140fc64cbca74dd2123d71d420 - - default default] 10.0.0.92 "PUT /v2.0/ports/b6b66987-0a37-40fd-bcbe-b4194482ee5e/tags HTTP/1.1" status: 200 len: 218 time: 0.0674107
2026-07-02 01:36:25.800 10 INFO neutron.api.wsgi [None req-a7ddd2f4-7ee1-491a-80da-87673675c5f1 5f4d673e24b44219a3d20b66316a4ccc eefe17140fc64cbca74dd2123d71d420 - - default default] 10.0.0.92 "PUT /v2.0/ports/977e5bd8-b0dc-463a-a1f6-8a7ce4de5f0e/tags HTTP/1.1" status: 200 len: 227 time: 0.0406709
2026-07-02 01:36:25.845 9 INFO neutron.db.ovn_revision_numbers_db [None req-9b34fae9-394c-4387-8328-2ed4251594ba 3e01dbd7e1704f9db4666c59b8ae46bc 2c5cb693a75c4cc8bb6350c86fae6bfe - - default default] Successfully bumped revision number for resource 631d6d15-5699-43f2-a43e-9c25cfa1394b (type: security_groups) to 1
2026-07-02 01:36:25.858 10 INFO neutron.api.wsgi [None req-c76ba0c4-7ec1-4681-8bae-3b9d6bbb36a9 5f4d673e24b44219a3d20b66316a4ccc eefe17140fc64cbca74dd2123d71d420 - - default default] 10.0.0.92 "PUT /v2.0/ports/360c64d0-6e38-41b9-b235-238ad3a98d24/tags HTTP/1.1" status: 200 len: 212 time: 0.0529571
2026-07-02 01:36:25.859 9 INFO neutron.db.ovn_revision_numbers_db [None req-9b34fae9-394c-4387-8328-2ed4251594ba 3e01dbd7e1704f9db4666c59b8ae46bc 2c5cb693a75c4cc8bb6350c86fae6bfe - - default default] Successfully bumped revision number for resource 4118e813-30af-423c-998d-47ce2aadba24 (type: security_group_rules) to 0
2026-07-02 01:36:25.874 9 INFO neutron.db.ovn_revision_numbers_db [None req-9b34fae9-394c-4387-8328-2ed4251594ba 3e01dbd7e1704f9db4666c59b8ae46bc 2c5cb693a75c4cc8bb6350c86fae6bfe - - default default] Successfully bumped revision number for resource 86126f18-80b3-4e59-95f1-7bb4143abe3c (type: security_group_rules) to 0
2026-07-02 01:36:25.896 9 INFO neutron.db.ovn_revision_numbers_db [None req-9b34fae9-394c-4387-8328-2ed4251594ba 3e01dbd7e1704f9db4666c59b8ae46bc 2c5cb693a75c4cc8bb6350c86fae6bfe - - default default] Successfully bumped revision number for resource 8929d552-e927-44d5-af58-5f1ac0acd304 (type: security_group_rules) to 0
2026-07-02 01:36:25.907 9 INFO neutron.services.segments.plugin [-] Segment 0fd9e601-9948-42cf-acd1-89f97b355a9f resource provider aggregate not found
2026-07-02 01:36:25.912 9 INFO neutron.services.segments.plugin [-] Segment 0fd9e601-9948-42cf-acd1-89f97b355a9f resource provider aggregate not found
2026-07-02 01:36:25.916 9 INFO neutron.db.ovn_revision_numbers_db [None req-9b34fae9-394c-4387-8328-2ed4251594ba 3e01dbd7e1704f9db4666c59b8ae46bc 2c5cb693a75c4cc8bb6350c86fae6bfe - - default default] Successfully bumped revision number for resource c8af419e-ec5f-477f-92d0-2159706678db (type: security_group_rules) to 0
2026-07-02 01:36:25.922 9 INFO neutron.services.segments.plugin [-] Segment 0fd9e601-9948-42cf-acd1-89f97b355a9f resource provider not found; error: Placement Client Error (4xx): {"errors": [{"status": 404, "title": "Not Found", "detail": "The resource could not be found.\n\n No resource provider with uuid 0fd9e601-9948-42cf-acd1-89f97b355a9f found for delete ", "request_id": "req-d7e6ecbf-e415-4974-8e24-748b91cce6cf"}]}
