2026-07-02 01:38:20.701 9 INFO neutron.api.wsgi [req-a77a41ae-d4fd-4748-9ce0-2ca33f6cf9d1 req-f78fde4f-e8e0-4bb4-8e71-4eb429d47018 e87e72b4033848039c84fc7fc2d060cf df8080bc6e534792b9472afd0019c822 - - 8caf2e07147247b9bb941e3edaeeec84 8caf2e07147247b9bb941e3edaeeec84] 199.204.45.242 "GET /v2.0/networks/808be637-e3bb-4e70-ae1b-b3628f7d7a38?fields=provider%3Aphysical_network&fields=provider%3Anetwork_type HTTP/1.1" status: 200 len: 277 time: 0.0470908
2026-07-02 01:38:20.859 9 INFO neutron.db.ovn_revision_numbers_db [None req-70f59079-6d30-4862-96de-30fe0c7c63b9 - - - - - -] Successfully bumped revision number for resource df85f130-e25c-4dd1-b2fe-58aec7681660 (type: ports) to 2
2026-07-02 01:38:20.889 9 INFO neutron.db.ovn_revision_numbers_db [None req-70f59079-6d30-4862-96de-30fe0c7c63b9 - - - - - -] Successfully bumped revision number for resource 6f1ef295-10a9-4c31-bf42-1e999be99e0c (type: subnets) to 0
2026-07-02 01:38:20.901 9 INFO neutron.api.wsgi [None req-a51f0a29-65ef-401f-8d4a-2692071cab19 bab95d561e324319b16649bead50fe85 00f57688627a4851af88213c6ee4ba77 - - default default] 10.0.0.92 "POST /v2.0/subnets HTTP/1.1" status: 201 len: 856 time: 0.7077610
2026-07-02 01:38:20.941 9 INFO neutron.api.wsgi [None req-ef8940e9-0cb1-4146-8371-5005d799180f 6ff13787feaf47f5b724f26d24da6891 80c2999f7f2f4ba6a9b12c0762afef38 - - default default] 10.0.0.92 "GET /v2.0/subnetpools?name=shared-default-subnetpool-v6 HTTP/1.1" status: 200 len: 212 time: 0.0348120
2026-07-02 01:38:20.947 9 WARNING neutron_lib.context [None req-6a661660-c06f-4bfd-bf39-f877b3677665 bab95d561e324319b16649bead50fe85 00f57688627a4851af88213c6ee4ba77 - - default default] Method 'is_advsvc' is deprecated since 2023.2 release (neutron-lib 3.8.0) and will be removed once support for the old RBAC API policies will be removed from Neutron. Please use method 'is_service_role' instead.
2026-07-02 01:38:21.162 9 WARNING neutron.scheduler.dhcp_agent_scheduler [None req-6a661660-c06f-4bfd-bf39-f877b3677665 bab95d561e324319b16649bead50fe85 00f57688627a4851af88213c6ee4ba77 - - default default] No more DHCP agents
2026-07-02 01:38:21.164 9 WARNING neutron.api.rpc.agentnotifiers.dhcp_rpc_agent_api [None req-6a661660-c06f-4bfd-bf39-f877b3677665 bab95d561e324319b16649bead50fe85 00f57688627a4851af88213c6ee4ba77 - - default default] Unable to schedule network 38a3ad7e-60e6-409e-8d39-3085f1e576a2: no agents available; will retry on subsequent port and subnet creation events.
2026-07-02 01:38:21.191 9 INFO neutron.db.ovn_revision_numbers_db [None req-6a661660-c06f-4bfd-bf39-f877b3677665 bab95d561e324319b16649bead50fe85 00f57688627a4851af88213c6ee4ba77 - - default default] Successfully bumped revision number for resource 062d2e63-d931-460c-bbb6-cca15005abc9 (type: subnets) to 0
2026-07-02 01:38:21.208 9 INFO neutron.api.wsgi [None req-6a661660-c06f-4bfd-bf39-f877b3677665 bab95d561e324319b16649bead50fe85 00f57688627a4851af88213c6ee4ba77 - - default default] 10.0.0.92 "POST /v2.0/subnets HTTP/1.1" status: 201 len: 930 time: 0.2631283
2026-07-02 01:38:21.219 9 WARNING neutron_lib.context [None req-7fe2c925-40f7-427d-98d7-f2eebee56a58 bab95d561e324319b16649bead50fe85 00f57688627a4851af88213c6ee4ba77 - - default default] Method 'is_advsvc' is deprecated since 2023.2 release (neutron-lib 3.8.0) and will be removed once support for the old RBAC API policies will be removed from Neutron. Please use method 'is_service_role' instead.
2026-07-02 01:38:21.233 10 INFO neutron.api.wsgi [req-1c5e0d73-0231-4777-b829-a7f146a266a2 req-7e751e63-1f02-4e0b-9c12-9fd184199668 e87e72b4033848039c84fc7fc2d060cf df8080bc6e534792b9472afd0019c822 - - 8caf2e07147247b9bb941e3edaeeec84 8caf2e07147247b9bb941e3edaeeec84] 10.0.0.181 "GET /v2.0/ports?device_id=2c5945b1-212b-47fa-b5de-2f0eaa8ff52b HTTP/1.1" status: 200 len: 1409 time: 0.0357370
2026-07-02 01:38:21.267 10 INFO neutron.api.wsgi [req-1c5e0d73-0231-4777-b829-a7f146a266a2 req-edbcd754-b1ef-4609-8c50-522ed58fa509 e87e72b4033848039c84fc7fc2d060cf df8080bc6e534792b9472afd0019c822 - - 8caf2e07147247b9bb941e3edaeeec84 8caf2e07147247b9bb941e3edaeeec84] 10.0.0.181 "GET /v2.0/security-groups?id=b3a12165-4588-48fa-847a-51ddc227acbb&fields=id&fields=name HTTP/1.1" status: 200 len: 312 time: 0.0272307
2026-07-02 01:38:21.301 9 INFO neutron.db.segments_db [None req-7fe2c925-40f7-427d-98d7-f2eebee56a58 bab95d561e324319b16649bead50fe85 00f57688627a4851af88213c6ee4ba77 - - default default] Added segment 03a6ee5b-3e0f-4726-bf7e-1ea7b9124bd4 of type geneve for network 4cd0f58c-2053-4a13-ae0f-95f592016595
2026-07-02 01:38:21.436 9 INFO neutron.db.ovn_revision_numbers_db [None req-7fe2c925-40f7-427d-98d7-f2eebee56a58 bab95d561e324319b16649bead50fe85 00f57688627a4851af88213c6ee4ba77 - - default default] Successfully bumped revision number for resource 4cd0f58c-2053-4a13-ae0f-95f592016595 (type: networks) to 1
2026-07-02 01:38:21.587 9 WARNING neutron.scheduler.dhcp_agent_scheduler [None req-7fe2c925-40f7-427d-98d7-f2eebee56a58 bab95d561e324319b16649bead50fe85 00f57688627a4851af88213c6ee4ba77 - - default default] No more DHCP agents
2026-07-02 01:38:21.588 9 WARNING neutron.api.rpc.agentnotifiers.dhcp_rpc_agent_api [None req-7fe2c925-40f7-427d-98d7-f2eebee56a58 bab95d561e324319b16649bead50fe85 00f57688627a4851af88213c6ee4ba77 - - default default] Unable to schedule network 4cd0f58c-2053-4a13-ae0f-95f592016595: no agents available; will retry on subsequent port and subnet creation events.
2026-07-02 01:38:21.658 9 INFO neutron.db.ovn_revision_numbers_db [None req-7fe2c925-40f7-427d-98d7-f2eebee56a58 bab95d561e324319b16649bead50fe85 00f57688627a4851af88213c6ee4ba77 - - default default] Successfully bumped revision number for resource 860ba94a-3e43-4fcd-a40b-9df11dfa6732 (type: ports) to 1
2026-07-02 01:38:21.682 9 INFO neutron.api.wsgi [None req-7fe2c925-40f7-427d-98d7-f2eebee56a58 bab95d561e324319b16649bead50fe85 00f57688627a4851af88213c6ee4ba77 - - default default] 10.0.0.92 "POST /v2.0/networks HTTP/1.1" status: 201 len: 836 time: 0.4672682
2026-07-02 01:38:21.692 9 WARNING neutron_lib.context [None req-d600fea6-4af5-4f90-b71e-8b9c5a81add3 bab95d561e324319b16649bead50fe85 00f57688627a4851af88213c6ee4ba77 - - default default] Method 'is_advsvc' is deprecated since 2023.2 release (neutron-lib 3.8.0) and will be removed once support for the old RBAC API policies will be removed from Neutron. Please use method 'is_service_role' instead.
2026-07-02 01:38:21.879 9 WARNING neutron.scheduler.dhcp_agent_scheduler [None req-d600fea6-4af5-4f90-b71e-8b9c5a81add3 bab95d561e324319b16649bead50fe85 00f57688627a4851af88213c6ee4ba77 - - default default] No more DHCP agents
2026-07-02 01:38:21.880 9 WARNING neutron.api.rpc.agentnotifiers.dhcp_rpc_agent_api [None req-d600fea6-4af5-4f90-b71e-8b9c5a81add3 bab95d561e324319b16649bead50fe85 00f57688627a4851af88213c6ee4ba77 - - default default] Unable to schedule network 4cd0f58c-2053-4a13-ae0f-95f592016595: no agents available; will retry on subsequent port and subnet creation events.
2026-07-02 01:38:22.259 9 INFO neutron.db.ovn_revision_numbers_db [None req-4baf5ae5-768e-4569-9bde-970de84f36c7 - - - - - -] Successfully bumped revision number for resource 860ba94a-3e43-4fcd-a40b-9df11dfa6732 (type: ports) to 2
2026-07-02 01:38:22.289 9 INFO neutron.db.ovn_revision_numbers_db [None req-4baf5ae5-768e-4569-9bde-970de84f36c7 - - - - - -] Successfully bumped revision number for resource 9fe3c44a-1589-4396-9173-3ce1b16b037e (type: subnets) to 0
2026-07-02 01:38:22.306 9 INFO neutron.api.wsgi [None req-d600fea6-4af5-4f90-b71e-8b9c5a81add3 bab95d561e324319b16649bead50fe85 00f57688627a4851af88213c6ee4ba77 - - default default] 10.0.0.92 "POST /v2.0/subnets HTTP/1.1" status: 201 len: 854 time: 0.6193709
2026-07-02 01:38:22.317 9 WARNING neutron_lib.context [None req-f7a8e971-1b97-4304-9c90-a58d7b646531 bab95d561e324319b16649bead50fe85 00f57688627a4851af88213c6ee4ba77 - - default default] Method 'is_advsvc' is deprecated since 2023.2 release (neutron-lib 3.8.0) and will be removed once support for the old RBAC API policies will be removed from Neutron. Please use method 'is_service_role' instead.
2026-07-02 01:38:22.498 9 INFO neutron.api.wsgi [req-1a2fb5ae-6e8d-4109-b345-72a7527323f0 req-a2df5c4e-bd80-4ea2-bdae-ca19de769819 bf33abc797694e02aecc8ea6888f0a7c 7f93e6d1889a47c2a0ec62ddc1f3f393 - - default default] 10.0.0.187 "GET /v2.0/ports?device_id=2c5945b1-212b-47fa-b5de-2f0eaa8ff52b HTTP/1.1" status: 200 len: 1170 time: 0.0971634
2026-07-02 01:38:22.545 9 INFO neutron.api.wsgi [req-1a2fb5ae-6e8d-4109-b345-72a7527323f0 req-c033e6e6-0339-4ea4-9e60-32d657d0fc36 bf33abc797694e02aecc8ea6888f0a7c 7f93e6d1889a47c2a0ec62ddc1f3f393 - - default default] 10.0.0.187 "GET /v2.0/security-groups?id=b3a12165-4588-48fa-847a-51ddc227acbb&fields=id&fields=name HTTP/1.1" status: 200 len: 312 time: 0.0422406
2026-07-02 01:38:22.559 9 WARNING neutron.scheduler.dhcp_agent_scheduler [None req-f7a8e971-1b97-4304-9c90-a58d7b646531 bab95d561e324319b16649bead50fe85 00f57688627a4851af88213c6ee4ba77 - - default default] No more DHCP agents
2026-07-02 01:38:22.560 9 WARNING neutron.api.rpc.agentnotifiers.dhcp_rpc_agent_api [None req-f7a8e971-1b97-4304-9c90-a58d7b646531 bab95d561e324319b16649bead50fe85 00f57688627a4851af88213c6ee4ba77 - - default default] Unable to schedule network 4cd0f58c-2053-4a13-ae0f-95f592016595: no agents available; will retry on subsequent port and subnet creation events.
2026-07-02 01:38:22.589 9 INFO neutron.db.ovn_revision_numbers_db [None req-f7a8e971-1b97-4304-9c90-a58d7b646531 bab95d561e324319b16649bead50fe85 00f57688627a4851af88213c6ee4ba77 - - default default] Successfully bumped revision number for resource 6adafdbb-1577-40fb-b485-aba3c3a211f2 (type: subnets) to 0
2026-07-02 01:38:22.604 9 INFO neutron.api.wsgi [None req-f7a8e971-1b97-4304-9c90-a58d7b646531 bab95d561e324319b16649bead50fe85 00f57688627a4851af88213c6ee4ba77 - - default default] 10.0.0.92 "POST /v2.0/subnets HTTP/1.1" status: 201 len: 925 time: 0.2912278
2026-07-02 01:38:22.613 9 WARNING neutron_lib.context [None req-a68a4e20-bb04-4ba2-8a4c-7511c6a109b4 bab95d561e324319b16649bead50fe85 00f57688627a4851af88213c6ee4ba77 - - default default] Method 'is_advsvc' is deprecated since 2023.2 release (neutron-lib 3.8.0) and will be removed once support for the old RBAC API policies will be removed from Neutron. Please use method 'is_service_role' instead.
2026-07-02 01:38:22.696 9 INFO neutron.db.segments_db [None req-a68a4e20-bb04-4ba2-8a4c-7511c6a109b4 bab95d561e324319b16649bead50fe85 00f57688627a4851af88213c6ee4ba77 - - default default] Added segment d449e0eb-aa4f-4637-a9b4-47cc95b43f01 of type geneve for network 82b6ef35-7d34-457d-8e93-ba5f2f117ef8
2026-07-02 01:38:22.800 9 INFO neutron.db.ovn_revision_numbers_db [None req-a68a4e20-bb04-4ba2-8a4c-7511c6a109b4 bab95d561e324319b16649bead50fe85 00f57688627a4851af88213c6ee4ba77 - - default default] Successfully bumped revision number for resource 82b6ef35-7d34-457d-8e93-ba5f2f117ef8 (type: networks) to 1
2026-07-02 01:38:22.955 10 INFO neutron.plugins.ml2.drivers.ovn.mech_driver.mech_driver [None req-aa240c40-1b83-4dc9-b498-0dc35905ff48 - - - - - -] OVN reports status down for port: 3ecd18f1-f582-406b-aa76-ede77d252fdb
2026-07-02 01:38:22.958 9 WARNING neutron.scheduler.dhcp_agent_scheduler [None req-a68a4e20-bb04-4ba2-8a4c-7511c6a109b4 bab95d561e324319b16649bead50fe85 00f57688627a4851af88213c6ee4ba77 - - default default] No more DHCP agents
2026-07-02 01:38:22.959 9 WARNING neutron.api.rpc.agentnotifiers.dhcp_rpc_agent_api [None req-a68a4e20-bb04-4ba2-8a4c-7511c6a109b4 bab95d561e324319b16649bead50fe85 00f57688627a4851af88213c6ee4ba77 - - default default] Unable to schedule network 82b6ef35-7d34-457d-8e93-ba5f2f117ef8: no agents available; will retry on subsequent port and subnet creation events.
2026-07-02 01:38:23.027 9 INFO neutron.db.ovn_revision_numbers_db [None req-a68a4e20-bb04-4ba2-8a4c-7511c6a109b4 bab95d561e324319b16649bead50fe85 00f57688627a4851af88213c6ee4ba77 - - default default] Successfully bumped revision number for resource d3d98103-2ba3-42df-81a2-82b5dd7da4d6 (type: ports) to 1
2026-07-02 01:38:23.049 9 INFO neutron.api.wsgi [None req-a68a4e20-bb04-4ba2-8a4c-7511c6a109b4 bab95d561e324319b16649bead50fe85 00f57688627a4851af88213c6ee4ba77 - - default default] 10.0.0.92 "POST /v2.0/networks HTTP/1.1" status: 201 len: 836 time: 0.4397280
2026-07-02 01:38:23.056 9 WARNING neutron_lib.context [None req-59eb1a15-97cf-4e75-a085-db7f863d6217 bab95d561e324319b16649bead50fe85 00f57688627a4851af88213c6ee4ba77 - - default default] Method 'is_advsvc' is deprecated since 2023.2 release (neutron-lib 3.8.0) and will be removed once support for the old RBAC API policies will be removed from Neutron. Please use method 'is_service_role' instead.
2026-07-02 01:38:23.067 10 INFO neutron.notifiers.nova [-] Nova event matching ['req-6ee4dc29-1556-4f1d-a1ff-ccbc5b96e830'] response: {'server_uuid': '2c5945b1-212b-47fa-b5de-2f0eaa8ff52b', 'name': 'network-vif-unplugged', 'status': 'completed', 'tag': '3ecd18f1-f582-406b-aa76-ede77d252fdb', 'code': 200}
2026-07-02 01:38:23.179 10 INFO neutron.db.ovn_revision_numbers_db [None req-aa240c40-1b83-4dc9-b498-0dc35905ff48 - - - - - -] Successfully bumped revision number for resource 3ecd18f1-f582-406b-aa76-ede77d252fdb (type: ports) to 6
2026-07-02 01:38:23.209 9 WARNING neutron.scheduler.dhcp_agent_scheduler [None req-59eb1a15-97cf-4e75-a085-db7f863d6217 bab95d561e324319b16649bead50fe85 00f57688627a4851af88213c6ee4ba77 - - default default] No more DHCP agents
2026-07-02 01:38:23.210 9 WARNING neutron.api.rpc.agentnotifiers.dhcp_rpc_agent_api [None req-59eb1a15-97cf-4e75-a085-db7f863d6217 bab95d561e324319b16649bead50fe85 00f57688627a4851af88213c6ee4ba77 - - default default] Unable to schedule network 82b6ef35-7d34-457d-8e93-ba5f2f117ef8: no agents available; will retry on subsequent port and subnet creation events.
2026-07-02 01:38:23.657 9 INFO neutron.api.wsgi [req-ff98c3c8-8f9a-41cb-82b3-fe6233b8ad55 req-0dd4e85f-9ed6-4de5-9ff5-3610feba29c0 bf33abc797694e02aecc8ea6888f0a7c 7f93e6d1889a47c2a0ec62ddc1f3f393 - - default default] 10.0.0.187 "GET /v2.0/ports?device_id=2c5945b1-212b-47fa-b5de-2f0eaa8ff52b HTTP/1.1" status: 200 len: 1168 time: 0.0508773
2026-07-02 01:38:23.696 9 INFO neutron.db.ovn_revision_numbers_db [None req-09567b21-68c3-4e95-8e82-306497c430ee - - - - - -] Successfully bumped revision number for resource d3d98103-2ba3-42df-81a2-82b5dd7da4d6 (type: ports) to 2
2026-07-02 01:38:23.708 9 INFO neutron.api.wsgi [req-ff98c3c8-8f9a-41cb-82b3-fe6233b8ad55 req-2df50c7b-cb84-4d09-9554-182c1b2e5493 bf33abc797694e02aecc8ea6888f0a7c 7f93e6d1889a47c2a0ec62ddc1f3f393 - - default default] 10.0.0.187 "GET /v2.0/security-groups?id=b3a12165-4588-48fa-847a-51ddc227acbb&fields=id&fields=name HTTP/1.1" status: 200 len: 312 time: 0.0458882
2026-07-02 01:38:23.735 9 INFO neutron.db.ovn_revision_numbers_db [None req-09567b21-68c3-4e95-8e82-306497c430ee - - - - - -] Successfully bumped revision number for resource b547597c-c040-459d-ae62-2df776502344 (type: subnets) to 0
2026-07-02 01:38:23.752 9 INFO neutron.api.wsgi [None req-59eb1a15-97cf-4e75-a085-db7f863d6217 bab95d561e324319b16649bead50fe85 00f57688627a4851af88213c6ee4ba77 - - default default] 10.0.0.92 "POST /v2.0/subnets HTTP/1.1" status: 201 len: 855 time: 0.6991315
2026-07-02 01:38:23.764 10 INFO neutron.api.wsgi [-] 10.0.0.211 "GET / HTTP/1.1" status: 200 len: 247 time: 0.0027452
2026-07-02 01:38:23.764 9 WARNING neutron_lib.context [None req-3a632ab6-e556-4edb-9917-055ee93fc0f7 bab95d561e324319b16649bead50fe85 00f57688627a4851af88213c6ee4ba77 - - default default] Method 'is_advsvc' is deprecated since 2023.2 release (neutron-lib 3.8.0) and will be removed once support for the old RBAC API policies will be removed from Neutron. Please use method 'is_service_role' instead.
2026-07-02 01:38:23.766 10 INFO neutron.api.wsgi [-] 10.0.0.211 "GET / HTTP/1.1" status: 200 len: 247 time: 0.0012412
2026-07-02 01:38:23.945 9 WARNING neutron.scheduler.dhcp_agent_scheduler [None req-3a632ab6-e556-4edb-9917-055ee93fc0f7 bab95d561e324319b16649bead50fe85 00f57688627a4851af88213c6ee4ba77 - - default default] No more DHCP agents
2026-07-02 01:38:23.946 9 WARNING neutron.api.rpc.agentnotifiers.dhcp_rpc_agent_api [None req-3a632ab6-e556-4edb-9917-055ee93fc0f7 bab95d561e324319b16649bead50fe85 00f57688627a4851af88213c6ee4ba77 - - default default] Unable to schedule network 82b6ef35-7d34-457d-8e93-ba5f2f117ef8: no agents available; will retry on subsequent port and subnet creation events.
2026-07-02 01:38:23.975 9 INFO neutron.db.ovn_revision_numbers_db [None req-3a632ab6-e556-4edb-9917-055ee93fc0f7 bab95d561e324319b16649bead50fe85 00f57688627a4851af88213c6ee4ba77 - - default default] Successfully bumped revision number for resource ac834df7-eda6-403b-8387-13d270f7f3d9 (type: subnets) to 0
2026-07-02 01:38:23.989 9 INFO neutron.api.wsgi [None req-3a632ab6-e556-4edb-9917-055ee93fc0f7 bab95d561e324319b16649bead50fe85 00f57688627a4851af88213c6ee4ba77 - - default default] 10.0.0.92 "POST /v2.0/subnets HTTP/1.1" status: 201 len: 928 time: 0.2304957
2026-07-02 01:38:23.999 9 WARNING neutron_lib.context [None req-eb546fc9-c1b6-4a04-8313-974f583f9998 bab95d561e324319b16649bead50fe85 00f57688627a4851af88213c6ee4ba77 - - default default] Method 'is_advsvc' is deprecated since 2023.2 release (neutron-lib 3.8.0) and will be removed once support for the old RBAC API policies will be removed from Neutron. Please use method 'is_service_role' instead.
2026-07-02 01:38:24.183 9 INFO neutron.api.wsgi [req-3df7e2a1-6dd8-447b-b7f6-b8bf85304800 req-138714f7-51d9-4c94-baa9-cdafcc55b14b bf33abc797694e02aecc8ea6888f0a7c 7f93e6d1889a47c2a0ec62ddc1f3f393 - - default default] 199.204.45.242 "GET /v2.0/ports?device_id=2c5945b1-212b-47fa-b5de-2f0eaa8ff52b HTTP/1.1" status: 200 len: 1168 time: 0.0438974
2026-07-02 01:38:24.455 9 WARNING neutron.scheduler.dhcp_agent_scheduler [None req-eb546fc9-c1b6-4a04-8313-974f583f9998 bab95d561e324319b16649bead50fe85 00f57688627a4851af88213c6ee4ba77 - - default default] No more DHCP agents
2026-07-02 01:38:24.459 9 WARNING neutron.api.rpc.agentnotifiers.dhcp_rpc_agent_api [None req-eb546fc9-c1b6-4a04-8313-974f583f9998 bab95d561e324319b16649bead50fe85 00f57688627a4851af88213c6ee4ba77 - - default default] Unable to schedule network a5a76a20-a48f-4d60-b560-1b9cf6fcba93: no agents available; will retry on subsequent port and subnet creation events.
2026-07-02 01:38:24.630 9 INFO neutron.db.l3_db [req-3df7e2a1-6dd8-447b-b7f6-b8bf85304800 req-9f4a7db8-5a9f-4bb0-b410-7ccfc1949543 bf33abc797694e02aecc8ea6888f0a7c 7f93e6d1889a47c2a0ec62ddc1f3f393 - - default default] Floating IP e1425e20-b309-4e9f-99ff-fdaa57a876ea disassociated. External IP: 10.96.250.202, port: 3ecd18f1-f582-406b-aa76-ede77d252fdb.
2026-07-02 01:38:24.720 9 INFO neutron.db.ovn_revision_numbers_db [None req-eb546fc9-c1b6-4a04-8313-974f583f9998 bab95d561e324319b16649bead50fe85 00f57688627a4851af88213c6ee4ba77 - - default default] Successfully bumped revision number for resource 29536c12-20c8-44d3-a80a-3eedb340488e (type: ports) to 1
2026-07-02 01:38:24.770 9 INFO neutron.api.wsgi [req-3df7e2a1-6dd8-447b-b7f6-b8bf85304800 req-9f4a7db8-5a9f-4bb0-b410-7ccfc1949543 bf33abc797694e02aecc8ea6888f0a7c 7f93e6d1889a47c2a0ec62ddc1f3f393 - - default default] 199.204.45.242 "DELETE /v2.0/ports/3ecd18f1-f582-406b-aa76-ede77d252fdb HTTP/1.1" status: 204 len: 173 time: 0.5813072 /var/lib/openstack/lib/python3.12/site-packages/pycadf/identifier.py:71: UserWarning: Invalid uuid: neutron. To ensure interoperability, identifiers should be a valid uuid. warnings.warn(('Invalid uuid: %s. To ensure interoperability, '
2026-07-02 01:38:24.797 9 INFO neutron.api.wsgi [req-04232e5a-5bb7-435d-b0d4-007200c32d2b req-34b42c52-178e-4d2d-8f09-55e2e224a0a9 bf33abc797694e02aecc8ea6888f0a7c 7f93e6d1889a47c2a0ec62ddc1f3f393 - - default default] 10.0.0.187 "GET /v2.0/ports?device_id=2c5945b1-212b-47fa-b5de-2f0eaa8ff52b HTTP/1.1" status: 200 len: 210 time: 0.0229347
2026-07-02 01:38:24.816 9 INFO neutron.notifiers.nova [-] Nova event matching ['req-2f2d6370-13ff-4c0e-92b2-c77ea0f4652e'] response: {'server_uuid': '2c5945b1-212b-47fa-b5de-2f0eaa8ff52b', 'name': 'network-vif-deleted', 'tag': '3ecd18f1-f582-406b-aa76-ede77d252fdb', 'status': 'completed', 'code': 200}
2026-07-02 01:38:25.100 10 INFO neutron.notifiers.nova [-] Nova event matching ['req-15ac337e-0d92-4c67-934c-c62f1e855ac5'] response: {'server_uuid': '2c5945b1-212b-47fa-b5de-2f0eaa8ff52b', 'name': 'network-vif-unplugged', 'status': 'completed', 'tag': '3ecd18f1-f582-406b-aa76-ede77d252fdb', 'code': 200}
2026-07-02 01:38:25.298 9 INFO neutron.plugins.ml2.drivers.ovn.mech_driver.ovsdb.commands [None req-9e89deff-703f-445d-a36f-bd8ea0ac0919 - - - - - -] Schedule LRP lrp-29536c12-20c8-44d3-a80a-3eedb340488e on gateway 36666944-b74d-4c1b-80dc-069c14454447 with priority 1
2026-07-02 01:38:25.307 10 INFO neutron.plugins.ml2.drivers.ovn.mech_driver.mech_driver [None req-0155f99d-d751-4b42-a21c-f8745d4807d4 - - - - - -] OVN reports status up for port: 29536c12-20c8-44d3-a80a-3eedb340488e
2026-07-02 01:38:25.318 10 INFO neutron.plugins.ml2.plugin [None req-0155f99d-d751-4b42-a21c-f8745d4807d4 - - - - - -] Attempt 1 to provision port 29536c12-20c8-44d3-a80a-3eedb340488e
2026-07-02 01:38:25.331 10 INFO neutron.plugins.ml2.drivers.ovn.mech_driver.ovsdb.ovsdb_monitor [None req-9a8fc821-f687-44b9-8092-146f4dea0f99 - - - - - -] Router b8a26118-c80a-4acb-a2a3-cb6c514bfce2 is bound to host instance
2026-07-02 01:38:25.335 9 INFO neutron.db.ovn_revision_numbers_db [None req-eb546fc9-c1b6-4a04-8313-974f583f9998 bab95d561e324319b16649bead50fe85 00f57688627a4851af88213c6ee4ba77 - - default default] Successfully bumped revision number for resource 29536c12-20c8-44d3-a80a-3eedb340488e (type: router_ports) to 1
2026-07-02 01:38:25.398 9 INFO neutron.db.ovn_revision_numbers_db [None req-eb546fc9-c1b6-4a04-8313-974f583f9998 bab95d561e324319b16649bead50fe85 00f57688627a4851af88213c6ee4ba77 - - default default] Successfully bumped revision number for resource b8a26118-c80a-4acb-a2a3-cb6c514bfce2 (type: routers) to 2
2026-07-02 01:38:25.417 9 INFO neutron.api.wsgi [None req-eb546fc9-c1b6-4a04-8313-974f583f9998 bab95d561e324319b16649bead50fe85 00f57688627a4851af88213c6ee4ba77 - - default default] 10.0.0.92 "POST /v2.0/routers HTTP/1.1" status: 201 len: 1144 time: 1.4217527
2026-07-02 01:38:25.766 10 INFO neutron.db.ovn_revision_numbers_db [None req-659964a4-961e-4c90-8b2c-6a55a19b9b6f - - - - - -] Successfully bumped revision number for resource 29536c12-20c8-44d3-a80a-3eedb340488e (type: ports) to 1
2026-07-02 01:38:25.896 9 INFO neutron.api.wsgi [req-011fc7ef-4d54-4495-b366-d647ed96c81b req-50118e84-de5e-4b70-ab27-c3689f1fb520 bf33abc797694e02aecc8ea6888f0a7c 7f93e6d1889a47c2a0ec62ddc1f3f393 - - default default] 10.0.0.187 "GET /v2.0/ports?device_id=2c5945b1-212b-47fa-b5de-2f0eaa8ff52b HTTP/1.1" status: 200 len: 210 time: 0.0218060
2026-07-02 01:38:25.988 9 WARNING neutron.scheduler.dhcp_agent_scheduler [None req-95dd5af5-0d3e-466c-90b2-3f2d362bc269 bab95d561e324319b16649bead50fe85 00f57688627a4851af88213c6ee4ba77 - - default default] No more DHCP agents
2026-07-02 01:38:25.989 9 WARNING neutron.api.rpc.agentnotifiers.dhcp_rpc_agent_api [None req-95dd5af5-0d3e-466c-90b2-3f2d362bc269 bab95d561e324319b16649bead50fe85 00f57688627a4851af88213c6ee4ba77 - - default default] Unable to schedule network 38a3ad7e-60e6-409e-8d39-3085f1e576a2: no agents available; will retry on subsequent port and subnet creation events.
2026-07-02 01:38:26.048 10 INFO neutron.db.ovn_revision_numbers_db [None req-659964a4-961e-4c90-8b2c-6a55a19b9b6f - - - - - -] Successfully bumped revision number for resource 29536c12-20c8-44d3-a80a-3eedb340488e (type: ports) to 4
2026-07-02 01:38:26.109 9 INFO neutron.db.ovn_revision_numbers_db [None req-95dd5af5-0d3e-466c-90b2-3f2d362bc269 bab95d561e324319b16649bead50fe85 00f57688627a4851af88213c6ee4ba77 - - default default] Successfully bumped revision number for resource 6cfa7b5a-34c4-4654-b27e-47475ec1bb5a (type: ports) to 1
2026-07-02 01:38:26.312 10 INFO neutron.db.ovn_revision_numbers_db [None req-659964a4-961e-4c90-8b2c-6a55a19b9b6f - - - - - -] Successfully bumped revision number for resource 29536c12-20c8-44d3-a80a-3eedb340488e (type: ports) to 5
2026-07-02 01:38:26.711 9 INFO neutron.db.ovn_revision_numbers_db [None req-95dd5af5-0d3e-466c-90b2-3f2d362bc269 bab95d561e324319b16649bead50fe85 00f57688627a4851af88213c6ee4ba77 - - default default] Successfully bumped revision number for resource 6cfa7b5a-34c4-4654-b27e-47475ec1bb5a (type: ports) to 1
2026-07-02 01:38:26.763 9 WARNING neutron.scheduler.dhcp_agent_scheduler [None req-95dd5af5-0d3e-466c-90b2-3f2d362bc269 bab95d561e324319b16649bead50fe85 00f57688627a4851af88213c6ee4ba77 - - default default] No more DHCP agents
2026-07-02 01:38:26.764 9 WARNING neutron.api.rpc.agentnotifiers.dhcp_rpc_agent_api [None req-95dd5af5-0d3e-466c-90b2-3f2d362bc269 bab95d561e324319b16649bead50fe85 00f57688627a4851af88213c6ee4ba77 - - default default] Unable to schedule network 38a3ad7e-60e6-409e-8d39-3085f1e576a2: no agents available; will retry on subsequent port and subnet creation events.
2026-07-02 01:38:26.981 9 INFO neutron.api.wsgi [req-83f3e031-b89d-4e37-89fd-2ddcfb481175 req-1e1128e0-d60a-4d48-a9a2-21e304a24717 bf33abc797694e02aecc8ea6888f0a7c 7f93e6d1889a47c2a0ec62ddc1f3f393 - - default default] 10.0.0.187 "GET /v2.0/ports?device_id=2c5945b1-212b-47fa-b5de-2f0eaa8ff52b HTTP/1.1" status: 200 len: 210 time: 0.0154126
2026-07-02 01:38:27.055 9 INFO neutron.db.ovn_revision_numbers_db [None req-95dd5af5-0d3e-466c-90b2-3f2d362bc269 bab95d561e324319b16649bead50fe85 00f57688627a4851af88213c6ee4ba77 - - default default] Successfully bumped revision number for resource 6cfa7b5a-34c4-4654-b27e-47475ec1bb5a (type: router_ports) to 1
2026-07-02 01:38:27.060 9 INFO neutron.api.wsgi [None req-95dd5af5-0d3e-466c-90b2-3f2d362bc269 bab95d561e324319b16649bead50fe85 00f57688627a4851af88213c6ee4ba77 - - default default] 10.0.0.92 "PUT /v2.0/routers/b8a26118-c80a-4acb-a2a3-cb6c514bfce2/add_router_interface HTTP/1.1" status: 200 len: 503 time: 1.6375394
2026-07-02 01:38:27.604 9 WARNING neutron.scheduler.dhcp_agent_scheduler [None req-7d6b15ac-245c-48d9-a8e9-517da84b3d38 bab95d561e324319b16649bead50fe85 00f57688627a4851af88213c6ee4ba77 - - default default] No more DHCP agents
2026-07-02 01:38:27.605 9 WARNING neutron.api.rpc.agentnotifiers.dhcp_rpc_agent_api [None req-7d6b15ac-245c-48d9-a8e9-517da84b3d38 bab95d561e324319b16649bead50fe85 00f57688627a4851af88213c6ee4ba77 - - default default] Unable to schedule network 4cd0f58c-2053-4a13-ae0f-95f592016595: no agents available; will retry on subsequent port and subnet creation events.
2026-07-02 01:38:27.653 10 INFO neutron.plugins.ml2.drivers.ovn.mech_driver.mech_driver [None req-0155f99d-d751-4b42-a21c-f8745d4807d4 - - - - - -] OVN reports status up for port: 6cfa7b5a-34c4-4654-b27e-47475ec1bb5a
2026-07-02 01:38:27.661 10 INFO neutron.plugins.ml2.plugin [None req-0155f99d-d751-4b42-a21c-f8745d4807d4 - - - - - -] Attempt 1 to provision port 6cfa7b5a-34c4-4654-b27e-47475ec1bb5a
2026-07-02 01:38:27.733 9 INFO neutron.db.ovn_revision_numbers_db [None req-7d6b15ac-245c-48d9-a8e9-517da84b3d38 bab95d561e324319b16649bead50fe85 00f57688627a4851af88213c6ee4ba77 - - default default] Successfully bumped revision number for resource 28f79f70-f6ed-417c-ac10-ff5f0cf4cd4a (type: ports) to 1
2026-07-02 01:38:27.997 10 INFO neutron.db.ovn_revision_numbers_db [None req-0155f99d-d751-4b42-a21c-f8745d4807d4 - - - - - -] Successfully bumped revision number for resource 6cfa7b5a-34c4-4654-b27e-47475ec1bb5a (type: ports) to 2
2026-07-02 01:38:28.074 9 INFO neutron.api.wsgi [req-d2d700e5-ad9f-43b1-a126-af22119bb28f req-6e77b3e0-cc95-4d84-a91a-52ef96de6698 bf33abc797694e02aecc8ea6888f0a7c 7f93e6d1889a47c2a0ec62ddc1f3f393 - - default default] 10.0.0.187 "GET /v2.0/ports?device_id=2c5945b1-212b-47fa-b5de-2f0eaa8ff52b HTTP/1.1" status: 200 len: 210 time: 0.0220926
2026-07-02 01:38:28.474 9 INFO neutron.db.ovn_revision_numbers_db [None req-7d6b15ac-245c-48d9-a8e9-517da84b3d38 bab95d561e324319b16649bead50fe85 00f57688627a4851af88213c6ee4ba77 - - default default] Successfully bumped revision number for resource 28f79f70-f6ed-417c-ac10-ff5f0cf4cd4a (type: ports) to 1
2026-07-02 01:38:28.527 9 WARNING neutron.scheduler.dhcp_agent_scheduler [None req-7d6b15ac-245c-48d9-a8e9-517da84b3d38 bab95d561e324319b16649bead50fe85 00f57688627a4851af88213c6ee4ba77 - - default default] No more DHCP agents
2026-07-02 01:38:28.528 9 WARNING neutron.api.rpc.agentnotifiers.dhcp_rpc_agent_api [None req-7d6b15ac-245c-48d9-a8e9-517da84b3d38 bab95d561e324319b16649bead50fe85 00f57688627a4851af88213c6ee4ba77 - - default default] Unable to schedule network 4cd0f58c-2053-4a13-ae0f-95f592016595: no agents available; will retry on subsequent port and subnet creation events.
2026-07-02 01:38:28.869 9 INFO neutron.db.ovn_revision_numbers_db [None req-7d6b15ac-245c-48d9-a8e9-517da84b3d38 bab95d561e324319b16649bead50fe85 00f57688627a4851af88213c6ee4ba77 - - default default] Successfully bumped revision number for resource 28f79f70-f6ed-417c-ac10-ff5f0cf4cd4a (type: router_ports) to 1
2026-07-02 01:38:28.876 9 INFO neutron.api.wsgi [None req-7d6b15ac-245c-48d9-a8e9-517da84b3d38 bab95d561e324319b16649bead50fe85 00f57688627a4851af88213c6ee4ba77 - - default default] 10.0.0.92 "PUT /v2.0/routers/b8a26118-c80a-4acb-a2a3-cb6c514bfce2/add_router_interface HTTP/1.1" status: 200 len: 503 time: 1.8087921 /var/lib/openstack/lib/python3.12/site-packages/pycadf/identifier.py:71: UserWarning: Invalid uuid: neutron. To ensure interoperability, identifiers should be a valid uuid. warnings.warn(('Invalid uuid: %s. To ensure interoperability, '
2026-07-02 01:38:29.315 10 INFO neutron.api.wsgi [None req-8d1d3c30-cf44-4c08-8a83-e071a13d5641 bf33abc797694e02aecc8ea6888f0a7c 7f93e6d1889a47c2a0ec62ddc1f3f393 - - default default] 10.0.0.92 "DELETE /v2.0/security-groups/b3a12165-4588-48fa-847a-51ddc227acbb HTTP/1.1" status: 204 len: 168 time: 0.1924322
2026-07-02 01:38:29.482 10 WARNING neutron.scheduler.dhcp_agent_scheduler [None req-d5b5f4e7-f03e-47ec-ae40-5c9bcfa64c4a bab95d561e324319b16649bead50fe85 00f57688627a4851af88213c6ee4ba77 - - default default] No more DHCP agents
2026-07-02 01:38:29.486 10 WARNING neutron.api.rpc.agentnotifiers.dhcp_rpc_agent_api [None req-d5b5f4e7-f03e-47ec-ae40-5c9bcfa64c4a bab95d561e324319b16649bead50fe85 00f57688627a4851af88213c6ee4ba77 - - default default] Unable to schedule network 82b6ef35-7d34-457d-8e93-ba5f2f117ef8: no agents available; will retry on subsequent port and subnet creation events.
2026-07-02 01:38:29.639 10 INFO neutron.db.ovn_revision_numbers_db [None req-d5b5f4e7-f03e-47ec-ae40-5c9bcfa64c4a bab95d561e324319b16649bead50fe85 00f57688627a4851af88213c6ee4ba77 - - default default] Successfully bumped revision number for resource 07302cbd-b624-4c66-8117-8449a7452781 (type: ports) to 1
2026-07-02 01:38:29.693 10 INFO neutron.api.wsgi [None req-bd33b837-838b-49d9-97a7-f430e87df0a1 bf33abc797694e02aecc8ea6888f0a7c 7f93e6d1889a47c2a0ec62ddc1f3f393 - - default default] 10.0.0.92 "DELETE /v2.0/floatingips/e1425e20-b309-4e9f-99ff-fdaa57a876ea HTTP/1.1" status: 204 len: 168 time: 0.3456862
2026-07-02 01:38:29.891 9 INFO neutron.api.wsgi [req-c94597e5-75d5-4107-8b9d-ebc3dae4a98c req-a05639a1-88c2-470d-a5a4-6d1413a3f30d bf33abc797694e02aecc8ea6888f0a7c 7f93e6d1889a47c2a0ec62ddc1f3f393 - - default default] 10.0.0.187 "GET /v2.0/ports?device_id=2a9237f9-ef48-4ab2-aa28-ca40070c1fc5 HTTP/1.1" status: 200 len: 1170 time: 0.0720663
2026-07-02 01:38:29.937 9 INFO neutron.api.wsgi [req-c94597e5-75d5-4107-8b9d-ebc3dae4a98c req-6e862d6e-0780-4226-a8ed-f243f7915a9e bf33abc797694e02aecc8ea6888f0a7c 7f93e6d1889a47c2a0ec62ddc1f3f393 - - default default] 10.0.0.187 "GET /v2.0/security-groups?id=024d5300-60ee-4df5-8c8f-7676fb8fcd91&fields=id&fields=name HTTP/1.1" status: 200 len: 312 time: 0.0382302
2026-07-02 01:38:30.274 10 INFO neutron.db.ovn_revision_numbers_db [None req-d5b5f4e7-f03e-47ec-ae40-5c9bcfa64c4a bab95d561e324319b16649bead50fe85 00f57688627a4851af88213c6ee4ba77 - - default default] Successfully bumped revision number for resource 07302cbd-b624-4c66-8117-8449a7452781 (type: ports) to 1
2026-07-02 01:38:30.321 10 WARNING neutron.scheduler.dhcp_agent_scheduler [None req-d5b5f4e7-f03e-47ec-ae40-5c9bcfa64c4a bab95d561e324319b16649bead50fe85 00f57688627a4851af88213c6ee4ba77 - - default default] No more DHCP agents
2026-07-02 01:38:30.322 10 WARNING neutron.api.rpc.agentnotifiers.dhcp_rpc_agent_api [None req-d5b5f4e7-f03e-47ec-ae40-5c9bcfa64c4a bab95d561e324319b16649bead50fe85 00f57688627a4851af88213c6ee4ba77 - - default default] Unable to schedule network 82b6ef35-7d34-457d-8e93-ba5f2f117ef8: no agents available; will retry on subsequent port and subnet creation events.
2026-07-02 01:38:30.395 9 INFO neutron.plugins.ml2.drivers.ovn.mech_driver.mech_driver [None req-eba4bda5-7a67-4737-a59a-cae605fc1ee6 - - - - - -] OVN reports status down for port: 64e1ee1a-f0e2-456c-8a8c-34cc6640149e
2026-07-02 01:38:30.546 9 INFO neutron.notifiers.nova [-] Nova event matching ['req-c41dd983-f71e-44b4-8100-252a51980f92'] response: {'server_uuid': '2a9237f9-ef48-4ab2-aa28-ca40070c1fc5', 'name': 'network-vif-unplugged', 'status': 'completed', 'tag': '64e1ee1a-f0e2-456c-8a8c-34cc6640149e', 'code': 200}
2026-07-02 01:38:30.656 9 INFO neutron.db.ovn_revision_numbers_db [None req-eba4bda5-7a67-4737-a59a-cae605fc1ee6 - - - - - -] Successfully bumped revision number for resource 64e1ee1a-f0e2-456c-8a8c-34cc6640149e (type: ports) to 6
2026-07-02 01:38:30.753 10 INFO neutron.db.ovn_revision_numbers_db [None req-d5b5f4e7-f03e-47ec-ae40-5c9bcfa64c4a bab95d561e324319b16649bead50fe85 00f57688627a4851af88213c6ee4ba77 - - default default] Successfully bumped revision number for resource 07302cbd-b624-4c66-8117-8449a7452781 (type: router_ports) to 1
2026-07-02 01:38:30.759 10 INFO neutron.api.wsgi [None req-d5b5f4e7-f03e-47ec-ae40-5c9bcfa64c4a bab95d561e324319b16649bead50fe85 00f57688627a4851af88213c6ee4ba77 - - default default] 10.0.0.92 "PUT /v2.0/routers/b8a26118-c80a-4acb-a2a3-cb6c514bfce2/add_router_interface HTTP/1.1" status: 200 len: 503 time: 1.8769951
2026-07-02 01:38:30.815 10 WARNING neutron_lib.context [None req-8e643dfe-4760-4fec-8aef-534b6e0f6060 bab95d561e324319b16649bead50fe85 00f57688627a4851af88213c6ee4ba77 - - default default] Method 'is_advsvc' is deprecated since 2023.2 release (neutron-lib 3.8.0) and will be removed once support for the old RBAC API policies will be removed from Neutron. Please use method 'is_service_role' instead.
2026-07-02 01:38:30.923 10 INFO neutron.db.ovn_revision_numbers_db [None req-8e643dfe-4760-4fec-8aef-534b6e0f6060 bab95d561e324319b16649bead50fe85 00f57688627a4851af88213c6ee4ba77 - - default default] Successfully bumped revision number for resource d0c7d626-882b-42c1-84c0-02a89f101e44 (type: security_groups) to 1
2026-07-02 01:38:30.940 10 INFO neutron.db.ovn_revision_numbers_db [None req-8e643dfe-4760-4fec-8aef-534b6e0f6060 bab95d561e324319b16649bead50fe85 00f57688627a4851af88213c6ee4ba77 - - default default] Successfully bumped revision number for resource 851e7451-5d34-4e48-9317-9a067cf6f84d (type: security_group_rules) to 0
2026-07-02 01:38:30.955 10 INFO neutron.db.ovn_revision_numbers_db [None req-8e643dfe-4760-4fec-8aef-534b6e0f6060 bab95d561e324319b16649bead50fe85 00f57688627a4851af88213c6ee4ba77 - - default default] Successfully bumped revision number for resource dee75a1b-4ad6-4b27-acd5-4ad3e7c7706b (type: security_group_rules) to 0
2026-07-02 01:38:30.992 10 INFO neutron.api.wsgi [None req-8e643dfe-4760-4fec-8aef-534b6e0f6060 bab95d561e324319b16649bead50fe85 00f57688627a4851af88213c6ee4ba77 - - default default] 10.0.0.92 "POST /v2.0/security-groups HTTP/1.1" status: 201 len: 1827 time: 0.1827095
2026-07-02 01:38:31.000 10 WARNING neutron_lib.context [None req-0f841836-32d9-4344-af38-db7f31348e3f bab95d561e324319b16649bead50fe85 00f57688627a4851af88213c6ee4ba77 - - default default] Method 'is_advsvc' is deprecated since 2023.2 release (neutron-lib 3.8.0) and will be removed once support for the old RBAC API policies will be removed from Neutron. Please use method 'is_service_role' instead. /var/lib/openstack/lib/python3.12/site-packages/pycadf/identifier.py:71: UserWarning: Invalid uuid: neutron. To ensure interoperability, identifiers should be a valid uuid. warnings.warn(('Invalid uuid: %s. To ensure interoperability, '
2026-07-02 01:38:31.068 9 INFO neutron.api.wsgi [req-ef9e1dbd-6855-4f76-8455-d0a7275336eb req-382952c5-80c6-45f5-aba9-5066c990111b bf33abc797694e02aecc8ea6888f0a7c 7f93e6d1889a47c2a0ec62ddc1f3f393 - - default default] 10.0.0.187 "GET /v2.0/ports?device_id=2a9237f9-ef48-4ab2-aa28-ca40070c1fc5 HTTP/1.1" status: 200 len: 1168 time: 0.0455587
2026-07-02 01:38:31.125 9 INFO neutron.api.wsgi [req-ef9e1dbd-6855-4f76-8455-d0a7275336eb req-6c8467b6-fd21-4a87-bbc7-f59c7596e426 bf33abc797694e02aecc8ea6888f0a7c 7f93e6d1889a47c2a0ec62ddc1f3f393 - - default default] 10.0.0.187 "GET /v2.0/security-groups?id=024d5300-60ee-4df5-8c8f-7676fb8fcd91&fields=id&fields=name HTTP/1.1" status: 200 len: 312 time: 0.0528874
2026-07-02 01:38:31.170 10 INFO neutron.db.ovn_revision_numbers_db [None req-0f841836-32d9-4344-af38-db7f31348e3f bab95d561e324319b16649bead50fe85 00f57688627a4851af88213c6ee4ba77 - - default default] Successfully bumped revision number for resource 6a55def5-c2a5-48a5-87ad-b3e85caec03b (type: security_group_rules) to 0
2026-07-02 01:38:31.200 10 INFO neutron.api.wsgi [None req-0f841836-32d9-4344-af38-db7f31348e3f bab95d561e324319b16649bead50fe85 00f57688627a4851af88213c6ee4ba77 - - default default] 10.0.0.92 "POST /v2.0/security-group-rules HTTP/1.1" status: 201 len: 796 time: 0.2026539
2026-07-02 01:38:31.210 10 WARNING neutron_lib.context [None req-77b76be1-5724-487a-bc46-0b40fcc3ba56 bab95d561e324319b16649bead50fe85 00f57688627a4851af88213c6ee4ba77 - - default default] Method 'is_advsvc' is deprecated since 2023.2 release (neutron-lib 3.8.0) and will be removed once support for the old RBAC API policies will be removed from Neutron. Please use method 'is_service_role' instead.
2026-07-02 01:38:31.326 10 INFO neutron.db.ovn_revision_numbers_db [None req-77b76be1-5724-487a-bc46-0b40fcc3ba56 bab95d561e324319b16649bead50fe85 00f57688627a4851af88213c6ee4ba77 - - default default] Successfully bumped revision number for resource 7bc2cbfe-87a1-466b-8fc4-103e5ee73dac (type: security_group_rules) to 0
2026-07-02 01:38:31.356 10 INFO neutron.api.wsgi [None req-77b76be1-5724-487a-bc46-0b40fcc3ba56 bab95d561e324319b16649bead50fe85 00f57688627a4851af88213c6ee4ba77 - - default default] 10.0.0.92 "POST /v2.0/security-group-rules HTTP/1.1" status: 201 len: 796 time: 0.1501718
2026-07-02 01:38:31.365 10 WARNING neutron_lib.context [None req-bf8fdcd3-f43f-4e7c-8239-090b2c6f8c0f bab95d561e324319b16649bead50fe85 00f57688627a4851af88213c6ee4ba77 - - default default] Method 'is_advsvc' is deprecated since 2023.2 release (neutron-lib 3.8.0) and will be removed once support for the old RBAC API policies will be removed from Neutron. Please use method 'is_service_role' instead.
2026-07-02 01:38:31.508 10 INFO neutron.db.ovn_revision_numbers_db [None req-bf8fdcd3-f43f-4e7c-8239-090b2c6f8c0f bab95d561e324319b16649bead50fe85 00f57688627a4851af88213c6ee4ba77 - - default default] Successfully bumped revision number for resource 32cb4766-008f-4f14-98a0-be4bd045eb19 (type: security_group_rules) to 0
2026-07-02 01:38:31.546 10 INFO neutron.api.wsgi [None req-bf8fdcd3-f43f-4e7c-8239-090b2c6f8c0f bab95d561e324319b16649bead50fe85 00f57688627a4851af88213c6ee4ba77 - - default default] 10.0.0.92 "POST /v2.0/security-group-rules HTTP/1.1" status: 201 len: 798 time: 0.1848972
2026-07-02 01:38:31.555 10 WARNING neutron_lib.context [None req-dc8a939b-c20e-435d-9a45-71e40efdf128 bab95d561e324319b16649bead50fe85 00f57688627a4851af88213c6ee4ba77 - - default default] Method 'is_advsvc' is deprecated since 2023.2 release (neutron-lib 3.8.0) and will be removed once support for the old RBAC API policies will be removed from Neutron. Please use method 'is_service_role' instead.
2026-07-02 01:38:31.617 9 INFO neutron.api.wsgi [req-904984e0-689b-4428-af39-9c658b06c840 req-bacefdda-d5cd-437b-9065-e62bb5e2c9fd bf33abc797694e02aecc8ea6888f0a7c 7f93e6d1889a47c2a0ec62ddc1f3f393 - - default default] 199.204.45.242 "GET /v2.0/ports?device_id=2a9237f9-ef48-4ab2-aa28-ca40070c1fc5 HTTP/1.1" status: 200 len: 1168 time: 0.0355186
2026-07-02 01:38:31.683 10 INFO neutron.db.ovn_revision_numbers_db [None req-dc8a939b-c20e-435d-9a45-71e40efdf128 bab95d561e324319b16649bead50fe85 00f57688627a4851af88213c6ee4ba77 - - default default] Successfully bumped revision number for resource e30c2b67-83be-42f4-a1fa-ab6a185a2952 (type: security_group_rules) to 0
2026-07-02 01:38:31.712 10 INFO neutron.api.wsgi [None req-dc8a939b-c20e-435d-9a45-71e40efdf128 bab95d561e324319b16649bead50fe85 00f57688627a4851af88213c6ee4ba77 - - default default] 10.0.0.92 "POST /v2.0/security-group-rules HTTP/1.1" status: 201 len: 800 time: 0.1609409
2026-07-02 01:38:31.722 10 WARNING neutron_lib.context [None req-5860bba8-3ce2-43c1-9b35-d5e85f0d5332 bab95d561e324319b16649bead50fe85 00f57688627a4851af88213c6ee4ba77 - - default default] Method 'is_advsvc' is deprecated since 2023.2 release (neutron-lib 3.8.0) and will be removed once support for the old RBAC API policies will be removed from Neutron. Please use method 'is_service_role' instead.
2026-07-02 01:38:31.840 10 INFO neutron.db.ovn_revision_numbers_db [None req-5860bba8-3ce2-43c1-9b35-d5e85f0d5332 bab95d561e324319b16649bead50fe85 00f57688627a4851af88213c6ee4ba77 - - default default] Successfully bumped revision number for resource 74d54289-cca6-43de-82ba-de34a42c98df (type: security_group_rules) to 0
2026-07-02 01:38:31.868 10 INFO neutron.api.wsgi [None req-5860bba8-3ce2-43c1-9b35-d5e85f0d5332 bab95d561e324319b16649bead50fe85 00f57688627a4851af88213c6ee4ba77 - - default default] 10.0.0.92 "POST /v2.0/security-group-rules HTTP/1.1" status: 201 len: 800 time: 0.1502030
2026-07-02 01:38:31.877 10 WARNING neutron_lib.context [None req-96edd3e4-8925-46be-95b4-49c59845a43d bab95d561e324319b16649bead50fe85 00f57688627a4851af88213c6ee4ba77 - - default default] Method 'is_advsvc' is deprecated since 2023.2 release (neutron-lib 3.8.0) and will be removed once support for the old RBAC API policies will be removed from Neutron. Please use method 'is_service_role' instead.
2026-07-02 01:38:31.889 9 INFO neutron.api.wsgi [req-904984e0-689b-4428-af39-9c658b06c840 req-9494b9cd-7b0a-4338-b697-479bbe55dba2 bf33abc797694e02aecc8ea6888f0a7c 7f93e6d1889a47c2a0ec62ddc1f3f393 - - default default] 199.204.45.242 "DELETE /v2.0/ports/64e1ee1a-f0e2-456c-8a8c-34cc6640149e HTTP/1.1" status: 204 len: 173 time: 0.2683339
2026-07-02 01:38:32.012 10 INFO neutron.db.ovn_revision_numbers_db [None req-96edd3e4-8925-46be-95b4-49c59845a43d bab95d561e324319b16649bead50fe85 00f57688627a4851af88213c6ee4ba77 - - default default] Successfully bumped revision number for resource 92ffbae1-fcea-4702-ad31-016a7435e5e9 (type: security_group_rules) to 0
2026-07-02 01:38:32.045 10 INFO neutron.api.wsgi [None req-96edd3e4-8925-46be-95b4-49c59845a43d bab95d561e324319b16649bead50fe85 00f57688627a4851af88213c6ee4ba77 - - default default] 10.0.0.92 "POST /v2.0/security-group-rules HTTP/1.1" status: 201 len: 796 time: 0.1733742
2026-07-02 01:38:32.054 10 WARNING neutron_lib.context [None req-d08280a2-bf23-43e7-913c-9e61005c3c0a bab95d561e324319b16649bead50fe85 00f57688627a4851af88213c6ee4ba77 - - default default] Method 'is_advsvc' is deprecated since 2023.2 release (neutron-lib 3.8.0) and will be removed once support for the old RBAC API policies will be removed from Neutron. Please use method 'is_service_role' instead.
2026-07-02 01:38:32.204 9 INFO neutron.api.wsgi [req-37f31007-033a-4e02-8e32-a445be10631d req-789b3efc-3b98-4884-b9f7-35e569da790c bf33abc797694e02aecc8ea6888f0a7c 7f93e6d1889a47c2a0ec62ddc1f3f393 - - default default] 10.0.0.187 "GET /v2.0/ports?device_id=2a9237f9-ef48-4ab2-aa28-ca40070c1fc5 HTTP/1.1" status: 200 len: 210 time: 0.0207264
2026-07-02 01:38:32.205 10 INFO neutron.db.ovn_revision_numbers_db [None req-d08280a2-bf23-43e7-913c-9e61005c3c0a bab95d561e324319b16649bead50fe85 00f57688627a4851af88213c6ee4ba77 - - default default] Successfully bumped revision number for resource 3177b2e1-f159-4569-99be-ff6eef4ef211 (type: security_group_rules) to 0
2026-07-02 01:38:32.235 10 INFO neutron.api.wsgi [None req-d08280a2-bf23-43e7-913c-9e61005c3c0a bab95d561e324319b16649bead50fe85 00f57688627a4851af88213c6ee4ba77 - - default default] 10.0.0.92 "POST /v2.0/security-group-rules HTTP/1.1" status: 201 len: 796 time: 0.1843786
2026-07-02 01:38:32.244 10 WARNING neutron_lib.context [None req-f6e6c374-762a-4dab-a945-a02667c95afa bab95d561e324319b16649bead50fe85 00f57688627a4851af88213c6ee4ba77 - - default default] Method 'is_advsvc' is deprecated since 2023.2 release (neutron-lib 3.8.0) and will be removed once support for the old RBAC API policies will be removed from Neutron. Please use method 'is_service_role' instead.
2026-07-02 01:38:32.380 10 INFO neutron.db.ovn_revision_numbers_db [None req-f6e6c374-762a-4dab-a945-a02667c95afa bab95d561e324319b16649bead50fe85 00f57688627a4851af88213c6ee4ba77 - - default default] Successfully bumped revision number for resource 2a2f4867-2f29-46ae-9a7a-7bdfb6867e06 (type: security_group_rules) to 0
2026-07-02 01:38:32.433 10 INFO neutron.api.wsgi [None req-f6e6c374-762a-4dab-a945-a02667c95afa bab95d561e324319b16649bead50fe85 00f57688627a4851af88213c6ee4ba77 - - default default] 10.0.0.92 "POST /v2.0/security-group-rules HTTP/1.1" status: 201 len: 796 time: 0.1927493
2026-07-02 01:38:32.442 10 WARNING neutron_lib.context [None req-de2ccfd1-a7e5-436c-905b-64a197e7f323 bab95d561e324319b16649bead50fe85 00f57688627a4851af88213c6ee4ba77 - - default default] Method 'is_advsvc' is deprecated since 2023.2 release (neutron-lib 3.8.0) and will be removed once support for the old RBAC API policies will be removed from Neutron. Please use method 'is_service_role' instead.
2026-07-02 01:38:32.579 10 WARNING neutron.plugins.ml2.drivers.ovn.mech_driver.ovsdb.ovn_client [None req-ce881f34-cb0d-4abe-862c-50b8a35fb330 - - - - - -] No hosting information found for port 6cfa7b5a-34c4-4654-b27e-47475ec1bb5a: RuntimeError: No hosting information found for port 6cfa7b5a-34c4-4654-b27e-47475ec1bb5a
2026-07-02 01:38:32.589 9 INFO neutron.notifiers.nova [-] Nova event matching ['req-54f91538-8234-4f84-9401-e28bc8bee298'] response: {'server_uuid': '2a9237f9-ef48-4ab2-aa28-ca40070c1fc5', 'name': 'network-vif-unplugged', 'status': 'completed', 'tag': '64e1ee1a-f0e2-456c-8a8c-34cc6640149e', 'code': 200}
2026-07-02 01:38:32.592 9 INFO neutron.notifiers.nova [-] Nova event matching ['req-54f91538-8234-4f84-9401-e28bc8bee298'] response: {'server_uuid': '2a9237f9-ef48-4ab2-aa28-ca40070c1fc5', 'name': 'network-vif-deleted', 'tag': '64e1ee1a-f0e2-456c-8a8c-34cc6640149e', 'status': 'completed', 'code': 200}
2026-07-02 01:38:32.617 10 INFO neutron.db.ovn_revision_numbers_db [None req-de2ccfd1-a7e5-436c-905b-64a197e7f323 bab95d561e324319b16649bead50fe85 00f57688627a4851af88213c6ee4ba77 - - default default] Successfully bumped revision number for resource b6bd7251-b287-4309-9fe8-3aa3b645c592 (type: security_group_rules) to 0
2026-07-02 01:38:32.656 10 INFO neutron.api.wsgi [None req-de2ccfd1-a7e5-436c-905b-64a197e7f323 bab95d561e324319b16649bead50fe85 00f57688627a4851af88213c6ee4ba77 - - default default] 10.0.0.92 "POST /v2.0/security-group-rules HTTP/1.1" status: 201 len: 798 time: 0.2191246
2026-07-02 01:38:32.661 10 INFO neutron.db.ovn_revision_numbers_db [None req-ce881f34-cb0d-4abe-862c-50b8a35fb330 - - - - - -] Successfully bumped revision number for resource 6cfa7b5a-34c4-4654-b27e-47475ec1bb5a (type: router_ports) to 2
2026-07-02 01:38:32.667 9 WARNING neutron_lib.context [None req-2c091a51-2b5d-4603-8a16-644be5785dae bab95d561e324319b16649bead50fe85 00f57688627a4851af88213c6ee4ba77 - - default default] Method 'is_advsvc' is deprecated since 2023.2 release (neutron-lib 3.8.0) and will be removed once support for the old RBAC API policies will be removed from Neutron. Please use method 'is_service_role' instead.
2026-07-02 01:38:32.703 10 INFO neutron.plugins.ml2.drivers.ovn.mech_driver.mech_driver [None req-ce881f34-cb0d-4abe-862c-50b8a35fb330 - - - - - -] OVN reports status up for port: 28f79f70-f6ed-417c-ac10-ff5f0cf4cd4a
2026-07-02 01:38:32.709 10 INFO neutron.plugins.ml2.plugin [None req-ce881f34-cb0d-4abe-862c-50b8a35fb330 - - - - - -] Attempt 1 to provision port 28f79f70-f6ed-417c-ac10-ff5f0cf4cd4a
2026-07-02 01:38:32.814 9 INFO neutron.db.ovn_revision_numbers_db [None req-2c091a51-2b5d-4603-8a16-644be5785dae bab95d561e324319b16649bead50fe85 00f57688627a4851af88213c6ee4ba77 - - default default] Successfully bumped revision number for resource 82207fc5-42b9-4f3f-bcb8-5f07239c5db8 (type: security_group_rules) to 0
2026-07-02 01:38:32.845 9 INFO neutron.api.wsgi [None req-2c091a51-2b5d-4603-8a16-644be5785dae bab95d561e324319b16649bead50fe85 00f57688627a4851af88213c6ee4ba77 - - default default] 10.0.0.92 "POST /v2.0/security-group-rules HTTP/1.1" status: 201 len: 800 time: 0.1828828
2026-07-02 01:38:32.854 9 WARNING neutron_lib.context [None req-96b49a2d-8c73-4093-a570-62ec479e2566 bab95d561e324319b16649bead50fe85 00f57688627a4851af88213c6ee4ba77 - - default default] Method 'is_advsvc' is deprecated since 2023.2 release (neutron-lib 3.8.0) and will be removed once support for the old RBAC API policies will be removed from Neutron. Please use method 'is_service_role' instead.
