2026-07-02 01:35:02.013 10 INFO neutron.api.wsgi [req-e9e14501-3346-4da8-a0c6-0c37d7caec77 req-153a5c99-5401-4e64-b92b-aa4ebfc143e8 e87e72b4033848039c84fc7fc2d060cf df8080bc6e534792b9472afd0019c822 - - 8caf2e07147247b9bb941e3edaeeec84 8caf2e07147247b9bb941e3edaeeec84] 199.204.45.242 "GET /v2.0/networks/06d01054-27ca-40f6-8575-eff01415a96e?fields=provider%3Aphysical_network&fields=provider%3Anetwork_type HTTP/1.1" status: 200 len: 277 time: 0.0584273
2026-07-02 01:35:02.168 9 INFO neutron.db.ovn_revision_numbers_db [req-64e7ab03-0c22-4d93-99ae-ddb57104de38 req-04b582a6-dbff-4659-b8e0-8889eef5696f e87e72b4033848039c84fc7fc2d060cf df8080bc6e534792b9472afd0019c822 - - 8caf2e07147247b9bb941e3edaeeec84 8caf2e07147247b9bb941e3edaeeec84] Successfully bumped revision number for resource 7078a8b5-d616-4a58-b152-a3ffa96f2a07 (type: ports) to 2 /var/lib/openstack/lib/python3.12/site-packages/pycadf/identifier.py:71: UserWarning: Invalid uuid: neutron. To ensure interoperability, identifiers should be a valid uuid. warnings.warn(('Invalid uuid: %s. To ensure interoperability, '
2026-07-02 01:35:02.247 9 INFO neutron.api.wsgi [req-cf67050c-e742-4cc3-b21e-fec7fc632a51 req-60b1ac11-0d4a-4e66-ad55-a4b9ae56ee98 45a0721534cb46a598330cdb381c697e 77ff173bd3e042a6ad5a5930b340dfef - - default default] 10.0.0.187 "GET /v2.0/ports?device_id=d1fbfb16-6cd8-4ae6-810e-4b5a35999630 HTTP/1.1" status: 200 len: 210 time: 0.0145724
2026-07-02 01:35:02.273 10 INFO neutron.db.ovn_revision_numbers_db [None req-64f33451-7678-40ea-8e4a-44754ae4aeb7 8e5c5b738f6143bcb8a4692bcf3f946a 8b7ac94abcdf4b1c8e759a98ee26404e - - default default] Successfully bumped revision number for resource aa61a06d-5325-4aff-a5bb-ab761158f426 (type: floatingips) to 1 /var/lib/openstack/lib/python3.12/site-packages/pycadf/identifier.py:71: UserWarning: Invalid uuid: neutron. To ensure interoperability, identifiers should be a valid uuid. warnings.warn(('Invalid uuid: %s. To ensure interoperability, '
2026-07-02 01:35:02.402 10 INFO neutron.db.ovn_revision_numbers_db [None req-64f33451-7678-40ea-8e4a-44754ae4aeb7 8e5c5b738f6143bcb8a4692bcf3f946a 8b7ac94abcdf4b1c8e759a98ee26404e - - default default] Successfully bumped revision number for resource aa61a06d-5325-4aff-a5bb-ab761158f426 (type: floatingips) to 2
2026-07-02 01:35:02.402 10 INFO neutron.db.l3_db [None req-64f33451-7678-40ea-8e4a-44754ae4aeb7 8e5c5b738f6143bcb8a4692bcf3f946a 8b7ac94abcdf4b1c8e759a98ee26404e - - default default] Floating IP aa61a06d-5325-4aff-a5bb-ab761158f426 associated. External IP: 10.96.250.216, port: 88f019f4-062e-4e72-b059-02856376b6fa.
2026-07-02 01:35:02.421 9 INFO neutron.db.ovn_revision_numbers_db [req-64e7ab03-0c22-4d93-99ae-ddb57104de38 req-04b582a6-dbff-4659-b8e0-8889eef5696f e87e72b4033848039c84fc7fc2d060cf df8080bc6e534792b9472afd0019c822 - - 8caf2e07147247b9bb941e3edaeeec84 8caf2e07147247b9bb941e3edaeeec84] Successfully bumped revision number for resource 7078a8b5-d616-4a58-b152-a3ffa96f2a07 (type: ports) to 4
2026-07-02 01:35:02.436 10 INFO neutron.plugins.ml2.drivers.ovn.mech_driver.mech_driver [None req-ba57d8fd-6e8b-440a-8097-8d388fef97e4 - - - - - -] OVN reports status up for port: 0c134fb8-f4c1-4fd4-b153-7d11b76f432c
2026-07-02 01:35:02.452 10 INFO neutron.plugins.ml2.plugin [None req-ba57d8fd-6e8b-440a-8097-8d388fef97e4 - - - - - -] Attempt 1 to provision port 0c134fb8-f4c1-4fd4-b153-7d11b76f432c
2026-07-02 01:35:02.464 10 INFO neutron.api.wsgi [None req-64f33451-7678-40ea-8e4a-44754ae4aeb7 8e5c5b738f6143bcb8a4692bcf3f946a 8b7ac94abcdf4b1c8e759a98ee26404e - - default default] 10.0.0.92 "PUT /v2.0/floatingips/aa61a06d-5325-4aff-a5bb-ab761158f426 HTTP/1.1" status: 200 len: 1050 time: 1.1158152
2026-07-02 01:35:02.465 9 INFO neutron.api.wsgi [req-64e7ab03-0c22-4d93-99ae-ddb57104de38 req-04b582a6-dbff-4659-b8e0-8889eef5696f e87e72b4033848039c84fc7fc2d060cf df8080bc6e534792b9472afd0019c822 - - 8caf2e07147247b9bb941e3edaeeec84 8caf2e07147247b9bb941e3edaeeec84] 199.204.45.242 "PUT /v2.0/ports/7078a8b5-d616-4a58-b152-a3ffa96f2a07 HTTP/1.1" status: 200 len: 1408 time: 0.6695881
2026-07-02 01:35:02.572 9 INFO neutron.api.wsgi [None req-9f9802ea-d683-4387-b014-c62c2bbf4527 3e01dbd7e1704f9db4666c59b8ae46bc 2c5cb693a75c4cc8bb6350c86fae6bfe - - default default] 10.0.0.54 "GET /v2.0/routers HTTP/1.1" status: 200 len: 4062 time: 0.2723320
2026-07-02 01:35:02.587 9 INFO neutron.api.wsgi [req-184f4271-ec7a-4a73-ad65-9fbb98dd14c9 req-e436f874-aca8-4a90-afa0-141d931a1972 8e5c5b738f6143bcb8a4692bcf3f946a 8b7ac94abcdf4b1c8e759a98ee26404e - - default default] 10.0.0.187 "GET /v2.0/ports?device_id=9956ff07-dac7-4243-a45b-0a8c915249fe HTTP/1.1" status: 200 len: 1174 time: 0.0598061
2026-07-02 01:35:02.676 9 INFO neutron.api.wsgi [req-184f4271-ec7a-4a73-ad65-9fbb98dd14c9 req-fa40a886-911b-4032-a9c3-1af77a61ec1f 8e5c5b738f6143bcb8a4692bcf3f946a 8b7ac94abcdf4b1c8e759a98ee26404e - - default default] 10.0.0.187 "GET /v2.0/security-groups?id=791f2f5a-71b4-4863-bc34-ff7f2b294e54&fields=id&fields=name HTTP/1.1" status: 200 len: 313 time: 0.0785301
2026-07-02 01:35:02.682 9 INFO neutron.api.wsgi [None req-49d56ad0-9067-4b8f-b48a-92a0621a5085 3e01dbd7e1704f9db4666c59b8ae46bc 2c5cb693a75c4cc8bb6350c86fae6bfe - - default default] 10.0.0.54 "GET /v2.0/agents?binary=ovn-controller HTTP/1.1" status: 200 len: 591 time: 0.1035101
2026-07-02 01:35:02.689 9 INFO neutron.api.wsgi [req-c20fea64-3f4a-48b9-83cd-133174d75864 req-7524228d-46ac-4a7c-ac96-a3c59f6152ef 1ad6bfd25fbf4d71ad5333507b706f14 a6ec91f8297f458386bdadef622988f8 - - default default] 10.0.0.187 "GET /v2.0/ports?device_id=e4882327-1e59-42e7-b85c-5c80193dcfe3 HTTP/1.1" status: 200 len: 1174 time: 0.0705068
2026-07-02 01:35:02.701 9 INFO neutron.api.wsgi [None req-26f6c69f-ae19-446b-9fc5-e724b9fefe09 3e01dbd7e1704f9db4666c59b8ae46bc 2c5cb693a75c4cc8bb6350c86fae6bfe - - default default] 10.0.0.54 "GET /v2.0/agents HTTP/1.1" status: 200 len: 1390 time: 0.0168893
2026-07-02 01:35:02.721 9 INFO neutron.api.wsgi [None req-56f9921a-8e5f-4e34-b782-a4dee15276e0 3e01dbd7e1704f9db4666c59b8ae46bc 2c5cb693a75c4cc8bb6350c86fae6bfe - - default default] 10.0.0.54 "GET /v2.0/network-ip-availabilities HTTP/1.1" status: 200 len: 3218 time: 0.0152993
2026-07-02 01:35:02.747 9 INFO neutron.api.wsgi [req-c20fea64-3f4a-48b9-83cd-133174d75864 req-db6a27d4-83dc-4bfe-9f7a-98e98c0678de 1ad6bfd25fbf4d71ad5333507b706f14 a6ec91f8297f458386bdadef622988f8 - - default default] 10.0.0.187 "GET /v2.0/security-groups?id=d8f5d5d5-6116-45fb-a1e4-c0171e0403e4&fields=id&fields=name HTTP/1.1" status: 200 len: 313 time: 0.0454092
2026-07-02 01:35:02.752 10 INFO neutron.db.ovn_revision_numbers_db [None req-ba57d8fd-6e8b-440a-8097-8d388fef97e4 - - - - - -] Successfully bumped revision number for resource 0c134fb8-f4c1-4fd4-b153-7d11b76f432c (type: ports) to 5
2026-07-02 01:35:02.757 9 INFO neutron.api.wsgi [None req-99c3d1a1-98d4-4f12-969c-f3f7dec5f03d 3e01dbd7e1704f9db4666c59b8ae46bc 2c5cb693a75c4cc8bb6350c86fae6bfe - - default default] 10.0.0.54 "GET /v2.0/subnets HTTP/1.1" status: 200 len: 4221 time: 0.0337138
2026-07-02 01:35:02.766 9 INFO neutron.api.wsgi [None req-fff716fb-16f6-41f6-b6a4-82c5d1c79b97 3e01dbd7e1704f9db4666c59b8ae46bc 2c5cb693a75c4cc8bb6350c86fae6bfe - - default default] 10.0.0.54 "GET /v2.0/subnetpools HTTP/1.1" status: 200 len: 193 time: 0.0061941
2026-07-02 01:35:02.824 9 INFO neutron.api.wsgi [None req-53a6dc2b-c27a-4d46-9258-d405a01411d0 3e01dbd7e1704f9db4666c59b8ae46bc 2c5cb693a75c4cc8bb6350c86fae6bfe - - default default] 10.0.0.54 "GET /v2.0/floatingips HTTP/1.1" status: 200 len: 2113 time: 0.0570531
2026-07-02 01:35:02.888 9 INFO neutron.api.wsgi [None req-f9aeae3d-a629-41ed-90e6-79e9ce2abf79 3e01dbd7e1704f9db4666c59b8ae46bc 2c5cb693a75c4cc8bb6350c86fae6bfe - - default default] 10.0.0.54 "GET /v2.0/networks HTTP/1.1" status: 200 len: 5407 time: 0.0628066
2026-07-02 01:35:02.909 9 INFO neutron.notifiers.nova [-] Nova event matching ['req-2cba24a8-90c6-45fd-95ff-f682a0278504'] response: {'name': 'network-changed', 'server_uuid': '58ab803b-5095-4d31-b613-cb5569094fa6', 'tag': '7078a8b5-d616-4a58-b152-a3ffa96f2a07', 'status': 'completed', 'code': 200}
2026-07-02 01:35:02.926 9 INFO neutron.api.wsgi [None req-9258d823-9e9f-47d1-a4b0-8bfa17914814 3e01dbd7e1704f9db4666c59b8ae46bc 2c5cb693a75c4cc8bb6350c86fae6bfe - - default default] 10.0.0.54 "GET /v2.0/subnets HTTP/1.1" status: 200 len: 4221 time: 0.0356300
2026-07-02 01:35:02.936 10 INFO neutron.notifiers.nova [-] Nova event matching ['req-9ff56c08-8bfb-45a2-9df4-45b3a285ba46'] response: {'server_uuid': 'd1fbfb16-6cd8-4ae6-810e-4b5a35999630', 'name': 'network-vif-deleted', 'tag': '1fcb930e-7c10-4002-ad25-df731751fff6', 'status': 'completed', 'code': 200}
2026-07-02 01:35:02.936 10 INFO neutron.notifiers.nova [-] Nova event matching ['req-9ff56c08-8bfb-45a2-9df4-45b3a285ba46'] response: {'name': 'network-changed', 'server_uuid': '9956ff07-dac7-4243-a45b-0a8c915249fe', 'tag': '88f019f4-062e-4e72-b059-02856376b6fa', 'status': 'completed', 'code': 200}
2026-07-02 01:35:02.937 10 INFO neutron.notifiers.nova [-] Nova event matching ['req-9ff56c08-8bfb-45a2-9df4-45b3a285ba46'] response: {'server_uuid': 'e4882327-1e59-42e7-b85c-5c80193dcfe3', 'name': 'network-vif-plugged', 'status': 'completed', 'tag': '0c134fb8-f4c1-4fd4-b153-7d11b76f432c', 'code': 200}
2026-07-02 01:35:02.937 10 INFO neutron.notifiers.nova [-] Nova event matching ['req-9ff56c08-8bfb-45a2-9df4-45b3a285ba46'] response: {'server_uuid': 'e4882327-1e59-42e7-b85c-5c80193dcfe3', 'name': 'network-vif-plugged', 'status': 'completed', 'tag': '0c134fb8-f4c1-4fd4-b153-7d11b76f432c', 'code': 200}
2026-07-02 01:35:03.021 9 INFO neutron.api.wsgi [None req-6e9fd1ff-0a5e-4826-99e8-df87b4859906 3e01dbd7e1704f9db4666c59b8ae46bc 2c5cb693a75c4cc8bb6350c86fae6bfe - - default default] 10.0.0.54 "GET /v2.0/ports HTTP/1.1" status: 200 len: 24838 time: 0.0925303
2026-07-02 01:35:03.070 9 INFO neutron.api.wsgi [req-778d4a57-8aca-4dda-9d61-d97be12c388b req-917c1585-5e7d-484d-91f0-a391f518b1c4 8e5c5b738f6143bcb8a4692bcf3f946a 8b7ac94abcdf4b1c8e759a98ee26404e - - default default] 10.0.0.187 "GET /v2.0/ports?device_id=9956ff07-dac7-4243-a45b-0a8c915249fe HTTP/1.1" status: 200 len: 1174 time: 0.0485315
2026-07-02 01:35:03.101 9 INFO neutron.api.wsgi [None req-3e65d5bf-729d-43ff-a65c-5a1656dfdd88 3e01dbd7e1704f9db4666c59b8ae46bc 2c5cb693a75c4cc8bb6350c86fae6bfe - - default default] 10.0.0.54 "GET /v2.0/security-groups HTTP/1.1" status: 200 len: 37780 time: 0.0660655
2026-07-02 01:35:03.119 9 INFO neutron.api.wsgi [req-eacfa5c2-ad21-4f1e-b920-e7ee12df5568 req-66f030b6-0ab5-4efc-9200-d89c3b1b1b9b 1ea5077b914f41d9b88298a9539444c3 277cefd55d974879bcef3ae326eccc90 - - default default] 10.0.0.187 "GET /v2.0/ports?device_id=58ab803b-5095-4d31-b613-cb5569094fa6 HTTP/1.1" status: 200 len: 1172 time: 0.0833361
2026-07-02 01:35:03.134 9 INFO neutron.api.wsgi [req-778d4a57-8aca-4dda-9d61-d97be12c388b req-eb09a630-9729-4bff-8ce5-0eb3e92461c4 8e5c5b738f6143bcb8a4692bcf3f946a 8b7ac94abcdf4b1c8e759a98ee26404e - - default default] 10.0.0.187 "GET /v2.0/security-groups?id=791f2f5a-71b4-4863-bc34-ff7f2b294e54&fields=id&fields=name HTTP/1.1" status: 200 len: 313 time: 0.0603004
2026-07-02 01:35:03.186 9 INFO neutron.api.wsgi [req-eacfa5c2-ad21-4f1e-b920-e7ee12df5568 req-48319546-cde9-4f96-b270-a5aa4338b1c5 1ea5077b914f41d9b88298a9539444c3 277cefd55d974879bcef3ae326eccc90 - - default default] 10.0.0.187 "GET /v2.0/security-groups?id=3b90bdf4-b8dc-44de-bafc-4d30f3fbeab4&fields=id&fields=name HTTP/1.1" status: 200 len: 312 time: 0.0606039
2026-07-02 01:35:03.341 9 INFO neutron.api.wsgi [req-6bf243e9-1017-430f-ab78-03ad22cc07e8 req-7e2b173b-db70-4d87-b364-c0f745e6e1df 45a0721534cb46a598330cdb381c697e 77ff173bd3e042a6ad5a5930b340dfef - - default default] 10.0.0.187 "GET /v2.0/ports?device_id=d1fbfb16-6cd8-4ae6-810e-4b5a35999630 HTTP/1.1" status: 200 len: 210 time: 0.0185533 /var/lib/openstack/lib/python3.12/site-packages/pycadf/identifier.py:71: UserWarning: Invalid uuid: neutron. To ensure interoperability, identifiers should be a valid uuid. warnings.warn(('Invalid uuid: %s. To ensure interoperability, '
2026-07-02 01:35:03.454 9 INFO neutron.api.wsgi [req-dfac163e-5862-4373-91a6-11425796d7ec req-de8271f5-cef8-4a3b-bd2d-e8a58b5bac06 e87e72b4033848039c84fc7fc2d060cf df8080bc6e534792b9472afd0019c822 - - 8caf2e07147247b9bb941e3edaeeec84 8caf2e07147247b9bb941e3edaeeec84] 199.204.45.242 "GET /v2.0/ports?tenant_id=277cefd55d974879bcef3ae326eccc90&device_id=58ab803b-5095-4d31-b613-cb5569094fa6 HTTP/1.1" status: 200 len: 1411 time: 0.0356493
2026-07-02 01:35:03.487 10 INFO neutron.api.wsgi [req-8a5c2303-e968-4747-acc0-77b330fca07d req-27934dfa-0714-4909-9e17-b0b78bd40953 e87e72b4033848039c84fc7fc2d060cf df8080bc6e534792b9472afd0019c822 - - 8caf2e07147247b9bb941e3edaeeec84 8caf2e07147247b9bb941e3edaeeec84] 199.204.45.242 "GET /v2.0/ports?tenant_id=8b7ac94abcdf4b1c8e759a98ee26404e&device_id=9956ff07-dac7-4243-a45b-0a8c915249fe HTTP/1.1" status: 200 len: 1413 time: 0.0434852
2026-07-02 01:35:03.523 9 INFO neutron.api.wsgi [req-dfac163e-5862-4373-91a6-11425796d7ec req-32f88736-6f80-472f-9b95-e85076848aa2 e87e72b4033848039c84fc7fc2d060cf df8080bc6e534792b9472afd0019c822 - - 8caf2e07147247b9bb941e3edaeeec84 8caf2e07147247b9bb941e3edaeeec84] 199.204.45.242 "GET /v2.0/networks?tenant_id=277cefd55d974879bcef3ae326eccc90&shared=False HTTP/1.1" status: 200 len: 974 time: 0.0645936
2026-07-02 01:35:03.542 10 INFO neutron.api.wsgi [req-8a5c2303-e968-4747-acc0-77b330fca07d req-850f569a-cdf7-436f-b2ca-b9a8480886cd e87e72b4033848039c84fc7fc2d060cf df8080bc6e534792b9472afd0019c822 - - 8caf2e07147247b9bb941e3edaeeec84 8caf2e07147247b9bb941e3edaeeec84] 199.204.45.242 "GET /v2.0/networks?id=3d7012ec-636b-44bd-ac09-e18012f6b566 HTTP/1.1" status: 200 len: 978 time: 0.0479827
2026-07-02 01:35:03.570 9 INFO neutron.api.wsgi [req-dfac163e-5862-4373-91a6-11425796d7ec req-13ecaf69-dadd-4380-9de0-a63a44580ab8 e87e72b4033848039c84fc7fc2d060cf df8080bc6e534792b9472afd0019c822 - - 8caf2e07147247b9bb941e3edaeeec84 8caf2e07147247b9bb941e3edaeeec84] 199.204.45.242 "GET /v2.0/networks?shared=True HTTP/1.1" status: 200 len: 952 time: 0.0424352
2026-07-02 01:35:03.580 10 INFO neutron.api.wsgi [req-8a5c2303-e968-4747-acc0-77b330fca07d req-68cb3f79-6d73-482f-b082-386ad8578435 e87e72b4033848039c84fc7fc2d060cf df8080bc6e534792b9472afd0019c822 - - 8caf2e07147247b9bb941e3edaeeec84 8caf2e07147247b9bb941e3edaeeec84] 199.204.45.242 "GET /v2.0/floatingips?fixed_ip_address=10.100.0.14&port_id=88f019f4-062e-4e72-b059-02856376b6fa HTTP/1.1" status: 200 len: 1060 time: 0.0322914
2026-07-02 01:35:03.588 10 INFO neutron.plugins.ml2.drivers.ovn.mech_driver.mech_driver [None req-731b22bd-7ea9-49aa-b092-b2df919a679c - - - - - -] OVN reports status down for port: 88f019f4-062e-4e72-b059-02856376b6fa
2026-07-02 01:35:03.635 10 INFO neutron.api.wsgi [req-8a5c2303-e968-4747-acc0-77b330fca07d req-71515493-d483-40df-b23f-a1ec1856b2d3 e87e72b4033848039c84fc7fc2d060cf df8080bc6e534792b9472afd0019c822 - - 8caf2e07147247b9bb941e3edaeeec84 8caf2e07147247b9bb941e3edaeeec84] 199.204.45.242 "GET /v2.0/subnets?id=fddcf5d9-703b-4d49-9b91-e0a741b06240 HTTP/1.1" status: 200 len: 897 time: 0.0480392
2026-07-02 01:35:03.655 10 INFO neutron.api.wsgi [req-8a5c2303-e968-4747-acc0-77b330fca07d req-0816563a-8aa2-4e5c-95ab-fe131a113669 e87e72b4033848039c84fc7fc2d060cf df8080bc6e534792b9472afd0019c822 - - 8caf2e07147247b9bb941e3edaeeec84 8caf2e07147247b9bb941e3edaeeec84] 199.204.45.242 "GET /v2.0/ports?network_id=3d7012ec-636b-44bd-ac09-e18012f6b566&device_owner=network%3Adhcp HTTP/1.1" status: 200 len: 210 time: 0.0154047
2026-07-02 01:35:03.714 10 INFO neutron.api.wsgi [req-8a5c2303-e968-4747-acc0-77b330fca07d req-3461f80f-cdcf-4c7f-804b-83fbbfff50d0 e87e72b4033848039c84fc7fc2d060cf df8080bc6e534792b9472afd0019c822 - - 8caf2e07147247b9bb941e3edaeeec84 8caf2e07147247b9bb941e3edaeeec84] 199.204.45.242 "GET /v2.0/networks/3d7012ec-636b-44bd-ac09-e18012f6b566?fields=segments HTTP/1.1" status: 200 len: 212 time: 0.0521019
2026-07-02 01:35:03.759 10 INFO neutron.api.wsgi [req-8a5c2303-e968-4747-acc0-77b330fca07d req-ebb65e9d-c1b9-43e4-b5f0-4d1617462592 e87e72b4033848039c84fc7fc2d060cf df8080bc6e534792b9472afd0019c822 - - 8caf2e07147247b9bb941e3edaeeec84 8caf2e07147247b9bb941e3edaeeec84] 199.204.45.242 "GET /v2.0/networks/3d7012ec-636b-44bd-ac09-e18012f6b566?fields=provider%3Aphysical_network&fields=provider%3Anetwork_type HTTP/1.1" status: 200 len: 277 time: 0.0410051
2026-07-02 01:35:03.854 10 INFO neutron.db.ovn_revision_numbers_db [None req-731b22bd-7ea9-49aa-b092-b2df919a679c - - - - - -] Successfully bumped revision number for resource 88f019f4-062e-4e72-b059-02856376b6fa (type: ports) to 6
2026-07-02 01:35:04.009 9 INFO neutron.api.wsgi [req-97b3379b-b0ea-4fa1-9109-a2465f36e48d req-b5b53bb9-e3a6-48b4-9d44-60bcfef5de61 1ad6bfd25fbf4d71ad5333507b706f14 a6ec91f8297f458386bdadef622988f8 - - default default] 10.0.0.187 "GET /v2.0/ports?device_id=e4882327-1e59-42e7-b85c-5c80193dcfe3 HTTP/1.1" status: 200 len: 1174 time: 0.0325878
2026-07-02 01:35:04.048 9 INFO neutron.api.wsgi [req-97b3379b-b0ea-4fa1-9109-a2465f36e48d req-281d7dc7-6493-4f94-90a9-c62b77fe4599 1ad6bfd25fbf4d71ad5333507b706f14 a6ec91f8297f458386bdadef622988f8 - - default default] 10.0.0.187 "GET /v2.0/security-groups?id=d8f5d5d5-6116-45fb-a1e4-c0171e0403e4&fields=id&fields=name HTTP/1.1" status: 200 len: 313 time: 0.0305278
2026-07-02 01:35:04.262 9 INFO neutron.api.wsgi [req-a869aef9-79da-41f7-a2f8-2868bbb4b10a req-51d46111-4981-4d81-a838-2e1a3d805644 8e5c5b738f6143bcb8a4692bcf3f946a 8b7ac94abcdf4b1c8e759a98ee26404e - - default default] 10.0.0.187 "GET /v2.0/ports?device_id=9956ff07-dac7-4243-a45b-0a8c915249fe HTTP/1.1" status: 200 len: 1172 time: 0.0416300
2026-07-02 01:35:04.316 9 INFO neutron.api.wsgi [req-588fc26e-cb55-4720-911b-92248842e675 req-d9f0f0ba-abd1-4dcf-9ea0-3d2cf22727b4 1ea5077b914f41d9b88298a9539444c3 277cefd55d974879bcef3ae326eccc90 - - default default] 10.0.0.187 "GET /v2.0/ports?device_id=58ab803b-5095-4d31-b613-cb5569094fa6 HTTP/1.1" status: 200 len: 1172 time: 0.0660501
2026-07-02 01:35:04.345 9 INFO neutron.api.wsgi [req-a869aef9-79da-41f7-a2f8-2868bbb4b10a req-f8259d0f-19e3-4642-9199-eb57936c8515 8e5c5b738f6143bcb8a4692bcf3f946a 8b7ac94abcdf4b1c8e759a98ee26404e - - default default] 10.0.0.187 "GET /v2.0/security-groups?id=791f2f5a-71b4-4863-bc34-ff7f2b294e54&fields=id&fields=name HTTP/1.1" status: 200 len: 313 time: 0.0788705
2026-07-02 01:35:04.373 9 INFO neutron.api.wsgi [req-588fc26e-cb55-4720-911b-92248842e675 req-448f6b33-7bad-4738-930d-f8002e3a21f8 1ea5077b914f41d9b88298a9539444c3 277cefd55d974879bcef3ae326eccc90 - - default default] 10.0.0.187 "GET /v2.0/security-groups?id=3b90bdf4-b8dc-44de-bafc-4d30f3fbeab4&fields=id&fields=name HTTP/1.1" status: 200 len: 312 time: 0.0503101 /var/lib/openstack/lib/python3.12/site-packages/pycadf/identifier.py:71: UserWarning: Invalid uuid: neutron. To ensure interoperability, identifiers should be a valid uuid. warnings.warn(('Invalid uuid: %s. To ensure interoperability, '
2026-07-02 01:35:04.787 9 INFO neutron.api.wsgi [req-7a924065-4de5-4735-a08d-3491438ba9fc req-495d1a13-8a9c-47fc-b481-f309f2b50eaa 8e5c5b738f6143bcb8a4692bcf3f946a 8b7ac94abcdf4b1c8e759a98ee26404e - - default default] 199.204.45.242 "GET /v2.0/ports?device_id=9956ff07-dac7-4243-a45b-0a8c915249fe HTTP/1.1" status: 200 len: 1172 time: 0.0475328
2026-07-02 01:35:04.813 10 INFO neutron.api.wsgi [req-64e7ab03-0c22-4d93-99ae-ddb57104de38 req-c7c046ec-f800-44f4-b849-3576848c7950 e87e72b4033848039c84fc7fc2d060cf df8080bc6e534792b9472afd0019c822 - - 8caf2e07147247b9bb941e3edaeeec84 8caf2e07147247b9bb941e3edaeeec84] 199.204.45.242 "GET /v2.0/ports?tenant_id=277cefd55d974879bcef3ae326eccc90&device_id=58ab803b-5095-4d31-b613-cb5569094fa6 HTTP/1.1" status: 200 len: 1411 time: 0.2303817
2026-07-02 01:35:04.845 10 INFO neutron.api.wsgi [req-64e7ab03-0c22-4d93-99ae-ddb57104de38 req-e0bd67bc-bcba-4be8-a79c-b44ff6d0ff71 e87e72b4033848039c84fc7fc2d060cf df8080bc6e534792b9472afd0019c822 - - 8caf2e07147247b9bb941e3edaeeec84 8caf2e07147247b9bb941e3edaeeec84] 199.204.45.242 "GET /v2.0/floatingips?fixed_ip_address=10.100.0.10&port_id=7078a8b5-d616-4a58-b152-a3ffa96f2a07 HTTP/1.1" status: 200 len: 217 time: 0.0212507
2026-07-02 01:35:04.889 10 INFO neutron.api.wsgi [req-64e7ab03-0c22-4d93-99ae-ddb57104de38 req-3fff7148-a454-4604-b5d2-f3940dce2e74 e87e72b4033848039c84fc7fc2d060cf df8080bc6e534792b9472afd0019c822 - - 8caf2e07147247b9bb941e3edaeeec84 8caf2e07147247b9bb941e3edaeeec84] 199.204.45.242 "GET /v2.0/subnets?id=c0d3f7bb-9747-4295-81de-518f5267f330 HTTP/1.1" status: 200 len: 893 time: 0.0401404
2026-07-02 01:35:04.909 10 INFO neutron.api.wsgi [req-64e7ab03-0c22-4d93-99ae-ddb57104de38 req-aa1e085d-74f1-4337-9059-619d45b687fa e87e72b4033848039c84fc7fc2d060cf df8080bc6e534792b9472afd0019c822 - - 8caf2e07147247b9bb941e3edaeeec84 8caf2e07147247b9bb941e3edaeeec84] 199.204.45.242 "GET /v2.0/ports?network_id=065046f0-7d47-494f-ab49-9caaa021cb6e&device_owner=network%3Adhcp HTTP/1.1" status: 200 len: 210 time: 0.0150015
2026-07-02 01:35:04.957 10 INFO neutron.api.wsgi [req-64e7ab03-0c22-4d93-99ae-ddb57104de38 req-71d5ca92-3b53-42da-9151-d7805a0522c9 e87e72b4033848039c84fc7fc2d060cf df8080bc6e534792b9472afd0019c822 - - 8caf2e07147247b9bb941e3edaeeec84 8caf2e07147247b9bb941e3edaeeec84] 199.204.45.242 "GET /v2.0/networks/065046f0-7d47-494f-ab49-9caaa021cb6e?fields=segments HTTP/1.1" status: 200 len: 212 time: 0.0431509
2026-07-02 01:35:04.983 10 INFO neutron.notifiers.nova [-] Nova event matching ['req-fdd462e6-306e-4cb4-b999-dedfff6cddbc'] response: {'server_uuid': '9956ff07-dac7-4243-a45b-0a8c915249fe', 'name': 'network-vif-unplugged', 'status': 'completed', 'tag': '88f019f4-062e-4e72-b059-02856376b6fa', 'code': 200}
2026-07-02 01:35:04.983 10 INFO neutron.notifiers.nova [-] Nova event matching ['req-fdd462e6-306e-4cb4-b999-dedfff6cddbc'] response: {'server_uuid': '9956ff07-dac7-4243-a45b-0a8c915249fe', 'name': 'network-vif-unplugged', 'status': 'completed', 'tag': '88f019f4-062e-4e72-b059-02856376b6fa', 'code': 200}
2026-07-02 01:35:05.033 10 INFO neutron.api.wsgi [req-64e7ab03-0c22-4d93-99ae-ddb57104de38 req-f76d5544-1610-4f66-8f0a-16ad8339cd0d e87e72b4033848039c84fc7fc2d060cf df8080bc6e534792b9472afd0019c822 - - 8caf2e07147247b9bb941e3edaeeec84 8caf2e07147247b9bb941e3edaeeec84] 199.204.45.242 "GET /v2.0/networks/065046f0-7d47-494f-ab49-9caaa021cb6e?fields=provider%3Aphysical_network&fields=provider%3Anetwork_type HTTP/1.1" status: 200 len: 277 time: 0.0699556
2026-07-02 01:35:05.197 9 INFO neutron.db.l3_db [req-7a924065-4de5-4735-a08d-3491438ba9fc req-c2cc12c9-877d-4a68-b10f-e27c0ff353fd 8e5c5b738f6143bcb8a4692bcf3f946a 8b7ac94abcdf4b1c8e759a98ee26404e - - default default] Floating IP aa61a06d-5325-4aff-a5bb-ab761158f426 disassociated. External IP: 10.96.250.216, port: 88f019f4-062e-4e72-b059-02856376b6fa.
2026-07-02 01:35:05.222 9 INFO neutron.api.wsgi [req-af6d1786-1cfe-4de5-a529-a41490c8bd80 req-3c1be722-99c5-4e70-b603-bc9f47893e5b 1ad6bfd25fbf4d71ad5333507b706f14 a6ec91f8297f458386bdadef622988f8 - - default default] 10.0.0.187 "GET /v2.0/ports?device_id=e4882327-1e59-42e7-b85c-5c80193dcfe3 HTTP/1.1" status: 200 len: 1174 time: 0.0956881
2026-07-02 01:35:05.264 9 INFO neutron.api.wsgi [req-af6d1786-1cfe-4de5-a529-a41490c8bd80 req-8c99e092-098b-4871-95d2-5f7409f86f6d 1ad6bfd25fbf4d71ad5333507b706f14 a6ec91f8297f458386bdadef622988f8 - - default default] 10.0.0.187 "GET /v2.0/security-groups?id=d8f5d5d5-6116-45fb-a1e4-c0171e0403e4&fields=id&fields=name HTTP/1.1" status: 200 len: 313 time: 0.0343690
2026-07-02 01:35:05.320 9 INFO neutron.api.wsgi [req-7a924065-4de5-4735-a08d-3491438ba9fc req-c2cc12c9-877d-4a68-b10f-e27c0ff353fd 8e5c5b738f6143bcb8a4692bcf3f946a 8b7ac94abcdf4b1c8e759a98ee26404e - - default default] 199.204.45.242 "DELETE /v2.0/ports/88f019f4-062e-4e72-b059-02856376b6fa HTTP/1.1" status: 204 len: 173 time: 0.5239680
2026-07-02 01:35:05.349 9 INFO neutron.notifiers.nova [-] Nova event matching ['req-f251b108-a969-47ff-ba30-4854debddf7c'] response: {'server_uuid': '9956ff07-dac7-4243-a45b-0a8c915249fe', 'name': 'network-vif-deleted', 'tag': '88f019f4-062e-4e72-b059-02856376b6fa', 'status': 'completed', 'code': 200}
2026-07-02 01:35:05.442 9 INFO neutron.api.wsgi [req-12a475ad-e2f3-4191-a768-1f173c465ba3 req-7ed8feac-12a3-4d66-8c6c-4225b5a6feb5 8e5c5b738f6143bcb8a4692bcf3f946a 8b7ac94abcdf4b1c8e759a98ee26404e - - default default] 10.0.0.187 "GET /v2.0/ports?device_id=9956ff07-dac7-4243-a45b-0a8c915249fe HTTP/1.1" status: 200 len: 210 time: 0.0222919
2026-07-02 01:35:05.477 9 INFO neutron.api.wsgi [req-ed7e000e-89ae-49db-a4db-49eb23fd2611 req-623c9b9f-753e-42af-a4e7-0db3f7da64a6 1ea5077b914f41d9b88298a9539444c3 277cefd55d974879bcef3ae326eccc90 - - default default] 10.0.0.187 "GET /v2.0/ports?device_id=58ab803b-5095-4d31-b613-cb5569094fa6 HTTP/1.1" status: 200 len: 1172 time: 0.0331082
2026-07-02 01:35:05.517 9 INFO neutron.api.wsgi [req-ed7e000e-89ae-49db-a4db-49eb23fd2611 req-fe9d4f5e-dfc1-40e3-b0f5-5a34a49a0fa3 1ea5077b914f41d9b88298a9539444c3 277cefd55d974879bcef3ae326eccc90 - - default default] 10.0.0.187 "GET /v2.0/security-groups?id=3b90bdf4-b8dc-44de-bafc-4d30f3fbeab4&fields=id&fields=name HTTP/1.1" status: 200 len: 312 time: 0.0316551
2026-07-02 01:35:05.956 10 INFO neutron.api.wsgi [None req-119e1378-08cb-4891-9ad6-715b2186aeb9 3e01dbd7e1704f9db4666c59b8ae46bc 2c5cb693a75c4cc8bb6350c86fae6bfe - - default default] 10.0.0.92 "PUT /v2.0/routers/3fd9ea86-d2cf-457b-8602-6440c7a6a0ef/remove_router_interface HTTP/1.1" status: 200 len: 503 time: 1.5466838 /var/lib/openstack/lib/python3.12/site-packages/pycadf/identifier.py:71: UserWarning: Invalid uuid: neutron. To ensure interoperability, identifiers should be a valid uuid. warnings.warn(('Invalid uuid: %s. To ensure interoperability, '
2026-07-02 01:35:06.380 9 INFO neutron.api.wsgi [req-1e645953-a36c-479a-bc8e-36beaf653372 req-a121b7b0-bd1e-4e98-96c6-12155cde8c96 1ad6bfd25fbf4d71ad5333507b706f14 a6ec91f8297f458386bdadef622988f8 - - default default] 10.0.0.187 "GET /v2.0/ports?device_id=e4882327-1e59-42e7-b85c-5c80193dcfe3 HTTP/1.1" status: 200 len: 1174 time: 0.0413384
2026-07-02 01:35:06.446 9 INFO neutron.api.wsgi [req-1e645953-a36c-479a-bc8e-36beaf653372 req-c1bb93e7-dfd0-4aa4-bbfb-4fc76092e05c 1ad6bfd25fbf4d71ad5333507b706f14 a6ec91f8297f458386bdadef622988f8 - - default default] 10.0.0.187 "GET /v2.0/security-groups?id=d8f5d5d5-6116-45fb-a1e4-c0171e0403e4&fields=id&fields=name HTTP/1.1" status: 200 len: 313 time: 0.0611701
2026-07-02 01:35:06.554 9 INFO neutron.api.wsgi [req-0c7d6742-8b6a-423a-b2d1-6b1b92bea863 req-b2b028b3-ec54-424f-a5b3-2b63b92b165f 8e5c5b738f6143bcb8a4692bcf3f946a 8b7ac94abcdf4b1c8e759a98ee26404e - - default default] 10.0.0.187 "GET /v2.0/ports?device_id=9956ff07-dac7-4243-a45b-0a8c915249fe HTTP/1.1" status: 200 len: 210 time: 0.0277166
2026-07-02 01:35:06.561 9 INFO neutron.api.wsgi [req-06b8baa5-901d-442f-a744-f9082ecccdbc req-5b21fb62-7768-4b8a-829e-b53d8eb31fbf 1ad6bfd25fbf4d71ad5333507b706f14 a6ec91f8297f458386bdadef622988f8 - - default default] 10.0.0.187 "GET /v2.0/ports?device_id=e4882327-1e59-42e7-b85c-5c80193dcfe3 HTTP/1.1" status: 200 len: 1174 time: 0.0472620
2026-07-02 01:35:06.630 10 INFO neutron.api.wsgi [None req-d0f61a60-0792-4aad-bf76-bce26f11dc10 3e01dbd7e1704f9db4666c59b8ae46bc 2c5cb693a75c4cc8bb6350c86fae6bfe - - default default] 10.0.0.92 "DELETE /v2.0/routers/3fd9ea86-d2cf-457b-8602-6440c7a6a0ef HTTP/1.1" status: 204 len: 168 time: 0.6702194
2026-07-02 01:35:06.662 9 INFO neutron.api.wsgi [req-744c9dc3-e8e0-4bfd-bdd1-c46e429fe147 req-a0abbff7-f960-4b30-adfe-232ff1951537 1ea5077b914f41d9b88298a9539444c3 277cefd55d974879bcef3ae326eccc90 - - default default] 10.0.0.187 "GET /v2.0/ports?device_id=58ab803b-5095-4d31-b613-cb5569094fa6 HTTP/1.1" status: 200 len: 1172 time: 0.0585208
2026-07-02 01:35:06.772 10 INFO neutron.api.wsgi [None req-498350c3-4ab1-44a5-ae74-f8b4aa667ea7 3e01dbd7e1704f9db4666c59b8ae46bc 2c5cb693a75c4cc8bb6350c86fae6bfe - - default default] 10.0.0.92 "DELETE /v2.0/subnets/cc064159-a04e-4142-856c-165041b435ce HTTP/1.1" status: 204 len: 168 time: 0.1385710
2026-07-02 01:35:06.907 9 INFO neutron.api.wsgi [req-744c9dc3-e8e0-4bfd-bdd1-c46e429fe147 req-02877e9d-472b-4ef2-8b2a-813072ce2a9b 1ea5077b914f41d9b88298a9539444c3 277cefd55d974879bcef3ae326eccc90 - - default default] 10.0.0.187 "GET /v2.0/security-groups?id=3b90bdf4-b8dc-44de-bafc-4d30f3fbeab4&fields=id&fields=name HTTP/1.1" status: 200 len: 312 time: 0.2365372
2026-07-02 01:35:07.054 10 INFO neutron.services.segments.plugin [-] Segment 3ff43ccb-2b22-4eaf-95d9-e4f2f07158eb resource provider aggregate not found
2026-07-02 01:35:07.057 10 INFO neutron.services.segments.plugin [-] Segment 3ff43ccb-2b22-4eaf-95d9-e4f2f07158eb resource provider aggregate not found
2026-07-02 01:35:07.067 10 INFO neutron.services.segments.plugin [-] Segment 3ff43ccb-2b22-4eaf-95d9-e4f2f07158eb resource provider not found; error: Placement Client Error (4xx): {"errors": [{"status": 404, "title": "Not Found", "detail": "The resource could not be found.\n\n No resource provider with uuid 3ff43ccb-2b22-4eaf-95d9-e4f2f07158eb found for delete ", "request_id": "req-a0842cdc-ad0e-4776-b38d-cdd6dea66aa8"}]}
2026-07-02 01:35:07.075 10 INFO neutron.services.segments.plugin [-] Segment 3ff43ccb-2b22-4eaf-95d9-e4f2f07158eb resource provider not found; error: Placement Client Error (4xx): {"errors": [{"status": 404, "title": "Not Found", "detail": "The resource could not be found.\n\n No resource provider with uuid 3ff43ccb-2b22-4eaf-95d9-e4f2f07158eb found for delete ", "request_id": "req-ab4398f5-cde7-4adb-b26f-74094d6edbe8"}]}
2026-07-02 01:35:07.089 10 INFO neutron.api.wsgi [None req-1af641f4-4aaf-4df0-aa95-4065000886dd 3e01dbd7e1704f9db4666c59b8ae46bc 2c5cb693a75c4cc8bb6350c86fae6bfe - - default default] 10.0.0.92 "DELETE /v2.0/networks/5180354e-5ec2-4f46-a56d-aa6674545d0b HTTP/1.1" status: 204 len: 168 time: 0.3120704
2026-07-02 01:35:07.174 10 INFO neutron.plugins.ml2.drivers.ovn.mech_driver.mech_driver [None req-ee4febc1-ccf9-48eb-a5d0-bc479382b479 - - - - - -] OVN reports status up for port: 7078a8b5-d616-4a58-b152-a3ffa96f2a07
2026-07-02 01:35:07.192 10 INFO neutron.plugins.ml2.plugin [None req-ee4febc1-ccf9-48eb-a5d0-bc479382b479 - - - - - -] Attempt 1 to provision port 7078a8b5-d616-4a58-b152-a3ffa96f2a07
2026-07-02 01:35:07.242 10 INFO neutron.api.wsgi [None req-67763618-fe33-4af3-a1e6-a6a8ae9a4fc5 3e01dbd7e1704f9db4666c59b8ae46bc 2c5cb693a75c4cc8bb6350c86fae6bfe - - default default] 10.0.0.92 "GET /v2.0/security-groups?tenant_id=77ff173bd3e042a6ad5a5930b340dfef&name=default HTTP/1.1" status: 200 len: 3116 time: 0.0405321
2026-07-02 01:35:07.336 10 INFO neutron.notifiers.nova [-] Nova event matching ['req-542ec112-32f6-496a-8c80-f930c0e7f35e'] response: {'server_uuid': '58ab803b-5095-4d31-b613-cb5569094fa6', 'name': 'network-vif-plugged', 'status': 'completed', 'tag': '7078a8b5-d616-4a58-b152-a3ffa96f2a07', 'code': 200}
2026-07-02 01:35:07.387 9 INFO neutron.db.ovn_revision_numbers_db [None req-3363a16a-1d7a-4c2f-ba95-e398f6f9eedd 1ad6bfd25fbf4d71ad5333507b706f14 a6ec91f8297f458386bdadef622988f8 - - default default] Successfully bumped revision number for resource 615e52e1-470f-4321-b0f0-f0506178a803 (type: floatingips) to 1
2026-07-02 01:35:07.492 10 INFO neutron.db.ovn_revision_numbers_db [None req-ee4febc1-ccf9-48eb-a5d0-bc479382b479 - - - - - -] Successfully bumped revision number for resource 7078a8b5-d616-4a58-b152-a3ffa96f2a07 (type: ports) to 5
2026-07-02 01:35:07.525 9 INFO neutron.db.ovn_revision_numbers_db [None req-3363a16a-1d7a-4c2f-ba95-e398f6f9eedd 1ad6bfd25fbf4d71ad5333507b706f14 a6ec91f8297f458386bdadef622988f8 - - default default] Successfully bumped revision number for resource 615e52e1-470f-4321-b0f0-f0506178a803 (type: floatingips) to 2
2026-07-02 01:35:07.526 9 INFO neutron.db.l3_db [None req-3363a16a-1d7a-4c2f-ba95-e398f6f9eedd 1ad6bfd25fbf4d71ad5333507b706f14 a6ec91f8297f458386bdadef622988f8 - - default default] Floating IP 615e52e1-470f-4321-b0f0-f0506178a803 associated. External IP: 10.96.250.211, port: 0c134fb8-f4c1-4fd4-b153-7d11b76f432c.
2026-07-02 01:35:07.566 9 INFO neutron.api.wsgi [None req-3363a16a-1d7a-4c2f-ba95-e398f6f9eedd 1ad6bfd25fbf4d71ad5333507b706f14 a6ec91f8297f458386bdadef622988f8 - - default default] 10.0.0.92 "PUT /v2.0/floatingips/615e52e1-470f-4321-b0f0-f0506178a803 HTTP/1.1" status: 200 len: 1050 time: 0.9927566
2026-07-02 01:35:07.588 9 INFO neutron.api.wsgi [None req-6cfad55e-eb51-47a6-9502-384d72cf25d0 3e01dbd7e1704f9db4666c59b8ae46bc 2c5cb693a75c4cc8bb6350c86fae6bfe - - default default] 10.0.0.92 "DELETE /v2.0/security-groups/1d40fc52-8451-4add-a6be-e17f033a989c HTTP/1.1" status: 204 len: 168 time: 0.3303418
2026-07-02 01:35:07.606 9 INFO neutron.notifiers.nova [-] Nova event matching ['req-4dd2111d-f298-4c72-b011-e925085a3701'] response: {'name': 'network-changed', 'server_uuid': 'e4882327-1e59-42e7-b85c-5c80193dcfe3', 'tag': '0c134fb8-f4c1-4fd4-b153-7d11b76f432c', 'status': 'completed', 'code': 200}
2026-07-02 01:35:07.663 9 INFO neutron.api.wsgi [req-2c78bfc9-f3e6-474f-b341-84a1373be9be req-b0b8da4f-2e4b-4e1d-b688-73d3958fb0a1 8e5c5b738f6143bcb8a4692bcf3f946a 8b7ac94abcdf4b1c8e759a98ee26404e - - default default] 10.0.0.187 "GET /v2.0/ports?device_id=9956ff07-dac7-4243-a45b-0a8c915249fe HTTP/1.1" status: 200 len: 210 time: 0.0210373
2026-07-02 01:35:07.671 9 INFO neutron.api.wsgi [req-f8b96f28-825f-423d-9e3e-acdc007575d4 req-fe869340-9402-4f8d-b43e-56ea3584a527 1ad6bfd25fbf4d71ad5333507b706f14 a6ec91f8297f458386bdadef622988f8 - - default default] 10.0.0.187 "GET /v2.0/ports?device_id=e4882327-1e59-42e7-b85c-5c80193dcfe3 HTTP/1.1" status: 200 len: 1174 time: 0.0504992
2026-07-02 01:35:07.713 9 INFO neutron.api.wsgi [req-f8b96f28-825f-423d-9e3e-acdc007575d4 req-6e4bc34a-17a1-4955-a325-fc198ad134cb 1ad6bfd25fbf4d71ad5333507b706f14 a6ec91f8297f458386bdadef622988f8 - - default default] 10.0.0.187 "GET /v2.0/security-groups?id=d8f5d5d5-6116-45fb-a1e4-c0171e0403e4&fields=id&fields=name HTTP/1.1" status: 200 len: 313 time: 0.0358546
2026-07-02 01:35:08.043 9 INFO neutron.api.wsgi [req-af05419a-7840-4fbe-a910-23d31d4878e6 req-3b3ccc21-9fa8-439b-bdb6-05f90d771e9e 1ea5077b914f41d9b88298a9539444c3 277cefd55d974879bcef3ae326eccc90 - - default default] 10.0.0.187 "GET /v2.0/ports?device_id=58ab803b-5095-4d31-b613-cb5569094fa6 HTTP/1.1" status: 200 len: 1174 time: 0.0698802
2026-07-02 01:35:08.079 9 INFO neutron.api.wsgi [req-af05419a-7840-4fbe-a910-23d31d4878e6 req-e21ff5d8-2749-4e45-9388-9a3146faead1 1ea5077b914f41d9b88298a9539444c3 277cefd55d974879bcef3ae326eccc90 - - default default] 10.0.0.187 "GET /v2.0/security-groups?id=3b90bdf4-b8dc-44de-bafc-4d30f3fbeab4&fields=id&fields=name HTTP/1.1" status: 200 len: 312 time: 0.0292907
2026-07-02 01:35:08.159 9 INFO neutron.api.wsgi [req-78e8fd6f-b63b-470e-88c6-00dc9216855b req-01621337-1344-4659-ac08-1a14defa96bb e87e72b4033848039c84fc7fc2d060cf df8080bc6e534792b9472afd0019c822 - - 8caf2e07147247b9bb941e3edaeeec84 8caf2e07147247b9bb941e3edaeeec84] 199.204.45.242 "GET /v2.0/ports?tenant_id=a6ec91f8297f458386bdadef622988f8&device_id=e4882327-1e59-42e7-b85c-5c80193dcfe3 HTTP/1.1" status: 200 len: 1413 time: 0.0421765
2026-07-02 01:35:08.213 9 INFO neutron.api.wsgi [req-78e8fd6f-b63b-470e-88c6-00dc9216855b req-c0cbd102-ff3c-442a-bd35-ffb1415f371f e87e72b4033848039c84fc7fc2d060cf df8080bc6e534792b9472afd0019c822 - - 8caf2e07147247b9bb941e3edaeeec84 8caf2e07147247b9bb941e3edaeeec84] 199.204.45.242 "GET /v2.0/networks?id=06d01054-27ca-40f6-8575-eff01415a96e HTTP/1.1" status: 200 len: 981 time: 0.0488822
2026-07-02 01:35:08.262 9 INFO neutron.api.wsgi [req-78e8fd6f-b63b-470e-88c6-00dc9216855b req-b39ae693-67be-4cd6-99c9-8d85a164adea e87e72b4033848039c84fc7fc2d060cf df8080bc6e534792b9472afd0019c822 - - 8caf2e07147247b9bb941e3edaeeec84 8caf2e07147247b9bb941e3edaeeec84] 199.204.45.242 "GET /v2.0/floatingips?fixed_ip_address=10.100.0.11&port_id=0c134fb8-f4c1-4fd4-b153-7d11b76f432c HTTP/1.1" status: 200 len: 1060 time: 0.0410497
2026-07-02 01:35:08.293 9 INFO neutron.api.wsgi [req-78e8fd6f-b63b-470e-88c6-00dc9216855b req-5a8c8f9c-bf66-42ca-97d5-97f55966e74b e87e72b4033848039c84fc7fc2d060cf df8080bc6e534792b9472afd0019c822 - - 8caf2e07147247b9bb941e3edaeeec84 8caf2e07147247b9bb941e3edaeeec84] 199.204.45.242 "GET /v2.0/subnets?id=f3e27e15-edab-4fd6-b861-027f12b8c0a1 HTTP/1.1" status: 200 len: 900 time: 0.0233076
2026-07-02 01:35:08.320 9 INFO neutron.api.wsgi [req-78e8fd6f-b63b-470e-88c6-00dc9216855b req-ec647597-6f05-4cde-8476-86f638da92a3 e87e72b4033848039c84fc7fc2d060cf df8080bc6e534792b9472afd0019c822 - - 8caf2e07147247b9bb941e3edaeeec84 8caf2e07147247b9bb941e3edaeeec84] 199.204.45.242 "GET /v2.0/ports?network_id=06d01054-27ca-40f6-8575-eff01415a96e&device_owner=network%3Adhcp HTTP/1.1" status: 200 len: 210 time: 0.0184221
2026-07-02 01:35:08.395 9 INFO neutron.api.wsgi [req-78e8fd6f-b63b-470e-88c6-00dc9216855b req-1016b035-ca87-407a-a9e2-6662c56b00c2 e87e72b4033848039c84fc7fc2d060cf df8080bc6e534792b9472afd0019c822 - - 8caf2e07147247b9bb941e3edaeeec84 8caf2e07147247b9bb941e3edaeeec84] 199.204.45.242 "GET /v2.0/networks/06d01054-27ca-40f6-8575-eff01415a96e?fields=segments HTTP/1.1" status: 200 len: 212 time: 0.0713503
2026-07-02 01:35:08.474 9 INFO neutron.api.wsgi [req-78e8fd6f-b63b-470e-88c6-00dc9216855b req-b8210a89-05e8-46c8-97a1-27544268da2f e87e72b4033848039c84fc7fc2d060cf df8080bc6e534792b9472afd0019c822 - - 8caf2e07147247b9bb941e3edaeeec84 8caf2e07147247b9bb941e3edaeeec84] 199.204.45.242 "GET /v2.0/networks/06d01054-27ca-40f6-8575-eff01415a96e?fields=provider%3Aphysical_network&fields=provider%3Anetwork_type HTTP/1.1" status: 200 len: 277 time: 0.0721247
2026-07-02 01:35:08.747 9 INFO neutron.api.wsgi [req-5f4f8aca-b81c-40c1-9c76-1cd445a68a86 req-caf3596c-a57c-4fc6-8744-42997d3f3a89 8e5c5b738f6143bcb8a4692bcf3f946a 8b7ac94abcdf4b1c8e759a98ee26404e - - default default] 10.0.0.187 "GET /v2.0/ports?device_id=9956ff07-dac7-4243-a45b-0a8c915249fe HTTP/1.1" status: 200 len: 210 time: 0.0229905
2026-07-02 01:35:08.768 10 INFO neutron.api.wsgi [-] 10.0.0.211 "GET / HTTP/1.1" status: 200 len: 247 time: 0.0044787
2026-07-02 01:35:08.773 10 INFO neutron.api.wsgi [-] 10.0.0.211 "GET / HTTP/1.1" status: 200 len: 247 time: 0.0034289
2026-07-02 01:35:09.181 9 INFO neutron.api.wsgi [req-8d1945e7-06ce-490b-8e08-2d776b8e8ffc req-b8ad9d18-aa1c-46b6-847b-325aa9b425c5 1ea5077b914f41d9b88298a9539444c3 277cefd55d974879bcef3ae326eccc90 - - default default] 10.0.0.187 "GET /v2.0/ports?device_id=58ab803b-5095-4d31-b613-cb5569094fa6 HTTP/1.1" status: 200 len: 1174 time: 0.0404422
2026-07-02 01:35:09.242 9 INFO neutron.api.wsgi [req-8d1945e7-06ce-490b-8e08-2d776b8e8ffc req-6f1f7263-f6fd-49da-8b18-7c3585c7ace3 1ea5077b914f41d9b88298a9539444c3 277cefd55d974879bcef3ae326eccc90 - - default default] 10.0.0.187 "GET /v2.0/security-groups?id=3b90bdf4-b8dc-44de-bafc-4d30f3fbeab4&fields=id&fields=name HTTP/1.1" status: 200 len: 312 time: 0.0542154
2026-07-02 01:35:09.399 10 INFO neutron.notifiers.nova [-] Nova event matching ['req-0406c33f-db97-4e36-86b7-c860b3bb202b'] response: {'server_uuid': '58ab803b-5095-4d31-b613-cb5569094fa6', 'name': 'network-vif-plugged', 'status': 'completed', 'tag': '7078a8b5-d616-4a58-b152-a3ffa96f2a07', 'code': 200} /var/lib/openstack/lib/python3.12/site-packages/pycadf/identifier.py:71: UserWarning: Invalid uuid: neutron. To ensure interoperability, identifiers should be a valid uuid. warnings.warn(('Invalid uuid: %s. To ensure interoperability, '
2026-07-02 01:35:09.960 10 INFO neutron.api.wsgi [None req-7569c256-6725-44e8-afbe-4d5a4ddf58f5 8e5c5b738f6143bcb8a4692bcf3f946a 8b7ac94abcdf4b1c8e759a98ee26404e - - default default] 10.0.0.92 "DELETE /v2.0/security-groups/791f2f5a-71b4-4863-bc34-ff7f2b294e54 HTTP/1.1" status: 204 len: 168 time: 0.1306677
2026-07-02 01:35:09.972 9 INFO neutron.api.v2.resource [None req-311522e9-ca69-4020-b5d5-7109268077ce 8e5c5b738f6143bcb8a4692bcf3f946a 8b7ac94abcdf4b1c8e759a98ee26404e - - default default] show failed (client error): The resource could not be found.
2026-07-02 01:35:09.973 9 INFO neutron.api.wsgi [None req-311522e9-ca69-4020-b5d5-7109268077ce 8e5c5b738f6143bcb8a4692bcf3f946a 8b7ac94abcdf4b1c8e759a98ee26404e - - default default] 10.0.0.92 "GET /v2.0/security-groups/791f2f5a-71b4-4863-bc34-ff7f2b294e54 HTTP/1.1" status: 404 len: 347 time: 0.0088596
2026-07-02 01:35:10.259 9 INFO neutron.api.wsgi [None req-185ab063-c76e-4b6d-ae19-586cc94833fa 8e5c5b738f6143bcb8a4692bcf3f946a 8b7ac94abcdf4b1c8e759a98ee26404e - - default default] 10.0.0.92 "DELETE /v2.0/floatingips/aa61a06d-5325-4aff-a5bb-ab761158f426 HTTP/1.1" status: 204 len: 168 time: 0.2821364
2026-07-02 01:35:10.343 9 INFO neutron.api.wsgi [req-e755a058-3710-4a45-833f-55dbed2dded4 req-b663396d-e333-43a9-9c99-06db1be29d7c 1ea5077b914f41d9b88298a9539444c3 277cefd55d974879bcef3ae326eccc90 - - default default] 10.0.0.187 "GET /v2.0/ports?device_id=58ab803b-5095-4d31-b613-cb5569094fa6 HTTP/1.1" status: 200 len: 1174 time: 0.0322499
2026-07-02 01:35:10.387 9 INFO neutron.api.wsgi [req-e755a058-3710-4a45-833f-55dbed2dded4 req-4c935be1-b1c1-4622-ac38-535c1adb3541 1ea5077b914f41d9b88298a9539444c3 277cefd55d974879bcef3ae326eccc90 - - default default] 10.0.0.187 "GET /v2.0/security-groups?id=3b90bdf4-b8dc-44de-bafc-4d30f3fbeab4&fields=id&fields=name HTTP/1.1" status: 200 len: 312 time: 0.0358944
2026-07-02 01:35:10.502 9 INFO neutron.api.wsgi [req-023bc42b-7748-49f2-b54a-2c497480f0be req-dfd5b355-29e5-4d7e-b809-36d57686224a 1ea5077b914f41d9b88298a9539444c3 277cefd55d974879bcef3ae326eccc90 - - default default] 10.0.0.187 "GET /v2.0/ports?device_id=58ab803b-5095-4d31-b613-cb5569094fa6 HTTP/1.1" status: 200 len: 1174 time: 0.0475802
2026-07-02 01:35:11.005 9 INFO neutron.db.ovn_revision_numbers_db [None req-77ccc488-3d9a-4ec9-99da-20e910e2cad2 1ea5077b914f41d9b88298a9539444c3 277cefd55d974879bcef3ae326eccc90 - - default default] Successfully bumped revision number for resource 712dfbb7-ab22-466f-81d6-f16decb64c20 (type: floatingips) to 1
2026-07-02 01:35:11.139 9 INFO neutron.db.ovn_revision_numbers_db [None req-77ccc488-3d9a-4ec9-99da-20e910e2cad2 1ea5077b914f41d9b88298a9539444c3 277cefd55d974879bcef3ae326eccc90 - - default default] Successfully bumped revision number for resource 712dfbb7-ab22-466f-81d6-f16decb64c20 (type: floatingips) to 2
2026-07-02 01:35:11.139 9 INFO neutron.db.l3_db [None req-77ccc488-3d9a-4ec9-99da-20e910e2cad2 1ea5077b914f41d9b88298a9539444c3 277cefd55d974879bcef3ae326eccc90 - - default default] Floating IP 712dfbb7-ab22-466f-81d6-f16decb64c20 associated. External IP: 10.96.250.208, port: 7078a8b5-d616-4a58-b152-a3ffa96f2a07.
2026-07-02 01:35:11.168 9 INFO neutron.api.wsgi [None req-77ccc488-3d9a-4ec9-99da-20e910e2cad2 1ea5077b914f41d9b88298a9539444c3 277cefd55d974879bcef3ae326eccc90 - - default default] 10.0.0.92 "PUT /v2.0/floatingips/712dfbb7-ab22-466f-81d6-f16decb64c20 HTTP/1.1" status: 200 len: 1050 time: 0.6523712
2026-07-02 01:35:11.199 9 INFO neutron.notifiers.nova [-] Nova event matching ['req-41ada4b1-09ac-4dfd-a008-f90cbde8950f'] response: {'name': 'network-changed', 'server_uuid': '58ab803b-5095-4d31-b613-cb5569094fa6', 'tag': '7078a8b5-d616-4a58-b152-a3ffa96f2a07', 'status': 'completed', 'code': 200}
2026-07-02 01:35:11.289 10 INFO neutron.api.wsgi [None req-e1126c08-0d7b-44df-8fc2-413177ef6e27 3e01dbd7e1704f9db4666c59b8ae46bc 2c5cb693a75c4cc8bb6350c86fae6bfe - - default default] 10.0.0.92 "PUT /v2.0/routers/333516bd-6bb1-44fb-b8e1-57b3bb8efbaa/remove_router_interface HTTP/1.1" status: 200 len: 503 time: 1.0223393 /var/lib/openstack/lib/python3.12/site-packages/pycadf/identifier.py:71: UserWarning: Invalid uuid: neutron. To ensure interoperability, identifiers should be a valid uuid. warnings.warn(('Invalid uuid: %s. To ensure interoperability, ' /var/lib/openstack/lib/python3.12/site-packages/pycadf/identifier.py:71: UserWarning: Invalid uuid: neutron. To ensure interoperability, identifiers should be a valid uuid. warnings.warn(('Invalid uuid: %s. To ensure interoperability, '
2026-07-02 01:35:11.756 9 INFO neutron.api.wsgi [req-48ee9b38-f46c-4364-8bf6-98e0be0440f8 req-522412eb-40cf-4674-bac3-7971d7fefe32 e87e72b4033848039c84fc7fc2d060cf df8080bc6e534792b9472afd0019c822 - - 8caf2e07147247b9bb941e3edaeeec84 8caf2e07147247b9bb941e3edaeeec84] 199.204.45.242 "GET /v2.0/ports?tenant_id=277cefd55d974879bcef3ae326eccc90&device_id=58ab803b-5095-4d31-b613-cb5569094fa6 HTTP/1.1" status: 200 len: 1413 time: 0.0471311
2026-07-02 01:35:11.797 9 INFO neutron.api.wsgi [req-48ee9b38-f46c-4364-8bf6-98e0be0440f8 req-55c90a43-e81f-4d58-b3fd-16c3624acb05 e87e72b4033848039c84fc7fc2d060cf df8080bc6e534792b9472afd0019c822 - - 8caf2e07147247b9bb941e3edaeeec84 8caf2e07147247b9bb941e3edaeeec84] 199.204.45.242 "GET /v2.0/networks?id=065046f0-7d47-494f-ab49-9caaa021cb6e HTTP/1.1" status: 200 len: 974 time: 0.0365207
2026-07-02 01:35:11.839 9 INFO neutron.api.wsgi [req-48ee9b38-f46c-4364-8bf6-98e0be0440f8 req-948276de-0e1f-43d7-90af-d20c90d1c42d e87e72b4033848039c84fc7fc2d060cf df8080bc6e534792b9472afd0019c822 - - 8caf2e07147247b9bb941e3edaeeec84 8caf2e07147247b9bb941e3edaeeec84] 199.204.45.242 "GET /v2.0/floatingips?fixed_ip_address=10.100.0.10&port_id=7078a8b5-d616-4a58-b152-a3ffa96f2a07 HTTP/1.1" status: 200 len: 1060 time: 0.0362866
2026-07-02 01:35:11.875 9 INFO neutron.api.wsgi [req-48ee9b38-f46c-4364-8bf6-98e0be0440f8 req-02647395-5df4-422a-8beb-59341dfd91ec e87e72b4033848039c84fc7fc2d060cf df8080bc6e534792b9472afd0019c822 - - 8caf2e07147247b9bb941e3edaeeec84 8caf2e07147247b9bb941e3edaeeec84] 199.204.45.242 "GET /v2.0/subnets?id=c0d3f7bb-9747-4295-81de-518f5267f330 HTTP/1.1" status: 200 len: 893 time: 0.0289137
2026-07-02 01:35:11.893 9 INFO neutron.api.wsgi [req-48ee9b38-f46c-4364-8bf6-98e0be0440f8 req-4269cbec-55ce-4ac2-a38a-73542205e236 e87e72b4033848039c84fc7fc2d060cf df8080bc6e534792b9472afd0019c822 - - 8caf2e07147247b9bb941e3edaeeec84 8caf2e07147247b9bb941e3edaeeec84] 199.204.45.242 "GET /v2.0/ports?network_id=065046f0-7d47-494f-ab49-9caaa021cb6e&device_owner=network%3Adhcp HTTP/1.1" status: 200 len: 210 time: 0.0145166
2026-07-02 01:35:11.927 10 INFO neutron.api.wsgi [None req-f538032b-2a21-4631-857c-0f8c679ead88 3e01dbd7e1704f9db4666c59b8ae46bc 2c5cb693a75c4cc8bb6350c86fae6bfe - - default default] 10.0.0.92 "DELETE /v2.0/routers/333516bd-6bb1-44fb-b8e1-57b3bb8efbaa HTTP/1.1" status: 204 len: 168 time: 0.6346595
2026-07-02 01:35:11.950 9 INFO neutron.api.wsgi [req-48ee9b38-f46c-4364-8bf6-98e0be0440f8 req-a8fc3444-5a91-4831-a0f9-7ca845a7e52e e87e72b4033848039c84fc7fc2d060cf df8080bc6e534792b9472afd0019c822 - - 8caf2e07147247b9bb941e3edaeeec84 8caf2e07147247b9bb941e3edaeeec84] 199.204.45.242 "GET /v2.0/networks/065046f0-7d47-494f-ab49-9caaa021cb6e?fields=segments HTTP/1.1" status: 200 len: 212 time: 0.0541701
2026-07-02 01:35:12.009 9 INFO neutron.api.wsgi [req-48ee9b38-f46c-4364-8bf6-98e0be0440f8 req-14b88d97-4cbd-48af-8a7c-87219b0f9d6c e87e72b4033848039c84fc7fc2d060cf df8080bc6e534792b9472afd0019c822 - - 8caf2e07147247b9bb941e3edaeeec84 8caf2e07147247b9bb941e3edaeeec84] 199.204.45.242 "GET /v2.0/networks/065046f0-7d47-494f-ab49-9caaa021cb6e?fields=provider%3Aphysical_network&fields=provider%3Anetwork_type HTTP/1.1" status: 200 len: 277 time: 0.0525057
2026-07-02 01:35:12.078 9 INFO neutron.api.wsgi [None req-3d8c71d8-bd46-400b-a6c2-55f1c17108d8 3e01dbd7e1704f9db4666c59b8ae46bc 2c5cb693a75c4cc8bb6350c86fae6bfe - - default default] 10.0.0.92 "DELETE /v2.0/subnets/fddcf5d9-703b-4d49-9b91-e0a741b06240 HTTP/1.1" status: 204 len: 168 time: 0.1420560
2026-07-02 01:35:12.353 9 INFO neutron.services.segments.plugin [-] Segment a45fccc5-8962-4209-b59a-dc7152a5198c resource provider aggregate not found
2026-07-02 01:35:12.360 9 INFO neutron.services.segments.plugin [-] Segment a45fccc5-8962-4209-b59a-dc7152a5198c resource provider aggregate not found
2026-07-02 01:35:12.381 9 INFO neutron.services.segments.plugin [-] Segment a45fccc5-8962-4209-b59a-dc7152a5198c resource provider not found; error: Placement Client Error (4xx): {"errors": [{"status": 404, "title": "Not Found", "detail": "The resource could not be found.\n\n No resource provider with uuid a45fccc5-8962-4209-b59a-dc7152a5198c found for delete ", "request_id": "req-23f24398-a5ac-4aa3-8092-bfdc44a53ef5"}]}
2026-07-02 01:35:12.383 9 INFO neutron.services.segments.plugin [-] Segment a45fccc5-8962-4209-b59a-dc7152a5198c resource provider not found; error: Placement Client Error (4xx): {"errors": [{"status": 404, "title": "Not Found", "detail": "The resource could not be found.\n\n No resource provider with uuid a45fccc5-8962-4209-b59a-dc7152a5198c found for delete ", "request_id": "req-452f33ff-5808-4fee-b883-63d654fa9491"}]}
2026-07-02 01:35:12.391 9 INFO neutron.api.wsgi [None req-5038293b-62a7-45ff-8c50-711d13561744 3e01dbd7e1704f9db4666c59b8ae46bc 2c5cb693a75c4cc8bb6350c86fae6bfe - - default default] 10.0.0.92 "DELETE /v2.0/networks/3d7012ec-636b-44bd-ac09-e18012f6b566 HTTP/1.1" status: 204 len: 168 time: 0.3088768
2026-07-02 01:35:12.610 10 INFO neutron.api.wsgi [None req-a4c1a040-6ade-4288-a35d-2f43d74468d1 3e01dbd7e1704f9db4666c59b8ae46bc 2c5cb693a75c4cc8bb6350c86fae6bfe - - default default] 10.0.0.92 "GET /v2.0/security-groups?tenant_id=8b7ac94abcdf4b1c8e759a98ee26404e&name=default HTTP/1.1" status: 200 len: 3116 time: 0.0310993
2026-07-02 01:35:12.860 10 INFO neutron.api.wsgi [None req-fa334971-3797-440c-8469-4a6c87de5e6c 3e01dbd7e1704f9db4666c59b8ae46bc 2c5cb693a75c4cc8bb6350c86fae6bfe - - default default] 10.0.0.92 "DELETE /v2.0/security-groups/6bb12f45-6225-44f4-a3c4-1b05fa50f361 HTTP/1.1" status: 204 len: 168 time: 0.2408562
