2026-07-02 01:35:31.693 9 INFO neutron.api.wsgi [req-e39a6656-1643-4393-9c3d-ee1be2a52179 req-72399c8b-3d02-436f-a7fb-7cb94b4b0fc8 cf7134d6e051449b9f995ab690db73af 96865488369440df96caf7fd5452de6f - - default default] 10.0.0.187 "GET /v2.0/ports?device_id=b4726e9a-8919-4531-b267-b5081b918923 HTTP/1.1" status: 200 len: 1168 time: 0.0408938
2026-07-02 01:35:31.698 9 WARNING neutron_lib.context [None req-50093eab-7525-4e85-aa4d-0f9a9ba270bd 0df32c8f7132490786e78c27bf0c87dd 4411055595264a089fb8b1016bcf189d - - default default] Method 'is_advsvc' is deprecated since 2023.2 release (neutron-lib 3.8.0) and will be removed once support for the old RBAC API policies will be removed from Neutron. Please use method 'is_service_role' instead.
2026-07-02 01:35:31.732 9 INFO neutron.api.wsgi [req-e39a6656-1643-4393-9c3d-ee1be2a52179 req-59085197-8aae-4733-bbe6-4c8a18b6dc8a cf7134d6e051449b9f995ab690db73af 96865488369440df96caf7fd5452de6f - - default default] 10.0.0.187 "GET /v2.0/security-groups?id=8705071e-de1f-43dd-acf2-48c4b5d55472&fields=id&fields=name HTTP/1.1" status: 200 len: 313 time: 0.0327468
2026-07-02 01:35:31.968 9 INFO neutron.api.wsgi [req-14fd83df-b630-4eef-ae79-4bb9352b94c7 req-87384818-3781-4599-913f-8326adeff767 1ea5077b914f41d9b88298a9539444c3 277cefd55d974879bcef3ae326eccc90 - - default default] 10.0.0.187 "GET /v2.0/ports?device_id=58ab803b-5095-4d31-b613-cb5569094fa6 HTTP/1.1" status: 200 len: 1172 time: 0.0765429
2026-07-02 01:35:31.989 9 WARNING neutron.scheduler.dhcp_agent_scheduler [None req-50093eab-7525-4e85-aa4d-0f9a9ba270bd 0df32c8f7132490786e78c27bf0c87dd 4411055595264a089fb8b1016bcf189d - - default default] No more DHCP agents
2026-07-02 01:35:31.990 9 WARNING neutron.api.rpc.agentnotifiers.dhcp_rpc_agent_api [None req-50093eab-7525-4e85-aa4d-0f9a9ba270bd 0df32c8f7132490786e78c27bf0c87dd 4411055595264a089fb8b1016bcf189d - - default default] Unable to schedule network 6dab9731-86d3-428c-b43e-9585b85adf39: no agents available; will retry on subsequent port and subnet creation events.
2026-07-02 01:35:32.008 9 INFO neutron.api.wsgi [req-14fd83df-b630-4eef-ae79-4bb9352b94c7 req-d8d959e6-1005-437b-92aa-f182a16af799 1ea5077b914f41d9b88298a9539444c3 277cefd55d974879bcef3ae326eccc90 - - default default] 10.0.0.187 "GET /v2.0/security-groups?id=3b90bdf4-b8dc-44de-bafc-4d30f3fbeab4&fields=id&fields=name HTTP/1.1" status: 200 len: 312 time: 0.0326192
2026-07-02 01:35:32.101 9 INFO neutron.db.ovn_revision_numbers_db [None req-50093eab-7525-4e85-aa4d-0f9a9ba270bd 0df32c8f7132490786e78c27bf0c87dd 4411055595264a089fb8b1016bcf189d - - default default] Successfully bumped revision number for resource d4816bf8-c2b7-40af-8ee3-0ebcec699be8 (type: ports) to 1
2026-07-02 01:35:32.121 9 INFO neutron.api.wsgi [None req-50093eab-7525-4e85-aa4d-0f9a9ba270bd 0df32c8f7132490786e78c27bf0c87dd 4411055595264a089fb8b1016bcf189d - - default default] 10.0.0.92 "POST /v2.0/ports HTTP/1.1" status: 201 len: 1110 time: 0.4254272
2026-07-02 01:35:32.322 10 INFO neutron.api.wsgi [None req-c2f53603-9e77-446d-bd15-9040f32a9fc7 3e01dbd7e1704f9db4666c59b8ae46bc 2c5cb693a75c4cc8bb6350c86fae6bfe - - default default] 10.0.0.92 "DELETE /v2.0/routers/8ba00ed8-be2c-434a-8fa7-e61b7c92fd62 HTTP/1.1" status: 204 len: 168 time: 0.6402698
2026-07-02 01:35:32.484 10 INFO neutron.api.wsgi [None req-aaa4ab05-eb6d-45a4-846f-9d0ac30ce4c6 0df32c8f7132490786e78c27bf0c87dd 4411055595264a089fb8b1016bcf189d - - default default] 10.0.0.92 "DELETE /v2.0/ports/d4816bf8-c2b7-40af-8ee3-0ebcec699be8 HTTP/1.1" status: 204 len: 168 time: 0.3575122
2026-07-02 01:35:32.502 10 INFO neutron.pecan_wsgi.hooks.translation [None req-0f499cc6-32e8-4d60-878a-e5a82a0f02b6 0df32c8f7132490786e78c27bf0c87dd 4411055595264a089fb8b1016bcf189d - - default default] GET failed (client error): The resource could not be found.
2026-07-02 01:35:32.503 10 INFO neutron.api.wsgi [None req-0f499cc6-32e8-4d60-878a-e5a82a0f02b6 0df32c8f7132490786e78c27bf0c87dd 4411055595264a089fb8b1016bcf189d - - default default] 10.0.0.92 "GET /v2.0/ports/d4816bf8-c2b7-40af-8ee3-0ebcec699be8 HTTP/1.1" status: 404 len: 333 time: 0.0147338
2026-07-02 01:35:32.515 9 INFO neutron.api.wsgi [None req-fe208d0b-807b-41ea-8db9-c377f0c299e2 3e01dbd7e1704f9db4666c59b8ae46bc 2c5cb693a75c4cc8bb6350c86fae6bfe - - default default] 10.0.0.92 "DELETE /v2.0/subnets/f3e27e15-edab-4fd6-b861-027f12b8c0a1 HTTP/1.1" status: 204 len: 168 time: 0.1872983
2026-07-02 01:35:32.832 10 INFO neutron.notifiers.nova [-] Nova event matching ['req-2066dfbc-eaad-46f3-81a0-237b737e3d14'] response: {'server_uuid': '58ab803b-5095-4d31-b613-cb5569094fa6', 'name': 'network-vif-unplugged', 'status': 'completed', 'tag': '7078a8b5-d616-4a58-b152-a3ffa96f2a07', 'code': 200}
2026-07-02 01:35:32.833 9 INFO neutron.api.wsgi [req-9fe9d1f4-dd35-4704-8fb6-e11fd5fb3e13 req-30870e10-f6a8-4420-8036-4261bbaf6b51 cf7134d6e051449b9f995ab690db73af 96865488369440df96caf7fd5452de6f - - default default] 10.0.0.187 "GET /v2.0/ports?device_id=b4726e9a-8919-4531-b267-b5081b918923 HTTP/1.1" status: 200 len: 1168 time: 0.0423939
2026-07-02 01:35:32.859 10 INFO neutron.api.wsgi [None req-9f77edfa-f701-486b-9fb6-feabfcf98e3a 0df32c8f7132490786e78c27bf0c87dd 4411055595264a089fb8b1016bcf189d - - default default] 10.0.0.92 "DELETE /v2.0/subnets/01687e31-cc0c-4df3-93b7-2f2b64a155b7 HTTP/1.1" status: 204 len: 168 time: 0.3480909
2026-07-02 01:35:32.885 9 INFO neutron.api.wsgi [req-9fe9d1f4-dd35-4704-8fb6-e11fd5fb3e13 req-4aba8c4a-5e1a-4a3f-8928-b571d16c6975 cf7134d6e051449b9f995ab690db73af 96865488369440df96caf7fd5452de6f - - default default] 10.0.0.187 "GET /v2.0/security-groups?id=8705071e-de1f-43dd-acf2-48c4b5d55472&fields=id&fields=name HTTP/1.1" status: 200 len: 313 time: 0.0456350
2026-07-02 01:35:32.973 10 INFO neutron.services.segments.plugin [-] Segment 634c7e8f-1ed2-4e9d-841b-847200fd541d resource provider aggregate not found
2026-07-02 01:35:32.978 10 INFO neutron.services.segments.plugin [-] Segment 634c7e8f-1ed2-4e9d-841b-847200fd541d resource provider aggregate not found
2026-07-02 01:35:32.991 10 INFO neutron.services.segments.plugin [-] Segment 634c7e8f-1ed2-4e9d-841b-847200fd541d resource provider not found; error: Placement Client Error (4xx): {"errors": [{"status": 404, "title": "Not Found", "detail": "The resource could not be found.\n\n No resource provider with uuid 634c7e8f-1ed2-4e9d-841b-847200fd541d found for delete ", "request_id": "req-e38690fe-fdd9-4723-8157-53893f6ad8e7"}]}
2026-07-02 01:35:32.993 10 INFO neutron.services.segments.plugin [-] Segment 634c7e8f-1ed2-4e9d-841b-847200fd541d resource provider not found; error: Placement Client Error (4xx): {"errors": [{"status": 404, "title": "Not Found", "detail": "The resource could not be found.\n\n No resource provider with uuid 634c7e8f-1ed2-4e9d-841b-847200fd541d found for delete ", "request_id": "req-82eeca82-1b7e-419c-a1c7-6e3db03a4e14"}]}
2026-07-02 01:35:33.002 10 INFO neutron.api.wsgi [None req-77101407-afe4-433e-8442-6b19f90d30bc 3e01dbd7e1704f9db4666c59b8ae46bc 2c5cb693a75c4cc8bb6350c86fae6bfe - - default default] 10.0.0.92 "DELETE /v2.0/networks/06d01054-27ca-40f6-8575-eff01415a96e HTTP/1.1" status: 204 len: 168 time: 0.4821782
2026-07-02 01:35:33.099 9 INFO neutron.api.wsgi [req-21a3f79d-6cd0-4487-853d-a14000af3269 req-6f57f293-a222-497b-bd5d-ee79f03a6ac8 1ea5077b914f41d9b88298a9539444c3 277cefd55d974879bcef3ae326eccc90 - - default default] 10.0.0.187 "GET /v2.0/ports?device_id=58ab803b-5095-4d31-b613-cb5569094fa6 HTTP/1.1" status: 200 len: 1172 time: 0.0384562
2026-07-02 01:35:33.151 9 INFO neutron.api.wsgi [req-21a3f79d-6cd0-4487-853d-a14000af3269 req-8cfcfdb5-b4b6-44f2-9d84-77191257412b 1ea5077b914f41d9b88298a9539444c3 277cefd55d974879bcef3ae326eccc90 - - default default] 10.0.0.187 "GET /v2.0/security-groups?id=3b90bdf4-b8dc-44de-bafc-4d30f3fbeab4&fields=id&fields=name HTTP/1.1" status: 200 len: 312 time: 0.0448337
2026-07-02 01:35:33.155 9 INFO neutron.services.segments.plugin [-] Segment b7592dec-0a57-45f3-83e3-b7f2efe02f50 resource provider aggregate not found
2026-07-02 01:35:33.160 9 INFO neutron.services.segments.plugin [-] Segment b7592dec-0a57-45f3-83e3-b7f2efe02f50 resource provider aggregate not found
2026-07-02 01:35:33.167 9 INFO neutron.services.segments.plugin [-] Segment b7592dec-0a57-45f3-83e3-b7f2efe02f50 resource provider not found; error: Placement Client Error (4xx): {"errors": [{"status": 404, "title": "Not Found", "detail": "The resource could not be found.\n\n No resource provider with uuid b7592dec-0a57-45f3-83e3-b7f2efe02f50 found for delete ", "request_id": "req-218f4a0d-f405-4864-a350-ebde61f75fe4"}]}
2026-07-02 01:35:33.171 9 INFO neutron.services.segments.plugin [-] Segment b7592dec-0a57-45f3-83e3-b7f2efe02f50 resource provider not found; error: Placement Client Error (4xx): {"errors": [{"status": 404, "title": "Not Found", "detail": "The resource could not be found.\n\n No resource provider with uuid b7592dec-0a57-45f3-83e3-b7f2efe02f50 found for delete ", "request_id": "req-fa0c9270-a501-4da2-9212-01f27b96a28c"}]}
2026-07-02 01:35:33.183 10 INFO neutron.api.wsgi [None req-1c542725-0b45-41ee-9dfe-635c73de361f 3e01dbd7e1704f9db4666c59b8ae46bc 2c5cb693a75c4cc8bb6350c86fae6bfe - - default default] 10.0.0.92 "GET /v2.0/security-groups?tenant_id=a6ec91f8297f458386bdadef622988f8&name=default HTTP/1.1" status: 200 len: 3120 time: 0.0391867
2026-07-02 01:35:33.197 9 INFO neutron.api.wsgi [None req-9ea44c58-32af-40df-bf0c-05aa09d51a9e 0df32c8f7132490786e78c27bf0c87dd 4411055595264a089fb8b1016bcf189d - - default default] 10.0.0.92 "DELETE /v2.0/networks/6dab9731-86d3-428c-b43e-9585b85adf39 HTTP/1.1" status: 204 len: 168 time: 0.3337471
2026-07-02 01:35:33.209 9 WARNING neutron_lib.context [None req-bd72e481-c367-45f7-b912-985e12a7ba32 0df32c8f7132490786e78c27bf0c87dd 4411055595264a089fb8b1016bcf189d - - default default] Method 'is_advsvc' is deprecated since 2023.2 release (neutron-lib 3.8.0) and will be removed once support for the old RBAC API policies will be removed from Neutron. Please use method 'is_service_role' instead.
2026-07-02 01:35:33.421 9 INFO neutron.api.wsgi [None req-6aa73097-8068-42ac-a20d-df55a18a5ff4 3e01dbd7e1704f9db4666c59b8ae46bc 2c5cb693a75c4cc8bb6350c86fae6bfe - - default default] 10.0.0.92 "DELETE /v2.0/security-groups/6cffa8e7-d269-4575-9a7c-b74f48273d63 HTTP/1.1" status: 204 len: 168 time: 0.2331018
2026-07-02 01:35:33.440 9 WARNING neutron.scheduler.dhcp_agent_scheduler [None req-bd72e481-c367-45f7-b912-985e12a7ba32 0df32c8f7132490786e78c27bf0c87dd 4411055595264a089fb8b1016bcf189d - - default default] No more DHCP agents
2026-07-02 01:35:33.442 9 WARNING neutron.api.rpc.agentnotifiers.dhcp_rpc_agent_api [None req-bd72e481-c367-45f7-b912-985e12a7ba32 0df32c8f7132490786e78c27bf0c87dd 4411055595264a089fb8b1016bcf189d - - default default] Unable to schedule network 7a68ad0c-973e-43fe-89a7-51e78cc2402e: no agents available; will retry on subsequent port and subnet creation events.
2026-07-02 01:35:33.506 10 INFO neutron.plugins.ml2.drivers.ovn.mech_driver.mech_driver [None req-0af1ef3d-b7f8-4b46-b12a-20f8ffb0a254 - - - - - -] OVN reports status up for port: 77c6a753-c3e9-4d41-9bcd-301750b72774
2026-07-02 01:35:33.514 9 INFO neutron.db.ovn_revision_numbers_db [None req-bd72e481-c367-45f7-b912-985e12a7ba32 0df32c8f7132490786e78c27bf0c87dd 4411055595264a089fb8b1016bcf189d - - default default] Successfully bumped revision number for resource d3071444-604e-4b2c-b9ee-ea75fb84194f (type: ports) to 1
2026-07-02 01:35:33.523 10 INFO neutron.plugins.ml2.plugin [None req-0af1ef3d-b7f8-4b46-b12a-20f8ffb0a254 - - - - - -] Attempt 1 to provision port 77c6a753-c3e9-4d41-9bcd-301750b72774
2026-07-02 01:35:33.535 9 INFO neutron.api.wsgi [None req-bd72e481-c367-45f7-b912-985e12a7ba32 0df32c8f7132490786e78c27bf0c87dd 4411055595264a089fb8b1016bcf189d - - default default] 10.0.0.92 "POST /v2.0/ports HTTP/1.1" status: 201 len: 974 time: 0.3310368 /var/lib/openstack/lib/python3.12/site-packages/pycadf/identifier.py:71: UserWarning: Invalid uuid: neutron. To ensure interoperability, identifiers should be a valid uuid. warnings.warn(('Invalid uuid: %s. To ensure interoperability, '
2026-07-02 01:35:33.815 10 INFO neutron.db.ovn_revision_numbers_db [None req-0af1ef3d-b7f8-4b46-b12a-20f8ffb0a254 - - - - - -] Successfully bumped revision number for resource 77c6a753-c3e9-4d41-9bcd-301750b72774 (type: ports) to 5
2026-07-02 01:35:33.860 9 INFO neutron.db.ovn_revision_numbers_db [None req-bc7274f1-365b-4683-9095-73e03cbc3f50 0df32c8f7132490786e78c27bf0c87dd 4411055595264a089fb8b1016bcf189d - - default default] Successfully bumped revision number for resource d3071444-604e-4b2c-b9ee-ea75fb84194f (type: ports) to 2
2026-07-02 01:35:33.874 9 INFO neutron.api.wsgi [None req-bc7274f1-365b-4683-9095-73e03cbc3f50 0df32c8f7132490786e78c27bf0c87dd 4411055595264a089fb8b1016bcf189d - - default default] 10.0.0.92 "PUT /v2.0/ports/d3071444-604e-4b2c-b9ee-ea75fb84194f HTTP/1.1" status: 200 len: 946 time: 0.3344500 /var/lib/openstack/lib/python3.12/site-packages/pycadf/identifier.py:71: UserWarning: Invalid uuid: neutron. To ensure interoperability, identifiers should be a valid uuid. warnings.warn(('Invalid uuid: %s. To ensure interoperability, '
2026-07-02 01:35:33.887 10 INFO neutron.plugins.ml2.drivers.ovn.mech_driver.mech_driver [None req-536c3457-cd71-422f-894f-77a38da872e8 - - - - - -] OVN reports status up for port: 7078a8b5-d616-4a58-b152-a3ffa96f2a07
2026-07-02 01:35:33.900 10 INFO neutron.plugins.ml2.plugin [None req-536c3457-cd71-422f-894f-77a38da872e8 - - - - - -] Attempt 1 to provision port 7078a8b5-d616-4a58-b152-a3ffa96f2a07
2026-07-02 01:35:33.997 9 INFO neutron.api.wsgi [req-254aca32-6d12-4ce8-9585-891ff4dbb220 req-ab7b5f74-0af9-4164-9f24-dafafaff38e2 cf7134d6e051449b9f995ab690db73af 96865488369440df96caf7fd5452de6f - - default default] 10.0.0.187 "GET /v2.0/ports?device_id=b4726e9a-8919-4531-b267-b5081b918923 HTTP/1.1" status: 200 len: 1170 time: 0.0395627
2026-07-02 01:35:34.049 9 INFO neutron.api.wsgi [req-254aca32-6d12-4ce8-9585-891ff4dbb220 req-29e502f4-819e-4232-a44f-4d84aa0bf5d7 cf7134d6e051449b9f995ab690db73af 96865488369440df96caf7fd5452de6f - - default default] 10.0.0.187 "GET /v2.0/security-groups?id=8705071e-de1f-43dd-acf2-48c4b5d55472&fields=id&fields=name HTTP/1.1" status: 200 len: 313 time: 0.0486023
2026-07-02 01:35:34.162 10 INFO neutron.db.ovn_revision_numbers_db [None req-536c3457-cd71-422f-894f-77a38da872e8 - - - - - -] Successfully bumped revision number for resource 7078a8b5-d616-4a58-b152-a3ffa96f2a07 (type: ports) to 7
2026-07-02 01:35:34.183 9 INFO neutron.api.wsgi [None req-5eea0704-ee71-4654-9008-398a876cc7b5 0df32c8f7132490786e78c27bf0c87dd 4411055595264a089fb8b1016bcf189d - - default default] 10.0.0.92 "DELETE /v2.0/ports/d3071444-604e-4b2c-b9ee-ea75fb84194f HTTP/1.1" status: 204 len: 168 time: 0.3038008
2026-07-02 01:35:34.238 10 INFO neutron.plugins.ml2.drivers.ovn.mech_driver.mech_driver [None req-01bc7075-87fb-4f07-a936-95f03a8efaf5 - - - - - -] OVN reports status down for port: d3071444-604e-4b2c-b9ee-ea75fb84194f
2026-07-02 01:35:34.281 9 INFO neutron.api.wsgi [None req-72436a39-e807-40ce-ac1a-dbc50b2cb441 0df32c8f7132490786e78c27bf0c87dd 4411055595264a089fb8b1016bcf189d - - default default] 10.0.0.92 "GET /v2.0/ports HTTP/1.1" status: 200 len: 1728 time: 0.0848725
2026-07-02 01:35:34.542 9 INFO neutron.pecan_wsgi.hooks.translation [None req-d0ad1c30-e9ea-4408-bd79-8b3f13b77a7a 0df32c8f7132490786e78c27bf0c87dd 4411055595264a089fb8b1016bcf189d - - default default] GET failed (client error): The resource could not be found.
2026-07-02 01:35:34.544 9 INFO neutron.api.wsgi [None req-d0ad1c30-e9ea-4408-bd79-8b3f13b77a7a 0df32c8f7132490786e78c27bf0c87dd 4411055595264a089fb8b1016bcf189d - - default default] 10.0.0.92 "GET /v2.0/ports/d3071444-604e-4b2c-b9ee-ea75fb84194f HTTP/1.1" status: 404 len: 333 time: 0.2575972
2026-07-02 01:35:34.552 9 INFO neutron.api.wsgi [req-53019427-2f3e-4052-a95f-ccadd04ce380 req-ea27cf10-28c7-46b6-98d6-bbb6285a80d6 1ea5077b914f41d9b88298a9539444c3 277cefd55d974879bcef3ae326eccc90 - - default default] 10.0.0.187 "GET /v2.0/ports?device_id=58ab803b-5095-4d31-b613-cb5569094fa6 HTTP/1.1" status: 200 len: 1174 time: 0.3174517
2026-07-02 01:35:34.595 9 INFO neutron.api.wsgi [None req-5d9085d2-3ccc-411a-b9cc-e74f33a67ded 0df32c8f7132490786e78c27bf0c87dd 4411055595264a089fb8b1016bcf189d - - default default] 10.0.0.92 "GET /v2.0/ports HTTP/1.1" status: 200 len: 1728 time: 0.0372596 /var/lib/openstack/lib/python3.12/site-packages/pycadf/identifier.py:71: UserWarning: Invalid uuid: neutron. To ensure interoperability, identifiers should be a valid uuid. warnings.warn(('Invalid uuid: %s. To ensure interoperability, '
2026-07-02 01:35:34.608 9 INFO neutron.api.wsgi [req-53019427-2f3e-4052-a95f-ccadd04ce380 req-b649cecf-7c52-49ac-b99d-0a283a5b6e06 1ea5077b914f41d9b88298a9539444c3 277cefd55d974879bcef3ae326eccc90 - - default default] 10.0.0.187 "GET /v2.0/security-groups?id=3b90bdf4-b8dc-44de-bafc-4d30f3fbeab4&fields=id&fields=name HTTP/1.1" status: 200 len: 312 time: 0.0499728
2026-07-02 01:35:34.691 10 INFO neutron.api.wsgi [None req-abcb2e8c-efdc-4048-8b77-980940929bbc 0df32c8f7132490786e78c27bf0c87dd 4411055595264a089fb8b1016bcf189d - - default default] 10.0.0.92 "GET /v2.0/ports/7275073f-efcb-4602-ad58-65ecd2ecd06e HTTP/1.1" status: 200 len: 968 time: 0.0861862
2026-07-02 01:35:34.716 10 INFO neutron.pecan_wsgi.hooks.translation [None req-768b31c0-6f6a-4ae9-97e1-dd7316902014 0df32c8f7132490786e78c27bf0c87dd 4411055595264a089fb8b1016bcf189d - - default default] DELETE failed (client error): The resource could not be found.
2026-07-02 01:35:34.718 10 INFO neutron.api.wsgi [None req-768b31c0-6f6a-4ae9-97e1-dd7316902014 0df32c8f7132490786e78c27bf0c87dd 4411055595264a089fb8b1016bcf189d - - default default] 10.0.0.92 "DELETE /v2.0/ports/d4816bf8-c2b7-40af-8ee3-0ebcec699be8 HTTP/1.1" status: 404 len: 333 time: 0.0174832
2026-07-02 01:35:34.734 10 INFO neutron.pecan_wsgi.hooks.translation [None req-7329b474-deb8-4f45-9f21-24b3bba7516e 0df32c8f7132490786e78c27bf0c87dd 4411055595264a089fb8b1016bcf189d - - default default] DELETE failed (client error): The resource could not be found.
2026-07-02 01:35:34.737 10 INFO neutron.api.wsgi [None req-7329b474-deb8-4f45-9f21-24b3bba7516e 0df32c8f7132490786e78c27bf0c87dd 4411055595264a089fb8b1016bcf189d - - default default] 10.0.0.92 "DELETE /v2.0/subnets/01687e31-cc0c-4df3-93b7-2f2b64a155b7 HTTP/1.1" status: 404 len: 337 time: 0.0132306
2026-07-02 01:35:34.756 9 INFO neutron.pecan_wsgi.hooks.translation [None req-b2331d47-1f38-4f1f-a1f5-c93f4c5d7d97 0df32c8f7132490786e78c27bf0c87dd 4411055595264a089fb8b1016bcf189d - - default default] DELETE failed (client error): The resource could not be found.
2026-07-02 01:35:34.759 9 INFO neutron.api.wsgi [None req-b2331d47-1f38-4f1f-a1f5-c93f4c5d7d97 0df32c8f7132490786e78c27bf0c87dd 4411055595264a089fb8b1016bcf189d - - default default] 10.0.0.92 "DELETE /v2.0/subnets/8d54683a-9c80-4297-8491-ec12d1ff05f3 HTTP/1.1" status: 404 len: 337 time: 0.0169170
2026-07-02 01:35:34.872 10 INFO neutron.notifiers.nova [-] Nova event matching ['req-a91b072a-b2c6-436d-8471-3ea013b12990'] response: {'server_uuid': 'b4726e9a-8919-4531-b267-b5081b918923', 'name': 'network-vif-plugged', 'status': 'completed', 'tag': '77c6a753-c3e9-4d41-9bcd-301750b72774', 'code': 200}
2026-07-02 01:35:34.873 10 INFO neutron.notifiers.nova [-] Nova event matching ['req-a91b072a-b2c6-436d-8471-3ea013b12990'] response: {'server_uuid': 'b4726e9a-8919-4531-b267-b5081b918923', 'name': 'network-vif-plugged', 'status': 'completed', 'tag': '77c6a753-c3e9-4d41-9bcd-301750b72774', 'code': 200}
2026-07-02 01:35:34.873 10 INFO neutron.notifiers.nova [-] Nova event matching ['req-a91b072a-b2c6-436d-8471-3ea013b12990'] response: {'server_uuid': '58ab803b-5095-4d31-b613-cb5569094fa6', 'name': 'network-vif-plugged', 'status': 'completed', 'tag': '7078a8b5-d616-4a58-b152-a3ffa96f2a07', 'code': 200}
2026-07-02 01:35:34.873 10 INFO neutron.notifiers.nova [-] Nova event matching ['req-a91b072a-b2c6-436d-8471-3ea013b12990'] response: {'server_uuid': '58ab803b-5095-4d31-b613-cb5569094fa6', 'name': 'network-vif-plugged', 'status': 'completed', 'tag': '7078a8b5-d616-4a58-b152-a3ffa96f2a07', 'code': 200}
2026-07-02 01:35:35.084 9 INFO neutron.api.wsgi [None req-8c1e8819-5a3e-4128-bf9a-ca68063cf3f2 0df32c8f7132490786e78c27bf0c87dd 4411055595264a089fb8b1016bcf189d - - default default] 10.0.0.92 "DELETE /v2.0/ports/7275073f-efcb-4602-ad58-65ecd2ecd06e HTTP/1.1" status: 204 len: 168 time: 0.3212233
2026-07-02 01:35:35.198 9 INFO neutron.api.wsgi [req-bf4f4120-e409-452e-9775-e12dd5d1e8fd req-6fa80b09-ef9c-4079-a6d6-5777b183fbaa cf7134d6e051449b9f995ab690db73af 96865488369440df96caf7fd5452de6f - - default default] 10.0.0.187 "GET /v2.0/ports?device_id=b4726e9a-8919-4531-b267-b5081b918923 HTTP/1.1" status: 200 len: 1170 time: 0.0779417
2026-07-02 01:35:35.241 9 INFO neutron.api.wsgi [req-bf4f4120-e409-452e-9775-e12dd5d1e8fd req-c3e3ae50-a8c0-449e-9e97-6c1770c6a062 cf7134d6e051449b9f995ab690db73af 96865488369440df96caf7fd5452de6f - - default default] 10.0.0.187 "GET /v2.0/security-groups?id=8705071e-de1f-43dd-acf2-48c4b5d55472&fields=id&fields=name HTTP/1.1" status: 200 len: 313 time: 0.0367703
2026-07-02 01:35:35.472 9 INFO neutron.services.segments.plugin [-] Segment 942e57b5-cfa5-4f6b-a882-84f6dafb4dc5 resource provider aggregate not found
2026-07-02 01:35:35.475 9 INFO neutron.services.segments.plugin [-] Segment 942e57b5-cfa5-4f6b-a882-84f6dafb4dc5 resource provider aggregate not found
2026-07-02 01:35:35.493 9 INFO neutron.services.segments.plugin [-] Segment 942e57b5-cfa5-4f6b-a882-84f6dafb4dc5 resource provider not found; error: Placement Client Error (4xx): {"errors": [{"status": 404, "title": "Not Found", "detail": "The resource could not be found.\n\n No resource provider with uuid 942e57b5-cfa5-4f6b-a882-84f6dafb4dc5 found for delete ", "request_id": "req-f75053b8-f8b8-4b0a-93a6-94e5ab2e3e0b"}]}
2026-07-02 01:35:35.494 9 INFO neutron.services.segments.plugin [-] Segment 942e57b5-cfa5-4f6b-a882-84f6dafb4dc5 resource provider not found; error: Placement Client Error (4xx): {"errors": [{"status": 404, "title": "Not Found", "detail": "The resource could not be found.\n\n No resource provider with uuid 942e57b5-cfa5-4f6b-a882-84f6dafb4dc5 found for delete ", "request_id": "req-4228c689-f0eb-4935-a7f1-68d8ef3d6775"}]}
2026-07-02 01:35:35.517 9 INFO neutron.api.wsgi [None req-eb8eeb35-5d5a-41b0-9a19-856c2703a663 0df32c8f7132490786e78c27bf0c87dd 4411055595264a089fb8b1016bcf189d - - default default] 10.0.0.92 "DELETE /v2.0/networks/7a68ad0c-973e-43fe-89a7-51e78cc2402e HTTP/1.1" status: 204 len: 168 time: 0.4259067
2026-07-02 01:35:35.699 10 INFO neutron.db.ovn_revision_numbers_db [None req-224da576-8fec-4ce5-84a5-50a381df3398 3e01dbd7e1704f9db4666c59b8ae46bc 2c5cb693a75c4cc8bb6350c86fae6bfe - - default default] Successfully bumped revision number for resource cd25fb11-7d5c-45ca-84e7-88ea53d9c92d (type: security_groups) to 1
2026-07-02 01:35:35.724 9 INFO neutron.api.wsgi [req-8030ee1f-dee5-4ef5-ae16-10fb0a7b7214 req-28628aad-c2c3-4c95-9f34-4ef08ee29e8f 1ea5077b914f41d9b88298a9539444c3 277cefd55d974879bcef3ae326eccc90 - - default default] 10.0.0.187 "GET /v2.0/ports?device_id=58ab803b-5095-4d31-b613-cb5569094fa6 HTTP/1.1" status: 200 len: 1174 time: 0.0346718
2026-07-02 01:35:35.725 10 INFO neutron.db.ovn_revision_numbers_db [None req-224da576-8fec-4ce5-84a5-50a381df3398 3e01dbd7e1704f9db4666c59b8ae46bc 2c5cb693a75c4cc8bb6350c86fae6bfe - - default default] Successfully bumped revision number for resource 89cf65b7-63c1-490b-9649-2359293e027b (type: security_group_rules) to 0
2026-07-02 01:35:35.745 10 INFO neutron.db.ovn_revision_numbers_db [None req-224da576-8fec-4ce5-84a5-50a381df3398 3e01dbd7e1704f9db4666c59b8ae46bc 2c5cb693a75c4cc8bb6350c86fae6bfe - - default default] Successfully bumped revision number for resource bd2719e4-1bc9-43eb-8f52-171c754c446b (type: security_group_rules) to 0
2026-07-02 01:35:35.760 10 INFO neutron.db.ovn_revision_numbers_db [None req-224da576-8fec-4ce5-84a5-50a381df3398 3e01dbd7e1704f9db4666c59b8ae46bc 2c5cb693a75c4cc8bb6350c86fae6bfe - - default default] Successfully bumped revision number for resource cc865562-4b84-4e50-8637-5b9ffd6b3885 (type: security_group_rules) to 0
2026-07-02 01:35:35.771 9 INFO neutron.api.wsgi [req-8030ee1f-dee5-4ef5-ae16-10fb0a7b7214 req-42357fd9-6e34-436a-8a2c-2077e2ff4292 1ea5077b914f41d9b88298a9539444c3 277cefd55d974879bcef3ae326eccc90 - - default default] 10.0.0.187 "GET /v2.0/security-groups?id=3b90bdf4-b8dc-44de-bafc-4d30f3fbeab4&fields=id&fields=name HTTP/1.1" status: 200 len: 312 time: 0.0382483
2026-07-02 01:35:35.776 10 INFO neutron.db.ovn_revision_numbers_db [None req-224da576-8fec-4ce5-84a5-50a381df3398 3e01dbd7e1704f9db4666c59b8ae46bc 2c5cb693a75c4cc8bb6350c86fae6bfe - - default default] Successfully bumped revision number for resource f2ed7fff-d740-4f90-8804-fb5ebcb99219 (type: security_group_rules) to 0
2026-07-02 01:35:35.846 10 INFO neutron.db.segments_db [None req-224da576-8fec-4ce5-84a5-50a381df3398 3e01dbd7e1704f9db4666c59b8ae46bc 2c5cb693a75c4cc8bb6350c86fae6bfe - - default default] Added segment 341bba33-59f0-4719-8f9e-b07ae2ceb1ea of type geneve for network 8a3aa241-3a80-462b-ae7c-6deddaab586d
2026-07-02 01:35:36.000 10 INFO neutron.db.ovn_revision_numbers_db [None req-224da576-8fec-4ce5-84a5-50a381df3398 3e01dbd7e1704f9db4666c59b8ae46bc 2c5cb693a75c4cc8bb6350c86fae6bfe - - default default] Successfully bumped revision number for resource 8a3aa241-3a80-462b-ae7c-6deddaab586d (type: networks) to 1
2026-07-02 01:35:36.125 9 INFO neutron.api.wsgi [None req-0bc5534c-a355-4c8a-bdff-64aeffb5d293 3e01dbd7e1704f9db4666c59b8ae46bc 2c5cb693a75c4cc8bb6350c86fae6bfe - - default default] 10.0.0.92 "GET /v2.0/security-groups?tenant_id=4411055595264a089fb8b1016bcf189d&name=default HTTP/1.1" status: 200 len: 3120 time: 0.1602957
2026-07-02 01:35:36.157 10 WARNING neutron.scheduler.dhcp_agent_scheduler [None req-224da576-8fec-4ce5-84a5-50a381df3398 3e01dbd7e1704f9db4666c59b8ae46bc 2c5cb693a75c4cc8bb6350c86fae6bfe - - default default] No more DHCP agents
2026-07-02 01:35:36.160 10 WARNING neutron.api.rpc.agentnotifiers.dhcp_rpc_agent_api [None req-224da576-8fec-4ce5-84a5-50a381df3398 3e01dbd7e1704f9db4666c59b8ae46bc 2c5cb693a75c4cc8bb6350c86fae6bfe - - default default] Unable to schedule network 8a3aa241-3a80-462b-ae7c-6deddaab586d: no agents available; will retry on subsequent port and subnet creation events.
2026-07-02 01:35:36.222 10 INFO neutron.db.ovn_revision_numbers_db [None req-224da576-8fec-4ce5-84a5-50a381df3398 3e01dbd7e1704f9db4666c59b8ae46bc 2c5cb693a75c4cc8bb6350c86fae6bfe - - default default] Successfully bumped revision number for resource 963e8d92-1227-4fc5-a93b-5d8d7c15f25c (type: ports) to 1
2026-07-02 01:35:36.243 10 INFO neutron.api.wsgi [None req-224da576-8fec-4ce5-84a5-50a381df3398 3e01dbd7e1704f9db4666c59b8ae46bc 2c5cb693a75c4cc8bb6350c86fae6bfe - - default default] 10.0.0.92 "POST /v2.0/networks HTTP/1.1" status: 201 len: 939 time: 0.9043894
2026-07-02 01:35:36.345 9 INFO neutron.api.wsgi [req-698c4389-a02d-4777-934c-b198d69c2af0 req-cf9f0df3-afc9-4abe-b47a-0e14165af350 cf7134d6e051449b9f995ab690db73af 96865488369440df96caf7fd5452de6f - - default default] 10.0.0.187 "GET /v2.0/ports?device_id=b4726e9a-8919-4531-b267-b5081b918923 HTTP/1.1" status: 200 len: 1170 time: 0.0428989
2026-07-02 01:35:36.392 10 WARNING neutron.scheduler.dhcp_agent_scheduler [None req-d57726c7-7c93-4ecd-aaab-c370e549f769 3e01dbd7e1704f9db4666c59b8ae46bc 2c5cb693a75c4cc8bb6350c86fae6bfe - - default default] No more DHCP agents
2026-07-02 01:35:36.393 10 WARNING neutron.api.rpc.agentnotifiers.dhcp_rpc_agent_api [None req-d57726c7-7c93-4ecd-aaab-c370e549f769 3e01dbd7e1704f9db4666c59b8ae46bc 2c5cb693a75c4cc8bb6350c86fae6bfe - - default default] Unable to schedule network 8a3aa241-3a80-462b-ae7c-6deddaab586d: no agents available; will retry on subsequent port and subnet creation events.
2026-07-02 01:35:36.429 9 INFO neutron.api.wsgi [req-698c4389-a02d-4777-934c-b198d69c2af0 req-687be0df-1651-4117-9a73-adb13d085a3e cf7134d6e051449b9f995ab690db73af 96865488369440df96caf7fd5452de6f - - default default] 10.0.0.187 "GET /v2.0/security-groups?id=8705071e-de1f-43dd-acf2-48c4b5d55472&fields=id&fields=name HTTP/1.1" status: 200 len: 313 time: 0.0755255
2026-07-02 01:35:36.479 9 INFO neutron.api.wsgi [None req-89cb72da-6860-4340-b3dc-19ed6c133c2c 3e01dbd7e1704f9db4666c59b8ae46bc 2c5cb693a75c4cc8bb6350c86fae6bfe - - default default] 10.0.0.92 "DELETE /v2.0/security-groups/650752a6-665c-4bec-825f-48d02e0fa30b HTTP/1.1" status: 204 len: 168 time: 0.3497393
2026-07-02 01:35:36.527 9 INFO neutron.api.wsgi [req-53577219-9db9-4373-a45f-bd6ae90f93c3 req-450a52f7-c29d-40e5-a621-89c453228e84 cf7134d6e051449b9f995ab690db73af 96865488369440df96caf7fd5452de6f - - default default] 10.0.0.187 "GET /v2.0/ports?device_id=b4726e9a-8919-4531-b267-b5081b918923 HTTP/1.1" status: 200 len: 1170 time: 0.0368304
2026-07-02 01:35:36.824 10 INFO neutron.db.ovn_revision_numbers_db [None req-beeec182-a532-41e5-9f95-72b61782b38c - - - - - -] Successfully bumped revision number for resource 963e8d92-1227-4fc5-a93b-5d8d7c15f25c (type: ports) to 2
2026-07-02 01:35:36.851 10 INFO neutron.db.ovn_revision_numbers_db [None req-beeec182-a532-41e5-9f95-72b61782b38c - - - - - -] Successfully bumped revision number for resource b86fe744-9caf-47b3-8201-5f57e5717646 (type: subnets) to 0
2026-07-02 01:35:36.866 10 INFO neutron.api.wsgi [None req-d57726c7-7c93-4ecd-aaab-c370e549f769 3e01dbd7e1704f9db4666c59b8ae46bc 2c5cb693a75c4cc8bb6350c86fae6bfe - - default default] 10.0.0.92 "POST /v2.0/subnets HTTP/1.1" status: 201 len: 883 time: 0.6168673
2026-07-02 01:35:37.021 9 INFO neutron.db.ovn_revision_numbers_db [None req-b76d33c7-5dce-4cb3-aabf-6f2263f7ad24 cf7134d6e051449b9f995ab690db73af 96865488369440df96caf7fd5452de6f - - default default] Successfully bumped revision number for resource c76bf174-24cf-4b0b-b00e-93e7698a4ff5 (type: floatingips) to 1
2026-07-02 01:35:37.120 9 INFO neutron.db.ovn_revision_numbers_db [None req-b76d33c7-5dce-4cb3-aabf-6f2263f7ad24 cf7134d6e051449b9f995ab690db73af 96865488369440df96caf7fd5452de6f - - default default] Successfully bumped revision number for resource c76bf174-24cf-4b0b-b00e-93e7698a4ff5 (type: floatingips) to 2
2026-07-02 01:35:37.121 9 INFO neutron.db.l3_db [None req-b76d33c7-5dce-4cb3-aabf-6f2263f7ad24 cf7134d6e051449b9f995ab690db73af 96865488369440df96caf7fd5452de6f - - default default] Floating IP c76bf174-24cf-4b0b-b00e-93e7698a4ff5 associated. External IP: 10.96.250.218, port: 77c6a753-c3e9-4d41-9bcd-301750b72774.
2026-07-02 01:35:37.149 9 INFO neutron.api.wsgi [None req-b76d33c7-5dce-4cb3-aabf-6f2263f7ad24 cf7134d6e051449b9f995ab690db73af 96865488369440df96caf7fd5452de6f - - default default] 10.0.0.92 "PUT /v2.0/floatingips/c76bf174-24cf-4b0b-b00e-93e7698a4ff5 HTTP/1.1" status: 200 len: 1049 time: 0.6092048 /var/lib/openstack/lib/python3.12/site-packages/pycadf/identifier.py:71: UserWarning: Invalid uuid: neutron. To ensure interoperability, identifiers should be a valid uuid. warnings.warn(('Invalid uuid: %s. To ensure interoperability, '
2026-07-02 01:35:37.204 9 INFO neutron.notifiers.nova [-] Nova event matching ['req-74d130ad-92af-4a60-b4b6-36953b7450df'] response: {'name': 'network-changed', 'server_uuid': 'b4726e9a-8919-4531-b267-b5081b918923', 'tag': '77c6a753-c3e9-4d41-9bcd-301750b72774', 'status': 'completed', 'code': 200}
2026-07-02 01:35:37.231 9 INFO neutron.api.wsgi [req-ce967656-781b-426a-8b76-887dff8fd89e req-d95b7656-1b70-4730-8665-c7d43e5cb440 cf7134d6e051449b9f995ab690db73af 96865488369440df96caf7fd5452de6f - - default default] 10.0.0.187 "GET /v2.0/ports?device_id=b4726e9a-8919-4531-b267-b5081b918923 HTTP/1.1" status: 200 len: 1170 time: 0.0424204
2026-07-02 01:35:37.260 10 WARNING neutron.scheduler.dhcp_agent_scheduler [None req-268dff0d-5a09-4b97-9bfc-411794c91f5f 3e01dbd7e1704f9db4666c59b8ae46bc 2c5cb693a75c4cc8bb6350c86fae6bfe - - default default] No more DHCP agents
2026-07-02 01:35:37.264 10 WARNING neutron.api.rpc.agentnotifiers.dhcp_rpc_agent_api [None req-268dff0d-5a09-4b97-9bfc-411794c91f5f 3e01dbd7e1704f9db4666c59b8ae46bc 2c5cb693a75c4cc8bb6350c86fae6bfe - - default default] Unable to schedule network a5a76a20-a48f-4d60-b560-1b9cf6fcba93: no agents available; will retry on subsequent port and subnet creation events.
2026-07-02 01:35:37.265 9 INFO neutron.api.wsgi [req-ce967656-781b-426a-8b76-887dff8fd89e req-2aa33170-5c57-4a5e-a5ce-543be165fb28 cf7134d6e051449b9f995ab690db73af 96865488369440df96caf7fd5452de6f - - default default] 10.0.0.187 "GET /v2.0/security-groups?id=8705071e-de1f-43dd-acf2-48c4b5d55472&fields=id&fields=name HTTP/1.1" status: 200 len: 313 time: 0.0294070
2026-07-02 01:35:37.405 10 INFO neutron.db.ovn_revision_numbers_db [None req-268dff0d-5a09-4b97-9bfc-411794c91f5f 3e01dbd7e1704f9db4666c59b8ae46bc 2c5cb693a75c4cc8bb6350c86fae6bfe - - default default] Successfully bumped revision number for resource 0fda7586-35c0-40c4-9320-f167952ffc4e (type: ports) to 1
2026-07-02 01:35:37.517 9 INFO neutron.api.wsgi [req-8809eaf0-3b03-4e73-8854-0c41b02f7ffb req-bf3e8621-b89c-46f3-8c25-ce50eeb6b118 cf7134d6e051449b9f995ab690db73af 96865488369440df96caf7fd5452de6f - - default default] 10.0.0.187 "GET /v2.0/ports?device_id=b4726e9a-8919-4531-b267-b5081b918923 HTTP/1.1" status: 200 len: 1170 time: 0.0327256
2026-07-02 01:35:37.549 9 INFO neutron.api.wsgi [req-8809eaf0-3b03-4e73-8854-0c41b02f7ffb req-35bf35fb-4056-4806-a34d-27e2fc8d2592 cf7134d6e051449b9f995ab690db73af 96865488369440df96caf7fd5452de6f - - default default] 10.0.0.187 "GET /v2.0/security-groups?id=8705071e-de1f-43dd-acf2-48c4b5d55472&fields=id&fields=name HTTP/1.1" status: 200 len: 313 time: 0.0276370
2026-07-02 01:35:37.738 9 INFO neutron.api.wsgi [req-c686c6e4-50e0-49c4-aa9b-18dab44351d4 req-b030329b-ff16-4c1c-bc24-596539aea6d4 e87e72b4033848039c84fc7fc2d060cf df8080bc6e534792b9472afd0019c822 - - 8caf2e07147247b9bb941e3edaeeec84 8caf2e07147247b9bb941e3edaeeec84] 199.204.45.242 "GET /v2.0/ports?tenant_id=96865488369440df96caf7fd5452de6f&device_id=b4726e9a-8919-4531-b267-b5081b918923 HTTP/1.1" status: 200 len: 1409 time: 0.0352845
2026-07-02 01:35:37.783 9 INFO neutron.api.wsgi [req-c686c6e4-50e0-49c4-aa9b-18dab44351d4 req-e952fcae-1917-4b65-82f4-a41cc7a67eab e87e72b4033848039c84fc7fc2d060cf df8080bc6e534792b9472afd0019c822 - - 8caf2e07147247b9bb941e3edaeeec84 8caf2e07147247b9bb941e3edaeeec84] 199.204.45.242 "GET /v2.0/networks?id=3ee55789-efc9-4160-9805-674d8f65f3ee HTTP/1.1" status: 200 len: 973 time: 0.0408280
2026-07-02 01:35:37.824 9 INFO neutron.api.wsgi [req-c686c6e4-50e0-49c4-aa9b-18dab44351d4 req-05f7725b-7b79-422b-8459-b32ef854f131 e87e72b4033848039c84fc7fc2d060cf df8080bc6e534792b9472afd0019c822 - - 8caf2e07147247b9bb941e3edaeeec84 8caf2e07147247b9bb941e3edaeeec84] 199.204.45.242 "GET /v2.0/floatingips?fixed_ip_address=10.100.0.8&port_id=77c6a753-c3e9-4d41-9bcd-301750b72774 HTTP/1.1" status: 200 len: 1059 time: 0.0353360
2026-07-02 01:35:37.852 9 INFO neutron.api.wsgi [req-c686c6e4-50e0-49c4-aa9b-18dab44351d4 req-f50e0c76-ef63-4964-9692-22ab03c36acf e87e72b4033848039c84fc7fc2d060cf df8080bc6e534792b9472afd0019c822 - - 8caf2e07147247b9bb941e3edaeeec84 8caf2e07147247b9bb941e3edaeeec84] 199.204.45.242 "GET /v2.0/subnets?id=8a2c3032-052f-46a4-aa6e-2364c3b8bc36 HTTP/1.1" status: 200 len: 892 time: 0.0200536
2026-07-02 01:35:37.872 9 INFO neutron.api.wsgi [req-c686c6e4-50e0-49c4-aa9b-18dab44351d4 req-3c3111f9-8f7b-428e-b19e-d28b98b86cff e87e72b4033848039c84fc7fc2d060cf df8080bc6e534792b9472afd0019c822 - - 8caf2e07147247b9bb941e3edaeeec84 8caf2e07147247b9bb941e3edaeeec84] 199.204.45.242 "GET /v2.0/ports?network_id=3ee55789-efc9-4160-9805-674d8f65f3ee&device_owner=network%3Adhcp HTTP/1.1" status: 200 len: 210 time: 0.0151460
2026-07-02 01:35:37.947 9 INFO neutron.api.wsgi [req-c686c6e4-50e0-49c4-aa9b-18dab44351d4 req-3c0a7f28-11e7-48df-a7ca-d595036e9e52 e87e72b4033848039c84fc7fc2d060cf df8080bc6e534792b9472afd0019c822 - - 8caf2e07147247b9bb941e3edaeeec84 8caf2e07147247b9bb941e3edaeeec84] 199.204.45.242 "GET /v2.0/networks/3ee55789-efc9-4160-9805-674d8f65f3ee?fields=segments HTTP/1.1" status: 200 len: 212 time: 0.0696239
2026-07-02 01:35:37.989 9 INFO neutron.api.wsgi [req-c686c6e4-50e0-49c4-aa9b-18dab44351d4 req-f6c1850c-b3d4-4ec6-9b22-ba02b8dbcd24 e87e72b4033848039c84fc7fc2d060cf df8080bc6e534792b9472afd0019c822 - - 8caf2e07147247b9bb941e3edaeeec84 8caf2e07147247b9bb941e3edaeeec84] 199.204.45.242 "GET /v2.0/networks/3ee55789-efc9-4160-9805-674d8f65f3ee?fields=provider%3Aphysical_network&fields=provider%3Anetwork_type HTTP/1.1" status: 200 len: 277 time: 0.0370083
2026-07-02 01:35:38.001 10 INFO neutron.plugins.ml2.drivers.ovn.mech_driver.mech_driver [None req-01bc7075-87fb-4f07-a936-95f03a8efaf5 - - - - - -] OVN reports status down for port: 77c6a753-c3e9-4d41-9bcd-301750b72774
2026-07-02 01:35:38.019 10 INFO neutron.plugins.ml2.drivers.ovn.mech_driver.ovsdb.commands [None req-182eb5b6-7221-48eb-9243-c8b6971478f2 - - - - - -] Schedule LRP lrp-0fda7586-35c0-40c4-9320-f167952ffc4e on gateway 36666944-b74d-4c1b-80dc-069c14454447 with priority 1
2026-07-02 01:35:38.042 9 INFO neutron.plugins.ml2.drivers.ovn.mech_driver.ovsdb.ovsdb_monitor [None req-13c82107-be4b-409e-86d1-9ef2ca7b72a7 - - - - - -] Router a8ba51fc-69ef-47d5-8e11-3f8975e6bc1d is bound to host instance
2026-07-02 01:35:38.079 10 INFO neutron.db.ovn_revision_numbers_db [None req-268dff0d-5a09-4b97-9bfc-411794c91f5f 3e01dbd7e1704f9db4666c59b8ae46bc 2c5cb693a75c4cc8bb6350c86fae6bfe - - default default] Successfully bumped revision number for resource 0fda7586-35c0-40c4-9320-f167952ffc4e (type: router_ports) to 1
2026-07-02 01:35:38.160 10 INFO neutron.db.ovn_revision_numbers_db [None req-268dff0d-5a09-4b97-9bfc-411794c91f5f 3e01dbd7e1704f9db4666c59b8ae46bc 2c5cb693a75c4cc8bb6350c86fae6bfe - - default default] Successfully bumped revision number for resource a8ba51fc-69ef-47d5-8e11-3f8975e6bc1d (type: routers) to 2
2026-07-02 01:35:38.166 10 INFO neutron.notifiers.nova [-] Nova event matching ['req-a54f0d74-6793-4275-a82c-18e2673f14e8'] response: {'server_uuid': 'b4726e9a-8919-4531-b267-b5081b918923', 'name': 'network-vif-unplugged', 'status': 'completed', 'tag': '77c6a753-c3e9-4d41-9bcd-301750b72774', 'code': 200}
2026-07-02 01:35:38.182 10 INFO neutron.api.wsgi [None req-268dff0d-5a09-4b97-9bfc-411794c91f5f 3e01dbd7e1704f9db4666c59b8ae46bc 2c5cb693a75c4cc8bb6350c86fae6bfe - - default default] 10.0.0.92 "POST /v2.0/routers HTTP/1.1" status: 201 len: 1161 time: 1.3105593
2026-07-02 01:35:38.258 10 INFO neutron.db.ovn_revision_numbers_db [None req-01bc7075-87fb-4f07-a936-95f03a8efaf5 - - - - - -] Successfully bumped revision number for resource 77c6a753-c3e9-4d41-9bcd-301750b72774 (type: ports) to 6
2026-07-02 01:35:38.306 10 INFO neutron.plugins.ml2.drivers.ovn.mech_driver.mech_driver [None req-6015506b-dcec-4264-90b8-7ae15ad30e10 - - - - - -] OVN reports status up for port: 0fda7586-35c0-40c4-9320-f167952ffc4e
2026-07-02 01:35:38.312 10 INFO neutron.plugins.ml2.plugin [None req-6015506b-dcec-4264-90b8-7ae15ad30e10 - - - - - -] Attempt 1 to provision port 0fda7586-35c0-40c4-9320-f167952ffc4e /var/lib/openstack/lib/python3.12/site-packages/pycadf/identifier.py:71: UserWarning: Invalid uuid: neutron. To ensure interoperability, identifiers should be a valid uuid. warnings.warn(('Invalid uuid: %s. To ensure interoperability, '
2026-07-02 01:35:38.467 10 WARNING neutron_lib.context [None req-46637dc8-214e-4083-bf99-063e9ecc2bdd 4b2a813359364a0396e08867bbfea6f6 a44f28ef83f04e43806b6abf743604e6 - - default default] Method 'is_advsvc' is deprecated since 2023.2 release (neutron-lib 3.8.0) and will be removed once support for the old RBAC API policies will be removed from Neutron. Please use method 'is_service_role' instead.
2026-07-02 01:35:38.591 10 INFO neutron.db.ovn_revision_numbers_db [None req-46637dc8-214e-4083-bf99-063e9ecc2bdd 4b2a813359364a0396e08867bbfea6f6 a44f28ef83f04e43806b6abf743604e6 - - default default] Successfully bumped revision number for resource 850c91c5-42aa-4b0f-8984-eb38ba85b545 (type: security_groups) to 1
2026-07-02 01:35:38.594 9 INFO neutron.db.ovn_revision_numbers_db [None req-831f7feb-3dfb-459c-92cc-88c419244da0 - - - - - -] Successfully bumped revision number for resource 0fda7586-35c0-40c4-9320-f167952ffc4e (type: ports) to 1
2026-07-02 01:35:38.602 10 INFO neutron.db.ovn_revision_numbers_db [None req-46637dc8-214e-4083-bf99-063e9ecc2bdd 4b2a813359364a0396e08867bbfea6f6 a44f28ef83f04e43806b6abf743604e6 - - default default] Successfully bumped revision number for resource 3371ec38-a27a-4584-8dd9-57c9e5515508 (type: security_group_rules) to 0
2026-07-02 01:35:38.617 10 INFO neutron.db.ovn_revision_numbers_db [None req-46637dc8-214e-4083-bf99-063e9ecc2bdd 4b2a813359364a0396e08867bbfea6f6 a44f28ef83f04e43806b6abf743604e6 - - default default] Successfully bumped revision number for resource a90f1b93-699a-4974-b267-e87a93b73640 (type: security_group_rules) to 0
2026-07-02 01:35:38.629 10 INFO neutron.db.ovn_revision_numbers_db [None req-46637dc8-214e-4083-bf99-063e9ecc2bdd 4b2a813359364a0396e08867bbfea6f6 a44f28ef83f04e43806b6abf743604e6 - - default default] Successfully bumped revision number for resource caad89de-b772-4eab-a0a7-86a516772776 (type: security_group_rules) to 0
2026-07-02 01:35:38.642 10 INFO neutron.db.ovn_revision_numbers_db [None req-46637dc8-214e-4083-bf99-063e9ecc2bdd 4b2a813359364a0396e08867bbfea6f6 a44f28ef83f04e43806b6abf743604e6 - - default default] Successfully bumped revision number for resource d5152c31-13e2-4a4b-9507-be36d5e21e4c (type: security_group_rules) to 0
2026-07-02 01:35:38.662 9 INFO neutron.api.wsgi [req-53325167-5075-47d4-91ee-976d63594ac8 req-6bb51f03-14df-4d1e-af1f-07ecc8776da7 cf7134d6e051449b9f995ab690db73af 96865488369440df96caf7fd5452de6f - - default default] 10.0.0.187 "GET /v2.0/ports?device_id=b4726e9a-8919-4531-b267-b5081b918923 HTTP/1.1" status: 200 len: 1168 time: 0.0478108
2026-07-02 01:35:38.753 9 INFO neutron.api.wsgi [req-53325167-5075-47d4-91ee-976d63594ac8 req-919d5ab4-715b-4d5b-acb0-5bc577396e31 cf7134d6e051449b9f995ab690db73af 96865488369440df96caf7fd5452de6f - - default default] 10.0.0.187 "GET /v2.0/security-groups?id=8705071e-de1f-43dd-acf2-48c4b5d55472&fields=id&fields=name HTTP/1.1" status: 200 len: 313 time: 0.0844808
2026-07-02 01:35:38.764 9 INFO neutron.api.wsgi [-] 10.0.0.211 "GET / HTTP/1.1" status: 200 len: 247 time: 0.0012996
2026-07-02 01:35:38.766 9 INFO neutron.api.wsgi [-] 10.0.0.211 "GET / HTTP/1.1" status: 200 len: 247 time: 0.0010715
2026-07-02 01:35:38.769 10 INFO neutron.db.ovn_revision_numbers_db [None req-46637dc8-214e-4083-bf99-063e9ecc2bdd 4b2a813359364a0396e08867bbfea6f6 a44f28ef83f04e43806b6abf743604e6 - - default default] Successfully bumped revision number for resource 47a8ce88-9a7a-4ee3-bad0-d796d73a98e6 (type: security_groups) to 1
2026-07-02 01:35:38.780 10 INFO neutron.db.ovn_revision_numbers_db [None req-46637dc8-214e-4083-bf99-063e9ecc2bdd 4b2a813359364a0396e08867bbfea6f6 a44f28ef83f04e43806b6abf743604e6 - - default default] Successfully bumped revision number for resource 50bfe82b-b98a-46aa-9cf4-53534c802e72 (type: security_group_rules) to 0
2026-07-02 01:35:38.798 10 INFO neutron.db.ovn_revision_numbers_db [None req-46637dc8-214e-4083-bf99-063e9ecc2bdd 4b2a813359364a0396e08867bbfea6f6 a44f28ef83f04e43806b6abf743604e6 - - default default] Successfully bumped revision number for resource 79312639-a06d-46fc-8eac-ec84474df21e (type: security_group_rules) to 0
2026-07-02 01:35:38.817 9 WARNING neutron.scheduler.dhcp_agent_scheduler [None req-7e0cd27e-2032-4165-90a6-053d7f8f8def 3e01dbd7e1704f9db4666c59b8ae46bc 2c5cb693a75c4cc8bb6350c86fae6bfe - - default default] No more DHCP agents
2026-07-02 01:35:38.820 9 WARNING neutron.api.rpc.agentnotifiers.dhcp_rpc_agent_api [None req-7e0cd27e-2032-4165-90a6-053d7f8f8def 3e01dbd7e1704f9db4666c59b8ae46bc 2c5cb693a75c4cc8bb6350c86fae6bfe - - default default] Unable to schedule network 8a3aa241-3a80-462b-ae7c-6deddaab586d: no agents available; will retry on subsequent port and subnet creation events.
2026-07-02 01:35:38.828 10 INFO neutron.api.wsgi [None req-46637dc8-214e-4083-bf99-063e9ecc2bdd 4b2a813359364a0396e08867bbfea6f6 a44f28ef83f04e43806b6abf743604e6 - - default default] 10.0.0.92 "POST /v2.0/security-groups HTTP/1.1" status: 201 len: 1824 time: 0.5404420
2026-07-02 01:35:38.872 10 INFO neutron.api.wsgi [None req-8b513299-7492-4f52-b19b-c792abea54c5 4b2a813359364a0396e08867bbfea6f6 a44f28ef83f04e43806b6abf743604e6 - - default default] 10.0.0.92 "GET /v2.0/security-groups HTTP/1.1" status: 200 len: 4724 time: 0.0388615
2026-07-02 01:35:38.958 10 INFO neutron.db.ovn_revision_numbers_db [None req-c14af1b5-b987-4295-bfec-1d4264c5aa41 4b2a813359364a0396e08867bbfea6f6 a44f28ef83f04e43806b6abf743604e6 - - default default] Successfully bumped revision number for resource 47a8ce88-9a7a-4ee3-bad0-d796d73a98e6 (type: security_groups) to 2
2026-07-02 01:35:38.961 9 INFO neutron.db.ovn_revision_numbers_db [None req-7e0cd27e-2032-4165-90a6-053d7f8f8def 3e01dbd7e1704f9db4666c59b8ae46bc 2c5cb693a75c4cc8bb6350c86fae6bfe - - default default] Successfully bumped revision number for resource 562c1022-545e-4b98-82d3-489a1cce236f (type: ports) to 1
2026-07-02 01:35:38.984 10 INFO neutron.api.wsgi [None req-c14af1b5-b987-4295-bfec-1d4264c5aa41 4b2a813359364a0396e08867bbfea6f6 a44f28ef83f04e43806b6abf743604e6 - - default default] 10.0.0.92 "PUT /v2.0/security-groups/47a8ce88-9a7a-4ee3-bad0-d796d73a98e6 HTTP/1.1" status: 200 len: 1857 time: 0.1066644
2026-07-02 01:35:39.010 10 INFO neutron.api.wsgi [None req-b8fcdb68-4b22-4722-889a-466c515d26af 4b2a813359364a0396e08867bbfea6f6 a44f28ef83f04e43806b6abf743604e6 - - default default] 10.0.0.92 "GET /v2.0/security-groups/47a8ce88-9a7a-4ee3-bad0-d796d73a98e6 HTTP/1.1" status: 200 len: 1857 time: 0.0194499
2026-07-02 01:35:39.013 9 INFO neutron.db.ovn_revision_numbers_db [None req-831f7feb-3dfb-459c-92cc-88c419244da0 - - - - - -] Successfully bumped revision number for resource 0fda7586-35c0-40c4-9320-f167952ffc4e (type: ports) to 4
2026-07-02 01:35:39.102 10 INFO neutron.api.wsgi [None req-126cd475-db66-4c5a-a6b4-db59eb30dfea 4b2a813359364a0396e08867bbfea6f6 a44f28ef83f04e43806b6abf743604e6 - - default default] 10.0.0.92 "DELETE /v2.0/security-groups/47a8ce88-9a7a-4ee3-bad0-d796d73a98e6 HTTP/1.1" status: 204 len: 168 time: 0.0876422
2026-07-02 01:35:39.138 10 INFO neutron.api.wsgi [None req-6e61cff1-5e46-401a-8e28-ea73a8963b38 4b2a813359364a0396e08867bbfea6f6 a44f28ef83f04e43806b6abf743604e6 - - default default] 10.0.0.92 "GET /v2.0/security-groups HTTP/1.1" status: 200 len: 3120 time: 0.0281336
2026-07-02 01:35:39.151 10 INFO neutron.api.v2.resource [None req-e1740e6f-9cb5-43e8-82bc-5f8837814f01 4b2a813359364a0396e08867bbfea6f6 a44f28ef83f04e43806b6abf743604e6 - - default default] delete failed (client error): The resource could not be found.
2026-07-02 01:35:39.152 10 INFO neutron.api.wsgi [None req-e1740e6f-9cb5-43e8-82bc-5f8837814f01 4b2a813359364a0396e08867bbfea6f6 a44f28ef83f04e43806b6abf743604e6 - - default default] 10.0.0.92 "DELETE /v2.0/security-groups/47a8ce88-9a7a-4ee3-bad0-d796d73a98e6 HTTP/1.1" status: 404 len: 347 time: 0.0094359
2026-07-02 01:35:39.161 10 WARNING neutron_lib.context [None req-092f579b-45f4-489e-a3cb-5bc1914f9059 4b2a813359364a0396e08867bbfea6f6 a44f28ef83f04e43806b6abf743604e6 - - default default] Method 'is_advsvc' is deprecated since 2023.2 release (neutron-lib 3.8.0) and will be removed once support for the old RBAC API policies will be removed from Neutron. Please use method 'is_service_role' instead.
2026-07-02 01:35:39.261 9 INFO neutron.api.wsgi [req-8fad6e9f-560e-4269-a639-04639956a557 req-6387ca7f-910e-48cf-977c-d321b1ad5a96 cf7134d6e051449b9f995ab690db73af 96865488369440df96caf7fd5452de6f - - default default] 199.204.45.242 "GET /v2.0/ports?device_id=b4726e9a-8919-4531-b267-b5081b918923 HTTP/1.1" status: 200 len: 1168 time: 0.0475814
2026-07-02 01:35:39.264 10 INFO neutron.db.ovn_revision_numbers_db [None req-092f579b-45f4-489e-a3cb-5bc1914f9059 4b2a813359364a0396e08867bbfea6f6 a44f28ef83f04e43806b6abf743604e6 - - default default] Successfully bumped revision number for resource 38f681fc-6a28-4ade-88c2-a44f09cf16be (type: security_groups) to 1
2026-07-02 01:35:39.283 10 INFO neutron.db.ovn_revision_numbers_db [None req-092f579b-45f4-489e-a3cb-5bc1914f9059 4b2a813359364a0396e08867bbfea6f6 a44f28ef83f04e43806b6abf743604e6 - - default default] Successfully bumped revision number for resource 878e56dc-6303-4db0-8303-eca6f3a6c8a1 (type: security_group_rules) to 0
2026-07-02 01:35:39.294 10 INFO neutron.db.ovn_revision_numbers_db [None req-092f579b-45f4-489e-a3cb-5bc1914f9059 4b2a813359364a0396e08867bbfea6f6 a44f28ef83f04e43806b6abf743604e6 - - default default] Successfully bumped revision number for resource ee3d2406-1897-40f1-adf2-a88514a123c5 (type: security_group_rules) to 0
2026-07-02 01:35:39.326 10 INFO neutron.api.wsgi [None req-092f579b-45f4-489e-a3cb-5bc1914f9059 4b2a813359364a0396e08867bbfea6f6 a44f28ef83f04e43806b6abf743604e6 - - default default] 10.0.0.92 "POST /v2.0/security-groups HTTP/1.1" status: 201 len: 1824 time: 0.1680455
2026-07-02 01:35:39.334 10 WARNING neutron_lib.context [None req-72b9d377-8648-43b8-9a1f-e373772bc68d 4b2a813359364a0396e08867bbfea6f6 a44f28ef83f04e43806b6abf743604e6 - - default default] Method 'is_advsvc' is deprecated since 2023.2 release (neutron-lib 3.8.0) and will be removed once support for the old RBAC API policies will be removed from Neutron. Please use method 'is_service_role' instead.
