2026-07-02 01:37:03.555 9 INFO neutron.db.ovn_revision_numbers_db [None req-8af217a2-8d3e-4b47-ac04-65be9a8c3e01 - - - - - -] Successfully bumped revision number for resource 27e46d06-0eab-4fe4-90aa-4425f4ee4f6d (type: subnets) to 0
2026-07-02 01:37:03.568 9 INFO neutron.api.wsgi [None req-2ae5cd66-70c2-4373-bcdd-4bac6f6d066c 9d5ae073a4f34df98d3fc9fc5dd47a51 d49c36276e6f4289983eb599d634eaae - - default default] 10.0.0.92 "POST /v2.0/subnets HTTP/1.1" status: 201 len: 825 time: 0.6146560
2026-07-02 01:37:03.576 9 WARNING neutron_lib.context [None req-94610f13-e49c-406a-9072-6c488907dc62 9d5ae073a4f34df98d3fc9fc5dd47a51 d49c36276e6f4289983eb599d634eaae - - default default] Method 'is_advsvc' is deprecated since 2023.2 release (neutron-lib 3.8.0) and will be removed once support for the old RBAC API policies will be removed from Neutron. Please use method 'is_service_role' instead.
2026-07-02 01:37:03.746 9 WARNING neutron.scheduler.dhcp_agent_scheduler [None req-94610f13-e49c-406a-9072-6c488907dc62 9d5ae073a4f34df98d3fc9fc5dd47a51 d49c36276e6f4289983eb599d634eaae - - default default] No more DHCP agents
2026-07-02 01:37:03.747 9 WARNING neutron.api.rpc.agentnotifiers.dhcp_rpc_agent_api [None req-94610f13-e49c-406a-9072-6c488907dc62 9d5ae073a4f34df98d3fc9fc5dd47a51 d49c36276e6f4289983eb599d634eaae - - default default] Unable to schedule network 33a8953b-8c29-4bb5-bcce-b83010e946c8: no agents available; will retry on subsequent port and subnet creation events.
2026-07-02 01:37:03.848 9 INFO neutron.api.wsgi [req-f9d1f26b-2023-49c7-a00c-f26bc24d8cf8 req-d8464945-e905-489c-aecf-c1524cdb4ce1 e05d8e4343fa4c64882a9e3210b2a8af 99ef35ba3be94e3c947e31906be84ed2 - - default default] 10.0.0.187 "GET /v2.0/ports?device_id=334fb0a9-498b-4948-972a-b00908bf4c07 HTTP/1.1" status: 200 len: 1170 time: 0.0987308
2026-07-02 01:37:03.903 9 INFO neutron.api.wsgi [req-f9d1f26b-2023-49c7-a00c-f26bc24d8cf8 req-09c0b001-fa7f-4b5e-a8a3-6665c1aa7cd7 e05d8e4343fa4c64882a9e3210b2a8af 99ef35ba3be94e3c947e31906be84ed2 - - default default] 10.0.0.187 "GET /v2.0/security-groups?id=7846f9c3-696a-4d93-999b-5b08e532819a&fields=id&fields=name HTTP/1.1" status: 200 len: 286 time: 0.0460465
2026-07-02 01:37:04.161 10 INFO neutron.notifiers.nova [-] Nova event matching ['req-58c63598-e944-49d6-bce8-eedeaf125337'] response: {'server_uuid': '334fb0a9-498b-4948-972a-b00908bf4c07', 'name': 'network-vif-plugged', 'status': 'completed', 'tag': 'b1ece9f2-a2ab-4f7f-97d4-30cdc3dd58dd', 'code': 200}
2026-07-02 01:37:04.258 9 INFO neutron.db.ovn_revision_numbers_db [None req-7c126add-7413-447a-8a63-2daa0b1bd234 - - - - - -] Successfully bumped revision number for resource 6aad06e0-bab6-4bb4-a964-73f4bb55743b (type: ports) to 2
2026-07-02 01:37:04.299 9 INFO neutron.db.ovn_revision_numbers_db [None req-7c126add-7413-447a-8a63-2daa0b1bd234 - - - - - -] Successfully bumped revision number for resource 19c81707-4237-49c6-bb14-d63f56d64c93 (type: subnets) to 0
2026-07-02 01:37:04.320 9 INFO neutron.api.wsgi [None req-94610f13-e49c-406a-9072-6c488907dc62 9d5ae073a4f34df98d3fc9fc5dd47a51 d49c36276e6f4289983eb599d634eaae - - default default] 10.0.0.92 "POST /v2.0/subnets HTTP/1.1" status: 201 len: 825 time: 0.7480221
2026-07-02 01:37:04.331 9 WARNING neutron_lib.context [None req-c8a28ca6-e826-4bf1-863e-7c7caa1e6b60 9d5ae073a4f34df98d3fc9fc5dd47a51 d49c36276e6f4289983eb599d634eaae - - default default] Method 'is_advsvc' is deprecated since 2023.2 release (neutron-lib 3.8.0) and will be removed once support for the old RBAC API policies will be removed from Neutron. Please use method 'is_service_role' instead.
2026-07-02 01:37:04.466 9 INFO neutron.db.ovn_revision_numbers_db [None req-c8a28ca6-e826-4bf1-863e-7c7caa1e6b60 9d5ae073a4f34df98d3fc9fc5dd47a51 d49c36276e6f4289983eb599d634eaae - - default default] Successfully bumped revision number for resource e415d0e4-c96a-471f-aa2b-9b14f2334760 (type: routers) to 1
2026-07-02 01:37:04.495 9 INFO neutron.api.wsgi [None req-c8a28ca6-e826-4bf1-863e-7c7caa1e6b60 9d5ae073a4f34df98d3fc9fc5dd47a51 d49c36276e6f4289983eb599d634eaae - - default default] 10.0.0.92 "POST /v2.0/routers HTTP/1.1" status: 201 len: 802 time: 0.1676772 /var/lib/openstack/lib/python3.12/site-packages/pycadf/identifier.py:71: UserWarning: Invalid uuid: neutron. To ensure interoperability, identifiers should be a valid uuid. warnings.warn(('Invalid uuid: %s. To ensure interoperability, '
2026-07-02 01:37:04.936 10 WARNING neutron.scheduler.dhcp_agent_scheduler [None req-02a9af82-31b3-4f16-8fdd-1d1eca3940e7 9d5ae073a4f34df98d3fc9fc5dd47a51 d49c36276e6f4289983eb599d634eaae - - default default] No more DHCP agents
2026-07-02 01:37:04.938 10 WARNING neutron.api.rpc.agentnotifiers.dhcp_rpc_agent_api [None req-02a9af82-31b3-4f16-8fdd-1d1eca3940e7 9d5ae073a4f34df98d3fc9fc5dd47a51 d49c36276e6f4289983eb599d634eaae - - default default] Unable to schedule network 5351a0d1-2b72-44aa-a04b-374f18f41b2b: no agents available; will retry on subsequent port and subnet creation events.
2026-07-02 01:37:05.083 10 INFO neutron.db.ovn_revision_numbers_db [None req-02a9af82-31b3-4f16-8fdd-1d1eca3940e7 9d5ae073a4f34df98d3fc9fc5dd47a51 d49c36276e6f4289983eb599d634eaae - - default default] Successfully bumped revision number for resource a692b37c-40f6-4aec-93ae-bf988d2f4bdb (type: ports) to 1
2026-07-02 01:37:05.304 9 INFO neutron.api.wsgi [req-bdd318de-d0d1-4a54-b3d1-195e51dd3811 req-35e72eae-6be7-4d7b-af4a-eec7a135c265 e05d8e4343fa4c64882a9e3210b2a8af 99ef35ba3be94e3c947e31906be84ed2 - - default default] 10.0.0.187 "GET /v2.0/ports?device_id=334fb0a9-498b-4948-972a-b00908bf4c07 HTTP/1.1" status: 200 len: 1170 time: 0.0415039
2026-07-02 01:37:05.314 9 WARNING neutron_lib.context [None req-f561cfc2-56ff-4199-85db-38be331e7c4c 30fcebe9a4c5470b8d0f4bd336e40966 a49769f4181d491cbd41aaf2b4e54fc7 - - default default] Method 'is_advsvc' is deprecated since 2023.2 release (neutron-lib 3.8.0) and will be removed once support for the old RBAC API policies will be removed from Neutron. Please use method 'is_service_role' instead.
2026-07-02 01:37:05.352 9 INFO neutron.api.wsgi [req-bdd318de-d0d1-4a54-b3d1-195e51dd3811 req-d2de136b-62a8-48c7-ae87-3363ff726da0 e05d8e4343fa4c64882a9e3210b2a8af 99ef35ba3be94e3c947e31906be84ed2 - - default default] 10.0.0.187 "GET /v2.0/security-groups?id=7846f9c3-696a-4d93-999b-5b08e532819a&fields=id&fields=name HTTP/1.1" status: 200 len: 286 time: 0.0443697
2026-07-02 01:37:05.465 9 INFO neutron.db.ovn_revision_numbers_db [None req-f561cfc2-56ff-4199-85db-38be331e7c4c 30fcebe9a4c5470b8d0f4bd336e40966 a49769f4181d491cbd41aaf2b4e54fc7 - - default default] Successfully bumped revision number for resource 95ad192b-3a71-4ec3-94b5-9884ee126c5b (type: security_groups) to 1
2026-07-02 01:37:05.479 9 INFO neutron.db.ovn_revision_numbers_db [None req-f561cfc2-56ff-4199-85db-38be331e7c4c 30fcebe9a4c5470b8d0f4bd336e40966 a49769f4181d491cbd41aaf2b4e54fc7 - - default default] Successfully bumped revision number for resource 266aa64b-1464-49f4-83b1-76c42a65ec50 (type: security_group_rules) to 0
2026-07-02 01:37:05.492 9 INFO neutron.db.ovn_revision_numbers_db [None req-f561cfc2-56ff-4199-85db-38be331e7c4c 30fcebe9a4c5470b8d0f4bd336e40966 a49769f4181d491cbd41aaf2b4e54fc7 - - default default] Successfully bumped revision number for resource 2702ba92-a00b-4dcf-abba-a8bb1da1bdb5 (type: security_group_rules) to 0
2026-07-02 01:37:05.507 9 INFO neutron.db.ovn_revision_numbers_db [None req-f561cfc2-56ff-4199-85db-38be331e7c4c 30fcebe9a4c5470b8d0f4bd336e40966 a49769f4181d491cbd41aaf2b4e54fc7 - - default default] Successfully bumped revision number for resource 3839bf5e-c545-4a12-9bd4-d25707da4313 (type: security_group_rules) to 0
2026-07-02 01:37:05.520 9 INFO neutron.db.ovn_revision_numbers_db [None req-f561cfc2-56ff-4199-85db-38be331e7c4c 30fcebe9a4c5470b8d0f4bd336e40966 a49769f4181d491cbd41aaf2b4e54fc7 - - default default] Successfully bumped revision number for resource 9229396d-c546-4b48-bdab-6635d3f3cacc (type: security_group_rules) to 0
2026-07-02 01:37:05.565 9 INFO neutron.plugins.ml2.drivers.ovn.mech_driver.mech_driver [None req-9ce2af62-7028-4149-96c6-f0e3d84700c2 - - - - - -] OVN reports status up for port: a692b37c-40f6-4aec-93ae-bf988d2f4bdb
2026-07-02 01:37:05.572 9 INFO neutron.plugins.ml2.plugin [None req-9ce2af62-7028-4149-96c6-f0e3d84700c2 - - - - - -] Attempt 1 to provision port a692b37c-40f6-4aec-93ae-bf988d2f4bdb
2026-07-02 01:37:05.588 10 INFO neutron.db.ovn_revision_numbers_db [None req-02a9af82-31b3-4f16-8fdd-1d1eca3940e7 9d5ae073a4f34df98d3fc9fc5dd47a51 d49c36276e6f4289983eb599d634eaae - - default default] Successfully bumped revision number for resource a692b37c-40f6-4aec-93ae-bf988d2f4bdb (type: ports) to 1
2026-07-02 01:37:05.595 9 INFO neutron.db.segments_db [None req-f561cfc2-56ff-4199-85db-38be331e7c4c 30fcebe9a4c5470b8d0f4bd336e40966 a49769f4181d491cbd41aaf2b4e54fc7 - - default default] Added segment 505769f6-e618-4443-ab12-a2ba70a1f554 of type geneve for network b4c96696-6528-4d53-8189-c8dea8f173ec
2026-07-02 01:37:05.635 10 WARNING neutron.scheduler.dhcp_agent_scheduler [None req-02a9af82-31b3-4f16-8fdd-1d1eca3940e7 9d5ae073a4f34df98d3fc9fc5dd47a51 d49c36276e6f4289983eb599d634eaae - - default default] No more DHCP agents
2026-07-02 01:37:05.636 10 WARNING neutron.api.rpc.agentnotifiers.dhcp_rpc_agent_api [None req-02a9af82-31b3-4f16-8fdd-1d1eca3940e7 9d5ae073a4f34df98d3fc9fc5dd47a51 d49c36276e6f4289983eb599d634eaae - - default default] Unable to schedule network 5351a0d1-2b72-44aa-a04b-374f18f41b2b: no agents available; will retry on subsequent port and subnet creation events.
2026-07-02 01:37:05.719 9 INFO neutron.db.ovn_revision_numbers_db [None req-f561cfc2-56ff-4199-85db-38be331e7c4c 30fcebe9a4c5470b8d0f4bd336e40966 a49769f4181d491cbd41aaf2b4e54fc7 - - default default] Successfully bumped revision number for resource b4c96696-6528-4d53-8189-c8dea8f173ec (type: networks) to 1
2026-07-02 01:37:05.775 10 INFO neutron.plugins.ml2.drivers.ovn.mech_driver.mech_driver [None req-3180e690-e88c-4f01-a4e4-717cea079edc - - - - - -] OVN reports status down for port: b1ece9f2-a2ab-4f7f-97d4-30cdc3dd58dd
2026-07-02 01:37:05.832 10 INFO neutron.db.ovn_revision_numbers_db [None req-02a9af82-31b3-4f16-8fdd-1d1eca3940e7 9d5ae073a4f34df98d3fc9fc5dd47a51 d49c36276e6f4289983eb599d634eaae - - default default] Successfully bumped revision number for resource a692b37c-40f6-4aec-93ae-bf988d2f4bdb (type: router_ports) to 1
2026-07-02 01:37:05.839 10 INFO neutron.api.wsgi [None req-02a9af82-31b3-4f16-8fdd-1d1eca3940e7 9d5ae073a4f34df98d3fc9fc5dd47a51 d49c36276e6f4289983eb599d634eaae - - default default] 10.0.0.92 "PUT /v2.0/routers/e415d0e4-c96a-471f-aa2b-9b14f2334760/add_router_interface HTTP/1.1" status: 200 len: 503 time: 1.3381715
2026-07-02 01:37:05.950 10 INFO neutron.api.wsgi [None req-4dc77475-b1ab-4e96-a9b5-a742a433d846 9d5ae073a4f34df98d3fc9fc5dd47a51 d49c36276e6f4289983eb599d634eaae - - default default] 10.0.0.92 "GET /v2.0/ports/a692b37c-40f6-4aec-93ae-bf988d2f4bdb HTTP/1.1" status: 200 len: 1137 time: 0.1063409
2026-07-02 01:37:06.113 10 INFO neutron.db.ovn_revision_numbers_db [None req-3180e690-e88c-4f01-a4e4-717cea079edc - - - - - -] Successfully bumped revision number for resource b1ece9f2-a2ab-4f7f-97d4-30cdc3dd58dd (type: ports) to 6
2026-07-02 01:37:06.138 9 WARNING neutron.scheduler.dhcp_agent_scheduler [None req-f561cfc2-56ff-4199-85db-38be331e7c4c 30fcebe9a4c5470b8d0f4bd336e40966 a49769f4181d491cbd41aaf2b4e54fc7 - - default default] No more DHCP agents
2026-07-02 01:37:06.141 9 WARNING neutron.api.rpc.agentnotifiers.dhcp_rpc_agent_api [None req-f561cfc2-56ff-4199-85db-38be331e7c4c 30fcebe9a4c5470b8d0f4bd336e40966 a49769f4181d491cbd41aaf2b4e54fc7 - - default default] Unable to schedule network b4c96696-6528-4d53-8189-c8dea8f173ec: no agents available; will retry on subsequent port and subnet creation events.
2026-07-02 01:37:06.192 10 INFO neutron.notifiers.nova [-] Nova event matching ['req-68ed3aa4-82e3-4aea-9127-2ed9dd146d0a'] response: {'server_uuid': '334fb0a9-498b-4948-972a-b00908bf4c07', 'name': 'network-vif-unplugged', 'status': 'completed', 'tag': 'b1ece9f2-a2ab-4f7f-97d4-30cdc3dd58dd', 'code': 200}
2026-07-02 01:37:06.218 9 INFO neutron.db.ovn_revision_numbers_db [None req-9ce2af62-7028-4149-96c6-f0e3d84700c2 - - - - - -] Successfully bumped revision number for resource a692b37c-40f6-4aec-93ae-bf988d2f4bdb (type: ports) to 2
2026-07-02 01:37:06.233 9 INFO neutron.db.ovn_revision_numbers_db [None req-f561cfc2-56ff-4199-85db-38be331e7c4c 30fcebe9a4c5470b8d0f4bd336e40966 a49769f4181d491cbd41aaf2b4e54fc7 - - default default] Successfully bumped revision number for resource 3f702613-7f1a-4cb8-b815-4b9147c9f0a0 (type: ports) to 1
2026-07-02 01:37:06.256 9 INFO neutron.api.wsgi [None req-f561cfc2-56ff-4199-85db-38be331e7c4c 30fcebe9a4c5470b8d0f4bd336e40966 a49769f4181d491cbd41aaf2b4e54fc7 - - default default] 10.0.0.92 "POST /v2.0/networks HTTP/1.1" status: 201 len: 830 time: 1.1091261
2026-07-02 01:37:06.267 9 WARNING neutron_lib.context [None req-409a3b67-7c9e-4151-b99c-5667604e873f 30fcebe9a4c5470b8d0f4bd336e40966 a49769f4181d491cbd41aaf2b4e54fc7 - - default default] Method 'is_advsvc' is deprecated since 2023.2 release (neutron-lib 3.8.0) and will be removed once support for the old RBAC API policies will be removed from Neutron. Please use method 'is_service_role' instead.
2026-07-02 01:37:06.360 9 INFO neutron.db.segments_db [None req-409a3b67-7c9e-4151-b99c-5667604e873f 30fcebe9a4c5470b8d0f4bd336e40966 a49769f4181d491cbd41aaf2b4e54fc7 - - default default] Added segment f38ca1fb-e088-44a8-832a-5827d90d99a6 of type geneve for network fd0cea75-c1ab-4673-86fe-2bd16a15f479
2026-07-02 01:37:06.464 9 INFO neutron.api.wsgi [req-504f75fd-a365-4614-9750-35cbc4b19cd0 req-fe0925b3-e5c5-4f33-9139-8c3dd3533846 e05d8e4343fa4c64882a9e3210b2a8af 99ef35ba3be94e3c947e31906be84ed2 - - default default] 10.0.0.187 "GET /v2.0/ports?device_id=334fb0a9-498b-4948-972a-b00908bf4c07 HTTP/1.1" status: 200 len: 1168 time: 0.0430822
2026-07-02 01:37:06.506 9 INFO neutron.api.wsgi [req-504f75fd-a365-4614-9750-35cbc4b19cd0 req-4520e290-155e-4641-bb91-3054b91b8ac3 e05d8e4343fa4c64882a9e3210b2a8af 99ef35ba3be94e3c947e31906be84ed2 - - default default] 10.0.0.187 "GET /v2.0/security-groups?id=7846f9c3-696a-4d93-999b-5b08e532819a&fields=id&fields=name HTTP/1.1" status: 200 len: 286 time: 0.0336115
2026-07-02 01:37:06.515 9 INFO neutron.db.ovn_revision_numbers_db [None req-409a3b67-7c9e-4151-b99c-5667604e873f 30fcebe9a4c5470b8d0f4bd336e40966 a49769f4181d491cbd41aaf2b4e54fc7 - - default default] Successfully bumped revision number for resource fd0cea75-c1ab-4673-86fe-2bd16a15f479 (type: networks) to 1
2026-07-02 01:37:06.669 9 WARNING neutron.scheduler.dhcp_agent_scheduler [None req-409a3b67-7c9e-4151-b99c-5667604e873f 30fcebe9a4c5470b8d0f4bd336e40966 a49769f4181d491cbd41aaf2b4e54fc7 - - default default] No more DHCP agents
2026-07-02 01:37:06.669 9 WARNING neutron.api.rpc.agentnotifiers.dhcp_rpc_agent_api [None req-409a3b67-7c9e-4151-b99c-5667604e873f 30fcebe9a4c5470b8d0f4bd336e40966 a49769f4181d491cbd41aaf2b4e54fc7 - - default default] Unable to schedule network fd0cea75-c1ab-4673-86fe-2bd16a15f479: no agents available; will retry on subsequent port and subnet creation events.
2026-07-02 01:37:06.726 9 INFO neutron.db.ovn_revision_numbers_db [None req-409a3b67-7c9e-4151-b99c-5667604e873f 30fcebe9a4c5470b8d0f4bd336e40966 a49769f4181d491cbd41aaf2b4e54fc7 - - default default] Successfully bumped revision number for resource ce7a151e-91fd-4a5a-9ad9-47bfd79eeb13 (type: ports) to 1
2026-07-02 01:37:06.735 10 WARNING neutron.scheduler.dhcp_agent_scheduler [None req-e7598816-9d35-467c-8102-42b94063dbef 9d5ae073a4f34df98d3fc9fc5dd47a51 d49c36276e6f4289983eb599d634eaae - - default default] No more DHCP agents
2026-07-02 01:37:06.736 10 WARNING neutron.api.rpc.agentnotifiers.dhcp_rpc_agent_api [None req-e7598816-9d35-467c-8102-42b94063dbef 9d5ae073a4f34df98d3fc9fc5dd47a51 d49c36276e6f4289983eb599d634eaae - - default default] Unable to schedule network 33a8953b-8c29-4bb5-bcce-b83010e946c8: no agents available; will retry on subsequent port and subnet creation events.
2026-07-02 01:37:06.745 9 INFO neutron.api.wsgi [None req-409a3b67-7c9e-4151-b99c-5667604e873f 30fcebe9a4c5470b8d0f4bd336e40966 a49769f4181d491cbd41aaf2b4e54fc7 - - default default] 10.0.0.92 "POST /v2.0/networks HTTP/1.1" status: 201 len: 831 time: 0.4824264
2026-07-02 01:37:06.782 9 INFO neutron.api.wsgi [None req-cebc4892-9083-4a50-bb17-ede0da070cf1 30fcebe9a4c5470b8d0f4bd336e40966 a49769f4181d491cbd41aaf2b4e54fc7 - - default default] 10.0.0.92 "PUT /v2.0/networks/b4c96696-6528-4d53-8189-c8dea8f173ec/tags HTTP/1.1" status: 200 len: 218 time: 0.0306976
2026-07-02 01:37:06.815 9 INFO neutron.api.wsgi [None req-04eedb70-f85a-4c6c-93f7-7282a5b46514 30fcebe9a4c5470b8d0f4bd336e40966 a49769f4181d491cbd41aaf2b4e54fc7 - - default default] 10.0.0.92 "GET /v2.0/networks/b4c96696-6528-4d53-8189-c8dea8f173ec/tags HTTP/1.1" status: 200 len: 218 time: 0.0280743 /var/lib/openstack/lib/python3.12/site-packages/pycadf/identifier.py:71: UserWarning: Invalid uuid: neutron. To ensure interoperability, identifiers should be a valid uuid. warnings.warn(('Invalid uuid: %s. To ensure interoperability, '
2026-07-02 01:37:06.857 10 INFO neutron.api.wsgi [None req-edecc49b-df31-4427-a7f2-657c465be9f3 30fcebe9a4c5470b8d0f4bd336e40966 a49769f4181d491cbd41aaf2b4e54fc7 - - default default] 10.0.0.92 "PUT /v2.0/networks/fd0cea75-c1ab-4673-86fe-2bd16a15f479/tags HTTP/1.1" status: 200 len: 210 time: 0.0374627
2026-07-02 01:37:06.870 10 INFO neutron.db.ovn_revision_numbers_db [None req-e7598816-9d35-467c-8102-42b94063dbef 9d5ae073a4f34df98d3fc9fc5dd47a51 d49c36276e6f4289983eb599d634eaae - - default default] Successfully bumped revision number for resource 7b67f760-969e-4023-9593-393b9fc81fa6 (type: ports) to 1
2026-07-02 01:37:06.911 10 INFO neutron.api.wsgi [None req-4790830b-0e53-4917-8504-7c1f441b24e3 30fcebe9a4c5470b8d0f4bd336e40966 a49769f4181d491cbd41aaf2b4e54fc7 - - default default] 10.0.0.92 "GET /v2.0/networks/fd0cea75-c1ab-4673-86fe-2bd16a15f479/tags HTTP/1.1" status: 200 len: 210 time: 0.0486355
2026-07-02 01:37:06.971 10 INFO neutron.api.wsgi [None req-e5eef7a0-354f-42e3-b268-1eca4194911d 30fcebe9a4c5470b8d0f4bd336e40966 a49769f4181d491cbd41aaf2b4e54fc7 - - default default] 10.0.0.92 "PUT /v2.0/networks/fd0cea75-c1ab-4673-86fe-2bd16a15f479/tags HTTP/1.1" status: 200 len: 205 time: 0.0520065
2026-07-02 01:37:07.016 10 INFO neutron.api.wsgi [None req-d29c836b-65b9-4409-9c03-52c9ba3bf7f9 30fcebe9a4c5470b8d0f4bd336e40966 a49769f4181d491cbd41aaf2b4e54fc7 - - default default] 10.0.0.92 "GET /v2.0/networks/fd0cea75-c1ab-4673-86fe-2bd16a15f479/tags HTTP/1.1" status: 200 len: 205 time: 0.0389922
2026-07-02 01:37:07.049 9 INFO neutron.api.wsgi [req-4a0944d5-8443-477c-9a27-db5c5444d5e2 req-1cf8c8e2-8405-460b-b138-8b250a89bc86 e05d8e4343fa4c64882a9e3210b2a8af 99ef35ba3be94e3c947e31906be84ed2 - - default default] 199.204.45.242 "GET /v2.0/ports?device_id=334fb0a9-498b-4948-972a-b00908bf4c07 HTTP/1.1" status: 200 len: 1168 time: 0.0349085
2026-07-02 01:37:07.057 9 INFO neutron.api.wsgi [None req-b5a28f90-5b7b-438c-bd37-b77b852fc893 30fcebe9a4c5470b8d0f4bd336e40966 a49769f4181d491cbd41aaf2b4e54fc7 - - default default] 10.0.0.92 "GET /v2.0/networks/b4c96696-6528-4d53-8189-c8dea8f173ec/tags HTTP/1.1" status: 200 len: 218 time: 0.0329955
2026-07-02 01:37:07.336 9 INFO neutron.api.wsgi [req-4a0944d5-8443-477c-9a27-db5c5444d5e2 req-2046953a-a5c6-4f38-8532-91d9f1c18d12 e05d8e4343fa4c64882a9e3210b2a8af 99ef35ba3be94e3c947e31906be84ed2 - - default default] 199.204.45.242 "DELETE /v2.0/ports/b1ece9f2-a2ab-4f7f-97d4-30cdc3dd58dd HTTP/1.1" status: 204 len: 173 time: 0.2842236
2026-07-02 01:37:07.365 9 INFO neutron.notifiers.nova [-] Nova event matching ['req-62375280-7b62-4594-8b2d-be6a46da5be1'] response: {'server_uuid': '334fb0a9-498b-4948-972a-b00908bf4c07', 'name': 'network-vif-deleted', 'tag': 'b1ece9f2-a2ab-4f7f-97d4-30cdc3dd58dd', 'status': 'completed', 'code': 200}
2026-07-02 01:37:07.428 9 INFO neutron.services.segments.plugin [-] Segment 505769f6-e618-4443-ab12-a2ba70a1f554 resource provider aggregate not found
2026-07-02 01:37:07.432 9 INFO neutron.services.segments.plugin [-] Segment 505769f6-e618-4443-ab12-a2ba70a1f554 resource provider aggregate not found
2026-07-02 01:37:07.449 9 INFO neutron.services.segments.plugin [-] Segment 505769f6-e618-4443-ab12-a2ba70a1f554 resource provider not found; error: Placement Client Error (4xx): {"errors": [{"status": 404, "title": "Not Found", "detail": "The resource could not be found.\n\n No resource provider with uuid 505769f6-e618-4443-ab12-a2ba70a1f554 found for delete ", "request_id": "req-a1f74f7e-185a-489b-9c8a-87c9043170c2"}]}
2026-07-02 01:37:07.452 9 INFO neutron.services.segments.plugin [-] Segment 505769f6-e618-4443-ab12-a2ba70a1f554 resource provider not found; error: Placement Client Error (4xx): {"errors": [{"status": 404, "title": "Not Found", "detail": "The resource could not be found.\n\n No resource provider with uuid 505769f6-e618-4443-ab12-a2ba70a1f554 found for delete ", "request_id": "req-1d258249-8c0c-41d5-9a6a-33e473ffc09b"}]}
2026-07-02 01:37:07.479 9 INFO neutron.api.wsgi [None req-6d13548d-70fc-4825-a9bb-4b0587856f3a 30fcebe9a4c5470b8d0f4bd336e40966 a49769f4181d491cbd41aaf2b4e54fc7 - - default default] 10.0.0.92 "DELETE /v2.0/networks/b4c96696-6528-4d53-8189-c8dea8f173ec HTTP/1.1" status: 204 len: 168 time: 0.4097068
2026-07-02 01:37:07.507 10 INFO neutron.plugins.ml2.drivers.ovn.mech_driver.mech_driver [None req-512d96ed-0c71-4c1b-b98c-902c56f11b6e - - - - - -] OVN reports status up for port: 7b67f760-969e-4023-9593-393b9fc81fa6
2026-07-02 01:37:07.518 10 INFO neutron.plugins.ml2.plugin [None req-512d96ed-0c71-4c1b-b98c-902c56f11b6e - - - - - -] Attempt 1 to provision port 7b67f760-969e-4023-9593-393b9fc81fa6
2026-07-02 01:37:07.537 10 INFO neutron.db.ovn_revision_numbers_db [None req-e7598816-9d35-467c-8102-42b94063dbef 9d5ae073a4f34df98d3fc9fc5dd47a51 d49c36276e6f4289983eb599d634eaae - - default default] Successfully bumped revision number for resource 7b67f760-969e-4023-9593-393b9fc81fa6 (type: ports) to 1
2026-07-02 01:37:07.588 9 INFO neutron.api.wsgi [req-feb0bdbd-4ca1-4cb0-abfb-e1ab80c1765d req-bc2242ff-c0a0-4bfc-ba96-7793d1dc27c8 e05d8e4343fa4c64882a9e3210b2a8af 99ef35ba3be94e3c947e31906be84ed2 - - default default] 10.0.0.187 "GET /v2.0/ports?device_id=334fb0a9-498b-4948-972a-b00908bf4c07 HTTP/1.1" status: 200 len: 210 time: 0.0192401
2026-07-02 01:37:07.596 10 WARNING neutron.scheduler.dhcp_agent_scheduler [None req-e7598816-9d35-467c-8102-42b94063dbef 9d5ae073a4f34df98d3fc9fc5dd47a51 d49c36276e6f4289983eb599d634eaae - - default default] No more DHCP agents
2026-07-02 01:37:07.598 10 WARNING neutron.api.rpc.agentnotifiers.dhcp_rpc_agent_api [None req-e7598816-9d35-467c-8102-42b94063dbef 9d5ae073a4f34df98d3fc9fc5dd47a51 d49c36276e6f4289983eb599d634eaae - - default default] Unable to schedule network 33a8953b-8c29-4bb5-bcce-b83010e946c8: no agents available; will retry on subsequent port and subnet creation events.
2026-07-02 01:37:07.808 9 INFO neutron.api.wsgi [None req-e9fed68b-53bb-45af-a830-dd298bb4f683 30fcebe9a4c5470b8d0f4bd336e40966 a49769f4181d491cbd41aaf2b4e54fc7 - - default default] 10.0.0.92 "DELETE /v2.0/networks/fd0cea75-c1ab-4673-86fe-2bd16a15f479 HTTP/1.1" status: 204 len: 168 time: 0.3216531
2026-07-02 01:37:07.833 10 INFO neutron.db.ovn_revision_numbers_db [None req-e7598816-9d35-467c-8102-42b94063dbef 9d5ae073a4f34df98d3fc9fc5dd47a51 d49c36276e6f4289983eb599d634eaae - - default default] Successfully bumped revision number for resource 7b67f760-969e-4023-9593-393b9fc81fa6 (type: router_ports) to 1
2026-07-02 01:37:07.837 10 INFO neutron.api.wsgi [None req-e7598816-9d35-467c-8102-42b94063dbef 9d5ae073a4f34df98d3fc9fc5dd47a51 d49c36276e6f4289983eb599d634eaae - - default default] 10.0.0.92 "PUT /v2.0/routers/e415d0e4-c96a-471f-aa2b-9b14f2334760/add_router_interface HTTP/1.1" status: 200 len: 503 time: 1.8823221
2026-07-02 01:37:07.875 9 INFO neutron.api.wsgi [None req-5f9c1601-ad55-43fc-b50a-e1cfef6b114d 9d5ae073a4f34df98d3fc9fc5dd47a51 d49c36276e6f4289983eb599d634eaae - - default default] 10.0.0.92 "GET /v2.0/ports/7b67f760-969e-4023-9593-393b9fc81fa6 HTTP/1.1" status: 200 len: 1137 time: 0.0322795
2026-07-02 01:37:07.931 10 INFO neutron.db.ovn_revision_numbers_db [None req-512d96ed-0c71-4c1b-b98c-902c56f11b6e - - - - - -] Successfully bumped revision number for resource 7b67f760-969e-4023-9593-393b9fc81fa6 (type: ports) to 2
2026-07-02 01:37:07.946 10 INFO neutron.api.wsgi [None req-522888b2-02b7-483d-8d3f-d6c2e9a1b900 9d5ae073a4f34df98d3fc9fc5dd47a51 d49c36276e6f4289983eb599d634eaae - - default default] 10.0.0.92 "GET /v2.0/ports/7b67f760-969e-4023-9593-393b9fc81fa6 HTTP/1.1" status: 200 len: 1137 time: 0.0646577
2026-07-02 01:37:08.224 10 INFO neutron.notifiers.nova [-] Nova event matching ['req-a698bd42-9a61-4c52-a6e2-1700925f3790'] response: {'server_uuid': '334fb0a9-498b-4948-972a-b00908bf4c07', 'name': 'network-vif-unplugged', 'status': 'completed', 'tag': 'b1ece9f2-a2ab-4f7f-97d4-30cdc3dd58dd', 'code': 200}
2026-07-02 01:37:08.506 9 INFO neutron.api.wsgi [None req-6fbb5faa-2079-45e9-98a4-c963935bc2d1 9d5ae073a4f34df98d3fc9fc5dd47a51 d49c36276e6f4289983eb599d634eaae - - default default] 10.0.0.92 "PUT /v2.0/routers/e415d0e4-c96a-471f-aa2b-9b14f2334760/remove_router_interface HTTP/1.1" status: 200 len: 503 time: 0.5533097 /var/lib/openstack/lib/python3.12/site-packages/pycadf/identifier.py:71: UserWarning: Invalid uuid: neutron. To ensure interoperability, identifiers should be a valid uuid. warnings.warn(('Invalid uuid: %s. To ensure interoperability, '
2026-07-02 01:37:08.602 9 INFO neutron.api.wsgi [None req-38b000fc-39d5-4f30-bcf4-471a612a3e52 9d5ae073a4f34df98d3fc9fc5dd47a51 d49c36276e6f4289983eb599d634eaae - - default default] 10.0.0.92 "GET /v2.0/ports/a692b37c-40f6-4aec-93ae-bf988d2f4bdb HTTP/1.1" status: 200 len: 1137 time: 0.0910413
2026-07-02 01:37:08.682 9 INFO neutron.api.wsgi [req-b25c7fc7-41a6-4fbb-9681-de8ca930de3d req-2e2d44f0-1933-49c0-b725-fb0c0987ab07 e05d8e4343fa4c64882a9e3210b2a8af 99ef35ba3be94e3c947e31906be84ed2 - - default default] 10.0.0.187 "GET /v2.0/ports?device_id=334fb0a9-498b-4948-972a-b00908bf4c07 HTTP/1.1" status: 200 len: 210 time: 0.0233068
2026-07-02 01:37:08.764 9 INFO neutron.api.wsgi [-] 10.0.0.211 "GET / HTTP/1.1" status: 200 len: 247 time: 0.0016398
2026-07-02 01:37:08.766 10 INFO neutron.api.wsgi [-] 10.0.0.211 "GET / HTTP/1.1" status: 200 len: 247 time: 0.0017784
2026-07-02 01:37:08.880 10 INFO neutron.db.ovn_revision_numbers_db [None req-b14ae1e4-5757-457e-8a15-237be779d107 3e01dbd7e1704f9db4666c59b8ae46bc 2c5cb693a75c4cc8bb6350c86fae6bfe - - default default] Successfully bumped revision number for resource 8408f431-3efe-40a5-b7c4-a3fc95f89156 (type: security_groups) to 1
2026-07-02 01:37:08.891 10 INFO neutron.db.ovn_revision_numbers_db [None req-b14ae1e4-5757-457e-8a15-237be779d107 3e01dbd7e1704f9db4666c59b8ae46bc 2c5cb693a75c4cc8bb6350c86fae6bfe - - default default] Successfully bumped revision number for resource 6b166879-3355-4859-b93c-66724f2d42ec (type: security_group_rules) to 0
2026-07-02 01:37:08.904 10 INFO neutron.db.ovn_revision_numbers_db [None req-b14ae1e4-5757-457e-8a15-237be779d107 3e01dbd7e1704f9db4666c59b8ae46bc 2c5cb693a75c4cc8bb6350c86fae6bfe - - default default] Successfully bumped revision number for resource a8fe800f-6585-490d-a16c-10db04fb448a (type: security_group_rules) to 0
2026-07-02 01:37:08.916 10 INFO neutron.db.ovn_revision_numbers_db [None req-b14ae1e4-5757-457e-8a15-237be779d107 3e01dbd7e1704f9db4666c59b8ae46bc 2c5cb693a75c4cc8bb6350c86fae6bfe - - default default] Successfully bumped revision number for resource fb320049-76bd-4fef-aa82-84082d4cd891 (type: security_group_rules) to 0
2026-07-02 01:37:08.927 10 INFO neutron.db.ovn_revision_numbers_db [None req-b14ae1e4-5757-457e-8a15-237be779d107 3e01dbd7e1704f9db4666c59b8ae46bc 2c5cb693a75c4cc8bb6350c86fae6bfe - - default default] Successfully bumped revision number for resource fd5853b4-0eda-4f51-9c86-713e7c11b3c4 (type: security_group_rules) to 0
2026-07-02 01:37:08.959 10 INFO neutron.api.wsgi [None req-b14ae1e4-5757-457e-8a15-237be779d107 3e01dbd7e1704f9db4666c59b8ae46bc 2c5cb693a75c4cc8bb6350c86fae6bfe - - default default] 10.0.0.92 "GET /v2.0/security-groups?tenant_id=1633eb8998be4c5cbe5a1b3e76abc226&name=default HTTP/1.1" status: 200 len: 3120 time: 0.4360495
2026-07-02 01:37:09.080 10 INFO neutron.db.ovn_revision_numbers_db [None req-a070bc05-bca9-4cb6-b77c-8d73f9259f6c 3e01dbd7e1704f9db4666c59b8ae46bc 2c5cb693a75c4cc8bb6350c86fae6bfe - - default default] Successfully bumped revision number for resource 695da70b-b769-4f0c-af18-acfd0d92ddc4 (type: security_groups) to 1
2026-07-02 01:37:09.092 10 INFO neutron.db.ovn_revision_numbers_db [None req-a070bc05-bca9-4cb6-b77c-8d73f9259f6c 3e01dbd7e1704f9db4666c59b8ae46bc 2c5cb693a75c4cc8bb6350c86fae6bfe - - default default] Successfully bumped revision number for resource 57763c80-ec64-40f3-a9ba-07562cfd30cd (type: security_group_rules) to 0
2026-07-02 01:37:09.106 10 INFO neutron.db.ovn_revision_numbers_db [None req-a070bc05-bca9-4cb6-b77c-8d73f9259f6c 3e01dbd7e1704f9db4666c59b8ae46bc 2c5cb693a75c4cc8bb6350c86fae6bfe - - default default] Successfully bumped revision number for resource 831888a8-1475-4781-8332-acee049c24b9 (type: security_group_rules) to 0
2026-07-02 01:37:09.117 10 INFO neutron.db.ovn_revision_numbers_db [None req-a070bc05-bca9-4cb6-b77c-8d73f9259f6c 3e01dbd7e1704f9db4666c59b8ae46bc 2c5cb693a75c4cc8bb6350c86fae6bfe - - default default] Successfully bumped revision number for resource b4568e7e-7c5f-4141-9d2b-8e9c524a246b (type: security_group_rules) to 0
2026-07-02 01:37:09.130 10 INFO neutron.db.ovn_revision_numbers_db [None req-a070bc05-bca9-4cb6-b77c-8d73f9259f6c 3e01dbd7e1704f9db4666c59b8ae46bc 2c5cb693a75c4cc8bb6350c86fae6bfe - - default default] Successfully bumped revision number for resource ff38ce0b-4339-448a-bbc5-d4f70cf54bc7 (type: security_group_rules) to 0
2026-07-02 01:37:09.166 10 INFO neutron.api.wsgi [None req-a070bc05-bca9-4cb6-b77c-8d73f9259f6c 3e01dbd7e1704f9db4666c59b8ae46bc 2c5cb693a75c4cc8bb6350c86fae6bfe - - default default] 10.0.0.92 "GET /v2.0/security-groups?tenant_id=827f619f894040769cc3accd8904543c&name=default HTTP/1.1" status: 200 len: 3120 time: 0.3064611
2026-07-02 01:37:09.239 9 INFO neutron.api.wsgi [None req-8fa99973-6762-4381-9f93-e36fffef2f60 9d5ae073a4f34df98d3fc9fc5dd47a51 d49c36276e6f4289983eb599d634eaae - - default default] 10.0.0.92 "PUT /v2.0/routers/e415d0e4-c96a-471f-aa2b-9b14f2334760/remove_router_interface HTTP/1.1" status: 200 len: 503 time: 0.6316845 /var/lib/openstack/lib/python3.12/site-packages/pycadf/identifier.py:71: UserWarning: Invalid uuid: neutron. To ensure interoperability, identifiers should be a valid uuid. warnings.warn(('Invalid uuid: %s. To ensure interoperability, '
2026-07-02 01:37:09.260 9 INFO neutron.api.wsgi [None req-2fda1af3-8482-4a60-91be-37896293714b 3e01dbd7e1704f9db4666c59b8ae46bc 2c5cb693a75c4cc8bb6350c86fae6bfe - - default default] 10.0.0.92 "DELETE /v2.0/security-groups/8408f431-3efe-40a5-b7c4-a3fc95f89156 HTTP/1.1" status: 204 len: 168 time: 0.2945659
2026-07-02 01:37:09.261 9 INFO neutron.api.wsgi [None req-096a6d79-4e7c-4769-8c0a-5e4041d67225 9d5ae073a4f34df98d3fc9fc5dd47a51 d49c36276e6f4289983eb599d634eaae - - default default] 10.0.0.92 "GET /v2.0/ports?device_id=e415d0e4-c96a-471f-aa2b-9b14f2334760 HTTP/1.1" status: 200 len: 205 time: 0.0172780
2026-07-02 01:37:09.384 10 INFO neutron.api.wsgi [None req-ce4da36c-f6ac-42a3-b8fe-528513ce5e54 3e01dbd7e1704f9db4666c59b8ae46bc 2c5cb693a75c4cc8bb6350c86fae6bfe - - default default] 10.0.0.92 "DELETE /v2.0/security-groups/695da70b-b769-4f0c-af18-acfd0d92ddc4 HTTP/1.1" status: 204 len: 168 time: 0.2129560
2026-07-02 01:37:09.387 10 INFO neutron.api.wsgi [None req-3346b202-2eb0-41fa-84a9-e1297fd42e80 3e01dbd7e1704f9db4666c59b8ae46bc 2c5cb693a75c4cc8bb6350c86fae6bfe - - default default] 10.0.0.92 "GET /v2.0/security-groups?tenant_id=a49769f4181d491cbd41aaf2b4e54fc7&name=default HTTP/1.1" status: 200 len: 3120 time: 0.0370207
2026-07-02 01:37:09.463 9 INFO neutron.api.wsgi [None req-b52dbef7-582e-43a3-9528-ae9237ca6d3b 9d5ae073a4f34df98d3fc9fc5dd47a51 d49c36276e6f4289983eb599d634eaae - - default default] 10.0.0.92 "DELETE /v2.0/routers/e415d0e4-c96a-471f-aa2b-9b14f2334760 HTTP/1.1" status: 204 len: 168 time: 0.1957517
2026-07-02 01:37:09.475 9 INFO neutron.services.segments.plugin [-] Segment f38ca1fb-e088-44a8-832a-5827d90d99a6 resource provider aggregate not found
2026-07-02 01:37:09.480 9 INFO neutron.services.segments.plugin [-] Segment f38ca1fb-e088-44a8-832a-5827d90d99a6 resource provider aggregate not found
2026-07-02 01:37:09.489 9 INFO neutron.services.segments.plugin [-] Segment f38ca1fb-e088-44a8-832a-5827d90d99a6 resource provider not found; error: Placement Client Error (4xx): {"errors": [{"status": 404, "title": "Not Found", "detail": "The resource could not be found.\n\n No resource provider with uuid f38ca1fb-e088-44a8-832a-5827d90d99a6 found for delete ", "request_id": "req-bd337685-b0e0-43b5-b40a-44e396867632"}]}
2026-07-02 01:37:09.511 9 INFO neutron.services.segments.plugin [-] Segment f38ca1fb-e088-44a8-832a-5827d90d99a6 resource provider not found; error: Placement Client Error (4xx): {"errors": [{"status": 404, "title": "Not Found", "detail": "The resource could not be found.\n\n No resource provider with uuid f38ca1fb-e088-44a8-832a-5827d90d99a6 found for delete ", "request_id": "req-a892c897-8cae-4727-9773-d694a4fedb70"}]}
2026-07-02 01:37:09.640 10 INFO neutron.api.wsgi [None req-17c09c29-bc14-462f-9164-43d3cebed053 3e01dbd7e1704f9db4666c59b8ae46bc 2c5cb693a75c4cc8bb6350c86fae6bfe - - default default] 10.0.0.92 "DELETE /v2.0/security-groups/95ad192b-3a71-4ec3-94b5-9884ee126c5b HTTP/1.1" status: 204 len: 168 time: 0.2497239
2026-07-02 01:37:09.657 10 INFO neutron.api.wsgi [None req-2e30f281-8a6f-4718-9fc3-cd78d7697bfb 9d5ae073a4f34df98d3fc9fc5dd47a51 d49c36276e6f4289983eb599d634eaae - - default default] 10.0.0.92 "DELETE /v2.0/subnets/19c81707-4237-49c6-bb14-d63f56d64c93 HTTP/1.1" status: 204 len: 168 time: 0.1879129
2026-07-02 01:37:09.776 9 INFO neutron.api.wsgi [req-c3fb3051-0993-4497-9f31-9c81d18e43e8 req-93c6ff7f-6bf7-4cc8-8171-329f02ec8304 e05d8e4343fa4c64882a9e3210b2a8af 99ef35ba3be94e3c947e31906be84ed2 - - default default] 10.0.0.187 "GET /v2.0/ports?device_id=334fb0a9-498b-4948-972a-b00908bf4c07 HTTP/1.1" status: 200 len: 210 time: 0.0188947
2026-07-02 01:37:09.798 10 INFO neutron.api.wsgi [None req-a22400e6-cb80-470a-8c1e-8170804ba7d5 9d5ae073a4f34df98d3fc9fc5dd47a51 d49c36276e6f4289983eb599d634eaae - - default default] 10.0.0.92 "DELETE /v2.0/subnets/27e46d06-0eab-4fe4-90aa-4425f4ee4f6d HTTP/1.1" status: 204 len: 168 time: 0.1368151
2026-07-02 01:37:10.066 10 INFO neutron.services.segments.plugin [-] Segment 01d51450-ea19-40af-b4fe-19c80e2106bc resource provider aggregate not found
2026-07-02 01:37:10.070 10 INFO neutron.services.segments.plugin [-] Segment 01d51450-ea19-40af-b4fe-19c80e2106bc resource provider aggregate not found
2026-07-02 01:37:10.080 10 INFO neutron.services.segments.plugin [-] Segment 01d51450-ea19-40af-b4fe-19c80e2106bc resource provider not found; error: Placement Client Error (4xx): {"errors": [{"status": 404, "title": "Not Found", "detail": "The resource could not be found.\n\n No resource provider with uuid 01d51450-ea19-40af-b4fe-19c80e2106bc found for delete ", "request_id": "req-ccd8894c-dc0e-4eec-a2ae-e945071d0443"}]}
2026-07-02 01:37:10.082 10 INFO neutron.services.segments.plugin [-] Segment 01d51450-ea19-40af-b4fe-19c80e2106bc resource provider not found; error: Placement Client Error (4xx): {"errors": [{"status": 404, "title": "Not Found", "detail": "The resource could not be found.\n\n No resource provider with uuid 01d51450-ea19-40af-b4fe-19c80e2106bc found for delete ", "request_id": "req-1c3d4c3d-8042-457e-8580-489150f95838"}]}
2026-07-02 01:37:10.093 10 INFO neutron.api.wsgi [None req-c65ff061-35d0-488e-820a-6bbaa75b625a 9d5ae073a4f34df98d3fc9fc5dd47a51 d49c36276e6f4289983eb599d634eaae - - default default] 10.0.0.92 "DELETE /v2.0/networks/33a8953b-8c29-4bb5-bcce-b83010e946c8 HTTP/1.1" status: 204 len: 168 time: 0.2897778
2026-07-02 01:37:10.399 10 INFO neutron.api.wsgi [None req-f982902e-5a55-4500-8afd-b7d6acf6da80 9d5ae073a4f34df98d3fc9fc5dd47a51 d49c36276e6f4289983eb599d634eaae - - default default] 10.0.0.92 "DELETE /v2.0/networks/5351a0d1-2b72-44aa-a04b-374f18f41b2b HTTP/1.1" status: 204 len: 168 time: 0.3007250
2026-07-02 01:37:10.413 10 WARNING neutron_lib.context [None req-c0cbf3c9-1a42-4ee2-a2e0-b05620d156d7 9d5ae073a4f34df98d3fc9fc5dd47a51 d49c36276e6f4289983eb599d634eaae - - default default] Method 'is_advsvc' is deprecated since 2023.2 release (neutron-lib 3.8.0) and will be removed once support for the old RBAC API policies will be removed from Neutron. Please use method 'is_service_role' instead.
2026-07-02 01:37:10.499 10 INFO neutron.db.segments_db [None req-c0cbf3c9-1a42-4ee2-a2e0-b05620d156d7 9d5ae073a4f34df98d3fc9fc5dd47a51 d49c36276e6f4289983eb599d634eaae - - default default] Added segment 2dcd9ad8-9f2f-4443-a268-5d8287c745e2 of type geneve for network 566ed280-7e98-4e62-9bbd-0384ebf6232c
2026-07-02 01:37:10.615 10 INFO neutron.db.ovn_revision_numbers_db [None req-c0cbf3c9-1a42-4ee2-a2e0-b05620d156d7 9d5ae073a4f34df98d3fc9fc5dd47a51 d49c36276e6f4289983eb599d634eaae - - default default] Successfully bumped revision number for resource 566ed280-7e98-4e62-9bbd-0384ebf6232c (type: networks) to 1
2026-07-02 01:37:10.767 10 WARNING neutron.scheduler.dhcp_agent_scheduler [None req-c0cbf3c9-1a42-4ee2-a2e0-b05620d156d7 9d5ae073a4f34df98d3fc9fc5dd47a51 d49c36276e6f4289983eb599d634eaae - - default default] No more DHCP agents
2026-07-02 01:37:10.768 10 WARNING neutron.api.rpc.agentnotifiers.dhcp_rpc_agent_api [None req-c0cbf3c9-1a42-4ee2-a2e0-b05620d156d7 9d5ae073a4f34df98d3fc9fc5dd47a51 d49c36276e6f4289983eb599d634eaae - - default default] Unable to schedule network 566ed280-7e98-4e62-9bbd-0384ebf6232c: no agents available; will retry on subsequent port and subnet creation events.
2026-07-02 01:37:10.821 10 INFO neutron.db.ovn_revision_numbers_db [None req-c0cbf3c9-1a42-4ee2-a2e0-b05620d156d7 9d5ae073a4f34df98d3fc9fc5dd47a51 d49c36276e6f4289983eb599d634eaae - - default default] Successfully bumped revision number for resource 09cf1a1c-fed7-4560-8797-55a7046c8f80 (type: ports) to 1
2026-07-02 01:37:10.851 10 INFO neutron.api.wsgi [None req-c0cbf3c9-1a42-4ee2-a2e0-b05620d156d7 9d5ae073a4f34df98d3fc9fc5dd47a51 d49c36276e6f4289983eb599d634eaae - - default default] 10.0.0.92 "POST /v2.0/networks HTTP/1.1" status: 201 len: 829 time: 0.4437802
2026-07-02 01:37:10.860 10 WARNING neutron_lib.context [None req-a7c250f4-4ec7-4a7c-9cc4-f20f77da0778 9d5ae073a4f34df98d3fc9fc5dd47a51 d49c36276e6f4289983eb599d634eaae - - default default] Method 'is_advsvc' is deprecated since 2023.2 release (neutron-lib 3.8.0) and will be removed once support for the old RBAC API policies will be removed from Neutron. Please use method 'is_service_role' instead.
2026-07-02 01:37:11.051 10 WARNING neutron.scheduler.dhcp_agent_scheduler [None req-a7c250f4-4ec7-4a7c-9cc4-f20f77da0778 9d5ae073a4f34df98d3fc9fc5dd47a51 d49c36276e6f4289983eb599d634eaae - - default default] No more DHCP agents
2026-07-02 01:37:11.051 10 WARNING neutron.api.rpc.agentnotifiers.dhcp_rpc_agent_api [None req-a7c250f4-4ec7-4a7c-9cc4-f20f77da0778 9d5ae073a4f34df98d3fc9fc5dd47a51 d49c36276e6f4289983eb599d634eaae - - default default] Unable to schedule network 566ed280-7e98-4e62-9bbd-0384ebf6232c: no agents available; will retry on subsequent port and subnet creation events.
2026-07-02 01:37:11.344 10 INFO neutron.db.ovn_revision_numbers_db [None req-81fb8691-519f-4cff-8c66-4fd50c540057 3e01dbd7e1704f9db4666c59b8ae46bc 2c5cb693a75c4cc8bb6350c86fae6bfe - - default default] Successfully bumped revision number for resource 1f115ad7-6816-44c1-ac1d-1034d9f6586c (type: security_groups) to 1
2026-07-02 01:37:11.359 10 INFO neutron.db.ovn_revision_numbers_db [None req-81fb8691-519f-4cff-8c66-4fd50c540057 3e01dbd7e1704f9db4666c59b8ae46bc 2c5cb693a75c4cc8bb6350c86fae6bfe - - default default] Successfully bumped revision number for resource 46f2059c-7d22-4590-946f-82e2e11d26e4 (type: security_group_rules) to 0
2026-07-02 01:37:11.379 10 INFO neutron.db.ovn_revision_numbers_db [None req-81fb8691-519f-4cff-8c66-4fd50c540057 3e01dbd7e1704f9db4666c59b8ae46bc 2c5cb693a75c4cc8bb6350c86fae6bfe - - default default] Successfully bumped revision number for resource 5940337e-dcbe-47cf-abd0-f406ffd753ee (type: security_group_rules) to 0
2026-07-02 01:37:11.397 10 INFO neutron.db.ovn_revision_numbers_db [None req-81fb8691-519f-4cff-8c66-4fd50c540057 3e01dbd7e1704f9db4666c59b8ae46bc 2c5cb693a75c4cc8bb6350c86fae6bfe - - default default] Successfully bumped revision number for resource 7eebc578-c8b0-4226-a178-7ebefc83d765 (type: security_group_rules) to 0
2026-07-02 01:37:11.416 10 INFO neutron.db.ovn_revision_numbers_db [None req-81fb8691-519f-4cff-8c66-4fd50c540057 3e01dbd7e1704f9db4666c59b8ae46bc 2c5cb693a75c4cc8bb6350c86fae6bfe - - default default] Successfully bumped revision number for resource d295b055-671a-4b28-a449-689b9df02b5c (type: security_group_rules) to 0
2026-07-02 01:37:11.505 10 INFO neutron.db.segments_db [None req-81fb8691-519f-4cff-8c66-4fd50c540057 3e01dbd7e1704f9db4666c59b8ae46bc 2c5cb693a75c4cc8bb6350c86fae6bfe - - default default] Added segment f7d94818-97e9-4188-b239-83a8bae0815e of type geneve for network 2a2e5b0a-a810-4498-b3df-ac4501a22053
2026-07-02 01:37:11.506 10 INFO neutron.db.ovn_revision_numbers_db [None req-01831aa4-4ef5-40dd-9eda-9a2d6c7ed83c - - - - - -] Successfully bumped revision number for resource 09cf1a1c-fed7-4560-8797-55a7046c8f80 (type: ports) to 2
2026-07-02 01:37:11.544 10 INFO neutron.db.ovn_revision_numbers_db [None req-01831aa4-4ef5-40dd-9eda-9a2d6c7ed83c - - - - - -] Successfully bumped revision number for resource 23d02048-2c84-4397-be7d-134ae1765e3e (type: subnets) to 0
2026-07-02 01:37:11.562 10 INFO neutron.api.wsgi [None req-a7c250f4-4ec7-4a7c-9cc4-f20f77da0778 9d5ae073a4f34df98d3fc9fc5dd47a51 d49c36276e6f4289983eb599d634eaae - - default default] 10.0.0.92 "POST /v2.0/subnets HTTP/1.1" status: 201 len: 825 time: 0.7051163
2026-07-02 01:37:11.573 10 WARNING neutron_lib.context [None req-0438d809-2873-4598-8c9d-8a90ce56704f 9d5ae073a4f34df98d3fc9fc5dd47a51 d49c36276e6f4289983eb599d634eaae - - default default] Method 'is_advsvc' is deprecated since 2023.2 release (neutron-lib 3.8.0) and will be removed once support for the old RBAC API policies will be removed from Neutron. Please use method 'is_service_role' instead.
2026-07-02 01:37:11.634 10 INFO neutron.db.ovn_revision_numbers_db [None req-81fb8691-519f-4cff-8c66-4fd50c540057 3e01dbd7e1704f9db4666c59b8ae46bc 2c5cb693a75c4cc8bb6350c86fae6bfe - - default default] Successfully bumped revision number for resource 2a2e5b0a-a810-4498-b3df-ac4501a22053 (type: networks) to 1
2026-07-02 01:37:11.677 10 INFO neutron.db.ovn_revision_numbers_db [None req-0438d809-2873-4598-8c9d-8a90ce56704f 9d5ae073a4f34df98d3fc9fc5dd47a51 d49c36276e6f4289983eb599d634eaae - - default default] Successfully bumped revision number for resource f2fbd101-193c-486b-a475-1ac70e5166d3 (type: routers) to 1
2026-07-02 01:37:11.692 10 INFO neutron.api.wsgi [None req-0438d809-2873-4598-8c9d-8a90ce56704f 9d5ae073a4f34df98d3fc9fc5dd47a51 d49c36276e6f4289983eb599d634eaae - - default default] 10.0.0.92 "POST /v2.0/routers HTTP/1.1" status: 201 len: 801 time: 0.1258852
2026-07-02 01:37:11.703 9 WARNING neutron_lib.context [None req-e973faef-9a4b-4b1b-960e-2828c14f9fe4 9d5ae073a4f34df98d3fc9fc5dd47a51 d49c36276e6f4289983eb599d634eaae - - default default] Method 'is_advsvc' is deprecated since 2023.2 release (neutron-lib 3.8.0) and will be removed once support for the old RBAC API policies will be removed from Neutron. Please use method 'is_service_role' instead.
2026-07-02 01:37:11.738 9 WARNING neutron.plugins.ml2.drivers.ovn.mech_driver.ovsdb.ovn_client [None req-8d70d8bb-d3b9-43c6-8c3d-be4f863fb260 - - - - - -] No port found with ID a692b37c-40f6-4aec-93ae-bf988d2f4bdb: RuntimeError: No port found with ID a692b37c-40f6-4aec-93ae-bf988d2f4bdb
2026-07-02 01:37:11.783 10 WARNING neutron.scheduler.dhcp_agent_scheduler [None req-81fb8691-519f-4cff-8c66-4fd50c540057 3e01dbd7e1704f9db4666c59b8ae46bc 2c5cb693a75c4cc8bb6350c86fae6bfe - - default default] No more DHCP agents
2026-07-02 01:37:11.784 10 WARNING neutron.api.rpc.agentnotifiers.dhcp_rpc_agent_api [None req-81fb8691-519f-4cff-8c66-4fd50c540057 3e01dbd7e1704f9db4666c59b8ae46bc 2c5cb693a75c4cc8bb6350c86fae6bfe - - default default] Unable to schedule network 2a2e5b0a-a810-4498-b3df-ac4501a22053: no agents available; will retry on subsequent port and subnet creation events.
2026-07-02 01:37:11.847 10 INFO neutron.db.ovn_revision_numbers_db [None req-81fb8691-519f-4cff-8c66-4fd50c540057 3e01dbd7e1704f9db4666c59b8ae46bc 2c5cb693a75c4cc8bb6350c86fae6bfe - - default default] Successfully bumped revision number for resource b016bedb-82fd-4dd6-9476-dad578d77cb2 (type: ports) to 1
2026-07-02 01:37:11.867 10 INFO neutron.api.wsgi [None req-81fb8691-519f-4cff-8c66-4fd50c540057 3e01dbd7e1704f9db4666c59b8ae46bc 2c5cb693a75c4cc8bb6350c86fae6bfe - - default default] 10.0.0.92 "POST /v2.0/networks HTTP/1.1" status: 201 len: 942 time: 0.8233821 /var/lib/openstack/lib/python3.12/site-packages/pycadf/identifier.py:71: UserWarning: Invalid uuid: neutron. To ensure interoperability, identifiers should be a valid uuid. warnings.warn(('Invalid uuid: %s. To ensure interoperability, '
2026-07-02 01:37:12.008 9 WARNING neutron.scheduler.dhcp_agent_scheduler [None req-e973faef-9a4b-4b1b-960e-2828c14f9fe4 9d5ae073a4f34df98d3fc9fc5dd47a51 d49c36276e6f4289983eb599d634eaae - - default default] No more DHCP agents
2026-07-02 01:37:12.010 9 WARNING neutron.api.rpc.agentnotifiers.dhcp_rpc_agent_api [None req-e973faef-9a4b-4b1b-960e-2828c14f9fe4 9d5ae073a4f34df98d3fc9fc5dd47a51 d49c36276e6f4289983eb599d634eaae - - default default] Unable to schedule network 566ed280-7e98-4e62-9bbd-0384ebf6232c: no agents available; will retry on subsequent port and subnet creation events.
2026-07-02 01:37:12.012 10 WARNING neutron.scheduler.dhcp_agent_scheduler [None req-8ae2b98c-88f0-415e-9308-a399a941553f 3e01dbd7e1704f9db4666c59b8ae46bc 2c5cb693a75c4cc8bb6350c86fae6bfe - - default default] No more DHCP agents
2026-07-02 01:37:12.014 10 WARNING neutron.api.rpc.agentnotifiers.dhcp_rpc_agent_api [None req-8ae2b98c-88f0-415e-9308-a399a941553f 3e01dbd7e1704f9db4666c59b8ae46bc 2c5cb693a75c4cc8bb6350c86fae6bfe - - default default] Unable to schedule network 2a2e5b0a-a810-4498-b3df-ac4501a22053: no agents available; will retry on subsequent port and subnet creation events.
2026-07-02 01:37:12.100 10 INFO neutron.services.segments.plugin [-] Segment a08161be-4811-4ae3-aae2-e7efe9d9fc8a resource provider aggregate not found
2026-07-02 01:37:12.103 10 INFO neutron.services.segments.plugin [-] Segment a08161be-4811-4ae3-aae2-e7efe9d9fc8a resource provider aggregate not found
2026-07-02 01:37:12.116 10 INFO neutron.services.segments.plugin [-] Segment a08161be-4811-4ae3-aae2-e7efe9d9fc8a resource provider not found; error: Placement Client Error (4xx): {"errors": [{"status": 404, "title": "Not Found", "detail": "The resource could not be found.\n\n No resource provider with uuid a08161be-4811-4ae3-aae2-e7efe9d9fc8a found for delete ", "request_id": "req-dda22adf-22f0-47c8-ba60-7c0365ad358c"}]}
2026-07-02 01:37:12.120 10 INFO neutron.services.segments.plugin [-] Segment a08161be-4811-4ae3-aae2-e7efe9d9fc8a resource provider not found; error: Placement Client Error (4xx): {"errors": [{"status": 404, "title": "Not Found", "detail": "The resource could not be found.\n\n No resource provider with uuid a08161be-4811-4ae3-aae2-e7efe9d9fc8a found for delete ", "request_id": "req-c18eea5a-9567-442a-bfb9-2ce2453716f7"}]}
2026-07-02 01:37:12.151 9 INFO neutron.db.ovn_revision_numbers_db [None req-e973faef-9a4b-4b1b-960e-2828c14f9fe4 9d5ae073a4f34df98d3fc9fc5dd47a51 d49c36276e6f4289983eb599d634eaae - - default default] Successfully bumped revision number for resource 2069fcac-86ca-49e7-8714-f7aae369fde1 (type: ports) to 1
2026-07-02 01:37:12.183 9 INFO neutron.api.wsgi [None req-e973faef-9a4b-4b1b-960e-2828c14f9fe4 9d5ae073a4f34df98d3fc9fc5dd47a51 d49c36276e6f4289983eb599d634eaae - - default default] 10.0.0.92 "POST /v2.0/ports HTTP/1.1" status: 201 len: 1146 time: 0.4850256
2026-07-02 01:37:12.517 10 INFO neutron.db.ovn_revision_numbers_db [None req-9c9fa404-6dc1-44d2-8def-96534349a30a - - - - - -] Successfully bumped revision number for resource b016bedb-82fd-4dd6-9476-dad578d77cb2 (type: ports) to 2
2026-07-02 01:37:12.553 10 INFO neutron.db.ovn_revision_numbers_db [None req-9c9fa404-6dc1-44d2-8def-96534349a30a - - - - - -] Successfully bumped revision number for resource 5eed83e6-bc13-4049-bb7f-d8b0b3849f80 (type: subnets) to 0
2026-07-02 01:37:12.567 10 INFO neutron.api.wsgi [None req-8ae2b98c-88f0-415e-9308-a399a941553f 3e01dbd7e1704f9db4666c59b8ae46bc 2c5cb693a75c4cc8bb6350c86fae6bfe - - default default] 10.0.0.92 "POST /v2.0/subnets HTTP/1.1" status: 201 len: 886 time: 0.6942737 /var/lib/openstack/lib/python3.12/site-packages/pycadf/identifier.py:71: UserWarning: Invalid uuid: neutron. To ensure interoperability, identifiers should be a valid uuid. warnings.warn(('Invalid uuid: %s. To ensure interoperability, '
2026-07-02 01:37:12.631 9 INFO neutron.plugins.ml2.drivers.ovn.mech_driver.mech_driver [None req-8d70d8bb-d3b9-43c6-8c3d-be4f863fb260 - - - - - -] OVN reports status up for port: 2069fcac-86ca-49e7-8714-f7aae369fde1
