2026-07-02 01:35:52.341 10 INFO neutron.db.ovn_revision_numbers_db [None req-6062b65b-acf2-401d-a1e1-7f8be6d3c746 - - - - - -] Successfully bumped revision number for resource 7078a8b5-d616-4a58-b152-a3ffa96f2a07 (type: ports) to 8
2026-07-02 01:35:52.444 9 INFO neutron.db.ovn_revision_numbers_db [None req-8310a757-61f2-4926-b64e-f2f40e2d081f 3e01dbd7e1704f9db4666c59b8ae46bc 2c5cb693a75c4cc8bb6350c86fae6bfe - - default default] Successfully bumped revision number for resource 46f4e8a1-c440-435d-86f0-869b7a30fa87 (type: security_groups) to 1
2026-07-02 01:35:52.460 10 INFO neutron.plugins.ml2.drivers.ovn.mech_driver.mech_driver [None req-16ba5ee9-b1f6-4b7e-8739-593bbeab1d63 - - - - - -] OVN reports status up for port: 25cda6bb-a8cb-4102-8706-0f92142b10ec
2026-07-02 01:35:52.460 9 INFO neutron.db.ovn_revision_numbers_db [None req-8310a757-61f2-4926-b64e-f2f40e2d081f 3e01dbd7e1704f9db4666c59b8ae46bc 2c5cb693a75c4cc8bb6350c86fae6bfe - - default default] Successfully bumped revision number for resource 1f18056f-ce21-46ba-b1bf-30e87b5b651a (type: security_group_rules) to 0
2026-07-02 01:35:52.474 9 INFO neutron.db.ovn_revision_numbers_db [None req-8310a757-61f2-4926-b64e-f2f40e2d081f 3e01dbd7e1704f9db4666c59b8ae46bc 2c5cb693a75c4cc8bb6350c86fae6bfe - - default default] Successfully bumped revision number for resource 7828d4d9-bb78-44b2-b70c-1721c1aeea02 (type: security_group_rules) to 0
2026-07-02 01:35:52.481 10 INFO neutron.plugins.ml2.plugin [None req-16ba5ee9-b1f6-4b7e-8739-593bbeab1d63 - - - - - -] Attempt 1 to provision port 25cda6bb-a8cb-4102-8706-0f92142b10ec
2026-07-02 01:35:52.494 9 INFO neutron.db.ovn_revision_numbers_db [None req-8310a757-61f2-4926-b64e-f2f40e2d081f 3e01dbd7e1704f9db4666c59b8ae46bc 2c5cb693a75c4cc8bb6350c86fae6bfe - - default default] Successfully bumped revision number for resource 9a88bc83-027b-421f-84fe-fa475729c676 (type: security_group_rules) to 0
2026-07-02 01:35:52.512 9 INFO neutron.db.ovn_revision_numbers_db [None req-8310a757-61f2-4926-b64e-f2f40e2d081f 3e01dbd7e1704f9db4666c59b8ae46bc 2c5cb693a75c4cc8bb6350c86fae6bfe - - default default] Successfully bumped revision number for resource a2f529ed-1fb2-4f28-9303-bac1c24d9dad (type: security_group_rules) to 0
2026-07-02 01:35:52.554 9 INFO neutron.api.wsgi [None req-8310a757-61f2-4926-b64e-f2f40e2d081f 3e01dbd7e1704f9db4666c59b8ae46bc 2c5cb693a75c4cc8bb6350c86fae6bfe - - default default] 10.0.0.92 "GET /v2.0/security-groups?tenant_id=d1dca4442cdc4a8d88089d9de9d968ef&name=default HTTP/1.1" status: 200 len: 3120 time: 0.3958759 /var/lib/openstack/lib/python3.12/site-packages/pycadf/identifier.py:71: UserWarning: Invalid uuid: neutron. To ensure interoperability, identifiers should be a valid uuid. warnings.warn(('Invalid uuid: %s. To ensure interoperability, '
2026-07-02 01:35:52.717 9 INFO neutron.api.wsgi [req-99e85d57-3704-4e06-bc67-a23d5b52092d req-7a3b9194-dea5-445d-889f-e9a8762b4f49 1ea5077b914f41d9b88298a9539444c3 277cefd55d974879bcef3ae326eccc90 - - default default] 10.0.0.187 "GET /v2.0/ports?device_id=58ab803b-5095-4d31-b613-cb5569094fa6 HTTP/1.1" status: 200 len: 1172 time: 0.0444291
2026-07-02 01:35:52.755 10 INFO neutron.db.ovn_revision_numbers_db [None req-16ba5ee9-b1f6-4b7e-8739-593bbeab1d63 - - - - - -] Successfully bumped revision number for resource 25cda6bb-a8cb-4102-8706-0f92142b10ec (type: ports) to 5
2026-07-02 01:35:52.773 9 INFO neutron.api.wsgi [req-99e85d57-3704-4e06-bc67-a23d5b52092d req-f7683c13-2c54-4032-a237-17c532de8610 1ea5077b914f41d9b88298a9539444c3 277cefd55d974879bcef3ae326eccc90 - - default default] 10.0.0.187 "GET /v2.0/security-groups?id=3b90bdf4-b8dc-44de-bafc-4d30f3fbeab4&fields=id&fields=name HTTP/1.1" status: 200 len: 312 time: 0.0474923
2026-07-02 01:35:52.811 10 INFO neutron.api.wsgi [None req-8b882498-7456-40c1-bf15-cfceab7975d5 3e01dbd7e1704f9db4666c59b8ae46bc 2c5cb693a75c4cc8bb6350c86fae6bfe - - default default] 10.0.0.92 "DELETE /v2.0/security-groups/46f4e8a1-c440-435d-86f0-869b7a30fa87 HTTP/1.1" status: 204 len: 168 time: 0.2514975
2026-07-02 01:35:53.155 9 INFO neutron.api.wsgi [req-0efb23d0-5c06-4292-8bf7-d451baf5da12 req-40d77626-5a10-4482-8188-f8c2362047e9 8c458e04aebd4515ad50c8b3cfe50ab6 dfe2ba0542954bb7b6a77919cbddd0fe - - default default] 10.0.0.187 "GET /v2.0/ports?device_id=e8bbf200-ecf7-4e48-98e1-1304dd4bf926 HTTP/1.1" status: 200 len: 1170 time: 0.0310824
2026-07-02 01:35:53.201 9 INFO neutron.api.wsgi [req-0efb23d0-5c06-4292-8bf7-d451baf5da12 req-92dd0e51-3a69-425b-8435-039f7bda1c55 8c458e04aebd4515ad50c8b3cfe50ab6 dfe2ba0542954bb7b6a77919cbddd0fe - - default default] 10.0.0.187 "GET /v2.0/security-groups?id=2db45344-9f06-4f08-ad4d-b5d5de9e0d58&fields=id&fields=name HTTP/1.1" status: 200 len: 312 time: 0.0411291
2026-07-02 01:35:53.323 9 INFO neutron.api.wsgi [req-08952439-bcf7-447c-b98e-30bb26ae0b0d req-1e57c293-f559-4f48-a859-16707c96a7c1 1ea5077b914f41d9b88298a9539444c3 277cefd55d974879bcef3ae326eccc90 - - default default] 199.204.45.242 "GET /v2.0/ports?device_id=58ab803b-5095-4d31-b613-cb5569094fa6 HTTP/1.1" status: 200 len: 1172 time: 0.0428805
2026-07-02 01:35:53.688 9 INFO neutron.db.l3_db [req-08952439-bcf7-447c-b98e-30bb26ae0b0d req-bd3c9dd6-83ac-4689-a5ef-20a4d6ff18f4 1ea5077b914f41d9b88298a9539444c3 277cefd55d974879bcef3ae326eccc90 - - default default] Floating IP 712dfbb7-ab22-466f-81d6-f16decb64c20 disassociated. External IP: 10.96.250.208, port: 7078a8b5-d616-4a58-b152-a3ffa96f2a07.
2026-07-02 01:35:53.765 10 INFO neutron.api.wsgi [-] 10.0.0.211 "GET / HTTP/1.1" status: 200 len: 247 time: 0.0031865
2026-07-02 01:35:53.768 10 INFO neutron.api.wsgi [-] 10.0.0.211 "GET / HTTP/1.1" status: 200 len: 247 time: 0.0022545
2026-07-02 01:35:53.808 9 INFO neutron.api.wsgi [req-08952439-bcf7-447c-b98e-30bb26ae0b0d req-bd3c9dd6-83ac-4689-a5ef-20a4d6ff18f4 1ea5077b914f41d9b88298a9539444c3 277cefd55d974879bcef3ae326eccc90 - - default default] 199.204.45.242 "DELETE /v2.0/ports/7078a8b5-d616-4a58-b152-a3ffa96f2a07 HTTP/1.1" status: 204 len: 173 time: 0.4802992
2026-07-02 01:35:53.842 9 INFO neutron.notifiers.nova [-] Nova event matching ['req-9bebc0b3-3821-492d-92bd-e892b5b8cd4a'] response: {'server_uuid': '58ab803b-5095-4d31-b613-cb5569094fa6', 'name': 'network-vif-deleted', 'tag': '7078a8b5-d616-4a58-b152-a3ffa96f2a07', 'status': 'completed', 'code': 200} /var/lib/openstack/lib/python3.12/site-packages/pycadf/identifier.py:71: UserWarning: Invalid uuid: neutron. To ensure interoperability, identifiers should be a valid uuid. warnings.warn(('Invalid uuid: %s. To ensure interoperability, '
2026-07-02 01:35:53.861 9 INFO neutron.api.wsgi [req-5e5493a5-cbe7-4a22-9c48-69a46c41e923 req-50d26a41-103d-4a0f-8147-1fdec3d78b6d 1ea5077b914f41d9b88298a9539444c3 277cefd55d974879bcef3ae326eccc90 - - default default] 10.0.0.187 "GET /v2.0/ports?device_id=58ab803b-5095-4d31-b613-cb5569094fa6 HTTP/1.1" status: 200 len: 210 time: 0.0207369
2026-07-02 01:35:54.264 10 INFO neutron.notifiers.nova [-] Nova event matching ['req-863b820f-7953-41f5-94b4-859a153bae9a'] response: {'server_uuid': '58ab803b-5095-4d31-b613-cb5569094fa6', 'name': 'network-vif-unplugged', 'status': 'completed', 'tag': '7078a8b5-d616-4a58-b152-a3ffa96f2a07', 'code': 200}
2026-07-02 01:35:54.265 10 INFO neutron.notifiers.nova [-] Nova event matching ['req-863b820f-7953-41f5-94b4-859a153bae9a'] response: {'server_uuid': 'e8bbf200-ecf7-4e48-98e1-1304dd4bf926', 'name': 'network-vif-plugged', 'status': 'completed', 'tag': '25cda6bb-a8cb-4102-8706-0f92142b10ec', 'code': 200}
2026-07-02 01:35:54.265 10 INFO neutron.notifiers.nova [-] Nova event matching ['req-863b820f-7953-41f5-94b4-859a153bae9a'] response: {'server_uuid': 'e8bbf200-ecf7-4e48-98e1-1304dd4bf926', 'name': 'network-vif-plugged', 'status': 'completed', 'tag': '25cda6bb-a8cb-4102-8706-0f92142b10ec', 'code': 200}
2026-07-02 01:35:54.374 9 INFO neutron.api.wsgi [req-1ecb4f58-dfaa-4138-853e-050c92ebf113 req-af8280a4-dd10-4ed8-b04f-f6fde88ff044 8c458e04aebd4515ad50c8b3cfe50ab6 dfe2ba0542954bb7b6a77919cbddd0fe - - default default] 10.0.0.187 "GET /v2.0/ports?device_id=e8bbf200-ecf7-4e48-98e1-1304dd4bf926 HTTP/1.1" status: 200 len: 1170 time: 0.1107068
2026-07-02 01:35:54.416 9 INFO neutron.api.wsgi [req-1ecb4f58-dfaa-4138-853e-050c92ebf113 req-a8a0d59e-890f-48cd-8257-f0b5d2d24261 8c458e04aebd4515ad50c8b3cfe50ab6 dfe2ba0542954bb7b6a77919cbddd0fe - - default default] 10.0.0.187 "GET /v2.0/security-groups?id=2db45344-9f06-4f08-ad4d-b5d5de9e0d58&fields=id&fields=name HTTP/1.1" status: 200 len: 312 time: 0.0352633
2026-07-02 01:35:54.947 9 INFO neutron.api.wsgi [req-2fa3ddb4-23a3-4363-a166-08d81102dd80 req-032a6047-59c2-456b-8f91-f5942cf61d6f 1ea5077b914f41d9b88298a9539444c3 277cefd55d974879bcef3ae326eccc90 - - default default] 10.0.0.187 "GET /v2.0/ports?device_id=58ab803b-5095-4d31-b613-cb5569094fa6 HTTP/1.1" status: 200 len: 210 time: 0.0228701
2026-07-02 01:35:55.271 9 INFO neutron.db.ovn_revision_numbers_db [None req-3698d198-9a11-4566-bb43-562abe0b7e5f 3e01dbd7e1704f9db4666c59b8ae46bc 2c5cb693a75c4cc8bb6350c86fae6bfe - - default default] Successfully bumped revision number for resource 8a0f7b77-331f-487f-ab55-93377b44a7f1 (type: security_groups) to 1
2026-07-02 01:35:55.292 9 INFO neutron.db.ovn_revision_numbers_db [None req-3698d198-9a11-4566-bb43-562abe0b7e5f 3e01dbd7e1704f9db4666c59b8ae46bc 2c5cb693a75c4cc8bb6350c86fae6bfe - - default default] Successfully bumped revision number for resource 65aa1e83-8fad-4515-86c0-e7180e53ae01 (type: security_group_rules) to 0
2026-07-02 01:35:55.311 9 INFO neutron.db.ovn_revision_numbers_db [None req-3698d198-9a11-4566-bb43-562abe0b7e5f 3e01dbd7e1704f9db4666c59b8ae46bc 2c5cb693a75c4cc8bb6350c86fae6bfe - - default default] Successfully bumped revision number for resource 729b3b56-bfdf-48a9-9f0f-8476fe50e175 (type: security_group_rules) to 0
2026-07-02 01:35:55.329 9 INFO neutron.db.ovn_revision_numbers_db [None req-3698d198-9a11-4566-bb43-562abe0b7e5f 3e01dbd7e1704f9db4666c59b8ae46bc 2c5cb693a75c4cc8bb6350c86fae6bfe - - default default] Successfully bumped revision number for resource 879fbebf-989c-4b1c-8559-c90a18421816 (type: security_group_rules) to 0
2026-07-02 01:35:55.346 9 INFO neutron.db.ovn_revision_numbers_db [None req-3698d198-9a11-4566-bb43-562abe0b7e5f 3e01dbd7e1704f9db4666c59b8ae46bc 2c5cb693a75c4cc8bb6350c86fae6bfe - - default default] Successfully bumped revision number for resource e004f86b-464e-4e51-99aa-8fbb99229720 (type: security_group_rules) to 0
2026-07-02 01:35:55.384 9 INFO neutron.api.wsgi [None req-3698d198-9a11-4566-bb43-562abe0b7e5f 3e01dbd7e1704f9db4666c59b8ae46bc 2c5cb693a75c4cc8bb6350c86fae6bfe - - default default] 10.0.0.92 "GET /v2.0/security-groups?tenant_id=14b23b35a4ce4acb9949a33f348573ec&name=default HTTP/1.1" status: 200 len: 3120 time: 0.3218040
2026-07-02 01:35:55.520 9 INFO neutron.api.wsgi [req-ad984bd6-f916-4a2e-8486-04791a46605c req-89b431e8-f8f6-488e-87ea-fade54f3f76d 8c458e04aebd4515ad50c8b3cfe50ab6 dfe2ba0542954bb7b6a77919cbddd0fe - - default default] 10.0.0.187 "GET /v2.0/ports?device_id=e8bbf200-ecf7-4e48-98e1-1304dd4bf926 HTTP/1.1" status: 200 len: 1170 time: 0.0384452
2026-07-02 01:35:55.579 9 INFO neutron.api.wsgi [req-ad984bd6-f916-4a2e-8486-04791a46605c req-33f2f6d5-d22f-4c00-aea0-f9b1197adb9f 8c458e04aebd4515ad50c8b3cfe50ab6 dfe2ba0542954bb7b6a77919cbddd0fe - - default default] 10.0.0.187 "GET /v2.0/security-groups?id=2db45344-9f06-4f08-ad4d-b5d5de9e0d58&fields=id&fields=name HTTP/1.1" status: 200 len: 312 time: 0.0530429
2026-07-02 01:35:55.655 9 INFO neutron.api.wsgi [None req-1e4dd73c-a6eb-48a7-90ab-9c2df54d1b2e 3e01dbd7e1704f9db4666c59b8ae46bc 2c5cb693a75c4cc8bb6350c86fae6bfe - - default default] 10.0.0.92 "DELETE /v2.0/security-groups/8a0f7b77-331f-487f-ab55-93377b44a7f1 HTTP/1.1" status: 204 len: 168 time: 0.2665696
2026-07-02 01:35:55.697 9 INFO neutron.api.wsgi [req-cf74e684-b762-4bf2-b901-7640b8aa40cd req-9de7d3bc-85f2-402c-98cd-d957bc6d1c09 8c458e04aebd4515ad50c8b3cfe50ab6 dfe2ba0542954bb7b6a77919cbddd0fe - - default default] 10.0.0.187 "GET /v2.0/ports?device_id=e8bbf200-ecf7-4e48-98e1-1304dd4bf926 HTTP/1.1" status: 200 len: 1170 time: 0.0403495 /var/lib/openstack/lib/python3.12/site-packages/pycadf/identifier.py:71: UserWarning: Invalid uuid: neutron. To ensure interoperability, identifiers should be a valid uuid. warnings.warn(('Invalid uuid: %s. To ensure interoperability, '
2026-07-02 01:35:56.043 9 INFO neutron.api.wsgi [req-39161d64-2531-464f-b075-c9c9285c2b82 req-4abd68f4-8dc1-4a72-947c-d6d6b9342cc3 1ea5077b914f41d9b88298a9539444c3 277cefd55d974879bcef3ae326eccc90 - - default default] 10.0.0.187 "GET /v2.0/ports?device_id=58ab803b-5095-4d31-b613-cb5569094fa6 HTTP/1.1" status: 200 len: 210 time: 0.0168550
2026-07-02 01:35:56.216 10 INFO neutron.db.ovn_revision_numbers_db [None req-8d356e10-e6de-48d2-8be6-d53f767bc5e3 8c458e04aebd4515ad50c8b3cfe50ab6 dfe2ba0542954bb7b6a77919cbddd0fe - - default default] Successfully bumped revision number for resource e6f1f526-8ccf-4e43-8706-c1b83649b09c (type: floatingips) to 1
2026-07-02 01:35:56.323 10 INFO neutron.db.ovn_revision_numbers_db [None req-8d356e10-e6de-48d2-8be6-d53f767bc5e3 8c458e04aebd4515ad50c8b3cfe50ab6 dfe2ba0542954bb7b6a77919cbddd0fe - - default default] Successfully bumped revision number for resource e6f1f526-8ccf-4e43-8706-c1b83649b09c (type: floatingips) to 2
2026-07-02 01:35:56.324 10 INFO neutron.db.l3_db [None req-8d356e10-e6de-48d2-8be6-d53f767bc5e3 8c458e04aebd4515ad50c8b3cfe50ab6 dfe2ba0542954bb7b6a77919cbddd0fe - - default default] Floating IP e6f1f526-8ccf-4e43-8706-c1b83649b09c associated. External IP: 10.96.250.205, port: 25cda6bb-a8cb-4102-8706-0f92142b10ec.
2026-07-02 01:35:56.345 10 INFO neutron.api.wsgi [None req-8d356e10-e6de-48d2-8be6-d53f767bc5e3 8c458e04aebd4515ad50c8b3cfe50ab6 dfe2ba0542954bb7b6a77919cbddd0fe - - default default] 10.0.0.92 "PUT /v2.0/floatingips/e6f1f526-8ccf-4e43-8706-c1b83649b09c HTTP/1.1" status: 200 len: 1049 time: 0.6277976
2026-07-02 01:35:56.381 10 INFO neutron.notifiers.nova [-] Nova event matching ['req-e3a867e7-9bab-4741-9f38-46d91689de8a'] response: {'name': 'network-changed', 'server_uuid': 'e8bbf200-ecf7-4e48-98e1-1304dd4bf926', 'tag': '25cda6bb-a8cb-4102-8706-0f92142b10ec', 'status': 'completed', 'code': 200} /var/lib/openstack/lib/python3.12/site-packages/pycadf/identifier.py:71: UserWarning: Invalid uuid: neutron. To ensure interoperability, identifiers should be a valid uuid. warnings.warn(('Invalid uuid: %s. To ensure interoperability, '
2026-07-02 01:35:56.434 9 INFO neutron.api.wsgi [req-468f992e-4681-4e8d-bd77-e2ae38a5b85b req-0881bfcc-3970-4566-8d75-1794b9f7552c 8c458e04aebd4515ad50c8b3cfe50ab6 dfe2ba0542954bb7b6a77919cbddd0fe - - default default] 10.0.0.187 "GET /v2.0/ports?device_id=e8bbf200-ecf7-4e48-98e1-1304dd4bf926 HTTP/1.1" status: 200 len: 1170 time: 0.0467997
2026-07-02 01:35:56.470 9 INFO neutron.api.wsgi [req-468f992e-4681-4e8d-bd77-e2ae38a5b85b req-e4a0c965-cd6e-4641-872c-4b55e41a50e8 8c458e04aebd4515ad50c8b3cfe50ab6 dfe2ba0542954bb7b6a77919cbddd0fe - - default default] 10.0.0.187 "GET /v2.0/security-groups?id=2db45344-9f06-4f08-ad4d-b5d5de9e0d58&fields=id&fields=name HTTP/1.1" status: 200 len: 312 time: 0.0301626
2026-07-02 01:35:56.892 9 INFO neutron.api.wsgi [req-5562a621-5a37-4c72-96e8-b3bb6c6c54eb req-40ce8be6-f894-4f8b-8d05-240aa3ef47cd 8c458e04aebd4515ad50c8b3cfe50ab6 dfe2ba0542954bb7b6a77919cbddd0fe - - default default] 10.0.0.187 "GET /v2.0/ports?device_id=e8bbf200-ecf7-4e48-98e1-1304dd4bf926 HTTP/1.1" status: 200 len: 1170 time: 0.0347669
2026-07-02 01:35:56.945 9 INFO neutron.api.wsgi [req-5562a621-5a37-4c72-96e8-b3bb6c6c54eb req-f02ee90e-700e-4e7c-88a3-bb2e0017b1e3 8c458e04aebd4515ad50c8b3cfe50ab6 dfe2ba0542954bb7b6a77919cbddd0fe - - default default] 10.0.0.187 "GET /v2.0/security-groups?id=2db45344-9f06-4f08-ad4d-b5d5de9e0d58&fields=id&fields=name HTTP/1.1" status: 200 len: 312 time: 0.0470712
2026-07-02 01:35:56.961 9 INFO neutron.api.wsgi [req-9b1d8f36-921b-4700-b8b0-0396f323c994 req-60094905-6775-4778-a5d1-eaffdce3e6b6 e87e72b4033848039c84fc7fc2d060cf df8080bc6e534792b9472afd0019c822 - - 8caf2e07147247b9bb941e3edaeeec84 8caf2e07147247b9bb941e3edaeeec84] 199.204.45.242 "GET /v2.0/ports?tenant_id=dfe2ba0542954bb7b6a77919cbddd0fe&device_id=e8bbf200-ecf7-4e48-98e1-1304dd4bf926 HTTP/1.1" status: 200 len: 1409 time: 0.0476809
2026-07-02 01:35:57.025 9 INFO neutron.api.wsgi [req-9b1d8f36-921b-4700-b8b0-0396f323c994 req-8f798a56-537d-4f1e-b57a-6c12998f226b e87e72b4033848039c84fc7fc2d060cf df8080bc6e534792b9472afd0019c822 - - 8caf2e07147247b9bb941e3edaeeec84 8caf2e07147247b9bb941e3edaeeec84] 199.204.45.242 "GET /v2.0/networks?id=8a3aa241-3a80-462b-ae7c-6deddaab586d HTTP/1.1" status: 200 len: 967 time: 0.0583549
2026-07-02 01:35:57.064 9 INFO neutron.api.wsgi [req-9b1d8f36-921b-4700-b8b0-0396f323c994 req-fc6a34d5-6c39-4784-a2d1-950ec2207a66 e87e72b4033848039c84fc7fc2d060cf df8080bc6e534792b9472afd0019c822 - - 8caf2e07147247b9bb941e3edaeeec84 8caf2e07147247b9bb941e3edaeeec84] 199.204.45.242 "GET /v2.0/floatingips?fixed_ip_address=10.100.0.6&port_id=25cda6bb-a8cb-4102-8706-0f92142b10ec HTTP/1.1" status: 200 len: 1059 time: 0.0355620
2026-07-02 01:35:57.104 9 INFO neutron.api.wsgi [req-9b1d8f36-921b-4700-b8b0-0396f323c994 req-a948fd9f-fce3-4506-a1d3-37db8357db23 e87e72b4033848039c84fc7fc2d060cf df8080bc6e534792b9472afd0019c822 - - 8caf2e07147247b9bb941e3edaeeec84 8caf2e07147247b9bb941e3edaeeec84] 199.204.45.242 "GET /v2.0/subnets?id=b86fe744-9caf-47b3-8201-5f57e5717646 HTTP/1.1" status: 200 len: 886 time: 0.0316181
2026-07-02 01:35:57.128 9 INFO neutron.api.wsgi [req-9b1d8f36-921b-4700-b8b0-0396f323c994 req-0b9a9c16-ad69-4332-809b-71a6b8f38098 e87e72b4033848039c84fc7fc2d060cf df8080bc6e534792b9472afd0019c822 - - 8caf2e07147247b9bb941e3edaeeec84 8caf2e07147247b9bb941e3edaeeec84] 199.204.45.242 "GET /v2.0/ports?network_id=8a3aa241-3a80-462b-ae7c-6deddaab586d&device_owner=network%3Adhcp HTTP/1.1" status: 200 len: 210 time: 0.0179238
2026-07-02 01:35:57.196 9 INFO neutron.api.wsgi [req-9b1d8f36-921b-4700-b8b0-0396f323c994 req-5d66349a-a315-4265-a7d5-15ac24681e1f e87e72b4033848039c84fc7fc2d060cf df8080bc6e534792b9472afd0019c822 - - 8caf2e07147247b9bb941e3edaeeec84 8caf2e07147247b9bb941e3edaeeec84] 199.204.45.242 "GET /v2.0/networks/8a3aa241-3a80-462b-ae7c-6deddaab586d?fields=segments HTTP/1.1" status: 200 len: 212 time: 0.0643106
2026-07-02 01:35:57.249 9 INFO neutron.api.wsgi [req-9b1d8f36-921b-4700-b8b0-0396f323c994 req-e20d7e5d-4bb0-433b-b275-e67b996c3ab3 e87e72b4033848039c84fc7fc2d060cf df8080bc6e534792b9472afd0019c822 - - 8caf2e07147247b9bb941e3edaeeec84 8caf2e07147247b9bb941e3edaeeec84] 199.204.45.242 "GET /v2.0/networks/8a3aa241-3a80-462b-ae7c-6deddaab586d?fields=provider%3Aphysical_network&fields=provider%3Anetwork_type HTTP/1.1" status: 200 len: 277 time: 0.0478389
2026-07-02 01:35:57.271 10 INFO neutron.api.wsgi [None req-4063adf2-b717-4b13-ad33-eaaf912854f1 1ea5077b914f41d9b88298a9539444c3 277cefd55d974879bcef3ae326eccc90 - - default default] 10.0.0.92 "DELETE /v2.0/security-groups/3b90bdf4-b8dc-44de-bafc-4d30f3fbeab4 HTTP/1.1" status: 204 len: 168 time: 0.1452029
2026-07-02 01:35:57.287 9 INFO neutron.api.v2.resource [None req-17461318-3bde-4a37-a20b-c0f95c051edb 1ea5077b914f41d9b88298a9539444c3 277cefd55d974879bcef3ae326eccc90 - - default default] show failed (client error): The resource could not be found.
2026-07-02 01:35:57.287 9 INFO neutron.api.wsgi [None req-17461318-3bde-4a37-a20b-c0f95c051edb 1ea5077b914f41d9b88298a9539444c3 277cefd55d974879bcef3ae326eccc90 - - default default] 10.0.0.92 "GET /v2.0/security-groups/3b90bdf4-b8dc-44de-bafc-4d30f3fbeab4 HTTP/1.1" status: 404 len: 347 time: 0.0110035
2026-07-02 01:35:57.406 10 INFO neutron.plugins.ml2.drivers.ovn.mech_driver.mech_driver [None req-c8a08b4e-215e-4d4f-8727-fc7f59b3882c - - - - - -] OVN reports status down for port: 25cda6bb-a8cb-4102-8706-0f92142b10ec
2026-07-02 01:35:57.580 9 INFO neutron.api.wsgi [None req-0c12852f-97f8-4bd6-833b-b9f3ccea7655 1ea5077b914f41d9b88298a9539444c3 277cefd55d974879bcef3ae326eccc90 - - default default] 10.0.0.92 "DELETE /v2.0/floatingips/712dfbb7-ab22-466f-81d6-f16decb64c20 HTTP/1.1" status: 204 len: 168 time: 0.2890298
2026-07-02 01:35:57.647 10 INFO neutron.db.ovn_revision_numbers_db [None req-c8a08b4e-215e-4d4f-8727-fc7f59b3882c - - - - - -] Successfully bumped revision number for resource 25cda6bb-a8cb-4102-8706-0f92142b10ec (type: ports) to 6
2026-07-02 01:35:58.051 9 INFO neutron.api.wsgi [req-2280df3e-108e-488d-8131-65b8a4a7b20c req-8636dc66-31a8-4ba2-8653-369d052aed56 8c458e04aebd4515ad50c8b3cfe50ab6 dfe2ba0542954bb7b6a77919cbddd0fe - - default default] 10.0.0.187 "GET /v2.0/ports?device_id=e8bbf200-ecf7-4e48-98e1-1304dd4bf926 HTTP/1.1" status: 200 len: 1168 time: 0.0413852
2026-07-02 01:35:58.104 9 INFO neutron.api.wsgi [req-2280df3e-108e-488d-8131-65b8a4a7b20c req-17352d74-4815-478d-abe2-674f7373f8f2 8c458e04aebd4515ad50c8b3cfe50ab6 dfe2ba0542954bb7b6a77919cbddd0fe - - default default] 10.0.0.187 "GET /v2.0/security-groups?id=2db45344-9f06-4f08-ad4d-b5d5de9e0d58&fields=id&fields=name HTTP/1.1" status: 200 len: 312 time: 0.0444126
2026-07-02 01:35:58.424 10 INFO neutron.notifiers.nova [-] Nova event matching ['req-9452e6ae-28f8-44b4-826a-491a53c89aa1'] response: {'server_uuid': 'e8bbf200-ecf7-4e48-98e1-1304dd4bf926', 'name': 'network-vif-unplugged', 'status': 'completed', 'tag': '25cda6bb-a8cb-4102-8706-0f92142b10ec', 'code': 200}
2026-07-02 01:35:58.424 10 INFO neutron.notifiers.nova [-] Nova event matching ['req-9452e6ae-28f8-44b4-826a-491a53c89aa1'] response: {'server_uuid': 'e8bbf200-ecf7-4e48-98e1-1304dd4bf926', 'name': 'network-vif-unplugged', 'status': 'completed', 'tag': '25cda6bb-a8cb-4102-8706-0f92142b10ec', 'code': 200} /var/lib/openstack/lib/python3.12/site-packages/pycadf/identifier.py:71: UserWarning: Invalid uuid: neutron. To ensure interoperability, identifiers should be a valid uuid. warnings.warn(('Invalid uuid: %s. To ensure interoperability, '
2026-07-02 01:35:58.546 9 INFO neutron.api.wsgi [None req-7ec6f305-a32c-42a5-8938-f4a828dbc521 3e01dbd7e1704f9db4666c59b8ae46bc 2c5cb693a75c4cc8bb6350c86fae6bfe - - default default] 10.0.0.92 "PUT /v2.0/routers/e4446fe4-08bb-407d-bb2b-14f62209e478/remove_router_interface HTTP/1.1" status: 200 len: 503 time: 0.9605503 /var/lib/openstack/lib/python3.12/site-packages/pycadf/identifier.py:71: UserWarning: Invalid uuid: neutron. To ensure interoperability, identifiers should be a valid uuid. warnings.warn(('Invalid uuid: %s. To ensure interoperability, '
2026-07-02 01:35:58.625 10 INFO neutron.db.ovn_revision_numbers_db [None req-818bf1cd-a401-4d11-be0e-aa90e9991e38 3e01dbd7e1704f9db4666c59b8ae46bc 2c5cb693a75c4cc8bb6350c86fae6bfe - - default default] Successfully bumped revision number for resource 5afdef19-3fdb-4aff-814b-792556841502 (type: security_groups) to 1
2026-07-02 01:35:58.645 10 INFO neutron.db.ovn_revision_numbers_db [None req-818bf1cd-a401-4d11-be0e-aa90e9991e38 3e01dbd7e1704f9db4666c59b8ae46bc 2c5cb693a75c4cc8bb6350c86fae6bfe - - default default] Successfully bumped revision number for resource 041140f8-a900-4a9c-8096-bafc1cabdeb4 (type: security_group_rules) to 0
2026-07-02 01:35:58.657 9 INFO neutron.api.wsgi [req-aa3f7fa0-4fa7-4175-b774-162c705c53ed req-a038f4b7-cb00-4f00-b856-83ff962d127d 8c458e04aebd4515ad50c8b3cfe50ab6 dfe2ba0542954bb7b6a77919cbddd0fe - - default default] 199.204.45.242 "GET /v2.0/ports?device_id=e8bbf200-ecf7-4e48-98e1-1304dd4bf926 HTTP/1.1" status: 200 len: 1168 time: 0.0463419
2026-07-02 01:35:58.660 10 INFO neutron.db.ovn_revision_numbers_db [None req-818bf1cd-a401-4d11-be0e-aa90e9991e38 3e01dbd7e1704f9db4666c59b8ae46bc 2c5cb693a75c4cc8bb6350c86fae6bfe - - default default] Successfully bumped revision number for resource 1c2522c3-c250-4b32-853a-72bbf07f3437 (type: security_group_rules) to 0
2026-07-02 01:35:58.696 10 INFO neutron.db.ovn_revision_numbers_db [None req-818bf1cd-a401-4d11-be0e-aa90e9991e38 3e01dbd7e1704f9db4666c59b8ae46bc 2c5cb693a75c4cc8bb6350c86fae6bfe - - default default] Successfully bumped revision number for resource c8df11c9-bc93-495b-810b-c22bb69adce4 (type: security_group_rules) to 0
2026-07-02 01:35:58.707 10 INFO neutron.db.ovn_revision_numbers_db [None req-818bf1cd-a401-4d11-be0e-aa90e9991e38 3e01dbd7e1704f9db4666c59b8ae46bc 2c5cb693a75c4cc8bb6350c86fae6bfe - - default default] Successfully bumped revision number for resource d80c0487-5dbd-44b0-af73-8df44482e31f (type: security_group_rules) to 0
2026-07-02 01:35:58.745 10 INFO neutron.api.wsgi [None req-818bf1cd-a401-4d11-be0e-aa90e9991e38 3e01dbd7e1704f9db4666c59b8ae46bc 2c5cb693a75c4cc8bb6350c86fae6bfe - - default default] 10.0.0.92 "GET /v2.0/security-groups?tenant_id=ffd14cace21440d58855518e509370d2&name=default HTTP/1.1" status: 200 len: 3120 time: 0.3935633
2026-07-02 01:35:58.891 10 INFO neutron.api.wsgi [None req-14b90a47-f4e6-429c-8130-1612e974285c 2184a0ccbeae42b2a4d666196dff2d97 869f3f207eea443ba625a45f630aa8f2 - - default default] 10.0.0.235 "GET /v2.0/extensions HTTP/1.1" status: 200 len: 19298 time: 0.0288405
2026-07-02 01:35:59.126 9 INFO neutron.db.l3_db [req-aa3f7fa0-4fa7-4175-b774-162c705c53ed req-d51fcd45-0aa7-4646-8b29-4577d2d662b1 8c458e04aebd4515ad50c8b3cfe50ab6 dfe2ba0542954bb7b6a77919cbddd0fe - - default default] Floating IP e6f1f526-8ccf-4e43-8706-c1b83649b09c disassociated. External IP: 10.96.250.205, port: 25cda6bb-a8cb-4102-8706-0f92142b10ec. /var/lib/openstack/lib/python3.12/site-packages/pycadf/identifier.py:71: UserWarning: Invalid uuid: neutron. To ensure interoperability, identifiers should be a valid uuid. warnings.warn(('Invalid uuid: %s. To ensure interoperability, '
2026-07-02 01:35:59.201 9 INFO neutron.api.wsgi [None req-9365bd3f-d9b4-41ec-9511-e98f3d994f85 3e01dbd7e1704f9db4666c59b8ae46bc 2c5cb693a75c4cc8bb6350c86fae6bfe - - default default] 10.0.0.92 "DELETE /v2.0/security-groups/5afdef19-3fdb-4aff-814b-792556841502 HTTP/1.1" status: 204 len: 168 time: 0.4517574
2026-07-02 01:35:59.237 9 INFO neutron.api.wsgi [req-f83ece6b-545e-432d-b7a5-7ea004dc4a76 req-c0d7deb3-e9e3-4baf-9440-ff099e7b41e9 8c458e04aebd4515ad50c8b3cfe50ab6 dfe2ba0542954bb7b6a77919cbddd0fe - - default default] 10.0.0.187 "GET /v2.0/ports?device_id=e8bbf200-ecf7-4e48-98e1-1304dd4bf926 HTTP/1.1" status: 200 len: 1168 time: 0.0661089
2026-07-02 01:35:59.255 9 INFO neutron.api.wsgi [None req-5d3366b7-41ee-4f89-9fc3-bb70aa372549 2184a0ccbeae42b2a4d666196dff2d97 869f3f207eea443ba625a45f630aa8f2 - - default default] 10.0.0.235 "GET /v2.0/quotas/869f3f207eea443ba625a45f630aa8f2/details HTTP/1.1" status: 200 len: 1046 time: 0.3507230
2026-07-02 01:35:59.301 9 INFO neutron.api.wsgi [req-f83ece6b-545e-432d-b7a5-7ea004dc4a76 req-c287ecc7-0e4c-45ce-8535-b96dd10b6d5b 8c458e04aebd4515ad50c8b3cfe50ab6 dfe2ba0542954bb7b6a77919cbddd0fe - - default default] 10.0.0.187 "GET /v2.0/security-groups?id=2db45344-9f06-4f08-ad4d-b5d5de9e0d58&fields=id&fields=name HTTP/1.1" status: 200 len: 312 time: 0.0592206
2026-07-02 01:35:59.346 9 INFO neutron.api.wsgi [req-aa3f7fa0-4fa7-4175-b774-162c705c53ed req-d51fcd45-0aa7-4646-8b29-4577d2d662b1 8c458e04aebd4515ad50c8b3cfe50ab6 dfe2ba0542954bb7b6a77919cbddd0fe - - default default] 199.204.45.242 "DELETE /v2.0/ports/25cda6bb-a8cb-4102-8706-0f92142b10ec HTTP/1.1" status: 204 len: 173 time: 0.6847303
2026-07-02 01:35:59.381 9 INFO neutron.notifiers.nova [-] Nova event matching ['req-64baf091-a790-4348-b138-c5e0b684621c'] response: {'server_uuid': 'e8bbf200-ecf7-4e48-98e1-1304dd4bf926', 'name': 'network-vif-deleted', 'tag': '25cda6bb-a8cb-4102-8706-0f92142b10ec', 'status': 'completed', 'code': 200}
2026-07-02 01:35:59.485 9 INFO neutron.db.ovn_revision_numbers_db [None req-8950459c-daa2-43ec-ab41-6eb8976a5b31 3e01dbd7e1704f9db4666c59b8ae46bc 2c5cb693a75c4cc8bb6350c86fae6bfe - - default default] Successfully bumped revision number for resource 622500e6-f46c-4842-8d8b-c1e32b5b85a0 (type: security_groups) to 1
2026-07-02 01:35:59.511 9 INFO neutron.db.ovn_revision_numbers_db [None req-8950459c-daa2-43ec-ab41-6eb8976a5b31 3e01dbd7e1704f9db4666c59b8ae46bc 2c5cb693a75c4cc8bb6350c86fae6bfe - - default default] Successfully bumped revision number for resource 36af77f5-07d8-4c52-babc-c020e852b6c6 (type: security_group_rules) to 0
2026-07-02 01:35:59.530 9 INFO neutron.db.ovn_revision_numbers_db [None req-8950459c-daa2-43ec-ab41-6eb8976a5b31 3e01dbd7e1704f9db4666c59b8ae46bc 2c5cb693a75c4cc8bb6350c86fae6bfe - - default default] Successfully bumped revision number for resource 44f9222f-038d-41b7-9d78-347a87ad7b76 (type: security_group_rules) to 0
2026-07-02 01:35:59.555 9 INFO neutron.api.wsgi [None req-a96e88f8-160c-44bc-8886-d86bf0a950e5 3e01dbd7e1704f9db4666c59b8ae46bc 2c5cb693a75c4cc8bb6350c86fae6bfe - - default default] 10.0.0.92 "DELETE /v2.0/routers/e4446fe4-08bb-407d-bb2b-14f62209e478 HTTP/1.1" status: 204 len: 168 time: 1.0040965
2026-07-02 01:35:59.556 9 INFO neutron.db.ovn_revision_numbers_db [None req-8950459c-daa2-43ec-ab41-6eb8976a5b31 3e01dbd7e1704f9db4666c59b8ae46bc 2c5cb693a75c4cc8bb6350c86fae6bfe - - default default] Successfully bumped revision number for resource 59b06b5e-aa54-4ca1-b440-ed389852a36f (type: security_group_rules) to 0
2026-07-02 01:35:59.573 9 INFO neutron.db.ovn_revision_numbers_db [None req-8950459c-daa2-43ec-ab41-6eb8976a5b31 3e01dbd7e1704f9db4666c59b8ae46bc 2c5cb693a75c4cc8bb6350c86fae6bfe - - default default] Successfully bumped revision number for resource 8db9dfa9-6fee-4505-9a52-0b603a82cbc6 (type: security_group_rules) to 0
2026-07-02 01:35:59.616 9 INFO neutron.api.wsgi [None req-8950459c-daa2-43ec-ab41-6eb8976a5b31 3e01dbd7e1704f9db4666c59b8ae46bc 2c5cb693a75c4cc8bb6350c86fae6bfe - - default default] 10.0.0.92 "GET /v2.0/security-groups?tenant_id=3aec335ae27d4064bc318406b2f05c37&name=default HTTP/1.1" status: 200 len: 3120 time: 0.3271344
2026-07-02 01:35:59.719 9 INFO neutron.api.wsgi [None req-54e21b54-cce5-4ec4-9625-1df44e783fe8 3e01dbd7e1704f9db4666c59b8ae46bc 2c5cb693a75c4cc8bb6350c86fae6bfe - - default default] 10.0.0.92 "DELETE /v2.0/subnets/c0d3f7bb-9747-4295-81de-518f5267f330 HTTP/1.1" status: 204 len: 168 time: 0.1556332
2026-07-02 01:35:59.792 10 INFO neutron.api.wsgi [None req-075110ad-1f7f-4092-a55f-6d50a6e29b55 3e01dbd7e1704f9db4666c59b8ae46bc 2c5cb693a75c4cc8bb6350c86fae6bfe - - default default] 10.0.0.92 "DELETE /v2.0/security-groups/622500e6-f46c-4842-8d8b-c1e32b5b85a0 HTTP/1.1" status: 204 len: 168 time: 0.1706724
2026-07-02 01:36:00.013 9 INFO neutron.services.segments.plugin [-] Segment 06ced086-93e2-4a56-ad9c-da8460202caa resource provider aggregate not found
2026-07-02 01:36:00.017 9 INFO neutron.services.segments.plugin [-] Segment 06ced086-93e2-4a56-ad9c-da8460202caa resource provider aggregate not found
2026-07-02 01:36:00.031 9 INFO neutron.services.segments.plugin [-] Segment 06ced086-93e2-4a56-ad9c-da8460202caa resource provider not found; error: Placement Client Error (4xx): {"errors": [{"status": 404, "title": "Not Found", "detail": "The resource could not be found.\n\n No resource provider with uuid 06ced086-93e2-4a56-ad9c-da8460202caa found for delete ", "request_id": "req-dce5d2bb-34a8-49f9-a584-07b25a6a0b23"}]}
2026-07-02 01:36:00.032 9 INFO neutron.services.segments.plugin [-] Segment 06ced086-93e2-4a56-ad9c-da8460202caa resource provider not found; error: Placement Client Error (4xx): {"errors": [{"status": 404, "title": "Not Found", "detail": "The resource could not be found.\n\n No resource provider with uuid 06ced086-93e2-4a56-ad9c-da8460202caa found for delete ", "request_id": "req-c1198e93-ecc3-4847-9e22-ca4ddb36a8eb"}]}
2026-07-02 01:36:00.056 9 INFO neutron.api.wsgi [None req-9f4d1b5b-6fd4-49ef-a663-a8080ebea7d7 3e01dbd7e1704f9db4666c59b8ae46bc 2c5cb693a75c4cc8bb6350c86fae6bfe - - default default] 10.0.0.92 "DELETE /v2.0/networks/065046f0-7d47-494f-ab49-9caaa021cb6e HTTP/1.1" status: 204 len: 168 time: 0.3307042
2026-07-02 01:36:00.226 9 INFO neutron.api.wsgi [None req-8eb19b5a-1621-4fba-9e8d-729a76bf7617 3e01dbd7e1704f9db4666c59b8ae46bc 2c5cb693a75c4cc8bb6350c86fae6bfe - - default default] 10.0.0.92 "GET /v2.0/security-groups?tenant_id=277cefd55d974879bcef3ae326eccc90&name=default HTTP/1.1" status: 200 len: 3120 time: 0.0275426
2026-07-02 01:36:00.386 9 INFO neutron.api.wsgi [req-30d22154-b78a-4b49-9e96-06ad87c3d480 req-23deb1c4-ada5-4f3c-aa26-8741ecad1f66 8c458e04aebd4515ad50c8b3cfe50ab6 dfe2ba0542954bb7b6a77919cbddd0fe - - default default] 10.0.0.187 "GET /v2.0/ports?device_id=e8bbf200-ecf7-4e48-98e1-1304dd4bf926 HTTP/1.1" status: 200 len: 210 time: 0.0190284
2026-07-02 01:36:00.433 9 INFO neutron.api.wsgi [None req-b10191c3-b6c8-4a56-9d82-1d454e0de543 3e01dbd7e1704f9db4666c59b8ae46bc 2c5cb693a75c4cc8bb6350c86fae6bfe - - default default] 10.0.0.92 "DELETE /v2.0/security-groups/7b2f66b2-91b7-44a3-9419-f3244d66fecd HTTP/1.1" status: 204 len: 168 time: 0.2025771
2026-07-02 01:36:01.488 9 INFO neutron.api.wsgi [req-393649d5-cc49-45b8-a55d-ef227dce0380 req-57e5e163-2e20-47f9-ae73-c347e505c504 8c458e04aebd4515ad50c8b3cfe50ab6 dfe2ba0542954bb7b6a77919cbddd0fe - - default default] 10.0.0.187 "GET /v2.0/ports?device_id=e8bbf200-ecf7-4e48-98e1-1304dd4bf926 HTTP/1.1" status: 200 len: 210 time: 0.0227225
2026-07-02 01:36:01.517 9 INFO neutron.api.wsgi [None req-a6a0c47b-880e-4a83-ba7f-9e5d1002d255 2184a0ccbeae42b2a4d666196dff2d97 869f3f207eea443ba625a45f630aa8f2 - - default default] 10.0.0.235 "GET /v2.0/extensions HTTP/1.1" status: 200 len: 19298 time: 0.0075698
2026-07-02 01:36:01.640 10 INFO neutron.api.wsgi [None req-b7d7343c-c0e8-46b0-9b62-58103f530f8e 2184a0ccbeae42b2a4d666196dff2d97 869f3f207eea443ba625a45f630aa8f2 - - default default] 10.0.0.235 "GET /v2.0/quotas/869f3f207eea443ba625a45f630aa8f2/details HTTP/1.1" status: 200 len: 1046 time: 0.1057780
2026-07-02 01:36:02.518 9 INFO neutron.api.wsgi [None req-9128ec5c-f1c7-4d62-9d33-e86a19190f3b 3e01dbd7e1704f9db4666c59b8ae46bc 2c5cb693a75c4cc8bb6350c86fae6bfe - - default default] 10.0.0.54 "GET /v2.0/floatingips HTTP/1.1" status: 200 len: 730 time: 0.1406169
2026-07-02 01:36:02.548 9 INFO neutron.api.wsgi [None req-4fd63a79-f991-4ca1-812d-0de443f66d2e 3e01dbd7e1704f9db4666c59b8ae46bc 2c5cb693a75c4cc8bb6350c86fae6bfe - - default default] 10.0.0.54 "GET /v2.0/agents HTTP/1.1" status: 200 len: 1390 time: 0.0290768
2026-07-02 01:36:02.563 9 INFO neutron.api.wsgi [None req-803dad6a-036b-4339-bc76-4473e8fd843c 3e01dbd7e1704f9db4666c59b8ae46bc 2c5cb693a75c4cc8bb6350c86fae6bfe - - default default] 10.0.0.54 "GET /v2.0/network-ip-availabilities HTTP/1.1" status: 200 len: 1744 time: 0.0128620
2026-07-02 01:36:02.590 9 INFO neutron.api.wsgi [req-179a7a0e-ea61-4f0e-b2dc-1af476ebac3d req-3db6f11c-0840-497f-b446-458394abc1e6 8c458e04aebd4515ad50c8b3cfe50ab6 dfe2ba0542954bb7b6a77919cbddd0fe - - default default] 10.0.0.187 "GET /v2.0/ports?device_id=e8bbf200-ecf7-4e48-98e1-1304dd4bf926 HTTP/1.1" status: 200 len: 210 time: 0.0259449
2026-07-02 01:36:02.644 9 INFO neutron.api.wsgi [None req-229d328f-11fb-4a1b-9d14-000bec65fd91 3e01dbd7e1704f9db4666c59b8ae46bc 2c5cb693a75c4cc8bb6350c86fae6bfe - - default default] 10.0.0.54 "GET /v2.0/networks HTTP/1.1" status: 200 len: 3104 time: 0.0793502
2026-07-02 01:36:02.698 9 INFO neutron.api.wsgi [None req-af908db6-96a5-4b61-b30e-6fdd261efae4 3e01dbd7e1704f9db4666c59b8ae46bc 2c5cb693a75c4cc8bb6350c86fae6bfe - - default default] 10.0.0.54 "GET /v2.0/security-groups HTTP/1.1" status: 200 len: 23346 time: 0.0513604
2026-07-02 01:36:02.752 9 INFO neutron.api.wsgi [None req-e072ea39-4d14-492a-882d-9c784a4948f6 3e01dbd7e1704f9db4666c59b8ae46bc 2c5cb693a75c4cc8bb6350c86fae6bfe - - default default] 10.0.0.54 "GET /v2.0/ports HTTP/1.1" status: 200 len: 9570 time: 0.0498807
2026-07-02 01:36:02.806 9 INFO neutron.api.wsgi [None req-ce846666-ba2d-42e7-8546-dc41ddf4ca38 3e01dbd7e1704f9db4666c59b8ae46bc 2c5cb693a75c4cc8bb6350c86fae6bfe - - default default] 10.0.0.54 "GET /v2.0/subnets HTTP/1.1" status: 200 len: 2158 time: 0.0477164
2026-07-02 01:36:02.812 9 INFO neutron.api.wsgi [None req-02cf282f-2e00-4202-8dbc-ea30ca26a1db 3e01dbd7e1704f9db4666c59b8ae46bc 2c5cb693a75c4cc8bb6350c86fae6bfe - - default default] 10.0.0.54 "GET /v2.0/subnetpools HTTP/1.1" status: 200 len: 193 time: 0.0056319
2026-07-02 01:36:02.832 9 INFO neutron.api.wsgi [None req-37bea892-61b9-486d-a2f3-31c5bdd436ea 3e01dbd7e1704f9db4666c59b8ae46bc 2c5cb693a75c4cc8bb6350c86fae6bfe - - default default] 10.0.0.54 "GET /v2.0/subnets HTTP/1.1" status: 200 len: 2158 time: 0.0188651
2026-07-02 01:36:02.886 9 INFO neutron.api.wsgi [None req-6e3e42fb-355e-4f6b-a933-dc9f09ad23d4 3e01dbd7e1704f9db4666c59b8ae46bc 2c5cb693a75c4cc8bb6350c86fae6bfe - - default default] 10.0.0.54 "GET /v2.0/routers HTTP/1.1" status: 200 len: 1146 time: 0.0524528
2026-07-02 01:36:02.897 9 INFO neutron.api.wsgi [None req-25c005d7-0dd2-466c-abb0-32334dca7482 3e01dbd7e1704f9db4666c59b8ae46bc 2c5cb693a75c4cc8bb6350c86fae6bfe - - default default] 10.0.0.54 "GET /v2.0/agents?binary=ovn-controller HTTP/1.1" status: 200 len: 591 time: 0.0096829
2026-07-02 01:36:03.469 10 INFO neutron.db.ovn_revision_numbers_db [None req-cbb6b79f-475d-44b8-84d0-aea913ff6a64 3e01dbd7e1704f9db4666c59b8ae46bc 2c5cb693a75c4cc8bb6350c86fae6bfe - - default default] Successfully bumped revision number for resource 72b7e509-0785-4846-a23f-11c4a1442e70 (type: security_groups) to 1
2026-07-02 01:36:03.488 10 INFO neutron.db.ovn_revision_numbers_db [None req-cbb6b79f-475d-44b8-84d0-aea913ff6a64 3e01dbd7e1704f9db4666c59b8ae46bc 2c5cb693a75c4cc8bb6350c86fae6bfe - - default default] Successfully bumped revision number for resource 07aa4657-0d82-44dc-b407-7c6e44850e18 (type: security_group_rules) to 0
2026-07-02 01:36:03.510 10 INFO neutron.db.ovn_revision_numbers_db [None req-cbb6b79f-475d-44b8-84d0-aea913ff6a64 3e01dbd7e1704f9db4666c59b8ae46bc 2c5cb693a75c4cc8bb6350c86fae6bfe - - default default] Successfully bumped revision number for resource 1128cab3-c0a8-4d31-babe-6257887cc6eb (type: security_group_rules) to 0
2026-07-02 01:36:03.523 10 INFO neutron.db.ovn_revision_numbers_db [None req-cbb6b79f-475d-44b8-84d0-aea913ff6a64 3e01dbd7e1704f9db4666c59b8ae46bc 2c5cb693a75c4cc8bb6350c86fae6bfe - - default default] Successfully bumped revision number for resource 5a2430f6-82a2-416c-825e-2b614258fab5 (type: security_group_rules) to 0
2026-07-02 01:36:03.538 10 INFO neutron.db.ovn_revision_numbers_db [None req-cbb6b79f-475d-44b8-84d0-aea913ff6a64 3e01dbd7e1704f9db4666c59b8ae46bc 2c5cb693a75c4cc8bb6350c86fae6bfe - - default default] Successfully bumped revision number for resource d375fa4b-f6e7-4d70-a66e-10182ac5848b (type: security_group_rules) to 0
2026-07-02 01:36:03.566 10 INFO neutron.api.wsgi [None req-cbb6b79f-475d-44b8-84d0-aea913ff6a64 3e01dbd7e1704f9db4666c59b8ae46bc 2c5cb693a75c4cc8bb6350c86fae6bfe - - default default] 10.0.0.92 "GET /v2.0/security-groups?tenant_id=bcf8a5f9461c4e2e80f0533ada95eae7&name=default HTTP/1.1" status: 200 len: 3120 time: 0.4650059
2026-07-02 01:36:03.745 9 INFO neutron.db.ovn_revision_numbers_db [None req-4d45a24e-31ef-4aee-9b49-773695eacf85 3e01dbd7e1704f9db4666c59b8ae46bc 2c5cb693a75c4cc8bb6350c86fae6bfe - - default default] Successfully bumped revision number for resource 9aa4d389-52fc-48da-b0d4-b086b976ffec (type: security_groups) to 1
2026-07-02 01:36:03.768 9 INFO neutron.db.ovn_revision_numbers_db [None req-4d45a24e-31ef-4aee-9b49-773695eacf85 3e01dbd7e1704f9db4666c59b8ae46bc 2c5cb693a75c4cc8bb6350c86fae6bfe - - default default] Successfully bumped revision number for resource 5eb95d4a-ef79-47d3-b8b2-68c3089538d3 (type: security_group_rules) to 0
2026-07-02 01:36:03.781 9 INFO neutron.db.ovn_revision_numbers_db [None req-4d45a24e-31ef-4aee-9b49-773695eacf85 3e01dbd7e1704f9db4666c59b8ae46bc 2c5cb693a75c4cc8bb6350c86fae6bfe - - default default] Successfully bumped revision number for resource 6c99b62a-bb02-4861-b6e8-a65b0cc4d203 (type: security_group_rules) to 0
2026-07-02 01:36:03.798 9 INFO neutron.db.ovn_revision_numbers_db [None req-4d45a24e-31ef-4aee-9b49-773695eacf85 3e01dbd7e1704f9db4666c59b8ae46bc 2c5cb693a75c4cc8bb6350c86fae6bfe - - default default] Successfully bumped revision number for resource e0dddcec-eb0b-4a85-88fa-98aee32dfb40 (type: security_group_rules) to 0
2026-07-02 01:36:03.813 9 INFO neutron.db.ovn_revision_numbers_db [None req-4d45a24e-31ef-4aee-9b49-773695eacf85 3e01dbd7e1704f9db4666c59b8ae46bc 2c5cb693a75c4cc8bb6350c86fae6bfe - - default default] Successfully bumped revision number for resource f75f25d1-a7f0-448d-92a4-c97c3c44095a (type: security_group_rules) to 0
2026-07-02 01:36:03.818 10 INFO neutron.api.wsgi [None req-6532ec23-9fec-47aa-bd75-acbb36c4d609 3e01dbd7e1704f9db4666c59b8ae46bc 2c5cb693a75c4cc8bb6350c86fae6bfe - - default default] 10.0.0.92 "DELETE /v2.0/security-groups/72b7e509-0785-4846-a23f-11c4a1442e70 HTTP/1.1" status: 204 len: 168 time: 0.2468145
2026-07-02 01:36:03.822 10 INFO neutron.api.wsgi [None req-5a54baa2-d139-4624-97cc-ea27c583cc25 8c458e04aebd4515ad50c8b3cfe50ab6 dfe2ba0542954bb7b6a77919cbddd0fe - - default default] 10.0.0.92 "DELETE /v2.0/security-groups/2db45344-9f06-4f08-ad4d-b5d5de9e0d58 HTTP/1.1" status: 204 len: 168 time: 0.1449828
2026-07-02 01:36:03.836 10 INFO neutron.api.v2.resource [None req-0ca82bbc-29cb-410f-b034-7ce46857f597 8c458e04aebd4515ad50c8b3cfe50ab6 dfe2ba0542954bb7b6a77919cbddd0fe - - default default] show failed (client error): The resource could not be found.
2026-07-02 01:36:03.837 10 INFO neutron.api.wsgi [None req-0ca82bbc-29cb-410f-b034-7ce46857f597 8c458e04aebd4515ad50c8b3cfe50ab6 dfe2ba0542954bb7b6a77919cbddd0fe - - default default] 10.0.0.92 "GET /v2.0/security-groups/2db45344-9f06-4f08-ad4d-b5d5de9e0d58 HTTP/1.1" status: 404 len: 347 time: 0.0091369
2026-07-02 01:36:03.854 9 INFO neutron.api.wsgi [None req-4d45a24e-31ef-4aee-9b49-773695eacf85 3e01dbd7e1704f9db4666c59b8ae46bc 2c5cb693a75c4cc8bb6350c86fae6bfe - - default default] 10.0.0.92 "GET /v2.0/security-groups?tenant_id=4df4446f30df4e08b9129b28f5b657ab&name=default HTTP/1.1" status: 200 len: 3120 time: 0.3239670
2026-07-02 01:36:03.909 9 INFO neutron.db.ovn_revision_numbers_db [None req-0289efc0-7124-44bf-8283-2fd850ccebef 3e01dbd7e1704f9db4666c59b8ae46bc 2c5cb693a75c4cc8bb6350c86fae6bfe - - default default] Successfully bumped revision number for resource c9fb0bb4-68bc-4404-a0f5-48ee892058ab (type: security_groups) to 1
2026-07-02 01:36:03.928 9 INFO neutron.db.ovn_revision_numbers_db [None req-0289efc0-7124-44bf-8283-2fd850ccebef 3e01dbd7e1704f9db4666c59b8ae46bc 2c5cb693a75c4cc8bb6350c86fae6bfe - - default default] Successfully bumped revision number for resource 3473e6d9-629d-48fc-bde4-d26d8cc34d11 (type: security_group_rules) to 0
2026-07-02 01:36:03.947 9 INFO neutron.db.ovn_revision_numbers_db [None req-0289efc0-7124-44bf-8283-2fd850ccebef 3e01dbd7e1704f9db4666c59b8ae46bc 2c5cb693a75c4cc8bb6350c86fae6bfe - - default default] Successfully bumped revision number for resource 41d78634-3c80-469d-a944-c7dde65294a5 (type: security_group_rules) to 0
2026-07-02 01:36:04.111 10 INFO neutron.api.wsgi [None req-ec9de8fd-e38e-4c1f-b354-9ff1af2bc052 8c458e04aebd4515ad50c8b3cfe50ab6 dfe2ba0542954bb7b6a77919cbddd0fe - - default default] 10.0.0.92 "DELETE /v2.0/floatingips/e6f1f526-8ccf-4e43-8706-c1b83649b09c HTTP/1.1" status: 204 len: 168 time: 0.2693031
2026-07-02 01:36:04.179 9 INFO neutron.db.ovn_revision_numbers_db [None req-0289efc0-7124-44bf-8283-2fd850ccebef 3e01dbd7e1704f9db4666c59b8ae46bc 2c5cb693a75c4cc8bb6350c86fae6bfe - - default default] Successfully bumped revision number for resource bd8930b5-1643-45e4-a81e-24e885e98c12 (type: security_group_rules) to 0
2026-07-02 01:36:04.193 9 INFO neutron.db.ovn_revision_numbers_db [None req-0289efc0-7124-44bf-8283-2fd850ccebef 3e01dbd7e1704f9db4666c59b8ae46bc 2c5cb693a75c4cc8bb6350c86fae6bfe - - default default] Successfully bumped revision number for resource fcd5c558-f7dd-4b28-af51-77549cd6ac45 (type: security_group_rules) to 0
2026-07-02 01:36:04.234 9 INFO neutron.api.wsgi [None req-0289efc0-7124-44bf-8283-2fd850ccebef 3e01dbd7e1704f9db4666c59b8ae46bc 2c5cb693a75c4cc8bb6350c86fae6bfe - - default default] 10.0.0.92 "GET /v2.0/security-groups?tenant_id=869f3f207eea443ba625a45f630aa8f2&name=default HTTP/1.1" status: 200 len: 3120 time: 0.4955266
2026-07-02 01:36:04.378 9 INFO neutron.api.wsgi [None req-9c345885-817b-480b-a4c0-7705cc73ddc3 3e01dbd7e1704f9db4666c59b8ae46bc 2c5cb693a75c4cc8bb6350c86fae6bfe - - default default] 10.0.0.92 "DELETE /v2.0/security-groups/9aa4d389-52fc-48da-b0d4-b086b976ffec HTTP/1.1" status: 204 len: 168 time: 0.5194862
2026-07-02 01:36:04.514 9 INFO neutron.api.wsgi [None req-771fe44e-49f2-4ce8-9895-b9cdb98f617a 3e01dbd7e1704f9db4666c59b8ae46bc 2c5cb693a75c4cc8bb6350c86fae6bfe - - default default] 10.0.0.92 "DELETE /v2.0/security-groups/c9fb0bb4-68bc-4404-a0f5-48ee892058ab HTTP/1.1" status: 204 len: 168 time: 0.2760270
2026-07-02 01:36:04.616 10 INFO neutron.db.ovn_revision_numbers_db [None req-c27a1b3e-ebad-4332-87cb-2e3dd60e52de 3e01dbd7e1704f9db4666c59b8ae46bc 2c5cb693a75c4cc8bb6350c86fae6bfe - - default default] Successfully bumped revision number for resource 93c12aaf-9d04-4a27-943a-38162b0bf885 (type: security_groups) to 1
2026-07-02 01:36:04.629 10 INFO neutron.db.ovn_revision_numbers_db [None req-c27a1b3e-ebad-4332-87cb-2e3dd60e52de 3e01dbd7e1704f9db4666c59b8ae46bc 2c5cb693a75c4cc8bb6350c86fae6bfe - - default default] Successfully bumped revision number for resource 3f0f42ce-4441-4b38-97ae-518294a84230 (type: security_group_rules) to 0
2026-07-02 01:36:04.646 10 INFO neutron.db.ovn_revision_numbers_db [None req-c27a1b3e-ebad-4332-87cb-2e3dd60e52de 3e01dbd7e1704f9db4666c59b8ae46bc 2c5cb693a75c4cc8bb6350c86fae6bfe - - default default] Successfully bumped revision number for resource 667903f9-e26e-454b-ba86-eec10679a33a (type: security_group_rules) to 0
2026-07-02 01:36:04.665 10 INFO neutron.db.ovn_revision_numbers_db [None req-c27a1b3e-ebad-4332-87cb-2e3dd60e52de 3e01dbd7e1704f9db4666c59b8ae46bc 2c5cb693a75c4cc8bb6350c86fae6bfe - - default default] Successfully bumped revision number for resource a6293437-32be-425f-877a-9335ed8edee5 (type: security_group_rules) to 0
2026-07-02 01:36:04.678 10 INFO neutron.db.ovn_revision_numbers_db [None req-c27a1b3e-ebad-4332-87cb-2e3dd60e52de 3e01dbd7e1704f9db4666c59b8ae46bc 2c5cb693a75c4cc8bb6350c86fae6bfe - - default default] Successfully bumped revision number for resource bde834c3-6c26-449e-896f-5fd641d3d56f (type: security_group_rules) to 0
2026-07-02 01:36:04.725 10 INFO neutron.api.wsgi [None req-c27a1b3e-ebad-4332-87cb-2e3dd60e52de 3e01dbd7e1704f9db4666c59b8ae46bc 2c5cb693a75c4cc8bb6350c86fae6bfe - - default default] 10.0.0.92 "GET /v2.0/security-groups?tenant_id=81489d3644a84809a9443a48d9b039fd&name=default HTTP/1.1" status: 200 len: 3120 time: 0.2589777
2026-07-02 01:36:04.916 9 INFO neutron.api.wsgi [None req-d7474b04-a0bf-461b-943f-d99bf5786080 3e01dbd7e1704f9db4666c59b8ae46bc 2c5cb693a75c4cc8bb6350c86fae6bfe - - default default] 10.0.0.92 "DELETE /v2.0/security-groups/93c12aaf-9d04-4a27-943a-38162b0bf885 HTTP/1.1" status: 204 len: 168 time: 0.1875153
2026-07-02 01:36:05.085 10 INFO neutron.api.wsgi [None req-684a8425-9428-4f93-a0d5-a3df51df0725 3e01dbd7e1704f9db4666c59b8ae46bc 2c5cb693a75c4cc8bb6350c86fae6bfe - - default default] 10.0.0.92 "PUT /v2.0/routers/a8ba51fc-69ef-47d5-8e11-3f8975e6bc1d/remove_router_interface HTTP/1.1" status: 200 len: 503 time: 0.9691021 /var/lib/openstack/lib/python3.12/site-packages/pycadf/identifier.py:71: UserWarning: Invalid uuid: neutron. To ensure interoperability, identifiers should be a valid uuid. warnings.warn(('Invalid uuid: %s. To ensure interoperability, '
2026-07-02 01:36:05.152 15 INFO neutron.plugins.ml2.drivers.ovn.mech_driver.ovsdb.maintenance [None req-184056cb-8df0-43fc-9c95-bd7c217380ba - - - - - -] OVN maintenance task check_for_inconsistencies finished in 0.709 seconds
2026-07-02 01:36:05.885 10 INFO neutron.api.wsgi [None req-efcde93a-64e6-4842-bd47-2bd550f1ee91 3e01dbd7e1704f9db4666c59b8ae46bc 2c5cb693a75c4cc8bb6350c86fae6bfe - - default default] 10.0.0.92 "DELETE /v2.0/routers/a8ba51fc-69ef-47d5-8e11-3f8975e6bc1d HTTP/1.1" status: 204 len: 168 time: 0.7984049
2026-07-02 01:36:06.050 10 INFO neutron.api.wsgi [None req-9494d456-b784-428e-9c66-246227eb50d6 3e01dbd7e1704f9db4666c59b8ae46bc 2c5cb693a75c4cc8bb6350c86fae6bfe - - default default] 10.0.0.92 "DELETE /v2.0/subnets/b86fe744-9caf-47b3-8201-5f57e5717646 HTTP/1.1" status: 204 len: 168 time: 0.1604705
2026-07-02 01:36:06.350 10 INFO neutron.services.segments.plugin [-] Segment 341bba33-59f0-4719-8f9e-b07ae2ceb1ea resource provider aggregate not found
2026-07-02 01:36:06.354 10 INFO neutron.services.segments.plugin [-] Segment 341bba33-59f0-4719-8f9e-b07ae2ceb1ea resource provider aggregate not found
2026-07-02 01:36:06.370 10 INFO neutron.services.segments.plugin [-] Segment 341bba33-59f0-4719-8f9e-b07ae2ceb1ea resource provider not found; error: Placement Client Error (4xx): {"errors": [{"status": 404, "title": "Not Found", "detail": "The resource could not be found.\n\n No resource provider with uuid 341bba33-59f0-4719-8f9e-b07ae2ceb1ea found for delete ", "request_id": "req-a8b63519-c995-4631-99f2-6b88841bf284"}]}
2026-07-02 01:36:06.375 10 INFO neutron.services.segments.plugin [-] Segment 341bba33-59f0-4719-8f9e-b07ae2ceb1ea resource provider not found; error: Placement Client Error (4xx): {"errors": [{"status": 404, "title": "Not Found", "detail": "The resource could not be found.\n\n No resource provider with uuid 341bba33-59f0-4719-8f9e-b07ae2ceb1ea found for delete ", "request_id": "req-ec327bf4-c59e-4630-aff3-ee24b977d582"}]}
2026-07-02 01:36:06.379 10 INFO neutron.api.wsgi [None req-eca15200-c766-4a98-916a-eccdb5e4a2d3 3e01dbd7e1704f9db4666c59b8ae46bc 2c5cb693a75c4cc8bb6350c86fae6bfe - - default default] 10.0.0.92 "DELETE /v2.0/networks/8a3aa241-3a80-462b-ae7c-6deddaab586d HTTP/1.1" status: 204 len: 168 time: 0.3203011
