2026-07-09 14:22:19.354 9 ERROR ovsdbapp.backend.ovs_idl.command
File "/var/lib/openstack/lib/python3.10/site-packages/ovsdbapp/backend/ovs_idl/idlutils.py", line 114, in row_by_value
2026-07-09 14:22:19.354 9 ERROR ovsdbapp.backend.ovs_idl.command raise RowNotFound(table=table, col=column, match=match)
2026-07-09 14:22:19.354 9 ERROR ovsdbapp.backend.ovs_idl.command ovsdbapp.backend.ovs_idl.idlutils.RowNotFound: Cannot find Logical_Router_Port with name=lrp-33100719-5a78-4ded-b9da-af3934d1bec1
2026-07-09 14:22:19.354 9 ERROR ovsdbapp.backend.ovs_idl.command 
2026-07-09 14:22:19.355 9 ERROR neutron_lib.callbacks.manager [None req-64deda2b-73d8-4c93-b69c-f6eb41d894d5 f0ab0cead0a8482cbd3f46df7ba3237b 4de0a78a0a2d40728a8e4cea88b5411f - - default default] Error during notification for neutron.services.ovn_l3.plugin.OVNL3RouterPlugin._port_update-8737824364253 port, after_update: ovsdbapp.backend.ovs_idl.idlutils.RowNotFound: Cannot find Logical_Router_Port with name=lrp-33100719-5a78-4ded-b9da-af3934d1bec1
2026-07-09 14:22:19.355 9 ERROR neutron_lib.callbacks.manager
Traceback (most recent call last):
2026-07-09 14:22:19.355 9 ERROR neutron_lib.callbacks.manager
File "/var/lib/openstack/lib/python3.10/site-packages/neutron_lib/callbacks/manager.py", line 189, in _notify_loop
2026-07-09 14:22:19.355 9 ERROR neutron_lib.callbacks.manager callback.method(resource, event, trigger, payload=payload)
2026-07-09 14:22:19.355 9 ERROR neutron_lib.callbacks.manager
File "/var/lib/openstack/lib/python3.10/site-packages/neutron/services/ovn_l3/plugin.py", line 391, in _port_update
2026-07-09 14:22:19.355 9 ERROR neutron_lib.callbacks.manager l3plugin._ovn_client.update_router_port(context,
2026-07-09 14:22:19.355 9 ERROR neutron_lib.callbacks.manager
File "/var/lib/openstack/lib/python3.10/site-packages/neutron/plugins/ml2/drivers/ovn/mech_driver/ovsdb/ovn_client.py", line 1878, in update_router_port
2026-07-09 14:22:19.355 9 ERROR neutron_lib.callbacks.manager self._update_lrouter_port(context, port, if_exists=if_exists,
2026-07-09 14:22:19.355 9 ERROR neutron_lib.callbacks.manager
File "/var/lib/openstack/lib/python3.10/site-packages/neutron/plugins/ml2/drivers/ovn/mech_driver/ovsdb/ovn_client.py", line 1855, in _update_lrouter_port
2026-07-09 14:22:19.355 9 ERROR neutron_lib.callbacks.manager external_ids = self._nb_idl.db_get(
2026-07-09 14:22:19.355 9 ERROR neutron_lib.callbacks.manager
File "/var/lib/openstack/lib/python3.10/site-packages/ovsdbapp/backend/ovs_idl/command.py", line 47, in execute
2026-07-09 14:22:19.355 9 ERROR neutron_lib.callbacks.manager self.run_idl(None)
2026-07-09 14:22:19.355 9 ERROR neutron_lib.callbacks.manager
File "/var/lib/openstack/lib/python3.10/site-packages/ovsdbapp/backend/ovs_idl/command.py", line 235, in run_idl
2026-07-09 14:22:19.355 9 ERROR neutron_lib.callbacks.manager record = self.api.lookup(self.table, self.record)
2026-07-09 14:22:19.355 9 ERROR neutron_lib.callbacks.manager
File "/var/lib/openstack/lib/python3.10/site-packages/ovsdbapp/backend/ovs_idl/__init__.py", line 184, in lookup
2026-07-09 14:22:19.355 9 ERROR neutron_lib.callbacks.manager return self._lookup(table, record)
2026-07-09 14:22:19.355 9 ERROR neutron_lib.callbacks.manager
File "/var/lib/openstack/lib/python3.10/site-packages/ovsdbapp/backend/ovs_idl/__init__.py", line 235, in _lookup
2026-07-09 14:22:19.355 9 ERROR neutron_lib.callbacks.manager row = idlutils.row_by_value(self, rl.table, rl.column, record)
2026-07-09 14:22:19.355 9 ERROR neutron_lib.callbacks.manager
File "/var/lib/openstack/lib/python3.10/site-packages/ovsdbapp/backend/ovs_idl/idlutils.py", line 114, in row_by_value
2026-07-09 14:22:19.355 9 ERROR neutron_lib.callbacks.manager raise RowNotFound(table=table, col=column, match=match)
2026-07-09 14:22:19.355 9 ERROR neutron_lib.callbacks.manager ovsdbapp.backend.ovs_idl.idlutils.RowNotFound: Cannot find Logical_Router_Port with name=lrp-33100719-5a78-4ded-b9da-af3934d1bec1
2026-07-09 14:22:19.355 9 ERROR neutron_lib.callbacks.manager 
2026-07-09 14:22:19.368 10 WARNING neutron_lib.context [None req-50bd6113-97d7-43ac-98c7-18d60097ab11 1c12bd7102624fdfb82b2b6a61c6cc60 117fadc272e14fc1bab0f978d3d4f3f8 - - default default] Method 'is_advsvc' is deprecated since 2023.2 release (neutron-lib 3.8.0) and will be removed once support for the old RBAC API policies will be removed from Neutron. Please use method 'is_service_role' instead.
2026-07-09 14:22:19.419 10 INFO neutron.db.securitygroups_db [None req-50bd6113-97d7-43ac-98c7-18d60097ab11 1c12bd7102624fdfb82b2b6a61c6cc60 117fadc272e14fc1bab0f978d3d4f3f8 - - default default] Project 117fadc272e14fc1bab0f978d3d4f3f8 added a security group rule with legacy IPv6 ICMP protocol name icmp, ipv6-icmp should be used instead. It was automatically converted.
2026-07-09 14:22:19.443 10 WARNING neutron_lib.context [None req-5c305c66-3c78-4752-8097-cd7dbd2e45ef 7bdeeb2ca48a4366b4fb262cf2908d97 805b2147578e4437ae7af2ceb8561be3 - - default default] Method 'is_advsvc' is deprecated since 2023.2 release (neutron-lib 3.8.0) and will be removed once support for the old RBAC API policies will be removed from Neutron. Please use method 'is_service_role' instead.
2026-07-09 14:22:19.589 10 INFO neutron.db.ovn_revision_numbers_db [None req-5c305c66-3c78-4752-8097-cd7dbd2e45ef 7bdeeb2ca48a4366b4fb262cf2908d97 805b2147578e4437ae7af2ceb8561be3 - - default default] Successfully bumped revision number for resource 990b7120-5172-4903-8f44-e496340475ca (type: routers) to 1
2026-07-09 14:22:19.590 9 INFO neutron.wsgi [None req-0d700664-ece0-4832-bf27-965fc71f0cdd c2d87ec9ee8649d4844617a0834d099d dd7e20190bf44594911675c743f80818 - - default default] 10.0.0.38 "PUT /v2.0/routers/765317ca-bd97-47f7-961a-4161456e63a4/remove_router_interface HTTP/1.1" status: 200 len: 503 time: 1.0669429
2026-07-09 14:22:19.592 10 INFO neutron.db.ovn_revision_numbers_db [None req-50bd6113-97d7-43ac-98c7-18d60097ab11 1c12bd7102624fdfb82b2b6a61c6cc60 117fadc272e14fc1bab0f978d3d4f3f8 - - default default] Successfully bumped revision number for resource 2b6063da-0114-4e33-8ec5-dd9cbe7a0316 (type: security_group_rules) to 0 /var/lib/openstack/lib/python3.10/site-packages/pycadf/identifier.py:71: UserWarning: Invalid uuid: neutron. To ensure interoperability, identifiers should be a valid uuid. warnings.warn(('Invalid uuid: %s. To ensure interoperability, '
2026-07-09 14:22:19.609 10 INFO neutron.wsgi [None req-5c305c66-3c78-4752-8097-cd7dbd2e45ef 7bdeeb2ca48a4366b4fb262cf2908d97 805b2147578e4437ae7af2ceb8561be3 - - default default] 10.0.0.38 "POST /v2.0/routers HTTP/1.1" status: 201 len: 769 time: 0.3886261
2026-07-09 14:22:19.617 10 WARNING neutron_lib.context [None req-f81c6be0-b9d8-4838-bdcb-b3e9f9e527fb 7bdeeb2ca48a4366b4fb262cf2908d97 805b2147578e4437ae7af2ceb8561be3 - - default default] Method 'is_advsvc' is deprecated since 2023.2 release (neutron-lib 3.8.0) and will be removed once support for the old RBAC API policies will be removed from Neutron. Please use method 'is_service_role' instead.
2026-07-09 14:22:19.624 10 INFO neutron.wsgi [None req-50bd6113-97d7-43ac-98c7-18d60097ab11 1c12bd7102624fdfb82b2b6a61c6cc60 117fadc272e14fc1bab0f978d3d4f3f8 - - default default] 10.0.0.38 "POST /v2.0/security-group-rules HTTP/1.1" status: 201 len: 806 time: 0.2625289
2026-07-09 14:22:19.626 9 INFO neutron.wsgi [None req-dd0c38cc-ca82-4684-948e-bd58b7d926a4 c2d87ec9ee8649d4844617a0834d099d dd7e20190bf44594911675c743f80818 - - default default] 10.0.0.38 "GET /v2.0/ports?device_id=765317ca-bd97-47f7-961a-4161456e63a4 HTTP/1.1" status: 200 len: 205 time: 0.0289154
2026-07-09 14:22:19.639 9 WARNING neutron_lib.context [None req-f39f028b-a83f-4b99-b736-33d2ca221a42 1c12bd7102624fdfb82b2b6a61c6cc60 117fadc272e14fc1bab0f978d3d4f3f8 - - default default] Method 'is_advsvc' is deprecated since 2023.2 release (neutron-lib 3.8.0) and will be removed once support for the old RBAC API policies will be removed from Neutron. Please use method 'is_service_role' instead.
2026-07-09 14:22:19.650 9 INFO neutron.db.ovn_revision_numbers_db [None req-64deda2b-73d8-4c93-b69c-f6eb41d894d5 f0ab0cead0a8482cbd3f46df7ba3237b 4de0a78a0a2d40728a8e4cea88b5411f - - default default] Successfully bumped revision number for resource 33100719-5a78-4ded-b9da-af3934d1bec1 (type: ports) to 2
2026-07-09 14:22:19.714 9 INFO neutron.db.securitygroups_db [None req-f39f028b-a83f-4b99-b736-33d2ca221a42 1c12bd7102624fdfb82b2b6a61c6cc60 117fadc272e14fc1bab0f978d3d4f3f8 - - default default] Project 117fadc272e14fc1bab0f978d3d4f3f8 added a security group rule with legacy IPv6 ICMP protocol name icmp, ipv6-icmp should be used instead. It was automatically converted.
2026-07-09 14:22:19.731 9 WARNING neutron.scheduler.dhcp_agent_scheduler [None req-64deda2b-73d8-4c93-b69c-f6eb41d894d5 f0ab0cead0a8482cbd3f46df7ba3237b 4de0a78a0a2d40728a8e4cea88b5411f - - default default] No more DHCP agents
2026-07-09 14:22:19.735 9 WARNING neutron.api.rpc.agentnotifiers.dhcp_rpc_agent_api [None req-64deda2b-73d8-4c93-b69c-f6eb41d894d5 f0ab0cead0a8482cbd3f46df7ba3237b 4de0a78a0a2d40728a8e4cea88b5411f - - default default] Unable to schedule network 4c6f7354-943a-4f7d-aef3-9ff483f14885: no agents available; will retry on subsequent port and subnet creation events.
2026-07-09 14:22:19.869 9 INFO neutron.db.ovn_revision_numbers_db [None req-f39f028b-a83f-4b99-b736-33d2ca221a42 1c12bd7102624fdfb82b2b6a61c6cc60 117fadc272e14fc1bab0f978d3d4f3f8 - - default default] Successfully bumped revision number for resource d6d72ae4-e856-4c42-9264-c0bad82cc229 (type: security_group_rules) to 0
2026-07-09 14:22:19.879 10 INFO neutron.db.ovn_revision_numbers_db [None req-f81c6be0-b9d8-4838-bdcb-b3e9f9e527fb 7bdeeb2ca48a4366b4fb262cf2908d97 805b2147578e4437ae7af2ceb8561be3 - - default default] Successfully bumped revision number for resource 06bf6264-6172-4ed4-a2e9-520af16ef9fd (type: routers) to 1
2026-07-09 14:22:19.907 9 INFO neutron.wsgi [None req-f39f028b-a83f-4b99-b736-33d2ca221a42 1c12bd7102624fdfb82b2b6a61c6cc60 117fadc272e14fc1bab0f978d3d4f3f8 - - default default] 10.0.0.38 "POST /v2.0/security-group-rules HTTP/1.1" status: 201 len: 805 time: 0.2741992
2026-07-09 14:22:19.907 10 INFO neutron.wsgi [None req-f81c6be0-b9d8-4838-bdcb-b3e9f9e527fb 7bdeeb2ca48a4366b4fb262cf2908d97 805b2147578e4437ae7af2ceb8561be3 - - default default] 10.0.0.38 "POST /v2.0/routers HTTP/1.1" status: 201 len: 769 time: 0.2930946
2026-07-09 14:22:19.918 9 INFO neutron.db.ovn_revision_numbers_db [None req-64deda2b-73d8-4c93-b69c-f6eb41d894d5 f0ab0cead0a8482cbd3f46df7ba3237b 4de0a78a0a2d40728a8e4cea88b5411f - - default default] Successfully bumped revision number for resource 33100719-5a78-4ded-b9da-af3934d1bec1 (type: router_ports) to 2
2026-07-09 14:22:19.925 9 INFO neutron.wsgi [None req-64deda2b-73d8-4c93-b69c-f6eb41d894d5 f0ab0cead0a8482cbd3f46df7ba3237b 4de0a78a0a2d40728a8e4cea88b5411f - - default default] 10.0.0.38 "PUT /v2.0/routers/1f1ff5cb-952e-4261-b855-acf8577ac9f9/add_router_interface HTTP/1.1" status: 200 len: 503 time: 2.4762964
2026-07-09 14:22:19.936 10 WARNING neutron_lib.context [None req-3fae2c46-799a-4b76-b78d-faa31e16eeaa 7bdeeb2ca48a4366b4fb262cf2908d97 805b2147578e4437ae7af2ceb8561be3 - - default default] Method 'is_advsvc' is deprecated since 2023.2 release (neutron-lib 3.8.0) and will be removed once support for the old RBAC API policies will be removed from Neutron. Please use method 'is_service_role' instead.
2026-07-09 14:22:19.985 10 INFO neutron.wsgi [None req-aa127d2b-6be9-4316-9cbf-bf3accb3a603 c2d87ec9ee8649d4844617a0834d099d dd7e20190bf44594911675c743f80818 - - default default] 10.0.0.38 "DELETE /v2.0/routers/765317ca-bd97-47f7-961a-4161456e63a4 HTTP/1.1" status: 204 len: 168 time: 0.3539412
2026-07-09 14:22:20.049 9 INFO neutron.wsgi [None req-8afaa2a7-711e-47ec-bb91-9e20edb863be f0ab0cead0a8482cbd3f46df7ba3237b 4de0a78a0a2d40728a8e4cea88b5411f - - default default] 10.0.0.38 "GET /v2.0/ports/33100719-5a78-4ded-b9da-af3934d1bec1 HTTP/1.1" status: 200 len: 1218 time: 0.1199110
2026-07-09 14:22:20.171 10 INFO neutron.db.ovn_revision_numbers_db [None req-3fae2c46-799a-4b76-b78d-faa31e16eeaa 7bdeeb2ca48a4366b4fb262cf2908d97 805b2147578e4437ae7af2ceb8561be3 - - default default] Successfully bumped revision number for resource 46f7c419-94bc-498f-9977-0b6385a9c8b3 (type: routers) to 1
2026-07-09 14:22:20.214 10 INFO neutron.wsgi [None req-3fae2c46-799a-4b76-b78d-faa31e16eeaa 7bdeeb2ca48a4366b4fb262cf2908d97 805b2147578e4437ae7af2ceb8561be3 - - default default] 10.0.0.38 "POST /v2.0/routers HTTP/1.1" status: 201 len: 769 time: 0.3015115
2026-07-09 14:22:20.228 9 WARNING neutron_lib.context [None req-c83556a4-47fb-4b4b-862c-e21c840fcc9b 7bdeeb2ca48a4366b4fb262cf2908d97 805b2147578e4437ae7af2ceb8561be3 - - default default] Method 'is_advsvc' is deprecated since 2023.2 release (neutron-lib 3.8.0) and will be removed once support for the old RBAC API policies will be removed from Neutron. Please use method 'is_service_role' instead. /var/lib/openstack/lib/python3.10/site-packages/pycadf/identifier.py:71: UserWarning: Invalid uuid: neutron. To ensure interoperability, identifiers should be a valid uuid. warnings.warn(('Invalid uuid: %s. To ensure interoperability, '
2026-07-09 14:22:20.358 9 INFO neutron.db.ovn_revision_numbers_db [None req-c83556a4-47fb-4b4b-862c-e21c840fcc9b 7bdeeb2ca48a4366b4fb262cf2908d97 805b2147578e4437ae7af2ceb8561be3 - - default default] Successfully bumped revision number for resource 11e68bec-41b0-4d28-af7a-74f343f51f53 (type: routers) to 1
2026-07-09 14:22:20.375 9 INFO neutron.wsgi [None req-c83556a4-47fb-4b4b-862c-e21c840fcc9b 7bdeeb2ca48a4366b4fb262cf2908d97 805b2147578e4437ae7af2ceb8561be3 - - default default] 10.0.0.38 "POST /v2.0/routers HTTP/1.1" status: 201 len: 769 time: 0.1539764
2026-07-09 14:22:20.385 9 WARNING neutron_lib.context [None req-9c1a56a6-2c10-47a0-b122-780904011692 7bdeeb2ca48a4366b4fb262cf2908d97 805b2147578e4437ae7af2ceb8561be3 - - default default] Method 'is_advsvc' is deprecated since 2023.2 release (neutron-lib 3.8.0) and will be removed once support for the old RBAC API policies will be removed from Neutron. Please use method 'is_service_role' instead.
2026-07-09 14:22:20.430 10 INFO neutron.wsgi [None req-bdc2f2d1-5a7c-4e08-bce5-ee5d9e5cae61 1c12bd7102624fdfb82b2b6a61c6cc60 117fadc272e14fc1bab0f978d3d4f3f8 - - default default] 10.0.0.38 "GET /v2.0/networks HTTP/1.1" status: 200 len: 1493 time: 0.1472318
2026-07-09 14:22:20.465 10 INFO neutron.wsgi [None req-86ffdae3-5791-4bc2-b923-1aa5ccca8f27 c2d87ec9ee8649d4844617a0834d099d dd7e20190bf44594911675c743f80818 - - default default] 10.0.0.38 "DELETE /v2.0/subnets/dcd72d9f-d0f8-40b1-87c1-2f4b34166282 HTTP/1.1" status: 204 len: 168 time: 0.4726083
2026-07-09 14:22:20.679 10 INFO neutron.wsgi [-] 10.0.0.140 "GET / HTTP/1.1" status: 200 len: 246 time: 0.0014095
2026-07-09 14:22:20.681 10 INFO neutron.wsgi [-] 10.0.0.140 "GET / HTTP/1.1" status: 200 len: 246 time: 0.0009203
2026-07-09 14:22:20.778 9 INFO neutron.db.ovn_revision_numbers_db [None req-9c1a56a6-2c10-47a0-b122-780904011692 7bdeeb2ca48a4366b4fb262cf2908d97 805b2147578e4437ae7af2ceb8561be3 - - default default] Successfully bumped revision number for resource 4c61343a-e3b7-460f-b309-d90ca6b37815 (type: routers) to 1
2026-07-09 14:22:20.799 9 INFO neutron.wsgi [None req-9c1a56a6-2c10-47a0-b122-780904011692 7bdeeb2ca48a4366b4fb262cf2908d97 805b2147578e4437ae7af2ceb8561be3 - - default default] 10.0.0.38 "POST /v2.0/routers HTTP/1.1" status: 201 len: 769 time: 0.4187574
2026-07-09 14:22:20.824 9 INFO neutron.wsgi [req-880dba1f-1045-457d-bbd5-d7d4eb8295e7 req-ab5302cd-8e39-4b86-9c26-2ba81a178adf 1c12bd7102624fdfb82b2b6a61c6cc60 117fadc272e14fc1bab0f978d3d4f3f8 - - default default] 10.0.0.146 "GET /v2.0/security-groups?name=tempest-secgroup-smoke-1201492172&fields=id&tenant_id=117fadc272e14fc1bab0f978d3d4f3f8 HTTP/1.1" status: 200 len: 267 time: 0.0646272
2026-07-09 14:22:20.920 9 INFO neutron.wsgi [None req-d49a1c3a-e1e0-4e4b-8661-fe4cc64839a8 7bdeeb2ca48a4366b4fb262cf2908d97 805b2147578e4437ae7af2ceb8561be3 - - default default] 10.0.0.38 "PUT /v2.0/routers/990b7120-5172-4903-8f44-e496340475ca/tags HTTP/1.1" status: 200 len: 210 time: 0.1119678
2026-07-09 14:22:20.990 9 INFO neutron.wsgi [req-880dba1f-1045-457d-bbd5-d7d4eb8295e7 req-0764c596-bcd8-4f5b-a0c0-c458de126c02 1c12bd7102624fdfb82b2b6a61c6cc60 117fadc272e14fc1bab0f978d3d4f3f8 - - default default] 10.0.0.146 "GET /v2.0/networks?id=fff6c0ec-e000-4698-bf89-ea1eb6f99c0d HTTP/1.1" status: 200 len: 860 time: 0.1467245
2026-07-09 14:22:21.016 9 INFO neutron.wsgi [None req-6fd3a678-9b6c-451d-9b8d-23dc3a46e263 7bdeeb2ca48a4366b4fb262cf2908d97 805b2147578e4437ae7af2ceb8561be3 - - default default] 10.0.0.38 "PUT /v2.0/routers/06bf6264-6172-4ed4-a2e9-520af16ef9fd/tags HTTP/1.1" status: 200 len: 218 time: 0.0903409
2026-07-09 14:22:21.020 9 INFO neutron.wsgi [req-880dba1f-1045-457d-bbd5-d7d4eb8295e7 req-7dcbf8c7-b1e1-4d07-857e-f15bad97e3d4 1c12bd7102624fdfb82b2b6a61c6cc60 117fadc272e14fc1bab0f978d3d4f3f8 - - default default] 10.0.0.146 "GET /v2.0/quotas/117fadc272e14fc1bab0f978d3d4f3f8 HTTP/1.1" status: 200 len: 491 time: 0.0160031
2026-07-09 14:22:21.154 9 INFO neutron.wsgi [None req-232f4e83-5458-4e65-b07a-85340cd6b506 7bdeeb2ca48a4366b4fb262cf2908d97 805b2147578e4437ae7af2ceb8561be3 - - default default] 10.0.0.38 "PUT /v2.0/routers/46f7c419-94bc-498f-9977-0b6385a9c8b3/tags HTTP/1.1" status: 200 len: 227 time: 0.1256878
2026-07-09 14:22:21.223 9 INFO neutron.wsgi [req-880dba1f-1045-457d-bbd5-d7d4eb8295e7 req-56ebce5a-885d-49a1-8d77-178c5fa4e150 1c12bd7102624fdfb82b2b6a61c6cc60 117fadc272e14fc1bab0f978d3d4f3f8 - - default default] 10.0.0.146 "GET /v2.0/ports?tenant_id=117fadc272e14fc1bab0f978d3d4f3f8&fields=id HTTP/1.1" status: 200 len: 302 time: 0.1983984
2026-07-09 14:22:21.231 9 INFO neutron.wsgi [None req-08750e40-0a03-4e0d-9a62-407efad472ed 7bdeeb2ca48a4366b4fb262cf2908d97 805b2147578e4437ae7af2ceb8561be3 - - default default] 10.0.0.38 "PUT /v2.0/routers/11e68bec-41b0-4d28-af7a-74f343f51f53/tags HTTP/1.1" status: 200 len: 212 time: 0.0699153
2026-07-09 14:22:21.308 10 INFO neutron.services.segments.plugin [-] Segment 87abae55-d9d1-4065-8253-95d20f06884b resource provider aggregate not found
2026-07-09 14:22:21.314 10 INFO neutron.services.segments.plugin [-] Segment 87abae55-d9d1-4065-8253-95d20f06884b resource provider aggregate not found
2026-07-09 14:22:21.334 9 INFO neutron.wsgi [None req-f4f28fef-8c57-4860-955d-7a70296ae296 7bdeeb2ca48a4366b4fb262cf2908d97 805b2147578e4437ae7af2ceb8561be3 - - default default] 10.0.0.38 "GET /v2.0/routers?tags=red HTTP/1.1" status: 200 len: 1946 time: 0.0950918
2026-07-09 14:22:21.338 10 INFO neutron.services.segments.plugin [-] Segment 87abae55-d9d1-4065-8253-95d20f06884b resource provider not found; error: Placement Client Error (4xx): {"errors": [{"status": 404, "title": "Not Found", "detail": "The resource could not be found.\n\n No resource provider with uuid 87abae55-d9d1-4065-8253-95d20f06884b found for delete ", "request_id": "req-ee9a04a7-8491-4a67-b827-e419363c0848"}]}
2026-07-09 14:22:21.347 10 INFO neutron.services.segments.plugin [-] Segment 87abae55-d9d1-4065-8253-95d20f06884b resource provider not found; error: Placement Client Error (4xx): {"errors": [{"status": 404, "title": "Not Found", "detail": "The resource could not be found.\n\n No resource provider with uuid 87abae55-d9d1-4065-8253-95d20f06884b found for delete ", "request_id": "req-281c2bf4-9248-4fa4-af18-216af17720a1"}]}
2026-07-09 14:22:21.392 9 INFO neutron.wsgi [req-880dba1f-1045-457d-bbd5-d7d4eb8295e7 req-6e7dae87-6bad-42e4-89ef-d18a8fdc0399 98a6fadb8ea840298e4973fcccd1d622 8c40a5055bf74eeb9613dee1aba3e8fe - - a68933338202467fafdc0089282cadca a68933338202467fafdc0089282cadca] 10.0.0.146 "GET /v2.0/networks/fff6c0ec-e000-4698-bf89-ea1eb6f99c0d?fields=segments HTTP/1.1" status: 200 len: 212 time: 0.1550767
2026-07-09 14:22:21.406 10 INFO neutron.wsgi [None req-532028a5-b1bb-48b4-9430-aefca8ca3422 f0ab0cead0a8482cbd3f46df7ba3237b 4de0a78a0a2d40728a8e4cea88b5411f - - default default] 10.0.0.38 "PUT /v2.0/routers/1f1ff5cb-952e-4261-b855-acf8577ac9f9/remove_router_interface HTTP/1.1" status: 200 len: 503 time: 1.3484325 /var/lib/openstack/lib/python3.10/site-packages/pycadf/identifier.py:71: UserWarning: Invalid uuid: neutron. To ensure interoperability, identifiers should be a valid uuid. warnings.warn(('Invalid uuid: %s. To ensure interoperability, '
2026-07-09 14:22:21.425 10 INFO neutron.wsgi [None req-d9b66296-e3aa-4cae-880f-c66141350dc8 c2d87ec9ee8649d4844617a0834d099d dd7e20190bf44594911675c743f80818 - - default default] 10.0.0.38 "DELETE /v2.0/networks/85148569-85c4-4c08-b769-9977e169cdf9 HTTP/1.1" status: 204 len: 168 time: 0.9560864
2026-07-09 14:22:21.437 9 INFO neutron.wsgi [None req-45c78cd6-991d-4fb8-8a00-72678b4bc688 7bdeeb2ca48a4366b4fb262cf2908d97 805b2147578e4437ae7af2ceb8561be3 - - default default] 10.0.0.38 "GET /v2.0/routers?tags=red%2Cblue HTTP/1.1" status: 200 len: 1375 time: 0.0963898
2026-07-09 14:22:21.440 9 WARNING neutron_lib.context [None req-9479c9b8-9aae-47b5-a5e4-7121ce6bd670 c2d87ec9ee8649d4844617a0834d099d dd7e20190bf44594911675c743f80818 - - default default] Method 'is_advsvc' is deprecated since 2023.2 release (neutron-lib 3.8.0) and will be removed once support for the old RBAC API policies will be removed from Neutron. Please use method 'is_service_role' instead.
2026-07-09 14:22:21.502 9 INFO neutron.wsgi [req-880dba1f-1045-457d-bbd5-d7d4eb8295e7 req-9b58a718-23f1-49dc-b858-1e75004546ab 98a6fadb8ea840298e4973fcccd1d622 8c40a5055bf74eeb9613dee1aba3e8fe - - a68933338202467fafdc0089282cadca a68933338202467fafdc0089282cadca] 10.0.0.146 "GET /v2.0/networks/fff6c0ec-e000-4698-bf89-ea1eb6f99c0d?fields=provider%3Aphysical_network&fields=provider%3Anetwork_type HTTP/1.1" status: 200 len: 277 time: 0.1008339
2026-07-09 14:22:21.543 10 INFO neutron.api.v2.resource [None req-2de2a2e5-f438-4746-b3a8-907ec4810710 f0ab0cead0a8482cbd3f46df7ba3237b 4de0a78a0a2d40728a8e4cea88b5411f - - default default] remove_router_interface failed (client error): The resource could not be found.
2026-07-09 14:22:21.545 10 INFO neutron.wsgi [None req-2de2a2e5-f438-4746-b3a8-907ec4810710 f0ab0cead0a8482cbd3f46df7ba3237b 4de0a78a0a2d40728a8e4cea88b5411f - - default default] 10.0.0.38 "PUT /v2.0/routers/1f1ff5cb-952e-4261-b855-acf8577ac9f9/remove_router_interface HTTP/1.1" status: 404 len: 398 time: 0.1338618
2026-07-09 14:22:21.548 10 INFO neutron.wsgi [None req-d8ff0410-7d28-4576-8dc4-99eca39fc8d8 7bdeeb2ca48a4366b4fb262cf2908d97 805b2147578e4437ae7af2ceb8561be3 - - default default] 10.0.0.38 "GET /v2.0/routers?tags-any=blue HTTP/1.1" status: 200 len: 1375 time: 0.1070883
2026-07-09 14:22:21.592 10 INFO neutron.wsgi [None req-1b3465d8-c159-49f8-b5f5-61748271db5e f0ab0cead0a8482cbd3f46df7ba3237b 4de0a78a0a2d40728a8e4cea88b5411f - - default default] 10.0.0.38 "GET /v2.0/ports?device_id=1f1ff5cb-952e-4261-b855-acf8577ac9f9 HTTP/1.1" status: 200 len: 205 time: 0.0403314
2026-07-09 14:22:21.629 10 INFO neutron.wsgi [None req-a58e079d-ebca-48ca-8cd7-2b80583e0643 7bdeeb2ca48a4366b4fb262cf2908d97 805b2147578e4437ae7af2ceb8561be3 - - default default] 10.0.0.38 "GET /v2.0/routers?tags-any=red%2Cblue HTTP/1.1" status: 200 len: 1946 time: 0.0701048
2026-07-09 14:22:21.660 10 INFO neutron.wsgi [req-45ad3cb3-679b-43ec-8672-403bc90d538f req-f5ebaf37-3e42-4ede-8403-d6e1bf249e71 1c12bd7102624fdfb82b2b6a61c6cc60 117fadc272e14fc1bab0f978d3d4f3f8 - - default default] 10.0.0.146 "GET /v2.0/ports?device_id=73069d1d-c8d4-4cec-ae77-194bd5c51c3e HTTP/1.1" status: 200 len: 210 time: 0.0298295
2026-07-09 14:22:21.733 10 INFO neutron.wsgi [None req-fd2aa98c-672a-44e2-91af-22e077198c0b 7bdeeb2ca48a4366b4fb262cf2908d97 805b2147578e4437ae7af2ceb8561be3 - - default default] 10.0.0.38 "GET /v2.0/routers?not-tags=red HTTP/1.1" status: 200 len: 1347 time: 0.0962272
2026-07-09 14:22:21.837 10 INFO neutron.wsgi [None req-8482a0a9-e561-4ec2-af52-2977a2a7369d 7bdeeb2ca48a4366b4fb262cf2908d97 805b2147578e4437ae7af2ceb8561be3 - - default default] 10.0.0.38 "GET /v2.0/routers?not-tags=red%2Cblue HTTP/1.1" status: 200 len: 1918 time: 0.0957890
2026-07-09 14:22:21.933 10 INFO neutron.wsgi [None req-5f381ad9-6a7c-4d86-bc44-a8d04b645e65 7bdeeb2ca48a4366b4fb262cf2908d97 805b2147578e4437ae7af2ceb8561be3 - - default default] 10.0.0.38 "GET /v2.0/routers?not-tags-any=blue HTTP/1.1" status: 200 len: 1918 time: 0.0865910
2026-07-09 14:22:22.013 10 INFO neutron.wsgi [None req-a163e971-adf4-476e-9b8a-7db6a336913b 7bdeeb2ca48a4366b4fb262cf2908d97 805b2147578e4437ae7af2ceb8561be3 - - default default] 10.0.0.38 "GET /v2.0/routers?not-tags-any=red%2Cblue HTTP/1.1" status: 200 len: 1347 time: 0.0702941
2026-07-09 14:22:22.086 10 INFO neutron.wsgi [None req-328d718f-bca5-4842-ade8-0bc1a2bac42e 7bdeeb2ca48a4366b4fb262cf2908d97 805b2147578e4437ae7af2ceb8561be3 - - default default] 10.0.0.38 "GET /v2.0/routers/990b7120-5172-4903-8f44-e496340475ca HTTP/1.1" status: 200 len: 775 time: 0.0603769
2026-07-09 14:22:22.225 9 INFO neutron.wsgi [None req-8741131a-3f71-4b90-a6c0-a7222885ac5a f0ab0cead0a8482cbd3f46df7ba3237b 4de0a78a0a2d40728a8e4cea88b5411f - - default default] 10.0.0.38 "DELETE /v2.0/routers/1f1ff5cb-952e-4261-b855-acf8577ac9f9 HTTP/1.1" status: 204 len: 168 time: 0.6285124
2026-07-09 14:22:22.412 9 WARNING neutron.plugins.ml2.drivers.ovn.mech_driver.ovsdb.ovn_client [None req-385b009b-c5c6-40d7-96a5-e662b6216ca5 - - - - - -] No hosting information found for port 49787351-9bb6-4d6c-91c6-964407dfeb7e: RuntimeError: No hosting information found for port 49787351-9bb6-4d6c-91c6-964407dfeb7e
2026-07-09 14:22:22.412 9 INFO neutron.plugins.ml2.drivers.ovn.mech_driver.mech_driver [None req-385b009b-c5c6-40d7-96a5-e662b6216ca5 - - - - - -] OVN reports status up for port: 33100719-5a78-4ded-b9da-af3934d1bec1
2026-07-09 14:22:22.474 9 WARNING neutron.scheduler.dhcp_agent_scheduler [None req-9479c9b8-9aae-47b5-a5e4-7121ce6bd670 c2d87ec9ee8649d4844617a0834d099d dd7e20190bf44594911675c743f80818 - - default default] No more DHCP agents
2026-07-09 14:22:22.476 9 WARNING neutron.api.rpc.agentnotifiers.dhcp_rpc_agent_api [None req-9479c9b8-9aae-47b5-a5e4-7121ce6bd670 c2d87ec9ee8649d4844617a0834d099d dd7e20190bf44594911675c743f80818 - - default default] Unable to schedule network 0b6c78b0-88d5-4e8d-a294-73ace6d91848: no agents available; will retry on subsequent port and subnet creation events.
2026-07-09 14:22:22.593 10 INFO neutron.wsgi [req-880dba1f-1045-457d-bbd5-d7d4eb8295e7 req-5ec2325f-b7f3-444a-b6bc-43a377295761 1c12bd7102624fdfb82b2b6a61c6cc60 117fadc272e14fc1bab0f978d3d4f3f8 - - default default] 199.19.213.152 "GET /v2.0/networks?id=fff6c0ec-e000-4698-bf89-ea1eb6f99c0d HTTP/1.1" status: 200 len: 860 time: 0.2028379
2026-07-09 14:22:22.645 9 INFO neutron.db.ovn_revision_numbers_db [None req-9479c9b8-9aae-47b5-a5e4-7121ce6bd670 c2d87ec9ee8649d4844617a0834d099d dd7e20190bf44594911675c743f80818 - - default default] Successfully bumped revision number for resource 5a598464-9c58-48d4-be53-bae7f288d3b7 (type: ports) to 1
2026-07-09 14:22:22.782 9 INFO neutron.wsgi [req-1f9c1b44-d136-4572-b84d-319113f07570 req-55c367ac-4f8d-4643-bcc5-f187560ac0e9 1c12bd7102624fdfb82b2b6a61c6cc60 117fadc272e14fc1bab0f978d3d4f3f8 - - default default] 10.0.0.146 "GET /v2.0/ports?device_id=73069d1d-c8d4-4cec-ae77-194bd5c51c3e HTTP/1.1" status: 200 len: 210 time: 0.0315754
2026-07-09 14:22:23.017 10 INFO neutron.db.ovn_revision_numbers_db [None req-65ab1193-a67b-4277-bcf9-452df35541fa 7bdeeb2ca48a4366b4fb262cf2908d97 805b2147578e4437ae7af2ceb8561be3 - - default default] Successfully bumped revision number for resource 990b7120-5172-4903-8f44-e496340475ca (type: routers) to 2
2026-07-09 14:22:23.031 10 INFO neutron.wsgi [None req-75abfa24-01d7-48f1-9abc-8dd87421392d f0ab0cead0a8482cbd3f46df7ba3237b 4de0a78a0a2d40728a8e4cea88b5411f - - default default] 10.0.0.38 "DELETE /v2.0/subnets/91af5b2d-f58e-4569-96cb-34563a761bb1 HTTP/1.1" status: 204 len: 168 time: 0.8006349
2026-07-09 14:22:23.038 10 INFO neutron.wsgi [None req-65ab1193-a67b-4277-bcf9-452df35541fa 7bdeeb2ca48a4366b4fb262cf2908d97 805b2147578e4437ae7af2ceb8561be3 - - default default] 10.0.0.38 "PUT /v2.0/routers/990b7120-5172-4903-8f44-e496340475ca HTTP/1.1" status: 200 len: 775 time: 0.9402654
2026-07-09 14:22:23.042 10 INFO neutron.wsgi [req-880dba1f-1045-457d-bbd5-d7d4eb8295e7 req-02a12dc0-008d-4dd0-9b2d-4f1ea868a9f8 1c12bd7102624fdfb82b2b6a61c6cc60 117fadc272e14fc1bab0f978d3d4f3f8 - - default default] 199.19.213.152 "GET /v2.0/security-groups?fields=id&fields=name&tenant_id=117fadc272e14fc1bab0f978d3d4f3f8 HTTP/1.1" status: 200 len: 380 time: 0.4384935
2026-07-09 14:22:23.073 10 WARNING neutron_lib.context [req-880dba1f-1045-457d-bbd5-d7d4eb8295e7 req-d37fba3f-fc3c-4291-832a-4899def35607 1c12bd7102624fdfb82b2b6a61c6cc60 117fadc272e14fc1bab0f978d3d4f3f8 - - default default] Method 'is_advsvc' is deprecated since 2023.2 release (neutron-lib 3.8.0) and will be removed once support for the old RBAC API policies will be removed from Neutron. Please use method 'is_service_role' instead.
2026-07-09 14:22:23.084 10 INFO neutron.wsgi [None req-e45c1136-95b6-4b47-b4d3-c6a00b3c6204 7bdeeb2ca48a4366b4fb262cf2908d97 805b2147578e4437ae7af2ceb8561be3 - - default default] 10.0.0.38 "GET /v2.0/ports?device_id=990b7120-5172-4903-8f44-e496340475ca HTTP/1.1" status: 200 len: 205 time: 0.0409532
2026-07-09 14:22:23.399 10 INFO neutron.wsgi [None req-17df68ee-ee83-4154-90db-acad593c6d52 7bdeeb2ca48a4366b4fb262cf2908d97 805b2147578e4437ae7af2ceb8561be3 - - default default] 10.0.0.38 "DELETE /v2.0/routers/990b7120-5172-4903-8f44-e496340475ca HTTP/1.1" status: 204 len: 168 time: 0.3096247
2026-07-09 14:22:23.422 10 WARNING neutron.plugins.ml2.drivers.ovn.mech_driver.ovsdb.ovn_client [None req-b7f09dd7-66e4-4e23-b4b0-b3d8561965c0 - - - - - -] No port found with ID 0a2c53b1-4c24-4456-b492-99d59fbf573b: RuntimeError: No port found with ID 0a2c53b1-4c24-4456-b492-99d59fbf573b
2026-07-09 14:22:23.474 10 INFO neutron.wsgi [None req-91df4108-7579-4567-a478-ad87b8514896 7bdeeb2ca48a4366b4fb262cf2908d97 805b2147578e4437ae7af2ceb8561be3 - - default default] 10.0.0.38 "GET /v2.0/routers/06bf6264-6172-4ed4-a2e9-520af16ef9fd HTTP/1.1" status: 200 len: 783 time: 0.0622587
2026-07-09 14:22:23.568 9 INFO neutron.services.segments.plugin [-] Segment 0c332f7f-0771-444e-a468-1a84058c4d7a resource provider aggregate not found
2026-07-09 14:22:23.585 9 INFO neutron.services.segments.plugin [-] Segment 0c332f7f-0771-444e-a468-1a84058c4d7a resource provider aggregate not found
2026-07-09 14:22:23.593 9 INFO neutron.services.segments.plugin [-] Segment 0c332f7f-0771-444e-a468-1a84058c4d7a resource provider not found; error: Placement Client Error (4xx): {"errors": [{"status": 404, "title": "Not Found", "detail": "The resource could not be found.\n\n No resource provider with uuid 0c332f7f-0771-444e-a468-1a84058c4d7a found for delete ", "request_id": "req-65a9f3a4-e828-4b0c-8338-32cf99af74b5"}]}
2026-07-09 14:22:23.599 9 INFO neutron.plugins.ml2.drivers.ovn.mech_driver.ovsdb.commands [None req-5c5f415a-0e8a-4f91-b369-cb2cc75212f1 - - - - - -] Schedule LRP lrp-5a598464-9c58-48d4-be53-bae7f288d3b7 on gateway 5fc90db5-0a0a-4992-80c7-762654a90200 with priority 1
2026-07-09 14:22:23.610 9 INFO neutron.plugins.ml2.drivers.ovn.mech_driver.mech_driver [None req-385b009b-c5c6-40d7-96a5-e662b6216ca5 - - - - - -] OVN reports status up for port: 5a598464-9c58-48d4-be53-bae7f288d3b7
2026-07-09 14:22:23.613 9 INFO neutron.services.segments.plugin [-] Segment 0c332f7f-0771-444e-a468-1a84058c4d7a resource provider not found; error: Placement Client Error (4xx): {"errors": [{"status": 404, "title": "Not Found", "detail": "The resource could not be found.\n\n No resource provider with uuid 0c332f7f-0771-444e-a468-1a84058c4d7a found for delete ", "request_id": "req-0bd06c9e-f647-4d08-8415-432e434bb173"}]}
2026-07-09 14:22:23.636 9 INFO neutron.plugins.ml2.plugin [None req-385b009b-c5c6-40d7-96a5-e662b6216ca5 - - - - - -] Attempt 1 to provision port 5a598464-9c58-48d4-be53-bae7f288d3b7
2026-07-09 14:22:23.658 9 INFO neutron.wsgi [None req-f2097d0c-cb61-4966-8013-0a703c26db6f f0ab0cead0a8482cbd3f46df7ba3237b 4de0a78a0a2d40728a8e4cea88b5411f - - default default] 10.0.0.38 "DELETE /v2.0/networks/4c6f7354-943a-4f7d-aef3-9ff483f14885 HTTP/1.1" status: 204 len: 168 time: 0.6201682
2026-07-09 14:22:23.661 9 INFO neutron.db.ovn_revision_numbers_db [None req-9479c9b8-9aae-47b5-a5e4-7121ce6bd670 c2d87ec9ee8649d4844617a0834d099d dd7e20190bf44594911675c743f80818 - - default default] Successfully bumped revision number for resource 5a598464-9c58-48d4-be53-bae7f288d3b7 (type: router_ports) to 1
2026-07-09 14:22:23.687 9 WARNING neutron_lib.context [None req-2e474877-84dd-42d6-8d2c-c4c16dd65299 f0ab0cead0a8482cbd3f46df7ba3237b 4de0a78a0a2d40728a8e4cea88b5411f - - default default] Method 'is_advsvc' is deprecated since 2023.2 release (neutron-lib 3.8.0) and will be removed once support for the old RBAC API policies will be removed from Neutron. Please use method 'is_service_role' instead.
2026-07-09 14:22:23.800 9 INFO neutron.db.ovn_revision_numbers_db [None req-9479c9b8-9aae-47b5-a5e4-7121ce6bd670 c2d87ec9ee8649d4844617a0834d099d dd7e20190bf44594911675c743f80818 - - default default] Successfully bumped revision number for resource 3684dd8f-6086-4e87-b941-36b5ae5899e5 (type: routers) to 2
2026-07-09 14:22:23.828 9 INFO neutron.wsgi [None req-9479c9b8-9aae-47b5-a5e4-7121ce6bd670 c2d87ec9ee8649d4844617a0834d099d dd7e20190bf44594911675c743f80818 - - default default] 10.0.0.38 "POST /v2.0/routers HTTP/1.1" status: 201 len: 1147 time: 2.3963852
2026-07-09 14:22:23.837 9 INFO neutron.db.segments_db [None req-2e474877-84dd-42d6-8d2c-c4c16dd65299 f0ab0cead0a8482cbd3f46df7ba3237b 4de0a78a0a2d40728a8e4cea88b5411f - - default default] Added segment 656ba4a8-8f17-4873-8f71-c6b19769f798 of type geneve for network b0a9b20e-8d64-422a-b3f7-34d95764b961
2026-07-09 14:22:23.843 10 WARNING neutron.scheduler.dhcp_agent_scheduler [req-880dba1f-1045-457d-bbd5-d7d4eb8295e7 req-d37fba3f-fc3c-4291-832a-4899def35607 1c12bd7102624fdfb82b2b6a61c6cc60 117fadc272e14fc1bab0f978d3d4f3f8 - - default default] No more DHCP agents
2026-07-09 14:22:23.856 10 WARNING neutron.api.rpc.agentnotifiers.dhcp_rpc_agent_api [req-880dba1f-1045-457d-bbd5-d7d4eb8295e7 req-d37fba3f-fc3c-4291-832a-4899def35607 1c12bd7102624fdfb82b2b6a61c6cc60 117fadc272e14fc1bab0f978d3d4f3f8 - - default default] Unable to schedule network fff6c0ec-e000-4698-bf89-ea1eb6f99c0d: no agents available; will retry on subsequent port and subnet creation events. /var/lib/openstack/lib/python3.10/site-packages/pycadf/identifier.py:71: UserWarning: Invalid uuid: neutron. To ensure interoperability, identifiers should be a valid uuid. warnings.warn(('Invalid uuid: %s. To ensure interoperability, '
2026-07-09 14:22:24.008 10 INFO neutron.db.ovn_revision_numbers_db [None req-c36b8b1e-d8fb-49ac-b28e-ef66d140f903 7bdeeb2ca48a4366b4fb262cf2908d97 805b2147578e4437ae7af2ceb8561be3 - - default default] Successfully bumped revision number for resource 06bf6264-6172-4ed4-a2e9-520af16ef9fd (type: routers) to 2
2026-07-09 14:22:24.016 10 INFO neutron.wsgi [None req-c36b8b1e-d8fb-49ac-b28e-ef66d140f903 7bdeeb2ca48a4366b4fb262cf2908d97 805b2147578e4437ae7af2ceb8561be3 - - default default] 10.0.0.38 "PUT /v2.0/routers/06bf6264-6172-4ed4-a2e9-520af16ef9fd HTTP/1.1" status: 200 len: 783 time: 0.5360308
2026-07-09 14:22:24.055 10 INFO neutron.wsgi [req-c9e9df46-e1dd-4484-be24-3544d9d70e2f req-6ec71535-38f6-45b0-8ea7-52fba31d8176 1c12bd7102624fdfb82b2b6a61c6cc60 117fadc272e14fc1bab0f978d3d4f3f8 - - default default] 10.0.0.146 "GET /v2.0/ports?device_id=73069d1d-c8d4-4cec-ae77-194bd5c51c3e HTTP/1.1" status: 200 len: 1156 time: 0.1974936
2026-07-09 14:22:24.058 10 INFO neutron.wsgi [None req-65d58ea8-4118-4d5e-bce3-1f470171bf94 7bdeeb2ca48a4366b4fb262cf2908d97 805b2147578e4437ae7af2ceb8561be3 - - default default] 10.0.0.38 "GET /v2.0/ports?device_id=06bf6264-6172-4ed4-a2e9-520af16ef9fd HTTP/1.1" status: 200 len: 205 time: 0.0342901
2026-07-09 14:22:24.177 10 INFO neutron.wsgi [req-c9e9df46-e1dd-4484-be24-3544d9d70e2f req-93dc2893-862e-440c-9953-52875463507a 1c12bd7102624fdfb82b2b6a61c6cc60 117fadc272e14fc1bab0f978d3d4f3f8 - - default default] 10.0.0.146 "GET /v2.0/security-groups?id=0830b29d-1adc-45c3-9ebd-e5c94871b576&fields=id&fields=name HTTP/1.1" status: 200 len: 313 time: 0.1137350
2026-07-09 14:22:24.177 9 INFO neutron.wsgi [None req-c2db5a2a-2aaf-4e9f-ac99-f671ca5492c7 c2d87ec9ee8649d4844617a0834d099d dd7e20190bf44594911675c743f80818 - - default default] 10.0.0.38 "GET /v2.0/routers/3684dd8f-6086-4e87-b941-36b5ae5899e5 HTTP/1.1" status: 200 len: 1148 time: 0.3348947
2026-07-09 14:22:24.251 9 INFO neutron.db.ovn_revision_numbers_db [None req-2e474877-84dd-42d6-8d2c-c4c16dd65299 f0ab0cead0a8482cbd3f46df7ba3237b 4de0a78a0a2d40728a8e4cea88b5411f - - default default] Successfully bumped revision number for resource b0a9b20e-8d64-422a-b3f7-34d95764b961 (type: networks) to 1
2026-07-09 14:22:24.315 10 INFO neutron.db.ovn_revision_numbers_db [req-880dba1f-1045-457d-bbd5-d7d4eb8295e7 req-d37fba3f-fc3c-4291-832a-4899def35607 1c12bd7102624fdfb82b2b6a61c6cc60 117fadc272e14fc1bab0f978d3d4f3f8 - - default default] Successfully bumped revision number for resource b7d4ce3c-c149-4310-a6e3-3790cb10b270 (type: ports) to 1
2026-07-09 14:22:24.443 9 WARNING neutron.scheduler.dhcp_agent_scheduler [None req-2e474877-84dd-42d6-8d2c-c4c16dd65299 f0ab0cead0a8482cbd3f46df7ba3237b 4de0a78a0a2d40728a8e4cea88b5411f - - default default] No more DHCP agents
2026-07-09 14:22:24.446 9 WARNING neutron.api.rpc.agentnotifiers.dhcp_rpc_agent_api [None req-2e474877-84dd-42d6-8d2c-c4c16dd65299 f0ab0cead0a8482cbd3f46df7ba3237b 4de0a78a0a2d40728a8e4cea88b5411f - - default default] Unable to schedule network b0a9b20e-8d64-422a-b3f7-34d95764b961: no agents available; will retry on subsequent port and subnet creation events.
2026-07-09 14:22:24.549 9 INFO neutron.db.ovn_revision_numbers_db [None req-2e474877-84dd-42d6-8d2c-c4c16dd65299 f0ab0cead0a8482cbd3f46df7ba3237b 4de0a78a0a2d40728a8e4cea88b5411f - - default default] Successfully bumped revision number for resource 966ea784-d032-47d7-a68b-f8239ca04dac (type: ports) to 1
2026-07-09 14:22:24.572 9 INFO neutron.wsgi [None req-2e474877-84dd-42d6-8d2c-c4c16dd65299 f0ab0cead0a8482cbd3f46df7ba3237b 4de0a78a0a2d40728a8e4cea88b5411f - - default default] 10.0.0.38 "POST /v2.0/networks HTTP/1.1" status: 201 len: 832 time: 0.9054441
2026-07-09 14:22:24.584 9 WARNING neutron_lib.context [None req-e371cf40-3124-4090-bfab-44c336db2d23 f0ab0cead0a8482cbd3f46df7ba3237b 4de0a78a0a2d40728a8e4cea88b5411f - - default default] Method 'is_advsvc' is deprecated since 2023.2 release (neutron-lib 3.8.0) and will be removed once support for the old RBAC API policies will be removed from Neutron. Please use method 'is_service_role' instead.
2026-07-09 14:22:24.706 10 INFO neutron.wsgi [req-880dba1f-1045-457d-bbd5-d7d4eb8295e7 req-d37fba3f-fc3c-4291-832a-4899def35607 1c12bd7102624fdfb82b2b6a61c6cc60 117fadc272e14fc1bab0f978d3d4f3f8 - - default default] 199.19.213.152 "POST /v2.0/ports HTTP/1.1" status: 201 len: 1158 time: 1.6401808
2026-07-09 14:22:24.710 10 INFO neutron.wsgi [None req-3cb1fa7c-43fa-4fdf-a4ed-582ab6be07b9 c2d87ec9ee8649d4844617a0834d099d dd7e20190bf44594911675c743f80818 - - default default] 10.0.0.38 "GET /v2.0/routers HTTP/1.1" status: 200 len: 1151 time: 0.5250666
2026-07-09 14:22:24.807 10 INFO neutron.wsgi [None req-3172a1de-ccfe-4d21-94c4-a2c77fed0167 7bdeeb2ca48a4366b4fb262cf2908d97 805b2147578e4437ae7af2ceb8561be3 - - default default] 10.0.0.38 "DELETE /v2.0/routers/06bf6264-6172-4ed4-a2e9-520af16ef9fd HTTP/1.1" status: 204 len: 168 time: 0.7310050
2026-07-09 14:22:24.874 9 INFO neutron.wsgi [None req-f5a6e8d3-9735-482f-9c85-25a0a63683b4 7bdeeb2ca48a4366b4fb262cf2908d97 805b2147578e4437ae7af2ceb8561be3 - - default default] 10.0.0.38 "GET /v2.0/routers/46f7c419-94bc-498f-9977-0b6385a9c8b3 HTTP/1.1" status: 200 len: 792 time: 0.0605352
2026-07-09 14:22:24.900 9 WARNING neutron.scheduler.dhcp_agent_scheduler [None req-e371cf40-3124-4090-bfab-44c336db2d23 f0ab0cead0a8482cbd3f46df7ba3237b 4de0a78a0a2d40728a8e4cea88b5411f - - default default] No more DHCP agents
2026-07-09 14:22:24.903 9 WARNING neutron.api.rpc.agentnotifiers.dhcp_rpc_agent_api [None req-e371cf40-3124-4090-bfab-44c336db2d23 f0ab0cead0a8482cbd3f46df7ba3237b 4de0a78a0a2d40728a8e4cea88b5411f - - default default] Unable to schedule network b0a9b20e-8d64-422a-b3f7-34d95764b961: no agents available; will retry on subsequent port and subnet creation events.
2026-07-09 14:22:24.932 9 INFO neutron.db.ovn_revision_numbers_db [None req-e371cf40-3124-4090-bfab-44c336db2d23 f0ab0cead0a8482cbd3f46df7ba3237b 4de0a78a0a2d40728a8e4cea88b5411f - - default default] Successfully bumped revision number for resource b4195ecb-1bb2-47a4-ba73-f4fde1b58899 (type: subnets) to 0
2026-07-09 14:22:24.953 9 INFO neutron.wsgi [None req-e371cf40-3124-4090-bfab-44c336db2d23 f0ab0cead0a8482cbd3f46df7ba3237b 4de0a78a0a2d40728a8e4cea88b5411f - - default default] 10.0.0.38 "POST /v2.0/subnets HTTP/1.1" status: 201 len: 821 time: 0.3738420
2026-07-09 14:22:24.969 9 WARNING neutron_lib.context [None req-cf618a35-29a6-4c91-a1e9-197daddc3dfd f0ab0cead0a8482cbd3f46df7ba3237b 4de0a78a0a2d40728a8e4cea88b5411f - - default default] Method 'is_advsvc' is deprecated since 2023.2 release (neutron-lib 3.8.0) and will be removed once support for the old RBAC API policies will be removed from Neutron. Please use method 'is_service_role' instead.
2026-07-09 14:22:25.119 9 INFO neutron.db.ovn_revision_numbers_db [None req-cf618a35-29a6-4c91-a1e9-197daddc3dfd f0ab0cead0a8482cbd3f46df7ba3237b 4de0a78a0a2d40728a8e4cea88b5411f - - default default] Successfully bumped revision number for resource 041dd3de-bda0-41df-915a-e193922d62c5 (type: routers) to 1
2026-07-09 14:22:25.140 9 INFO neutron.wsgi [None req-cf618a35-29a6-4c91-a1e9-197daddc3dfd f0ab0cead0a8482cbd3f46df7ba3237b 4de0a78a0a2d40728a8e4cea88b5411f - - default default] 10.0.0.38 "POST /v2.0/routers HTTP/1.1" status: 201 len: 806 time: 0.1759524
2026-07-09 14:22:25.320 9 INFO neutron.wsgi [req-571aab50-7e46-400a-952a-5900c7a0cb50 req-6a13adbb-3ef3-4eda-abfb-3fe356c3e8ab 1c12bd7102624fdfb82b2b6a61c6cc60 117fadc272e14fc1bab0f978d3d4f3f8 - - default default] 10.0.0.146 "GET /v2.0/ports?device_id=73069d1d-c8d4-4cec-ae77-194bd5c51c3e HTTP/1.1" status: 200 len: 1156 time: 0.0663393
2026-07-09 14:22:25.438 9 INFO neutron.wsgi [req-571aab50-7e46-400a-952a-5900c7a0cb50 req-1f2ffe2d-c23f-4c1b-a086-b1a024e43ba7 1c12bd7102624fdfb82b2b6a61c6cc60 117fadc272e14fc1bab0f978d3d4f3f8 - - default default] 10.0.0.146 "GET /v2.0/security-groups?id=0830b29d-1adc-45c3-9ebd-e5c94871b576&fields=id&fields=name HTTP/1.1" status: 200 len: 313 time: 0.1088836
2026-07-09 14:22:25.718 9 WARNING neutron.scheduler.dhcp_agent_scheduler [None req-b7aa4bf6-0817-429b-b1a2-840c94c279b7 f0ab0cead0a8482cbd3f46df7ba3237b 4de0a78a0a2d40728a8e4cea88b5411f - - default default] No more DHCP agents
2026-07-09 14:22:25.722 9 WARNING neutron.api.rpc.agentnotifiers.dhcp_rpc_agent_api [None req-b7aa4bf6-0817-429b-b1a2-840c94c279b7 f0ab0cead0a8482cbd3f46df7ba3237b 4de0a78a0a2d40728a8e4cea88b5411f - - default default] Unable to schedule network b0a9b20e-8d64-422a-b3f7-34d95764b961: no agents available; will retry on subsequent port and subnet creation events.
2026-07-09 14:22:25.777 10 INFO neutron.db.ovn_revision_numbers_db [None req-07ac1a1a-e8b1-4825-87e9-0b401ee42da3 7bdeeb2ca48a4366b4fb262cf2908d97 805b2147578e4437ae7af2ceb8561be3 - - default default] Successfully bumped revision number for resource 46f7c419-94bc-498f-9977-0b6385a9c8b3 (type: routers) to 2
2026-07-09 14:22:25.782 10 INFO neutron.wsgi [None req-07ac1a1a-e8b1-4825-87e9-0b401ee42da3 7bdeeb2ca48a4366b4fb262cf2908d97 805b2147578e4437ae7af2ceb8561be3 - - default default] 10.0.0.38 "PUT /v2.0/routers/46f7c419-94bc-498f-9977-0b6385a9c8b3 HTTP/1.1" status: 200 len: 792 time: 0.8936818
2026-07-09 14:22:25.815 9 INFO neutron.wsgi [None req-b1a8c73a-be92-4b3e-a7ab-5e47a9f6c460 7bdeeb2ca48a4366b4fb262cf2908d97 805b2147578e4437ae7af2ceb8561be3 - - default default] 10.0.0.38 "GET /v2.0/ports?device_id=46f7c419-94bc-498f-9977-0b6385a9c8b3 HTTP/1.1" status: 200 len: 205 time: 0.0257664 /var/lib/openstack/lib/python3.10/site-packages/pycadf/identifier.py:71: UserWarning: Invalid uuid: neutron. To ensure interoperability, identifiers should be a valid uuid. warnings.warn(('Invalid uuid: %s. To ensure interoperability, '
2026-07-09 14:22:25.893 9 INFO neutron.db.ovn_revision_numbers_db [None req-b7aa4bf6-0817-429b-b1a2-840c94c279b7 f0ab0cead0a8482cbd3f46df7ba3237b 4de0a78a0a2d40728a8e4cea88b5411f - - default default] Successfully bumped revision number for resource b627d20b-913c-41e6-94c8-b2415ad76033 (type: ports) to 1
2026-07-09 14:22:26.051 10 INFO neutron.db.ovn_revision_numbers_db [None req-ea6b64a5-430e-4d21-be0a-5adf5e3e5cd8 c2d87ec9ee8649d4844617a0834d099d dd7e20190bf44594911675c743f80818 - - default default] Successfully bumped revision number for resource 3684dd8f-6086-4e87-b941-36b5ae5899e5 (type: routers) to 3
2026-07-09 14:22:26.058 10 INFO neutron.wsgi [None req-ea6b64a5-430e-4d21-be0a-5adf5e3e5cd8 c2d87ec9ee8649d4844617a0834d099d dd7e20190bf44594911675c743f80818 - - default default] 10.0.0.38 "PUT /v2.0/routers/3684dd8f-6086-4e87-b941-36b5ae5899e5 HTTP/1.1" status: 200 len: 1155 time: 1.3422034
2026-07-09 14:22:26.061 10 INFO neutron.db.ovn_revision_numbers_db [req-880dba1f-1045-457d-bbd5-d7d4eb8295e7 req-0171e4fd-8af9-44e0-bbd2-2e7185386260 98a6fadb8ea840298e4973fcccd1d622 8c40a5055bf74eeb9613dee1aba3e8fe - - a68933338202467fafdc0089282cadca a68933338202467fafdc0089282cadca] Successfully bumped revision number for resource b7d4ce3c-c149-4310-a6e3-3790cb10b270 (type: ports) to 2
2026-07-09 14:22:26.240 10 INFO neutron.wsgi [None req-5b5df055-6d68-4a8a-931d-bd10c28166a4 7bdeeb2ca48a4366b4fb262cf2908d97 805b2147578e4437ae7af2ceb8561be3 - - default default] 10.0.0.38 "DELETE /v2.0/routers/46f7c419-94bc-498f-9977-0b6385a9c8b3 HTTP/1.1" status: 204 len: 168 time: 0.4155562
2026-07-09 14:22:26.256 10 INFO neutron.wsgi [None req-1de14988-5095-4ba8-bf56-7caefa4f0d6b c2d87ec9ee8649d4844617a0834d099d dd7e20190bf44594911675c743f80818 - - default default] 10.0.0.38 "GET /v2.0/routers/3684dd8f-6086-4e87-b941-36b5ae5899e5 HTTP/1.1" status: 200 len: 1155 time: 0.1892841
2026-07-09 14:22:26.309 10 INFO neutron.wsgi [None req-c381c732-b230-44e4-8444-c82cc8765dba c2d87ec9ee8649d4844617a0834d099d dd7e20190bf44594911675c743f80818 - - default default] 10.0.0.38 "GET /v2.0/ports?device_id=3684dd8f-6086-4e87-b941-36b5ae5899e5 HTTP/1.1" status: 200 len: 205 time: 0.0484178
2026-07-09 14:22:26.319 10 INFO neutron.wsgi [None req-a1b3be1f-bed7-4704-82d2-36bad31ea525 7bdeeb2ca48a4366b4fb262cf2908d97 805b2147578e4437ae7af2ceb8561be3 - - default default] 10.0.0.38 "GET /v2.0/routers/11e68bec-41b0-4d28-af7a-74f343f51f53 HTTP/1.1" status: 200 len: 777 time: 0.0711405
2026-07-09 14:22:26.499 9 ERROR ovsdbapp.backend.ovs_idl.command [None req-b7aa4bf6-0817-429b-b1a2-840c94c279b7 f0ab0cead0a8482cbd3f46df7ba3237b 4de0a78a0a2d40728a8e4cea88b5411f - - default default] Error executing command (DbGetCommand): ovsdbapp.backend.ovs_idl.idlutils.RowNotFound: Cannot find Logical_Router_Port with name=lrp-b627d20b-913c-41e6-94c8-b2415ad76033
2026-07-09 14:22:26.499 9 ERROR ovsdbapp.backend.ovs_idl.command
Traceback (most recent call last):
2026-07-09 14:22:26.499 9 ERROR ovsdbapp.backend.ovs_idl.command
File "/var/lib/openstack/lib/python3.10/site-packages/ovsdbapp/backend/ovs_idl/command.py", line 47, in execute
2026-07-09 14:22:26.499 9 ERROR ovsdbapp.backend.ovs_idl.command self.run_idl(None)
2026-07-09 14:22:26.499 9 ERROR ovsdbapp.backend.ovs_idl.command
File "/var/lib/openstack/lib/python3.10/site-packages/ovsdbapp/backend/ovs_idl/command.py", line 235, in run_idl
2026-07-09 14:22:26.499 9 ERROR ovsdbapp.backend.ovs_idl.command record = self.api.lookup(self.table, self.record)
2026-07-09 14:22:26.499 9 ERROR ovsdbapp.backend.ovs_idl.command
File "/var/lib/openstack/lib/python3.10/site-packages/ovsdbapp/backend/ovs_idl/__init__.py", line 184, in lookup
2026-07-09 14:22:26.499 9 ERROR ovsdbapp.backend.ovs_idl.command return self._lookup(table, record)
2026-07-09 14:22:26.499 9 ERROR ovsdbapp.backend.ovs_idl.command
File "/var/lib/openstack/lib/python3.10/site-packages/ovsdbapp/backend/ovs_idl/__init__.py", line 235, in _lookup
2026-07-09 14:22:26.499 9 ERROR ovsdbapp.backend.ovs_idl.command row = idlutils.row_by_value(self, rl.table, rl.column, record)
2026-07-09 14:22:26.499 9 ERROR ovsdbapp.backend.ovs_idl.command
File "/var/lib/openstack/lib/python3.10/site-packages/ovsdbapp/backend/ovs_idl/idlutils.py", line 114, in row_by_value
2026-07-09 14:22:26.499 9 ERROR ovsdbapp.backend.ovs_idl.command raise RowNotFound(table=table, col=column, match=match)
2026-07-09 14:22:26.499 9 ERROR ovsdbapp.backend.ovs_idl.command ovsdbapp.backend.ovs_idl.idlutils.RowNotFound: Cannot find Logical_Router_Port with name=lrp-b627d20b-913c-41e6-94c8-b2415ad76033
2026-07-09 14:22:26.499 9 ERROR ovsdbapp.backend.ovs_idl.command 
2026-07-09 14:22:26.499 9 ERROR neutron_lib.callbacks.manager [None req-b7aa4bf6-0817-429b-b1a2-840c94c279b7 f0ab0cead0a8482cbd3f46df7ba3237b 4de0a78a0a2d40728a8e4cea88b5411f - - default default] Error during notification for neutron.services.ovn_l3.plugin.OVNL3RouterPlugin._port_update-8737824364253 port, after_update: ovsdbapp.backend.ovs_idl.idlutils.RowNotFound: Cannot find Logical_Router_Port with name=lrp-b627d20b-913c-41e6-94c8-b2415ad76033
2026-07-09 14:22:26.499 9 ERROR neutron_lib.callbacks.manager
Traceback (most recent call last):
2026-07-09 14:22:26.499 9 ERROR neutron_lib.callbacks.manager
