2026-07-09 14:20:48.631 10 INFO neutron.wsgi [req-d51f6cb4-71a9-43e6-9c47-fb4e0f3f60bb req-c1e0b2ab-ef99-46a2-8d38-da4c3ca90426 989a7a3de783424ebf56d51bb5840599 e9392c5ed3c843c5863044c1ad6652a8 - - default default] 10.0.0.146 "GET /v2.0/security-groups?id=e90b4751-dc06-4322-830d-75e84c7420b5&fields=id&fields=name HTTP/1.1" status: 200 len: 313 time: 0.0845890 /var/lib/openstack/lib/python3.10/site-packages/pycadf/identifier.py:71: UserWarning: Invalid uuid: neutron. To ensure interoperability, identifiers should be a valid uuid. warnings.warn(('Invalid uuid: %s. To ensure interoperability, '
2026-07-09 14:20:48.682 10 INFO neutron.notifiers.nova [-] Nova event matching ['req-d8ef9353-ac2e-4522-ac26-4f0b7d0e9fdc'] response: {'name': 'network-changed', 'server_uuid': 'e9fb6563-0fc1-4938-a158-aee0e39d871c', 'tag': '5519a843-fbbf-4796-9260-4dbbebd80481', 'status': 'completed', 'code': 200}
2026-07-09 14:20:48.682 10 INFO neutron.notifiers.nova [-] Nova event matching ['req-d8ef9353-ac2e-4522-ac26-4f0b7d0e9fdc'] response: {'server_uuid': '78e603ac-d4f5-4dfc-b302-50e0f864fc95', 'name': 'network-vif-unplugged', 'status': 'completed', 'tag': '2d65d3e4-e9b8-4049-8f42-890a45484fbc', 'code': 200}
2026-07-09 14:20:48.682 10 INFO neutron.notifiers.nova [-] Nova event matching ['req-d8ef9353-ac2e-4522-ac26-4f0b7d0e9fdc'] response: {'server_uuid': '78e603ac-d4f5-4dfc-b302-50e0f864fc95', 'name': 'network-vif-deleted', 'tag': '2d65d3e4-e9b8-4049-8f42-890a45484fbc', 'status': 'completed', 'code': 200}
2026-07-09 14:20:48.949 10 INFO neutron.wsgi [None req-28c173f4-555b-46e9-8c48-c5fa1984b233 81a77bffd09941559906dcca23982b01 382ca9eb4d6543128ddae8b65532b70b - - default default] 10.0.0.38 "DELETE /v2.0/security-groups/66fc9101-657c-4804-90c9-b1ce50989afa HTTP/1.1" status: 204 len: 168 time: 0.7711661
2026-07-09 14:20:48.967 10 INFO neutron.wsgi [req-9250ba41-141b-4363-b111-f1d9278c0b80 req-3a47b44e-e8a8-4599-a834-cf745c48357c 98a6fadb8ea840298e4973fcccd1d622 8c40a5055bf74eeb9613dee1aba3e8fe - - a68933338202467fafdc0089282cadca a68933338202467fafdc0089282cadca] 199.19.213.152 "GET /v2.0/ports?tenant_id=e9392c5ed3c843c5863044c1ad6652a8&device_id=e9fb6563-0fc1-4938-a158-aee0e39d871c HTTP/1.1" status: 200 len: 1407 time: 0.2614384
2026-07-09 14:20:49.056 10 INFO neutron.wsgi [req-c54df366-5ed1-4218-9189-057778c921fb req-75fafdc2-cc65-49c2-acda-1878579cb689 989a7a3de783424ebf56d51bb5840599 e9392c5ed3c843c5863044c1ad6652a8 - - default default] 199.19.213.152 "DELETE /v2.0/ports/5519a843-fbbf-4796-9260-4dbbebd80481 HTTP/1.1" status: 204 len: 173 time: 1.1719823
2026-07-09 14:20:49.072 10 WARNING neutron.scheduler.dhcp_agent_scheduler [None req-3ace31cc-1d4a-4a94-a9a8-b1ab5cadbcc3 2cec70935d88464c97df5825e83b2b4d e7e4438a80934351b4976819d24c8a0e - - default default] No more DHCP agents
2026-07-09 14:20:49.075 10 WARNING neutron.api.rpc.agentnotifiers.dhcp_rpc_agent_api [None req-3ace31cc-1d4a-4a94-a9a8-b1ab5cadbcc3 2cec70935d88464c97df5825e83b2b4d e7e4438a80934351b4976819d24c8a0e - - default default] Unable to schedule network 2c7f0517-e773-4e2d-b1c9-7de05cb6b8a2: no agents available; will retry on subsequent port and subnet creation events.
2026-07-09 14:20:49.090 10 INFO neutron.wsgi [req-9250ba41-141b-4363-b111-f1d9278c0b80 req-41b711bb-2f53-4193-9735-a49da1b7c0df 98a6fadb8ea840298e4973fcccd1d622 8c40a5055bf74eeb9613dee1aba3e8fe - - a68933338202467fafdc0089282cadca a68933338202467fafdc0089282cadca] 199.19.213.152 "GET /v2.0/networks?id=aa0fe5fd-02b4-4584-9e5e-5d9310277e6e HTTP/1.1" status: 200 len: 973 time: 0.1106393
2026-07-09 14:20:49.125 10 INFO neutron.wsgi [req-9250ba41-141b-4363-b111-f1d9278c0b80 req-7294661c-c355-417b-a767-6e5ca1c807ff 98a6fadb8ea840298e4973fcccd1d622 8c40a5055bf74eeb9613dee1aba3e8fe - - a68933338202467fafdc0089282cadca a68933338202467fafdc0089282cadca] 199.19.213.152 "GET /v2.0/floatingips?fixed_ip_address=10.100.0.4&port_id=5519a843-fbbf-4796-9260-4dbbebd80481 HTTP/1.1" status: 200 len: 217 time: 0.0215571
2026-07-09 14:20:49.173 10 INFO neutron.wsgi [req-9250ba41-141b-4363-b111-f1d9278c0b80 req-b0b8de6e-1a0c-449a-9fff-5455024b796f 98a6fadb8ea840298e4973fcccd1d622 8c40a5055bf74eeb9613dee1aba3e8fe - - a68933338202467fafdc0089282cadca a68933338202467fafdc0089282cadca] 199.19.213.152 "GET /v2.0/subnets?id=328bc698-de17-460f-aaa9-8260671127d7 HTTP/1.1" status: 200 len: 868 time: 0.0430527
2026-07-09 14:20:49.205 10 INFO neutron.wsgi [req-9250ba41-141b-4363-b111-f1d9278c0b80 req-8c6a2076-d96c-42d1-8c05-07b558e3f28d 98a6fadb8ea840298e4973fcccd1d622 8c40a5055bf74eeb9613dee1aba3e8fe - - a68933338202467fafdc0089282cadca a68933338202467fafdc0089282cadca] 199.19.213.152 "GET /v2.0/ports?network_id=aa0fe5fd-02b4-4584-9e5e-5d9310277e6e&device_owner=network%3Adhcp HTTP/1.1" status: 200 len: 210 time: 0.0254745
2026-07-09 14:20:49.306 10 INFO neutron.wsgi [req-9250ba41-141b-4363-b111-f1d9278c0b80 req-9984a787-45a2-4ac2-b2d7-fa7fabb7844f 98a6fadb8ea840298e4973fcccd1d622 8c40a5055bf74eeb9613dee1aba3e8fe - - a68933338202467fafdc0089282cadca a68933338202467fafdc0089282cadca] 199.19.213.152 "GET /v2.0/networks/aa0fe5fd-02b4-4584-9e5e-5d9310277e6e?fields=segments HTTP/1.1" status: 200 len: 212 time: 0.0831850
2026-07-09 14:20:49.386 10 INFO neutron.db.ovn_revision_numbers_db [None req-3ace31cc-1d4a-4a94-a9a8-b1ab5cadbcc3 2cec70935d88464c97df5825e83b2b4d e7e4438a80934351b4976819d24c8a0e - - default default] Successfully bumped revision number for resource d221f55f-bfe7-4d98-8a00-ae8131edc86f (type: ports) to 1
2026-07-09 14:20:49.458 10 INFO neutron.wsgi [req-9250ba41-141b-4363-b111-f1d9278c0b80 req-43af53f9-04ab-4744-9442-960e15a2cca5 98a6fadb8ea840298e4973fcccd1d622 8c40a5055bf74eeb9613dee1aba3e8fe - - a68933338202467fafdc0089282cadca a68933338202467fafdc0089282cadca] 199.19.213.152 "GET /v2.0/networks/aa0fe5fd-02b4-4584-9e5e-5d9310277e6e?fields=provider%3Aphysical_network&fields=provider%3Anetwork_type HTTP/1.1" status: 200 len: 277 time: 0.1331117
2026-07-09 14:20:49.542 9 INFO neutron.notifiers.nova [-] Nova event matching ['req-cac74198-6c94-4fa6-b0ce-1c952a94f8c3'] response: {'server_uuid': 'e9fb6563-0fc1-4938-a158-aee0e39d871c', 'name': 'network-vif-unplugged', 'status': 'completed', 'tag': '5519a843-fbbf-4796-9260-4dbbebd80481', 'code': 200}
2026-07-09 14:20:49.930 10 INFO neutron.wsgi [None req-4ee4fff0-ba5a-4fb5-8a2a-724a2ca9e7c4 989a7a3de783424ebf56d51bb5840599 e9392c5ed3c843c5863044c1ad6652a8 - - default default] 10.0.0.38 "DELETE /v2.0/security-groups/e90b4751-dc06-4322-830d-75e84c7420b5 HTTP/1.1" status: 204 len: 168 time: 0.2088046
2026-07-09 14:20:49.950 10 INFO neutron.api.v2.resource [None req-9687a392-7d73-4176-afb2-1f6431cef146 989a7a3de783424ebf56d51bb5840599 e9392c5ed3c843c5863044c1ad6652a8 - - default default] show failed (client error): The resource could not be found.
2026-07-09 14:20:49.951 10 INFO neutron.wsgi [None req-9687a392-7d73-4176-afb2-1f6431cef146 989a7a3de783424ebf56d51bb5840599 e9392c5ed3c843c5863044c1ad6652a8 - - default default] 10.0.0.38 "GET /v2.0/security-groups/e90b4751-dc06-4322-830d-75e84c7420b5 HTTP/1.1" status: 404 len: 347 time: 0.0139596
2026-07-09 14:20:50.075 9 INFO neutron.wsgi [None req-ded7606d-4698-4f1b-8376-cb2aee89c351 81a77bffd09941559906dcca23982b01 382ca9eb4d6543128ddae8b65532b70b - - default default] 10.0.0.38 "PUT /v2.0/routers/429cac16-925b-418d-a8db-cc3bc6ddf2b7/remove_router_interface HTTP/1.1" status: 200 len: 503 time: 1.4344597 /var/lib/openstack/lib/python3.10/site-packages/pycadf/identifier.py:71: UserWarning: Invalid uuid: neutron. To ensure interoperability, identifiers should be a valid uuid. warnings.warn(('Invalid uuid: %s. To ensure interoperability, '
2026-07-09 14:20:50.305 10 ERROR ovsdbapp.backend.ovs_idl.command [None req-3ace31cc-1d4a-4a94-a9a8-b1ab5cadbcc3 2cec70935d88464c97df5825e83b2b4d e7e4438a80934351b4976819d24c8a0e - - default default] Error executing command (DbGetCommand): ovsdbapp.backend.ovs_idl.idlutils.RowNotFound: Cannot find Logical_Router_Port with name=lrp-d221f55f-bfe7-4d98-8a00-ae8131edc86f
2026-07-09 14:20:50.305 10 ERROR ovsdbapp.backend.ovs_idl.command
Traceback (most recent call last):
2026-07-09 14:20:50.305 10 ERROR ovsdbapp.backend.ovs_idl.command
File "/var/lib/openstack/lib/python3.10/site-packages/ovsdbapp/backend/ovs_idl/command.py", line 47, in execute
2026-07-09 14:20:50.305 10 ERROR ovsdbapp.backend.ovs_idl.command self.run_idl(None)
2026-07-09 14:20:50.305 10 ERROR ovsdbapp.backend.ovs_idl.command
File "/var/lib/openstack/lib/python3.10/site-packages/ovsdbapp/backend/ovs_idl/command.py", line 235, in run_idl
2026-07-09 14:20:50.305 10 ERROR ovsdbapp.backend.ovs_idl.command record = self.api.lookup(self.table, self.record)
2026-07-09 14:20:50.305 10 ERROR ovsdbapp.backend.ovs_idl.command
File "/var/lib/openstack/lib/python3.10/site-packages/ovsdbapp/backend/ovs_idl/__init__.py", line 184, in lookup
2026-07-09 14:20:50.305 10 ERROR ovsdbapp.backend.ovs_idl.command return self._lookup(table, record)
2026-07-09 14:20:50.305 10 ERROR ovsdbapp.backend.ovs_idl.command
File "/var/lib/openstack/lib/python3.10/site-packages/ovsdbapp/backend/ovs_idl/__init__.py", line 235, in _lookup
2026-07-09 14:20:50.305 10 ERROR ovsdbapp.backend.ovs_idl.command row = idlutils.row_by_value(self, rl.table, rl.column, record)
2026-07-09 14:20:50.305 10 ERROR ovsdbapp.backend.ovs_idl.command
File "/var/lib/openstack/lib/python3.10/site-packages/ovsdbapp/backend/ovs_idl/idlutils.py", line 114, in row_by_value
2026-07-09 14:20:50.305 10 ERROR ovsdbapp.backend.ovs_idl.command raise RowNotFound(table=table, col=column, match=match)
2026-07-09 14:20:50.305 10 ERROR ovsdbapp.backend.ovs_idl.command ovsdbapp.backend.ovs_idl.idlutils.RowNotFound: Cannot find Logical_Router_Port with name=lrp-d221f55f-bfe7-4d98-8a00-ae8131edc86f
2026-07-09 14:20:50.305 10 ERROR ovsdbapp.backend.ovs_idl.command 
2026-07-09 14:20:50.305 10 ERROR neutron_lib.callbacks.manager [None req-3ace31cc-1d4a-4a94-a9a8-b1ab5cadbcc3 2cec70935d88464c97df5825e83b2b4d e7e4438a80934351b4976819d24c8a0e - - default default] Error during notification for neutron.services.ovn_l3.plugin.OVNL3RouterPlugin._port_update-8737824364253 port, after_update: ovsdbapp.backend.ovs_idl.idlutils.RowNotFound: Cannot find Logical_Router_Port with name=lrp-d221f55f-bfe7-4d98-8a00-ae8131edc86f
2026-07-09 14:20:50.305 10 ERROR neutron_lib.callbacks.manager
Traceback (most recent call last):
2026-07-09 14:20:50.305 10 ERROR neutron_lib.callbacks.manager
File "/var/lib/openstack/lib/python3.10/site-packages/neutron_lib/callbacks/manager.py", line 189, in _notify_loop
2026-07-09 14:20:50.305 10 ERROR neutron_lib.callbacks.manager callback.method(resource, event, trigger, payload=payload)
2026-07-09 14:20:50.305 10 ERROR neutron_lib.callbacks.manager
File "/var/lib/openstack/lib/python3.10/site-packages/neutron/services/ovn_l3/plugin.py", line 391, in _port_update
2026-07-09 14:20:50.305 10 ERROR neutron_lib.callbacks.manager l3plugin._ovn_client.update_router_port(context,
2026-07-09 14:20:50.305 10 ERROR neutron_lib.callbacks.manager
File "/var/lib/openstack/lib/python3.10/site-packages/neutron/plugins/ml2/drivers/ovn/mech_driver/ovsdb/ovn_client.py", line 1878, in update_router_port
2026-07-09 14:20:50.305 10 ERROR neutron_lib.callbacks.manager self._update_lrouter_port(context, port, if_exists=if_exists,
2026-07-09 14:20:50.305 10 ERROR neutron_lib.callbacks.manager
File "/var/lib/openstack/lib/python3.10/site-packages/neutron/plugins/ml2/drivers/ovn/mech_driver/ovsdb/ovn_client.py", line 1855, in _update_lrouter_port
2026-07-09 14:20:50.305 10 ERROR neutron_lib.callbacks.manager external_ids = self._nb_idl.db_get(
2026-07-09 14:20:50.305 10 ERROR neutron_lib.callbacks.manager
File "/var/lib/openstack/lib/python3.10/site-packages/ovsdbapp/backend/ovs_idl/command.py", line 47, in execute
2026-07-09 14:20:50.305 10 ERROR neutron_lib.callbacks.manager self.run_idl(None)
2026-07-09 14:20:50.305 10 ERROR neutron_lib.callbacks.manager
File "/var/lib/openstack/lib/python3.10/site-packages/ovsdbapp/backend/ovs_idl/command.py", line 235, in run_idl
2026-07-09 14:20:50.305 10 ERROR neutron_lib.callbacks.manager record = self.api.lookup(self.table, self.record)
2026-07-09 14:20:50.305 10 ERROR neutron_lib.callbacks.manager
File "/var/lib/openstack/lib/python3.10/site-packages/ovsdbapp/backend/ovs_idl/__init__.py", line 184, in lookup
2026-07-09 14:20:50.305 10 ERROR neutron_lib.callbacks.manager return self._lookup(table, record)
2026-07-09 14:20:50.305 10 ERROR neutron_lib.callbacks.manager
File "/var/lib/openstack/lib/python3.10/site-packages/ovsdbapp/backend/ovs_idl/__init__.py", line 235, in _lookup
2026-07-09 14:20:50.305 10 ERROR neutron_lib.callbacks.manager row = idlutils.row_by_value(self, rl.table, rl.column, record)
2026-07-09 14:20:50.305 10 ERROR neutron_lib.callbacks.manager
File "/var/lib/openstack/lib/python3.10/site-packages/ovsdbapp/backend/ovs_idl/idlutils.py", line 114, in row_by_value
2026-07-09 14:20:50.305 10 ERROR neutron_lib.callbacks.manager raise RowNotFound(table=table, col=column, match=match)
2026-07-09 14:20:50.305 10 ERROR neutron_lib.callbacks.manager ovsdbapp.backend.ovs_idl.idlutils.RowNotFound: Cannot find Logical_Router_Port with name=lrp-d221f55f-bfe7-4d98-8a00-ae8131edc86f
2026-07-09 14:20:50.305 10 ERROR neutron_lib.callbacks.manager 
2026-07-09 14:20:50.677 9 INFO neutron.wsgi [-] 10.0.0.140 "GET / HTTP/1.1" status: 200 len: 246 time: 0.0022516
2026-07-09 14:20:50.679 9 INFO neutron.wsgi [-] 10.0.0.140 "GET / HTTP/1.1" status: 200 len: 246 time: 0.0013034
2026-07-09 14:20:50.748 10 INFO neutron.notifiers.nova [-] Nova event matching ['req-fcad4773-f5c6-483f-bd80-ed89a19821cd'] response: {'server_uuid': 'e9fb6563-0fc1-4938-a158-aee0e39d871c', 'name': 'network-vif-deleted', 'tag': '5519a843-fbbf-4796-9260-4dbbebd80481', 'status': 'completed', 'code': 200}
2026-07-09 14:20:50.764 10 INFO neutron.wsgi [None req-401fa5f9-9d48-4fef-9f0e-be04cda93c7b 989a7a3de783424ebf56d51bb5840599 e9392c5ed3c843c5863044c1ad6652a8 - - default default] 10.0.0.38 "DELETE /v2.0/floatingips/c4355796-d5f3-489a-9c27-7c5f3db1396d HTTP/1.1" status: 204 len: 168 time: 0.8079376
2026-07-09 14:20:50.790 10 INFO neutron.plugins.ml2.drivers.ovn.mech_driver.mech_driver [None req-b7f09dd7-66e4-4e23-b4b0-b3d8561965c0 - - - - - -] OVN reports status up for port: d221f55f-bfe7-4d98-8a00-ae8131edc86f
2026-07-09 14:20:50.813 10 INFO neutron.plugins.ml2.plugin [None req-b7f09dd7-66e4-4e23-b4b0-b3d8561965c0 - - - - - -] Attempt 1 to provision port d221f55f-bfe7-4d98-8a00-ae8131edc86f
2026-07-09 14:20:50.837 10 INFO neutron.db.ovn_revision_numbers_db [None req-3ace31cc-1d4a-4a94-a9a8-b1ab5cadbcc3 2cec70935d88464c97df5825e83b2b4d e7e4438a80934351b4976819d24c8a0e - - default default] Successfully bumped revision number for resource d221f55f-bfe7-4d98-8a00-ae8131edc86f (type: ports) to 1
2026-07-09 14:20:50.918 10 WARNING neutron.scheduler.dhcp_agent_scheduler [None req-3ace31cc-1d4a-4a94-a9a8-b1ab5cadbcc3 2cec70935d88464c97df5825e83b2b4d e7e4438a80934351b4976819d24c8a0e - - default default] No more DHCP agents
2026-07-09 14:20:50.920 10 WARNING neutron.api.rpc.agentnotifiers.dhcp_rpc_agent_api [None req-3ace31cc-1d4a-4a94-a9a8-b1ab5cadbcc3 2cec70935d88464c97df5825e83b2b4d e7e4438a80934351b4976819d24c8a0e - - default default] Unable to schedule network 2c7f0517-e773-4e2d-b1c9-7de05cb6b8a2: no agents available; will retry on subsequent port and subnet creation events.
2026-07-09 14:20:51.405 9 INFO neutron.wsgi [None req-0d2d9baa-215f-4573-8a7e-3d96b5c6848f 81a77bffd09941559906dcca23982b01 382ca9eb4d6543128ddae8b65532b70b - - default default] 10.0.0.38 "DELETE /v2.0/routers/429cac16-925b-418d-a8db-cc3bc6ddf2b7 HTTP/1.1" status: 204 len: 168 time: 1.3246891
2026-07-09 14:20:51.441 10 INFO neutron.db.ovn_revision_numbers_db [None req-3ace31cc-1d4a-4a94-a9a8-b1ab5cadbcc3 2cec70935d88464c97df5825e83b2b4d e7e4438a80934351b4976819d24c8a0e - - default default] Successfully bumped revision number for resource d221f55f-bfe7-4d98-8a00-ae8131edc86f (type: router_ports) to 1
2026-07-09 14:20:51.448 10 INFO neutron.wsgi [None req-3ace31cc-1d4a-4a94-a9a8-b1ab5cadbcc3 2cec70935d88464c97df5825e83b2b4d e7e4438a80934351b4976819d24c8a0e - - default default] 10.0.0.38 "PUT /v2.0/routers/5bc31554-4193-4043-9068-44a856b43a59/add_router_interface HTTP/1.1" status: 200 len: 503 time: 3.9674938
2026-07-09 14:20:51.457 10 WARNING neutron_lib.context [None req-fafd9325-f41b-4c48-98d4-a5dfdb041da6 2cec70935d88464c97df5825e83b2b4d e7e4438a80934351b4976819d24c8a0e - - default default] Method 'is_advsvc' is deprecated since 2023.2 release (neutron-lib 3.8.0) and will be removed once support for the old RBAC API policies will be removed from Neutron. Please use method 'is_service_role' instead.
2026-07-09 14:20:51.483 10 INFO neutron.db.ovn_revision_numbers_db [None req-b7f09dd7-66e4-4e23-b4b0-b3d8561965c0 - - - - - -] Successfully bumped revision number for resource d221f55f-bfe7-4d98-8a00-ae8131edc86f (type: ports) to 2
2026-07-09 14:20:51.667 9 INFO neutron.wsgi [None req-df757308-a8b8-4e17-be0a-aafa411b6743 81a77bffd09941559906dcca23982b01 382ca9eb4d6543128ddae8b65532b70b - - default default] 10.0.0.38 "DELETE /v2.0/subnets/e4511a3d-a28c-4349-877c-91a3016335ca HTTP/1.1" status: 204 len: 168 time: 0.2544143
2026-07-09 14:20:51.698 10 INFO neutron.db.ovn_revision_numbers_db [None req-b7f09dd7-66e4-4e23-b4b0-b3d8561965c0 - - - - - -] Successfully bumped revision number for resource d221f55f-bfe7-4d98-8a00-ae8131edc86f (type: router_ports) to 2
2026-07-09 14:20:51.915 10 WARNING neutron.scheduler.dhcp_agent_scheduler [None req-fafd9325-f41b-4c48-98d4-a5dfdb041da6 2cec70935d88464c97df5825e83b2b4d e7e4438a80934351b4976819d24c8a0e - - default default] No more DHCP agents
2026-07-09 14:20:51.917 10 WARNING neutron.api.rpc.agentnotifiers.dhcp_rpc_agent_api [None req-fafd9325-f41b-4c48-98d4-a5dfdb041da6 2cec70935d88464c97df5825e83b2b4d e7e4438a80934351b4976819d24c8a0e - - default default] Unable to schedule network 2c7f0517-e773-4e2d-b1c9-7de05cb6b8a2: no agents available; will retry on subsequent port and subnet creation events.
2026-07-09 14:20:52.099 10 INFO neutron.db.ovn_revision_numbers_db [None req-fafd9325-f41b-4c48-98d4-a5dfdb041da6 2cec70935d88464c97df5825e83b2b4d e7e4438a80934351b4976819d24c8a0e - - default default] Successfully bumped revision number for resource 46d6f2d5-4eb1-4ebf-a0f5-715eb41bf78d (type: ports) to 1
2026-07-09 14:20:52.129 10 INFO neutron.wsgi [None req-fafd9325-f41b-4c48-98d4-a5dfdb041da6 2cec70935d88464c97df5825e83b2b4d e7e4438a80934351b4976819d24c8a0e - - default default] 10.0.0.38 "POST /v2.0/ports HTTP/1.1" status: 201 len: 1157 time: 0.6771495 /var/lib/openstack/lib/python3.10/site-packages/pycadf/identifier.py:71: UserWarning: Invalid uuid: neutron. To ensure interoperability, identifiers should be a valid uuid. warnings.warn(('Invalid uuid: %s. To ensure interoperability, '
2026-07-09 14:20:52.139 10 WARNING neutron_lib.context [None req-bbce644c-bf87-40eb-bcc4-908dc213de6c 2cec70935d88464c97df5825e83b2b4d e7e4438a80934351b4976819d24c8a0e - - default default] Method 'is_advsvc' is deprecated since 2023.2 release (neutron-lib 3.8.0) and will be removed once support for the old RBAC API policies will be removed from Neutron. Please use method 'is_service_role' instead.
2026-07-09 14:20:52.388 9 INFO neutron.services.segments.plugin [-] Segment e839ae29-99fc-4e3c-a25c-ce1114f9ae89 resource provider aggregate not found
2026-07-09 14:20:52.393 9 INFO neutron.services.segments.plugin [-] Segment e839ae29-99fc-4e3c-a25c-ce1114f9ae89 resource provider aggregate not found
2026-07-09 14:20:52.403 9 INFO neutron.services.segments.plugin [-] Segment e839ae29-99fc-4e3c-a25c-ce1114f9ae89 resource provider not found; error: Placement Client Error (4xx): {"errors": [{"status": 404, "title": "Not Found", "detail": "The resource could not be found.\n\n No resource provider with uuid e839ae29-99fc-4e3c-a25c-ce1114f9ae89 found for delete ", "request_id": "req-3ac8ef77-6ad1-4212-840c-63873d62b7eb"}]}
2026-07-09 14:20:52.415 9 INFO neutron.services.segments.plugin [-] Segment e839ae29-99fc-4e3c-a25c-ce1114f9ae89 resource provider not found; error: Placement Client Error (4xx): {"errors": [{"status": 404, "title": "Not Found", "detail": "The resource could not be found.\n\n No resource provider with uuid e839ae29-99fc-4e3c-a25c-ce1114f9ae89 found for delete ", "request_id": "req-d6a4e7bb-1819-4d3e-b79e-b8f021c55535"}]}
2026-07-09 14:20:52.458 9 INFO neutron.wsgi [None req-ab7e3b37-e314-46e1-8200-1c5f5dcbfa9a 81a77bffd09941559906dcca23982b01 382ca9eb4d6543128ddae8b65532b70b - - default default] 10.0.0.38 "DELETE /v2.0/networks/67668c17-c7bc-470e-9402-876c49de0776 HTTP/1.1" status: 204 len: 168 time: 0.7855678
2026-07-09 14:20:52.512 10 WARNING neutron.scheduler.dhcp_agent_scheduler [None req-bbce644c-bf87-40eb-bcc4-908dc213de6c 2cec70935d88464c97df5825e83b2b4d e7e4438a80934351b4976819d24c8a0e - - default default] No more DHCP agents
2026-07-09 14:20:52.514 10 WARNING neutron.api.rpc.agentnotifiers.dhcp_rpc_agent_api [None req-bbce644c-bf87-40eb-bcc4-908dc213de6c 2cec70935d88464c97df5825e83b2b4d e7e4438a80934351b4976819d24c8a0e - - default default] Unable to schedule network 2c7f0517-e773-4e2d-b1c9-7de05cb6b8a2: no agents available; will retry on subsequent port and subnet creation events.
2026-07-09 14:20:52.594 9 INFO neutron.wsgi [None req-5c6a2136-12e9-48c2-9029-0afcaaea5d80 81a77bffd09941559906dcca23982b01 382ca9eb4d6543128ddae8b65532b70b - - default default] 10.0.0.38 "PUT /v2.0/routers/9edc1d94-0521-42c7-8161-8e04cf1db69e/remove_router_interface HTTP/1.1" status: 200 len: 503 time: 1.8232319 /var/lib/openstack/lib/python3.10/site-packages/pycadf/identifier.py:71: UserWarning: Invalid uuid: neutron. To ensure interoperability, identifiers should be a valid uuid. warnings.warn(('Invalid uuid: %s. To ensure interoperability, ' /var/lib/openstack/lib/python3.10/site-packages/pycadf/identifier.py:71: UserWarning: Invalid uuid: neutron. To ensure interoperability, identifiers should be a valid uuid. warnings.warn(('Invalid uuid: %s. To ensure interoperability, '
2026-07-09 14:20:52.709 10 INFO neutron.wsgi [None req-bc157094-7e12-4e8b-b702-2888470cf417 81a77bffd09941559906dcca23982b01 382ca9eb4d6543128ddae8b65532b70b - - default default] 10.0.0.38 "GET /v2.0/security-groups?tenant_id=783726219ff84c15980019b899a27d90&name=default HTTP/1.1" status: 200 len: 3120 time: 0.0507193
2026-07-09 14:20:52.718 10 INFO neutron.db.ovn_revision_numbers_db [None req-bbce644c-bf87-40eb-bcc4-908dc213de6c 2cec70935d88464c97df5825e83b2b4d e7e4438a80934351b4976819d24c8a0e - - default default] Successfully bumped revision number for resource 7f9e7146-9120-4f87-8385-c52d980a0679 (type: ports) to 1
2026-07-09 14:20:52.746 10 INFO neutron.wsgi [None req-bbce644c-bf87-40eb-bcc4-908dc213de6c 2cec70935d88464c97df5825e83b2b4d e7e4438a80934351b4976819d24c8a0e - - default default] 10.0.0.38 "POST /v2.0/ports HTTP/1.1" status: 201 len: 1154 time: 0.6115785
2026-07-09 14:20:52.764 10 WARNING neutron_lib.context [None req-e589cee8-154e-4ed2-8f27-d81a1e3a28bd 2cec70935d88464c97df5825e83b2b4d e7e4438a80934351b4976819d24c8a0e - - default default] Method 'is_advsvc' is deprecated since 2023.2 release (neutron-lib 3.8.0) and will be removed once support for the old RBAC API policies will be removed from Neutron. Please use method 'is_service_role' instead.
2026-07-09 14:20:52.868 9 WARNING neutron.plugins.ml2.drivers.ovn.mech_driver.ovsdb.ovn_client [None req-385b009b-c5c6-40d7-96a5-e662b6216ca5 - - - - - -] No hosting information found for port df49650b-5261-4370-a992-4d285f3c9fc5: RuntimeError: No hosting information found for port df49650b-5261-4370-a992-4d285f3c9fc5
2026-07-09 14:20:53.066 10 WARNING neutron.scheduler.dhcp_agent_scheduler [None req-e589cee8-154e-4ed2-8f27-d81a1e3a28bd 2cec70935d88464c97df5825e83b2b4d e7e4438a80934351b4976819d24c8a0e - - default default] No more DHCP agents
2026-07-09 14:20:53.069 10 WARNING neutron.api.rpc.agentnotifiers.dhcp_rpc_agent_api [None req-e589cee8-154e-4ed2-8f27-d81a1e3a28bd 2cec70935d88464c97df5825e83b2b4d e7e4438a80934351b4976819d24c8a0e - - default default] Unable to schedule network 0b6c78b0-88d5-4e8d-a294-73ace6d91848: no agents available; will retry on subsequent port and subnet creation events.
2026-07-09 14:20:53.098 9 INFO neutron.wsgi [None req-3f750182-1cb4-4a25-965e-9382125fea23 81a77bffd09941559906dcca23982b01 382ca9eb4d6543128ddae8b65532b70b - - default default] 10.0.0.38 "DELETE /v2.0/security-groups/6223af17-ef25-4bfb-b387-444b75a80264 HTTP/1.1" status: 204 len: 168 time: 0.3838046
2026-07-09 14:20:53.753 9 INFO neutron.wsgi [None req-dbb2134e-035d-479b-a507-8b8cf8ee5caa 81a77bffd09941559906dcca23982b01 382ca9eb4d6543128ddae8b65532b70b - - default default] 10.0.0.38 "DELETE /v2.0/routers/9edc1d94-0521-42c7-8161-8e04cf1db69e HTTP/1.1" status: 204 len: 168 time: 1.1529870 /var/lib/openstack/lib/python3.10/site-packages/pycadf/identifier.py:71: UserWarning: Invalid uuid: neutron. To ensure interoperability, identifiers should be a valid uuid. warnings.warn(('Invalid uuid: %s. To ensure interoperability, '
2026-07-09 14:20:53.939 10 INFO neutron.db.ovn_revision_numbers_db [None req-e589cee8-154e-4ed2-8f27-d81a1e3a28bd 2cec70935d88464c97df5825e83b2b4d e7e4438a80934351b4976819d24c8a0e - - default default] Successfully bumped revision number for resource f111745d-b84a-4e15-b67a-eeba43b5977b (type: floatingips) to -1
2026-07-09 14:20:54.004 9 INFO neutron.wsgi [None req-f162d278-1b65-483c-bd0d-ea71b1a9f544 81a77bffd09941559906dcca23982b01 382ca9eb4d6543128ddae8b65532b70b - - default default] 10.0.0.38 "DELETE /v2.0/subnets/328bc698-de17-460f-aaa9-8260671127d7 HTTP/1.1" status: 204 len: 168 time: 0.2457433
2026-07-09 14:20:54.316 10 INFO neutron.db.ovn_revision_numbers_db [None req-e589cee8-154e-4ed2-8f27-d81a1e3a28bd 2cec70935d88464c97df5825e83b2b4d e7e4438a80934351b4976819d24c8a0e - - default default] Successfully bumped revision number for resource f111745d-b84a-4e15-b67a-eeba43b5977b (type: floatingips) to 1
2026-07-09 14:20:54.317 10 INFO neutron.db.l3_db [None req-e589cee8-154e-4ed2-8f27-d81a1e3a28bd 2cec70935d88464c97df5825e83b2b4d e7e4438a80934351b4976819d24c8a0e - - default default] Floating IP f111745d-b84a-4e15-b67a-eeba43b5977b associated. External IP: 10.96.250.219, port: 7f9e7146-9120-4f87-8385-c52d980a0679.
2026-07-09 14:20:54.400 10 INFO neutron.wsgi [None req-e589cee8-154e-4ed2-8f27-d81a1e3a28bd 2cec70935d88464c97df5825e83b2b4d e7e4438a80934351b4976819d24c8a0e - - default default] 10.0.0.38 "POST /v2.0/floatingips HTTP/1.1" status: 201 len: 1041 time: 1.6430604
2026-07-09 14:20:54.464 9 INFO neutron.db.ovn_revision_numbers_db [None req-caf37f01-0f81-4b1f-82e5-2e2d94cee45d 81a77bffd09941559906dcca23982b01 382ca9eb4d6543128ddae8b65532b70b - - default default] Successfully bumped revision number for resource f0832e41-1745-4c23-a9d6-a452fadceaa4 (type: security_groups) to 1
2026-07-09 14:20:54.477 9 INFO neutron.db.ovn_revision_numbers_db [None req-caf37f01-0f81-4b1f-82e5-2e2d94cee45d 81a77bffd09941559906dcca23982b01 382ca9eb4d6543128ddae8b65532b70b - - default default] Successfully bumped revision number for resource 05abe132-745c-4ad7-8e03-1f8c0fdb39fe (type: security_group_rules) to 0
2026-07-09 14:20:54.490 9 INFO neutron.db.ovn_revision_numbers_db [None req-caf37f01-0f81-4b1f-82e5-2e2d94cee45d 81a77bffd09941559906dcca23982b01 382ca9eb4d6543128ddae8b65532b70b - - default default] Successfully bumped revision number for resource 0e16ad6f-7d13-4185-80ee-8a981872febd (type: security_group_rules) to 0
2026-07-09 14:20:54.512 9 INFO neutron.db.ovn_revision_numbers_db [None req-caf37f01-0f81-4b1f-82e5-2e2d94cee45d 81a77bffd09941559906dcca23982b01 382ca9eb4d6543128ddae8b65532b70b - - default default] Successfully bumped revision number for resource 7fe8d889-4e46-47c1-ac80-d2145e5ace6a (type: security_group_rules) to 0
2026-07-09 14:20:54.525 9 INFO neutron.db.ovn_revision_numbers_db [None req-caf37f01-0f81-4b1f-82e5-2e2d94cee45d 81a77bffd09941559906dcca23982b01 382ca9eb4d6543128ddae8b65532b70b - - default default] Successfully bumped revision number for resource aa6b3e99-d6d9-4cd0-a200-19a0108f789a (type: security_group_rules) to 0
2026-07-09 14:20:54.547 9 INFO neutron.wsgi [None req-caf37f01-0f81-4b1f-82e5-2e2d94cee45d 81a77bffd09941559906dcca23982b01 382ca9eb4d6543128ddae8b65532b70b - - default default] 10.0.0.38 "GET /v2.0/security-groups?tenant_id=1350f99b31ea4b7e97f8fe63556cb889&name=default HTTP/1.1" status: 200 len: 3120 time: 0.4214127
2026-07-09 14:20:54.650 10 INFO neutron.db.ovn_revision_numbers_db [None req-b12111e0-462c-4c5e-a05e-30ba64972fa7 2cec70935d88464c97df5825e83b2b4d e7e4438a80934351b4976819d24c8a0e - - default default] Successfully bumped revision number for resource f111745d-b84a-4e15-b67a-eeba43b5977b (type: floatingips) to 2
2026-07-09 14:20:54.726 10 INFO neutron.db.l3_db [None req-b12111e0-462c-4c5e-a05e-30ba64972fa7 2cec70935d88464c97df5825e83b2b4d e7e4438a80934351b4976819d24c8a0e - - default default] Floating IP f111745d-b84a-4e15-b67a-eeba43b5977b disassociated. External IP: 10.96.250.219, port: 7f9e7146-9120-4f87-8385-c52d980a0679.
2026-07-09 14:20:54.788 10 INFO neutron.wsgi [None req-b12111e0-462c-4c5e-a05e-30ba64972fa7 2cec70935d88464c97df5825e83b2b4d e7e4438a80934351b4976819d24c8a0e - - default default] 10.0.0.38 "PUT /v2.0/floatingips/f111745d-b84a-4e15-b67a-eeba43b5977b HTTP/1.1" status: 200 len: 748 time: 0.3831887
2026-07-09 14:20:54.790 10 INFO neutron.services.segments.plugin [-] Segment 7d6d22e5-4c36-4647-91c1-919d10d342ec resource provider aggregate not found
2026-07-09 14:20:54.795 10 INFO neutron.services.segments.plugin [-] Segment 7d6d22e5-4c36-4647-91c1-919d10d342ec resource provider aggregate not found
2026-07-09 14:20:54.810 10 INFO neutron.services.segments.plugin [-] Segment 7d6d22e5-4c36-4647-91c1-919d10d342ec resource provider not found; error: Placement Client Error (4xx): {"errors": [{"status": 404, "title": "Not Found", "detail": "The resource could not be found.\n\n No resource provider with uuid 7d6d22e5-4c36-4647-91c1-919d10d342ec found for delete ", "request_id": "req-2ecc7797-e297-4e43-b756-f7db36c17f34"}]}
2026-07-09 14:20:54.811 10 INFO neutron.services.segments.plugin [-] Segment 7d6d22e5-4c36-4647-91c1-919d10d342ec resource provider not found; error: Placement Client Error (4xx): {"errors": [{"status": 404, "title": "Not Found", "detail": "The resource could not be found.\n\n No resource provider with uuid 7d6d22e5-4c36-4647-91c1-919d10d342ec found for delete ", "request_id": "req-20b5f7fc-e4c7-4267-b812-7daea83fe954"}]}
2026-07-09 14:20:54.834 10 INFO neutron.wsgi [None req-4da3ec38-7d59-4b0c-95b0-665f33070ea6 81a77bffd09941559906dcca23982b01 382ca9eb4d6543128ddae8b65532b70b - - default default] 10.0.0.38 "DELETE /v2.0/networks/aa0fe5fd-02b4-4584-9e5e-5d9310277e6e HTTP/1.1" status: 204 len: 168 time: 0.8259070
2026-07-09 14:20:54.877 9 INFO neutron.wsgi [None req-17aa7244-8318-4003-a021-b80367d1badc 81a77bffd09941559906dcca23982b01 382ca9eb4d6543128ddae8b65532b70b - - default default] 10.0.0.38 "DELETE /v2.0/security-groups/f0832e41-1745-4c23-a9d6-a452fadceaa4 HTTP/1.1" status: 204 len: 168 time: 0.3223448
2026-07-09 14:20:55.100 9 INFO neutron.wsgi [None req-900090c2-74c0-428b-9e74-d020b209ea88 81a77bffd09941559906dcca23982b01 382ca9eb4d6543128ddae8b65532b70b - - default default] 10.0.0.38 "GET /v2.0/security-groups?tenant_id=e9392c5ed3c843c5863044c1ad6652a8&name=default HTTP/1.1" status: 200 len: 3120 time: 0.0848043
2026-07-09 14:20:55.210 10 INFO neutron.db.ovn_revision_numbers_db [None req-90acf605-9053-449d-95e9-bcb0513a7e1e 81a77bffd09941559906dcca23982b01 382ca9eb4d6543128ddae8b65532b70b - - default default] Successfully bumped revision number for resource 8a150dc4-8268-4c2c-b397-d308b0e42928 (type: security_groups) to 1
2026-07-09 14:20:55.223 10 INFO neutron.db.ovn_revision_numbers_db [None req-90acf605-9053-449d-95e9-bcb0513a7e1e 81a77bffd09941559906dcca23982b01 382ca9eb4d6543128ddae8b65532b70b - - default default] Successfully bumped revision number for resource 1c966ba1-eda4-410a-bdc4-b33e1c0ca89d (type: security_group_rules) to 0
2026-07-09 14:20:55.237 10 INFO neutron.db.ovn_revision_numbers_db [None req-90acf605-9053-449d-95e9-bcb0513a7e1e 81a77bffd09941559906dcca23982b01 382ca9eb4d6543128ddae8b65532b70b - - default default] Successfully bumped revision number for resource 8c96cd33-2e72-4aa9-9d38-9338ac559fa6 (type: security_group_rules) to 0
2026-07-09 14:20:55.252 10 INFO neutron.db.ovn_revision_numbers_db [None req-90acf605-9053-449d-95e9-bcb0513a7e1e 81a77bffd09941559906dcca23982b01 382ca9eb4d6543128ddae8b65532b70b - - default default] Successfully bumped revision number for resource aa8a5460-3702-405b-afd3-adb67a55f962 (type: security_group_rules) to 0
2026-07-09 14:20:55.267 10 INFO neutron.db.ovn_revision_numbers_db [None req-90acf605-9053-449d-95e9-bcb0513a7e1e 81a77bffd09941559906dcca23982b01 382ca9eb4d6543128ddae8b65532b70b - - default default] Successfully bumped revision number for resource b00aa86e-01c8-4af2-99a2-8c19a6c4397f (type: security_group_rules) to 0
2026-07-09 14:20:55.293 10 INFO neutron.wsgi [None req-90acf605-9053-449d-95e9-bcb0513a7e1e 81a77bffd09941559906dcca23982b01 382ca9eb4d6543128ddae8b65532b70b - - default default] 10.0.0.38 "GET /v2.0/security-groups?tenant_id=05d68f208bfe4bb2b8d1c37d79908a5d&name=default HTTP/1.1" status: 200 len: 3120 time: 0.1995425
2026-07-09 14:20:55.303 9 INFO neutron.wsgi [None req-b13e0d78-8d48-41d1-88ed-47e07220cae6 2cec70935d88464c97df5825e83b2b4d e7e4438a80934351b4976819d24c8a0e - - default default] 10.0.0.38 "DELETE /v2.0/floatingips/f111745d-b84a-4e15-b67a-eeba43b5977b HTTP/1.1" status: 204 len: 168 time: 0.5066350
2026-07-09 14:20:55.313 10 INFO neutron.wsgi [None req-d283e7fe-7a1d-4bce-9edf-c1326e215e01 b77f461b676a4701906916099e724636 9cf20e5ef44d4e31984be15360eec044 - - default default] 10.0.0.38 "GET /v2.0/extensions HTTP/1.1" status: 200 len: 18678 time: 0.2592039
2026-07-09 14:20:55.314 9 WARNING neutron_lib.context [None req-eed61331-cc54-47b8-a361-3a722b8f93d0 2cec70935d88464c97df5825e83b2b4d e7e4438a80934351b4976819d24c8a0e - - default default] Method 'is_advsvc' is deprecated since 2023.2 release (neutron-lib 3.8.0) and will be removed once support for the old RBAC API policies will be removed from Neutron. Please use method 'is_service_role' instead.
2026-07-09 14:20:55.324 10 INFO neutron.wsgi [None req-d135811c-82f6-48b4-aaf1-82038445f042 b77f461b676a4701906916099e724636 9cf20e5ef44d4e31984be15360eec044 - - default default] 10.0.0.38 "GET /v2.0/extensions/address-group HTTP/1.1" status: 200 len: 353 time: 0.0055048
2026-07-09 14:20:55.334 10 INFO neutron.wsgi [None req-0797e781-47f1-4dfb-a488-7757bee4e39a b77f461b676a4701906916099e724636 9cf20e5ef44d4e31984be15360eec044 - - default default] 10.0.0.38 "GET /v2.0/extensions/address-scope HTTP/1.1" status: 200 len: 357 time: 0.0050797
2026-07-09 14:20:55.345 10 INFO neutron.wsgi [None req-582d02a2-bc3a-4d7f-bb46-0ab049b1bc97 b77f461b676a4701906916099e724636 9cf20e5ef44d4e31984be15360eec044 - - default default] 10.0.0.38 "GET /v2.0/extensions/agent HTTP/1.1" status: 200 len: 347 time: 0.0043621
2026-07-09 14:20:55.357 10 INFO neutron.wsgi [None req-95dc6f14-c348-44e0-b70b-2d347adc990d b77f461b676a4701906916099e724636 9cf20e5ef44d4e31984be15360eec044 - - default default] 10.0.0.38 "GET /v2.0/extensions/allowed-address-pairs HTTP/1.1" status: 200 len: 378 time: 0.0071926
2026-07-09 14:20:55.370 9 INFO neutron.wsgi [None req-87468244-595d-4a1c-b52e-f1a5687158f1 b77f461b676a4701906916099e724636 9cf20e5ef44d4e31984be15360eec044 - - default default] 10.0.0.38 "GET /v2.0/extensions/auto-allocated-topology HTTP/1.1" status: 200 len: 394 time: 0.0057108
2026-07-09 14:20:55.386 10 INFO neutron.wsgi [None req-2e86954a-0914-40a2-bdff-071b850dc3ef b77f461b676a4701906916099e724636 9cf20e5ef44d4e31984be15360eec044 - - default default] 10.0.0.38 "GET /v2.0/extensions/availability_zone HTTP/1.1" status: 200 len: 372 time: 0.0081108
2026-07-09 14:20:55.399 9 INFO neutron.wsgi [None req-0d5454b1-f770-4ee3-a910-6d111628632a b77f461b676a4701906916099e724636 9cf20e5ef44d4e31984be15360eec044 - - default default] 10.0.0.38 "GET /v2.0/extensions/default-subnetpools HTTP/1.1" status: 200 len: 405 time: 0.0072083
2026-07-09 14:20:55.412 9 INFO neutron.wsgi [None req-280362de-532b-45c1-a49d-ec4a6c47ec24 b77f461b676a4701906916099e724636 9cf20e5ef44d4e31984be15360eec044 - - default default] 10.0.0.38 "GET /v2.0/extensions/dhcp_agent_scheduler HTTP/1.1" status: 200 len: 381 time: 0.0075371
2026-07-09 14:20:55.424 9 INFO neutron.wsgi [None req-db3015ca-61a1-41e4-b4ba-70b766973c50 b77f461b676a4701906916099e724636 9cf20e5ef44d4e31984be15360eec044 - - default default] 10.0.0.38 "GET /v2.0/extensions/dns-integration HTTP/1.1" status: 200 len: 366 time: 0.0062978
2026-07-09 14:20:55.436 10 INFO neutron.wsgi [None req-27fee645-ac9f-44bc-b47e-f768f1581b0e b77f461b676a4701906916099e724636 9cf20e5ef44d4e31984be15360eec044 - - default default] 10.0.0.38 "GET /v2.0/extensions/dns-domain-ports HTTP/1.1" status: 200 len: 399 time: 0.0069966
2026-07-09 14:20:55.437 9 INFO neutron.wsgi [None req-d5de617d-f174-409f-9c8d-711588894d24 81a77bffd09941559906dcca23982b01 382ca9eb4d6543128ddae8b65532b70b - - default default] 10.0.0.38 "DELETE /v2.0/security-groups/23babc3f-9211-4bfd-8da7-d911d312a136 HTTP/1.1" status: 204 len: 168 time: 0.3335190
2026-07-09 14:20:55.445 9 INFO neutron.wsgi [None req-53337d78-0855-41c3-a032-6989e8a884b2 b77f461b676a4701906916099e724636 9cf20e5ef44d4e31984be15360eec044 - - default default] 10.0.0.38 "GET /v2.0/extensions/dns-integration-domain-keywords HTTP/1.1" status: 200 len: 477 time: 0.0045910
2026-07-09 14:20:55.456 10 INFO neutron.wsgi [None req-dcbbe612-8191-4328-ae1a-6b5bb13de0f1 b77f461b676a4701906916099e724636 9cf20e5ef44d4e31984be15360eec044 - - default default] 10.0.0.38 "GET /v2.0/extensions/empty-string-filtering HTTP/1.1" status: 200 len: 413 time: 0.0057976
2026-07-09 14:20:55.464 10 INFO neutron.wsgi [None req-179d97d8-d459-4399-8bef-7bd4ca0b1ba3 b77f461b676a4701906916099e724636 9cf20e5ef44d4e31984be15360eec044 - - default default] 10.0.0.38 "GET /v2.0/extensions/external-net HTTP/1.1" status: 200 len: 394 time: 0.0047886
2026-07-09 14:20:55.473 10 INFO neutron.wsgi [None req-44f61475-fafd-42bc-af2e-dc13ffc5ef6d b77f461b676a4701906916099e724636 9cf20e5ef44d4e31984be15360eec044 - - default default] 10.0.0.38 "GET /v2.0/extensions/extra_dhcp_opt HTTP/1.1" status: 200 len: 498 time: 0.0045865
2026-07-09 14:20:55.482 10 INFO neutron.wsgi [None req-78b5facc-e7d5-4907-bf08-288cb94e296b b77f461b676a4701906916099e724636 9cf20e5ef44d4e31984be15360eec044 - - default default] 10.0.0.38 "GET /v2.0/extensions/extraroute HTTP/1.1" status: 200 len: 375 time: 0.0039606
2026-07-09 14:20:55.493 9 INFO neutron.wsgi [None req-b096ac44-bbb7-4995-9448-1fc7b2800bfd b77f461b676a4701906916099e724636 9cf20e5ef44d4e31984be15360eec044 - - default default] 10.0.0.38 "GET /v2.0/extensions/floating-ip-port-forwarding-detail HTTP/1.1" status: 200 len: 465 time: 0.0060654
2026-07-09 14:20:55.505 10 INFO neutron.wsgi [None req-e60be06e-98eb-41aa-9d84-d5f64912ab26 b77f461b676a4701906916099e724636 9cf20e5ef44d4e31984be15360eec044 - - default default] 10.0.0.38 "GET /v2.0/extensions/fip-port-details HTTP/1.1" status: 200 len: 406 time: 0.0063589
2026-07-09 14:20:55.516 9 INFO neutron.wsgi [None req-315105c2-d3c5-465e-a425-ac74f3e649b6 b77f461b676a4701906916099e724636 9cf20e5ef44d4e31984be15360eec044 - - default default] 10.0.0.38 "GET /v2.0/extensions/flavors HTTP/1.1" status: 200 len: 387 time: 0.0056901
2026-07-09 14:20:55.529 10 INFO neutron.wsgi [None req-a2d40314-2108-4504-8c43-88ad0888c659 b77f461b676a4701906916099e724636 9cf20e5ef44d4e31984be15360eec044 - - default default] 10.0.0.38 "GET /v2.0/extensions/floatingip-pools HTTP/1.1" status: 200 len: 382 time: 0.0080848
2026-07-09 14:20:55.541 10 INFO neutron.wsgi [None req-9845c951-728a-47f1-8690-9d95aea08391 b77f461b676a4701906916099e724636 9cf20e5ef44d4e31984be15360eec044 - - default default] 10.0.0.38 "GET /v2.0/extensions/ip_allocation HTTP/1.1" status: 200 len: 356 time: 0.0057819
2026-07-09 14:20:55.550 10 INFO neutron.wsgi [None req-07df9560-f791-46ef-9164-443eacac4438 b77f461b676a4701906916099e724636 9cf20e5ef44d4e31984be15360eec044 - - default default] 10.0.0.38 "GET /v2.0/extensions/l2_adjacency HTTP/1.1" status: 200 len: 372 time: 0.0047657
2026-07-09 14:20:55.560 9 INFO neutron.wsgi [None req-a392e45b-442f-4789-b528-c7ba2b8df841 b77f461b676a4701906916099e724636 9cf20e5ef44d4e31984be15360eec044 - - default default] 10.0.0.38 "GET /v2.0/extensions/router HTTP/1.1" status: 200 len: 450 time: 0.0050476
2026-07-09 14:20:55.571 9 INFO neutron.wsgi [None req-7936cb8a-21c0-4ca2-abe3-1bdebd57be08 b77f461b676a4701906916099e724636 9cf20e5ef44d4e31984be15360eec044 - - default default] 10.0.0.38 "GET /v2.0/extensions/enable-default-route-bfd HTTP/1.1" status: 200 len: 406 time: 0.0048745
2026-07-09 14:20:55.581 10 INFO neutron.wsgi [None req-43d2b378-06f4-4d79-a499-a32012010f92 b77f461b676a4701906916099e724636 9cf20e5ef44d4e31984be15360eec044 - - default default] 10.0.0.38 "GET /v2.0/extensions/enable-default-route-ecmp HTTP/1.1" status: 200 len: 409 time: 0.0060463
2026-07-09 14:20:55.593 9 INFO neutron.wsgi [None req-53530c51-b87a-445d-8497-6b5bcb8221b6 b77f461b676a4701906916099e724636 9cf20e5ef44d4e31984be15360eec044 - - default default] 10.0.0.38 "GET /v2.0/extensions/ext-gw-mode HTTP/1.1" status: 200 len: 462 time: 0.0074368
2026-07-09 14:20:55.604 10 INFO neutron.wsgi [None req-a988fe21-e796-4626-9329-143f0e8fbb37 b77f461b676a4701906916099e724636 9cf20e5ef44d4e31984be15360eec044 - - default default] 10.0.0.38 "GET /v2.0/extensions/l3-ha HTTP/1.1" status: 200 len: 360 time: 0.0059652
2026-07-09 14:20:55.615 10 INFO neutron.wsgi [None req-0f1e79a6-61c8-4cf2-89a3-67e5c837e08e b77f461b676a4701906916099e724636 9cf20e5ef44d4e31984be15360eec044 - - default default] 10.0.0.38 "GET /v2.0/extensions/external-gateway-multihoming HTTP/1.1" status: 200 len: 421 time: 0.0072191
2026-07-09 14:20:55.622 10 INFO neutron.wsgi [None req-e7480c4c-68ee-49b2-b776-17a78bb741fd 81a77bffd09941559906dcca23982b01 382ca9eb4d6543128ddae8b65532b70b - - default default] 10.0.0.38 "DELETE /v2.0/security-groups/8a150dc4-8268-4c2c-b397-d308b0e42928 HTTP/1.1" status: 204 len: 168 time: 0.3237438
2026-07-09 14:20:55.628 9 INFO neutron.wsgi [None req-734e2d3e-ad83-4382-bc21-6cb4a8fb26e8 b77f461b676a4701906916099e724636 9cf20e5ef44d4e31984be15360eec044 - - default default] 10.0.0.38 "GET /v2.0/extensions/l3-flavors HTTP/1.1" status: 200 len: 366 time: 0.0069754
2026-07-09 14:20:55.637 9 INFO neutron.wsgi [None req-fbcd7514-3758-48f1-8ada-f5359b047415 b77f461b676a4701906916099e724636 9cf20e5ef44d4e31984be15360eec044 - - default default] 10.0.0.38 "GET /v2.0/extensions/logging HTTP/1.1" status: 200 len: 407 time: 0.0038514
2026-07-09 14:20:55.649 10 INFO neutron.wsgi [None req-fb3c5e0a-076f-4262-a4b9-1f3ceadd09b3 b77f461b676a4701906916099e724636 9cf20e5ef44d4e31984be15360eec044 - - default default] 10.0.0.38 "GET /v2.0/extensions/multi-provider HTTP/1.1" status: 200 len: 406 time: 0.0079641
2026-07-09 14:20:55.663 9 INFO neutron.wsgi [None req-23db6439-8a86-44f3-a249-e47e0ad4d648 b77f461b676a4701906916099e724636 9cf20e5ef44d4e31984be15360eec044 - - default default] 10.0.0.38 "GET /v2.0/extensions/net-mtu HTTP/1.1" status: 200 len: 370 time: 0.0089839
2026-07-09 14:20:55.671 9 WARNING neutron.scheduler.dhcp_agent_scheduler [None req-eed61331-cc54-47b8-a361-3a722b8f93d0 2cec70935d88464c97df5825e83b2b4d e7e4438a80934351b4976819d24c8a0e - - default default] No more DHCP agents
2026-07-09 14:20:55.674 9 WARNING neutron.api.rpc.agentnotifiers.dhcp_rpc_agent_api [None req-eed61331-cc54-47b8-a361-3a722b8f93d0 2cec70935d88464c97df5825e83b2b4d e7e4438a80934351b4976819d24c8a0e - - default default] Unable to schedule network 0b6c78b0-88d5-4e8d-a294-73ace6d91848: no agents available; will retry on subsequent port and subnet creation events.
2026-07-09 14:20:55.680 10 INFO neutron.wsgi [None req-d0ebe4d2-1c04-4ce6-b008-7841692c881d b77f461b676a4701906916099e724636 9cf20e5ef44d4e31984be15360eec044 - - default default] 10.0.0.38 "GET /v2.0/extensions/net-mtu-writable HTTP/1.1" status: 200 len: 401 time: 0.0092378
2026-07-09 14:20:55.689 10 INFO neutron.wsgi [None req-dc515700-32a6-45b5-a22c-5d324decd3a0 b77f461b676a4701906916099e724636 9cf20e5ef44d4e31984be15360eec044 - - default default] 10.0.0.38 "GET /v2.0/extensions/network_availability_zone HTTP/1.1" status: 200 len: 394 time: 0.0046754
2026-07-09 14:20:55.705 10 INFO neutron.wsgi [None req-0e5a1e42-ed91-4e01-b843-dbcdb89a92c8 b77f461b676a4701906916099e724636 9cf20e5ef44d4e31984be15360eec044 - - default default] 10.0.0.38 "GET /v2.0/extensions/network-ip-availability HTTP/1.1" status: 200 len: 410 time: 0.0057216
2026-07-09 14:20:55.719 9 INFO neutron.wsgi [None req-cc4cdeec-532e-46ba-8b2e-071571b223d5 b77f461b676a4701906916099e724636 9cf20e5ef44d4e31984be15360eec044 - - default default] 10.0.0.38 "GET /v2.0/extensions/pagination HTTP/1.1" status: 200 len: 386 time: 0.0043523
2026-07-09 14:20:55.731 10 INFO neutron.wsgi [None req-1e71dc35-1d94-43fb-a967-4f37d757d9e6 b77f461b676a4701906916099e724636 9cf20e5ef44d4e31984be15360eec044 - - default default] 10.0.0.38 "GET /v2.0/extensions/port-device-profile HTTP/1.1" status: 200 len: 383 time: 0.0081596
2026-07-09 14:20:55.738 10 INFO neutron.wsgi [None req-d0a1d76f-c8eb-4fc3-9049-14ecaf215bda b77f461b676a4701906916099e724636 9cf20e5ef44d4e31984be15360eec044 - - default default] 10.0.0.38 "GET /v2.0/extensions/port-mac-address-regenerate HTTP/1.1" status: 200 len: 403 time: 0.0036314
2026-07-09 14:20:55.746 10 INFO neutron.wsgi [None req-b861b732-ef64-48f2-9b0a-96882b8ef540 b77f461b676a4701906916099e724636 9cf20e5ef44d4e31984be15360eec044 - - default default] 10.0.0.38 "GET /v2.0/extensions/port-numa-affinity-policy HTTP/1.1" status: 200 len: 392 time: 0.0048890
2026-07-09 14:20:55.758 10 INFO neutron.wsgi [None req-65542323-842f-4d43-97eb-583d60a12e1c b77f461b676a4701906916099e724636 9cf20e5ef44d4e31984be15360eec044 - - default default] 10.0.0.38 "GET /v2.0/extensions/port-resource-request HTTP/1.1" status: 200 len: 379 time: 0.0059373
2026-07-09 14:20:55.771 9 INFO neutron.wsgi [None req-75b67bdc-1c6a-4a96-9284-21eff612bdc0 b77f461b676a4701906916099e724636 9cf20e5ef44d4e31984be15360eec044 - - default default] 10.0.0.38 "GET /v2.0/extensions/port-resource-request-groups HTTP/1.1" status: 200 len: 465 time: 0.0060227
2026-07-09 14:20:55.784 10 INFO neutron.wsgi [None req-15e35efa-87ab-4d39-b956-a7f8b1010991 b77f461b676a4701906916099e724636 9cf20e5ef44d4e31984be15360eec044 - - default default] 10.0.0.38 "GET /v2.0/extensions/binding HTTP/1.1" status: 200 len: 387 time: 0.0073102
2026-07-09 14:20:55.795 10 INFO neutron.wsgi [None req-e27827a8-3276-4532-a691-38daa7dae714 b77f461b676a4701906916099e724636 9cf20e5ef44d4e31984be15360eec044 - - default default] 10.0.0.38 "GET /v2.0/extensions/binding-extended HTTP/1.1" status: 200 len: 406 time: 0.0041683
2026-07-09 14:20:55.803 10 INFO neutron.wsgi [None req-f0b8487a-dc4d-41b7-958d-5485fc784c76 b77f461b676a4701906916099e724636 9cf20e5ef44d4e31984be15360eec044 - - default default] 10.0.0.38 "GET /v2.0/extensions/port-security HTTP/1.1" status: 200 len: 354 time: 0.0042684
2026-07-09 14:20:55.811 10 INFO neutron.wsgi [None req-b27694d3-8912-404a-a7a4-0f39890526da b77f461b676a4701906916099e724636 9cf20e5ef44d4e31984be15360eec044 - - default default] 10.0.0.38 "GET /v2.0/extensions/project-id HTTP/1.1" status: 200 len: 398 time: 0.0052259
2026-07-09 14:20:55.822 10 INFO neutron.wsgi [None req-c1ac956e-6ae2-45e7-8f3c-a2fef3b63cc1 b77f461b676a4701906916099e724636 9cf20e5ef44d4e31984be15360eec044 - - default default] 10.0.0.38 "GET /v2.0/extensions/provider HTTP/1.1" status: 200 len: 385 time: 0.0053158
2026-07-09 14:20:55.831 10 INFO neutron.wsgi [None req-3e74c632-8571-4194-ae5a-8c536a644dc7 b77f461b676a4701906916099e724636 9cf20e5ef44d4e31984be15360eec044 - - default default] 10.0.0.38 "GET /v2.0/extensions/qos HTTP/1.1" status: 200 len: 360 time: 0.0044966
2026-07-09 14:20:55.842 10 INFO neutron.wsgi [None req-af7fdf03-e881-4e50-995a-4e1943af7d6e b77f461b676a4701906916099e724636 9cf20e5ef44d4e31984be15360eec044 - - default default] 10.0.0.38 "GET /v2.0/extensions/qos-bw-limit-direction HTTP/1.1" status: 200 len: 452 time: 0.0049205
2026-07-09 14:20:55.854 10 INFO neutron.wsgi [None req-b486bec1-302e-462a-b45e-c10d3848bc71 b77f461b676a4701906916099e724636 9cf20e5ef44d4e31984be15360eec044 - - default default] 10.0.0.38 "GET /v2.0/extensions/qos-bw-minimum-ingress HTTP/1.1" status: 200 len: 445 time: 0.0062618
2026-07-09 14:20:55.868 10 INFO neutron.wsgi [None req-0d70b189-b2c9-4810-a987-488726e1979f b77f461b676a4701906916099e724636 9cf20e5ef44d4e31984be15360eec044 - - default default] 10.0.0.38 "GET /v2.0/extensions/qos-default HTTP/1.1" status: 200 len: 377 time: 0.0079105
2026-07-09 14:20:55.877 10 INFO neutron.wsgi [None req-b1f88027-5ca6-4606-8f6d-5a9bc7514e9d b77f461b676a4701906916099e724636 9cf20e5ef44d4e31984be15360eec044 - - default default] 10.0.0.38 "GET /v2.0/extensions/qos-fip HTTP/1.1" status: 200 len: 372 time: 0.0043600
2026-07-09 14:20:55.886 10 INFO neutron.wsgi [None req-fdd8c2a2-3ec7-406f-9f63-f92bbfb2f0ec b77f461b676a4701906916099e724636 9cf20e5ef44d4e31984be15360eec044 - - default default] 10.0.0.38 "GET /v2.0/extensions/qos-gateway-ip HTTP/1.1" status: 200 len: 391 time: 0.0050271
2026-07-09 14:20:55.897 9 INFO neutron.wsgi [None req-31dc9490-41d3-4c69-9b04-b3faf264fd6f b77f461b676a4701906916099e724636 9cf20e5ef44d4e31984be15360eec044 - - default default] 10.0.0.38 "GET /v2.0/extensions/qos-port-network-policy HTTP/1.1" status: 200 len: 403 time: 0.0066974
