2026-07-09 14:23:34.738 9 INFO neutron.wsgi [None req-8ab51b5d-4df5-4531-9af4-963acf9b31a9 81a77bffd09941559906dcca23982b01 382ca9eb4d6543128ddae8b65532b70b - - default default] 10.0.0.38 "GET /v2.0/security-groups?tenant_id=e6493e22076d45f090846412c5d456a5&name=default HTTP/1.1" status: 200 len: 3120 time: 0.4430945 /var/lib/openstack/lib/python3.10/site-packages/pycadf/identifier.py:71: UserWarning: Invalid uuid: neutron. To ensure interoperability, identifiers should be a valid uuid. warnings.warn(('Invalid uuid: %s. To ensure interoperability, '
2026-07-09 14:23:34.755 9 INFO neutron.db.ovn_revision_numbers_db [None req-2b25231c-d6ee-4033-906b-077fca1ebb39 c4321a21364f40f0bdef6cce6b4dc420 c82e5800e5ca45a5b0dbf8d2a334e89c - - default default] Successfully bumped revision number for resource 051dffaa-9142-4a33-98b0-65ca40acc597 (type: ports) to 1
2026-07-09 14:23:34.774 9 INFO neutron.wsgi [None req-2b25231c-d6ee-4033-906b-077fca1ebb39 c4321a21364f40f0bdef6cce6b4dc420 c82e5800e5ca45a5b0dbf8d2a334e89c - - default default] 10.0.0.38 "POST /v2.0/networks HTTP/1.1" status: 201 len: 929 time: 0.7507949
2026-07-09 14:23:34.944 9 WARNING neutron.scheduler.dhcp_agent_scheduler [None req-ff461a27-1f26-4794-b7c9-3a04b3956020 c4321a21364f40f0bdef6cce6b4dc420 c82e5800e5ca45a5b0dbf8d2a334e89c - - default default] No more DHCP agents
2026-07-09 14:23:34.948 9 WARNING neutron.api.rpc.agentnotifiers.dhcp_rpc_agent_api [None req-ff461a27-1f26-4794-b7c9-3a04b3956020 c4321a21364f40f0bdef6cce6b4dc420 c82e5800e5ca45a5b0dbf8d2a334e89c - - default default] Unable to schedule network b5b1e829-214c-4ae0-a032-57922f8c3f90: no agents available; will retry on subsequent port and subnet creation events.
2026-07-09 14:23:34.981 10 INFO neutron.notifiers.nova [-] Nova event matching ['req-73577106-bf01-4537-8eb6-774ec05cdec7'] response: {'server_uuid': 'ed58482d-62d4-4084-a7e3-8b3bc7999b8f', 'name': 'network-vif-plugged', 'status': 'completed', 'tag': '97806a84-e8d8-4aab-aadf-b719b66d99e5', 'code': 200}
2026-07-09 14:23:34.982 10 INFO neutron.notifiers.nova [-] Nova event matching ['req-73577106-bf01-4537-8eb6-774ec05cdec7'] response: {'server_uuid': 'ed58482d-62d4-4084-a7e3-8b3bc7999b8f', 'name': 'network-vif-plugged', 'status': 'completed', 'tag': '97806a84-e8d8-4aab-aadf-b719b66d99e5', 'code': 200}
2026-07-09 14:23:35.076 10 INFO neutron.wsgi [None req-639bdced-c71f-4685-93b3-8d31f36df0dc 81a77bffd09941559906dcca23982b01 382ca9eb4d6543128ddae8b65532b70b - - default default] 10.0.0.38 "DELETE /v2.0/security-groups/b1f1f288-7cb3-4375-aa35-6e2c66a636cc HTTP/1.1" status: 204 len: 168 time: 0.3291891
2026-07-09 14:23:35.104 10 INFO neutron.db.ovn_revision_numbers_db [None req-8ca09fb2-089f-460f-8aa3-34d34ef85bae 81a77bffd09941559906dcca23982b01 382ca9eb4d6543128ddae8b65532b70b - - default default] Successfully bumped revision number for resource 6e999b1c-745e-4d2d-9d14-f00508109873 (type: security_groups) to 1
2026-07-09 14:23:35.135 10 INFO neutron.db.ovn_revision_numbers_db [None req-8ca09fb2-089f-460f-8aa3-34d34ef85bae 81a77bffd09941559906dcca23982b01 382ca9eb4d6543128ddae8b65532b70b - - default default] Successfully bumped revision number for resource 07041bb6-f134-4b9f-aaec-52b5d952c223 (type: security_group_rules) to 0
2026-07-09 14:23:35.153 10 INFO neutron.db.ovn_revision_numbers_db [None req-8ca09fb2-089f-460f-8aa3-34d34ef85bae 81a77bffd09941559906dcca23982b01 382ca9eb4d6543128ddae8b65532b70b - - default default] Successfully bumped revision number for resource 61851589-0907-47b9-8c35-3b101f48a72a (type: security_group_rules) to 0
2026-07-09 14:23:35.176 10 INFO neutron.db.ovn_revision_numbers_db [None req-8ca09fb2-089f-460f-8aa3-34d34ef85bae 81a77bffd09941559906dcca23982b01 382ca9eb4d6543128ddae8b65532b70b - - default default] Successfully bumped revision number for resource 63c613a9-7eb4-4af6-be53-11fc11446e8d (type: security_group_rules) to 0
2026-07-09 14:23:35.193 10 INFO neutron.db.ovn_revision_numbers_db [None req-8ca09fb2-089f-460f-8aa3-34d34ef85bae 81a77bffd09941559906dcca23982b01 382ca9eb4d6543128ddae8b65532b70b - - default default] Successfully bumped revision number for resource abe082a0-7892-4eb8-9f66-a5e565c59827 (type: security_group_rules) to 0
2026-07-09 14:23:35.225 10 INFO neutron.wsgi [None req-8ca09fb2-089f-460f-8aa3-34d34ef85bae 81a77bffd09941559906dcca23982b01 382ca9eb4d6543128ddae8b65532b70b - - default default] 10.0.0.38 "GET /v2.0/security-groups?tenant_id=c2575898d5dd4ba1b04ef933567318ed&name=default HTTP/1.1" status: 200 len: 3120 time: 0.5051086
2026-07-09 14:23:35.348 9 INFO neutron.services.segments.plugin [-] Segment beeb5c54-f8d7-4531-b4e9-101f4cff81d7 resource provider aggregate not found
2026-07-09 14:23:35.357 9 INFO neutron.services.segments.plugin [-] Segment beeb5c54-f8d7-4531-b4e9-101f4cff81d7 resource provider aggregate not found
2026-07-09 14:23:35.367 9 INFO neutron.services.segments.plugin [-] Segment beeb5c54-f8d7-4531-b4e9-101f4cff81d7 resource provider not found; error: Placement Client Error (4xx): {"errors": [{"status": 404, "title": "Not Found", "detail": "The resource could not be found.\n\n No resource provider with uuid beeb5c54-f8d7-4531-b4e9-101f4cff81d7 found for delete ", "request_id": "req-1e1d24f6-762a-429d-aa9d-d7fc890f1f26"}]}
2026-07-09 14:23:35.379 9 INFO neutron.services.segments.plugin [-] Segment beeb5c54-f8d7-4531-b4e9-101f4cff81d7 resource provider not found; error: Placement Client Error (4xx): {"errors": [{"status": 404, "title": "Not Found", "detail": "The resource could not be found.\n\n No resource provider with uuid beeb5c54-f8d7-4531-b4e9-101f4cff81d7 found for delete ", "request_id": "req-6cfb4a6d-4bce-4ae9-b1eb-b52bd654876b"}]}
2026-07-09 14:23:35.664 9 INFO neutron.wsgi [None req-bd4f2572-30e4-4840-a245-8aa1bd8975ef 81a77bffd09941559906dcca23982b01 382ca9eb4d6543128ddae8b65532b70b - - default default] 10.0.0.38 "DELETE /v2.0/security-groups/6e999b1c-745e-4d2d-9d14-f00508109873 HTTP/1.1" status: 204 len: 168 time: 0.4310696
2026-07-09 14:23:35.678 9 INFO neutron.wsgi [-] 10.0.0.140 "GET / HTTP/1.1" status: 200 len: 246 time: 0.0021596
2026-07-09 14:23:35.678 10 INFO neutron.wsgi [-] 10.0.0.140 "GET / HTTP/1.1" status: 200 len: 246 time: 0.0018880
2026-07-09 14:23:35.679 9 INFO neutron.db.ovn_revision_numbers_db [None req-ff461a27-1f26-4794-b7c9-3a04b3956020 c4321a21364f40f0bdef6cce6b4dc420 c82e5800e5ca45a5b0dbf8d2a334e89c - - default default] Successfully bumped revision number for resource 051dffaa-9142-4a33-98b0-65ca40acc597 (type: ports) to 2
2026-07-09 14:23:35.718 9 INFO neutron.db.ovn_revision_numbers_db [None req-ff461a27-1f26-4794-b7c9-3a04b3956020 c4321a21364f40f0bdef6cce6b4dc420 c82e5800e5ca45a5b0dbf8d2a334e89c - - default default] Successfully bumped revision number for resource 145bcb64-33a0-4c0b-8082-52f07eee133c (type: subnets) to 0
2026-07-09 14:23:35.772 9 INFO neutron.wsgi [None req-ff461a27-1f26-4794-b7c9-3a04b3956020 c4321a21364f40f0bdef6cce6b4dc420 c82e5800e5ca45a5b0dbf8d2a334e89c - - default default] 10.0.0.38 "POST /v2.0/subnets HTTP/1.1" status: 201 len: 822 time: 0.9918957
2026-07-09 14:23:35.785 10 WARNING neutron.api.v2.base [None req-1a287272-8c4d-4f55-b872-1e20af6019e6 c4321a21364f40f0bdef6cce6b4dc420 c82e5800e5ca45a5b0dbf8d2a334e89c - - default default] An exception happened while processing the request body. The exception message is [Invalid input for target_tenant. Reason: '1234123412341234123412341234123412341234123412341234123412341234123412341234123412341234123412341234123412341234123412341234123412341234123412341234123412341234123412341234123412341234123412341234123412341234123412341234123412341234123412341234123412341234123412341234123412341234123412341234123412341234123412341234123412341234123412341234123412341234123412341234123412341234123412341234123412341234' exceeds maximum length of 255.].: webob.exc.HTTPBadRequest: Invalid input for target_tenant. Reason: '1234123412341234123412341234123412341234123412341234123412341234123412341234123412341234123412341234123412341234123412341234123412341234123412341234123412341234123412341234123412341234123412341234123412341234123412341234123412341234123412341234123412341234123412341234123412341234123412341234123412341234123412341234123412341234123412341234123412341234123412341234123412341234123412341234123412341234' exceeds maximum length of 255.
2026-07-09 14:23:35.787 10 INFO neutron.api.v2.resource [None req-1a287272-8c4d-4f55-b872-1e20af6019e6 c4321a21364f40f0bdef6cce6b4dc420 c82e5800e5ca45a5b0dbf8d2a334e89c - - default default] create failed (client error): Invalid input for target_tenant. Reason: '1234123412341234123412341234123412341234123412341234123412341234123412341234123412341234123412341234123412341234123412341234123412341234123412341234123412341234123412341234123412341234123412341234123412341234123412341234123412341234123412341234123412341234123412341234123412341234123412341234123412341234123412341234123412341234123412341234123412341234123412341234123412341234123412341234123412341234' exceeds maximum length of 255.
2026-07-09 14:23:35.788 10 INFO neutron.wsgi [None req-1a287272-8c4d-4f55-b872-1e20af6019e6 c4321a21364f40f0bdef6cce6b4dc420 c82e5800e5ca45a5b0dbf8d2a334e89c - - default default] 10.0.0.38 "POST /v2.0/rbac-policies HTTP/1.1" status: 400 len: 750 time: 0.0099983
2026-07-09 14:23:35.792 9 INFO neutron.wsgi [req-bd742395-9d7f-4e97-a2bf-70383c36303e req-d80af31f-1a96-42e2-a113-46e2cc359925 c7d61c0e041a41c49eb2050e24f94c31 09e407b2d62549e49fa530efc0bf99f6 - - default default] 10.0.0.146 "GET /v2.0/ports?device_id=ed58482d-62d4-4084-a7e3-8b3bc7999b8f HTTP/1.1" status: 200 len: 1214 time: 0.0609202
2026-07-09 14:23:35.866 10 INFO neutron.wsgi [None req-3f047cbb-42ad-46a2-99f2-f111cba0fe9c 81a77bffd09941559906dcca23982b01 382ca9eb4d6543128ddae8b65532b70b - - default default] 10.0.0.38 "GET /v2.0/security-groups?tenant_id=2ffc0a04d0404e35808ea1f4247cab9c&name=default HTTP/1.1" status: 200 len: 3120 time: 0.0421336
2026-07-09 14:23:35.878 9 INFO neutron.wsgi [req-bd742395-9d7f-4e97-a2bf-70383c36303e req-9501c4b6-7785-4ee9-8dfc-0355fdd04156 c7d61c0e041a41c49eb2050e24f94c31 09e407b2d62549e49fa530efc0bf99f6 - - default default] 10.0.0.146 "GET /v2.0/security-groups?id=62ed6e31-c998-4de5-99f9-c5de70cc651f&id=4e8ccd09-37b3-44a6-874e-8de3c5f2f71c&fields=id&fields=name HTTP/1.1" status: 200 len: 406 time: 0.0742264
2026-07-09 14:23:36.006 10 INFO neutron.wsgi [req-fca7df8a-b330-42ec-8dc7-bb8c2e21149c req-c65ae7ff-d829-4f24-9201-ff3d6f4c3aff c7d61c0e041a41c49eb2050e24f94c31 09e407b2d62549e49fa530efc0bf99f6 - - default default] 10.0.0.146 "GET /v2.0/ports?device_id=ed58482d-62d4-4084-a7e3-8b3bc7999b8f HTTP/1.1" status: 200 len: 1214 time: 0.0623221
2026-07-09 14:23:36.168 10 INFO neutron.wsgi [None req-0a37e322-c307-4779-9bbb-7e945d83bb9f 81a77bffd09941559906dcca23982b01 382ca9eb4d6543128ddae8b65532b70b - - default default] 10.0.0.38 "DELETE /v2.0/security-groups/d24250c2-0c22-4cd8-8311-0be85ac5350f HTTP/1.1" status: 204 len: 168 time: 0.2967865
2026-07-09 14:23:37.075 9 INFO neutron.wsgi [None req-1bd02915-c863-4506-a7f6-629609c9f83a c4321a21364f40f0bdef6cce6b4dc420 c82e5800e5ca45a5b0dbf8d2a334e89c - - default default] 10.0.0.38 "DELETE /v2.0/networks/b5b1e829-214c-4ae0-a032-57922f8c3f90 HTTP/1.1" status: 204 len: 168 time: 1.2722640
2026-07-09 14:23:37.198 10 INFO neutron.db.segments_db [None req-cb06a3ff-94b3-474f-a683-0ec949f4ce80 c4321a21364f40f0bdef6cce6b4dc420 c82e5800e5ca45a5b0dbf8d2a334e89c - - default default] Added segment 15a5f6f7-320f-41b5-8a52-d583143d8f14 of type geneve for network 596b4f92-32a4-4165-aa64-2886b0ee9220
2026-07-09 14:23:37.311 9 INFO neutron.db.ovn_revision_numbers_db [None req-bcf33fd1-6c60-4815-ad9f-d11c1a4a149e c7d61c0e041a41c49eb2050e24f94c31 09e407b2d62549e49fa530efc0bf99f6 - - default default] Successfully bumped revision number for resource 0b1456b5-56cb-4cb6-87cc-ae705972cdd6 (type: floatingips) to 1
2026-07-09 14:23:37.385 10 INFO neutron.db.ovn_revision_numbers_db [None req-cb06a3ff-94b3-474f-a683-0ec949f4ce80 c4321a21364f40f0bdef6cce6b4dc420 c82e5800e5ca45a5b0dbf8d2a334e89c - - default default] Successfully bumped revision number for resource 596b4f92-32a4-4165-aa64-2886b0ee9220 (type: networks) to 1
2026-07-09 14:23:37.408 9 INFO neutron.services.segments.plugin [-] Segment 724c225b-d5b4-4db4-816b-a7c143129077 resource provider aggregate not found
2026-07-09 14:23:37.414 9 INFO neutron.services.segments.plugin [-] Segment 724c225b-d5b4-4db4-816b-a7c143129077 resource provider aggregate not found
2026-07-09 14:23:37.430 9 INFO neutron.services.segments.plugin [-] Segment 724c225b-d5b4-4db4-816b-a7c143129077 resource provider not found; error: Placement Client Error (4xx): {"errors": [{"status": 404, "title": "Not Found", "detail": "The resource could not be found.\n\n No resource provider with uuid 724c225b-d5b4-4db4-816b-a7c143129077 found for delete ", "request_id": "req-11f22967-7464-4a09-9a36-d558fc8b95fd"}]}
2026-07-09 14:23:37.433 9 INFO neutron.services.segments.plugin [-] Segment 724c225b-d5b4-4db4-816b-a7c143129077 resource provider not found; error: Placement Client Error (4xx): {"errors": [{"status": 404, "title": "Not Found", "detail": "The resource could not be found.\n\n No resource provider with uuid 724c225b-d5b4-4db4-816b-a7c143129077 found for delete ", "request_id": "req-42b023a2-f492-462f-813c-9caa052fc612"}]}
2026-07-09 14:23:37.510 9 INFO neutron.db.ovn_revision_numbers_db [None req-bcf33fd1-6c60-4815-ad9f-d11c1a4a149e c7d61c0e041a41c49eb2050e24f94c31 09e407b2d62549e49fa530efc0bf99f6 - - default default] Successfully bumped revision number for resource 0b1456b5-56cb-4cb6-87cc-ae705972cdd6 (type: floatingips) to 2
2026-07-09 14:23:37.510 9 INFO neutron.db.l3_db [None req-bcf33fd1-6c60-4815-ad9f-d11c1a4a149e c7d61c0e041a41c49eb2050e24f94c31 09e407b2d62549e49fa530efc0bf99f6 - - default default] Floating IP 0b1456b5-56cb-4cb6-87cc-ae705972cdd6 associated. External IP: 10.96.250.211, port: 97806a84-e8d8-4aab-aadf-b719b66d99e5.
2026-07-09 14:23:37.545 9 INFO neutron.wsgi [None req-bcf33fd1-6c60-4815-ad9f-d11c1a4a149e c7d61c0e041a41c49eb2050e24f94c31 09e407b2d62549e49fa530efc0bf99f6 - - default default] 10.0.0.38 "PUT /v2.0/floatingips/0b1456b5-56cb-4cb6-87cc-ae705972cdd6 HTTP/1.1" status: 200 len: 1050 time: 1.5250380
2026-07-09 14:23:37.612 10 WARNING neutron.scheduler.dhcp_agent_scheduler [None req-cb06a3ff-94b3-474f-a683-0ec949f4ce80 c4321a21364f40f0bdef6cce6b4dc420 c82e5800e5ca45a5b0dbf8d2a334e89c - - default default] No more DHCP agents
2026-07-09 14:23:37.620 9 INFO neutron.notifiers.nova [-] Nova event matching ['req-8a474890-6c72-429a-97f6-4559b08d4b7b'] response: {'name': 'network-changed', 'server_uuid': 'ed58482d-62d4-4084-a7e3-8b3bc7999b8f', 'tag': '97806a84-e8d8-4aab-aadf-b719b66d99e5', 'status': 'completed', 'code': 200}
2026-07-09 14:23:37.623 10 WARNING neutron.api.rpc.agentnotifiers.dhcp_rpc_agent_api [None req-cb06a3ff-94b3-474f-a683-0ec949f4ce80 c4321a21364f40f0bdef6cce6b4dc420 c82e5800e5ca45a5b0dbf8d2a334e89c - - default default] Unable to schedule network 596b4f92-32a4-4165-aa64-2886b0ee9220: no agents available; will retry on subsequent port and subnet creation events.
2026-07-09 14:23:37.721 10 INFO neutron.wsgi [req-12bd4b33-167b-4090-ae02-03c449d87b24 req-25b5d59a-9245-43b3-b5c9-9e16b2a626cc 98a6fadb8ea840298e4973fcccd1d622 8c40a5055bf74eeb9613dee1aba3e8fe - - a68933338202467fafdc0089282cadca a68933338202467fafdc0089282cadca] 199.19.213.152 "GET /v2.0/ports?tenant_id=09e407b2d62549e49fa530efc0bf99f6&device_id=ed58482d-62d4-4084-a7e3-8b3bc7999b8f HTTP/1.1" status: 200 len: 1452 time: 0.0713437
2026-07-09 14:23:37.765 10 INFO neutron.db.ovn_revision_numbers_db [None req-cb06a3ff-94b3-474f-a683-0ec949f4ce80 c4321a21364f40f0bdef6cce6b4dc420 c82e5800e5ca45a5b0dbf8d2a334e89c - - default default] Successfully bumped revision number for resource e3d820ee-0dd0-4c7d-ad4b-71934a92e282 (type: ports) to 1
2026-07-09 14:23:37.808 10 INFO neutron.wsgi [None req-cb06a3ff-94b3-474f-a683-0ec949f4ce80 c4321a21364f40f0bdef6cce6b4dc420 c82e5800e5ca45a5b0dbf8d2a334e89c - - default default] 10.0.0.38 "POST /v2.0/networks HTTP/1.1" status: 201 len: 928 time: 0.7200608
2026-07-09 14:23:37.815 10 INFO neutron.wsgi [req-12bd4b33-167b-4090-ae02-03c449d87b24 req-6f8824e4-7fc7-47a2-8209-ca3c78002f9f 98a6fadb8ea840298e4973fcccd1d622 8c40a5055bf74eeb9613dee1aba3e8fe - - a68933338202467fafdc0089282cadca a68933338202467fafdc0089282cadca] 199.19.213.152 "GET /v2.0/networks?id=582b0dc9-3cad-4321-8e69-d3d0d3aa0833 HTTP/1.1" status: 200 len: 971 time: 0.0868888 /var/lib/openstack/lib/python3.10/site-packages/pycadf/identifier.py:71: UserWarning: Invalid uuid: neutron. To ensure interoperability, identifiers should be a valid uuid. warnings.warn(('Invalid uuid: %s. To ensure interoperability, '
2026-07-09 14:23:37.909 10 INFO neutron.wsgi [req-12bd4b33-167b-4090-ae02-03c449d87b24 req-e4fb7c50-bae3-48c7-b39c-0a30f6710e82 98a6fadb8ea840298e4973fcccd1d622 8c40a5055bf74eeb9613dee1aba3e8fe - - a68933338202467fafdc0089282cadca a68933338202467fafdc0089282cadca] 199.19.213.152 "GET /v2.0/floatingips?fixed_ip_address=10.100.0.12&port_id=97806a84-e8d8-4aab-aadf-b719b66d99e5 HTTP/1.1" status: 200 len: 1060 time: 0.0876532
2026-07-09 14:23:37.959 10 INFO neutron.wsgi [req-12bd4b33-167b-4090-ae02-03c449d87b24 req-515a6ecf-637b-4c54-9952-1a25dc921859 98a6fadb8ea840298e4973fcccd1d622 8c40a5055bf74eeb9613dee1aba3e8fe - - a68933338202467fafdc0089282cadca a68933338202467fafdc0089282cadca] 199.19.213.152 "GET /v2.0/subnets?id=62835731-87a2-43a0-b01b-dd3d17f3f198 HTTP/1.1" status: 200 len: 866 time: 0.0436571
2026-07-09 14:23:37.994 10 INFO neutron.wsgi [req-12bd4b33-167b-4090-ae02-03c449d87b24 req-d271c893-d1d4-4035-8979-07a8d173e873 98a6fadb8ea840298e4973fcccd1d622 8c40a5055bf74eeb9613dee1aba3e8fe - - a68933338202467fafdc0089282cadca a68933338202467fafdc0089282cadca] 199.19.213.152 "GET /v2.0/ports?network_id=582b0dc9-3cad-4321-8e69-d3d0d3aa0833&device_owner=network%3Adhcp HTTP/1.1" status: 200 len: 210 time: 0.0285931
2026-07-09 14:23:38.011 9 WARNING neutron.scheduler.dhcp_agent_scheduler [None req-9b59c2e9-6106-4c7b-8227-79131fd06c15 c4321a21364f40f0bdef6cce6b4dc420 c82e5800e5ca45a5b0dbf8d2a334e89c - - default default] No more DHCP agents
2026-07-09 14:23:38.016 9 WARNING neutron.api.rpc.agentnotifiers.dhcp_rpc_agent_api [None req-9b59c2e9-6106-4c7b-8227-79131fd06c15 c4321a21364f40f0bdef6cce6b4dc420 c82e5800e5ca45a5b0dbf8d2a334e89c - - default default] Unable to schedule network 596b4f92-32a4-4165-aa64-2886b0ee9220: no agents available; will retry on subsequent port and subnet creation events.
2026-07-09 14:23:38.081 10 INFO neutron.wsgi [req-12bd4b33-167b-4090-ae02-03c449d87b24 req-f5a3b4fc-6126-420e-9860-13457adc8675 98a6fadb8ea840298e4973fcccd1d622 8c40a5055bf74eeb9613dee1aba3e8fe - - a68933338202467fafdc0089282cadca a68933338202467fafdc0089282cadca] 199.19.213.152 "GET /v2.0/networks/582b0dc9-3cad-4321-8e69-d3d0d3aa0833?fields=segments HTTP/1.1" status: 200 len: 212 time: 0.0798330
2026-07-09 14:23:38.155 10 INFO neutron.wsgi [req-12bd4b33-167b-4090-ae02-03c449d87b24 req-a80409cb-d017-4b4c-b3fc-2a83277f5994 98a6fadb8ea840298e4973fcccd1d622 8c40a5055bf74eeb9613dee1aba3e8fe - - a68933338202467fafdc0089282cadca a68933338202467fafdc0089282cadca] 199.19.213.152 "GET /v2.0/networks/582b0dc9-3cad-4321-8e69-d3d0d3aa0833?fields=provider%3Aphysical_network&fields=provider%3Anetwork_type HTTP/1.1" status: 200 len: 277 time: 0.0682647
2026-07-09 14:23:38.584 9 INFO neutron.db.ovn_revision_numbers_db [None req-9b59c2e9-6106-4c7b-8227-79131fd06c15 c4321a21364f40f0bdef6cce6b4dc420 c82e5800e5ca45a5b0dbf8d2a334e89c - - default default] Successfully bumped revision number for resource e3d820ee-0dd0-4c7d-ad4b-71934a92e282 (type: ports) to 2
2026-07-09 14:23:38.614 9 INFO neutron.db.ovn_revision_numbers_db [None req-9b59c2e9-6106-4c7b-8227-79131fd06c15 c4321a21364f40f0bdef6cce6b4dc420 c82e5800e5ca45a5b0dbf8d2a334e89c - - default default] Successfully bumped revision number for resource 5643452b-4100-4a0b-969c-e3c77cdfb7c4 (type: subnets) to 0
2026-07-09 14:23:38.633 9 INFO neutron.wsgi [None req-9b59c2e9-6106-4c7b-8227-79131fd06c15 c4321a21364f40f0bdef6cce6b4dc420 c82e5800e5ca45a5b0dbf8d2a334e89c - - default default] 10.0.0.38 "POST /v2.0/subnets HTTP/1.1" status: 201 len: 822 time: 0.8190582
2026-07-09 14:23:38.929 10 WARNING neutron_lib.context [None req-bb3e9723-0b8f-4af4-8f7d-a97aa5790598 86e77712c3d743cca27a0edc9ec16d31 782b346298e34e10972f021f6cc9feb7 - - default default] Method 'is_advsvc' is deprecated since 2023.2 release (neutron-lib 3.8.0) and will be removed once support for the old RBAC API policies will be removed from Neutron. Please use method 'is_service_role' instead.
2026-07-09 14:23:38.970 9 INFO neutron.wsgi [None req-bf9fa2cb-9a9e-4454-9428-82cc467c8713 c4321a21364f40f0bdef6cce6b4dc420 c82e5800e5ca45a5b0dbf8d2a334e89c - - default default] 10.0.0.38 "POST /v2.0/rbac-policies HTTP/1.1" status: 201 len: 523 time: 0.3316994
2026-07-09 14:23:39.147 10 INFO neutron.db.ovn_revision_numbers_db [None req-bb3e9723-0b8f-4af4-8f7d-a97aa5790598 86e77712c3d743cca27a0edc9ec16d31 782b346298e34e10972f021f6cc9feb7 - - default default] Successfully bumped revision number for resource 7cdb03c8-7cf7-4bc9-923e-9d6a147335cb (type: security_groups) to 1
2026-07-09 14:23:39.164 10 INFO neutron.db.ovn_revision_numbers_db [None req-bb3e9723-0b8f-4af4-8f7d-a97aa5790598 86e77712c3d743cca27a0edc9ec16d31 782b346298e34e10972f021f6cc9feb7 - - default default] Successfully bumped revision number for resource 0d664aad-cee9-4da7-8397-84b15223c291 (type: security_group_rules) to 0
2026-07-09 14:23:39.180 10 INFO neutron.db.ovn_revision_numbers_db [None req-bb3e9723-0b8f-4af4-8f7d-a97aa5790598 86e77712c3d743cca27a0edc9ec16d31 782b346298e34e10972f021f6cc9feb7 - - default default] Successfully bumped revision number for resource 5d62d660-e139-4517-8e31-aa15b3e6d5ed (type: security_group_rules) to 0
2026-07-09 14:23:39.198 10 INFO neutron.db.ovn_revision_numbers_db [None req-bb3e9723-0b8f-4af4-8f7d-a97aa5790598 86e77712c3d743cca27a0edc9ec16d31 782b346298e34e10972f021f6cc9feb7 - - default default] Successfully bumped revision number for resource 982c15c3-c864-4d6b-835c-eafacbddcc86 (type: security_group_rules) to 0
2026-07-09 14:23:39.231 10 INFO neutron.db.ovn_revision_numbers_db [None req-bb3e9723-0b8f-4af4-8f7d-a97aa5790598 86e77712c3d743cca27a0edc9ec16d31 782b346298e34e10972f021f6cc9feb7 - - default default] Successfully bumped revision number for resource b04a2dab-dcd3-4ff9-abc8-a86fc22af87e (type: security_group_rules) to 0
2026-07-09 14:23:39.284 10 INFO neutron.db.segments_db [None req-bb3e9723-0b8f-4af4-8f7d-a97aa5790598 86e77712c3d743cca27a0edc9ec16d31 782b346298e34e10972f021f6cc9feb7 - - default default] Added segment a7ee3af2-ce69-4ed1-bf20-74b88af2d65e of type geneve for network 8904422d-4f17-43d9-a122-ede7242a9335
2026-07-09 14:23:39.433 10 INFO neutron.db.ovn_revision_numbers_db [None req-bb3e9723-0b8f-4af4-8f7d-a97aa5790598 86e77712c3d743cca27a0edc9ec16d31 782b346298e34e10972f021f6cc9feb7 - - default default] Successfully bumped revision number for resource 8904422d-4f17-43d9-a122-ede7242a9335 (type: networks) to 1
2026-07-09 14:23:39.503 9 INFO neutron.wsgi [None req-8e8fb067-39b3-42a8-a8ee-d3b6386eed35 76169d7566cd414ea9090cd027ef2cbb 03e1f013837e4298be01df296b442b5f - - default default] 10.0.0.38 "GET /v2.0/networks/596b4f92-32a4-4165-aa64-2886b0ee9220 HTTP/1.1" status: 200 len: 848 time: 0.1334512
2026-07-09 14:23:39.624 10 WARNING neutron.scheduler.dhcp_agent_scheduler [None req-bb3e9723-0b8f-4af4-8f7d-a97aa5790598 86e77712c3d743cca27a0edc9ec16d31 782b346298e34e10972f021f6cc9feb7 - - default default] No more DHCP agents
2026-07-09 14:23:39.626 10 WARNING neutron.api.rpc.agentnotifiers.dhcp_rpc_agent_api [None req-bb3e9723-0b8f-4af4-8f7d-a97aa5790598 86e77712c3d743cca27a0edc9ec16d31 782b346298e34e10972f021f6cc9feb7 - - default default] Unable to schedule network 8904422d-4f17-43d9-a122-ede7242a9335: no agents available; will retry on subsequent port and subnet creation events.
2026-07-09 14:23:39.709 10 INFO neutron.db.ovn_revision_numbers_db [None req-bb3e9723-0b8f-4af4-8f7d-a97aa5790598 86e77712c3d743cca27a0edc9ec16d31 782b346298e34e10972f021f6cc9feb7 - - default default] Successfully bumped revision number for resource 5866bf7e-9c2a-409b-9a60-7b075cd1dad7 (type: ports) to 1
2026-07-09 14:23:39.741 10 INFO neutron.wsgi [None req-bb3e9723-0b8f-4af4-8f7d-a97aa5790598 86e77712c3d743cca27a0edc9ec16d31 782b346298e34e10972f021f6cc9feb7 - - default default] 10.0.0.38 "POST /v2.0/networks HTTP/1.1" status: 201 len: 831 time: 0.9817901
2026-07-09 14:23:39.756 10 WARNING neutron_lib.context [None req-04cba252-1d9b-4549-87a6-a3fbf52383a8 86e77712c3d743cca27a0edc9ec16d31 782b346298e34e10972f021f6cc9feb7 - - default default] Method 'is_advsvc' is deprecated since 2023.2 release (neutron-lib 3.8.0) and will be removed once support for the old RBAC API policies will be removed from Neutron. Please use method 'is_service_role' instead.
2026-07-09 14:23:39.966 10 INFO neutron.pecan_wsgi.hooks.translation [None req-13eee49a-bf03-4aff-9d51-cd77c810980b bb5d6f5b71404a48928c9dc6fa23b134 bd513ca00e264e86846e7c82da8845e8 - - default default] GET failed (client error): The resource could not be found.
2026-07-09 14:23:39.967 10 INFO neutron.wsgi [None req-13eee49a-bf03-4aff-9d51-cd77c810980b bb5d6f5b71404a48928c9dc6fa23b134 bd513ca00e264e86846e7c82da8845e8 - - default default] 10.0.0.38 "GET /v2.0/networks/596b4f92-32a4-4165-aa64-2886b0ee9220 HTTP/1.1" status: 404 len: 339 time: 0.0715256
2026-07-09 14:23:40.037 10 WARNING neutron.scheduler.dhcp_agent_scheduler [None req-04cba252-1d9b-4549-87a6-a3fbf52383a8 86e77712c3d743cca27a0edc9ec16d31 782b346298e34e10972f021f6cc9feb7 - - default default] No more DHCP agents
2026-07-09 14:23:40.041 10 WARNING neutron.api.rpc.agentnotifiers.dhcp_rpc_agent_api [None req-04cba252-1d9b-4549-87a6-a3fbf52383a8 86e77712c3d743cca27a0edc9ec16d31 782b346298e34e10972f021f6cc9feb7 - - default default] Unable to schedule network 8904422d-4f17-43d9-a122-ede7242a9335: no agents available; will retry on subsequent port and subnet creation events.
2026-07-09 14:23:40.702 10 INFO neutron.db.ovn_revision_numbers_db [None req-04cba252-1d9b-4549-87a6-a3fbf52383a8 86e77712c3d743cca27a0edc9ec16d31 782b346298e34e10972f021f6cc9feb7 - - default default] Successfully bumped revision number for resource 5866bf7e-9c2a-409b-9a60-7b075cd1dad7 (type: ports) to 2
2026-07-09 14:23:40.713 10 INFO neutron.services.segments.plugin [-] Segment 15a5f6f7-320f-41b5-8a52-d583143d8f14 resource provider aggregate not found
2026-07-09 14:23:40.719 10 INFO neutron.services.segments.plugin [-] Segment 15a5f6f7-320f-41b5-8a52-d583143d8f14 resource provider aggregate not found
2026-07-09 14:23:40.731 10 INFO neutron.services.segments.plugin [-] Segment 15a5f6f7-320f-41b5-8a52-d583143d8f14 resource provider not found; error: Placement Client Error (4xx): {"errors": [{"status": 404, "title": "Not Found", "detail": "The resource could not be found.\n\n No resource provider with uuid 15a5f6f7-320f-41b5-8a52-d583143d8f14 found for delete ", "request_id": "req-da4e198a-3f5f-49a4-83ce-661c569362d4"}]}
2026-07-09 14:23:40.733 10 INFO neutron.services.segments.plugin [-] Segment 15a5f6f7-320f-41b5-8a52-d583143d8f14 resource provider not found; error: Placement Client Error (4xx): {"errors": [{"status": 404, "title": "Not Found", "detail": "The resource could not be found.\n\n No resource provider with uuid 15a5f6f7-320f-41b5-8a52-d583143d8f14 found for delete ", "request_id": "req-c1e3efde-5214-44b7-8eab-a346ba28d610"}]}
2026-07-09 14:23:40.770 10 INFO neutron.wsgi [None req-e2487da2-7a02-45e9-9854-3989c33bcfda c4321a21364f40f0bdef6cce6b4dc420 c82e5800e5ca45a5b0dbf8d2a334e89c - - default default] 10.0.0.38 "DELETE /v2.0/networks/596b4f92-32a4-4165-aa64-2886b0ee9220 HTTP/1.1" status: 204 len: 168 time: 0.7953842
2026-07-09 14:23:40.771 10 INFO neutron.db.ovn_revision_numbers_db [None req-04cba252-1d9b-4549-87a6-a3fbf52383a8 86e77712c3d743cca27a0edc9ec16d31 782b346298e34e10972f021f6cc9feb7 - - default default] Successfully bumped revision number for resource 221b7383-03dd-43ae-94c0-2df74a98448a (type: subnets) to 0
2026-07-09 14:23:40.788 10 INFO neutron.wsgi [None req-04cba252-1d9b-4549-87a6-a3fbf52383a8 86e77712c3d743cca27a0edc9ec16d31 782b346298e34e10972f021f6cc9feb7 - - default default] 10.0.0.38 "POST /v2.0/subnets HTTP/1.1" status: 201 len: 801 time: 1.0365863
2026-07-09 14:23:40.805 9 INFO neutron.pecan_wsgi.hooks.translation [None req-41163a72-96cd-46ec-94a7-a93a2ebddaa5 c4321a21364f40f0bdef6cce6b4dc420 c82e5800e5ca45a5b0dbf8d2a334e89c - - default default] DELETE failed (client error): The resource could not be found.
2026-07-09 14:23:40.813 9 INFO neutron.wsgi [None req-41163a72-96cd-46ec-94a7-a93a2ebddaa5 c4321a21364f40f0bdef6cce6b4dc420 c82e5800e5ca45a5b0dbf8d2a334e89c - - default default] 10.0.0.38 "DELETE /v2.0/subnets/547ab13f-fe4f-4692-896f-6a9f3ab1ba5a HTTP/1.1" status: 404 len: 337 time: 0.0336993
2026-07-09 14:23:40.839 9 INFO neutron.pecan_wsgi.hooks.translation [None req-390ad470-c7c4-4b49-bde0-3f4ed358af5e c4321a21364f40f0bdef6cce6b4dc420 c82e5800e5ca45a5b0dbf8d2a334e89c - - default default] DELETE failed (client error): The resource could not be found.
2026-07-09 14:23:40.842 9 INFO neutron.wsgi [None req-390ad470-c7c4-4b49-bde0-3f4ed358af5e c4321a21364f40f0bdef6cce6b4dc420 c82e5800e5ca45a5b0dbf8d2a334e89c - - default default] 10.0.0.38 "DELETE /v2.0/subnets/145bcb64-33a0-4c0b-8082-52f07eee133c HTTP/1.1" status: 404 len: 337 time: 0.0244899
2026-07-09 14:23:40.866 9 INFO neutron.pecan_wsgi.hooks.translation [None req-ae915ca4-5e19-471d-a8e8-b11d5149a177 c4321a21364f40f0bdef6cce6b4dc420 c82e5800e5ca45a5b0dbf8d2a334e89c - - default default] DELETE failed (client error): The resource could not be found.
2026-07-09 14:23:40.869 9 INFO neutron.wsgi [None req-ae915ca4-5e19-471d-a8e8-b11d5149a177 c4321a21364f40f0bdef6cce6b4dc420 c82e5800e5ca45a5b0dbf8d2a334e89c - - default default] 10.0.0.38 "DELETE /v2.0/subnets/5643452b-4100-4a0b-969c-e3c77cdfb7c4 HTTP/1.1" status: 404 len: 337 time: 0.0191936
2026-07-09 14:23:40.870 10 INFO neutron.wsgi [None req-27316489-fbdc-4b15-a523-5dca86751a0a 86e77712c3d743cca27a0edc9ec16d31 782b346298e34e10972f021f6cc9feb7 - - default default] 10.0.0.38 "PUT /v2.0/subnets/221b7383-03dd-43ae-94c0-2df74a98448a/tags HTTP/1.1" status: 200 len: 218 time: 0.0760844
2026-07-09 14:23:40.980 9 INFO neutron.wsgi [None req-0a91cfdf-1659-4e51-8619-26753bf8c792 86e77712c3d743cca27a0edc9ec16d31 782b346298e34e10972f021f6cc9feb7 - - default default] 10.0.0.38 "GET /v2.0/subnets/221b7383-03dd-43ae-94c0-2df74a98448a/tags HTTP/1.1" status: 200 len: 218 time: 0.1048739
2026-07-09 14:23:41.056 9 INFO neutron.wsgi [None req-b85a7996-e0e1-433d-9634-df3bc906491e 86e77712c3d743cca27a0edc9ec16d31 782b346298e34e10972f021f6cc9feb7 - - default default] 10.0.0.38 "PUT /v2.0/subnets/221b7383-03dd-43ae-94c0-2df74a98448a/tags/green HTTP/1.1" status: 201 len: 201 time: 0.0683258
2026-07-09 14:23:41.109 9 INFO neutron.wsgi [None req-fc1d09ad-5bbf-4e86-a2a5-2fe29c8dc96f 86e77712c3d743cca27a0edc9ec16d31 782b346298e34e10972f021f6cc9feb7 - - default default] 10.0.0.38 "GET /v2.0/subnets/221b7383-03dd-43ae-94c0-2df74a98448a/tags HTTP/1.1" status: 200 len: 227 time: 0.0469327
2026-07-09 14:23:41.157 10 INFO neutron.wsgi [None req-7fe8e450-4c16-4755-8700-246c85705f9d 86e77712c3d743cca27a0edc9ec16d31 782b346298e34e10972f021f6cc9feb7 - - default default] 10.0.0.38 "PUT /v2.0/subnets/221b7383-03dd-43ae-94c0-2df74a98448a/tags/red HTTP/1.1" status: 201 len: 201 time: 0.0421453
2026-07-09 14:23:41.202 10 INFO neutron.wsgi [None req-f9af4772-81f2-4ad6-8969-c3b23093befa 86e77712c3d743cca27a0edc9ec16d31 782b346298e34e10972f021f6cc9feb7 - - default default] 10.0.0.38 "GET /v2.0/subnets/221b7383-03dd-43ae-94c0-2df74a98448a/tags HTTP/1.1" status: 200 len: 227 time: 0.0417109
2026-07-09 14:23:41.260 10 INFO neutron.wsgi [None req-402157c0-e90e-4612-ba8d-0a610fe1d7b9 86e77712c3d743cca27a0edc9ec16d31 782b346298e34e10972f021f6cc9feb7 - - default default] 10.0.0.38 "PUT /v2.0/subnets/221b7383-03dd-43ae-94c0-2df74a98448a/tags/black.or.white HTTP/1.1" status: 201 len: 201 time: 0.0519633
2026-07-09 14:23:41.307 10 INFO neutron.wsgi [None req-8c4de900-cfd1-4e81-8671-bddc9dcf6b25 86e77712c3d743cca27a0edc9ec16d31 782b346298e34e10972f021f6cc9feb7 - - default default] 10.0.0.38 "GET /v2.0/subnets/221b7383-03dd-43ae-94c0-2df74a98448a/tags HTTP/1.1" status: 200 len: 245 time: 0.0400529
2026-07-09 14:23:41.370 10 INFO neutron.wsgi [None req-1cfa062e-e6a8-4e6d-a963-b9743623d944 86e77712c3d743cca27a0edc9ec16d31 782b346298e34e10972f021f6cc9feb7 - - default default] 10.0.0.38 "PUT /v2.0/subnets/221b7383-03dd-43ae-94c0-2df74a98448a/tags HTTP/1.1" status: 200 len: 230 time: 0.0568776
2026-07-09 14:23:41.416 10 INFO neutron.wsgi [None req-d15986c7-05a5-48b7-935c-33997d335392 86e77712c3d743cca27a0edc9ec16d31 782b346298e34e10972f021f6cc9feb7 - - default default] 10.0.0.38 "GET /v2.0/subnets/221b7383-03dd-43ae-94c0-2df74a98448a/tags HTTP/1.1" status: 200 len: 230 time: 0.0413969
2026-07-09 14:23:41.461 10 INFO neutron.wsgi [None req-1b2f77d1-5a27-4ffd-8c75-0171f8c2c146 86e77712c3d743cca27a0edc9ec16d31 782b346298e34e10972f021f6cc9feb7 - - default default] 10.0.0.38 "GET /v2.0/subnets/221b7383-03dd-43ae-94c0-2df74a98448a/tags/red HTTP/1.1" status: 204 len: 168 time: 0.0381355
2026-07-09 14:23:41.514 10 INFO neutron.api.v2.resource [None req-6252f9ac-0f06-41f7-bc55-c3b20c82df7e 86e77712c3d743cca27a0edc9ec16d31 782b346298e34e10972f021f6cc9feb7 - - default default] show failed (client error): The resource could not be found.
2026-07-09 14:23:41.515 10 INFO neutron.wsgi [None req-6252f9ac-0f06-41f7-bc55-c3b20c82df7e 86e77712c3d743cca27a0edc9ec16d31 782b346298e34e10972f021f6cc9feb7 - - default default] 10.0.0.38 "GET /v2.0/subnets/221b7383-03dd-43ae-94c0-2df74a98448a/tags/green HTTP/1.1" status: 404 len: 299 time: 0.0495515
2026-07-09 14:23:41.581 10 INFO neutron.wsgi [None req-8470cfc6-9086-4911-860e-d245d2b2d6b5 86e77712c3d743cca27a0edc9ec16d31 782b346298e34e10972f021f6cc9feb7 - - default default] 10.0.0.38 "DELETE /v2.0/subnets/221b7383-03dd-43ae-94c0-2df74a98448a/tags/red HTTP/1.1" status: 204 len: 168 time: 0.0588546
2026-07-09 14:23:41.628 10 INFO neutron.wsgi [None req-d119e979-b26b-4269-a502-d39a1bbf8691 86e77712c3d743cca27a0edc9ec16d31 782b346298e34e10972f021f6cc9feb7 - - default default] 10.0.0.38 "GET /v2.0/subnets/221b7383-03dd-43ae-94c0-2df74a98448a/tags HTTP/1.1" status: 200 len: 223 time: 0.0423980
2026-07-09 14:23:41.675 10 INFO neutron.api.v2.resource [None req-c6690a18-c6fa-4188-96fc-764139b1e257 86e77712c3d743cca27a0edc9ec16d31 782b346298e34e10972f021f6cc9feb7 - - default default] delete failed (client error): The resource could not be found.
2026-07-09 14:23:41.677 10 INFO neutron.wsgi [None req-c6690a18-c6fa-4188-96fc-764139b1e257 86e77712c3d743cca27a0edc9ec16d31 782b346298e34e10972f021f6cc9feb7 - - default default] 10.0.0.38 "DELETE /v2.0/subnets/221b7383-03dd-43ae-94c0-2df74a98448a/tags/green HTTP/1.1" status: 404 len: 299 time: 0.0436807
2026-07-09 14:23:41.737 10 INFO neutron.wsgi [None req-cc8fd3cf-d96d-41f1-8a2c-e1837350cb0c 86e77712c3d743cca27a0edc9ec16d31 782b346298e34e10972f021f6cc9feb7 - - default default] 10.0.0.38 "DELETE /v2.0/subnets/221b7383-03dd-43ae-94c0-2df74a98448a/tags HTTP/1.1" status: 204 len: 168 time: 0.0530746
2026-07-09 14:23:41.779 10 INFO neutron.wsgi [None req-6a1f9406-d58f-448a-8308-ed2219b6655c 86e77712c3d743cca27a0edc9ec16d31 782b346298e34e10972f021f6cc9feb7 - - default default] 10.0.0.38 "GET /v2.0/subnets/221b7383-03dd-43ae-94c0-2df74a98448a/tags HTTP/1.1" status: 200 len: 205 time: 0.0372436
2026-07-09 14:23:42.061 10 INFO neutron.wsgi [None req-ab368400-3794-4b87-92bb-1391e128d22a 86e77712c3d743cca27a0edc9ec16d31 782b346298e34e10972f021f6cc9feb7 - - default default] 10.0.0.38 "DELETE /v2.0/subnets/221b7383-03dd-43ae-94c0-2df74a98448a HTTP/1.1" status: 204 len: 168 time: 0.2692091
2026-07-09 14:23:42.079 9 INFO neutron.db.ovn_revision_numbers_db [None req-6d2db653-5d16-4650-bee5-cc7271d1e900 81a77bffd09941559906dcca23982b01 382ca9eb4d6543128ddae8b65532b70b - - default default] Successfully bumped revision number for resource 17433d44-d1bb-4ee6-91ba-ae167e484aa3 (type: security_groups) to 1
2026-07-09 14:23:42.097 9 INFO neutron.db.ovn_revision_numbers_db [None req-6d2db653-5d16-4650-bee5-cc7271d1e900 81a77bffd09941559906dcca23982b01 382ca9eb4d6543128ddae8b65532b70b - - default default] Successfully bumped revision number for resource 2d6ddec6-fd45-4eea-9ad9-2121b4f9e344 (type: security_group_rules) to 0
2026-07-09 14:23:42.114 9 INFO neutron.db.ovn_revision_numbers_db [None req-6d2db653-5d16-4650-bee5-cc7271d1e900 81a77bffd09941559906dcca23982b01 382ca9eb4d6543128ddae8b65532b70b - - default default] Successfully bumped revision number for resource 6bec463f-764a-43f8-9bd3-fd45969d7413 (type: security_group_rules) to 0
2026-07-09 14:23:42.130 9 INFO neutron.db.ovn_revision_numbers_db [None req-6d2db653-5d16-4650-bee5-cc7271d1e900 81a77bffd09941559906dcca23982b01 382ca9eb4d6543128ddae8b65532b70b - - default default] Successfully bumped revision number for resource 7caf403b-1108-475e-9dfa-14099b81d315 (type: security_group_rules) to 0
2026-07-09 14:23:42.145 9 INFO neutron.db.ovn_revision_numbers_db [None req-6d2db653-5d16-4650-bee5-cc7271d1e900 81a77bffd09941559906dcca23982b01 382ca9eb4d6543128ddae8b65532b70b - - default default] Successfully bumped revision number for resource eb6a443b-4299-4e4c-ae74-c18761489f09 (type: security_group_rules) to 0
2026-07-09 14:23:42.166 9 INFO neutron.wsgi [None req-6d2db653-5d16-4650-bee5-cc7271d1e900 81a77bffd09941559906dcca23982b01 382ca9eb4d6543128ddae8b65532b70b - - default default] 10.0.0.38 "GET /v2.0/security-groups?tenant_id=bd513ca00e264e86846e7c82da8845e8&name=default HTTP/1.1" status: 200 len: 3120 time: 0.4116242
2026-07-09 14:23:42.707 9 INFO neutron.wsgi [None req-ecc9d2dd-39af-4443-9eef-460485d94ec9 81a77bffd09941559906dcca23982b01 382ca9eb4d6543128ddae8b65532b70b - - default default] 10.0.0.38 "DELETE /v2.0/security-groups/17433d44-d1bb-4ee6-91ba-ae167e484aa3 HTTP/1.1" status: 204 len: 168 time: 0.5343888
2026-07-09 14:23:42.729 10 INFO neutron.wsgi [None req-f0fbc4ec-c4da-422f-b008-13481a975db0 86e77712c3d743cca27a0edc9ec16d31 782b346298e34e10972f021f6cc9feb7 - - default default] 10.0.0.38 "DELETE /v2.0/networks/8904422d-4f17-43d9-a122-ede7242a9335 HTTP/1.1" status: 204 len: 168 time: 0.6621168
2026-07-09 14:23:42.762 10 INFO neutron.services.segments.plugin [-] Segment a7ee3af2-ce69-4ed1-bf20-74b88af2d65e resource provider aggregate not found
2026-07-09 14:23:42.767 10 INFO neutron.services.segments.plugin [-] Segment a7ee3af2-ce69-4ed1-bf20-74b88af2d65e resource provider aggregate not found
2026-07-09 14:23:42.784 10 INFO neutron.services.segments.plugin [-] Segment a7ee3af2-ce69-4ed1-bf20-74b88af2d65e resource provider not found; error: Placement Client Error (4xx): {"errors": [{"status": 404, "title": "Not Found", "detail": "The resource could not be found.\n\n No resource provider with uuid a7ee3af2-ce69-4ed1-bf20-74b88af2d65e found for delete ", "request_id": "req-969fa0ee-40a2-46ca-af78-e878751515a3"}]}
2026-07-09 14:23:42.785 10 INFO neutron.services.segments.plugin [-] Segment a7ee3af2-ce69-4ed1-bf20-74b88af2d65e resource provider not found; error: Placement Client Error (4xx): {"errors": [{"status": 404, "title": "Not Found", "detail": "The resource could not be found.\n\n No resource provider with uuid a7ee3af2-ce69-4ed1-bf20-74b88af2d65e found for delete ", "request_id": "req-bd8d3327-4c85-497b-90dd-3de6dd8f0e1b"}]}
2026-07-09 14:23:42.868 9 INFO neutron.wsgi [None req-b9b7b2cd-c2d8-4fa1-8fe8-2bcd440c51de 81a77bffd09941559906dcca23982b01 382ca9eb4d6543128ddae8b65532b70b - - default default] 10.0.0.38 "GET /v2.0/security-groups?tenant_id=c82e5800e5ca45a5b0dbf8d2a334e89c&name=default HTTP/1.1" status: 200 len: 3120 time: 0.0397239
2026-07-09 14:23:43.131 9 INFO neutron.wsgi [None req-8e3ed7f2-7488-44c4-8f14-c7d5f63e72ef 81a77bffd09941559906dcca23982b01 382ca9eb4d6543128ddae8b65532b70b - - default default] 10.0.0.38 "DELETE /v2.0/security-groups/10b6721f-38d9-497d-b416-31758427e917 HTTP/1.1" status: 204 len: 168 time: 0.2574821
2026-07-09 14:23:43.514 9 INFO neutron.db.ovn_revision_numbers_db [None req-8c7db69c-e6f3-4239-ad57-1b0e0f86cba6 81a77bffd09941559906dcca23982b01 382ca9eb4d6543128ddae8b65532b70b - - default default] Successfully bumped revision number for resource 99bf3986-4681-4cb5-9289-2671b7c68eb2 (type: security_groups) to 1
2026-07-09 14:23:43.532 9 INFO neutron.db.ovn_revision_numbers_db [None req-8c7db69c-e6f3-4239-ad57-1b0e0f86cba6 81a77bffd09941559906dcca23982b01 382ca9eb4d6543128ddae8b65532b70b - - default default] Successfully bumped revision number for resource 14614960-6e47-4088-839d-a43db28a0be7 (type: security_group_rules) to 0
2026-07-09 14:23:43.549 9 INFO neutron.db.ovn_revision_numbers_db [None req-8c7db69c-e6f3-4239-ad57-1b0e0f86cba6 81a77bffd09941559906dcca23982b01 382ca9eb4d6543128ddae8b65532b70b - - default default] Successfully bumped revision number for resource 41256399-aab8-4ecd-8084-0610030afa6c (type: security_group_rules) to 0
2026-07-09 14:23:43.565 9 INFO neutron.db.ovn_revision_numbers_db [None req-8c7db69c-e6f3-4239-ad57-1b0e0f86cba6 81a77bffd09941559906dcca23982b01 382ca9eb4d6543128ddae8b65532b70b - - default default] Successfully bumped revision number for resource 5b7171d9-2e80-45f8-ba9b-9f32fe7a5402 (type: security_group_rules) to 0
2026-07-09 14:23:43.581 9 INFO neutron.db.ovn_revision_numbers_db [None req-8c7db69c-e6f3-4239-ad57-1b0e0f86cba6 81a77bffd09941559906dcca23982b01 382ca9eb4d6543128ddae8b65532b70b - - default default] Successfully bumped revision number for resource 66ca3b33-0b70-429e-97dc-be41cdfd849b (type: security_group_rules) to 0
2026-07-09 14:23:43.606 9 INFO neutron.wsgi [None req-8c7db69c-e6f3-4239-ad57-1b0e0f86cba6 81a77bffd09941559906dcca23982b01 382ca9eb4d6543128ddae8b65532b70b - - default default] 10.0.0.38 "GET /v2.0/security-groups?tenant_id=03e1f013837e4298be01df296b442b5f&name=default HTTP/1.1" status: 200 len: 3120 time: 0.2249441
2026-07-09 14:23:43.706 10 INFO neutron.db.ovn_revision_numbers_db [None req-056bb6df-428e-4a5c-940d-74bbce7b56fc 81a77bffd09941559906dcca23982b01 382ca9eb4d6543128ddae8b65532b70b - - default default] Successfully bumped revision number for resource 23d1c0e0-e802-4198-ba93-fca32767f38f (type: security_groups) to 1
2026-07-09 14:23:43.720 10 INFO neutron.db.ovn_revision_numbers_db [None req-056bb6df-428e-4a5c-940d-74bbce7b56fc 81a77bffd09941559906dcca23982b01 382ca9eb4d6543128ddae8b65532b70b - - default default] Successfully bumped revision number for resource 599afa4c-b719-47d2-8e0d-8139376171c6 (type: security_group_rules) to 0
2026-07-09 14:23:43.735 10 INFO neutron.db.ovn_revision_numbers_db [None req-056bb6df-428e-4a5c-940d-74bbce7b56fc 81a77bffd09941559906dcca23982b01 382ca9eb4d6543128ddae8b65532b70b - - default default] Successfully bumped revision number for resource 6fa3e48f-e002-48de-a1de-4f3d29043dc1 (type: security_group_rules) to 0
2026-07-09 14:23:43.755 10 INFO neutron.db.ovn_revision_numbers_db [None req-056bb6df-428e-4a5c-940d-74bbce7b56fc 81a77bffd09941559906dcca23982b01 382ca9eb4d6543128ddae8b65532b70b - - default default] Successfully bumped revision number for resource a11cccfa-1976-4c78-8ca3-60af5264ac7c (type: security_group_rules) to 0
2026-07-09 14:23:43.768 10 INFO neutron.db.ovn_revision_numbers_db [None req-056bb6df-428e-4a5c-940d-74bbce7b56fc 81a77bffd09941559906dcca23982b01 382ca9eb4d6543128ddae8b65532b70b - - default default] Successfully bumped revision number for resource a27f9c0f-ff7e-42fe-bf29-ec86587a23f3 (type: security_group_rules) to 0
2026-07-09 14:23:43.795 10 INFO neutron.wsgi [None req-056bb6df-428e-4a5c-940d-74bbce7b56fc 81a77bffd09941559906dcca23982b01 382ca9eb4d6543128ddae8b65532b70b - - default default] 10.0.0.38 "GET /v2.0/security-groups?tenant_id=200a20462c14485a96a4d3c6f395a4a3&name=default HTTP/1.1" status: 200 len: 3120 time: 0.3603725
2026-07-09 14:23:43.874 9 INFO neutron.wsgi [None req-c45b9653-53e0-48c6-8c7e-502734510998 81a77bffd09941559906dcca23982b01 382ca9eb4d6543128ddae8b65532b70b - - default default] 10.0.0.38 "DELETE /v2.0/security-groups/99bf3986-4681-4cb5-9289-2671b7c68eb2 HTTP/1.1" status: 204 len: 168 time: 0.2627175
2026-07-09 14:23:44.060 9 INFO neutron.wsgi [None req-0350d489-8aa4-4bdf-90e1-dd6c8d77ebbd 81a77bffd09941559906dcca23982b01 382ca9eb4d6543128ddae8b65532b70b - - default default] 10.0.0.38 "DELETE /v2.0/security-groups/23d1c0e0-e802-4198-ba93-fca32767f38f HTTP/1.1" status: 204 len: 168 time: 0.2601116
2026-07-09 14:23:44.267 9 INFO neutron.wsgi [None req-be6e9b14-06b2-499a-a6a5-2958abf6ee22 81a77bffd09941559906dcca23982b01 382ca9eb4d6543128ddae8b65532b70b - - default default] 10.0.0.38 "GET /v2.0/security-groups?tenant_id=782b346298e34e10972f021f6cc9feb7&name=default HTTP/1.1" status: 200 len: 3120 time: 0.0505216
2026-07-09 14:23:44.490 9 INFO neutron.wsgi [None req-13fe4839-52f1-4995-9c9b-dcbf562fe7c1 81a77bffd09941559906dcca23982b01 382ca9eb4d6543128ddae8b65532b70b - - default default] 10.0.0.38 "DELETE /v2.0/security-groups/7cdb03c8-7cf7-4bc9-923e-9d6a147335cb HTTP/1.1" status: 204 len: 168 time: 0.2178614
2026-07-09 14:23:48.050 10 WARNING neutron_lib.context [None req-28c070b6-cd1b-43e7-b009-24e6836853d1 b4926ee94f4048629353dfea9ef770ff 867be524822745b89ff1ae77daa24da7 - - default default] Method 'is_advsvc' is deprecated since 2023.2 release (neutron-lib 3.8.0) and will be removed once support for the old RBAC API policies will be removed from Neutron. Please use method 'is_service_role' instead.
2026-07-09 14:23:48.187 10 INFO neutron.db.ovn_revision_numbers_db [None req-28c070b6-cd1b-43e7-b009-24e6836853d1 b4926ee94f4048629353dfea9ef770ff 867be524822745b89ff1ae77daa24da7 - - default default] Successfully bumped revision number for resource 5d403a29-8d4c-43d1-a76d-8d7dc98727bc (type: security_groups) to 1
2026-07-09 14:23:48.201 10 INFO neutron.db.ovn_revision_numbers_db [None req-28c070b6-cd1b-43e7-b009-24e6836853d1 b4926ee94f4048629353dfea9ef770ff 867be524822745b89ff1ae77daa24da7 - - default default] Successfully bumped revision number for resource 001096f8-f62e-46fa-9a90-81797d3fef48 (type: security_group_rules) to 0
2026-07-09 14:23:48.222 10 INFO neutron.db.ovn_revision_numbers_db [None req-28c070b6-cd1b-43e7-b009-24e6836853d1 b4926ee94f4048629353dfea9ef770ff 867be524822745b89ff1ae77daa24da7 - - default default] Successfully bumped revision number for resource 19279655-c96c-4c3f-a17d-63db1248fed1 (type: security_group_rules) to 0
2026-07-09 14:23:48.237 10 INFO neutron.db.ovn_revision_numbers_db [None req-28c070b6-cd1b-43e7-b009-24e6836853d1 b4926ee94f4048629353dfea9ef770ff 867be524822745b89ff1ae77daa24da7 - - default default] Successfully bumped revision number for resource b9f5f61e-e1a0-4baa-8c03-95a64950cf00 (type: security_group_rules) to 0
2026-07-09 14:23:48.252 10 INFO neutron.db.ovn_revision_numbers_db [None req-28c070b6-cd1b-43e7-b009-24e6836853d1 b4926ee94f4048629353dfea9ef770ff 867be524822745b89ff1ae77daa24da7 - - default default] Successfully bumped revision number for resource dc44e1bc-e73c-4b1d-bb61-e51d5dc7b671 (type: security_group_rules) to 0
2026-07-09 14:23:48.310 10 INFO neutron.db.segments_db [None req-28c070b6-cd1b-43e7-b009-24e6836853d1 b4926ee94f4048629353dfea9ef770ff 867be524822745b89ff1ae77daa24da7 - - default default] Added segment 203a8f45-bfee-4083-b864-2802c8f6d144 of type geneve for network e93591f5-1a9f-405b-bbd7-345861b8c9d4
2026-07-09 14:23:48.431 10 WARNING neutron_lib.context [None req-2dc37992-f820-4568-8e18-99ba22a92329 48596d33efd84d92b971524845f524ca 0699a4484d764cb880b7ad4306e3852c - - default default] Method 'is_advsvc' is deprecated since 2023.2 release (neutron-lib 3.8.0) and will be removed once support for the old RBAC API policies will be removed from Neutron. Please use method 'is_service_role' instead.
2026-07-09 14:23:48.511 10 INFO neutron.db.ovn_revision_numbers_db [None req-28c070b6-cd1b-43e7-b009-24e6836853d1 b4926ee94f4048629353dfea9ef770ff 867be524822745b89ff1ae77daa24da7 - - default default] Successfully bumped revision number for resource e93591f5-1a9f-405b-bbd7-345861b8c9d4 (type: networks) to 1
2026-07-09 14:23:48.795 10 WARNING neutron.scheduler.dhcp_agent_scheduler [None req-28c070b6-cd1b-43e7-b009-24e6836853d1 b4926ee94f4048629353dfea9ef770ff 867be524822745b89ff1ae77daa24da7 - - default default] No more DHCP agents
2026-07-09 14:23:48.799 10 WARNING neutron.api.rpc.agentnotifiers.dhcp_rpc_agent_api [None req-28c070b6-cd1b-43e7-b009-24e6836853d1 b4926ee94f4048629353dfea9ef770ff 867be524822745b89ff1ae77daa24da7 - - default default] Unable to schedule network e93591f5-1a9f-405b-bbd7-345861b8c9d4: no agents available; will retry on subsequent port and subnet creation events.
2026-07-09 14:23:48.858 10 WARNING neutron.scheduler.dhcp_agent_scheduler [None req-2dc37992-f820-4568-8e18-99ba22a92329 48596d33efd84d92b971524845f524ca 0699a4484d764cb880b7ad4306e3852c - - default default] No more DHCP agents
2026-07-09 14:23:48.863 10 WARNING neutron.api.rpc.agentnotifiers.dhcp_rpc_agent_api [None req-2dc37992-f820-4568-8e18-99ba22a92329 48596d33efd84d92b971524845f524ca 0699a4484d764cb880b7ad4306e3852c - - default default] Unable to schedule network 0b6c78b0-88d5-4e8d-a294-73ace6d91848: no agents available; will retry on subsequent port and subnet creation events.
2026-07-09 14:23:48.917 10 INFO neutron.db.ovn_revision_numbers_db [None req-28c070b6-cd1b-43e7-b009-24e6836853d1 b4926ee94f4048629353dfea9ef770ff 867be524822745b89ff1ae77daa24da7 - - default default] Successfully bumped revision number for resource e8605ce7-ef1e-45cf-b79c-43326be158ae (type: ports) to 1
