2026-07-09 14:19:52.941 9 INFO neutron.wsgi [req-7920e610-92aa-4624-978f-21ca73f9de03 req-4a9abc60-c8c2-4490-97f0-b0bcc6bf62fa e60a31ac54f842ff82f690575acd9701 b364f3eb8b744c109461abe7b4320c9b - - default default] 10.0.0.146 "GET /v2.0/security-groups?id=77e4ae89-23ea-47e7-b399-dcff82f325e0&fields=id&fields=name HTTP/1.1" status: 200 len: 313 time: 0.0620110
2026-07-09 14:19:52.952 9 INFO neutron.db.ovn_revision_numbers_db [None req-71999cb9-fbc0-4a54-9a86-c03a3b9ecdc1 81a77bffd09941559906dcca23982b01 382ca9eb4d6543128ddae8b65532b70b - - default default] Successfully bumped revision number for resource d64b6671-1635-4883-a7ff-e689cd118732 (type: security_group_rules) to 0
2026-07-09 14:19:52.972 9 INFO neutron.db.ovn_revision_numbers_db [None req-71999cb9-fbc0-4a54-9a86-c03a3b9ecdc1 81a77bffd09941559906dcca23982b01 382ca9eb4d6543128ddae8b65532b70b - - default default] Successfully bumped revision number for resource d6d62c2b-75ba-46fd-b010-4a6fa6907a84 (type: security_group_rules) to 0
2026-07-09 14:19:52.989 9 INFO neutron.db.ovn_revision_numbers_db [None req-71999cb9-fbc0-4a54-9a86-c03a3b9ecdc1 81a77bffd09941559906dcca23982b01 382ca9eb4d6543128ddae8b65532b70b - - default default] Successfully bumped revision number for resource d937f180-b56d-4116-9958-e6459e3a0823 (type: security_group_rules) to 0
2026-07-09 14:19:53.051 9 INFO neutron.db.segments_db [None req-71999cb9-fbc0-4a54-9a86-c03a3b9ecdc1 81a77bffd09941559906dcca23982b01 382ca9eb4d6543128ddae8b65532b70b - - default default] Added segment 99f2d4ab-143c-44bd-bf62-1127139054b3 of type geneve for network 0204a6e1-bb1c-4174-bfa2-0e8e168c52bd
2026-07-09 14:19:53.219 9 INFO neutron.db.ovn_revision_numbers_db [None req-71999cb9-fbc0-4a54-9a86-c03a3b9ecdc1 81a77bffd09941559906dcca23982b01 382ca9eb4d6543128ddae8b65532b70b - - default default] Successfully bumped revision number for resource 0204a6e1-bb1c-4174-bfa2-0e8e168c52bd (type: networks) to 1
2026-07-09 14:19:53.273 10 INFO neutron.wsgi [None req-d860bb71-41d6-42b9-ba42-15fc86a1f242 81a77bffd09941559906dcca23982b01 382ca9eb4d6543128ddae8b65532b70b - - default default] 10.0.0.38 "DELETE /v2.0/subnets/0c57826b-9b58-4fe2-bfb3-89ddfe4cb288 HTTP/1.1" status: 204 len: 168 time: 0.4277105
2026-07-09 14:19:53.327 10 INFO neutron.wsgi [req-bfa32bd0-2da6-450f-bab1-3b59c2c59f91 req-2760d034-be98-4d48-b5f8-93fb162dc7cb 67f0f218dc564723b6f192c5495e4ea4 eb7cae995595471da481588e033b31f3 - - default default] 10.0.0.146 "GET /v2.0/ports?device_id=e84adca4-99b2-4388-8a06-2b631a37afc4 HTTP/1.1" status: 200 len: 1168 time: 0.0655117
2026-07-09 14:19:53.352 10 INFO neutron.notifiers.nova [-] Nova event matching ['req-a0b12c3e-9310-4502-adb5-933d76465284'] response: {'name': 'network-changed', 'server_uuid': '4a5f6287-b569-4fa0-9a0b-77c5a09e35a1', 'tag': '65acfe97-8809-4dd9-bf39-fc6084a18658', 'status': 'completed', 'code': 200}
2026-07-09 14:19:53.381 10 INFO neutron.wsgi [req-bfa32bd0-2da6-450f-bab1-3b59c2c59f91 req-ce5468e5-ecb0-4013-9a0c-dd3fb80c8183 67f0f218dc564723b6f192c5495e4ea4 eb7cae995595471da481588e033b31f3 - - default default] 10.0.0.146 "GET /v2.0/security-groups?id=22a744cf-89d1-4172-97d3-a29415506c76&fields=id&fields=name HTTP/1.1" status: 200 len: 313 time: 0.0499370
2026-07-09 14:19:53.410 10 INFO neutron.wsgi [req-43679d32-af60-4fbb-bb12-8f1a41ad6ebd req-a64bb47a-ed99-4568-96fc-205ce2a5c580 98a6fadb8ea840298e4973fcccd1d622 8c40a5055bf74eeb9613dee1aba3e8fe - - a68933338202467fafdc0089282cadca a68933338202467fafdc0089282cadca] 199.19.213.152 "GET /v2.0/ports?tenant_id=b364f3eb8b744c109461abe7b4320c9b&device_id=4a5f6287-b569-4fa0-9a0b-77c5a09e35a1 HTTP/1.1" status: 200 len: 1411 time: 0.0395548
2026-07-09 14:19:53.459 9 WARNING neutron.scheduler.dhcp_agent_scheduler [None req-71999cb9-fbc0-4a54-9a86-c03a3b9ecdc1 81a77bffd09941559906dcca23982b01 382ca9eb4d6543128ddae8b65532b70b - - default default] No more DHCP agents
2026-07-09 14:19:53.463 9 WARNING neutron.api.rpc.agentnotifiers.dhcp_rpc_agent_api [None req-71999cb9-fbc0-4a54-9a86-c03a3b9ecdc1 81a77bffd09941559906dcca23982b01 382ca9eb4d6543128ddae8b65532b70b - - default default] Unable to schedule network 0204a6e1-bb1c-4174-bfa2-0e8e168c52bd: no agents available; will retry on subsequent port and subnet creation events.
2026-07-09 14:19:53.485 10 INFO neutron.wsgi [req-43679d32-af60-4fbb-bb12-8f1a41ad6ebd req-2945277e-426a-41b1-8684-da57e7e9342b 98a6fadb8ea840298e4973fcccd1d622 8c40a5055bf74eeb9613dee1aba3e8fe - - a68933338202467fafdc0089282cadca a68933338202467fafdc0089282cadca] 199.19.213.152 "GET /v2.0/networks?id=7fcfa582-ab6d-43b0-a8d5-fbfba3361f34 HTTP/1.1" status: 200 len: 981 time: 0.0681186
2026-07-09 14:19:53.512 10 INFO neutron.wsgi [req-43679d32-af60-4fbb-bb12-8f1a41ad6ebd req-1776e6e4-0ef6-4d59-a94d-49154797a112 98a6fadb8ea840298e4973fcccd1d622 8c40a5055bf74eeb9613dee1aba3e8fe - - a68933338202467fafdc0089282cadca a68933338202467fafdc0089282cadca] 199.19.213.152 "GET /v2.0/floatingips?fixed_ip_address=10.100.0.13&port_id=65acfe97-8809-4dd9-bf39-fc6084a18658 HTTP/1.1" status: 200 len: 217 time: 0.0211651
2026-07-09 14:19:53.554 10 INFO neutron.wsgi [req-43679d32-af60-4fbb-bb12-8f1a41ad6ebd req-499e0332-c92b-43f7-8c0f-92432b11cf6b 98a6fadb8ea840298e4973fcccd1d622 8c40a5055bf74eeb9613dee1aba3e8fe - - a68933338202467fafdc0089282cadca a68933338202467fafdc0089282cadca] 199.19.213.152 "GET /v2.0/subnets?id=94734a4c-d226-460b-a9f2-7a36b3d1a086 HTTP/1.1" status: 200 len: 877 time: 0.0369117
2026-07-09 14:19:53.581 10 INFO neutron.wsgi [req-43679d32-af60-4fbb-bb12-8f1a41ad6ebd req-11af04c6-8a4a-4b10-a822-d3427ebf7b54 98a6fadb8ea840298e4973fcccd1d622 8c40a5055bf74eeb9613dee1aba3e8fe - - a68933338202467fafdc0089282cadca a68933338202467fafdc0089282cadca] 199.19.213.152 "GET /v2.0/ports?network_id=7fcfa582-ab6d-43b0-a8d5-fbfba3361f34&device_owner=network%3Adhcp HTTP/1.1" status: 200 len: 210 time: 0.0218582
2026-07-09 14:19:53.600 9 INFO neutron.db.ovn_revision_numbers_db [None req-71999cb9-fbc0-4a54-9a86-c03a3b9ecdc1 81a77bffd09941559906dcca23982b01 382ca9eb4d6543128ddae8b65532b70b - - default default] Successfully bumped revision number for resource 6e35681d-7ca6-4bb0-86de-cfd2edd65a84 (type: ports) to 1
2026-07-09 14:19:53.624 9 INFO neutron.wsgi [None req-71999cb9-fbc0-4a54-9a86-c03a3b9ecdc1 81a77bffd09941559906dcca23982b01 382ca9eb4d6543128ddae8b65532b70b - - default default] 10.0.0.38 "POST /v2.0/networks HTTP/1.1" status: 201 len: 949 time: 1.3079219
2026-07-09 14:19:53.688 10 INFO neutron.wsgi [req-43679d32-af60-4fbb-bb12-8f1a41ad6ebd req-d177212a-285e-47d9-a69b-c4400152e552 98a6fadb8ea840298e4973fcccd1d622 8c40a5055bf74eeb9613dee1aba3e8fe - - a68933338202467fafdc0089282cadca a68933338202467fafdc0089282cadca] 199.19.213.152 "GET /v2.0/networks/7fcfa582-ab6d-43b0-a8d5-fbfba3361f34?fields=segments HTTP/1.1" status: 200 len: 212 time: 0.0949693
2026-07-09 14:19:53.780 10 INFO neutron.wsgi [req-43679d32-af60-4fbb-bb12-8f1a41ad6ebd req-be5deeb4-d65f-43db-9601-5b66b38fc0db 98a6fadb8ea840298e4973fcccd1d622 8c40a5055bf74eeb9613dee1aba3e8fe - - a68933338202467fafdc0089282cadca a68933338202467fafdc0089282cadca] 199.19.213.152 "GET /v2.0/networks/7fcfa582-ab6d-43b0-a8d5-fbfba3361f34?fields=provider%3Aphysical_network&fields=provider%3Anetwork_type HTTP/1.1" status: 200 len: 277 time: 0.0825081
2026-07-09 14:19:53.787 9 INFO neutron.services.segments.plugin [-] Segment 8be81343-45a6-40c1-bf96-f6e79b693348 resource provider aggregate not found
2026-07-09 14:19:53.798 9 INFO neutron.services.segments.plugin [-] Segment 8be81343-45a6-40c1-bf96-f6e79b693348 resource provider aggregate not found
2026-07-09 14:19:53.803 9 INFO neutron.plugins.ml2.drivers.ovn.mech_driver.mech_driver [None req-385b009b-c5c6-40d7-96a5-e662b6216ca5 - - - - - -] OVN reports status up for port: b3196640-b996-4d5e-8ead-09bc848b9bc0
2026-07-09 14:19:53.824 9 INFO neutron.services.segments.plugin [-] Segment 8be81343-45a6-40c1-bf96-f6e79b693348 resource provider not found; error: Placement Client Error (4xx): {"errors": [{"status": 404, "title": "Not Found", "detail": "The resource could not be found.\n\n No resource provider with uuid 8be81343-45a6-40c1-bf96-f6e79b693348 found for delete ", "request_id": "req-b1e45699-9b3f-4225-b595-78b7f4d170e4"}]}
2026-07-09 14:19:53.825 9 INFO neutron.services.segments.plugin [-] Segment 8be81343-45a6-40c1-bf96-f6e79b693348 resource provider not found; error: Placement Client Error (4xx): {"errors": [{"status": 404, "title": "Not Found", "detail": "The resource could not be found.\n\n No resource provider with uuid 8be81343-45a6-40c1-bf96-f6e79b693348 found for delete ", "request_id": "req-3a664bd8-19c3-44cd-a5eb-3e42af482fe4"}]}
2026-07-09 14:19:53.835 9 INFO neutron.plugins.ml2.plugin [None req-385b009b-c5c6-40d7-96a5-e662b6216ca5 - - - - - -] Attempt 1 to provision port b3196640-b996-4d5e-8ead-09bc848b9bc0
2026-07-09 14:19:53.842 9 INFO neutron.wsgi [None req-eae01d2f-4d56-426b-9dea-4ff52f7b1b34 81a77bffd09941559906dcca23982b01 382ca9eb4d6543128ddae8b65532b70b - - default default] 10.0.0.38 "DELETE /v2.0/networks/3739cff4-9f88-41c1-a267-101868b38dea HTTP/1.1" status: 204 len: 168 time: 0.5621800
2026-07-09 14:19:53.893 10 WARNING neutron.scheduler.dhcp_agent_scheduler [None req-6fb3c10d-0fba-45f9-837c-b65c843997a6 81a77bffd09941559906dcca23982b01 382ca9eb4d6543128ddae8b65532b70b - - default default] No more DHCP agents
2026-07-09 14:19:53.897 10 WARNING neutron.api.rpc.agentnotifiers.dhcp_rpc_agent_api [None req-6fb3c10d-0fba-45f9-837c-b65c843997a6 81a77bffd09941559906dcca23982b01 382ca9eb4d6543128ddae8b65532b70b - - default default] Unable to schedule network 0204a6e1-bb1c-4174-bfa2-0e8e168c52bd: no agents available; will retry on subsequent port and subnet creation events.
2026-07-09 14:19:54.022 10 INFO neutron.wsgi [None req-f2e9861c-ed85-4e72-8cd6-8a73ada5c10d 81a77bffd09941559906dcca23982b01 382ca9eb4d6543128ddae8b65532b70b - - default default] 10.0.0.38 "GET /v2.0/security-groups?tenant_id=46d4dd1bb9314b70bbbce7e266a5100b&name=default HTTP/1.1" status: 200 len: 3116 time: 0.0611184
2026-07-09 14:19:54.101 9 INFO neutron.wsgi [req-c6504a58-6851-4e42-8922-95bbd32336b2 req-801bd7f4-cf4e-4f4c-9961-1461e44df673 e60a31ac54f842ff82f690575acd9701 b364f3eb8b744c109461abe7b4320c9b - - default default] 10.0.0.146 "GET /v2.0/ports?device_id=4a5f6287-b569-4fa0-9a0b-77c5a09e35a1 HTTP/1.1" status: 200 len: 1172 time: 0.0779998
2026-07-09 14:19:54.207 9 INFO neutron.wsgi [req-c6504a58-6851-4e42-8922-95bbd32336b2 req-30449b9a-5b89-4df5-814a-9092d8fb3461 e60a31ac54f842ff82f690575acd9701 b364f3eb8b744c109461abe7b4320c9b - - default default] 10.0.0.146 "GET /v2.0/security-groups?id=77e4ae89-23ea-47e7-b399-dcff82f325e0&fields=id&fields=name HTTP/1.1" status: 200 len: 313 time: 0.0992527
2026-07-09 14:19:54.294 9 INFO neutron.db.ovn_revision_numbers_db [None req-385b009b-c5c6-40d7-96a5-e662b6216ca5 - - - - - -] Successfully bumped revision number for resource b3196640-b996-4d5e-8ead-09bc848b9bc0 (type: ports) to 4
2026-07-09 14:19:54.373 9 INFO neutron.plugins.ml2.drivers.ovn.mech_driver.mech_driver [None req-385b009b-c5c6-40d7-96a5-e662b6216ca5 - - - - - -] OVN reports status up for port: 65acfe97-8809-4dd9-bf39-fc6084a18658
2026-07-09 14:19:54.393 9 INFO neutron.plugins.ml2.plugin [None req-385b009b-c5c6-40d7-96a5-e662b6216ca5 - - - - - -] Attempt 1 to provision port 65acfe97-8809-4dd9-bf39-fc6084a18658
2026-07-09 14:19:54.479 9 INFO neutron.wsgi [None req-ea488abb-0b34-4055-b9b8-8403f3e59265 81a77bffd09941559906dcca23982b01 382ca9eb4d6543128ddae8b65532b70b - - default default] 10.0.0.38 "DELETE /v2.0/security-groups/4849058a-aa5d-4772-b9f3-e73bf8d8e667 HTTP/1.1" status: 204 len: 168 time: 0.4518256
2026-07-09 14:19:54.513 10 INFO neutron.db.ovn_revision_numbers_db [None req-6fb3c10d-0fba-45f9-837c-b65c843997a6 81a77bffd09941559906dcca23982b01 382ca9eb4d6543128ddae8b65532b70b - - default default] Successfully bumped revision number for resource 6e35681d-7ca6-4bb0-86de-cfd2edd65a84 (type: ports) to 2
2026-07-09 14:19:54.528 10 INFO neutron.wsgi [req-3ad628d5-dba3-4f9b-9363-d9f798ebe757 req-e0d50830-9487-4bbe-997c-ed65d9bdb294 67f0f218dc564723b6f192c5495e4ea4 eb7cae995595471da481588e033b31f3 - - default default] 10.0.0.146 "GET /v2.0/ports?device_id=e84adca4-99b2-4388-8a06-2b631a37afc4 HTTP/1.1" status: 200 len: 1170 time: 0.0716958
2026-07-09 14:19:54.564 10 INFO neutron.db.ovn_revision_numbers_db [None req-6fb3c10d-0fba-45f9-837c-b65c843997a6 81a77bffd09941559906dcca23982b01 382ca9eb4d6543128ddae8b65532b70b - - default default] Successfully bumped revision number for resource c5387c76-143b-4d7c-9c30-c881514afba2 (type: subnets) to 0
2026-07-09 14:19:54.581 10 INFO neutron.wsgi [req-3ad628d5-dba3-4f9b-9363-d9f798ebe757 req-db5ced08-db2b-42d9-a86d-3a824bc38b72 67f0f218dc564723b6f192c5495e4ea4 eb7cae995595471da481588e033b31f3 - - default default] 10.0.0.146 "GET /v2.0/security-groups?id=22a744cf-89d1-4172-97d3-a29415506c76&fields=id&fields=name HTTP/1.1" status: 200 len: 313 time: 0.0435057
2026-07-09 14:19:54.586 10 INFO neutron.wsgi [None req-6fb3c10d-0fba-45f9-837c-b65c843997a6 81a77bffd09941559906dcca23982b01 382ca9eb4d6543128ddae8b65532b70b - - default default] 10.0.0.38 "POST /v2.0/subnets HTTP/1.1" status: 201 len: 870 time: 0.9535668
2026-07-09 14:19:54.606 9 INFO neutron.notifiers.nova [-] Nova event matching ['req-ec3b6d9e-1449-4a05-94b2-d8e5d75df845'] response: {'server_uuid': 'e84adca4-99b2-4388-8a06-2b631a37afc4', 'name': 'network-vif-plugged', 'status': 'completed', 'tag': 'b3196640-b996-4d5e-8ead-09bc848b9bc0', 'code': 200}
2026-07-09 14:19:54.744 9 INFO neutron.db.ovn_revision_numbers_db [None req-385b009b-c5c6-40d7-96a5-e662b6216ca5 - - - - - -] Successfully bumped revision number for resource 65acfe97-8809-4dd9-bf39-fc6084a18658 (type: ports) to 4
2026-07-09 14:19:55.182 10 WARNING neutron.scheduler.dhcp_agent_scheduler [None req-e0b84d61-0313-47ce-9204-69efaccdd06f 81a77bffd09941559906dcca23982b01 382ca9eb4d6543128ddae8b65532b70b - - default default] No more DHCP agents
2026-07-09 14:19:55.185 10 WARNING neutron.api.rpc.agentnotifiers.dhcp_rpc_agent_api [None req-e0b84d61-0313-47ce-9204-69efaccdd06f 81a77bffd09941559906dcca23982b01 382ca9eb4d6543128ddae8b65532b70b - - default default] Unable to schedule network 0b6c78b0-88d5-4e8d-a294-73ace6d91848: no agents available; will retry on subsequent port and subnet creation events.
2026-07-09 14:19:55.325 10 INFO neutron.wsgi [req-eda7f78e-ff88-43ac-87d3-0f9e2ac7b444 req-c7438ff8-ab1d-4fcc-8a34-658ee4f6e655 e60a31ac54f842ff82f690575acd9701 b364f3eb8b744c109461abe7b4320c9b - - default default] 10.0.0.146 "GET /v2.0/ports?device_id=4a5f6287-b569-4fa0-9a0b-77c5a09e35a1 HTTP/1.1" status: 200 len: 1174 time: 0.0537193
2026-07-09 14:19:55.369 10 INFO neutron.db.ovn_revision_numbers_db [None req-e0b84d61-0313-47ce-9204-69efaccdd06f 81a77bffd09941559906dcca23982b01 382ca9eb4d6543128ddae8b65532b70b - - default default] Successfully bumped revision number for resource cc3b9d07-a4fe-4607-9756-5d15b0f88a6a (type: ports) to 1
2026-07-09 14:19:55.383 10 INFO neutron.wsgi [req-eda7f78e-ff88-43ac-87d3-0f9e2ac7b444 req-43ba2fe6-9b62-4ad2-8951-f591cdfec71e e60a31ac54f842ff82f690575acd9701 b364f3eb8b744c109461abe7b4320c9b - - default default] 10.0.0.146 "GET /v2.0/security-groups?id=77e4ae89-23ea-47e7-b399-dcff82f325e0&fields=id&fields=name HTTP/1.1" status: 200 len: 313 time: 0.0429533 /var/lib/openstack/lib/python3.10/site-packages/pycadf/identifier.py:71: UserWarning: Invalid uuid: neutron. To ensure interoperability, identifiers should be a valid uuid. warnings.warn(('Invalid uuid: %s. To ensure interoperability, '
2026-07-09 14:19:55.770 9 INFO neutron.wsgi [req-05dee79b-a0ea-47f3-b7e8-e0c87b60d1f6 req-d0e883ce-9005-4f5f-9a38-8c108f2f354f 67f0f218dc564723b6f192c5495e4ea4 eb7cae995595471da481588e033b31f3 - - default default] 10.0.0.146 "GET /v2.0/ports?device_id=e84adca4-99b2-4388-8a06-2b631a37afc4 HTTP/1.1" status: 200 len: 1170 time: 0.1183259
2026-07-09 14:19:55.830 9 INFO neutron.wsgi [req-05dee79b-a0ea-47f3-b7e8-e0c87b60d1f6 req-1d7ef2f9-c8fd-4af3-9cc3-5ddba6baedd9 67f0f218dc564723b6f192c5495e4ea4 eb7cae995595471da481588e033b31f3 - - default default] 10.0.0.146 "GET /v2.0/security-groups?id=22a744cf-89d1-4172-97d3-a29415506c76&fields=id&fields=name HTTP/1.1" status: 200 len: 313 time: 0.0532458
2026-07-09 14:19:55.984 10 INFO neutron.wsgi [req-43ada99e-e301-4b38-9572-0af7a4e87282 req-d5f807df-717d-4c67-a7fd-298b6a83c134 67f0f218dc564723b6f192c5495e4ea4 eb7cae995595471da481588e033b31f3 - - default default] 10.0.0.146 "GET /v2.0/ports?device_id=e84adca4-99b2-4388-8a06-2b631a37afc4 HTTP/1.1" status: 200 len: 1170 time: 0.0569458
2026-07-09 14:19:56.196 10 INFO neutron.plugins.ml2.drivers.ovn.mech_driver.ovsdb.commands [None req-088c3665-a417-42f7-9f38-5f5f171b2e50 - - - - - -] Schedule LRP lrp-cc3b9d07-a4fe-4607-9756-5d15b0f88a6a on gateway 5fc90db5-0a0a-4992-80c7-762654a90200 with priority 1
2026-07-09 14:19:56.221 9 INFO neutron.plugins.ml2.drivers.ovn.mech_driver.mech_driver [None req-385b009b-c5c6-40d7-96a5-e662b6216ca5 - - - - - -] OVN reports status up for port: cc3b9d07-a4fe-4607-9756-5d15b0f88a6a
2026-07-09 14:19:56.229 10 INFO neutron.plugins.ml2.drivers.ovn.mech_driver.ovsdb.ovsdb_monitor [None req-dec079e8-a78e-4788-9efe-ffefc452f219 - - - - - -] Router 885013f4-ec79-4ac9-8250-e9af532802da is bound to host instance
2026-07-09 14:19:56.259 10 INFO neutron.db.ovn_revision_numbers_db [None req-e0b84d61-0313-47ce-9204-69efaccdd06f 81a77bffd09941559906dcca23982b01 382ca9eb4d6543128ddae8b65532b70b - - default default] Successfully bumped revision number for resource cc3b9d07-a4fe-4607-9756-5d15b0f88a6a (type: router_ports) to 1
2026-07-09 14:19:56.260 9 INFO neutron.plugins.ml2.plugin [None req-385b009b-c5c6-40d7-96a5-e662b6216ca5 - - - - - -] Attempt 1 to provision port cc3b9d07-a4fe-4607-9756-5d15b0f88a6a
2026-07-09 14:19:56.529 10 INFO neutron.db.ovn_revision_numbers_db [None req-e0b84d61-0313-47ce-9204-69efaccdd06f 81a77bffd09941559906dcca23982b01 382ca9eb4d6543128ddae8b65532b70b - - default default] Successfully bumped revision number for resource 885013f4-ec79-4ac9-8250-e9af532802da (type: routers) to 2
2026-07-09 14:19:56.558 10 INFO neutron.wsgi [None req-e0b84d61-0313-47ce-9204-69efaccdd06f 81a77bffd09941559906dcca23982b01 382ca9eb4d6543128ddae8b65532b70b - - default default] 10.0.0.38 "POST /v2.0/routers HTTP/1.1" status: 201 len: 1172 time: 1.9672692
2026-07-09 14:19:56.609 9 INFO neutron.wsgi [req-b8a1362a-9c69-472d-b75b-2b0aab571fba req-d961e93b-a417-4ea6-878d-571bd8053593 e60a31ac54f842ff82f690575acd9701 b364f3eb8b744c109461abe7b4320c9b - - default default] 10.0.0.146 "GET /v2.0/ports?device_id=4a5f6287-b569-4fa0-9a0b-77c5a09e35a1 HTTP/1.1" status: 200 len: 1174 time: 0.0601594
2026-07-09 14:19:56.647 9 INFO neutron.notifiers.nova [-] Nova event matching ['req-7b4296d6-070b-43b7-a5cf-1153b92acf37'] response: {'server_uuid': 'e84adca4-99b2-4388-8a06-2b631a37afc4', 'name': 'network-vif-plugged', 'status': 'completed', 'tag': 'b3196640-b996-4d5e-8ead-09bc848b9bc0', 'code': 200}
2026-07-09 14:19:56.647 9 INFO neutron.notifiers.nova [-] Nova event matching ['req-7b4296d6-070b-43b7-a5cf-1153b92acf37'] response: {'server_uuid': '4a5f6287-b569-4fa0-9a0b-77c5a09e35a1', 'name': 'network-vif-plugged', 'status': 'completed', 'tag': '65acfe97-8809-4dd9-bf39-fc6084a18658', 'code': 200}
2026-07-09 14:19:56.647 9 INFO neutron.notifiers.nova [-] Nova event matching ['req-7b4296d6-070b-43b7-a5cf-1153b92acf37'] response: {'server_uuid': '4a5f6287-b569-4fa0-9a0b-77c5a09e35a1', 'name': 'network-vif-plugged', 'status': 'completed', 'tag': '65acfe97-8809-4dd9-bf39-fc6084a18658', 'code': 200}
2026-07-09 14:19:56.685 9 INFO neutron.wsgi [req-b8a1362a-9c69-472d-b75b-2b0aab571fba req-a26c2267-6a39-446e-8a5b-c6897977315a e60a31ac54f842ff82f690575acd9701 b364f3eb8b744c109461abe7b4320c9b - - default default] 10.0.0.146 "GET /v2.0/security-groups?id=77e4ae89-23ea-47e7-b399-dcff82f325e0&fields=id&fields=name HTTP/1.1" status: 200 len: 313 time: 0.0681446
2026-07-09 14:19:56.821 9 INFO neutron.db.ovn_revision_numbers_db [None req-f2f6711e-dc0d-491d-a5ed-2bc47dc6f9e7 81a77bffd09941559906dcca23982b01 382ca9eb4d6543128ddae8b65532b70b - - default default] Successfully bumped revision number for resource 880864ca-b677-4c1b-b46a-4431e026a680 (type: security_groups) to 1
2026-07-09 14:19:56.836 9 INFO neutron.db.ovn_revision_numbers_db [None req-f2f6711e-dc0d-491d-a5ed-2bc47dc6f9e7 81a77bffd09941559906dcca23982b01 382ca9eb4d6543128ddae8b65532b70b - - default default] Successfully bumped revision number for resource 56de48b9-2d0a-4f53-ac5a-8b28c8b543a8 (type: security_group_rules) to 0
2026-07-09 14:19:56.873 9 INFO neutron.db.ovn_revision_numbers_db [None req-f2f6711e-dc0d-491d-a5ed-2bc47dc6f9e7 81a77bffd09941559906dcca23982b01 382ca9eb4d6543128ddae8b65532b70b - - default default] Successfully bumped revision number for resource 7419a9ef-fdc7-47c6-b60e-917c27da5bd0 (type: security_group_rules) to 0
2026-07-09 14:19:56.894 9 INFO neutron.db.ovn_revision_numbers_db [None req-f2f6711e-dc0d-491d-a5ed-2bc47dc6f9e7 81a77bffd09941559906dcca23982b01 382ca9eb4d6543128ddae8b65532b70b - - default default] Successfully bumped revision number for resource 9cf862e2-18ec-4965-9c68-dc6ef8e1d3fd (type: security_group_rules) to 0
2026-07-09 14:19:56.917 9 INFO neutron.db.ovn_revision_numbers_db [None req-f2f6711e-dc0d-491d-a5ed-2bc47dc6f9e7 81a77bffd09941559906dcca23982b01 382ca9eb4d6543128ddae8b65532b70b - - default default] Successfully bumped revision number for resource c7dd68a4-ac68-4af3-8cf7-4979ba6a4136 (type: security_group_rules) to 0
2026-07-09 14:19:56.986 9 INFO neutron.db.segments_db [None req-f2f6711e-dc0d-491d-a5ed-2bc47dc6f9e7 81a77bffd09941559906dcca23982b01 382ca9eb4d6543128ddae8b65532b70b - - default default] Added segment 413c55b3-8fa8-4482-bd70-97f89bcb6ce0 of type geneve for network 53f2a37e-ac73-4a62-83fe-09c9240c63db
2026-07-09 14:19:57.026 9 INFO neutron.db.ovn_revision_numbers_db [None req-a2ae254e-a780-4bb9-8121-5773d9b7c6ad 67f0f218dc564723b6f192c5495e4ea4 eb7cae995595471da481588e033b31f3 - - default default] Successfully bumped revision number for resource e90fdc1a-d6bc-437f-b265-b5ea06fcfa37 (type: floatingips) to 1
2026-07-09 14:19:57.177 9 INFO neutron.db.ovn_revision_numbers_db [None req-f2f6711e-dc0d-491d-a5ed-2bc47dc6f9e7 81a77bffd09941559906dcca23982b01 382ca9eb4d6543128ddae8b65532b70b - - default default] Successfully bumped revision number for resource 53f2a37e-ac73-4a62-83fe-09c9240c63db (type: networks) to 1
2026-07-09 14:19:57.211 9 INFO neutron.db.ovn_revision_numbers_db [None req-a2ae254e-a780-4bb9-8121-5773d9b7c6ad 67f0f218dc564723b6f192c5495e4ea4 eb7cae995595471da481588e033b31f3 - - default default] Successfully bumped revision number for resource e90fdc1a-d6bc-437f-b265-b5ea06fcfa37 (type: floatingips) to 2
2026-07-09 14:19:57.212 9 INFO neutron.db.l3_db [None req-a2ae254e-a780-4bb9-8121-5773d9b7c6ad 67f0f218dc564723b6f192c5495e4ea4 eb7cae995595471da481588e033b31f3 - - default default] Floating IP e90fdc1a-d6bc-437f-b265-b5ea06fcfa37 associated. External IP: 10.96.250.209, port: b3196640-b996-4d5e-8ead-09bc848b9bc0.
2026-07-09 14:19:57.254 9 INFO neutron.wsgi [None req-a2ae254e-a780-4bb9-8121-5773d9b7c6ad 67f0f218dc564723b6f192c5495e4ea4 eb7cae995595471da481588e033b31f3 - - default default] 10.0.0.38 "PUT /v2.0/floatingips/e90fdc1a-d6bc-437f-b265-b5ea06fcfa37 HTTP/1.1" status: 200 len: 1049 time: 1.2582016
2026-07-09 14:19:57.405 9 WARNING neutron.scheduler.dhcp_agent_scheduler [None req-f2f6711e-dc0d-491d-a5ed-2bc47dc6f9e7 81a77bffd09941559906dcca23982b01 382ca9eb4d6543128ddae8b65532b70b - - default default] No more DHCP agents
2026-07-09 14:19:57.408 9 WARNING neutron.api.rpc.agentnotifiers.dhcp_rpc_agent_api [None req-f2f6711e-dc0d-491d-a5ed-2bc47dc6f9e7 81a77bffd09941559906dcca23982b01 382ca9eb4d6543128ddae8b65532b70b - - default default] Unable to schedule network 53f2a37e-ac73-4a62-83fe-09c9240c63db: no agents available; will retry on subsequent port and subnet creation events.
2026-07-09 14:19:57.451 10 WARNING neutron.scheduler.dhcp_agent_scheduler [None req-ce3a6d7a-a352-4db1-b5e7-5c38af5f4c4d 81a77bffd09941559906dcca23982b01 382ca9eb4d6543128ddae8b65532b70b - - default default] No more DHCP agents
2026-07-09 14:19:57.468 10 WARNING neutron.api.rpc.agentnotifiers.dhcp_rpc_agent_api [None req-ce3a6d7a-a352-4db1-b5e7-5c38af5f4c4d 81a77bffd09941559906dcca23982b01 382ca9eb4d6543128ddae8b65532b70b - - default default] Unable to schedule network 0204a6e1-bb1c-4174-bfa2-0e8e168c52bd: no agents available; will retry on subsequent port and subnet creation events.
2026-07-09 14:19:57.493 9 INFO neutron.db.ovn_revision_numbers_db [None req-f2f6711e-dc0d-491d-a5ed-2bc47dc6f9e7 81a77bffd09941559906dcca23982b01 382ca9eb4d6543128ddae8b65532b70b - - default default] Successfully bumped revision number for resource f77734e0-1656-4b86-91e7-64d3e98579e8 (type: ports) to 1
2026-07-09 14:19:57.495 10 INFO neutron.db.ovn_revision_numbers_db [None req-dec079e8-a78e-4788-9efe-ffefc452f219 - - - - - -] Successfully bumped revision number for resource cc3b9d07-a4fe-4607-9756-5d15b0f88a6a (type: ports) to 1
2026-07-09 14:19:57.517 9 INFO neutron.wsgi [None req-f2f6711e-dc0d-491d-a5ed-2bc47dc6f9e7 81a77bffd09941559906dcca23982b01 382ca9eb4d6543128ddae8b65532b70b - - default default] 10.0.0.38 "POST /v2.0/networks HTTP/1.1" status: 201 len: 940 time: 1.1756570
2026-07-09 14:19:57.655 10 INFO neutron.db.ovn_revision_numbers_db [None req-ce3a6d7a-a352-4db1-b5e7-5c38af5f4c4d 81a77bffd09941559906dcca23982b01 382ca9eb4d6543128ddae8b65532b70b - - default default] Successfully bumped revision number for resource 048f8bdb-c007-4861-913f-66e51f5b816d (type: ports) to 1
2026-07-09 14:19:57.709 9 WARNING neutron.scheduler.dhcp_agent_scheduler [None req-316ae39c-1472-4cd1-a6b3-a2bcc82ad8f7 81a77bffd09941559906dcca23982b01 382ca9eb4d6543128ddae8b65532b70b - - default default] No more DHCP agents
2026-07-09 14:19:57.713 9 WARNING neutron.api.rpc.agentnotifiers.dhcp_rpc_agent_api [None req-316ae39c-1472-4cd1-a6b3-a2bcc82ad8f7 81a77bffd09941559906dcca23982b01 382ca9eb4d6543128ddae8b65532b70b - - default default] Unable to schedule network 53f2a37e-ac73-4a62-83fe-09c9240c63db: no agents available; will retry on subsequent port and subnet creation events.
2026-07-09 14:19:57.947 9 INFO neutron.wsgi [None req-e33d64bf-d337-41ab-89df-ce90fe94bca1 81a77bffd09941559906dcca23982b01 382ca9eb4d6543128ddae8b65532b70b - - default default] 10.0.0.181 "GET /v2.0/floatingips HTTP/1.1" status: 200 len: 1574 time: 0.1322839
2026-07-09 14:19:58.068 9 INFO neutron.wsgi [None req-f82a04ff-d0f3-40f8-9ece-1db113d0233d 81a77bffd09941559906dcca23982b01 382ca9eb4d6543128ddae8b65532b70b - - default default] 10.0.0.181 "GET /v2.0/networks HTTP/1.1" status: 200 len: 5398 time: 0.1184809
2026-07-09 14:19:58.080 10 WARNING neutron.plugins.ml2.drivers.ovn.mech_driver.ovsdb.ovn_client [None req-b7f09dd7-66e4-4e23-b4b0-b3d8561965c0 - - - - - -] No hosting information found for port 897db3ef-10a0-4d0a-8e5d-b5a0b685d6ec: RuntimeError: No hosting information found for port 897db3ef-10a0-4d0a-8e5d-b5a0b685d6ec
2026-07-09 14:19:58.081 10 INFO neutron.plugins.ml2.drivers.ovn.mech_driver.mech_driver [None req-b7f09dd7-66e4-4e23-b4b0-b3d8561965c0 - - - - - -] OVN reports status up for port: 57116081-6683-4e03-97f0-cf664e8d860d
2026-07-09 14:19:58.094 9 INFO neutron.wsgi [None req-0aa9b86d-2163-4e3f-9ed9-864b6c63edd9 81a77bffd09941559906dcca23982b01 382ca9eb4d6543128ddae8b65532b70b - - default default] 10.0.0.181 "GET /v2.0/agents HTTP/1.1" status: 200 len: 1390 time: 0.0201938
2026-07-09 14:19:58.150 9 INFO neutron.wsgi [None req-546a9d37-78fd-4636-8cc6-e0ffeb7481c5 81a77bffd09941559906dcca23982b01 382ca9eb4d6543128ddae8b65532b70b - - default default] 10.0.0.181 "GET /v2.0/subnets HTTP/1.1" status: 200 len: 4071 time: 0.0497954
2026-07-09 14:19:58.160 10 INFO neutron.wsgi [req-429c7022-1586-4d14-a871-c0f48db3dd9b req-b5993b6d-fa9b-4846-a288-202cc5a39afb e60a31ac54f842ff82f690575acd9701 b364f3eb8b744c109461abe7b4320c9b - - default default] 10.0.0.146 "GET /v2.0/ports?device_id=4a5f6287-b569-4fa0-9a0b-77c5a09e35a1 HTTP/1.1" status: 200 len: 1174 time: 0.2630699
2026-07-09 14:19:58.165 9 INFO neutron.wsgi [None req-5971494b-6200-4e36-9321-270201c8d647 81a77bffd09941559906dcca23982b01 382ca9eb4d6543128ddae8b65532b70b - - default default] 10.0.0.181 "GET /v2.0/subnetpools HTTP/1.1" status: 200 len: 193 time: 0.0119510
2026-07-09 14:19:58.203 9 INFO neutron.wsgi [None req-24fc7943-813b-4157-9fac-57634f8c3cfb 81a77bffd09941559906dcca23982b01 382ca9eb4d6543128ddae8b65532b70b - - default default] 10.0.0.181 "GET /v2.0/network-ip-availabilities HTTP/1.1" status: 200 len: 3204 time: 0.0300119
2026-07-09 14:19:58.266 10 INFO neutron.wsgi [req-429c7022-1586-4d14-a871-c0f48db3dd9b req-36041b4d-fa77-4a70-847c-7573d4e7bc57 e60a31ac54f842ff82f690575acd9701 b364f3eb8b744c109461abe7b4320c9b - - default default] 10.0.0.146 "GET /v2.0/security-groups?id=77e4ae89-23ea-47e7-b399-dcff82f325e0&fields=id&fields=name HTTP/1.1" status: 200 len: 313 time: 0.0988989
2026-07-09 14:19:58.286 9 INFO neutron.wsgi [None req-752ed3d7-bd85-47fd-8ef8-0387ef9b8395 81a77bffd09941559906dcca23982b01 382ca9eb4d6543128ddae8b65532b70b - - default default] 10.0.0.181 "GET /v2.0/security-groups HTTP/1.1" status: 200 len: 34914 time: 0.0784278
2026-07-09 14:19:58.409 9 INFO neutron.wsgi [None req-633afcdb-781a-4a9c-93dd-00d66cb0011e 81a77bffd09941559906dcca23982b01 382ca9eb4d6543128ddae8b65532b70b - - default default] 10.0.0.181 "GET /v2.0/ports HTTP/1.1" status: 200 len: 20458 time: 0.1100984
2026-07-09 14:19:58.438 10 INFO neutron.db.ovn_revision_numbers_db [None req-dec079e8-a78e-4788-9efe-ffefc452f219 - - - - - -] Successfully bumped revision number for resource cc3b9d07-a4fe-4607-9756-5d15b0f88a6a (type: router_ports) to 3
2026-07-09 14:19:58.777 9 INFO neutron.notifiers.nova [-] Nova event matching ['req-bf863cb9-e9a4-4d00-bca6-33bb6b7dea70'] response: {'name': 'network-changed', 'server_uuid': 'e84adca4-99b2-4388-8a06-2b631a37afc4', 'tag': 'b3196640-b996-4d5e-8ead-09bc848b9bc0', 'status': 'completed', 'code': 200}
2026-07-09 14:19:58.793 10 INFO neutron.db.ovn_revision_numbers_db [None req-dec079e8-a78e-4788-9efe-ffefc452f219 - - - - - -] Successfully bumped revision number for resource cc3b9d07-a4fe-4607-9756-5d15b0f88a6a (type: ports) to 2
2026-07-09 14:19:58.813 9 INFO neutron.wsgi [None req-01cadaf5-7a8f-4b7c-a3ff-7dfa62de969a 81a77bffd09941559906dcca23982b01 382ca9eb4d6543128ddae8b65532b70b - - default default] 10.0.0.181 "GET /v2.0/routers HTTP/1.1" status: 200 len: 3096 time: 0.3868287
2026-07-09 14:19:58.829 9 INFO neutron.wsgi [req-72054620-b0ea-4541-af61-f2e21f4f2aaf req-81bd0301-3138-4891-84e1-8e350df0b7e8 e60a31ac54f842ff82f690575acd9701 b364f3eb8b744c109461abe7b4320c9b - - default default] 10.0.0.146 "GET /v2.0/ports?device_id=4a5f6287-b569-4fa0-9a0b-77c5a09e35a1 HTTP/1.1" status: 200 len: 1174 time: 0.4199221
2026-07-09 14:19:58.838 9 INFO neutron.wsgi [None req-7565d615-c041-4305-8eb0-136c2a4f2cf9 81a77bffd09941559906dcca23982b01 382ca9eb4d6543128ddae8b65532b70b - - default default] 10.0.0.181 "GET /v2.0/agents?binary=ovn-controller HTTP/1.1" status: 200 len: 591 time: 0.0210967
2026-07-09 14:19:58.883 10 INFO neutron.wsgi [req-2c1542aa-c0a4-4148-84c4-b14f8497208d req-edc06496-2ebc-456c-9ff5-e1b4d3a3dc6f 98a6fadb8ea840298e4973fcccd1d622 8c40a5055bf74eeb9613dee1aba3e8fe - - a68933338202467fafdc0089282cadca a68933338202467fafdc0089282cadca] 199.19.213.152 "GET /v2.0/ports?tenant_id=eb7cae995595471da481588e033b31f3&device_id=e84adca4-99b2-4388-8a06-2b631a37afc4 HTTP/1.1" status: 200 len: 1409 time: 0.0779502
2026-07-09 14:19:58.887 9 INFO neutron.wsgi [None req-5c854d6d-72a9-407d-8470-03df82348771 81a77bffd09941559906dcca23982b01 382ca9eb4d6543128ddae8b65532b70b - - default default] 10.0.0.181 "GET /v2.0/subnets HTTP/1.1" status: 200 len: 4071 time: 0.0475631
2026-07-09 14:19:58.891 9 INFO neutron.db.ovn_revision_numbers_db [None req-316ae39c-1472-4cd1-a6b3-a2bcc82ad8f7 81a77bffd09941559906dcca23982b01 382ca9eb4d6543128ddae8b65532b70b - - default default] Successfully bumped revision number for resource f77734e0-1656-4b86-91e7-64d3e98579e8 (type: ports) to 2
2026-07-09 14:19:58.925 9 INFO neutron.db.ovn_revision_numbers_db [None req-316ae39c-1472-4cd1-a6b3-a2bcc82ad8f7 81a77bffd09941559906dcca23982b01 382ca9eb4d6543128ddae8b65532b70b - - default default] Successfully bumped revision number for resource 2afc5ae4-3dce-4620-85de-c0bfbf6f24e1 (type: subnets) to 0
2026-07-09 14:19:58.943 9 INFO neutron.wsgi [None req-316ae39c-1472-4cd1-a6b3-a2bcc82ad8f7 81a77bffd09941559906dcca23982b01 382ca9eb4d6543128ddae8b65532b70b - - default default] 10.0.0.38 "POST /v2.0/subnets HTTP/1.1" status: 201 len: 860 time: 1.4174523
2026-07-09 14:19:59.134 10 ERROR ovsdbapp.backend.ovs_idl.command [None req-ce3a6d7a-a352-4db1-b5e7-5c38af5f4c4d 81a77bffd09941559906dcca23982b01 382ca9eb4d6543128ddae8b65532b70b - - default default] Error executing command (DbGetCommand): ovsdbapp.backend.ovs_idl.idlutils.RowNotFound: Cannot find Logical_Router_Port with name=lrp-048f8bdb-c007-4861-913f-66e51f5b816d
2026-07-09 14:19:59.134 10 ERROR ovsdbapp.backend.ovs_idl.command
Traceback (most recent call last):
2026-07-09 14:19:59.134 10 ERROR ovsdbapp.backend.ovs_idl.command
File "/var/lib/openstack/lib/python3.10/site-packages/ovsdbapp/backend/ovs_idl/command.py", line 47, in execute
2026-07-09 14:19:59.134 10 ERROR ovsdbapp.backend.ovs_idl.command self.run_idl(None)
2026-07-09 14:19:59.134 10 ERROR ovsdbapp.backend.ovs_idl.command
File "/var/lib/openstack/lib/python3.10/site-packages/ovsdbapp/backend/ovs_idl/command.py", line 235, in run_idl
2026-07-09 14:19:59.134 10 ERROR ovsdbapp.backend.ovs_idl.command record = self.api.lookup(self.table, self.record)
2026-07-09 14:19:59.134 10 ERROR ovsdbapp.backend.ovs_idl.command
File "/var/lib/openstack/lib/python3.10/site-packages/ovsdbapp/backend/ovs_idl/__init__.py", line 184, in lookup
2026-07-09 14:19:59.134 10 ERROR ovsdbapp.backend.ovs_idl.command return self._lookup(table, record)
2026-07-09 14:19:59.134 10 ERROR ovsdbapp.backend.ovs_idl.command
File "/var/lib/openstack/lib/python3.10/site-packages/ovsdbapp/backend/ovs_idl/__init__.py", line 235, in _lookup
2026-07-09 14:19:59.134 10 ERROR ovsdbapp.backend.ovs_idl.command row = idlutils.row_by_value(self, rl.table, rl.column, record)
2026-07-09 14:19:59.134 10 ERROR ovsdbapp.backend.ovs_idl.command
File "/var/lib/openstack/lib/python3.10/site-packages/ovsdbapp/backend/ovs_idl/idlutils.py", line 114, in row_by_value
2026-07-09 14:19:59.134 10 ERROR ovsdbapp.backend.ovs_idl.command raise RowNotFound(table=table, col=column, match=match)
2026-07-09 14:19:59.134 10 ERROR ovsdbapp.backend.ovs_idl.command ovsdbapp.backend.ovs_idl.idlutils.RowNotFound: Cannot find Logical_Router_Port with name=lrp-048f8bdb-c007-4861-913f-66e51f5b816d
2026-07-09 14:19:59.134 10 ERROR ovsdbapp.backend.ovs_idl.command 
2026-07-09 14:19:59.134 10 ERROR neutron_lib.callbacks.manager [None req-ce3a6d7a-a352-4db1-b5e7-5c38af5f4c4d 81a77bffd09941559906dcca23982b01 382ca9eb4d6543128ddae8b65532b70b - - default default] Error during notification for neutron.services.ovn_l3.plugin.OVNL3RouterPlugin._port_update-8737824364253 port, after_update: ovsdbapp.backend.ovs_idl.idlutils.RowNotFound: Cannot find Logical_Router_Port with name=lrp-048f8bdb-c007-4861-913f-66e51f5b816d
2026-07-09 14:19:59.134 10 ERROR neutron_lib.callbacks.manager
Traceback (most recent call last):
2026-07-09 14:19:59.134 10 ERROR neutron_lib.callbacks.manager
File "/var/lib/openstack/lib/python3.10/site-packages/neutron_lib/callbacks/manager.py", line 189, in _notify_loop
2026-07-09 14:19:59.134 10 ERROR neutron_lib.callbacks.manager callback.method(resource, event, trigger, payload=payload)
2026-07-09 14:19:59.134 10 ERROR neutron_lib.callbacks.manager
File "/var/lib/openstack/lib/python3.10/site-packages/neutron/services/ovn_l3/plugin.py", line 391, in _port_update
2026-07-09 14:19:59.134 10 ERROR neutron_lib.callbacks.manager l3plugin._ovn_client.update_router_port(context,
2026-07-09 14:19:59.134 10 ERROR neutron_lib.callbacks.manager
File "/var/lib/openstack/lib/python3.10/site-packages/neutron/plugins/ml2/drivers/ovn/mech_driver/ovsdb/ovn_client.py", line 1878, in update_router_port
2026-07-09 14:19:59.134 10 ERROR neutron_lib.callbacks.manager self._update_lrouter_port(context, port, if_exists=if_exists,
2026-07-09 14:19:59.134 10 ERROR neutron_lib.callbacks.manager
File "/var/lib/openstack/lib/python3.10/site-packages/neutron/plugins/ml2/drivers/ovn/mech_driver/ovsdb/ovn_client.py", line 1855, in _update_lrouter_port
2026-07-09 14:19:59.134 10 ERROR neutron_lib.callbacks.manager external_ids = self._nb_idl.db_get(
2026-07-09 14:19:59.134 10 ERROR neutron_lib.callbacks.manager
File "/var/lib/openstack/lib/python3.10/site-packages/ovsdbapp/backend/ovs_idl/command.py", line 47, in execute
2026-07-09 14:19:59.134 10 ERROR neutron_lib.callbacks.manager self.run_idl(None)
2026-07-09 14:19:59.134 10 ERROR neutron_lib.callbacks.manager
File "/var/lib/openstack/lib/python3.10/site-packages/ovsdbapp/backend/ovs_idl/command.py", line 235, in run_idl
2026-07-09 14:19:59.134 10 ERROR neutron_lib.callbacks.manager record = self.api.lookup(self.table, self.record)
2026-07-09 14:19:59.134 10 ERROR neutron_lib.callbacks.manager
File "/var/lib/openstack/lib/python3.10/site-packages/ovsdbapp/backend/ovs_idl/__init__.py", line 184, in lookup
2026-07-09 14:19:59.134 10 ERROR neutron_lib.callbacks.manager return self._lookup(table, record)
2026-07-09 14:19:59.134 10 ERROR neutron_lib.callbacks.manager
File "/var/lib/openstack/lib/python3.10/site-packages/ovsdbapp/backend/ovs_idl/__init__.py", line 235, in _lookup
2026-07-09 14:19:59.134 10 ERROR neutron_lib.callbacks.manager row = idlutils.row_by_value(self, rl.table, rl.column, record)
2026-07-09 14:19:59.134 10 ERROR neutron_lib.callbacks.manager
File "/var/lib/openstack/lib/python3.10/site-packages/ovsdbapp/backend/ovs_idl/idlutils.py", line 114, in row_by_value
2026-07-09 14:19:59.134 10 ERROR neutron_lib.callbacks.manager raise RowNotFound(table=table, col=column, match=match)
2026-07-09 14:19:59.134 10 ERROR neutron_lib.callbacks.manager ovsdbapp.backend.ovs_idl.idlutils.RowNotFound: Cannot find Logical_Router_Port with name=lrp-048f8bdb-c007-4861-913f-66e51f5b816d
2026-07-09 14:19:59.134 10 ERROR neutron_lib.callbacks.manager 
2026-07-09 14:19:59.243 10 INFO neutron.wsgi [req-2c1542aa-c0a4-4148-84c4-b14f8497208d req-d949cf48-b352-40a9-a47b-9eeb4e1473db 98a6fadb8ea840298e4973fcccd1d622 8c40a5055bf74eeb9613dee1aba3e8fe - - a68933338202467fafdc0089282cadca a68933338202467fafdc0089282cadca] 199.19.213.152 "GET /v2.0/networks?id=38661208-a516-48e4-9944-df6c89320a1d HTTP/1.1" status: 200 len: 974 time: 0.3440003
2026-07-09 14:19:59.411 10 INFO neutron.wsgi [req-2c1542aa-c0a4-4148-84c4-b14f8497208d req-cba4db7b-6002-4fed-a3aa-a5534f97f55f 98a6fadb8ea840298e4973fcccd1d622 8c40a5055bf74eeb9613dee1aba3e8fe - - a68933338202467fafdc0089282cadca a68933338202467fafdc0089282cadca] 199.19.213.152 "GET /v2.0/floatingips?fixed_ip_address=10.100.0.9&port_id=b3196640-b996-4d5e-8ead-09bc848b9bc0 HTTP/1.1" status: 200 len: 1059 time: 0.1587322
2026-07-09 14:19:59.538 9 WARNING neutron.scheduler.dhcp_agent_scheduler [None req-09011800-76d2-4be7-a816-95cc740b08ee 81a77bffd09941559906dcca23982b01 382ca9eb4d6543128ddae8b65532b70b - - default default] No more DHCP agents
2026-07-09 14:19:59.540 9 WARNING neutron.api.rpc.agentnotifiers.dhcp_rpc_agent_api [None req-09011800-76d2-4be7-a816-95cc740b08ee 81a77bffd09941559906dcca23982b01 382ca9eb4d6543128ddae8b65532b70b - - default default] Unable to schedule network 0b6c78b0-88d5-4e8d-a294-73ace6d91848: no agents available; will retry on subsequent port and subnet creation events.
2026-07-09 14:19:59.555 10 INFO neutron.wsgi [req-2c1542aa-c0a4-4148-84c4-b14f8497208d req-991c768e-081e-42cf-92e6-dc7a7d43329f 98a6fadb8ea840298e4973fcccd1d622 8c40a5055bf74eeb9613dee1aba3e8fe - - a68933338202467fafdc0089282cadca a68933338202467fafdc0089282cadca] 199.19.213.152 "GET /v2.0/subnets?id=3d87abb1-9d23-4131-8fd0-746313ca79ba HTTP/1.1" status: 200 len: 869 time: 0.1349919
2026-07-09 14:19:59.637 10 INFO neutron.wsgi [req-2c1542aa-c0a4-4148-84c4-b14f8497208d req-da690128-7cc5-4f42-ad8d-7a7b9d27f491 98a6fadb8ea840298e4973fcccd1d622 8c40a5055bf74eeb9613dee1aba3e8fe - - a68933338202467fafdc0089282cadca a68933338202467fafdc0089282cadca] 199.19.213.152 "GET /v2.0/ports?network_id=38661208-a516-48e4-9944-df6c89320a1d&device_owner=network%3Adhcp HTTP/1.1" status: 200 len: 210 time: 0.0591049
2026-07-09 14:19:59.733 9 INFO neutron.db.ovn_revision_numbers_db [None req-09011800-76d2-4be7-a816-95cc740b08ee 81a77bffd09941559906dcca23982b01 382ca9eb4d6543128ddae8b65532b70b - - default default] Successfully bumped revision number for resource 3ab244d2-8735-4727-b4cc-ac2e0f845c7e (type: ports) to 1
2026-07-09 14:19:59.760 9 INFO neutron.plugins.ml2.drivers.ovn.mech_driver.mech_driver [None req-385b009b-c5c6-40d7-96a5-e662b6216ca5 - - - - - -] OVN reports status up for port: 048f8bdb-c007-4861-913f-66e51f5b816d
2026-07-09 14:19:59.789 9 INFO neutron.plugins.ml2.plugin [None req-385b009b-c5c6-40d7-96a5-e662b6216ca5 - - - - - -] Attempt 1 to provision port 048f8bdb-c007-4861-913f-66e51f5b816d
2026-07-09 14:19:59.835 10 INFO neutron.wsgi [req-2c1542aa-c0a4-4148-84c4-b14f8497208d req-9a88626d-bfc5-470f-a331-d9ec1a7ab7fb 98a6fadb8ea840298e4973fcccd1d622 8c40a5055bf74eeb9613dee1aba3e8fe - - a68933338202467fafdc0089282cadca a68933338202467fafdc0089282cadca] 199.19.213.152 "GET /v2.0/networks/38661208-a516-48e4-9944-df6c89320a1d?fields=segments HTTP/1.1" status: 200 len: 212 time: 0.1881123
2026-07-09 14:20:00.085 10 INFO neutron.db.ovn_revision_numbers_db [None req-ce3a6d7a-a352-4db1-b5e7-5c38af5f4c4d 81a77bffd09941559906dcca23982b01 382ca9eb4d6543128ddae8b65532b70b - - default default] Successfully bumped revision number for resource 048f8bdb-c007-4861-913f-66e51f5b816d (type: ports) to 1
2026-07-09 14:20:00.204 10 INFO neutron.wsgi [req-2c1542aa-c0a4-4148-84c4-b14f8497208d req-667feb27-afe8-4803-b9f3-8d85013951cf 98a6fadb8ea840298e4973fcccd1d622 8c40a5055bf74eeb9613dee1aba3e8fe - - a68933338202467fafdc0089282cadca a68933338202467fafdc0089282cadca] 199.19.213.152 "GET /v2.0/networks/38661208-a516-48e4-9944-df6c89320a1d?fields=provider%3Aphysical_network&fields=provider%3Anetwork_type HTTP/1.1" status: 200 len: 277 time: 0.3586886
2026-07-09 14:20:00.327 10 WARNING neutron.scheduler.dhcp_agent_scheduler [None req-ce3a6d7a-a352-4db1-b5e7-5c38af5f4c4d 81a77bffd09941559906dcca23982b01 382ca9eb4d6543128ddae8b65532b70b - - default default] No more DHCP agents
2026-07-09 14:20:00.331 10 WARNING neutron.api.rpc.agentnotifiers.dhcp_rpc_agent_api [None req-ce3a6d7a-a352-4db1-b5e7-5c38af5f4c4d 81a77bffd09941559906dcca23982b01 382ca9eb4d6543128ddae8b65532b70b - - default default] Unable to schedule network 0204a6e1-bb1c-4174-bfa2-0e8e168c52bd: no agents available; will retry on subsequent port and subnet creation events.
2026-07-09 14:20:00.357 10 INFO neutron.db.ovn_revision_numbers_db [None req-dec079e8-a78e-4788-9efe-ffefc452f219 - - - - - -] Successfully bumped revision number for resource cc3b9d07-a4fe-4607-9756-5d15b0f88a6a (type: ports) to 4
2026-07-09 14:20:00.514 9 INFO neutron.db.ovn_revision_numbers_db [None req-385b009b-c5c6-40d7-96a5-e662b6216ca5 - - - - - -] Successfully bumped revision number for resource 048f8bdb-c007-4861-913f-66e51f5b816d (type: ports) to 2
2026-07-09 14:20:00.865 10 INFO neutron.db.ovn_revision_numbers_db [None req-de4917c5-f1cf-4fdf-aac6-c771c9bae8ba e60a31ac54f842ff82f690575acd9701 b364f3eb8b744c109461abe7b4320c9b - - default default] Successfully bumped revision number for resource 0ede8676-8ee3-44fc-9605-76a3b1fe64e2 (type: floatingips) to 1
2026-07-09 14:20:00.917 9 ERROR ovsdbapp.backend.ovs_idl.command [None req-385b009b-c5c6-40d7-96a5-e662b6216ca5 - - - - - -] Error executing command (DbGetCommand): ovsdbapp.backend.ovs_idl.idlutils.RowNotFound: Cannot find Logical_Router_Port with name=lrp-048f8bdb-c007-4861-913f-66e51f5b816d
2026-07-09 14:20:00.917 9 ERROR ovsdbapp.backend.ovs_idl.command
Traceback (most recent call last):
2026-07-09 14:20:00.917 9 ERROR ovsdbapp.backend.ovs_idl.command
File "/var/lib/openstack/lib/python3.10/site-packages/ovsdbapp/backend/ovs_idl/command.py", line 47, in execute
2026-07-09 14:20:00.917 9 ERROR ovsdbapp.backend.ovs_idl.command self.run_idl(None)
2026-07-09 14:20:00.917 9 ERROR ovsdbapp.backend.ovs_idl.command
File "/var/lib/openstack/lib/python3.10/site-packages/ovsdbapp/backend/ovs_idl/command.py", line 235, in run_idl
2026-07-09 14:20:00.917 9 ERROR ovsdbapp.backend.ovs_idl.command record = self.api.lookup(self.table, self.record)
2026-07-09 14:20:00.917 9 ERROR ovsdbapp.backend.ovs_idl.command
File "/var/lib/openstack/lib/python3.10/site-packages/ovsdbapp/backend/ovs_idl/__init__.py", line 184, in lookup
2026-07-09 14:20:00.917 9 ERROR ovsdbapp.backend.ovs_idl.command return self._lookup(table, record)
2026-07-09 14:20:00.917 9 ERROR ovsdbapp.backend.ovs_idl.command
File "/var/lib/openstack/lib/python3.10/site-packages/ovsdbapp/backend/ovs_idl/__init__.py", line 235, in _lookup
2026-07-09 14:20:00.917 9 ERROR ovsdbapp.backend.ovs_idl.command row = idlutils.row_by_value(self, rl.table, rl.column, record)
2026-07-09 14:20:00.917 9 ERROR ovsdbapp.backend.ovs_idl.command
File "/var/lib/openstack/lib/python3.10/site-packages/ovsdbapp/backend/ovs_idl/idlutils.py", line 114, in row_by_value
2026-07-09 14:20:00.917 9 ERROR ovsdbapp.backend.ovs_idl.command raise RowNotFound(table=table, col=column, match=match)
2026-07-09 14:20:00.917 9 ERROR ovsdbapp.backend.ovs_idl.command ovsdbapp.backend.ovs_idl.idlutils.RowNotFound: Cannot find Logical_Router_Port with name=lrp-048f8bdb-c007-4861-913f-66e51f5b816d
2026-07-09 14:20:00.917 9 ERROR ovsdbapp.backend.ovs_idl.command 
2026-07-09 14:20:00.917 9 ERROR neutron_lib.callbacks.manager [None req-385b009b-c5c6-40d7-96a5-e662b6216ca5 - - - - - -] Error during notification for neutron.services.ovn_l3.plugin.OVNL3RouterPlugin._port_update-8737824364253 port, after_update: ovsdbapp.backend.ovs_idl.idlutils.RowNotFound: Cannot find Logical_Router_Port with name=lrp-048f8bdb-c007-4861-913f-66e51f5b816d
2026-07-09 14:20:00.917 9 ERROR neutron_lib.callbacks.manager
Traceback (most recent call last):
2026-07-09 14:20:00.917 9 ERROR neutron_lib.callbacks.manager
File "/var/lib/openstack/lib/python3.10/site-packages/neutron_lib/callbacks/manager.py", line 189, in _notify_loop
2026-07-09 14:20:00.917 9 ERROR neutron_lib.callbacks.manager callback.method(resource, event, trigger, payload=payload)
2026-07-09 14:20:00.917 9 ERROR neutron_lib.callbacks.manager
File "/var/lib/openstack/lib/python3.10/site-packages/neutron/services/ovn_l3/plugin.py", line 391, in _port_update
2026-07-09 14:20:00.917 9 ERROR neutron_lib.callbacks.manager l3plugin._ovn_client.update_router_port(context,
2026-07-09 14:20:00.917 9 ERROR neutron_lib.callbacks.manager
File "/var/lib/openstack/lib/python3.10/site-packages/neutron/plugins/ml2/drivers/ovn/mech_driver/ovsdb/ovn_client.py", line 1878, in update_router_port
2026-07-09 14:20:00.917 9 ERROR neutron_lib.callbacks.manager self._update_lrouter_port(context, port, if_exists=if_exists,
2026-07-09 14:20:00.917 9 ERROR neutron_lib.callbacks.manager
File "/var/lib/openstack/lib/python3.10/site-packages/neutron/plugins/ml2/drivers/ovn/mech_driver/ovsdb/ovn_client.py", line 1855, in _update_lrouter_port
2026-07-09 14:20:00.917 9 ERROR neutron_lib.callbacks.manager external_ids = self._nb_idl.db_get(
2026-07-09 14:20:00.917 9 ERROR neutron_lib.callbacks.manager
File "/var/lib/openstack/lib/python3.10/site-packages/ovsdbapp/backend/ovs_idl/command.py", line 47, in execute
2026-07-09 14:20:00.917 9 ERROR neutron_lib.callbacks.manager self.run_idl(None)
2026-07-09 14:20:00.917 9 ERROR neutron_lib.callbacks.manager
File "/var/lib/openstack/lib/python3.10/site-packages/ovsdbapp/backend/ovs_idl/command.py", line 235, in run_idl
2026-07-09 14:20:00.917 9 ERROR neutron_lib.callbacks.manager record = self.api.lookup(self.table, self.record)
2026-07-09 14:20:00.917 9 ERROR neutron_lib.callbacks.manager
File "/var/lib/openstack/lib/python3.10/site-packages/ovsdbapp/backend/ovs_idl/__init__.py", line 184, in lookup
2026-07-09 14:20:00.917 9 ERROR neutron_lib.callbacks.manager return self._lookup(table, record)
2026-07-09 14:20:00.917 9 ERROR neutron_lib.callbacks.manager
File "/var/lib/openstack/lib/python3.10/site-packages/ovsdbapp/backend/ovs_idl/__init__.py", line 235, in _lookup
2026-07-09 14:20:00.917 9 ERROR neutron_lib.callbacks.manager row = idlutils.row_by_value(self, rl.table, rl.column, record)
2026-07-09 14:20:00.917 9 ERROR neutron_lib.callbacks.manager
File "/var/lib/openstack/lib/python3.10/site-packages/ovsdbapp/backend/ovs_idl/idlutils.py", line 114, in row_by_value
2026-07-09 14:20:00.917 9 ERROR neutron_lib.callbacks.manager raise RowNotFound(table=table, col=column, match=match)
2026-07-09 14:20:00.917 9 ERROR neutron_lib.callbacks.manager ovsdbapp.backend.ovs_idl.idlutils.RowNotFound: Cannot find Logical_Router_Port with name=lrp-048f8bdb-c007-4861-913f-66e51f5b816d
2026-07-09 14:20:00.917 9 ERROR neutron_lib.callbacks.manager 
2026-07-09 14:20:00.971 9 INFO neutron.plugins.ml2.drivers.ovn.mech_driver.ovsdb.commands [None req-5c5f415a-0e8a-4f91-b369-cb2cc75212f1 - - - - - -] Schedule LRP lrp-3ab244d2-8735-4727-b4cc-ac2e0f845c7e on gateway 5fc90db5-0a0a-4992-80c7-762654a90200 with priority 1
2026-07-09 14:20:01.018 10 INFO neutron.plugins.ml2.drivers.ovn.mech_driver.mech_driver [None req-b7f09dd7-66e4-4e23-b4b0-b3d8561965c0 - - - - - -] OVN reports status up for port: 3ab244d2-8735-4727-b4cc-ac2e0f845c7e
