2026-07-09 14:11:58.126 9 INFO neutron.wsgi [None req-93adae83-b76d-42a7-8df2-edc54361bd33 81a77bffd09941559906dcca23982b01 382ca9eb4d6543128ddae8b65532b70b - - default default] 10.0.0.181 "GET /v2.0/subnets HTTP/1.1" status: 200 len: 1437 time: 0.0532000
2026-07-09 14:11:58.137 9 INFO neutron.wsgi [None req-644f1ea8-9cde-40f4-af50-a3ad73aa57a6 81a77bffd09941559906dcca23982b01 382ca9eb4d6543128ddae8b65532b70b - - default default] 10.0.0.181 "GET /v2.0/subnetpools HTTP/1.1" status: 200 len: 193 time: 0.0101247
2026-07-09 14:11:58.160 9 INFO neutron.wsgi [None req-c3df194a-c109-43fc-8c19-03d8b166db89 81a77bffd09941559906dcca23982b01 382ca9eb4d6543128ddae8b65532b70b - - default default] 10.0.0.181 "GET /v2.0/routers HTTP/1.1" status: 200 len: 189 time: 0.0216084
2026-07-09 14:11:58.170 9 INFO neutron.wsgi [None req-c92f5b14-0a57-4943-abbf-7ba46216b593 81a77bffd09941559906dcca23982b01 382ca9eb4d6543128ddae8b65532b70b - - default default] 10.0.0.181 "GET /v2.0/agents?binary=ovn-controller HTTP/1.1" status: 200 len: 591 time: 0.0100875
2026-07-09 14:11:58.183 9 INFO neutron.wsgi [None req-5becde54-3b7a-4c5e-9a97-6bf788a31723 81a77bffd09941559906dcca23982b01 382ca9eb4d6543128ddae8b65532b70b - - default default] 10.0.0.181 "GET /v2.0/network-ip-availabilities HTTP/1.1" status: 200 len: 1280 time: 0.0114655
2026-07-09 14:11:58.223 9 INFO neutron.wsgi [None req-eb264335-ce3b-40cf-b591-c3f694ce6080 81a77bffd09941559906dcca23982b01 382ca9eb4d6543128ddae8b65532b70b - - default default] 10.0.0.181 "GET /v2.0/subnets HTTP/1.1" status: 200 len: 1437 time: 0.0386679
2026-07-09 14:11:58.246 9 INFO neutron.wsgi [None req-a2acee42-28bf-4686-8133-087859ee5e1a 81a77bffd09941559906dcca23982b01 382ca9eb4d6543128ddae8b65532b70b - - default default] 10.0.0.181 "GET /v2.0/floatingips HTTP/1.1" status: 200 len: 193 time: 0.0222828
2026-07-09 14:12:05.678 9 INFO neutron.wsgi [-] 10.0.0.140 "GET / HTTP/1.1" status: 200 len: 246 time: 0.0030377
2026-07-09 14:12:05.679 10 INFO neutron.wsgi [-] 10.0.0.140 "GET / HTTP/1.1" status: 200 len: 246 time: 0.0028450
2026-07-09 14:12:20.678 9 INFO neutron.wsgi [-] 10.0.0.140 "GET / HTTP/1.1" status: 200 len: 246 time: 0.0027618
2026-07-09 14:12:20.681 9 INFO neutron.wsgi [-] 10.0.0.140 "GET / HTTP/1.1" status: 200 len: 246 time: 0.0016260
2026-07-09 14:12:35.677 10 INFO neutron.wsgi [-] 10.0.0.140 "GET / HTTP/1.1" status: 200 len: 246 time: 0.0024993
2026-07-09 14:12:35.678 9 INFO neutron.wsgi [-] 10.0.0.140 "GET / HTTP/1.1" status: 200 len: 246 time: 0.0025539
2026-07-09 14:12:50.679 9 INFO neutron.wsgi [-] 10.0.0.140 "GET / HTTP/1.1" status: 200 len: 246 time: 0.0035450
2026-07-09 14:12:50.680 10 INFO neutron.wsgi [-] 10.0.0.140 "GET / HTTP/1.1" status: 200 len: 246 time: 0.0040300
2026-07-09 14:12:57.957 9 INFO neutron.wsgi [None req-8572192d-fae9-4c4b-88f5-89f120cbd928 81a77bffd09941559906dcca23982b01 382ca9eb4d6543128ddae8b65532b70b - - default default] 10.0.0.181 "GET /v2.0/routers HTTP/1.1" status: 200 len: 189 time: 0.1787689
2026-07-09 14:12:57.991 9 INFO neutron.wsgi [None req-7b068cda-2414-4b3e-b1f0-47c854fdc0cc 81a77bffd09941559906dcca23982b01 382ca9eb4d6543128ddae8b65532b70b - - default default] 10.0.0.181 "GET /v2.0/agents?binary=ovn-controller HTTP/1.1" status: 200 len: 591 time: 0.0329061
2026-07-09 14:12:58.040 9 INFO neutron.wsgi [None req-f969303f-5722-4136-b55d-38d00eb6b142 81a77bffd09941559906dcca23982b01 382ca9eb4d6543128ddae8b65532b70b - - default default] 10.0.0.181 "GET /v2.0/ports HTTP/1.1" status: 200 len: 5347 time: 0.0474048
2026-07-09 14:12:58.063 9 INFO neutron.wsgi [None req-7343e873-dae1-452e-a2e9-8c6467d1a1df 81a77bffd09941559906dcca23982b01 382ca9eb4d6543128ddae8b65532b70b - - default default] 10.0.0.181 "GET /v2.0/agents HTTP/1.1" status: 200 len: 1390 time: 0.0164397
2026-07-09 14:12:58.102 9 INFO neutron.wsgi [None req-697cc165-ce2b-4dd3-9eea-e63ce64c22c8 81a77bffd09941559906dcca23982b01 382ca9eb4d6543128ddae8b65532b70b - - default default] 10.0.0.181 "GET /v2.0/subnets HTTP/1.1" status: 200 len: 1437 time: 0.0379696
2026-07-09 14:12:58.111 9 INFO neutron.wsgi [None req-a6581169-4061-4914-addc-dc079118d4ea 81a77bffd09941559906dcca23982b01 382ca9eb4d6543128ddae8b65532b70b - - default default] 10.0.0.181 "GET /v2.0/subnetpools HTTP/1.1" status: 200 len: 193 time: 0.0085652
2026-07-09 14:12:58.126 9 INFO neutron.wsgi [None req-692f9035-dd0e-461e-bbf4-a27008d327c5 81a77bffd09941559906dcca23982b01 382ca9eb4d6543128ddae8b65532b70b - - default default] 10.0.0.181 "GET /v2.0/network-ip-availabilities HTTP/1.1" status: 200 len: 1280 time: 0.0136390
2026-07-09 14:12:58.149 9 INFO neutron.wsgi [None req-1195319c-2f48-4614-a01b-522cd82b547b 81a77bffd09941559906dcca23982b01 382ca9eb4d6543128ddae8b65532b70b - - default default] 10.0.0.181 "GET /v2.0/floatingips HTTP/1.1" status: 200 len: 193 time: 0.0228801
2026-07-09 14:12:58.215 9 INFO neutron.wsgi [None req-e43774cf-0548-4422-a208-16eee2a96575 81a77bffd09941559906dcca23982b01 382ca9eb4d6543128ddae8b65532b70b - - default default] 10.0.0.181 "GET /v2.0/networks HTTP/1.1" status: 200 len: 2350 time: 0.0645940
2026-07-09 14:12:58.263 9 INFO neutron.wsgi [None req-5461d9a9-9b5b-41ee-8dcc-df98b9e73c8c 81a77bffd09941559906dcca23982b01 382ca9eb4d6543128ddae8b65532b70b - - default default] 10.0.0.181 "GET /v2.0/security-groups HTTP/1.1" status: 200 len: 17574 time: 0.0465004
2026-07-09 14:12:58.304 9 INFO neutron.wsgi [None req-fe20bc8e-cfde-4ee2-bf34-822dab3b6eaa 81a77bffd09941559906dcca23982b01 382ca9eb4d6543128ddae8b65532b70b - - default default] 10.0.0.181 "GET /v2.0/subnets HTTP/1.1" status: 200 len: 1437 time: 0.0355029
2026-07-09 14:13:05.678 10 INFO neutron.wsgi [-] 10.0.0.140 "GET / HTTP/1.1" status: 200 len: 246 time: 0.0021462
2026-07-09 14:13:05.679 9 INFO neutron.wsgi [-] 10.0.0.140 "GET / HTTP/1.1" status: 200 len: 246 time: 0.0015807
2026-07-09 14:13:20.677 9 INFO neutron.wsgi [-] 10.0.0.140 "GET / HTTP/1.1" status: 200 len: 246 time: 0.0022185
2026-07-09 14:13:20.680 9 INFO neutron.wsgi [-] 10.0.0.140 "GET / HTTP/1.1" status: 200 len: 246 time: 0.0016863
2026-07-09 14:13:35.679 10 INFO neutron.wsgi [-] 10.0.0.140 "GET / HTTP/1.1" status: 200 len: 246 time: 0.0030966
2026-07-09 14:13:35.686 10 INFO neutron.wsgi [-] 10.0.0.140 "GET / HTTP/1.1" status: 200 len: 246 time: 0.0050738
2026-07-09 14:13:50.677 10 INFO neutron.wsgi [-] 10.0.0.140 "GET / HTTP/1.1" status: 200 len: 246 time: 0.0017333
2026-07-09 14:13:50.679 10 INFO neutron.wsgi [-] 10.0.0.140 "GET / HTTP/1.1" status: 200 len: 246 time: 0.0013247
2026-07-09 14:13:57.974 9 INFO neutron.wsgi [None req-64853c99-24d0-4e58-9345-fb59479ea48c 81a77bffd09941559906dcca23982b01 382ca9eb4d6543128ddae8b65532b70b - - default default] 10.0.0.181 "GET /v2.0/networks HTTP/1.1" status: 200 len: 2350 time: 0.2207243
2026-07-09 14:13:58.030 9 INFO neutron.wsgi [None req-1dbfc5d2-273d-486a-a93e-a840caf8227c 81a77bffd09941559906dcca23982b01 382ca9eb4d6543128ddae8b65532b70b - - default default] 10.0.0.181 "GET /v2.0/subnets HTTP/1.1" status: 200 len: 1437 time: 0.0523574
2026-07-09 14:13:58.070 9 INFO neutron.wsgi [None req-9c554b7c-8f8c-4910-bf31-2400eab136a4 81a77bffd09941559906dcca23982b01 382ca9eb4d6543128ddae8b65532b70b - - default default] 10.0.0.181 "GET /v2.0/routers HTTP/1.1" status: 200 len: 189 time: 0.0356295
2026-07-09 14:13:58.104 9 INFO neutron.wsgi [None req-5b6e39a6-25ee-4e05-b105-b839a3ee20d0 81a77bffd09941559906dcca23982b01 382ca9eb4d6543128ddae8b65532b70b - - default default] 10.0.0.181 "GET /v2.0/agents?binary=ovn-controller HTTP/1.1" status: 200 len: 591 time: 0.0335529
2026-07-09 14:13:58.118 9 INFO neutron.wsgi [None req-f3c36f2a-10eb-4b71-a4c9-fc442ba53484 81a77bffd09941559906dcca23982b01 382ca9eb4d6543128ddae8b65532b70b - - default default] 10.0.0.181 "GET /v2.0/agents HTTP/1.1" status: 200 len: 1390 time: 0.0127909
2026-07-09 14:13:58.136 9 INFO neutron.wsgi [None req-b4ff45b8-6f11-47a2-bd33-450c96761a49 81a77bffd09941559906dcca23982b01 382ca9eb4d6543128ddae8b65532b70b - - default default] 10.0.0.181 "GET /v2.0/network-ip-availabilities HTTP/1.1" status: 200 len: 1280 time: 0.0156341
2026-07-09 14:13:58.162 9 INFO neutron.wsgi [None req-c57e235f-b588-4cd2-9683-2f7abb2f86d1 81a77bffd09941559906dcca23982b01 382ca9eb4d6543128ddae8b65532b70b - - default default] 10.0.0.181 "GET /v2.0/floatingips HTTP/1.1" status: 200 len: 193 time: 0.0240407
2026-07-09 14:13:58.221 9 INFO neutron.wsgi [None req-e87087bb-3c21-4667-b114-c61d13f1a4b0 81a77bffd09941559906dcca23982b01 382ca9eb4d6543128ddae8b65532b70b - - default default] 10.0.0.181 "GET /v2.0/security-groups HTTP/1.1" status: 200 len: 17574 time: 0.0582461
2026-07-09 14:13:58.279 9 INFO neutron.wsgi [None req-2a823fd1-9bf7-4b40-9397-796609df7344 81a77bffd09941559906dcca23982b01 382ca9eb4d6543128ddae8b65532b70b - - default default] 10.0.0.181 "GET /v2.0/ports HTTP/1.1" status: 200 len: 5347 time: 0.0505962
2026-07-09 14:13:58.329 9 INFO neutron.wsgi [None req-d9cb9af4-9034-4e4c-8f7b-dd0c6e0c9f03 81a77bffd09941559906dcca23982b01 382ca9eb4d6543128ddae8b65532b70b - - default default] 10.0.0.181 "GET /v2.0/subnets HTTP/1.1" status: 200 len: 1437 time: 0.0449283
2026-07-09 14:13:58.339 9 INFO neutron.wsgi [None req-39f2fc73-d590-48c8-b89b-6aed279066a4 81a77bffd09941559906dcca23982b01 382ca9eb4d6543128ddae8b65532b70b - - default default] 10.0.0.181 "GET /v2.0/subnetpools HTTP/1.1" status: 200 len: 193 time: 0.0086484
2026-07-09 14:14:05.679 9 INFO neutron.wsgi [-] 10.0.0.140 "GET / HTTP/1.1" status: 200 len: 246 time: 0.0026350
2026-07-09 14:14:05.682 9 INFO neutron.wsgi [-] 10.0.0.140 "GET / HTTP/1.1" status: 200 len: 246 time: 0.0021045
2026-07-09 14:14:20.677 9 INFO neutron.wsgi [-] 10.0.0.140 "GET / HTTP/1.1" status: 200 len: 246 time: 0.0021095
2026-07-09 14:14:20.680 10 INFO neutron.wsgi [-] 10.0.0.140 "GET / HTTP/1.1" status: 200 len: 246 time: 0.0035093
2026-07-09 14:14:35.678 9 INFO neutron.wsgi [-] 10.0.0.140 "GET / HTTP/1.1" status: 200 len: 246 time: 0.0016983
2026-07-09 14:14:35.678 10 INFO neutron.wsgi [-] 10.0.0.140 "GET / HTTP/1.1" status: 200 len: 246 time: 0.0027969
2026-07-09 14:14:50.679 10 INFO neutron.wsgi [-] 10.0.0.140 "GET / HTTP/1.1" status: 200 len: 246 time: 0.0037422
2026-07-09 14:14:50.682 10 INFO neutron.wsgi [-] 10.0.0.140 "GET / HTTP/1.1" status: 200 len: 246 time: 0.0021377
2026-07-09 14:14:57.881 9 INFO neutron.wsgi [None req-d6e6a3f2-4de6-4c4e-b906-8ad74b2f31ad 81a77bffd09941559906dcca23982b01 382ca9eb4d6543128ddae8b65532b70b - - default default] 10.0.0.181 "GET /v2.0/networks HTTP/1.1" status: 200 len: 2350 time: 0.1185687
2026-07-09 14:14:57.929 9 INFO neutron.wsgi [None req-1bb7598e-bbf8-444b-8b67-a36367501254 81a77bffd09941559906dcca23982b01 382ca9eb4d6543128ddae8b65532b70b - - default default] 10.0.0.181 "GET /v2.0/subnets HTTP/1.1" status: 200 len: 1437 time: 0.0467670
2026-07-09 14:14:57.995 9 INFO neutron.wsgi [None req-4f4e34c3-4fde-4445-82b1-876e9b040f41 81a77bffd09941559906dcca23982b01 382ca9eb4d6543128ddae8b65532b70b - - default default] 10.0.0.181 "GET /v2.0/security-groups HTTP/1.1" status: 200 len: 17574 time: 0.0644350
2026-07-09 14:14:58.065 9 INFO neutron.wsgi [None req-c40f2bd4-b39e-4803-b2ea-7d606a76a67c 81a77bffd09941559906dcca23982b01 382ca9eb4d6543128ddae8b65532b70b - - default default] 10.0.0.181 "GET /v2.0/ports HTTP/1.1" status: 200 len: 5347 time: 0.0655916
2026-07-09 14:14:58.096 9 INFO neutron.wsgi [None req-60b122ac-dd87-401c-8c49-752a81784aec 81a77bffd09941559906dcca23982b01 382ca9eb4d6543128ddae8b65532b70b - - default default] 10.0.0.181 "GET /v2.0/routers HTTP/1.1" status: 200 len: 189 time: 0.0229766
2026-07-09 14:14:58.130 9 INFO neutron.wsgi [None req-227245d2-d36e-49df-b547-b5e1900ee364 81a77bffd09941559906dcca23982b01 382ca9eb4d6543128ddae8b65532b70b - - default default] 10.0.0.181 "GET /v2.0/agents?binary=ovn-controller HTTP/1.1" status: 200 len: 591 time: 0.0334916
2026-07-09 14:14:58.170 9 INFO neutron.wsgi [None req-2c4633d9-c3b9-4841-ace4-6f797e5e6368 81a77bffd09941559906dcca23982b01 382ca9eb4d6543128ddae8b65532b70b - - default default] 10.0.0.181 "GET /v2.0/subnets HTTP/1.1" status: 200 len: 1437 time: 0.0379343
2026-07-09 14:14:58.179 9 INFO neutron.wsgi [None req-8eef25a3-2f9e-43ef-8baf-c3fae1d9bd6e 81a77bffd09941559906dcca23982b01 382ca9eb4d6543128ddae8b65532b70b - - default default] 10.0.0.181 "GET /v2.0/subnetpools HTTP/1.1" status: 200 len: 193 time: 0.0080416
2026-07-09 14:14:58.199 9 INFO neutron.wsgi [None req-044f0178-5665-4a36-926e-2269cfbf467f 81a77bffd09941559906dcca23982b01 382ca9eb4d6543128ddae8b65532b70b - - default default] 10.0.0.181 "GET /v2.0/floatingips HTTP/1.1" status: 200 len: 193 time: 0.0189528
2026-07-09 14:14:58.210 9 INFO neutron.wsgi [None req-64cfbed6-77c6-4a7c-9ffe-3223852085b5 81a77bffd09941559906dcca23982b01 382ca9eb4d6543128ddae8b65532b70b - - default default] 10.0.0.181 "GET /v2.0/network-ip-availabilities HTTP/1.1" status: 200 len: 1280 time: 0.0109515
2026-07-09 14:14:58.224 9 INFO neutron.wsgi [None req-a74dedb0-47c8-4848-a62c-8342c4f0857e 81a77bffd09941559906dcca23982b01 382ca9eb4d6543128ddae8b65532b70b - - default default] 10.0.0.181 "GET /v2.0/agents HTTP/1.1" status: 200 len: 1390 time: 0.0133483
2026-07-09 14:15:05.689 10 INFO neutron.wsgi [-] 10.0.0.140 "GET / HTTP/1.1" status: 200 len: 246 time: 0.0018022
2026-07-09 14:15:05.698 10 INFO neutron.wsgi [-] 10.0.0.140 "GET / HTTP/1.1" status: 200 len: 246 time: 0.0024469
2026-07-09 14:15:20.677 9 INFO neutron.wsgi [-] 10.0.0.140 "GET / HTTP/1.1" status: 200 len: 246 time: 0.0018282
2026-07-09 14:15:20.682 9 INFO neutron.wsgi [-] 10.0.0.140 "GET / HTTP/1.1" status: 200 len: 246 time: 0.0036559
2026-07-09 14:15:29.036 9 INFO neutron.pecan_wsgi.hooks.translation [None req-8f9650b6-5c14-4bfd-9875-5772af1d7c6c 81a77bffd09941559906dcca23982b01 382ca9eb4d6543128ddae8b65532b70b - - default default] GET failed (client error): The resource could not be found.
2026-07-09 14:15:29.039 9 INFO neutron.wsgi [None req-8f9650b6-5c14-4bfd-9875-5772af1d7c6c 81a77bffd09941559906dcca23982b01 382ca9eb4d6543128ddae8b65532b70b - - default default] 199.19.213.152,10.0.0.140 "GET /v2.0/networks/public HTTP/1.1" status: 404 len: 290 time: 0.0820186
2026-07-09 14:15:29.129 9 INFO neutron.wsgi [None req-b4a55a4f-43de-4248-aa5f-731face6aba8 81a77bffd09941559906dcca23982b01 382ca9eb4d6543128ddae8b65532b70b - - default default] 199.19.213.152,10.0.0.140 "GET /v2.0/networks?name=public HTTP/1.1" status: 200 len: 928 time: 0.0843751
2026-07-09 14:15:30.283 9 INFO neutron.pecan_wsgi.hooks.translation [None req-650a949a-252e-455a-8f88-5d60e21a5d96 81a77bffd09941559906dcca23982b01 382ca9eb4d6543128ddae8b65532b70b - - default default] GET failed (client error): The resource could not be found.
2026-07-09 14:15:30.284 9 INFO neutron.wsgi [None req-650a949a-252e-455a-8f88-5d60e21a5d96 81a77bffd09941559906dcca23982b01 382ca9eb4d6543128ddae8b65532b70b - - default default] 199.19.213.152,10.0.0.140 "GET /v2.0/networks/public HTTP/1.1" status: 404 len: 290 time: 0.0468395
2026-07-09 14:15:30.384 9 INFO neutron.wsgi [None req-b7bd23a2-1ed3-4398-b9d4-c5967df2aecb 81a77bffd09941559906dcca23982b01 382ca9eb4d6543128ddae8b65532b70b - - default default] 199.19.213.152,10.0.0.140 "GET /v2.0/networks?name=public HTTP/1.1" status: 200 len: 928 time: 0.0952151
2026-07-09 14:15:30.409 9 INFO neutron.pecan_wsgi.hooks.translation [None req-e04571de-0df1-4c61-8906-8198ff9067bb 81a77bffd09941559906dcca23982b01 382ca9eb4d6543128ddae8b65532b70b - - default default] GET failed (client error): The resource could not be found.
2026-07-09 14:15:30.411 9 INFO neutron.wsgi [None req-e04571de-0df1-4c61-8906-8198ff9067bb 81a77bffd09941559906dcca23982b01 382ca9eb4d6543128ddae8b65532b70b - - default default] 199.19.213.152,10.0.0.140 "GET /v2.0/subnets/public-subnet?network_id=0b6c78b0-88d5-4e8d-a294-73ace6d91848 HTTP/1.1" status: 404 len: 295 time: 0.0205050
2026-07-09 14:15:30.467 9 INFO neutron.wsgi [None req-4ce9eab4-0a52-4a02-b2ae-1424d5e44156 81a77bffd09941559906dcca23982b01 382ca9eb4d6543128ddae8b65532b70b - - default default] 199.19.213.152,10.0.0.140 "GET /v2.0/subnets?name=public-subnet&network_id=0b6c78b0-88d5-4e8d-a294-73ace6d91848 HTTP/1.1" status: 200 len: 819 time: 0.0525546
2026-07-09 14:15:35.678 9 INFO neutron.wsgi [-] 10.0.0.140 "GET / HTTP/1.1" status: 200 len: 246 time: 0.0024376
2026-07-09 14:15:35.682 9 INFO neutron.wsgi [-] 10.0.0.140 "GET / HTTP/1.1" status: 200 len: 246 time: 0.0023701
2026-07-09 14:15:50.677 10 INFO neutron.wsgi [-] 10.0.0.140 "GET / HTTP/1.1" status: 200 len: 246 time: 0.0022547
2026-07-09 14:15:50.677 9 INFO neutron.wsgi [-] 10.0.0.140 "GET / HTTP/1.1" status: 200 len: 246 time: 0.0025134
2026-07-09 14:15:57.871 9 INFO neutron.wsgi [None req-6c868714-ffd3-4ac9-ad81-5b31060f1261 81a77bffd09941559906dcca23982b01 382ca9eb4d6543128ddae8b65532b70b - - default default] 10.0.0.181 "GET /v2.0/ports HTTP/1.1" status: 200 len: 5347 time: 0.1090026
2026-07-09 14:15:57.920 9 INFO neutron.wsgi [None req-ebca266a-4afd-439b-926c-30f4ea25fdf7 81a77bffd09941559906dcca23982b01 382ca9eb4d6543128ddae8b65532b70b - - default default] 10.0.0.181 "GET /v2.0/agents HTTP/1.1" status: 200 len: 1390 time: 0.0454726
2026-07-09 14:15:57.941 9 INFO neutron.wsgi [None req-1a9e7a67-ea53-4cbc-ad50-7d8d8cc18226 81a77bffd09941559906dcca23982b01 382ca9eb4d6543128ddae8b65532b70b - - default default] 10.0.0.181 "GET /v2.0/network-ip-availabilities HTTP/1.1" status: 200 len: 1280 time: 0.0201433
2026-07-09 14:15:58.011 9 INFO neutron.wsgi [None req-cc871380-6353-4a97-9b4f-5f85d1e8c0c1 81a77bffd09941559906dcca23982b01 382ca9eb4d6543128ddae8b65532b70b - - default default] 10.0.0.181 "GET /v2.0/security-groups HTTP/1.1" status: 200 len: 17574 time: 0.0687697
2026-07-09 14:15:58.056 9 INFO neutron.wsgi [None req-d0c8c67c-28d9-4c95-99da-4cca3965c3c6 81a77bffd09941559906dcca23982b01 382ca9eb4d6543128ddae8b65532b70b - - default default] 10.0.0.181 "GET /v2.0/routers HTTP/1.1" status: 200 len: 189 time: 0.0286582
2026-07-09 14:15:58.066 9 INFO neutron.wsgi [None req-47c2f1aa-4836-407d-aa0f-d0c45ab7d355 81a77bffd09941559906dcca23982b01 382ca9eb4d6543128ddae8b65532b70b - - default default] 10.0.0.181 "GET /v2.0/agents?binary=ovn-controller HTTP/1.1" status: 200 len: 591 time: 0.0094194
2026-07-09 14:15:58.089 9 INFO neutron.wsgi [None req-b6835651-8629-4987-bca7-735e924e4b63 81a77bffd09941559906dcca23982b01 382ca9eb4d6543128ddae8b65532b70b - - default default] 10.0.0.181 "GET /v2.0/floatingips HTTP/1.1" status: 200 len: 193 time: 0.0217350
2026-07-09 14:15:58.123 9 INFO neutron.wsgi [None req-9cb9edd6-f3ae-430e-b68a-2145bf847c3c 81a77bffd09941559906dcca23982b01 382ca9eb4d6543128ddae8b65532b70b - - default default] 10.0.0.181 "GET /v2.0/subnets HTTP/1.1" status: 200 len: 1437 time: 0.0330145
2026-07-09 14:15:58.143 9 INFO neutron.wsgi [None req-9c0280a6-c4d6-408b-9951-211cfbb72ff0 81a77bffd09941559906dcca23982b01 382ca9eb4d6543128ddae8b65532b70b - - default default] 10.0.0.181 "GET /v2.0/subnetpools HTTP/1.1" status: 200 len: 193 time: 0.0188310
2026-07-09 14:15:58.211 9 INFO neutron.wsgi [None req-114f1d02-e05d-4bd5-a8f4-21ef2ddddda7 81a77bffd09941559906dcca23982b01 382ca9eb4d6543128ddae8b65532b70b - - default default] 10.0.0.181 "GET /v2.0/networks HTTP/1.1" status: 200 len: 2350 time: 0.0666845
2026-07-09 14:15:58.246 9 INFO neutron.wsgi [None req-ee3a903c-0994-45ee-b0ae-ee2b422b8492 81a77bffd09941559906dcca23982b01 382ca9eb4d6543128ddae8b65532b70b - - default default] 10.0.0.181 "GET /v2.0/subnets HTTP/1.1" status: 200 len: 1437 time: 0.0319183
2026-07-09 14:16:04.873 9 INFO neutron.pecan_wsgi.hooks.translation [None req-e333cebc-1205-4736-a564-e3047c70cf42 81a77bffd09941559906dcca23982b01 382ca9eb4d6543128ddae8b65532b70b - - default default] GET failed (client error): The resource could not be found.
2026-07-09 14:16:04.874 9 INFO neutron.wsgi [None req-e333cebc-1205-4736-a564-e3047c70cf42 81a77bffd09941559906dcca23982b01 382ca9eb4d6543128ddae8b65532b70b - - default default] 199.19.213.152,10.0.0.140 "GET /v2.0/networks/lb-mgmt-net HTTP/1.1" status: 404 len: 295 time: 0.0600119
2026-07-09 14:16:04.935 9 INFO neutron.wsgi [None req-25749ba1-16e5-4d94-9c8b-0adbfb6d30e1 81a77bffd09941559906dcca23982b01 382ca9eb4d6543128ddae8b65532b70b - - default default] 199.19.213.152,10.0.0.140 "GET /v2.0/networks?name=lb-mgmt-net HTTP/1.1" status: 200 len: 913 time: 0.0560114
2026-07-09 14:16:05.678 10 INFO neutron.wsgi [-] 10.0.0.140 "GET / HTTP/1.1" status: 200 len: 246 time: 0.0025098
2026-07-09 14:16:05.681 10 INFO neutron.wsgi [-] 10.0.0.140 "GET / HTTP/1.1" status: 200 len: 246 time: 0.0022388
2026-07-09 14:16:05.937 9 INFO neutron.pecan_wsgi.hooks.translation [None req-0acc25e2-1aef-4e96-9d83-238e27b7d132 81a77bffd09941559906dcca23982b01 382ca9eb4d6543128ddae8b65532b70b - - default default] GET failed (client error): The resource could not be found.
2026-07-09 14:16:05.938 9 INFO neutron.wsgi [None req-0acc25e2-1aef-4e96-9d83-238e27b7d132 81a77bffd09941559906dcca23982b01 382ca9eb4d6543128ddae8b65532b70b - - default default] 199.19.213.152,10.0.0.140 "GET /v2.0/networks/lb-mgmt-net HTTP/1.1" status: 404 len: 295 time: 0.0573449
2026-07-09 14:16:06.005 9 INFO neutron.wsgi [None req-7ca4d3b8-3264-4045-9b47-55e6ae43e958 81a77bffd09941559906dcca23982b01 382ca9eb4d6543128ddae8b65532b70b - - default default] 199.19.213.152,10.0.0.140 "GET /v2.0/networks?name=lb-mgmt-net HTTP/1.1" status: 200 len: 913 time: 0.0625596
2026-07-09 14:16:06.043 9 INFO neutron.pecan_wsgi.hooks.translation [None req-3c2ed5a3-bed7-492a-9c69-1ea45e41787f 81a77bffd09941559906dcca23982b01 382ca9eb4d6543128ddae8b65532b70b - - default default] GET failed (client error): The resource could not be found.
2026-07-09 14:16:06.045 9 INFO neutron.wsgi [None req-3c2ed5a3-bed7-492a-9c69-1ea45e41787f 81a77bffd09941559906dcca23982b01 382ca9eb4d6543128ddae8b65532b70b - - default default] 199.19.213.152,10.0.0.140 "GET /v2.0/subnets/lb-mgmt-subnet?network_id=49b248f1-4d79-4c44-98a0-1358a67c87db HTTP/1.1" status: 404 len: 296 time: 0.0294526
2026-07-09 14:16:06.084 9 INFO neutron.wsgi [None req-5f326fe5-d14d-4a05-8699-2dd77474c196 81a77bffd09941559906dcca23982b01 382ca9eb4d6543128ddae8b65532b70b - - default default] 199.19.213.152,10.0.0.140 "GET /v2.0/subnets?name=lb-mgmt-subnet&network_id=49b248f1-4d79-4c44-98a0-1358a67c87db HTTP/1.1" status: 200 len: 805 time: 0.0357893
2026-07-09 14:16:07.266 10 INFO neutron.api.v2.resource [None req-1006ae8e-a836-4228-959e-2da7c507a049 81a77bffd09941559906dcca23982b01 382ca9eb4d6543128ddae8b65532b70b - - default default] show failed (client error): The resource could not be found.
2026-07-09 14:16:07.268 10 INFO neutron.wsgi [None req-1006ae8e-a836-4228-959e-2da7c507a049 81a77bffd09941559906dcca23982b01 382ca9eb4d6543128ddae8b65532b70b - - default default] 199.19.213.152,10.0.0.140 "GET /v2.0/security-groups/lb-health-mgr-sec-grp HTTP/1.1" status: 404 len: 313 time: 0.0709822
2026-07-09 14:16:07.313 10 INFO neutron.wsgi [None req-f47fc59a-9b21-4593-9c05-059b2e08668a 81a77bffd09941559906dcca23982b01 382ca9eb4d6543128ddae8b65532b70b - - default default] 199.19.213.152,10.0.0.140 "GET /v2.0/security-groups?name=lb-health-mgr-sec-grp HTTP/1.1" status: 200 len: 4866 time: 0.0413535
2026-07-09 14:16:08.565 9 INFO neutron.wsgi [None req-6e0ebe1b-2062-4f83-8a0c-513bb40e7153 81a77bffd09941559906dcca23982b01 382ca9eb4d6543128ddae8b65532b70b - - default default] 199.19.213.152,10.0.0.140 "GET /v2.0/security-groups/19955677-7260-4523-8120-15e6ae89245d HTTP/1.1" status: 200 len: 4870 time: 0.0751145
2026-07-09 14:16:08.608 9 INFO neutron.wsgi [None req-4b450a50-c67e-4fd3-a377-fdd5e828b4e8 81a77bffd09941559906dcca23982b01 382ca9eb4d6543128ddae8b65532b70b - - default default] 199.19.213.152,10.0.0.140 "GET /v2.0/security-groups/19955677-7260-4523-8120-15e6ae89245d HTTP/1.1" status: 200 len: 4870 time: 0.0357494
2026-07-09 14:16:08.635 9 INFO neutron.wsgi [None req-0f7e3d63-1711-4086-9f93-ee079389f368 81a77bffd09941559906dcca23982b01 382ca9eb4d6543128ddae8b65532b70b - - default default] 199.19.213.152,10.0.0.140 "GET /v2.0/security-group-rules/86650c8c-90c9-48d8-9704-640316cafbd7 HTTP/1.1" status: 200 len: 776 time: 0.0193233
2026-07-09 14:16:09.510 9 INFO neutron.wsgi [None req-4cd142cd-cd59-4c4b-9947-f96ce9c5d040 81a77bffd09941559906dcca23982b01 382ca9eb4d6543128ddae8b65532b70b - - default default] 199.19.213.152,10.0.0.140 "GET /v2.0/security-groups/19955677-7260-4523-8120-15e6ae89245d HTTP/1.1" status: 200 len: 4870 time: 0.0622439
2026-07-09 14:16:09.556 9 INFO neutron.wsgi [None req-2e30f64a-50ed-4752-8077-68fd31b77290 81a77bffd09941559906dcca23982b01 382ca9eb4d6543128ddae8b65532b70b - - default default] 199.19.213.152,10.0.0.140 "GET /v2.0/security-groups/19955677-7260-4523-8120-15e6ae89245d HTTP/1.1" status: 200 len: 4870 time: 0.0400896
2026-07-09 14:16:09.577 9 INFO neutron.wsgi [None req-2d2e6780-3926-4377-b0d2-1bc1f68503e8 81a77bffd09941559906dcca23982b01 382ca9eb4d6543128ddae8b65532b70b - - default default] 199.19.213.152,10.0.0.140 "GET /v2.0/security-group-rules/8d448531-b9c2-469d-9b80-38144c9c3827 HTTP/1.1" status: 200 len: 778 time: 0.0156789
2026-07-09 14:16:10.523 9 INFO neutron.wsgi [None req-b3be80ad-a91c-4832-a957-8b8480d6ab9e 81a77bffd09941559906dcca23982b01 382ca9eb4d6543128ddae8b65532b70b - - default default] 199.19.213.152,10.0.0.140 "GET /v2.0/security-groups/19955677-7260-4523-8120-15e6ae89245d HTTP/1.1" status: 200 len: 4870 time: 0.0717850
2026-07-09 14:16:10.571 9 INFO neutron.wsgi [None req-1fb899a8-1b18-4788-9780-dbb0474ddb25 81a77bffd09941559906dcca23982b01 382ca9eb4d6543128ddae8b65532b70b - - default default] 199.19.213.152,10.0.0.140 "GET /v2.0/security-groups/19955677-7260-4523-8120-15e6ae89245d HTTP/1.1" status: 200 len: 4870 time: 0.0416553
2026-07-09 14:16:10.596 9 INFO neutron.wsgi [None req-214f05c7-2216-4988-aa83-eb1190d36f06 81a77bffd09941559906dcca23982b01 382ca9eb4d6543128ddae8b65532b70b - - default default] 199.19.213.152,10.0.0.140 "GET /v2.0/security-group-rules/05bbba65-0da5-4dad-9dd4-8bdd2d7648d5 HTTP/1.1" status: 200 len: 778 time: 0.0178156
2026-07-09 14:16:11.500 10 INFO neutron.wsgi [None req-f7532e47-0644-4e3f-97b5-7062dd5882aa 81a77bffd09941559906dcca23982b01 382ca9eb4d6543128ddae8b65532b70b - - default default] 199.19.213.152,10.0.0.140 "GET /v2.0/security-groups/19955677-7260-4523-8120-15e6ae89245d HTTP/1.1" status: 200 len: 4870 time: 0.0709074
2026-07-09 14:16:11.538 10 INFO neutron.wsgi [None req-f6dc3501-9743-49c6-a04f-4f4dfd879e0e 81a77bffd09941559906dcca23982b01 382ca9eb4d6543128ddae8b65532b70b - - default default] 199.19.213.152,10.0.0.140 "GET /v2.0/security-groups/19955677-7260-4523-8120-15e6ae89245d HTTP/1.1" status: 200 len: 4870 time: 0.0314286
2026-07-09 14:16:11.560 10 INFO neutron.wsgi [None req-1b241834-0ca7-4a5b-aced-253719077588 81a77bffd09941559906dcca23982b01 382ca9eb4d6543128ddae8b65532b70b - - default default] 199.19.213.152,10.0.0.140 "GET /v2.0/security-group-rules/41bfa5c5-b75f-43b9-8d3c-def229740afd HTTP/1.1" status: 200 len: 778 time: 0.0162582
2026-07-09 14:16:12.524 9 INFO neutron.wsgi [None req-dd3e21fd-a6af-4420-a8f0-46b8eb416a98 81a77bffd09941559906dcca23982b01 382ca9eb4d6543128ddae8b65532b70b - - default default] 199.19.213.152,10.0.0.140 "GET /v2.0/security-groups/19955677-7260-4523-8120-15e6ae89245d HTTP/1.1" status: 200 len: 4870 time: 0.0693944
2026-07-09 14:16:12.569 9 INFO neutron.wsgi [None req-7911cdf7-4ea5-47e3-ab48-2b9d1e7c8a4a 81a77bffd09941559906dcca23982b01 382ca9eb4d6543128ddae8b65532b70b - - default default] 199.19.213.152,10.0.0.140 "GET /v2.0/security-groups/19955677-7260-4523-8120-15e6ae89245d HTTP/1.1" status: 200 len: 4870 time: 0.0362208
2026-07-09 14:16:12.595 9 INFO neutron.wsgi [None req-22e54243-e022-4c09-b92e-5687b4b2c8f7 81a77bffd09941559906dcca23982b01 382ca9eb4d6543128ddae8b65532b70b - - default default] 199.19.213.152,10.0.0.140 "GET /v2.0/security-group-rules/611b69d5-2c35-48e8-b2ab-d2bb9d0624ab HTTP/1.1" status: 200 len: 778 time: 0.0172451
2026-07-09 14:16:13.904 10 INFO neutron.wsgi [None req-d58442c7-14fd-4a1b-9de4-a78f295ecda7 81a77bffd09941559906dcca23982b01 382ca9eb4d6543128ddae8b65532b70b - - default default] 199.19.213.152,10.0.0.140 "GET /v2.0/networks/49b248f1-4d79-4c44-98a0-1358a67c87db HTTP/1.1" status: 200 len: 910 time: 0.0926058
2026-07-09 14:16:13.932 10 INFO neutron.pecan_wsgi.hooks.translation [None req-be8a79bc-334f-4732-9ec6-442e048def95 81a77bffd09941559906dcca23982b01 382ca9eb4d6543128ddae8b65532b70b - - default default] GET failed (client error): The resource could not be found.
2026-07-09 14:16:13.933 10 INFO neutron.wsgi [None req-be8a79bc-334f-4732-9ec6-442e048def95 81a77bffd09941559906dcca23982b01 382ca9eb4d6543128ddae8b65532b70b - - default default] 199.19.213.152,10.0.0.140 "GET /v2.0/ports/octavia-health-manager-port-instance?network_id=49b248f1-4d79-4c44-98a0-1358a67c87db HTTP/1.1" status: 404 len: 314 time: 0.0204358
2026-07-09 14:16:13.985 10 INFO neutron.wsgi [None req-9dbde707-7746-47bb-9134-3e2d9377cc56 81a77bffd09941559906dcca23982b01 382ca9eb4d6543128ddae8b65532b70b - - default default] 199.19.213.152,10.0.0.140 "GET /v2.0/ports?name=octavia-health-manager-port-instance&network_id=49b248f1-4d79-4c44-98a0-1358a67c87db HTTP/1.1" status: 200 len: 1395 time: 0.0480521
2026-07-09 14:16:14.036 10 INFO neutron.wsgi [None req-84250364-caf4-4bdd-94a6-644649102d2a 81a77bffd09941559906dcca23982b01 382ca9eb4d6543128ddae8b65532b70b - - default default] 199.19.213.152,10.0.0.140 "GET /v2.0/security-groups/19955677-7260-4523-8120-15e6ae89245d HTTP/1.1" status: 200 len: 4870 time: 0.0436263
2026-07-09 14:16:20.486 9 INFO neutron.pecan_wsgi.hooks.translation [None req-898ce38c-0b54-48ed-869a-36b8945459ec 81a77bffd09941559906dcca23982b01 382ca9eb4d6543128ddae8b65532b70b - - default default] GET failed (client error): The resource could not be found.
2026-07-09 14:16:20.487 9 INFO neutron.wsgi [None req-898ce38c-0b54-48ed-869a-36b8945459ec 81a77bffd09941559906dcca23982b01 382ca9eb4d6543128ddae8b65532b70b - - default default] 199.19.213.152,10.0.0.140 "GET /v2.0/ports/octavia-health-manager-port-instance HTTP/1.1" status: 404 len: 314 time: 0.0635376
2026-07-09 14:16:20.529 9 INFO neutron.wsgi [None req-98686b18-a323-431b-8da1-2f37e0c48e55 81a77bffd09941559906dcca23982b01 382ca9eb4d6543128ddae8b65532b70b - - default default] 199.19.213.152,10.0.0.140 "GET /v2.0/ports?name=octavia-health-manager-port-instance HTTP/1.1" status: 200 len: 1395 time: 0.0387878
2026-07-09 14:16:20.676 10 INFO neutron.wsgi [-] 10.0.0.140 "GET / HTTP/1.1" status: 200 len: 246 time: 0.0016448
2026-07-09 14:16:20.677 9 INFO neutron.wsgi [-] 10.0.0.140 "GET / HTTP/1.1" status: 200 len: 246 time: 0.0026700
2026-07-09 14:16:22.137 10 INFO neutron.wsgi [None req-0efe73f3-5fa5-4a1c-a2b3-e0d1823d68bb 81a77bffd09941559906dcca23982b01 382ca9eb4d6543128ddae8b65532b70b - - default default] 199.19.213.152,10.0.0.140 "GET /v2.0/ports HTTP/1.1" status: 200 len: 5347 time: 0.1441240
2026-07-09 14:16:23.209 10 INFO neutron.api.v2.resource [None req-a1032ee0-cbda-4918-8135-ab52f711da56 81a77bffd09941559906dcca23982b01 382ca9eb4d6543128ddae8b65532b70b - - default default] show failed (client error): The resource could not be found.
2026-07-09 14:16:23.210 10 INFO neutron.wsgi [None req-a1032ee0-cbda-4918-8135-ab52f711da56 81a77bffd09941559906dcca23982b01 382ca9eb4d6543128ddae8b65532b70b - - default default] 199.19.213.152,10.0.0.140 "GET /v2.0/security-groups/lb-mgmt-sec-grp HTTP/1.1" status: 404 len: 307 time: 0.0572519
2026-07-09 14:16:23.253 10 INFO neutron.wsgi [None req-5974776f-44fb-471f-9e7b-faf72113274a 81a77bffd09941559906dcca23982b01 382ca9eb4d6543128ddae8b65532b70b - - default default] 199.19.213.152,10.0.0.140 "GET /v2.0/security-groups?name=lb-mgmt-sec-grp HTTP/1.1" status: 200 len: 3057 time: 0.0402789
2026-07-09 14:16:24.239 10 INFO neutron.wsgi [None req-bd3c5d34-a5be-4c67-83b7-6edc5c2fa1f8 81a77bffd09941559906dcca23982b01 382ca9eb4d6543128ddae8b65532b70b - - default default] 199.19.213.152,10.0.0.140 "GET /v2.0/security-groups/3289864b-6822-4ee6-ad7b-d3b967f3c8a5 HTTP/1.1" status: 200 len: 3058 time: 0.0614736
2026-07-09 14:16:24.281 10 INFO neutron.wsgi [None req-fb756e03-9afb-45d3-8731-c94ccac3fc62 81a77bffd09941559906dcca23982b01 382ca9eb4d6543128ddae8b65532b70b - - default default] 199.19.213.152,10.0.0.140 "GET /v2.0/security-groups/3289864b-6822-4ee6-ad7b-d3b967f3c8a5 HTTP/1.1" status: 200 len: 3058 time: 0.0348835
2026-07-09 14:16:24.304 10 INFO neutron.wsgi [None req-9b9d4eb4-a554-4be3-ba23-3750da61c527 81a77bffd09941559906dcca23982b01 382ca9eb4d6543128ddae8b65532b70b - - default default] 199.19.213.152,10.0.0.140 "GET /v2.0/security-group-rules/ef47823c-5a21-486a-9382-cb9fc934c1ba HTTP/1.1" status: 200 len: 796 time: 0.0166771
2026-07-09 14:16:25.193 9 INFO neutron.wsgi [None req-e11b67ae-48c9-4615-a18b-9a7c0bbd3f03 81a77bffd09941559906dcca23982b01 382ca9eb4d6543128ddae8b65532b70b - - default default] 199.19.213.152,10.0.0.140 "GET /v2.0/security-groups/3289864b-6822-4ee6-ad7b-d3b967f3c8a5 HTTP/1.1" status: 200 len: 3058 time: 0.0644906
2026-07-09 14:16:25.232 9 INFO neutron.wsgi [None req-4df7e06b-7704-4b0e-ba25-5f18fa5e7cc2 81a77bffd09941559906dcca23982b01 382ca9eb4d6543128ddae8b65532b70b - - default default] 199.19.213.152,10.0.0.140 "GET /v2.0/security-groups/3289864b-6822-4ee6-ad7b-d3b967f3c8a5 HTTP/1.1" status: 200 len: 3058 time: 0.0317986
2026-07-09 14:16:25.256 9 INFO neutron.wsgi [None req-929bd346-819f-495a-9579-7b7052fd92b3 81a77bffd09941559906dcca23982b01 382ca9eb4d6543128ddae8b65532b70b - - default default] 199.19.213.152,10.0.0.140 "GET /v2.0/security-group-rules/2bdecea5-1276-4251-b99f-7fce5ffdc3a8 HTTP/1.1" status: 200 len: 800 time: 0.0175343
2026-07-09 14:16:35.678 10 INFO neutron.wsgi [-] 10.0.0.140 "GET / HTTP/1.1" status: 200 len: 246 time: 0.0020666
2026-07-09 14:16:35.678 9 INFO neutron.wsgi [-] 10.0.0.140 "GET / HTTP/1.1" status: 200 len: 246 time: 0.0024934
2026-07-09 14:16:38.071 10 INFO neutron.wsgi [None req-70a882f9-678d-4fd0-9b6d-af5ca05bad9e 81a77bffd09941559906dcca23982b01 382ca9eb4d6543128ddae8b65532b70b - - default default] 199.19.213.152,10.0.0.140 "GET /v2.0/quotas/382ca9eb4d6543128ddae8b65532b70b HTTP/1.1" status: 200 len: 466 time: 0.0161848
2026-07-09 14:16:50.677 10 INFO neutron.wsgi [-] 10.0.0.140 "GET / HTTP/1.1" status: 200 len: 246 time: 0.0022781
2026-07-09 14:16:50.680 10 INFO neutron.wsgi [-] 10.0.0.140 "GET / HTTP/1.1" status: 200 len: 246 time: 0.0019205
2026-07-09 14:16:57.917 9 INFO neutron.wsgi [None req-d2a30e3c-119e-4515-b774-a60d31483581 81a77bffd09941559906dcca23982b01 382ca9eb4d6543128ddae8b65532b70b - - default default] 10.0.0.181 "GET /v2.0/networks HTTP/1.1" status: 200 len: 2350 time: 0.1370389
2026-07-09 14:16:57.951 9 INFO neutron.wsgi [None req-272b5234-ed04-45ab-a5ee-b253fd011055 81a77bffd09941559906dcca23982b01 382ca9eb4d6543128ddae8b65532b70b - - default default] 10.0.0.181 "GET /v2.0/routers HTTP/1.1" status: 200 len: 189 time: 0.0337205
2026-07-09 14:16:57.996 9 INFO neutron.wsgi [None req-ad461c7c-e609-407e-bb9b-689e537d0647 81a77bffd09941559906dcca23982b01 382ca9eb4d6543128ddae8b65532b70b - - default default] 10.0.0.181 "GET /v2.0/agents?binary=ovn-controller HTTP/1.1" status: 200 len: 591 time: 0.0441046
2026-07-09 14:16:58.033 9 INFO neutron.wsgi [None req-a540cacd-2878-4619-91de-5342d9a3a4ee 81a77bffd09941559906dcca23982b01 382ca9eb4d6543128ddae8b65532b70b - - default default] 10.0.0.181 "GET /v2.0/subnets HTTP/1.1" status: 200 len: 1437 time: 0.0352807
2026-07-09 14:16:58.051 9 INFO neutron.wsgi [None req-90e4a0fb-7103-41ec-8055-41ff7d5c7fff 81a77bffd09941559906dcca23982b01 382ca9eb4d6543128ddae8b65532b70b - - default default] 10.0.0.181 "GET /v2.0/subnetpools HTTP/1.1" status: 200 len: 193 time: 0.0168204
2026-07-09 14:16:58.080 9 INFO neutron.wsgi [None req-5509fcaf-ebc1-431f-b3a4-4a2a9cdc4e45 81a77bffd09941559906dcca23982b01 382ca9eb4d6543128ddae8b65532b70b - - default default] 10.0.0.181 "GET /v2.0/floatingips HTTP/1.1" status: 200 len: 193 time: 0.0264790
2026-07-09 14:16:58.113 9 INFO neutron.wsgi [None req-838bc077-bfb4-4fca-9b50-9b1b7b925063 81a77bffd09941559906dcca23982b01 382ca9eb4d6543128ddae8b65532b70b - - default default] 10.0.0.181 "GET /v2.0/subnets HTTP/1.1" status: 200 len: 1437 time: 0.0311425
2026-07-09 14:16:58.128 9 INFO neutron.wsgi [None req-ba3047ed-e78a-4230-8915-02f1d23816b4 81a77bffd09941559906dcca23982b01 382ca9eb4d6543128ddae8b65532b70b - - default default] 10.0.0.181 "GET /v2.0/agents HTTP/1.1" status: 200 len: 1390 time: 0.0136037
2026-07-09 14:16:58.171 9 INFO neutron.wsgi [None req-99640ff8-97e6-481a-9995-ad0a1a13d9f2 81a77bffd09941559906dcca23982b01 382ca9eb4d6543128ddae8b65532b70b - - default default] 10.0.0.181 "GET /v2.0/security-groups HTTP/1.1" status: 200 len: 17574 time: 0.0428500
2026-07-09 14:16:58.251 9 INFO neutron.wsgi [None req-8aa0e7bc-daca-49ae-bf3f-44e8ad5db0cc 81a77bffd09941559906dcca23982b01 382ca9eb4d6543128ddae8b65532b70b - - default default] 10.0.0.181 "GET /v2.0/ports HTTP/1.1" status: 200 len: 5347 time: 0.0718930
2026-07-09 14:16:58.272 9 INFO neutron.wsgi [None req-941fcdbd-c3dc-4aae-a8c5-ca12358d6e07 81a77bffd09941559906dcca23982b01 382ca9eb4d6543128ddae8b65532b70b - - default default] 10.0.0.181 "GET /v2.0/network-ip-availabilities HTTP/1.1" status: 200 len: 1280 time: 0.0189178
2026-07-09 14:17:05.679 10 INFO neutron.wsgi [-] 10.0.0.140 "GET / HTTP/1.1" status: 200 len: 246 time: 0.0029118
2026-07-09 14:17:05.680 9 INFO neutron.wsgi [-] 10.0.0.140 "GET / HTTP/1.1" status: 200 len: 246 time: 0.0039594
2026-07-09 14:17:20.678 10 INFO neutron.wsgi [-] 10.0.0.140 "GET / HTTP/1.1" status: 200 len: 246 time: 0.0018237
2026-07-09 14:17:20.681 9 INFO neutron.wsgi [-] 10.0.0.140 "GET / HTTP/1.1" status: 200 len: 246 time: 0.0042336
2026-07-09 14:17:30.822 10 INFO neutron.api.v2.resource [None req-153a9961-429d-4008-abe6-ef32bf2186f1 81a77bffd09941559906dcca23982b01 382ca9eb4d6543128ddae8b65532b70b - - default default] show failed (client error): The resource could not be found.
2026-07-09 14:17:30.824 10 INFO neutron.wsgi [None req-153a9961-429d-4008-abe6-ef32bf2186f1 81a77bffd09941559906dcca23982b01 382ca9eb4d6543128ddae8b65532b70b - - default default] 199.19.213.152,10.0.0.140 "GET /v2.0/security-groups/manila-service-security-group?project_id=8c40a5055bf74eeb9613dee1aba3e8fe HTTP/1.1" status: 404 len: 321 time: 0.0640602
2026-07-09 14:17:30.868 10 INFO neutron.wsgi [None req-a5115773-29e5-4197-a402-8f2939a61c0d 81a77bffd09941559906dcca23982b01 382ca9eb4d6543128ddae8b65532b70b - - default default] 199.19.213.152,10.0.0.140 "GET /v2.0/security-groups?name=manila-service-security-group&project_id=8c40a5055bf74eeb9613dee1aba3e8fe HTTP/1.1" status: 200 len: 4248 time: 0.0391901
2026-07-09 14:17:31.911 10 INFO neutron.wsgi [None req-35815804-bddc-46ad-9a2c-07648e54067c 81a77bffd09941559906dcca23982b01 382ca9eb4d6543128ddae8b65532b70b - - default default] 199.19.213.152,10.0.0.140 "GET /v2.0/security-groups/2513e541-062b-421e-b59a-fe1c5aa3b3ba?project_id=8c40a5055bf74eeb9613dee1aba3e8fe HTTP/1.1" status: 200 len: 4251 time: 0.0588019
2026-07-09 14:17:31.965 10 INFO neutron.wsgi [None req-613f72e2-4124-4e7e-8813-c3051d8f541d 81a77bffd09941559906dcca23982b01 382ca9eb4d6543128ddae8b65532b70b - - default default] 199.19.213.152,10.0.0.140 "GET /v2.0/security-groups/2513e541-062b-421e-b59a-fe1c5aa3b3ba HTTP/1.1" status: 200 len: 4251 time: 0.0456779
2026-07-09 14:17:31.992 10 INFO neutron.wsgi [None req-542f59c9-851d-477c-9a29-97410a8f4114 81a77bffd09941559906dcca23982b01 382ca9eb4d6543128ddae8b65532b70b - - default default] 199.19.213.152,10.0.0.140 "GET /v2.0/security-group-rules/15c03a95-332b-4f23-8a72-4373f0e8a4cc HTTP/1.1" status: 200 len: 772 time: 0.0213916
2026-07-09 14:17:32.999 10 INFO neutron.wsgi [None req-6e739da0-c574-437e-97f5-88dd7053ee18 81a77bffd09941559906dcca23982b01 382ca9eb4d6543128ddae8b65532b70b - - default default] 199.19.213.152,10.0.0.140 "GET /v2.0/security-groups/2513e541-062b-421e-b59a-fe1c5aa3b3ba?project_id=8c40a5055bf74eeb9613dee1aba3e8fe HTTP/1.1" status: 200 len: 4251 time: 0.0802636
2026-07-09 14:17:33.044 10 INFO neutron.wsgi [None req-a5797038-ca02-4e1d-962e-d34a48193dd6 81a77bffd09941559906dcca23982b01 382ca9eb4d6543128ddae8b65532b70b - - default default] 199.19.213.152,10.0.0.140 "GET /v2.0/security-groups/2513e541-062b-421e-b59a-fe1c5aa3b3ba HTTP/1.1" status: 200 len: 4251 time: 0.0373573
2026-07-09 14:17:33.073 10 INFO neutron.wsgi [None req-d03b4ded-ed3a-49bd-b3ca-4208da18171e 81a77bffd09941559906dcca23982b01 382ca9eb4d6543128ddae8b65532b70b - - default default] 199.19.213.152,10.0.0.140 "GET /v2.0/security-group-rules/cc44c841-9f04-4653-9a66-cb685f7cf28f HTTP/1.1" status: 200 len: 774 time: 0.0226860
2026-07-09 14:17:34.064 10 INFO neutron.wsgi [None req-cb01e4c0-24b7-467b-8b2f-2f890405fab9 81a77bffd09941559906dcca23982b01 382ca9eb4d6543128ddae8b65532b70b - - default default] 199.19.213.152,10.0.0.140 "GET /v2.0/security-groups/2513e541-062b-421e-b59a-fe1c5aa3b3ba?project_id=8c40a5055bf74eeb9613dee1aba3e8fe HTTP/1.1" status: 200 len: 4251 time: 0.0647171
2026-07-09 14:17:34.105 10 INFO neutron.wsgi [None req-ca86ad09-ac72-4e6b-bd99-25bd3158c403 81a77bffd09941559906dcca23982b01 382ca9eb4d6543128ddae8b65532b70b - - default default] 199.19.213.152,10.0.0.140 "GET /v2.0/security-groups/2513e541-062b-421e-b59a-fe1c5aa3b3ba HTTP/1.1" status: 200 len: 4251 time: 0.0330637
2026-07-09 14:17:34.134 10 INFO neutron.wsgi [None req-209e35a7-e81b-4027-86fa-b925193c1749 81a77bffd09941559906dcca23982b01 382ca9eb4d6543128ddae8b65532b70b - - default default] 199.19.213.152,10.0.0.140 "GET /v2.0/security-group-rules/f4b28992-6cdc-4494-a283-0280e05452b2 HTTP/1.1" status: 200 len: 776 time: 0.0205419
2026-07-09 14:17:35.165 10 INFO neutron.wsgi [None req-f7676389-504f-4925-b429-9bf95a1d9c45 81a77bffd09941559906dcca23982b01 382ca9eb4d6543128ddae8b65532b70b - - default default] 199.19.213.152,10.0.0.140 "GET /v2.0/security-groups/2513e541-062b-421e-b59a-fe1c5aa3b3ba?project_id=8c40a5055bf74eeb9613dee1aba3e8fe HTTP/1.1" status: 200 len: 4251 time: 0.0590119
2026-07-09 14:17:35.212 10 INFO neutron.wsgi [None req-8305c98c-3745-43f0-8f55-bc85140d2741 81a77bffd09941559906dcca23982b01 382ca9eb4d6543128ddae8b65532b70b - - default default] 199.19.213.152,10.0.0.140 "GET /v2.0/security-groups/2513e541-062b-421e-b59a-fe1c5aa3b3ba HTTP/1.1" status: 200 len: 4251 time: 0.0388122
2026-07-09 14:17:35.240 10 INFO neutron.wsgi [None req-4c958cac-1a0f-47fd-9f0e-d95ddbda9321 81a77bffd09941559906dcca23982b01 382ca9eb4d6543128ddae8b65532b70b - - default default] 199.19.213.152,10.0.0.140 "GET /v2.0/security-group-rules/1958462f-ea24-42bc-8cd3-a7fcfb069811 HTTP/1.1" status: 200 len: 777 time: 0.0186331
2026-07-09 14:17:35.678 9 INFO neutron.wsgi [-] 10.0.0.140 "GET / HTTP/1.1" status: 200 len: 246 time: 0.0025144
2026-07-09 14:17:35.678 10 INFO neutron.wsgi [-] 10.0.0.140 "GET / HTTP/1.1" status: 200 len: 246 time: 0.0024886
2026-07-09 14:17:42.740 10 INFO neutron.wsgi [None req-f116f0c2-171f-45d2-9041-161a97f260c3 81a77bffd09941559906dcca23982b01 382ca9eb4d6543128ddae8b65532b70b - - default default] 199.19.213.152,10.0.0.140 "GET /v2.0/quotas/8c40a5055bf74eeb9613dee1aba3e8fe HTTP/1.1" status: 200 len: 466 time: 0.0143218
2026-07-09 14:17:50.678 10 INFO neutron.wsgi [-] 10.0.0.140 "GET / HTTP/1.1" status: 200 len: 246 time: 0.0026548
2026-07-09 14:17:50.679 9 INFO neutron.wsgi [-] 10.0.0.140 "GET / HTTP/1.1" status: 200 len: 246 time: 0.0028667
2026-07-09 14:17:57.873 9 INFO neutron.wsgi [None req-acf2395c-cb66-4a02-af2f-66914fac5b15 81a77bffd09941559906dcca23982b01 382ca9eb4d6543128ddae8b65532b70b - - default default] 10.0.0.181 "GET /v2.0/routers HTTP/1.1" status: 200 len: 189 time: 0.1021192
2026-07-09 14:17:57.989 9 INFO neutron.wsgi [None req-cc6b0393-a1ed-4ea9-82b1-92a8d950d0f0 81a77bffd09941559906dcca23982b01 382ca9eb4d6543128ddae8b65532b70b - - default default] 10.0.0.181 "GET /v2.0/agents?binary=ovn-controller HTTP/1.1" status: 200 len: 591 time: 0.1152594
2026-07-09 14:17:58.015 9 INFO neutron.wsgi [None req-441d105a-26e5-4fa6-8332-89b33ae4f014 81a77bffd09941559906dcca23982b01 382ca9eb4d6543128ddae8b65532b70b - - default default] 10.0.0.181 "GET /v2.0/network-ip-availabilities HTTP/1.1" status: 200 len: 1280 time: 0.0247033
2026-07-09 14:17:58.085 9 INFO neutron.wsgi [None req-e4400689-7798-4717-9210-11947d9cdaa9 81a77bffd09941559906dcca23982b01 382ca9eb4d6543128ddae8b65532b70b - - default default] 10.0.0.181 "GET /v2.0/networks HTTP/1.1" status: 200 len: 2350 time: 0.0691128
2026-07-09 14:17:58.126 9 INFO neutron.wsgi [None req-f5d2e257-897a-4217-9b5f-e832baa54296 81a77bffd09941559906dcca23982b01 382ca9eb4d6543128ddae8b65532b70b - - default default] 10.0.0.181 "GET /v2.0/floatingips HTTP/1.1" status: 200 len: 193 time: 0.0283842
2026-07-09 14:17:58.139 9 INFO neutron.wsgi [None req-85238449-e514-4750-951c-d05161144eb0 81a77bffd09941559906dcca23982b01 382ca9eb4d6543128ddae8b65532b70b - - default default] 10.0.0.181 "GET /v2.0/agents HTTP/1.1" status: 200 len: 1390 time: 0.0122521
2026-07-09 14:17:58.207 9 INFO neutron.wsgi [None req-5280fbdc-3020-4def-86f0-19fc129596e6 81a77bffd09941559906dcca23982b01 382ca9eb4d6543128ddae8b65532b70b - - default default] 10.0.0.181 "GET /v2.0/security-groups HTTP/1.1" status: 200 len: 17574 time: 0.0669363
2026-07-09 14:17:58.262 9 INFO neutron.wsgi [None req-c0193d13-262e-4f91-ba80-40e8d898519f 81a77bffd09941559906dcca23982b01 382ca9eb4d6543128ddae8b65532b70b - - default default] 10.0.0.181 "GET /v2.0/ports HTTP/1.1" status: 200 len: 5347 time: 0.0486090
2026-07-09 14:17:58.298 9 INFO neutron.wsgi [None req-213067f6-b2dd-4b23-9207-b909044db0a0 81a77bffd09941559906dcca23982b01 382ca9eb4d6543128ddae8b65532b70b - - default default] 10.0.0.181 "GET /v2.0/subnets HTTP/1.1" status: 200 len: 1437 time: 0.0326128
2026-07-09 14:17:58.319 9 INFO neutron.wsgi [None req-2c2597e3-2aec-40d5-9a91-aa0067f0dbd3 81a77bffd09941559906dcca23982b01 382ca9eb4d6543128ddae8b65532b70b - - default default] 10.0.0.181 "GET /v2.0/subnetpools HTTP/1.1" status: 200 len: 193 time: 0.0201399
2026-07-09 14:17:58.353 9 INFO neutron.wsgi [None req-22db44b1-0057-4c75-9d4b-93b65d78239e 81a77bffd09941559906dcca23982b01 382ca9eb4d6543128ddae8b65532b70b - - default default] 10.0.0.181 "GET /v2.0/subnets HTTP/1.1" status: 200 len: 1437 time: 0.0334592
2026-07-09 14:18:05.679 10 INFO neutron.wsgi [-] 10.0.0.140 "GET / HTTP/1.1" status: 200 len: 246 time: 0.0032208
2026-07-09 14:18:05.679 9 INFO neutron.wsgi [-] 10.0.0.140 "GET / HTTP/1.1" status: 200 len: 246 time: 0.0035322
2026-07-09 14:18:20.677 10 INFO neutron.wsgi [-] 10.0.0.140 "GET / HTTP/1.1" status: 200 len: 246 time: 0.0018935
2026-07-09 14:18:20.679 9 INFO neutron.wsgi [-] 10.0.0.140 "GET / HTTP/1.1" status: 200 len: 246 time: 0.0036705
2026-07-09 14:18:35.452 9 INFO neutron.wsgi [None req-37f7af19-6147-43db-a324-e93fee0d339e 81a77bffd09941559906dcca23982b01 382ca9eb4d6543128ddae8b65532b70b - - default default] 199.19.213.152,10.0.0.140 "GET /v2.0/networks?name=public HTTP/1.1" status: 200 len: 928 time: 0.1038756
2026-07-09 14:18:35.678 9 INFO neutron.wsgi [-] 10.0.0.140 "GET / HTTP/1.1" status: 200 len: 246 time: 0.0026684
2026-07-09 14:18:35.679 10 INFO neutron.wsgi [-] 10.0.0.140 "GET / HTTP/1.1" status: 200 len: 246 time: 0.0037277
2026-07-09 14:18:50.678 9 INFO neutron.wsgi [-] 10.0.0.140 "GET / HTTP/1.1" status: 200 len: 246 time: 0.0025463
2026-07-09 14:18:50.680 10 INFO neutron.wsgi [-] 10.0.0.140 "GET / HTTP/1.1" status: 200 len: 246 time: 0.0033822
2026-07-09 14:18:58.084 9 INFO neutron.wsgi [None req-14d3a6cc-1a26-4d56-a869-5e62f310ce71 81a77bffd09941559906dcca23982b01 382ca9eb4d6543128ddae8b65532b70b - - default default] 10.0.0.181 "GET /v2.0/routers HTTP/1.1" status: 200 len: 189 time: 0.1928751
2026-07-09 14:18:58.125 9 INFO neutron.wsgi [None req-547476f0-ed06-4c7a-8d81-d8dcfdc89607 81a77bffd09941559906dcca23982b01 382ca9eb4d6543128ddae8b65532b70b - - default default] 10.0.0.181 "GET /v2.0/agents?binary=ovn-controller HTTP/1.1" status: 200 len: 591 time: 0.0399048
2026-07-09 14:18:58.143 9 INFO neutron.wsgi [None req-d868a650-46e3-4ca5-99ca-0c74ca6eca05 81a77bffd09941559906dcca23982b01 382ca9eb4d6543128ddae8b65532b70b - - default default] 10.0.0.181 "GET /v2.0/network-ip-availabilities HTTP/1.1" status: 200 len: 1280 time: 0.0172124
2026-07-09 14:18:58.168 9 INFO neutron.wsgi [None req-db945d77-ca8e-4c0b-b26a-ddc539a14e0b 81a77bffd09941559906dcca23982b01 382ca9eb4d6543128ddae8b65532b70b - - default default] 10.0.0.181 "GET /v2.0/floatingips HTTP/1.1" status: 200 len: 193 time: 0.0237749
2026-07-09 14:18:58.224 9 INFO neutron.wsgi [None req-85d35cb8-1793-457c-a9ee-dde4146f02b9 81a77bffd09941559906dcca23982b01 382ca9eb4d6543128ddae8b65532b70b - - default default] 10.0.0.181 "GET /v2.0/security-groups HTTP/1.1" status: 200 len: 17574 time: 0.0546956
2026-07-09 14:18:58.273 9 INFO neutron.wsgi [None req-094e9f7b-2002-4926-ab1c-a2409a617288 81a77bffd09941559906dcca23982b01 382ca9eb4d6543128ddae8b65532b70b - - default default] 10.0.0.181 "GET /v2.0/subnets HTTP/1.1" status: 200 len: 1437 time: 0.0376468
2026-07-09 14:18:58.307 9 INFO neutron.wsgi [None req-b54e70be-1c9f-4719-843c-a0b74b48c372 81a77bffd09941559906dcca23982b01 382ca9eb4d6543128ddae8b65532b70b - - default default] 10.0.0.181 "GET /v2.0/subnets HTTP/1.1" status: 200 len: 1437 time: 0.0327070
2026-07-09 14:18:58.318 9 INFO neutron.wsgi [None req-b2a7ef17-369c-41b7-aa3a-bf763c666906 81a77bffd09941559906dcca23982b01 382ca9eb4d6543128ddae8b65532b70b - - default default] 10.0.0.181 "GET /v2.0/subnetpools HTTP/1.1" status: 200 len: 193 time: 0.0097263
2026-07-09 14:18:58.364 9 INFO neutron.wsgi [None req-59e79be2-4b94-492f-ba55-8b32309cd7a7 81a77bffd09941559906dcca23982b01 382ca9eb4d6543128ddae8b65532b70b - - default default] 10.0.0.181 "GET /v2.0/ports HTTP/1.1" status: 200 len: 5347 time: 0.0455613
