2026-07-09 14:20:11.123 10 INFO neutron.wsgi [req-5765d4b0-93ec-4f14-827d-000364ba0e9f req-9a1f2715-c530-4b38-800e-67088062b91a 98a6fadb8ea840298e4973fcccd1d622 8c40a5055bf74eeb9613dee1aba3e8fe - - a68933338202467fafdc0089282cadca a68933338202467fafdc0089282cadca] 199.19.213.152 "GET /v2.0/subnets?id=94734a4c-d226-460b-a9f2-7a36b3d1a086 HTTP/1.1" status: 200 len: 877 time: 0.0361280
2026-07-09 14:20:11.158 10 INFO neutron.wsgi [req-5765d4b0-93ec-4f14-827d-000364ba0e9f req-e72a62f5-9ce9-4f1d-8fdb-1f09bfa6181f 98a6fadb8ea840298e4973fcccd1d622 8c40a5055bf74eeb9613dee1aba3e8fe - - a68933338202467fafdc0089282cadca a68933338202467fafdc0089282cadca] 199.19.213.152 "GET /v2.0/ports?network_id=7fcfa582-ab6d-43b0-a8d5-fbfba3361f34&device_owner=network%3Adhcp HTTP/1.1" status: 200 len: 210 time: 0.0277438
2026-07-09 14:20:11.235 10 INFO neutron.wsgi [req-5765d4b0-93ec-4f14-827d-000364ba0e9f req-b3ce7af0-4cc1-4471-8020-65665442dd2b 98a6fadb8ea840298e4973fcccd1d622 8c40a5055bf74eeb9613dee1aba3e8fe - - a68933338202467fafdc0089282cadca a68933338202467fafdc0089282cadca] 199.19.213.152 "GET /v2.0/networks/7fcfa582-ab6d-43b0-a8d5-fbfba3361f34?fields=segments HTTP/1.1" status: 200 len: 212 time: 0.0704176
2026-07-09 14:20:11.238 9 INFO neutron.wsgi [req-e6b20c2b-b2f6-46f8-85f0-87bcfccf86c9 req-f717c609-c6b1-4046-a29f-5d617f85ed5c 24055f8b4c854f43a0d3188205751eac 9e6a49b1ac34466ebf652accce62f0af - - default default] 10.0.0.146 "GET /v2.0/ports?device_id=c5245e23-bee7-4bfa-a903-52d1247a0d2c HTTP/1.1" status: 200 len: 210 time: 0.0223906
2026-07-09 14:20:11.304 10 INFO neutron.wsgi [req-5765d4b0-93ec-4f14-827d-000364ba0e9f req-398bd9f8-a8a2-4e8c-b730-92ff823d8658 98a6fadb8ea840298e4973fcccd1d622 8c40a5055bf74eeb9613dee1aba3e8fe - - a68933338202467fafdc0089282cadca a68933338202467fafdc0089282cadca] 199.19.213.152 "GET /v2.0/networks/7fcfa582-ab6d-43b0-a8d5-fbfba3361f34?fields=provider%3Aphysical_network&fields=provider%3Anetwork_type HTTP/1.1" status: 200 len: 277 time: 0.0611396
2026-07-09 14:20:11.468 10 INFO neutron.notifiers.nova [-] Nova event matching ['req-7731d95b-fb33-4a04-a793-0c17966102a0'] response: {'name': 'network-changed', 'server_uuid': '4a5f6287-b569-4fa0-9a0b-77c5a09e35a1', 'tag': '65acfe97-8809-4dd9-bf39-fc6084a18658', 'status': 'completed', 'code': 200}
2026-07-09 14:20:11.529 10 INFO neutron.wsgi [req-d18e54a8-1d86-4cb8-a78e-0852a0854fc4 req-67c07c2b-64ec-4368-9752-250f07c2ad3b 98a6fadb8ea840298e4973fcccd1d622 8c40a5055bf74eeb9613dee1aba3e8fe - - a68933338202467fafdc0089282cadca a68933338202467fafdc0089282cadca] 199.19.213.152 "GET /v2.0/ports?tenant_id=b364f3eb8b744c109461abe7b4320c9b&device_id=4a5f6287-b569-4fa0-9a0b-77c5a09e35a1 HTTP/1.1" status: 200 len: 1590 time: 0.0428095
2026-07-09 14:20:11.607 10 INFO neutron.wsgi [req-d18e54a8-1d86-4cb8-a78e-0852a0854fc4 req-c905d61a-8d70-48ea-b5e1-292d7d439082 98a6fadb8ea840298e4973fcccd1d622 8c40a5055bf74eeb9613dee1aba3e8fe - - a68933338202467fafdc0089282cadca a68933338202467fafdc0089282cadca] 199.19.213.152 "GET /v2.0/networks?id=7fcfa582-ab6d-43b0-a8d5-fbfba3361f34 HTTP/1.1" status: 200 len: 981 time: 0.0722494
2026-07-09 14:20:11.675 10 INFO neutron.wsgi [req-d18e54a8-1d86-4cb8-a78e-0852a0854fc4 req-85f10cfc-667b-42b9-b15c-2c09bfcf93e2 98a6fadb8ea840298e4973fcccd1d622 8c40a5055bf74eeb9613dee1aba3e8fe - - a68933338202467fafdc0089282cadca a68933338202467fafdc0089282cadca] 199.19.213.152 "GET /v2.0/floatingips?fixed_ip_address=10.100.0.13&port_id=65acfe97-8809-4dd9-bf39-fc6084a18658 HTTP/1.1" status: 200 len: 1060 time: 0.0627265
2026-07-09 14:20:11.709 9 INFO neutron.wsgi [req-753a95be-5c50-48e4-834e-e7f3bef24c02 req-3fabc776-badc-4106-ac1e-c91abeee9f8e 6c9d6fcaa59e4ec9b54b2a6279141fee 1688c155422b40b396b425cc24f00f8f - - default default] 10.0.0.146 "GET /v2.0/ports?device_id=602e713a-20cc-4bf5-aab5-30ba96bb5317 HTTP/1.1" status: 200 len: 1172 time: 0.1039791
2026-07-09 14:20:11.714 10 INFO neutron.wsgi [req-d18e54a8-1d86-4cb8-a78e-0852a0854fc4 req-8d7252ed-b98d-4334-91ca-c1ba4f6f6606 98a6fadb8ea840298e4973fcccd1d622 8c40a5055bf74eeb9613dee1aba3e8fe - - a68933338202467fafdc0089282cadca a68933338202467fafdc0089282cadca] 199.19.213.152 "GET /v2.0/floatingips?fixed_ip_address=10.100.0.3&port_id=65acfe97-8809-4dd9-bf39-fc6084a18658 HTTP/1.1" status: 200 len: 217 time: 0.0253124
2026-07-09 14:20:11.738 10 INFO neutron.wsgi [req-9941cba4-1b85-4947-8967-d3a51a5d30f6 req-1cc2cb29-8a49-4902-a559-488b1d3ff0d8 e60a31ac54f842ff82f690575acd9701 b364f3eb8b744c109461abe7b4320c9b - - default default] 10.0.0.146 "GET /v2.0/ports?device_id=4a5f6287-b569-4fa0-9a0b-77c5a09e35a1 HTTP/1.1" status: 200 len: 1352 time: 0.0769026
2026-07-09 14:20:11.779 10 INFO neutron.wsgi [req-d18e54a8-1d86-4cb8-a78e-0852a0854fc4 req-44500bb5-263f-4ca3-bd32-97e4e37acca2 98a6fadb8ea840298e4973fcccd1d622 8c40a5055bf74eeb9613dee1aba3e8fe - - a68933338202467fafdc0089282cadca a68933338202467fafdc0089282cadca] 199.19.213.152 "GET /v2.0/subnets?id=94734a4c-d226-460b-a9f2-7a36b3d1a086 HTTP/1.1" status: 200 len: 877 time: 0.0596929
2026-07-09 14:20:11.781 9 INFO neutron.wsgi [req-753a95be-5c50-48e4-834e-e7f3bef24c02 req-36cd87da-c8ed-48fa-9752-86654a91570e 6c9d6fcaa59e4ec9b54b2a6279141fee 1688c155422b40b396b425cc24f00f8f - - default default] 10.0.0.146 "GET /v2.0/security-groups?id=9f879809-d550-4b51-a80a-6ec11d232c8c&fields=id&fields=name HTTP/1.1" status: 200 len: 312 time: 0.0628982
2026-07-09 14:20:11.806 10 INFO neutron.wsgi [req-9941cba4-1b85-4947-8967-d3a51a5d30f6 req-cbe7d087-4073-40cb-ae7b-4df2266310ed e60a31ac54f842ff82f690575acd9701 b364f3eb8b744c109461abe7b4320c9b - - default default] 10.0.0.146 "GET /v2.0/security-groups?id=77e4ae89-23ea-47e7-b399-dcff82f325e0&fields=id&fields=name HTTP/1.1" status: 200 len: 313 time: 0.0607989
2026-07-09 14:20:11.815 10 INFO neutron.wsgi [req-d18e54a8-1d86-4cb8-a78e-0852a0854fc4 req-bd0f36e8-aec0-4c10-abf3-465d68e7e0fb 98a6fadb8ea840298e4973fcccd1d622 8c40a5055bf74eeb9613dee1aba3e8fe - - a68933338202467fafdc0089282cadca a68933338202467fafdc0089282cadca] 199.19.213.152 "GET /v2.0/ports?network_id=7fcfa582-ab6d-43b0-a8d5-fbfba3361f34&device_owner=network%3Adhcp HTTP/1.1" status: 200 len: 210 time: 0.0258522
2026-07-09 14:20:11.891 10 INFO neutron.wsgi [req-d18e54a8-1d86-4cb8-a78e-0852a0854fc4 req-f4296866-55b6-4b07-8358-f1a20f7259ad 98a6fadb8ea840298e4973fcccd1d622 8c40a5055bf74eeb9613dee1aba3e8fe - - a68933338202467fafdc0089282cadca a68933338202467fafdc0089282cadca] 199.19.213.152 "GET /v2.0/networks/7fcfa582-ab6d-43b0-a8d5-fbfba3361f34?fields=segments HTTP/1.1" status: 200 len: 212 time: 0.0690084
2026-07-09 14:20:11.994 10 INFO neutron.wsgi [req-d18e54a8-1d86-4cb8-a78e-0852a0854fc4 req-77b514a4-9b51-4e8d-9914-68b8c3da585c 98a6fadb8ea840298e4973fcccd1d622 8c40a5055bf74eeb9613dee1aba3e8fe - - a68933338202467fafdc0089282cadca a68933338202467fafdc0089282cadca] 199.19.213.152 "GET /v2.0/networks/7fcfa582-ab6d-43b0-a8d5-fbfba3361f34?fields=provider%3Aphysical_network&fields=provider%3Anetwork_type HTTP/1.1" status: 200 len: 277 time: 0.0984731
2026-07-09 14:20:12.107 10 INFO neutron.wsgi [req-7209ab71-44d5-43e4-8a12-ca7ae4da5620 req-712ce541-19f5-481f-b13d-160307ad3475 e60a31ac54f842ff82f690575acd9701 b364f3eb8b744c109461abe7b4320c9b - - default default] 199.19.213.152 "GET /v2.0/ports?device_id=4a5f6287-b569-4fa0-9a0b-77c5a09e35a1&device_owner=compute%3Anova&fixed_ips=ip_address%3D10.100.0.3 HTTP/1.1" status: 200 len: 1352 time: 0.0824215
2026-07-09 14:20:12.111 10 INFO neutron.wsgi [req-73196281-5804-4470-863b-c4fc45adf0ef req-39409840-37e0-4195-b6eb-7fd30d371fa2 24055f8b4c854f43a0d3188205751eac 9e6a49b1ac34466ebf652accce62f0af - - default default] 199.19.213.152 "GET /v2.0/networks?id=0204a6e1-bb1c-4174-bfa2-0e8e168c52bd HTTP/1.1" status: 200 len: 879 time: 0.1471941
2026-07-09 14:20:12.126 9 WARNING neutron.plugins.ml2.drivers.ovn.mech_driver.ovsdb.ovn_client [None req-385b009b-c5c6-40d7-96a5-e662b6216ca5 - - - - - -] No hosting information found for port 9fcbc158-8e3d-45d3-a87c-5e001c8bee89: RuntimeError: No hosting information found for port 9fcbc158-8e3d-45d3-a87c-5e001c8bee89
2026-07-09 14:20:12.127 9 INFO neutron.plugins.ml2.drivers.ovn.mech_driver.mech_driver [None req-385b009b-c5c6-40d7-96a5-e662b6216ca5 - - - - - -] OVN reports status up for port: c7a6082c-eb5f-4aef-a8e4-51d13b7814c6
2026-07-09 14:20:12.140 9 INFO neutron.plugins.ml2.plugin [None req-385b009b-c5c6-40d7-96a5-e662b6216ca5 - - - - - -] Attempt 1 to provision port c7a6082c-eb5f-4aef-a8e4-51d13b7814c6
2026-07-09 14:20:12.196 10 INFO neutron.wsgi [req-73196281-5804-4470-863b-c4fc45adf0ef req-6a607f8c-1e62-4da7-89b8-825f653da6d3 24055f8b4c854f43a0d3188205751eac 9e6a49b1ac34466ebf652accce62f0af - - default default] 199.19.213.152 "GET /v2.0/security-groups?fields=id&fields=name&tenant_id=9e6a49b1ac34466ebf652accce62f0af HTTP/1.1" status: 200 len: 379 time: 0.0584931
2026-07-09 14:20:12.208 10 WARNING neutron_lib.context [req-73196281-5804-4470-863b-c4fc45adf0ef req-f7851145-711b-4e71-ad07-4a2c538201dd 24055f8b4c854f43a0d3188205751eac 9e6a49b1ac34466ebf652accce62f0af - - default default] Method 'is_advsvc' is deprecated since 2023.2 release (neutron-lib 3.8.0) and will be removed once support for the old RBAC API policies will be removed from Neutron. Please use method 'is_service_role' instead.
2026-07-09 14:20:12.291 9 INFO neutron.notifiers.nova [-] Nova event matching ['req-64e0ed00-6932-4dc8-bc06-0f880d00a732'] response: {'server_uuid': '602e713a-20cc-4bf5-aab5-30ba96bb5317', 'name': 'network-vif-plugged', 'status': 'completed', 'tag': 'c7a6082c-eb5f-4aef-a8e4-51d13b7814c6', 'code': 200}
2026-07-09 14:20:12.350 10 INFO neutron.wsgi [req-73991cfa-0af0-422e-bd42-95828be7bd1b req-ac4f5266-2c99-4596-87c7-9dd6dddde441 24055f8b4c854f43a0d3188205751eac 9e6a49b1ac34466ebf652accce62f0af - - default default] 10.0.0.146 "GET /v2.0/ports?device_id=c5245e23-bee7-4bfa-a903-52d1247a0d2c HTTP/1.1" status: 200 len: 210 time: 0.0339184
2026-07-09 14:20:12.496 9 INFO neutron.db.ovn_revision_numbers_db [None req-385b009b-c5c6-40d7-96a5-e662b6216ca5 - - - - - -] Successfully bumped revision number for resource c7a6082c-eb5f-4aef-a8e4-51d13b7814c6 (type: ports) to 4 /var/lib/openstack/lib/python3.10/site-packages/pycadf/identifier.py:71: UserWarning: Invalid uuid: neutron. To ensure interoperability, identifiers should be a valid uuid. warnings.warn(('Invalid uuid: %s. To ensure interoperability, '
2026-07-09 14:20:12.913 9 INFO neutron.wsgi [req-9b02060f-9b2d-4a52-a7d8-142fdec4e7f3 req-90536181-530f-40c5-86f4-df0b352127fd 6c9d6fcaa59e4ec9b54b2a6279141fee 1688c155422b40b396b425cc24f00f8f - - default default] 10.0.0.146 "GET /v2.0/ports?device_id=602e713a-20cc-4bf5-aab5-30ba96bb5317 HTTP/1.1" status: 200 len: 1174 time: 0.0596976 /var/lib/openstack/lib/python3.10/site-packages/pycadf/identifier.py:71: UserWarning: Invalid uuid: neutron. To ensure interoperability, identifiers should be a valid uuid. warnings.warn(('Invalid uuid: %s. To ensure interoperability, '
2026-07-09 14:20:12.968 10 WARNING neutron.scheduler.dhcp_agent_scheduler [req-73196281-5804-4470-863b-c4fc45adf0ef req-f7851145-711b-4e71-ad07-4a2c538201dd 24055f8b4c854f43a0d3188205751eac 9e6a49b1ac34466ebf652accce62f0af - - default default] No more DHCP agents
2026-07-09 14:20:12.975 10 WARNING neutron.api.rpc.agentnotifiers.dhcp_rpc_agent_api [req-73196281-5804-4470-863b-c4fc45adf0ef req-f7851145-711b-4e71-ad07-4a2c538201dd 24055f8b4c854f43a0d3188205751eac 9e6a49b1ac34466ebf652accce62f0af - - default default] Unable to schedule network 0204a6e1-bb1c-4174-bfa2-0e8e168c52bd: no agents available; will retry on subsequent port and subnet creation events.
2026-07-09 14:20:12.983 9 INFO neutron.wsgi [req-9b02060f-9b2d-4a52-a7d8-142fdec4e7f3 req-36f838ff-eb08-4474-9787-e00d3dc7c0da 6c9d6fcaa59e4ec9b54b2a6279141fee 1688c155422b40b396b425cc24f00f8f - - default default] 10.0.0.146 "GET /v2.0/security-groups?id=9f879809-d550-4b51-a80a-6ec11d232c8c&fields=id&fields=name HTTP/1.1" status: 200 len: 312 time: 0.0554388
2026-07-09 14:20:13.153 9 INFO neutron.wsgi [req-14f4603d-3663-4d6e-a6ed-ac675d0c5c15 req-34e8e826-ad5b-40b5-958e-9bd84f8aed6c 6c9d6fcaa59e4ec9b54b2a6279141fee 1688c155422b40b396b425cc24f00f8f - - default default] 10.0.0.146 "GET /v2.0/ports?device_id=602e713a-20cc-4bf5-aab5-30ba96bb5317 HTTP/1.1" status: 200 len: 1174 time: 0.0641513
2026-07-09 14:20:13.181 10 INFO neutron.wsgi [req-00b09e93-f02a-4d32-896d-b7218ae69c72 req-d2a9d0b9-ab8b-4c8d-99f1-090bfa61f752 67f0f218dc564723b6f192c5495e4ea4 eb7cae995595471da481588e033b31f3 - - default default] 10.0.0.146 "GET /v2.0/ports?device_id=e84adca4-99b2-4388-8a06-2b631a37afc4 HTTP/1.1" status: 200 len: 1170 time: 0.2492709 /var/lib/openstack/lib/python3.10/site-packages/pycadf/identifier.py:71: UserWarning: Invalid uuid: neutron. To ensure interoperability, identifiers should be a valid uuid. warnings.warn(('Invalid uuid: %s. To ensure interoperability, '
2026-07-09 14:20:13.283 10 INFO neutron.wsgi [req-00b09e93-f02a-4d32-896d-b7218ae69c72 req-ab238570-cae8-4106-8fbd-bbbfb5dbe6ed 67f0f218dc564723b6f192c5495e4ea4 eb7cae995595471da481588e033b31f3 - - default default] 10.0.0.146 "GET /v2.0/security-groups?id=22a744cf-89d1-4172-97d3-a29415506c76&fields=id&fields=name HTTP/1.1" status: 200 len: 313 time: 0.0913389
2026-07-09 14:20:13.300 10 INFO neutron.db.ovn_revision_numbers_db [req-7209ab71-44d5-43e4-8a12-ca7ae4da5620 req-0d1088e1-63a4-4b2e-b3c7-ef4d7a97b9c0 e60a31ac54f842ff82f690575acd9701 b364f3eb8b744c109461abe7b4320c9b - - default default] Successfully bumped revision number for resource 65acfe97-8809-4dd9-bf39-fc6084a18658 (type: ports) to 6
2026-07-09 14:20:13.307 10 INFO neutron.db.ovn_revision_numbers_db [req-73196281-5804-4470-863b-c4fc45adf0ef req-f7851145-711b-4e71-ad07-4a2c538201dd 24055f8b4c854f43a0d3188205751eac 9e6a49b1ac34466ebf652accce62f0af - - default default] Successfully bumped revision number for resource 71a7654d-69b3-410c-87f1-caddcbe4ca8b (type: ports) to 1
2026-07-09 14:20:13.313 10 INFO neutron.wsgi [req-7209ab71-44d5-43e4-8a12-ca7ae4da5620 req-0d1088e1-63a4-4b2e-b3c7-ef4d7a97b9c0 e60a31ac54f842ff82f690575acd9701 b364f3eb8b744c109461abe7b4320c9b - - default default] 199.19.213.152 "PUT /v2.0/ports/65acfe97-8809-4dd9-bf39-fc6084a18658 HTTP/1.1" status: 200 len: 1171 time: 1.1776342
2026-07-09 14:20:13.334 10 INFO neutron.wsgi [req-73196281-5804-4470-863b-c4fc45adf0ef req-f7851145-711b-4e71-ad07-4a2c538201dd 24055f8b4c854f43a0d3188205751eac 9e6a49b1ac34466ebf652accce62f0af - - default default] 199.19.213.152 "POST /v2.0/ports HTTP/1.1" status: 201 len: 1162 time: 1.1328931
2026-07-09 14:20:13.395 10 INFO neutron.wsgi [req-7209ab71-44d5-43e4-8a12-ca7ae4da5620 req-d3ee34f8-b6fa-407d-ba81-a89b8f9c9c6e 98a6fadb8ea840298e4973fcccd1d622 8c40a5055bf74eeb9613dee1aba3e8fe - - a68933338202467fafdc0089282cadca a68933338202467fafdc0089282cadca] 199.19.213.152 "GET /v2.0/ports?tenant_id=b364f3eb8b744c109461abe7b4320c9b&device_id=4a5f6287-b569-4fa0-9a0b-77c5a09e35a1 HTTP/1.1" status: 200 len: 1413 time: 0.0508058
2026-07-09 14:20:13.506 9 INFO neutron.wsgi [req-8fa3fdc7-bd04-4257-95d5-f4eb60474095 req-1f630c09-d187-418d-9049-1fc9dbb58d98 67f0f218dc564723b6f192c5495e4ea4 eb7cae995595471da481588e033b31f3 - - default default] 10.0.0.146 "GET /v2.0/ports?device_id=e84adca4-99b2-4388-8a06-2b631a37afc4 HTTP/1.1" status: 200 len: 1170 time: 0.1254559
2026-07-09 14:20:13.508 10 INFO neutron.wsgi [req-05bada19-35ad-41a0-b8ed-c55379e179d9 req-c1e3f121-bc8a-4326-b1e0-cee60e88b807 24055f8b4c854f43a0d3188205751eac 9e6a49b1ac34466ebf652accce62f0af - - default default] 10.0.0.146 "GET /v2.0/ports?device_id=c5245e23-bee7-4bfa-a903-52d1247a0d2c HTTP/1.1" status: 200 len: 1160 time: 0.0778346
2026-07-09 14:20:13.512 10 INFO neutron.wsgi [req-7209ab71-44d5-43e4-8a12-ca7ae4da5620 req-ea86d030-fec2-4827-b8a6-889e75cb0dda 98a6fadb8ea840298e4973fcccd1d622 8c40a5055bf74eeb9613dee1aba3e8fe - - a68933338202467fafdc0089282cadca a68933338202467fafdc0089282cadca] 199.19.213.152 "GET /v2.0/networks?id=7fcfa582-ab6d-43b0-a8d5-fbfba3361f34 HTTP/1.1" status: 200 len: 981 time: 0.1064837
2026-07-09 14:20:13.580 9 INFO neutron.wsgi [req-8fa3fdc7-bd04-4257-95d5-f4eb60474095 req-78deed96-d511-4c74-8bf8-4c4aebaca58e 67f0f218dc564723b6f192c5495e4ea4 eb7cae995595471da481588e033b31f3 - - default default] 10.0.0.146 "GET /v2.0/security-groups?id=22a744cf-89d1-4172-97d3-a29415506c76&fields=id&fields=name HTTP/1.1" status: 200 len: 313 time: 0.0514281
2026-07-09 14:20:13.592 10 INFO neutron.wsgi [req-7209ab71-44d5-43e4-8a12-ca7ae4da5620 req-04c5d7bb-7c34-4bdf-8e8f-db8acc522ff6 98a6fadb8ea840298e4973fcccd1d622 8c40a5055bf74eeb9613dee1aba3e8fe - - a68933338202467fafdc0089282cadca a68933338202467fafdc0089282cadca] 199.19.213.152 "GET /v2.0/floatingips?fixed_ip_address=10.100.0.13&port_id=65acfe97-8809-4dd9-bf39-fc6084a18658 HTTP/1.1" status: 200 len: 1060 time: 0.0705829
2026-07-09 14:20:13.602 10 INFO neutron.wsgi [req-05bada19-35ad-41a0-b8ed-c55379e179d9 req-035a17e6-3d39-4a19-8da1-55ffeabf60eb 24055f8b4c854f43a0d3188205751eac 9e6a49b1ac34466ebf652accce62f0af - - default default] 10.0.0.146 "GET /v2.0/security-groups?id=83d106fd-aaa5-4edf-bfa3-e03f00f60048&fields=id&fields=name HTTP/1.1" status: 200 len: 312 time: 0.0876458
2026-07-09 14:20:13.626 10 INFO neutron.notifiers.nova [-] Nova event matching ['req-977278b8-d064-427c-85d6-ca7dbb34a4b6'] response: {'name': 'network-changed', 'server_uuid': '4a5f6287-b569-4fa0-9a0b-77c5a09e35a1', 'tag': '65acfe97-8809-4dd9-bf39-fc6084a18658', 'status': 'completed', 'code': 200}
2026-07-09 14:20:13.644 10 INFO neutron.wsgi [req-7209ab71-44d5-43e4-8a12-ca7ae4da5620 req-2a48fea7-00ac-4a37-a293-a2d0ce768290 98a6fadb8ea840298e4973fcccd1d622 8c40a5055bf74eeb9613dee1aba3e8fe - - a68933338202467fafdc0089282cadca a68933338202467fafdc0089282cadca] 199.19.213.152 "GET /v2.0/subnets?id=94734a4c-d226-460b-a9f2-7a36b3d1a086 HTTP/1.1" status: 200 len: 877 time: 0.0346115
2026-07-09 14:20:13.678 10 INFO neutron.wsgi [req-7209ab71-44d5-43e4-8a12-ca7ae4da5620 req-50a75eb9-0155-4e7b-ab08-26e8f777675c 98a6fadb8ea840298e4973fcccd1d622 8c40a5055bf74eeb9613dee1aba3e8fe - - a68933338202467fafdc0089282cadca a68933338202467fafdc0089282cadca] 199.19.213.152 "GET /v2.0/ports?network_id=7fcfa582-ab6d-43b0-a8d5-fbfba3361f34&device_owner=network%3Adhcp HTTP/1.1" status: 200 len: 210 time: 0.0200346
2026-07-09 14:20:13.769 10 INFO neutron.wsgi [req-7209ab71-44d5-43e4-8a12-ca7ae4da5620 req-56ca2dc0-658a-4392-a12d-d593b32b2d25 98a6fadb8ea840298e4973fcccd1d622 8c40a5055bf74eeb9613dee1aba3e8fe - - a68933338202467fafdc0089282cadca a68933338202467fafdc0089282cadca] 199.19.213.152 "GET /v2.0/networks/7fcfa582-ab6d-43b0-a8d5-fbfba3361f34?fields=segments HTTP/1.1" status: 200 len: 212 time: 0.0858128 /var/lib/openstack/lib/python3.10/site-packages/pycadf/identifier.py:71: UserWarning: Invalid uuid: neutron. To ensure interoperability, identifiers should be a valid uuid. warnings.warn(('Invalid uuid: %s. To ensure interoperability, '
2026-07-09 14:20:13.878 9 INFO neutron.db.ovn_revision_numbers_db [None req-57bf1484-be7e-4b13-9511-4b3ef28b602a 6c9d6fcaa59e4ec9b54b2a6279141fee 1688c155422b40b396b425cc24f00f8f - - default default] Successfully bumped revision number for resource 6f6ab1e8-ff0e-414e-95f9-87136f5c1dc1 (type: floatingips) to 1
2026-07-09 14:20:13.892 10 INFO neutron.wsgi [req-7209ab71-44d5-43e4-8a12-ca7ae4da5620 req-f8bd9506-37fa-4322-8f7f-ebe758da98da 98a6fadb8ea840298e4973fcccd1d622 8c40a5055bf74eeb9613dee1aba3e8fe - - a68933338202467fafdc0089282cadca a68933338202467fafdc0089282cadca] 199.19.213.152 "GET /v2.0/networks/7fcfa582-ab6d-43b0-a8d5-fbfba3361f34?fields=provider%3Aphysical_network&fields=provider%3Anetwork_type HTTP/1.1" status: 200 len: 277 time: 0.1147621
2026-07-09 14:20:14.009 10 INFO neutron.wsgi [req-a2e987f9-e9a4-4ab9-bf50-b9bfad76416d req-5f833ebe-2a6b-4659-b5f3-84938b77315c 98a6fadb8ea840298e4973fcccd1d622 8c40a5055bf74eeb9613dee1aba3e8fe - - a68933338202467fafdc0089282cadca a68933338202467fafdc0089282cadca] 199.19.213.152 "GET /v2.0/ports?tenant_id=b364f3eb8b744c109461abe7b4320c9b&device_id=4a5f6287-b569-4fa0-9a0b-77c5a09e35a1 HTTP/1.1" status: 200 len: 1413 time: 0.0631773
2026-07-09 14:20:14.014 10 INFO neutron.db.ovn_revision_numbers_db [req-73196281-5804-4470-863b-c4fc45adf0ef req-c9fee79b-cc1d-4963-bcd1-95f8c3be0817 98a6fadb8ea840298e4973fcccd1d622 8c40a5055bf74eeb9613dee1aba3e8fe - - a68933338202467fafdc0089282cadca a68933338202467fafdc0089282cadca] Successfully bumped revision number for resource 71a7654d-69b3-410c-87f1-caddcbe4ca8b (type: ports) to 2 /var/lib/openstack/lib/python3.10/site-packages/pycadf/identifier.py:71: UserWarning: Invalid uuid: neutron. To ensure interoperability, identifiers should be a valid uuid. warnings.warn(('Invalid uuid: %s. To ensure interoperability, '
2026-07-09 14:20:14.074 9 INFO neutron.wsgi [req-2cfdb7e6-9f54-4b67-898a-3d61f1f8c137 req-55a12459-6b93-459c-90ce-820ece5f3c77 67f0f218dc564723b6f192c5495e4ea4 eb7cae995595471da481588e033b31f3 - - default default] 10.0.0.146 "GET /v2.0/ports?device_id=e84adca4-99b2-4388-8a06-2b631a37afc4 HTTP/1.1" status: 200 len: 1170 time: 0.0611694
2026-07-09 14:20:14.082 9 INFO neutron.db.ovn_revision_numbers_db [None req-57bf1484-be7e-4b13-9511-4b3ef28b602a 6c9d6fcaa59e4ec9b54b2a6279141fee 1688c155422b40b396b425cc24f00f8f - - default default] Successfully bumped revision number for resource 6f6ab1e8-ff0e-414e-95f9-87136f5c1dc1 (type: floatingips) to 2
2026-07-09 14:20:14.083 9 INFO neutron.db.l3_db [None req-57bf1484-be7e-4b13-9511-4b3ef28b602a 6c9d6fcaa59e4ec9b54b2a6279141fee 1688c155422b40b396b425cc24f00f8f - - default default] Floating IP 6f6ab1e8-ff0e-414e-95f9-87136f5c1dc1 associated. External IP: 10.96.250.212, port: c7a6082c-eb5f-4aef-a8e4-51d13b7814c6.
2026-07-09 14:20:14.130 10 INFO neutron.wsgi [req-a2e987f9-e9a4-4ab9-bf50-b9bfad76416d req-059a6963-b395-4f00-bedc-4bf09505d9cf 98a6fadb8ea840298e4973fcccd1d622 8c40a5055bf74eeb9613dee1aba3e8fe - - a68933338202467fafdc0089282cadca a68933338202467fafdc0089282cadca] 199.19.213.152 "GET /v2.0/networks?id=7fcfa582-ab6d-43b0-a8d5-fbfba3361f34 HTTP/1.1" status: 200 len: 981 time: 0.1091106
2026-07-09 14:20:14.142 9 INFO neutron.wsgi [None req-57bf1484-be7e-4b13-9511-4b3ef28b602a 6c9d6fcaa59e4ec9b54b2a6279141fee 1688c155422b40b396b425cc24f00f8f - - default default] 10.0.0.38 "PUT /v2.0/floatingips/6f6ab1e8-ff0e-414e-95f9-87136f5c1dc1 HTTP/1.1" status: 200 len: 1050 time: 0.9724219
2026-07-09 14:20:14.164 9 INFO neutron.wsgi [req-2cfdb7e6-9f54-4b67-898a-3d61f1f8c137 req-4e320f2a-3835-467c-827d-a9ea25fd6341 67f0f218dc564723b6f192c5495e4ea4 eb7cae995595471da481588e033b31f3 - - default default] 10.0.0.146 "GET /v2.0/security-groups?id=22a744cf-89d1-4172-97d3-a29415506c76&fields=id&fields=name HTTP/1.1" status: 200 len: 313 time: 0.0773251
2026-07-09 14:20:14.198 10 INFO neutron.wsgi [req-a1ce9078-b707-401f-a25e-9b4f33d60d98 req-5eac37e3-2ac2-4787-8454-821cea6b7794 98a6fadb8ea840298e4973fcccd1d622 8c40a5055bf74eeb9613dee1aba3e8fe - - a68933338202467fafdc0089282cadca a68933338202467fafdc0089282cadca] 199.19.213.152 "GET /v2.0/ports?tenant_id=eb7cae995595471da481588e033b31f3&device_id=e84adca4-99b2-4388-8a06-2b631a37afc4 HTTP/1.1" status: 200 len: 1409 time: 0.0798371
2026-07-09 14:20:14.232 10 INFO neutron.wsgi [req-a2e987f9-e9a4-4ab9-bf50-b9bfad76416d req-b329924c-b8eb-455b-95d7-18e0340de553 98a6fadb8ea840298e4973fcccd1d622 8c40a5055bf74eeb9613dee1aba3e8fe - - a68933338202467fafdc0089282cadca a68933338202467fafdc0089282cadca] 199.19.213.152 "GET /v2.0/floatingips?fixed_ip_address=10.100.0.13&port_id=65acfe97-8809-4dd9-bf39-fc6084a18658 HTTP/1.1" status: 200 len: 1060 time: 0.0783291
2026-07-09 14:20:14.276 9 INFO neutron.wsgi [req-0cbbee1a-805f-407b-a009-4a9a6efa30fd req-5850094c-9be2-4e09-b43f-263914becfa9 6c9d6fcaa59e4ec9b54b2a6279141fee 1688c155422b40b396b425cc24f00f8f - - default default] 10.0.0.146 "GET /v2.0/ports?device_id=602e713a-20cc-4bf5-aab5-30ba96bb5317 HTTP/1.1" status: 200 len: 1174 time: 0.0435066
2026-07-09 14:20:14.321 9 INFO neutron.plugins.ml2.drivers.ovn.mech_driver.mech_driver [None req-385b009b-c5c6-40d7-96a5-e662b6216ca5 - - - - - -] OVN reports status down for port: 65acfe97-8809-4dd9-bf39-fc6084a18658
2026-07-09 14:20:14.330 10 INFO neutron.wsgi [req-a2e987f9-e9a4-4ab9-bf50-b9bfad76416d req-d18fc383-575e-4bb8-8443-70e263efe1e9 98a6fadb8ea840298e4973fcccd1d622 8c40a5055bf74eeb9613dee1aba3e8fe - - a68933338202467fafdc0089282cadca a68933338202467fafdc0089282cadca] 199.19.213.152 "GET /v2.0/subnets?id=94734a4c-d226-460b-a9f2-7a36b3d1a086 HTTP/1.1" status: 200 len: 877 time: 0.0846541
2026-07-09 14:20:14.341 9 INFO neutron.wsgi [req-0cbbee1a-805f-407b-a009-4a9a6efa30fd req-b07d06d1-20d4-4e3c-877b-5bf5f88b0e74 6c9d6fcaa59e4ec9b54b2a6279141fee 1688c155422b40b396b425cc24f00f8f - - default default] 10.0.0.146 "GET /v2.0/security-groups?id=9f879809-d550-4b51-a80a-6ec11d232c8c&fields=id&fields=name HTTP/1.1" status: 200 len: 312 time: 0.0571866 /var/lib/openstack/lib/python3.10/site-packages/pycadf/identifier.py:71: UserWarning: Invalid uuid: neutron. To ensure interoperability, identifiers should be a valid uuid. warnings.warn(('Invalid uuid: %s. To ensure interoperability, '
2026-07-09 14:20:14.390 10 INFO neutron.wsgi [req-a2e987f9-e9a4-4ab9-bf50-b9bfad76416d req-2dceb21a-e354-4059-ac68-3b3438562370 98a6fadb8ea840298e4973fcccd1d622 8c40a5055bf74eeb9613dee1aba3e8fe - - a68933338202467fafdc0089282cadca a68933338202467fafdc0089282cadca] 199.19.213.152 "GET /v2.0/ports?network_id=7fcfa582-ab6d-43b0-a8d5-fbfba3361f34&device_owner=network%3Adhcp HTTP/1.1" status: 200 len: 210 time: 0.0396574
2026-07-09 14:20:14.401 9 INFO neutron.notifiers.nova [-] Nova event matching ['req-7218a470-6322-4ab1-9a80-68fd43537616'] response: {'server_uuid': '602e713a-20cc-4bf5-aab5-30ba96bb5317', 'name': 'network-vif-plugged', 'status': 'completed', 'tag': 'c7a6082c-eb5f-4aef-a8e4-51d13b7814c6', 'code': 200}
2026-07-09 14:20:14.401 9 INFO neutron.notifiers.nova [-] Nova event matching ['req-7218a470-6322-4ab1-9a80-68fd43537616'] response: {'name': 'network-changed', 'server_uuid': '602e713a-20cc-4bf5-aab5-30ba96bb5317', 'tag': 'c7a6082c-eb5f-4aef-a8e4-51d13b7814c6', 'status': 'completed', 'code': 200}
2026-07-09 14:20:14.405 10 INFO neutron.wsgi [req-a1ce9078-b707-401f-a25e-9b4f33d60d98 req-f5a362e0-fbfe-497e-b5dc-02f8cd59c04c 98a6fadb8ea840298e4973fcccd1d622 8c40a5055bf74eeb9613dee1aba3e8fe - - a68933338202467fafdc0089282cadca a68933338202467fafdc0089282cadca] 199.19.213.152 "GET /v2.0/networks?id=38661208-a516-48e4-9944-df6c89320a1d HTTP/1.1" status: 200 len: 974 time: 0.1971815
2026-07-09 14:20:14.490 9 INFO neutron.wsgi [req-02078f91-9928-4c2f-a7e0-210b3cc58426 req-a5473a0d-f540-474d-ab51-264e1cee4053 98a6fadb8ea840298e4973fcccd1d622 8c40a5055bf74eeb9613dee1aba3e8fe - - a68933338202467fafdc0089282cadca a68933338202467fafdc0089282cadca] 199.19.213.152 "GET /v2.0/ports?tenant_id=1688c155422b40b396b425cc24f00f8f&device_id=602e713a-20cc-4bf5-aab5-30ba96bb5317 HTTP/1.1" status: 200 len: 1413 time: 0.0733044
2026-07-09 14:20:14.528 10 INFO neutron.wsgi [req-8982f5a9-9aff-4a71-8572-6823da5e01c4 req-d7e0423e-381c-4bc9-a400-ab6114f93887 e60a31ac54f842ff82f690575acd9701 b364f3eb8b744c109461abe7b4320c9b - - default default] 10.0.0.146 "GET /v2.0/ports?device_id=4a5f6287-b569-4fa0-9a0b-77c5a09e35a1 HTTP/1.1" status: 200 len: 1174 time: 0.2707872
2026-07-09 14:20:14.539 10 INFO neutron.wsgi [req-a1ce9078-b707-401f-a25e-9b4f33d60d98 req-c43772a8-18a8-4593-be0e-8f4c6113e6ab 98a6fadb8ea840298e4973fcccd1d622 8c40a5055bf74eeb9613dee1aba3e8fe - - a68933338202467fafdc0089282cadca a68933338202467fafdc0089282cadca] 199.19.213.152 "GET /v2.0/floatingips?fixed_ip_address=10.100.0.9&port_id=b3196640-b996-4d5e-8ead-09bc848b9bc0 HTTP/1.1" status: 200 len: 1059 time: 0.1274695
2026-07-09 14:20:14.575 10 INFO neutron.db.ovn_revision_numbers_db [req-73196281-5804-4470-863b-c4fc45adf0ef req-c9fee79b-cc1d-4963-bcd1-95f8c3be0817 98a6fadb8ea840298e4973fcccd1d622 8c40a5055bf74eeb9613dee1aba3e8fe - - a68933338202467fafdc0089282cadca a68933338202467fafdc0089282cadca] Successfully bumped revision number for resource 71a7654d-69b3-410c-87f1-caddcbe4ca8b (type: ports) to 2
2026-07-09 14:20:14.590 10 INFO neutron.wsgi [req-a2e987f9-e9a4-4ab9-bf50-b9bfad76416d req-e5641ab0-1675-4dba-8824-8baa57043261 98a6fadb8ea840298e4973fcccd1d622 8c40a5055bf74eeb9613dee1aba3e8fe - - a68933338202467fafdc0089282cadca a68933338202467fafdc0089282cadca] 199.19.213.152 "GET /v2.0/networks/7fcfa582-ab6d-43b0-a8d5-fbfba3361f34?fields=segments HTTP/1.1" status: 200 len: 212 time: 0.1923015
2026-07-09 14:20:14.604 10 INFO neutron.wsgi [req-a1ce9078-b707-401f-a25e-9b4f33d60d98 req-f557dc7c-13eb-4a6f-a48b-adacb262bddb 98a6fadb8ea840298e4973fcccd1d622 8c40a5055bf74eeb9613dee1aba3e8fe - - a68933338202467fafdc0089282cadca a68933338202467fafdc0089282cadca] 199.19.213.152 "GET /v2.0/subnets?id=3d87abb1-9d23-4131-8fd0-746313ca79ba HTTP/1.1" status: 200 len: 869 time: 0.0567811
2026-07-09 14:20:14.624 10 INFO neutron.wsgi [req-8982f5a9-9aff-4a71-8572-6823da5e01c4 req-b7387d8a-3a5f-46e3-8835-63a6b2ec056c e60a31ac54f842ff82f690575acd9701 b364f3eb8b744c109461abe7b4320c9b - - default default] 10.0.0.146 "GET /v2.0/security-groups?id=77e4ae89-23ea-47e7-b399-dcff82f325e0&fields=id&fields=name HTTP/1.1" status: 200 len: 313 time: 0.0826359
2026-07-09 14:20:14.654 10 INFO neutron.wsgi [req-73196281-5804-4470-863b-c4fc45adf0ef req-c9fee79b-cc1d-4963-bcd1-95f8c3be0817 98a6fadb8ea840298e4973fcccd1d622 8c40a5055bf74eeb9613dee1aba3e8fe - - a68933338202467fafdc0089282cadca a68933338202467fafdc0089282cadca] 199.19.213.152 "PUT /v2.0/ports/71a7654d-69b3-410c-87f1-caddcbe4ca8b HTTP/1.1" status: 200 len: 1380 time: 1.3084478
2026-07-09 14:20:14.672 10 INFO neutron.wsgi [req-a1ce9078-b707-401f-a25e-9b4f33d60d98 req-c28c33d0-bddf-4fe7-a9da-eeb99c96eaa6 98a6fadb8ea840298e4973fcccd1d622 8c40a5055bf74eeb9613dee1aba3e8fe - - a68933338202467fafdc0089282cadca a68933338202467fafdc0089282cadca] 199.19.213.152 "GET /v2.0/ports?network_id=38661208-a516-48e4-9944-df6c89320a1d&device_owner=network%3Adhcp HTTP/1.1" status: 200 len: 210 time: 0.0547967
2026-07-09 14:20:14.701 10 INFO neutron.wsgi [req-5eff0bbf-83c3-4ff5-b1be-ca4ef4c8d00b req-d0ac3b68-6f0f-4506-a4ad-fae4c8ff3232 e60a31ac54f842ff82f690575acd9701 b364f3eb8b744c109461abe7b4320c9b - - default default] 199.19.213.152 "GET /v2.0/ports?device_id=4a5f6287-b569-4fa0-9a0b-77c5a09e35a1 HTTP/1.1" status: 200 len: 1172 time: 0.0707266
2026-07-09 14:20:14.776 10 INFO neutron.wsgi [req-a2e987f9-e9a4-4ab9-bf50-b9bfad76416d req-967c8603-c0eb-47a3-a183-639a829c71bf 98a6fadb8ea840298e4973fcccd1d622 8c40a5055bf74eeb9613dee1aba3e8fe - - a68933338202467fafdc0089282cadca a68933338202467fafdc0089282cadca] 199.19.213.152 "GET /v2.0/networks/7fcfa582-ab6d-43b0-a8d5-fbfba3361f34?fields=provider%3Aphysical_network&fields=provider%3Anetwork_type HTTP/1.1" status: 200 len: 277 time: 0.1689816
2026-07-09 14:20:14.812 10 INFO neutron.wsgi [req-74e425d7-7d15-403b-ad22-0d113f823c08 req-a3881e6a-7fe1-4e64-bf8b-17e8b7f72831 24055f8b4c854f43a0d3188205751eac 9e6a49b1ac34466ebf652accce62f0af - - default default] 10.0.0.146 "GET /v2.0/ports?device_id=c5245e23-bee7-4bfa-a903-52d1247a0d2c HTTP/1.1" status: 200 len: 1172 time: 0.1079724
2026-07-09 14:20:14.819 10 INFO neutron.wsgi [req-73196281-5804-4470-863b-c4fc45adf0ef req-a8986eba-b166-46f4-9412-dda1a365aec9 98a6fadb8ea840298e4973fcccd1d622 8c40a5055bf74eeb9613dee1aba3e8fe - - a68933338202467fafdc0089282cadca a68933338202467fafdc0089282cadca] 199.19.213.152 "GET /v2.0/ports?tenant_id=9e6a49b1ac34466ebf652accce62f0af&device_id=c5245e23-bee7-4bfa-a903-52d1247a0d2c HTTP/1.1" status: 200 len: 1411 time: 0.0985031
2026-07-09 14:20:14.859 9 INFO neutron.wsgi [req-5c035f95-f00b-4dbe-9fd6-c79e493ee9ba req-a7f6a4a9-3aa0-47c6-bf2f-73c0b8a4c36e 6c9d6fcaa59e4ec9b54b2a6279141fee 1688c155422b40b396b425cc24f00f8f - - default default] 10.0.0.146 "GET /v2.0/ports?device_id=602e713a-20cc-4bf5-aab5-30ba96bb5317 HTTP/1.1" status: 200 len: 1174 time: 0.0741234
2026-07-09 14:20:14.878 9 INFO neutron.wsgi [req-02078f91-9928-4c2f-a7e0-210b3cc58426 req-83cc4abe-7eeb-443b-add7-9a699d18c395 98a6fadb8ea840298e4973fcccd1d622 8c40a5055bf74eeb9613dee1aba3e8fe - - a68933338202467fafdc0089282cadca a68933338202467fafdc0089282cadca] 199.19.213.152 "GET /v2.0/networks?id=53f2a37e-ac73-4a62-83fe-09c9240c63db HTTP/1.1" status: 200 len: 968 time: 0.3801477
2026-07-09 14:20:14.889 10 INFO neutron.wsgi [req-73196281-5804-4470-863b-c4fc45adf0ef req-e70c8d4e-eeb1-4acc-888c-8a74c42887ce 98a6fadb8ea840298e4973fcccd1d622 8c40a5055bf74eeb9613dee1aba3e8fe - - a68933338202467fafdc0089282cadca a68933338202467fafdc0089282cadca] 199.19.213.152 "GET /v2.0/floatingips?fixed_ip_address=10.100.0.11&port_id=71a7654d-69b3-410c-87f1-caddcbe4ca8b HTTP/1.1" status: 200 len: 217 time: 0.0608187
2026-07-09 14:20:14.899 10 INFO neutron.wsgi [req-a1ce9078-b707-401f-a25e-9b4f33d60d98 req-7e745a44-e42a-4084-86d9-64e3d1b4cbea 98a6fadb8ea840298e4973fcccd1d622 8c40a5055bf74eeb9613dee1aba3e8fe - - a68933338202467fafdc0089282cadca a68933338202467fafdc0089282cadca] 199.19.213.152 "GET /v2.0/networks/38661208-a516-48e4-9944-df6c89320a1d?fields=segments HTTP/1.1" status: 200 len: 212 time: 0.2125101
2026-07-09 14:20:14.962 10 INFO neutron.wsgi [req-74e425d7-7d15-403b-ad22-0d113f823c08 req-87da6670-7ca8-4689-a34f-329c479fe815 24055f8b4c854f43a0d3188205751eac 9e6a49b1ac34466ebf652accce62f0af - - default default] 10.0.0.146 "GET /v2.0/security-groups?id=83d106fd-aaa5-4edf-bfa3-e03f00f60048&fields=id&fields=name HTTP/1.1" status: 200 len: 312 time: 0.1391568
2026-07-09 14:20:14.970 10 INFO neutron.wsgi [req-73196281-5804-4470-863b-c4fc45adf0ef req-c7da5d4b-6d42-40c4-b0cc-ea6d46127eab 98a6fadb8ea840298e4973fcccd1d622 8c40a5055bf74eeb9613dee1aba3e8fe - - a68933338202467fafdc0089282cadca a68933338202467fafdc0089282cadca] 199.19.213.152 "GET /v2.0/subnets?id=c5387c76-143b-4d7c-9c30-c881514afba2 HTTP/1.1" status: 200 len: 873 time: 0.0751410
2026-07-09 14:20:14.980 9 INFO neutron.wsgi [req-5c035f95-f00b-4dbe-9fd6-c79e493ee9ba req-ab2af523-53e5-43dc-bb5d-dadeba6993fe 6c9d6fcaa59e4ec9b54b2a6279141fee 1688c155422b40b396b425cc24f00f8f - - default default] 10.0.0.146 "GET /v2.0/security-groups?id=9f879809-d550-4b51-a80a-6ec11d232c8c&fields=id&fields=name HTTP/1.1" status: 200 len: 312 time: 0.1125953
2026-07-09 14:20:14.992 9 INFO neutron.wsgi [req-02078f91-9928-4c2f-a7e0-210b3cc58426 req-fd60e3ef-4c20-4af2-a63a-55eddbb94ddf 98a6fadb8ea840298e4973fcccd1d622 8c40a5055bf74eeb9613dee1aba3e8fe - - a68933338202467fafdc0089282cadca a68933338202467fafdc0089282cadca] 199.19.213.152 "GET /v2.0/floatingips?fixed_ip_address=10.100.0.14&port_id=c7a6082c-eb5f-4aef-a8e4-51d13b7814c6 HTTP/1.1" status: 200 len: 1060 time: 0.1071208
2026-07-09 14:20:15.013 10 INFO neutron.wsgi [req-73196281-5804-4470-863b-c4fc45adf0ef req-650e2bed-273a-4916-b9ba-9ce6d73af0b5 98a6fadb8ea840298e4973fcccd1d622 8c40a5055bf74eeb9613dee1aba3e8fe - - a68933338202467fafdc0089282cadca a68933338202467fafdc0089282cadca] 199.19.213.152 "GET /v2.0/ports?network_id=0204a6e1-bb1c-4174-bfa2-0e8e168c52bd&device_owner=network%3Adhcp HTTP/1.1" status: 200 len: 210 time: 0.0339823
2026-07-09 14:20:15.053 9 INFO neutron.wsgi [req-02078f91-9928-4c2f-a7e0-210b3cc58426 req-3209383b-5666-4e30-b2dc-3b9710f0049e 98a6fadb8ea840298e4973fcccd1d622 8c40a5055bf74eeb9613dee1aba3e8fe - - a68933338202467fafdc0089282cadca a68933338202467fafdc0089282cadca] 199.19.213.152 "GET /v2.0/subnets?id=2afc5ae4-3dce-4620-85de-c0bfbf6f24e1 HTTP/1.1" status: 200 len: 863 time: 0.0553195
2026-07-09 14:20:15.065 10 INFO neutron.wsgi [req-a1ce9078-b707-401f-a25e-9b4f33d60d98 req-aa4c0357-5376-4a2f-a7d2-469240940c26 98a6fadb8ea840298e4973fcccd1d622 8c40a5055bf74eeb9613dee1aba3e8fe - - a68933338202467fafdc0089282cadca a68933338202467fafdc0089282cadca] 199.19.213.152 "GET /v2.0/networks/38661208-a516-48e4-9944-df6c89320a1d?fields=provider%3Aphysical_network&fields=provider%3Anetwork_type HTTP/1.1" status: 200 len: 277 time: 0.1490142
2026-07-09 14:20:15.104 9 INFO neutron.wsgi [req-02078f91-9928-4c2f-a7e0-210b3cc58426 req-020ea6cf-0504-4acc-8f0f-a798f87f500a 98a6fadb8ea840298e4973fcccd1d622 8c40a5055bf74eeb9613dee1aba3e8fe - - a68933338202467fafdc0089282cadca a68933338202467fafdc0089282cadca] 199.19.213.152 "GET /v2.0/ports?network_id=53f2a37e-ac73-4a62-83fe-09c9240c63db&device_owner=network%3Adhcp HTTP/1.1" status: 200 len: 210 time: 0.0445321
2026-07-09 14:20:15.122 9 INFO neutron.db.ovn_revision_numbers_db [None req-385b009b-c5c6-40d7-96a5-e662b6216ca5 - - - - - -] Successfully bumped revision number for resource 65acfe97-8809-4dd9-bf39-fc6084a18658 (type: ports) to 7
2026-07-09 14:20:15.156 10 INFO neutron.wsgi [req-73196281-5804-4470-863b-c4fc45adf0ef req-2305c423-edee-4bf7-956e-a9e5eaa61ebd 98a6fadb8ea840298e4973fcccd1d622 8c40a5055bf74eeb9613dee1aba3e8fe - - a68933338202467fafdc0089282cadca a68933338202467fafdc0089282cadca] 199.19.213.152 "GET /v2.0/networks/0204a6e1-bb1c-4174-bfa2-0e8e168c52bd?fields=segments HTTP/1.1" status: 200 len: 212 time: 0.1337464
2026-07-09 14:20:15.161 9 INFO neutron.plugins.ml2.drivers.ovn.mech_driver.mech_driver [None req-385b009b-c5c6-40d7-96a5-e662b6216ca5 - - - - - -] OVN reports status down for port: c7a6082c-eb5f-4aef-a8e4-51d13b7814c6
2026-07-09 14:20:15.188 9 INFO neutron.wsgi [req-02078f91-9928-4c2f-a7e0-210b3cc58426 req-146a38f6-22fd-4c8e-bf00-a3ae13368e2c 98a6fadb8ea840298e4973fcccd1d622 8c40a5055bf74eeb9613dee1aba3e8fe - - a68933338202467fafdc0089282cadca a68933338202467fafdc0089282cadca] 199.19.213.152 "GET /v2.0/networks/53f2a37e-ac73-4a62-83fe-09c9240c63db?fields=segments HTTP/1.1" status: 200 len: 212 time: 0.0770459
2026-07-09 14:20:15.276 9 INFO neutron.wsgi [req-02078f91-9928-4c2f-a7e0-210b3cc58426 req-833abb5c-f95c-4d21-9e60-deb758fbc1a1 98a6fadb8ea840298e4973fcccd1d622 8c40a5055bf74eeb9613dee1aba3e8fe - - a68933338202467fafdc0089282cadca a68933338202467fafdc0089282cadca] 199.19.213.152 "GET /v2.0/networks/53f2a37e-ac73-4a62-83fe-09c9240c63db?fields=provider%3Aphysical_network&fields=provider%3Anetwork_type HTTP/1.1" status: 200 len: 277 time: 0.0801609
2026-07-09 14:20:15.561 10 INFO neutron.wsgi [req-92e1bdba-214a-4857-b42a-b54c6c0c906c req-d94fe86b-b771-4341-8700-960b758c4457 67f0f218dc564723b6f192c5495e4ea4 eb7cae995595471da481588e033b31f3 - - default default] 10.0.0.146 "GET /v2.0/ports?device_id=e84adca4-99b2-4388-8a06-2b631a37afc4 HTTP/1.1" status: 200 len: 1170 time: 0.0869498
2026-07-09 14:20:15.574 10 INFO neutron.wsgi [req-b846c860-01d6-4366-8503-218d77728e11 req-f3add1ea-b5ec-4299-bb1e-8be7b829429c 6c9d6fcaa59e4ec9b54b2a6279141fee 1688c155422b40b396b425cc24f00f8f - - default default] 199.19.213.152 "GET /v2.0/ports?device_id=602e713a-20cc-4bf5-aab5-30ba96bb5317 HTTP/1.1" status: 200 len: 1174 time: 0.4612830
2026-07-09 14:20:15.594 9 INFO neutron.db.ovn_revision_numbers_db [None req-385b009b-c5c6-40d7-96a5-e662b6216ca5 - - - - - -] Successfully bumped revision number for resource c7a6082c-eb5f-4aef-a8e4-51d13b7814c6 (type: ports) to 5
2026-07-09 14:20:15.616 9 INFO neutron.plugins.ml2.drivers.ovn.mech_driver.mech_driver [None req-385b009b-c5c6-40d7-96a5-e662b6216ca5 - - - - - -] OVN reports status down for port: b3196640-b996-4d5e-8ead-09bc848b9bc0
2026-07-09 14:20:15.620 10 INFO neutron.wsgi [req-73196281-5804-4470-863b-c4fc45adf0ef req-4365ed2c-4033-4aa7-a0e7-6a9e68fbd4d9 98a6fadb8ea840298e4973fcccd1d622 8c40a5055bf74eeb9613dee1aba3e8fe - - a68933338202467fafdc0089282cadca a68933338202467fafdc0089282cadca] 199.19.213.152 "GET /v2.0/networks/0204a6e1-bb1c-4174-bfa2-0e8e168c52bd?fields=provider%3Aphysical_network&fields=provider%3Anetwork_type HTTP/1.1" status: 200 len: 277 time: 0.4528911
2026-07-09 14:20:15.680 10 INFO neutron.notifiers.nova [-] Nova event matching ['req-49b5ef8c-912d-48c3-81f6-890fe7457e06'] response: {'name': 'network-changed', 'server_uuid': 'c5245e23-bee7-4bfa-a903-52d1247a0d2c', 'tag': '71a7654d-69b3-410c-87f1-caddcbe4ca8b', 'status': 'completed', 'code': 200}
2026-07-09 14:20:15.718 10 INFO neutron.wsgi [req-92e1bdba-214a-4857-b42a-b54c6c0c906c req-8957f9cd-4151-4f6b-b165-be194712ffa0 67f0f218dc564723b6f192c5495e4ea4 eb7cae995595471da481588e033b31f3 - - default default] 10.0.0.146 "GET /v2.0/security-groups?id=22a744cf-89d1-4172-97d3-a29415506c76&fields=id&fields=name HTTP/1.1" status: 200 len: 313 time: 0.1420593 /var/lib/openstack/lib/python3.10/site-packages/pycadf/identifier.py:71: UserWarning: Invalid uuid: neutron. To ensure interoperability, identifiers should be a valid uuid. warnings.warn(('Invalid uuid: %s. To ensure interoperability, '
2026-07-09 14:20:15.806 10 INFO neutron.wsgi [req-c61a2e6e-0d91-4a00-96c6-11caddeeb5b5 req-2588f4fb-2958-4b5a-98aa-50aa5fca3fc4 98a6fadb8ea840298e4973fcccd1d622 8c40a5055bf74eeb9613dee1aba3e8fe - - a68933338202467fafdc0089282cadca a68933338202467fafdc0089282cadca] 199.19.213.152 "GET /v2.0/ports?tenant_id=9e6a49b1ac34466ebf652accce62f0af&device_id=c5245e23-bee7-4bfa-a903-52d1247a0d2c HTTP/1.1" status: 200 len: 1411 time: 0.0824602
2026-07-09 14:20:15.865 9 INFO neutron.wsgi [req-8448fe75-904a-4fb6-9030-6509e6a05374 req-2d3f3379-a3ee-4bec-bd25-fd7a4488413f e60a31ac54f842ff82f690575acd9701 b364f3eb8b744c109461abe7b4320c9b - - default default] 10.0.0.146 "GET /v2.0/ports?device_id=4a5f6287-b569-4fa0-9a0b-77c5a09e35a1 HTTP/1.1" status: 200 len: 1172 time: 0.1417377
2026-07-09 14:20:15.958 9 INFO neutron.wsgi [req-8448fe75-904a-4fb6-9030-6509e6a05374 req-5e350abf-4378-4f7e-8f3d-c40ae6a95cd7 e60a31ac54f842ff82f690575acd9701 b364f3eb8b744c109461abe7b4320c9b - - default default] 10.0.0.146 "GET /v2.0/security-groups?id=77e4ae89-23ea-47e7-b399-dcff82f325e0&fields=id&fields=name HTTP/1.1" status: 200 len: 313 time: 0.0840394
2026-07-09 14:20:15.996 10 INFO neutron.db.l3_db [req-5eff0bbf-83c3-4ff5-b1be-ca4ef4c8d00b req-4fcf3984-70c1-40bb-90dd-39a2b8f06508 e60a31ac54f842ff82f690575acd9701 b364f3eb8b744c109461abe7b4320c9b - - default default] Floating IP 0ede8676-8ee3-44fc-9605-76a3b1fe64e2 disassociated. External IP: 10.96.250.210, port: 65acfe97-8809-4dd9-bf39-fc6084a18658.
2026-07-09 14:20:16.012 10 INFO neutron.wsgi [req-c61a2e6e-0d91-4a00-96c6-11caddeeb5b5 req-97d30993-3583-43b9-ba48-c408f027cc5c 98a6fadb8ea840298e4973fcccd1d622 8c40a5055bf74eeb9613dee1aba3e8fe - - a68933338202467fafdc0089282cadca a68933338202467fafdc0089282cadca] 199.19.213.152 "GET /v2.0/networks?id=0204a6e1-bb1c-4174-bfa2-0e8e168c52bd HTTP/1.1" status: 200 len: 977 time: 0.1868079
2026-07-09 14:20:16.024 9 INFO neutron.db.ovn_revision_numbers_db [None req-385b009b-c5c6-40d7-96a5-e662b6216ca5 - - - - - -] Successfully bumped revision number for resource b3196640-b996-4d5e-8ead-09bc848b9bc0 (type: ports) to 5 /var/lib/openstack/lib/python3.10/site-packages/pycadf/identifier.py:71: UserWarning: Invalid uuid: neutron. To ensure interoperability, identifiers should be a valid uuid. warnings.warn(('Invalid uuid: %s. To ensure interoperability, '
2026-07-09 14:20:16.042 9 WARNING neutron.plugins.ml2.drivers.ovn.mech_driver.ovsdb.ovn_client [None req-385b009b-c5c6-40d7-96a5-e662b6216ca5 - - - - - -] Logical_Switch_Port %s host information not removed, the port state is up
2026-07-09 14:20:16.043 9 INFO neutron.plugins.ml2.drivers.ovn.mech_driver.mech_driver [None req-385b009b-c5c6-40d7-96a5-e662b6216ca5 - - - - - -] OVN reports status up for port: 71a7654d-69b3-410c-87f1-caddcbe4ca8b
2026-07-09 14:20:16.070 10 INFO neutron.wsgi [req-c61a2e6e-0d91-4a00-96c6-11caddeeb5b5 req-9f13801e-4226-4dbe-8000-31cc7904ea84 98a6fadb8ea840298e4973fcccd1d622 8c40a5055bf74eeb9613dee1aba3e8fe - - a68933338202467fafdc0089282cadca a68933338202467fafdc0089282cadca] 199.19.213.152 "GET /v2.0/floatingips?fixed_ip_address=10.100.0.11&port_id=71a7654d-69b3-410c-87f1-caddcbe4ca8b HTTP/1.1" status: 200 len: 217 time: 0.0499356
2026-07-09 14:20:16.074 9 INFO neutron.plugins.ml2.plugin [None req-385b009b-c5c6-40d7-96a5-e662b6216ca5 - - - - - -] Attempt 1 to provision port 71a7654d-69b3-410c-87f1-caddcbe4ca8b
2026-07-09 14:20:16.150 9 INFO neutron.wsgi [req-071a4ede-96d1-4035-abf8-c61ae60e2477 req-a9d1c7bf-8e99-4008-b7b8-44676db4fff8 6c9d6fcaa59e4ec9b54b2a6279141fee 1688c155422b40b396b425cc24f00f8f - - default default] 10.0.0.146 "GET /v2.0/ports?device_id=602e713a-20cc-4bf5-aab5-30ba96bb5317 HTTP/1.1" status: 200 len: 1172 time: 0.0883999 /var/lib/openstack/lib/python3.10/site-packages/pycadf/identifier.py:71: UserWarning: Invalid uuid: neutron. To ensure interoperability, identifiers should be a valid uuid. warnings.warn(('Invalid uuid: %s. To ensure interoperability, '
2026-07-09 14:20:16.166 10 INFO neutron.wsgi [req-c61a2e6e-0d91-4a00-96c6-11caddeeb5b5 req-a194dcd3-6724-44bd-b861-c43a2207917d 98a6fadb8ea840298e4973fcccd1d622 8c40a5055bf74eeb9613dee1aba3e8fe - - a68933338202467fafdc0089282cadca a68933338202467fafdc0089282cadca] 199.19.213.152 "GET /v2.0/subnets?id=c5387c76-143b-4d7c-9c30-c881514afba2 HTTP/1.1" status: 200 len: 873 time: 0.0830820
2026-07-09 14:20:16.208 10 INFO neutron.wsgi [req-c61a2e6e-0d91-4a00-96c6-11caddeeb5b5 req-b97c33a5-b76d-45ed-8fa3-d769adc87e59 98a6fadb8ea840298e4973fcccd1d622 8c40a5055bf74eeb9613dee1aba3e8fe - - a68933338202467fafdc0089282cadca a68933338202467fafdc0089282cadca] 199.19.213.152 "GET /v2.0/ports?network_id=0204a6e1-bb1c-4174-bfa2-0e8e168c52bd&device_owner=network%3Adhcp HTTP/1.1" status: 200 len: 210 time: 0.0266330
2026-07-09 14:20:16.235 9 INFO neutron.wsgi [req-071a4ede-96d1-4035-abf8-c61ae60e2477 req-ceb5892b-4430-400f-a751-20a7fbeab315 6c9d6fcaa59e4ec9b54b2a6279141fee 1688c155422b40b396b425cc24f00f8f - - default default] 10.0.0.146 "GET /v2.0/security-groups?id=9f879809-d550-4b51-a80a-6ec11d232c8c&fields=id&fields=name HTTP/1.1" status: 200 len: 312 time: 0.0787799
2026-07-09 14:20:16.293 10 INFO neutron.wsgi [req-3492604f-b665-477a-a750-863a7074e114 req-1d7a86e4-a746-405c-8619-a1a96e10b7f7 24055f8b4c854f43a0d3188205751eac 9e6a49b1ac34466ebf652accce62f0af - - default default] 10.0.0.146 "GET /v2.0/ports?device_id=c5245e23-bee7-4bfa-a903-52d1247a0d2c HTTP/1.1" status: 200 len: 1172 time: 0.2497275
2026-07-09 14:20:16.376 10 INFO neutron.wsgi [req-c61a2e6e-0d91-4a00-96c6-11caddeeb5b5 req-4d39a4d6-745d-4886-85f7-f7b7856ddb27 98a6fadb8ea840298e4973fcccd1d622 8c40a5055bf74eeb9613dee1aba3e8fe - - a68933338202467fafdc0089282cadca a68933338202467fafdc0089282cadca] 199.19.213.152 "GET /v2.0/networks/0204a6e1-bb1c-4174-bfa2-0e8e168c52bd?fields=segments HTTP/1.1" status: 200 len: 212 time: 0.1590016
2026-07-09 14:20:16.450 9 INFO neutron.db.ovn_revision_numbers_db [None req-385b009b-c5c6-40d7-96a5-e662b6216ca5 - - - - - -] Successfully bumped revision number for resource 71a7654d-69b3-410c-87f1-caddcbe4ca8b (type: ports) to 4
2026-07-09 14:20:16.459 10 INFO neutron.wsgi [req-3492604f-b665-477a-a750-863a7074e114 req-1583bba6-083f-4dd9-9b93-ef3d0c0b3b60 24055f8b4c854f43a0d3188205751eac 9e6a49b1ac34466ebf652accce62f0af - - default default] 10.0.0.146 "GET /v2.0/security-groups?id=83d106fd-aaa5-4edf-bfa3-e03f00f60048&fields=id&fields=name HTTP/1.1" status: 200 len: 312 time: 0.1559114
2026-07-09 14:20:16.463 10 INFO neutron.wsgi [req-5eff0bbf-83c3-4ff5-b1be-ca4ef4c8d00b req-4fcf3984-70c1-40bb-90dd-39a2b8f06508 e60a31ac54f842ff82f690575acd9701 b364f3eb8b744c109461abe7b4320c9b - - default default] 199.19.213.152 "DELETE /v2.0/ports/65acfe97-8809-4dd9-bf39-fc6084a18658 HTTP/1.1" status: 204 len: 173 time: 1.7519479
2026-07-09 14:20:16.470 9 INFO neutron.notifiers.nova [-] Nova event matching ['req-f28e8404-4580-41f3-be03-7ef6e1074501'] response: {'server_uuid': '4a5f6287-b569-4fa0-9a0b-77c5a09e35a1', 'name': 'network-vif-unplugged', 'status': 'completed', 'tag': '65acfe97-8809-4dd9-bf39-fc6084a18658', 'code': 200}
2026-07-09 14:20:16.470 9 INFO neutron.notifiers.nova [-] Nova event matching ['req-f28e8404-4580-41f3-be03-7ef6e1074501'] response: {'server_uuid': '4a5f6287-b569-4fa0-9a0b-77c5a09e35a1', 'name': 'network-vif-unplugged', 'status': 'completed', 'tag': '65acfe97-8809-4dd9-bf39-fc6084a18658', 'code': 200}
2026-07-09 14:20:16.470 9 INFO neutron.notifiers.nova [-] Nova event matching ['req-f28e8404-4580-41f3-be03-7ef6e1074501'] response: {'server_uuid': '602e713a-20cc-4bf5-aab5-30ba96bb5317', 'name': 'network-vif-unplugged', 'status': 'completed', 'tag': 'c7a6082c-eb5f-4aef-a8e4-51d13b7814c6', 'code': 200}
2026-07-09 14:20:16.470 9 INFO neutron.notifiers.nova [-] Nova event matching ['req-f28e8404-4580-41f3-be03-7ef6e1074501'] response: {'server_uuid': '602e713a-20cc-4bf5-aab5-30ba96bb5317', 'name': 'network-vif-unplugged', 'status': 'completed', 'tag': 'c7a6082c-eb5f-4aef-a8e4-51d13b7814c6', 'code': 200}
2026-07-09 14:20:16.470 9 INFO neutron.notifiers.nova [-] Nova event matching ['req-f28e8404-4580-41f3-be03-7ef6e1074501'] response: {'server_uuid': 'e84adca4-99b2-4388-8a06-2b631a37afc4', 'name': 'network-vif-unplugged', 'status': 'completed', 'tag': 'b3196640-b996-4d5e-8ead-09bc848b9bc0', 'code': 200}
2026-07-09 14:20:16.470 9 INFO neutron.notifiers.nova [-] Nova event matching ['req-f28e8404-4580-41f3-be03-7ef6e1074501'] response: {'server_uuid': 'e84adca4-99b2-4388-8a06-2b631a37afc4', 'name': 'network-vif-unplugged', 'status': 'completed', 'tag': 'b3196640-b996-4d5e-8ead-09bc848b9bc0', 'code': 200}
2026-07-09 14:20:16.470 9 INFO neutron.notifiers.nova [-] Nova event matching ['req-f28e8404-4580-41f3-be03-7ef6e1074501'] response: {'server_uuid': 'c5245e23-bee7-4bfa-a903-52d1247a0d2c', 'name': 'network-vif-plugged', 'status': 'completed', 'tag': '71a7654d-69b3-410c-87f1-caddcbe4ca8b', 'code': 200}
2026-07-09 14:20:16.496 9 INFO neutron.plugins.ml2.drivers.ovn.mech_driver.mech_driver [None req-385b009b-c5c6-40d7-96a5-e662b6216ca5 - - - - - -] OVN reports status up for port: b3196640-b996-4d5e-8ead-09bc848b9bc0
