2026-07-09 14:22:12.949 9 INFO neutron.db.ovn_revision_numbers_db [None req-e444a62b-6da4-4425-9df8-a3edb9a96e71 c2d87ec9ee8649d4844617a0834d099d dd7e20190bf44594911675c743f80818 - - default default] Successfully bumped revision number for resource 8ed8fdb5-e9cb-40ec-a86b-d510cbf2f874 (type: ports) to 1
2026-07-09 14:22:12.995 9 INFO neutron.wsgi [None req-e444a62b-6da4-4425-9df8-a3edb9a96e71 c2d87ec9ee8649d4844617a0834d099d dd7e20190bf44594911675c743f80818 - - default default] 10.0.0.38 "POST /v2.0/networks HTTP/1.1" status: 201 len: 829 time: 0.7450457
2026-07-09 14:22:13.014 9 WARNING neutron_lib.context [None req-e5417dce-e261-4328-8e42-e1bd71fc94dd c2d87ec9ee8649d4844617a0834d099d dd7e20190bf44594911675c743f80818 - - default default] Method 'is_advsvc' is deprecated since 2023.2 release (neutron-lib 3.8.0) and will be removed once support for the old RBAC API policies will be removed from Neutron. Please use method 'is_service_role' instead.
2026-07-09 14:22:13.474 10 INFO neutron.wsgi [None req-badd402b-a58a-4d8d-84f3-0b1821efb37b 81a77bffd09941559906dcca23982b01 382ca9eb4d6543128ddae8b65532b70b - - default default] 10.0.0.38 "DELETE /v2.0/security-groups/d962ae11-7c43-48d8-a90b-b6d1f520f51e HTTP/1.1" status: 204 len: 168 time: 0.7923715
2026-07-09 14:22:13.606 9 INFO neutron.db.ovn_revision_numbers_db [None req-8a83f220-9401-4f27-a0a1-cfbbdb7b9f11 1c12bd7102624fdfb82b2b6a61c6cc60 117fadc272e14fc1bab0f978d3d4f3f8 - - default default] Successfully bumped revision number for resource c90e6b7c-226c-481a-9bd0-7880293bda86 (type: ports) to 2
2026-07-09 14:22:13.622 10 INFO neutron.db.ovn_revision_numbers_db [None req-dec079e8-a78e-4788-9efe-ffefc452f219 - - - - - -] Successfully bumped revision number for resource d9277999-4633-4d62-a71c-5e2856598e62 (type: router_ports) to 3
2026-07-09 14:22:13.635 9 WARNING neutron.scheduler.dhcp_agent_scheduler [None req-e5417dce-e261-4328-8e42-e1bd71fc94dd c2d87ec9ee8649d4844617a0834d099d dd7e20190bf44594911675c743f80818 - - default default] No more DHCP agents
2026-07-09 14:22:13.642 9 WARNING neutron.api.rpc.agentnotifiers.dhcp_rpc_agent_api [None req-e5417dce-e261-4328-8e42-e1bd71fc94dd c2d87ec9ee8649d4844617a0834d099d dd7e20190bf44594911675c743f80818 - - default default] Unable to schedule network 85148569-85c4-4c08-b769-9977e169cdf9: no agents available; will retry on subsequent port and subnet creation events.
2026-07-09 14:22:13.668 9 INFO neutron.db.ovn_revision_numbers_db [None req-8a83f220-9401-4f27-a0a1-cfbbdb7b9f11 1c12bd7102624fdfb82b2b6a61c6cc60 117fadc272e14fc1bab0f978d3d4f3f8 - - default default] Successfully bumped revision number for resource b5d151aa-95b9-4ccd-9937-976ecb359fbc (type: subnets) to 0
2026-07-09 14:22:13.684 10 INFO neutron.services.segments.plugin [-] Segment c23d3931-9a2b-4df3-916a-77f98f73aefd resource provider aggregate not found
2026-07-09 14:22:13.690 9 INFO neutron.wsgi [None req-8a83f220-9401-4f27-a0a1-cfbbdb7b9f11 1c12bd7102624fdfb82b2b6a61c6cc60 117fadc272e14fc1bab0f978d3d4f3f8 - - default default] 10.0.0.38 "POST /v2.0/subnets HTTP/1.1" status: 201 len: 831 time: 1.4733825
2026-07-09 14:22:13.697 10 INFO neutron.services.segments.plugin [-] Segment c23d3931-9a2b-4df3-916a-77f98f73aefd resource provider aggregate not found
2026-07-09 14:22:13.708 10 INFO neutron.services.segments.plugin [-] Segment c23d3931-9a2b-4df3-916a-77f98f73aefd resource provider not found; error: Placement Client Error (4xx): {"errors": [{"status": 404, "title": "Not Found", "detail": "The resource could not be found.\n\n No resource provider with uuid c23d3931-9a2b-4df3-916a-77f98f73aefd found for delete ", "request_id": "req-37c33d07-6622-48cc-b68e-38aadfa0a3c9"}]}
2026-07-09 14:22:13.717 10 INFO neutron.services.segments.plugin [-] Segment c23d3931-9a2b-4df3-916a-77f98f73aefd resource provider not found; error: Placement Client Error (4xx): {"errors": [{"status": 404, "title": "Not Found", "detail": "The resource could not be found.\n\n No resource provider with uuid c23d3931-9a2b-4df3-916a-77f98f73aefd found for delete ", "request_id": "req-47097e6e-397d-468f-9144-59094783904e"}]}
2026-07-09 14:22:13.760 10 INFO neutron.wsgi [None req-6bb6cf69-d0ba-4e99-b2f5-d0e01253282f f0ab0cead0a8482cbd3f46df7ba3237b 4de0a78a0a2d40728a8e4cea88b5411f - - default default] 10.0.0.38 "DELETE /v2.0/networks/451a16f0-719e-4d9a-9ab4-3f8da61bd4b7 HTTP/1.1" status: 204 len: 168 time: 1.0255609
2026-07-09 14:22:13.916 10 INFO neutron.db.ovn_revision_numbers_db [None req-7d218a6b-779b-4107-a7ca-51592ff3e96e 81a77bffd09941559906dcca23982b01 382ca9eb4d6543128ddae8b65532b70b - - default default] Successfully bumped revision number for resource dde6b091-b086-4066-b805-d18c7ff41a5e (type: security_groups) to 1
2026-07-09 14:22:13.945 10 INFO neutron.db.ovn_revision_numbers_db [None req-7d218a6b-779b-4107-a7ca-51592ff3e96e 81a77bffd09941559906dcca23982b01 382ca9eb4d6543128ddae8b65532b70b - - default default] Successfully bumped revision number for resource 4800a0d9-69d9-49d3-9b7e-7e74d9c54941 (type: security_group_rules) to 0
2026-07-09 14:22:13.964 9 WARNING neutron.plugins.ml2.drivers.ovn.mech_driver.ovsdb.ovn_client [None req-385b009b-c5c6-40d7-96a5-e662b6216ca5 - - - - - -] No port found with ID a6850a07-40c5-4a6e-a362-3b52bbd768fa: RuntimeError: No port found with ID a6850a07-40c5-4a6e-a362-3b52bbd768fa
2026-07-09 14:22:13.964 10 INFO neutron.db.ovn_revision_numbers_db [None req-7d218a6b-779b-4107-a7ca-51592ff3e96e 81a77bffd09941559906dcca23982b01 382ca9eb4d6543128ddae8b65532b70b - - default default] Successfully bumped revision number for resource 51f98025-48ec-417e-ab22-fa8d7da4933c (type: security_group_rules) to 0
2026-07-09 14:22:13.973 10 INFO neutron.db.ovn_revision_numbers_db [None req-dec079e8-a78e-4788-9efe-ffefc452f219 - - - - - -] Successfully bumped revision number for resource d9277999-4633-4d62-a71c-5e2856598e62 (type: ports) to 2
2026-07-09 14:22:13.986 10 INFO neutron.db.ovn_revision_numbers_db [None req-7d218a6b-779b-4107-a7ca-51592ff3e96e 81a77bffd09941559906dcca23982b01 382ca9eb4d6543128ddae8b65532b70b - - default default] Successfully bumped revision number for resource b264be18-89dd-4822-8ee0-794d18e3e750 (type: security_group_rules) to 0
2026-07-09 14:22:14.011 10 INFO neutron.db.ovn_revision_numbers_db [None req-7d218a6b-779b-4107-a7ca-51592ff3e96e 81a77bffd09941559906dcca23982b01 382ca9eb4d6543128ddae8b65532b70b - - default default] Successfully bumped revision number for resource ccbd840c-c379-4e9a-8174-09cc62761038 (type: security_group_rules) to 0
2026-07-09 14:22:14.046 10 INFO neutron.wsgi [None req-7d218a6b-779b-4107-a7ca-51592ff3e96e 81a77bffd09941559906dcca23982b01 382ca9eb4d6543128ddae8b65532b70b - - default default] 10.0.0.38 "GET /v2.0/security-groups?tenant_id=662f182607a34a3bbc3fcebfc9f8563f&name=default HTTP/1.1" status: 200 len: 3120 time: 0.4070179
2026-07-09 14:22:14.426 10 INFO neutron.db.ovn_revision_numbers_db [None req-dec079e8-a78e-4788-9efe-ffefc452f219 - - - - - -] Successfully bumped revision number for resource d9277999-4633-4d62-a71c-5e2856598e62 (type: ports) to 4
2026-07-09 14:22:14.695 10 INFO neutron.db.ovn_revision_numbers_db [None req-dec079e8-a78e-4788-9efe-ffefc452f219 - - - - - -] Successfully bumped revision number for resource d9277999-4633-4d62-a71c-5e2856598e62 (type: router_ports) to 4
2026-07-09 14:22:14.739 9 INFO neutron.services.segments.plugin [-] Segment b12d0184-4c85-4d98-a483-dfeb3ae7cc9e resource provider aggregate not found
2026-07-09 14:22:14.750 9 INFO neutron.services.segments.plugin [-] Segment b12d0184-4c85-4d98-a483-dfeb3ae7cc9e resource provider aggregate not found
2026-07-09 14:22:14.771 9 INFO neutron.services.segments.plugin [-] Segment b12d0184-4c85-4d98-a483-dfeb3ae7cc9e resource provider not found; error: Placement Client Error (4xx): {"errors": [{"status": 404, "title": "Not Found", "detail": "The resource could not be found.\n\n No resource provider with uuid b12d0184-4c85-4d98-a483-dfeb3ae7cc9e found for delete ", "request_id": "req-3ab65b7d-fe92-42f7-96f3-f2f364933627"}]}
2026-07-09 14:22:14.775 9 INFO neutron.services.segments.plugin [-] Segment b12d0184-4c85-4d98-a483-dfeb3ae7cc9e resource provider not found; error: Placement Client Error (4xx): {"errors": [{"status": 404, "title": "Not Found", "detail": "The resource could not be found.\n\n No resource provider with uuid b12d0184-4c85-4d98-a483-dfeb3ae7cc9e found for delete ", "request_id": "req-e0fc2083-5339-4356-a2ed-c5d57551ecd6"}]}
2026-07-09 14:22:14.812 9 INFO neutron.wsgi [None req-82fab3c7-0af1-4427-873b-6023f8f91356 81a77bffd09941559906dcca23982b01 382ca9eb4d6543128ddae8b65532b70b - - default default] 10.0.0.38 "DELETE /v2.0/security-groups/dde6b091-b086-4066-b805-d18c7ff41a5e HTTP/1.1" status: 204 len: 168 time: 0.7570734
2026-07-09 14:22:14.847 9 INFO neutron.wsgi [None req-45cfcc6b-742a-4d29-89e2-a74a4e257790 f0ab0cead0a8482cbd3f46df7ba3237b 4de0a78a0a2d40728a8e4cea88b5411f - - default default] 10.0.0.38 "DELETE /v2.0/networks/93b86bb9-8bc2-4e62-9f63-23b9e8a73c96 HTTP/1.1" status: 204 len: 168 time: 1.0797603
2026-07-09 14:22:14.849 9 INFO neutron.db.ovn_revision_numbers_db [None req-e5417dce-e261-4328-8e42-e1bd71fc94dd c2d87ec9ee8649d4844617a0834d099d dd7e20190bf44594911675c743f80818 - - default default] Successfully bumped revision number for resource 8ed8fdb5-e9cb-40ec-a86b-d510cbf2f874 (type: ports) to 2
2026-07-09 14:22:14.861 10 WARNING neutron_lib.context [None req-52e5ec78-1ba0-4f64-ad1b-220cbdb40b06 f0ab0cead0a8482cbd3f46df7ba3237b 4de0a78a0a2d40728a8e4cea88b5411f - - default default] Method 'is_advsvc' is deprecated since 2023.2 release (neutron-lib 3.8.0) and will be removed once support for the old RBAC API policies will be removed from Neutron. Please use method 'is_service_role' instead.
2026-07-09 14:22:14.925 9 INFO neutron.db.ovn_revision_numbers_db [None req-e5417dce-e261-4328-8e42-e1bd71fc94dd c2d87ec9ee8649d4844617a0834d099d dd7e20190bf44594911675c743f80818 - - default default] Successfully bumped revision number for resource dcd72d9f-d0f8-40b1-87c1-2f4b34166282 (type: subnets) to 0
2026-07-09 14:22:14.948 9 INFO neutron.wsgi [None req-e5417dce-e261-4328-8e42-e1bd71fc94dd c2d87ec9ee8649d4844617a0834d099d dd7e20190bf44594911675c743f80818 - - default default] 10.0.0.38 "POST /v2.0/subnets HTTP/1.1" status: 201 len: 801 time: 1.9407969
2026-07-09 14:22:14.973 10 WARNING neutron_lib.context [None req-56e339cc-e922-46de-876e-91674284a51a c2d87ec9ee8649d4844617a0834d099d dd7e20190bf44594911675c743f80818 - - default default] Method 'is_advsvc' is deprecated since 2023.2 release (neutron-lib 3.8.0) and will be removed once support for the old RBAC API policies will be removed from Neutron. Please use method 'is_service_role' instead.
2026-07-09 14:22:14.994 10 INFO neutron.db.segments_db [None req-52e5ec78-1ba0-4f64-ad1b-220cbdb40b06 f0ab0cead0a8482cbd3f46df7ba3237b 4de0a78a0a2d40728a8e4cea88b5411f - - default default] Added segment 0c332f7f-0771-444e-a468-1a84058c4d7a of type geneve for network 4c6f7354-943a-4f7d-aef3-9ff483f14885
2026-07-09 14:22:15.003 9 WARNING neutron.scheduler.dhcp_agent_scheduler [None req-b05b08a0-6d71-4b1b-9581-1cae152a2db4 1c12bd7102624fdfb82b2b6a61c6cc60 117fadc272e14fc1bab0f978d3d4f3f8 - - default default] No more DHCP agents
2026-07-09 14:22:15.012 9 WARNING neutron.api.rpc.agentnotifiers.dhcp_rpc_agent_api [None req-b05b08a0-6d71-4b1b-9581-1cae152a2db4 1c12bd7102624fdfb82b2b6a61c6cc60 117fadc272e14fc1bab0f978d3d4f3f8 - - default default] Unable to schedule network fff6c0ec-e000-4698-bf89-ea1eb6f99c0d: no agents available; will retry on subsequent port and subnet creation events.
2026-07-09 14:22:15.155 10 INFO neutron.db.ovn_revision_numbers_db [None req-56e339cc-e922-46de-876e-91674284a51a c2d87ec9ee8649d4844617a0834d099d dd7e20190bf44594911675c743f80818 - - default default] Successfully bumped revision number for resource 765317ca-bd97-47f7-961a-4161456e63a4 (type: routers) to 1
2026-07-09 14:22:15.196 10 INFO neutron.wsgi [None req-56e339cc-e922-46de-876e-91674284a51a c2d87ec9ee8649d4844617a0834d099d dd7e20190bf44594911675c743f80818 - - default default] 10.0.0.38 "POST /v2.0/routers HTTP/1.1" status: 201 len: 802 time: 0.2298019
2026-07-09 14:22:15.204 9 INFO neutron.db.ovn_revision_numbers_db [None req-b05b08a0-6d71-4b1b-9581-1cae152a2db4 1c12bd7102624fdfb82b2b6a61c6cc60 117fadc272e14fc1bab0f978d3d4f3f8 - - default default] Successfully bumped revision number for resource 49787351-9bb6-4d6c-91c6-964407dfeb7e (type: ports) to 1
2026-07-09 14:22:15.247 10 INFO neutron.db.ovn_revision_numbers_db [None req-52e5ec78-1ba0-4f64-ad1b-220cbdb40b06 f0ab0cead0a8482cbd3f46df7ba3237b 4de0a78a0a2d40728a8e4cea88b5411f - - default default] Successfully bumped revision number for resource 4c6f7354-943a-4f7d-aef3-9ff483f14885 (type: networks) to 1
2026-07-09 14:22:15.558 10 WARNING neutron.scheduler.dhcp_agent_scheduler [None req-52e5ec78-1ba0-4f64-ad1b-220cbdb40b06 f0ab0cead0a8482cbd3f46df7ba3237b 4de0a78a0a2d40728a8e4cea88b5411f - - default default] No more DHCP agents
2026-07-09 14:22:15.561 10 WARNING neutron.api.rpc.agentnotifiers.dhcp_rpc_agent_api [None req-52e5ec78-1ba0-4f64-ad1b-220cbdb40b06 f0ab0cead0a8482cbd3f46df7ba3237b 4de0a78a0a2d40728a8e4cea88b5411f - - default default] Unable to schedule network 4c6f7354-943a-4f7d-aef3-9ff483f14885: no agents available; will retry on subsequent port and subnet creation events.
2026-07-09 14:22:15.679 10 INFO neutron.db.ovn_revision_numbers_db [None req-52e5ec78-1ba0-4f64-ad1b-220cbdb40b06 f0ab0cead0a8482cbd3f46df7ba3237b 4de0a78a0a2d40728a8e4cea88b5411f - - default default] Successfully bumped revision number for resource 531fafe0-fe1d-4599-8a9d-f334e2559df7 (type: ports) to 1
2026-07-09 14:22:15.711 10 INFO neutron.wsgi [None req-52e5ec78-1ba0-4f64-ad1b-220cbdb40b06 f0ab0cead0a8482cbd3f46df7ba3237b 4de0a78a0a2d40728a8e4cea88b5411f - - default default] 10.0.0.38 "POST /v2.0/networks HTTP/1.1" status: 201 len: 833 time: 0.8571448
2026-07-09 14:22:15.724 10 WARNING neutron_lib.context [None req-03cdaffe-a73b-4f0d-86ad-6aabab326b86 f0ab0cead0a8482cbd3f46df7ba3237b 4de0a78a0a2d40728a8e4cea88b5411f - - default default] Method 'is_advsvc' is deprecated since 2023.2 release (neutron-lib 3.8.0) and will be removed once support for the old RBAC API policies will be removed from Neutron. Please use method 'is_service_role' instead.
2026-07-09 14:22:16.108 10 WARNING neutron.scheduler.dhcp_agent_scheduler [None req-5f145628-8d2b-4282-bc6f-74eb8a243ee5 c2d87ec9ee8649d4844617a0834d099d dd7e20190bf44594911675c743f80818 - - default default] No more DHCP agents
2026-07-09 14:22:16.109 10 WARNING neutron.api.rpc.agentnotifiers.dhcp_rpc_agent_api [None req-5f145628-8d2b-4282-bc6f-74eb8a243ee5 c2d87ec9ee8649d4844617a0834d099d dd7e20190bf44594911675c743f80818 - - default default] Unable to schedule network 85148569-85c4-4c08-b769-9977e169cdf9: no agents available; will retry on subsequent port and subnet creation events.
2026-07-09 14:22:16.144 9 ERROR ovsdbapp.backend.ovs_idl.command [None req-b05b08a0-6d71-4b1b-9581-1cae152a2db4 1c12bd7102624fdfb82b2b6a61c6cc60 117fadc272e14fc1bab0f978d3d4f3f8 - - default default] Error executing command (DbGetCommand): ovsdbapp.backend.ovs_idl.idlutils.RowNotFound: Cannot find Logical_Router_Port with name=lrp-49787351-9bb6-4d6c-91c6-964407dfeb7e
2026-07-09 14:22:16.144 9 ERROR ovsdbapp.backend.ovs_idl.command
Traceback (most recent call last):
2026-07-09 14:22:16.144 9 ERROR ovsdbapp.backend.ovs_idl.command
File "/var/lib/openstack/lib/python3.10/site-packages/ovsdbapp/backend/ovs_idl/command.py", line 47, in execute
2026-07-09 14:22:16.144 9 ERROR ovsdbapp.backend.ovs_idl.command self.run_idl(None)
2026-07-09 14:22:16.144 9 ERROR ovsdbapp.backend.ovs_idl.command
File "/var/lib/openstack/lib/python3.10/site-packages/ovsdbapp/backend/ovs_idl/command.py", line 235, in run_idl
2026-07-09 14:22:16.144 9 ERROR ovsdbapp.backend.ovs_idl.command record = self.api.lookup(self.table, self.record)
2026-07-09 14:22:16.144 9 ERROR ovsdbapp.backend.ovs_idl.command
File "/var/lib/openstack/lib/python3.10/site-packages/ovsdbapp/backend/ovs_idl/__init__.py", line 184, in lookup
2026-07-09 14:22:16.144 9 ERROR ovsdbapp.backend.ovs_idl.command return self._lookup(table, record)
2026-07-09 14:22:16.144 9 ERROR ovsdbapp.backend.ovs_idl.command
File "/var/lib/openstack/lib/python3.10/site-packages/ovsdbapp/backend/ovs_idl/__init__.py", line 235, in _lookup
2026-07-09 14:22:16.144 9 ERROR ovsdbapp.backend.ovs_idl.command row = idlutils.row_by_value(self, rl.table, rl.column, record)
2026-07-09 14:22:16.144 9 ERROR ovsdbapp.backend.ovs_idl.command
File "/var/lib/openstack/lib/python3.10/site-packages/ovsdbapp/backend/ovs_idl/idlutils.py", line 114, in row_by_value
2026-07-09 14:22:16.144 9 ERROR ovsdbapp.backend.ovs_idl.command raise RowNotFound(table=table, col=column, match=match)
2026-07-09 14:22:16.144 9 ERROR ovsdbapp.backend.ovs_idl.command ovsdbapp.backend.ovs_idl.idlutils.RowNotFound: Cannot find Logical_Router_Port with name=lrp-49787351-9bb6-4d6c-91c6-964407dfeb7e
2026-07-09 14:22:16.144 9 ERROR ovsdbapp.backend.ovs_idl.command 
2026-07-09 14:22:16.144 9 ERROR neutron_lib.callbacks.manager [None req-b05b08a0-6d71-4b1b-9581-1cae152a2db4 1c12bd7102624fdfb82b2b6a61c6cc60 117fadc272e14fc1bab0f978d3d4f3f8 - - default default] Error during notification for neutron.services.ovn_l3.plugin.OVNL3RouterPlugin._port_update-8737824364253 port, after_update: ovsdbapp.backend.ovs_idl.idlutils.RowNotFound: Cannot find Logical_Router_Port with name=lrp-49787351-9bb6-4d6c-91c6-964407dfeb7e
2026-07-09 14:22:16.144 9 ERROR neutron_lib.callbacks.manager
Traceback (most recent call last):
2026-07-09 14:22:16.144 9 ERROR neutron_lib.callbacks.manager
File "/var/lib/openstack/lib/python3.10/site-packages/neutron_lib/callbacks/manager.py", line 189, in _notify_loop
2026-07-09 14:22:16.144 9 ERROR neutron_lib.callbacks.manager callback.method(resource, event, trigger, payload=payload)
2026-07-09 14:22:16.144 9 ERROR neutron_lib.callbacks.manager
File "/var/lib/openstack/lib/python3.10/site-packages/neutron/services/ovn_l3/plugin.py", line 391, in _port_update
2026-07-09 14:22:16.144 9 ERROR neutron_lib.callbacks.manager l3plugin._ovn_client.update_router_port(context,
2026-07-09 14:22:16.144 9 ERROR neutron_lib.callbacks.manager
File "/var/lib/openstack/lib/python3.10/site-packages/neutron/plugins/ml2/drivers/ovn/mech_driver/ovsdb/ovn_client.py", line 1878, in update_router_port
2026-07-09 14:22:16.144 9 ERROR neutron_lib.callbacks.manager self._update_lrouter_port(context, port, if_exists=if_exists,
2026-07-09 14:22:16.144 9 ERROR neutron_lib.callbacks.manager
File "/var/lib/openstack/lib/python3.10/site-packages/neutron/plugins/ml2/drivers/ovn/mech_driver/ovsdb/ovn_client.py", line 1855, in _update_lrouter_port
2026-07-09 14:22:16.144 9 ERROR neutron_lib.callbacks.manager external_ids = self._nb_idl.db_get(
2026-07-09 14:22:16.144 9 ERROR neutron_lib.callbacks.manager
File "/var/lib/openstack/lib/python3.10/site-packages/ovsdbapp/backend/ovs_idl/command.py", line 47, in execute
2026-07-09 14:22:16.144 9 ERROR neutron_lib.callbacks.manager self.run_idl(None)
2026-07-09 14:22:16.144 9 ERROR neutron_lib.callbacks.manager
File "/var/lib/openstack/lib/python3.10/site-packages/ovsdbapp/backend/ovs_idl/command.py", line 235, in run_idl
2026-07-09 14:22:16.144 9 ERROR neutron_lib.callbacks.manager record = self.api.lookup(self.table, self.record)
2026-07-09 14:22:16.144 9 ERROR neutron_lib.callbacks.manager
File "/var/lib/openstack/lib/python3.10/site-packages/ovsdbapp/backend/ovs_idl/__init__.py", line 184, in lookup
2026-07-09 14:22:16.144 9 ERROR neutron_lib.callbacks.manager return self._lookup(table, record)
2026-07-09 14:22:16.144 9 ERROR neutron_lib.callbacks.manager
File "/var/lib/openstack/lib/python3.10/site-packages/ovsdbapp/backend/ovs_idl/__init__.py", line 235, in _lookup
2026-07-09 14:22:16.144 9 ERROR neutron_lib.callbacks.manager row = idlutils.row_by_value(self, rl.table, rl.column, record)
2026-07-09 14:22:16.144 9 ERROR neutron_lib.callbacks.manager
File "/var/lib/openstack/lib/python3.10/site-packages/ovsdbapp/backend/ovs_idl/idlutils.py", line 114, in row_by_value
2026-07-09 14:22:16.144 9 ERROR neutron_lib.callbacks.manager raise RowNotFound(table=table, col=column, match=match)
2026-07-09 14:22:16.144 9 ERROR neutron_lib.callbacks.manager ovsdbapp.backend.ovs_idl.idlutils.RowNotFound: Cannot find Logical_Router_Port with name=lrp-49787351-9bb6-4d6c-91c6-964407dfeb7e
2026-07-09 14:22:16.144 9 ERROR neutron_lib.callbacks.manager 
2026-07-09 14:22:16.303 10 WARNING neutron.scheduler.dhcp_agent_scheduler [None req-03cdaffe-a73b-4f0d-86ad-6aabab326b86 f0ab0cead0a8482cbd3f46df7ba3237b 4de0a78a0a2d40728a8e4cea88b5411f - - default default] No more DHCP agents
2026-07-09 14:22:16.306 10 WARNING neutron.api.rpc.agentnotifiers.dhcp_rpc_agent_api [None req-03cdaffe-a73b-4f0d-86ad-6aabab326b86 f0ab0cead0a8482cbd3f46df7ba3237b 4de0a78a0a2d40728a8e4cea88b5411f - - default default] Unable to schedule network 4c6f7354-943a-4f7d-aef3-9ff483f14885: no agents available; will retry on subsequent port and subnet creation events.
2026-07-09 14:22:16.346 9 INFO neutron.plugins.ml2.drivers.ovn.mech_driver.mech_driver [None req-385b009b-c5c6-40d7-96a5-e662b6216ca5 - - - - - -] OVN reports status up for port: 49787351-9bb6-4d6c-91c6-964407dfeb7e
2026-07-09 14:22:16.359 10 INFO neutron.db.ovn_revision_numbers_db [None req-5f145628-8d2b-4282-bc6f-74eb8a243ee5 c2d87ec9ee8649d4844617a0834d099d dd7e20190bf44594911675c743f80818 - - default default] Successfully bumped revision number for resource 0a2c53b1-4c24-4456-b492-99d59fbf573b (type: ports) to 1
2026-07-09 14:22:16.364 10 INFO neutron.db.ovn_revision_numbers_db [None req-03cdaffe-a73b-4f0d-86ad-6aabab326b86 f0ab0cead0a8482cbd3f46df7ba3237b 4de0a78a0a2d40728a8e4cea88b5411f - - default default] Successfully bumped revision number for resource 91af5b2d-f58e-4569-96cb-34563a761bb1 (type: subnets) to 0
2026-07-09 14:22:16.364 9 INFO neutron.plugins.ml2.plugin [None req-385b009b-c5c6-40d7-96a5-e662b6216ca5 - - - - - -] Attempt 1 to provision port 49787351-9bb6-4d6c-91c6-964407dfeb7e
2026-07-09 14:22:16.382 9 INFO neutron.db.ovn_revision_numbers_db [None req-b05b08a0-6d71-4b1b-9581-1cae152a2db4 1c12bd7102624fdfb82b2b6a61c6cc60 117fadc272e14fc1bab0f978d3d4f3f8 - - default default] Successfully bumped revision number for resource 49787351-9bb6-4d6c-91c6-964407dfeb7e (type: ports) to 1
2026-07-09 14:22:16.403 10 INFO neutron.wsgi [None req-03cdaffe-a73b-4f0d-86ad-6aabab326b86 f0ab0cead0a8482cbd3f46df7ba3237b 4de0a78a0a2d40728a8e4cea88b5411f - - default default] 10.0.0.38 "POST /v2.0/subnets HTTP/1.1" status: 201 len: 821 time: 0.6835427
2026-07-09 14:22:16.415 10 WARNING neutron_lib.context [None req-c4b72acb-01c8-42f5-a8c6-ce7a5a3ee31e f0ab0cead0a8482cbd3f46df7ba3237b 4de0a78a0a2d40728a8e4cea88b5411f - - default default] Method 'is_advsvc' is deprecated since 2023.2 release (neutron-lib 3.8.0) and will be removed once support for the old RBAC API policies will be removed from Neutron. Please use method 'is_service_role' instead.
2026-07-09 14:22:16.473 9 WARNING neutron.scheduler.dhcp_agent_scheduler [None req-b05b08a0-6d71-4b1b-9581-1cae152a2db4 1c12bd7102624fdfb82b2b6a61c6cc60 117fadc272e14fc1bab0f978d3d4f3f8 - - default default] No more DHCP agents
2026-07-09 14:22:16.476 9 WARNING neutron.api.rpc.agentnotifiers.dhcp_rpc_agent_api [None req-b05b08a0-6d71-4b1b-9581-1cae152a2db4 1c12bd7102624fdfb82b2b6a61c6cc60 117fadc272e14fc1bab0f978d3d4f3f8 - - default default] Unable to schedule network fff6c0ec-e000-4698-bf89-ea1eb6f99c0d: no agents available; will retry on subsequent port and subnet creation events.
2026-07-09 14:22:16.586 10 INFO neutron.db.ovn_revision_numbers_db [None req-c4b72acb-01c8-42f5-a8c6-ce7a5a3ee31e f0ab0cead0a8482cbd3f46df7ba3237b 4de0a78a0a2d40728a8e4cea88b5411f - - default default] Successfully bumped revision number for resource 1f1ff5cb-952e-4261-b855-acf8577ac9f9 (type: routers) to 1
2026-07-09 14:22:16.615 10 INFO neutron.wsgi [None req-c4b72acb-01c8-42f5-a8c6-ce7a5a3ee31e f0ab0cead0a8482cbd3f46df7ba3237b 4de0a78a0a2d40728a8e4cea88b5411f - - default default] 10.0.0.38 "POST /v2.0/routers HTTP/1.1" status: 201 len: 805 time: 0.2058489
2026-07-09 14:22:16.633 9 WARNING neutron_lib.context [None req-d10e6c3a-64a2-423e-9335-a313749309be f0ab0cead0a8482cbd3f46df7ba3237b 4de0a78a0a2d40728a8e4cea88b5411f - - default default] Method 'is_advsvc' is deprecated since 2023.2 release (neutron-lib 3.8.0) and will be removed once support for the old RBAC API policies will be removed from Neutron. Please use method 'is_service_role' instead.
2026-07-09 14:22:16.953 10 ERROR ovsdbapp.backend.ovs_idl.command [None req-5f145628-8d2b-4282-bc6f-74eb8a243ee5 c2d87ec9ee8649d4844617a0834d099d dd7e20190bf44594911675c743f80818 - - default default] Error executing command (DbGetCommand): ovsdbapp.backend.ovs_idl.idlutils.RowNotFound: Cannot find Logical_Router_Port with name=lrp-0a2c53b1-4c24-4456-b492-99d59fbf573b
2026-07-09 14:22:16.953 10 ERROR ovsdbapp.backend.ovs_idl.command
Traceback (most recent call last):
2026-07-09 14:22:16.953 10 ERROR ovsdbapp.backend.ovs_idl.command
File "/var/lib/openstack/lib/python3.10/site-packages/ovsdbapp/backend/ovs_idl/command.py", line 47, in execute
2026-07-09 14:22:16.953 10 ERROR ovsdbapp.backend.ovs_idl.command self.run_idl(None)
2026-07-09 14:22:16.953 10 ERROR ovsdbapp.backend.ovs_idl.command
File "/var/lib/openstack/lib/python3.10/site-packages/ovsdbapp/backend/ovs_idl/command.py", line 235, in run_idl
2026-07-09 14:22:16.953 10 ERROR ovsdbapp.backend.ovs_idl.command record = self.api.lookup(self.table, self.record)
2026-07-09 14:22:16.953 10 ERROR ovsdbapp.backend.ovs_idl.command
File "/var/lib/openstack/lib/python3.10/site-packages/ovsdbapp/backend/ovs_idl/__init__.py", line 184, in lookup
2026-07-09 14:22:16.953 10 ERROR ovsdbapp.backend.ovs_idl.command return self._lookup(table, record)
2026-07-09 14:22:16.953 10 ERROR ovsdbapp.backend.ovs_idl.command
File "/var/lib/openstack/lib/python3.10/site-packages/ovsdbapp/backend/ovs_idl/__init__.py", line 235, in _lookup
2026-07-09 14:22:16.953 10 ERROR ovsdbapp.backend.ovs_idl.command row = idlutils.row_by_value(self, rl.table, rl.column, record)
2026-07-09 14:22:16.953 10 ERROR ovsdbapp.backend.ovs_idl.command
File "/var/lib/openstack/lib/python3.10/site-packages/ovsdbapp/backend/ovs_idl/idlutils.py", line 114, in row_by_value
2026-07-09 14:22:16.953 10 ERROR ovsdbapp.backend.ovs_idl.command raise RowNotFound(table=table, col=column, match=match)
2026-07-09 14:22:16.953 10 ERROR ovsdbapp.backend.ovs_idl.command ovsdbapp.backend.ovs_idl.idlutils.RowNotFound: Cannot find Logical_Router_Port with name=lrp-0a2c53b1-4c24-4456-b492-99d59fbf573b
2026-07-09 14:22:16.953 10 ERROR ovsdbapp.backend.ovs_idl.command 
2026-07-09 14:22:16.954 10 ERROR neutron_lib.callbacks.manager [None req-5f145628-8d2b-4282-bc6f-74eb8a243ee5 c2d87ec9ee8649d4844617a0834d099d dd7e20190bf44594911675c743f80818 - - default default] Error during notification for neutron.services.ovn_l3.plugin.OVNL3RouterPlugin._port_update-8737824364253 port, after_update: ovsdbapp.backend.ovs_idl.idlutils.RowNotFound: Cannot find Logical_Router_Port with name=lrp-0a2c53b1-4c24-4456-b492-99d59fbf573b
2026-07-09 14:22:16.954 10 ERROR neutron_lib.callbacks.manager
Traceback (most recent call last):
2026-07-09 14:22:16.954 10 ERROR neutron_lib.callbacks.manager
File "/var/lib/openstack/lib/python3.10/site-packages/neutron_lib/callbacks/manager.py", line 189, in _notify_loop
2026-07-09 14:22:16.954 10 ERROR neutron_lib.callbacks.manager callback.method(resource, event, trigger, payload=payload)
2026-07-09 14:22:16.954 10 ERROR neutron_lib.callbacks.manager
File "/var/lib/openstack/lib/python3.10/site-packages/neutron/services/ovn_l3/plugin.py", line 391, in _port_update
2026-07-09 14:22:16.954 10 ERROR neutron_lib.callbacks.manager l3plugin._ovn_client.update_router_port(context,
2026-07-09 14:22:16.954 10 ERROR neutron_lib.callbacks.manager
File "/var/lib/openstack/lib/python3.10/site-packages/neutron/plugins/ml2/drivers/ovn/mech_driver/ovsdb/ovn_client.py", line 1878, in update_router_port
2026-07-09 14:22:16.954 10 ERROR neutron_lib.callbacks.manager self._update_lrouter_port(context, port, if_exists=if_exists,
2026-07-09 14:22:16.954 10 ERROR neutron_lib.callbacks.manager
File "/var/lib/openstack/lib/python3.10/site-packages/neutron/plugins/ml2/drivers/ovn/mech_driver/ovsdb/ovn_client.py", line 1855, in _update_lrouter_port
2026-07-09 14:22:16.954 10 ERROR neutron_lib.callbacks.manager external_ids = self._nb_idl.db_get(
2026-07-09 14:22:16.954 10 ERROR neutron_lib.callbacks.manager
File "/var/lib/openstack/lib/python3.10/site-packages/ovsdbapp/backend/ovs_idl/command.py", line 47, in execute
2026-07-09 14:22:16.954 10 ERROR neutron_lib.callbacks.manager self.run_idl(None)
2026-07-09 14:22:16.954 10 ERROR neutron_lib.callbacks.manager
File "/var/lib/openstack/lib/python3.10/site-packages/ovsdbapp/backend/ovs_idl/command.py", line 235, in run_idl
2026-07-09 14:22:16.954 10 ERROR neutron_lib.callbacks.manager record = self.api.lookup(self.table, self.record)
2026-07-09 14:22:16.954 10 ERROR neutron_lib.callbacks.manager
File "/var/lib/openstack/lib/python3.10/site-packages/ovsdbapp/backend/ovs_idl/__init__.py", line 184, in lookup
2026-07-09 14:22:16.954 10 ERROR neutron_lib.callbacks.manager return self._lookup(table, record)
2026-07-09 14:22:16.954 10 ERROR neutron_lib.callbacks.manager
File "/var/lib/openstack/lib/python3.10/site-packages/ovsdbapp/backend/ovs_idl/__init__.py", line 235, in _lookup
2026-07-09 14:22:16.954 10 ERROR neutron_lib.callbacks.manager row = idlutils.row_by_value(self, rl.table, rl.column, record)
2026-07-09 14:22:16.954 10 ERROR neutron_lib.callbacks.manager
File "/var/lib/openstack/lib/python3.10/site-packages/ovsdbapp/backend/ovs_idl/idlutils.py", line 114, in row_by_value
2026-07-09 14:22:16.954 10 ERROR neutron_lib.callbacks.manager raise RowNotFound(table=table, col=column, match=match)
2026-07-09 14:22:16.954 10 ERROR neutron_lib.callbacks.manager ovsdbapp.backend.ovs_idl.idlutils.RowNotFound: Cannot find Logical_Router_Port with name=lrp-0a2c53b1-4c24-4456-b492-99d59fbf573b
2026-07-09 14:22:16.954 10 ERROR neutron_lib.callbacks.manager 
2026-07-09 14:22:17.038 9 INFO neutron.db.ovn_revision_numbers_db [None req-b05b08a0-6d71-4b1b-9581-1cae152a2db4 1c12bd7102624fdfb82b2b6a61c6cc60 117fadc272e14fc1bab0f978d3d4f3f8 - - default default] Successfully bumped revision number for resource 49787351-9bb6-4d6c-91c6-964407dfeb7e (type: router_ports) to 1
2026-07-09 14:22:17.046 9 INFO neutron.wsgi [None req-b05b08a0-6d71-4b1b-9581-1cae152a2db4 1c12bd7102624fdfb82b2b6a61c6cc60 117fadc272e14fc1bab0f978d3d4f3f8 - - default default] 10.0.0.38 "PUT /v2.0/routers/bdced59a-28f2-4247-ab5a-5eeeb1b18bb0/add_router_interface HTTP/1.1" status: 200 len: 503 time: 3.3505404
2026-07-09 14:22:17.054 9 INFO neutron.db.ovn_revision_numbers_db [None req-385b009b-c5c6-40d7-96a5-e662b6216ca5 - - - - - -] Successfully bumped revision number for resource 49787351-9bb6-4d6c-91c6-964407dfeb7e (type: ports) to 2
2026-07-09 14:22:17.193 10 INFO neutron.wsgi [None req-f6ca8eb6-a0d2-42fe-8863-1f575a2de0f5 2f102577277a4b68bfd9ca7c8bbfa2af d412b1491f9e4f4ea61b95cd01fa208d - - default default] 10.0.0.38 "GET /v2.0/networks HTTP/1.1" status: 200 len: 4604 time: 0.1412895
2026-07-09 14:22:17.269 9 WARNING neutron.scheduler.dhcp_agent_scheduler [None req-d10e6c3a-64a2-423e-9335-a313749309be f0ab0cead0a8482cbd3f46df7ba3237b 4de0a78a0a2d40728a8e4cea88b5411f - - default default] No more DHCP agents
2026-07-09 14:22:17.273 9 WARNING neutron.api.rpc.agentnotifiers.dhcp_rpc_agent_api [None req-d10e6c3a-64a2-423e-9335-a313749309be f0ab0cead0a8482cbd3f46df7ba3237b 4de0a78a0a2d40728a8e4cea88b5411f - - default default] Unable to schedule network 4c6f7354-943a-4f7d-aef3-9ff483f14885: no agents available; will retry on subsequent port and subnet creation events.
2026-07-09 14:22:17.286 9 INFO neutron.db.ovn_revision_numbers_db [None req-385b009b-c5c6-40d7-96a5-e662b6216ca5 - - - - - -] Successfully bumped revision number for resource 49787351-9bb6-4d6c-91c6-964407dfeb7e (type: router_ports) to 2
2026-07-09 14:22:17.291 10 INFO neutron.wsgi [None req-3f10395f-b30c-427e-9dea-93b4b7785d7a 2f102577277a4b68bfd9ca7c8bbfa2af d412b1491f9e4f4ea61b95cd01fa208d - - default default] 10.0.0.38 "GET /v2.0/subnets HTTP/1.1" status: 200 len: 3336 time: 0.0939579
2026-07-09 14:22:17.411 10 INFO neutron.plugins.ml2.drivers.ovn.mech_driver.mech_driver [None req-b7f09dd7-66e4-4e23-b4b0-b3d8561965c0 - - - - - -] OVN reports status up for port: 0a2c53b1-4c24-4456-b492-99d59fbf573b
2026-07-09 14:22:17.412 9 INFO neutron.db.ovn_revision_numbers_db [None req-d10e6c3a-64a2-423e-9335-a313749309be f0ab0cead0a8482cbd3f46df7ba3237b 4de0a78a0a2d40728a8e4cea88b5411f - - default default] Successfully bumped revision number for resource 33100719-5a78-4ded-b9da-af3934d1bec1 (type: ports) to 1
2026-07-09 14:22:17.439 9 INFO neutron.wsgi [None req-d10e6c3a-64a2-423e-9335-a313749309be f0ab0cead0a8482cbd3f46df7ba3237b 4de0a78a0a2d40728a8e4cea88b5411f - - default default] 10.0.0.38 "POST /v2.0/ports HTTP/1.1" status: 201 len: 1162 time: 0.8194742
2026-07-09 14:22:17.444 10 INFO neutron.plugins.ml2.plugin [None req-b7f09dd7-66e4-4e23-b4b0-b3d8561965c0 - - - - - -] Attempt 1 to provision port 0a2c53b1-4c24-4456-b492-99d59fbf573b /var/lib/openstack/lib/python3.10/site-packages/pycadf/identifier.py:71: UserWarning: Invalid uuid: neutron. To ensure interoperability, identifiers should be a valid uuid. warnings.warn(('Invalid uuid: %s. To ensure interoperability, '
2026-07-09 14:22:17.487 10 INFO neutron.db.ovn_revision_numbers_db [None req-5f145628-8d2b-4282-bc6f-74eb8a243ee5 c2d87ec9ee8649d4844617a0834d099d dd7e20190bf44594911675c743f80818 - - default default] Successfully bumped revision number for resource 0a2c53b1-4c24-4456-b492-99d59fbf573b (type: ports) to 1
2026-07-09 14:22:17.506 10 INFO neutron.wsgi [None req-cb176291-c09b-4b88-9a36-503b0e50776f 2f102577277a4b68bfd9ca7c8bbfa2af d412b1491f9e4f4ea61b95cd01fa208d - - default default] 10.0.0.38 "GET /v2.0/routers HTTP/1.1" status: 200 len: 2396 time: 0.2088723
2026-07-09 14:22:17.559 9 WARNING neutron_lib.context [None req-1c6e86f0-ed75-43e2-a9eb-343a4cedbe06 1c12bd7102624fdfb82b2b6a61c6cc60 117fadc272e14fc1bab0f978d3d4f3f8 - - default default] Method 'is_advsvc' is deprecated since 2023.2 release (neutron-lib 3.8.0) and will be removed once support for the old RBAC API policies will be removed from Neutron. Please use method 'is_service_role' instead.
2026-07-09 14:22:17.599 10 WARNING neutron.scheduler.dhcp_agent_scheduler [None req-5f145628-8d2b-4282-bc6f-74eb8a243ee5 c2d87ec9ee8649d4844617a0834d099d dd7e20190bf44594911675c743f80818 - - default default] No more DHCP agents
2026-07-09 14:22:17.605 10 WARNING neutron.api.rpc.agentnotifiers.dhcp_rpc_agent_api [None req-5f145628-8d2b-4282-bc6f-74eb8a243ee5 c2d87ec9ee8649d4844617a0834d099d dd7e20190bf44594911675c743f80818 - - default default] Unable to schedule network 85148569-85c4-4c08-b769-9977e169cdf9: no agents available; will retry on subsequent port and subnet creation events.
2026-07-09 14:22:17.814 9 INFO neutron.db.ovn_revision_numbers_db [None req-1c6e86f0-ed75-43e2-a9eb-343a4cedbe06 1c12bd7102624fdfb82b2b6a61c6cc60 117fadc272e14fc1bab0f978d3d4f3f8 - - default default] Successfully bumped revision number for resource 0830b29d-1adc-45c3-9ebd-e5c94871b576 (type: security_groups) to 1
2026-07-09 14:22:17.862 9 INFO neutron.db.ovn_revision_numbers_db [None req-1c6e86f0-ed75-43e2-a9eb-343a4cedbe06 1c12bd7102624fdfb82b2b6a61c6cc60 117fadc272e14fc1bab0f978d3d4f3f8 - - default default] Successfully bumped revision number for resource 957a092c-2a78-44e7-b263-1401ec03a374 (type: security_group_rules) to 0
2026-07-09 14:22:17.890 9 INFO neutron.db.ovn_revision_numbers_db [None req-1c6e86f0-ed75-43e2-a9eb-343a4cedbe06 1c12bd7102624fdfb82b2b6a61c6cc60 117fadc272e14fc1bab0f978d3d4f3f8 - - default default] Successfully bumped revision number for resource 968f2bbb-8453-41e9-b80e-95bfecaa0a8a (type: security_group_rules) to 0
2026-07-09 14:22:17.921 9 INFO neutron.wsgi [None req-1c6e86f0-ed75-43e2-a9eb-343a4cedbe06 1c12bd7102624fdfb82b2b6a61c6cc60 117fadc272e14fc1bab0f978d3d4f3f8 - - default default] 10.0.0.38 "POST /v2.0/security-groups HTTP/1.1" status: 201 len: 1875 time: 0.3658352
2026-07-09 14:22:17.959 9 WARNING neutron_lib.context [None req-e484cd9b-a1f6-4221-ad5b-328ec1b42da9 1c12bd7102624fdfb82b2b6a61c6cc60 117fadc272e14fc1bab0f978d3d4f3f8 - - default default] Method 'is_advsvc' is deprecated since 2023.2 release (neutron-lib 3.8.0) and will be removed once support for the old RBAC API policies will be removed from Neutron. Please use method 'is_service_role' instead.
2026-07-09 14:22:18.174 10 INFO neutron.db.ovn_revision_numbers_db [None req-5f145628-8d2b-4282-bc6f-74eb8a243ee5 c2d87ec9ee8649d4844617a0834d099d dd7e20190bf44594911675c743f80818 - - default default] Successfully bumped revision number for resource 0a2c53b1-4c24-4456-b492-99d59fbf573b (type: router_ports) to 1
2026-07-09 14:22:18.180 10 INFO neutron.wsgi [None req-5f145628-8d2b-4282-bc6f-74eb8a243ee5 c2d87ec9ee8649d4844617a0834d099d dd7e20190bf44594911675c743f80818 - - default default] 10.0.0.38 "PUT /v2.0/routers/765317ca-bd97-47f7-961a-4161456e63a4/add_router_interface HTTP/1.1" status: 200 len: 503 time: 2.9779682
2026-07-09 14:22:18.344 10 INFO neutron.wsgi [None req-83c35837-56db-4dde-8505-3998690ae628 c2d87ec9ee8649d4844617a0834d099d dd7e20190bf44594911675c743f80818 - - default default] 10.0.0.38 "GET /v2.0/ports/0a2c53b1-4c24-4456-b492-99d59fbf573b HTTP/1.1" status: 200 len: 1137 time: 0.1586366
2026-07-09 14:22:18.348 9 ERROR ovsdbapp.backend.ovs_idl.command [None req-64deda2b-73d8-4c93-b69c-f6eb41d894d5 f0ab0cead0a8482cbd3f46df7ba3237b 4de0a78a0a2d40728a8e4cea88b5411f - - default default] Error executing command (DbGetCommand): ovsdbapp.backend.ovs_idl.idlutils.RowNotFound: Cannot find Logical_Router_Port with name=lrp-33100719-5a78-4ded-b9da-af3934d1bec1
2026-07-09 14:22:18.348 9 ERROR ovsdbapp.backend.ovs_idl.command
Traceback (most recent call last):
2026-07-09 14:22:18.348 9 ERROR ovsdbapp.backend.ovs_idl.command
File "/var/lib/openstack/lib/python3.10/site-packages/ovsdbapp/backend/ovs_idl/command.py", line 47, in execute
2026-07-09 14:22:18.348 9 ERROR ovsdbapp.backend.ovs_idl.command self.run_idl(None)
2026-07-09 14:22:18.348 9 ERROR ovsdbapp.backend.ovs_idl.command
File "/var/lib/openstack/lib/python3.10/site-packages/ovsdbapp/backend/ovs_idl/command.py", line 235, in run_idl
2026-07-09 14:22:18.348 9 ERROR ovsdbapp.backend.ovs_idl.command record = self.api.lookup(self.table, self.record)
2026-07-09 14:22:18.348 9 ERROR ovsdbapp.backend.ovs_idl.command
File "/var/lib/openstack/lib/python3.10/site-packages/ovsdbapp/backend/ovs_idl/__init__.py", line 184, in lookup
2026-07-09 14:22:18.348 9 ERROR ovsdbapp.backend.ovs_idl.command return self._lookup(table, record)
2026-07-09 14:22:18.348 9 ERROR ovsdbapp.backend.ovs_idl.command
File "/var/lib/openstack/lib/python3.10/site-packages/ovsdbapp/backend/ovs_idl/__init__.py", line 235, in _lookup
2026-07-09 14:22:18.348 9 ERROR ovsdbapp.backend.ovs_idl.command row = idlutils.row_by_value(self, rl.table, rl.column, record)
2026-07-09 14:22:18.348 9 ERROR ovsdbapp.backend.ovs_idl.command
File "/var/lib/openstack/lib/python3.10/site-packages/ovsdbapp/backend/ovs_idl/idlutils.py", line 114, in row_by_value
2026-07-09 14:22:18.348 9 ERROR ovsdbapp.backend.ovs_idl.command raise RowNotFound(table=table, col=column, match=match)
2026-07-09 14:22:18.348 9 ERROR ovsdbapp.backend.ovs_idl.command ovsdbapp.backend.ovs_idl.idlutils.RowNotFound: Cannot find Logical_Router_Port with name=lrp-33100719-5a78-4ded-b9da-af3934d1bec1
2026-07-09 14:22:18.348 9 ERROR ovsdbapp.backend.ovs_idl.command 
2026-07-09 14:22:18.348 9 ERROR neutron_lib.callbacks.manager [None req-64deda2b-73d8-4c93-b69c-f6eb41d894d5 f0ab0cead0a8482cbd3f46df7ba3237b 4de0a78a0a2d40728a8e4cea88b5411f - - default default] Error during notification for neutron.services.ovn_l3.plugin.OVNL3RouterPlugin._port_update-8737824364253 port, after_update: ovsdbapp.backend.ovs_idl.idlutils.RowNotFound: Cannot find Logical_Router_Port with name=lrp-33100719-5a78-4ded-b9da-af3934d1bec1
2026-07-09 14:22:18.348 9 ERROR neutron_lib.callbacks.manager
Traceback (most recent call last):
2026-07-09 14:22:18.348 9 ERROR neutron_lib.callbacks.manager
File "/var/lib/openstack/lib/python3.10/site-packages/neutron_lib/callbacks/manager.py", line 189, in _notify_loop
2026-07-09 14:22:18.348 9 ERROR neutron_lib.callbacks.manager callback.method(resource, event, trigger, payload=payload)
2026-07-09 14:22:18.348 9 ERROR neutron_lib.callbacks.manager
File "/var/lib/openstack/lib/python3.10/site-packages/neutron/services/ovn_l3/plugin.py", line 391, in _port_update
2026-07-09 14:22:18.348 9 ERROR neutron_lib.callbacks.manager l3plugin._ovn_client.update_router_port(context,
2026-07-09 14:22:18.348 9 ERROR neutron_lib.callbacks.manager
File "/var/lib/openstack/lib/python3.10/site-packages/neutron/plugins/ml2/drivers/ovn/mech_driver/ovsdb/ovn_client.py", line 1878, in update_router_port
2026-07-09 14:22:18.348 9 ERROR neutron_lib.callbacks.manager self._update_lrouter_port(context, port, if_exists=if_exists,
2026-07-09 14:22:18.348 9 ERROR neutron_lib.callbacks.manager
File "/var/lib/openstack/lib/python3.10/site-packages/neutron/plugins/ml2/drivers/ovn/mech_driver/ovsdb/ovn_client.py", line 1855, in _update_lrouter_port
2026-07-09 14:22:18.348 9 ERROR neutron_lib.callbacks.manager external_ids = self._nb_idl.db_get(
2026-07-09 14:22:18.348 9 ERROR neutron_lib.callbacks.manager
File "/var/lib/openstack/lib/python3.10/site-packages/ovsdbapp/backend/ovs_idl/command.py", line 47, in execute
2026-07-09 14:22:18.348 9 ERROR neutron_lib.callbacks.manager self.run_idl(None)
2026-07-09 14:22:18.348 9 ERROR neutron_lib.callbacks.manager
File "/var/lib/openstack/lib/python3.10/site-packages/ovsdbapp/backend/ovs_idl/command.py", line 235, in run_idl
2026-07-09 14:22:18.348 9 ERROR neutron_lib.callbacks.manager record = self.api.lookup(self.table, self.record)
2026-07-09 14:22:18.348 9 ERROR neutron_lib.callbacks.manager
File "/var/lib/openstack/lib/python3.10/site-packages/ovsdbapp/backend/ovs_idl/__init__.py", line 184, in lookup
2026-07-09 14:22:18.348 9 ERROR neutron_lib.callbacks.manager return self._lookup(table, record)
2026-07-09 14:22:18.348 9 ERROR neutron_lib.callbacks.manager
File "/var/lib/openstack/lib/python3.10/site-packages/ovsdbapp/backend/ovs_idl/__init__.py", line 235, in _lookup
2026-07-09 14:22:18.348 9 ERROR neutron_lib.callbacks.manager row = idlutils.row_by_value(self, rl.table, rl.column, record)
2026-07-09 14:22:18.348 9 ERROR neutron_lib.callbacks.manager
File "/var/lib/openstack/lib/python3.10/site-packages/ovsdbapp/backend/ovs_idl/idlutils.py", line 114, in row_by_value
2026-07-09 14:22:18.348 9 ERROR neutron_lib.callbacks.manager raise RowNotFound(table=table, col=column, match=match)
2026-07-09 14:22:18.348 9 ERROR neutron_lib.callbacks.manager ovsdbapp.backend.ovs_idl.idlutils.RowNotFound: Cannot find Logical_Router_Port with name=lrp-33100719-5a78-4ded-b9da-af3934d1bec1
2026-07-09 14:22:18.348 9 ERROR neutron_lib.callbacks.manager  /var/lib/openstack/lib/python3.10/site-packages/pycadf/identifier.py:71: UserWarning: Invalid uuid: neutron. To ensure interoperability, identifiers should be a valid uuid. warnings.warn(('Invalid uuid: %s. To ensure interoperability, '
2026-07-09 14:22:18.415 10 INFO neutron.db.ovn_revision_numbers_db [None req-b7f09dd7-66e4-4e23-b4b0-b3d8561965c0 - - - - - -] Successfully bumped revision number for resource 0a2c53b1-4c24-4456-b492-99d59fbf573b (type: ports) to 2
2026-07-09 14:22:18.515 9 INFO neutron.wsgi [None req-95b93076-4009-4b27-8ca2-d239cbcce900 c2d87ec9ee8649d4844617a0834d099d dd7e20190bf44594911675c743f80818 - - default default] 10.0.0.38 "GET /v2.0/ports/0a2c53b1-4c24-4456-b492-99d59fbf573b HTTP/1.1" status: 200 len: 1137 time: 0.1570151
2026-07-09 14:22:18.551 10 INFO neutron.db.ovn_revision_numbers_db [None req-b7f09dd7-66e4-4e23-b4b0-b3d8561965c0 - - - - - -] Successfully bumped revision number for resource 0a2c53b1-4c24-4456-b492-99d59fbf573b (type: router_ports) to 2
2026-07-09 14:22:18.565 9 INFO neutron.db.ovn_revision_numbers_db [None req-e484cd9b-a1f6-4221-ad5b-328ec1b42da9 1c12bd7102624fdfb82b2b6a61c6cc60 117fadc272e14fc1bab0f978d3d4f3f8 - - default default] Successfully bumped revision number for resource 65d626ad-2ff9-4645-aa66-e6f3409cc2b6 (type: security_group_rules) to 0
2026-07-09 14:22:18.622 9 INFO neutron.wsgi [None req-e484cd9b-a1f6-4221-ad5b-328ec1b42da9 1c12bd7102624fdfb82b2b6a61c6cc60 117fadc272e14fc1bab0f978d3d4f3f8 - - default default] 10.0.0.38 "POST /v2.0/security-group-rules HTTP/1.1" status: 201 len: 796 time: 0.6683364
2026-07-09 14:22:18.640 9 WARNING neutron_lib.context [None req-055ff639-b7c8-4f3e-b947-98047208a8f6 1c12bd7102624fdfb82b2b6a61c6cc60 117fadc272e14fc1bab0f978d3d4f3f8 - - default default] Method 'is_advsvc' is deprecated since 2023.2 release (neutron-lib 3.8.0) and will be removed once support for the old RBAC API policies will be removed from Neutron. Please use method 'is_service_role' instead.
2026-07-09 14:22:18.654 9 INFO neutron.db.ovn_revision_numbers_db [None req-64deda2b-73d8-4c93-b69c-f6eb41d894d5 f0ab0cead0a8482cbd3f46df7ba3237b 4de0a78a0a2d40728a8e4cea88b5411f - - default default] Successfully bumped revision number for resource 33100719-5a78-4ded-b9da-af3934d1bec1 (type: ports) to 2
2026-07-09 14:22:18.888 9 INFO neutron.db.ovn_revision_numbers_db [None req-055ff639-b7c8-4f3e-b947-98047208a8f6 1c12bd7102624fdfb82b2b6a61c6cc60 117fadc272e14fc1bab0f978d3d4f3f8 - - default default] Successfully bumped revision number for resource 3b25513c-db54-47e1-bfaa-cb93cbb13858 (type: security_group_rules) to 0
2026-07-09 14:22:18.936 9 INFO neutron.wsgi [None req-055ff639-b7c8-4f3e-b947-98047208a8f6 1c12bd7102624fdfb82b2b6a61c6cc60 117fadc272e14fc1bab0f978d3d4f3f8 - - default default] 10.0.0.38 "POST /v2.0/security-group-rules HTTP/1.1" status: 201 len: 795 time: 0.3066771
2026-07-09 14:22:18.949 10 WARNING neutron_lib.context [None req-0ffd3636-469e-4d4c-9fab-7cde3826df68 1c12bd7102624fdfb82b2b6a61c6cc60 117fadc272e14fc1bab0f978d3d4f3f8 - - default default] Method 'is_advsvc' is deprecated since 2023.2 release (neutron-lib 3.8.0) and will be removed once support for the old RBAC API policies will be removed from Neutron. Please use method 'is_service_role' instead.
2026-07-09 14:22:19.125 10 INFO neutron.db.ovn_revision_numbers_db [None req-0ffd3636-469e-4d4c-9fab-7cde3826df68 1c12bd7102624fdfb82b2b6a61c6cc60 117fadc272e14fc1bab0f978d3d4f3f8 - - default default] Successfully bumped revision number for resource 1ca0fbfe-5487-486d-8d44-33a8f266d038 (type: security_group_rules) to 0
2026-07-09 14:22:19.156 10 INFO neutron.wsgi [None req-0ffd3636-469e-4d4c-9fab-7cde3826df68 1c12bd7102624fdfb82b2b6a61c6cc60 117fadc272e14fc1bab0f978d3d4f3f8 - - default default] 10.0.0.38 "POST /v2.0/security-group-rules HTTP/1.1" status: 201 len: 801 time: 0.2154303
2026-07-09 14:22:19.169 10 WARNING neutron_lib.context [None req-5b312c54-a25b-4116-b5ac-2955a1dc7b87 1c12bd7102624fdfb82b2b6a61c6cc60 117fadc272e14fc1bab0f978d3d4f3f8 - - default default] Method 'is_advsvc' is deprecated since 2023.2 release (neutron-lib 3.8.0) and will be removed once support for the old RBAC API policies will be removed from Neutron. Please use method 'is_service_role' instead.
2026-07-09 14:22:19.315 10 INFO neutron.db.ovn_revision_numbers_db [None req-5b312c54-a25b-4116-b5ac-2955a1dc7b87 1c12bd7102624fdfb82b2b6a61c6cc60 117fadc272e14fc1bab0f978d3d4f3f8 - - default default] Successfully bumped revision number for resource 1d3cbce2-d6c5-40b1-82fd-99e9d71718b8 (type: security_group_rules) to 0
2026-07-09 14:22:19.354 10 INFO neutron.wsgi [None req-5b312c54-a25b-4116-b5ac-2955a1dc7b87 1c12bd7102624fdfb82b2b6a61c6cc60 117fadc272e14fc1bab0f978d3d4f3f8 - - default default] 10.0.0.38 "POST /v2.0/security-group-rules HTTP/1.1" status: 201 len: 800 time: 0.1908469
2026-07-09 14:22:19.354 9 ERROR ovsdbapp.backend.ovs_idl.command [None req-64deda2b-73d8-4c93-b69c-f6eb41d894d5 f0ab0cead0a8482cbd3f46df7ba3237b 4de0a78a0a2d40728a8e4cea88b5411f - - default default] Error executing command (DbGetCommand): ovsdbapp.backend.ovs_idl.idlutils.RowNotFound: Cannot find Logical_Router_Port with name=lrp-33100719-5a78-4ded-b9da-af3934d1bec1
2026-07-09 14:22:19.354 9 ERROR ovsdbapp.backend.ovs_idl.command
Traceback (most recent call last):
2026-07-09 14:22:19.354 9 ERROR ovsdbapp.backend.ovs_idl.command
File "/var/lib/openstack/lib/python3.10/site-packages/ovsdbapp/backend/ovs_idl/command.py", line 47, in execute
2026-07-09 14:22:19.354 9 ERROR ovsdbapp.backend.ovs_idl.command self.run_idl(None)
2026-07-09 14:22:19.354 9 ERROR ovsdbapp.backend.ovs_idl.command
File "/var/lib/openstack/lib/python3.10/site-packages/ovsdbapp/backend/ovs_idl/command.py", line 235, in run_idl
2026-07-09 14:22:19.354 9 ERROR ovsdbapp.backend.ovs_idl.command record = self.api.lookup(self.table, self.record)
2026-07-09 14:22:19.354 9 ERROR ovsdbapp.backend.ovs_idl.command
File "/var/lib/openstack/lib/python3.10/site-packages/ovsdbapp/backend/ovs_idl/__init__.py", line 184, in lookup
2026-07-09 14:22:19.354 9 ERROR ovsdbapp.backend.ovs_idl.command return self._lookup(table, record)
2026-07-09 14:22:19.354 9 ERROR ovsdbapp.backend.ovs_idl.command
File "/var/lib/openstack/lib/python3.10/site-packages/ovsdbapp/backend/ovs_idl/__init__.py", line 235, in _lookup
2026-07-09 14:22:19.354 9 ERROR ovsdbapp.backend.ovs_idl.command row = idlutils.row_by_value(self, rl.table, rl.column, record)
