2026-07-09 14:23:20.869 9 INFO neutron.wsgi [None req-ffd079b3-7931-4ad5-bf18-dbd1fe5a6075 2b564bf129944b2fa85c43568d5736b0 bcb4766775de4fc89e29bceeceb951da - - default default] 10.0.0.38 "POST /v2.0/trunks HTTP/1.1" status: 201 len: 608 time: 0.3651855
2026-07-09 14:23:20.913 10 INFO neutron.wsgi [None req-36bc7d01-5e37-490a-9f70-297dd4b0f5a9 1c12bd7102624fdfb82b2b6a61c6cc60 117fadc272e14fc1bab0f978d3d4f3f8 - - default default] 10.0.0.38 "DELETE /v2.0/subnets/b5d151aa-95b9-4ccd-9937-976ecb359fbc HTTP/1.1" status: 204 len: 168 time: 0.7571123
2026-07-09 14:23:20.957 10 INFO neutron.wsgi [None req-8c576e3e-87c4-40db-a112-026a78f3c41e 2b564bf129944b2fa85c43568d5736b0 bcb4766775de4fc89e29bceeceb951da - - default default] 10.0.0.38 "PUT /v2.0/trunks/c1d7df5d-7930-4fda-bfa8-8e7c6321aae9/tags HTTP/1.1" status: 200 len: 218 time: 0.0804698
2026-07-09 14:23:21.016 9 INFO neutron.wsgi [None req-cda5b748-9862-46e3-b6b9-89d7c48e4cc2 2b564bf129944b2fa85c43568d5736b0 bcb4766775de4fc89e29bceeceb951da - - default default] 10.0.0.38 "GET /v2.0/trunks/c1d7df5d-7930-4fda-bfa8-8e7c6321aae9/tags HTTP/1.1" status: 200 len: 218 time: 0.0472236
2026-07-09 14:23:21.108 10 INFO neutron.wsgi [None req-885724af-2d01-4dae-b4ca-3a69f9cce3a0 2b564bf129944b2fa85c43568d5736b0 bcb4766775de4fc89e29bceeceb951da - - default default] 10.0.0.38 "PUT /v2.0/trunks/c1d7df5d-7930-4fda-bfa8-8e7c6321aae9/tags/green HTTP/1.1" status: 201 len: 201 time: 0.0856266
2026-07-09 14:23:21.146 10 INFO neutron.wsgi [None req-c00625a8-a047-45ff-882f-c71d6c2c5789 2b564bf129944b2fa85c43568d5736b0 bcb4766775de4fc89e29bceeceb951da - - default default] 10.0.0.38 "GET /v2.0/trunks/c1d7df5d-7930-4fda-bfa8-8e7c6321aae9/tags HTTP/1.1" status: 200 len: 227 time: 0.0258861
2026-07-09 14:23:21.184 10 WARNING neutron_lib.context [None req-2131fbda-c28a-446c-8771-fd0606dbfd80 336c13c7a1b14f4b886be777c8b1fdbb 2b2cc386fc5c43258a99aa7c7139b577 - - default default] Method 'is_advsvc' is deprecated since 2023.2 release (neutron-lib 3.8.0) and will be removed once support for the old RBAC API policies will be removed from Neutron. Please use method 'is_service_role' instead.
2026-07-09 14:23:21.202 10 INFO neutron.wsgi [None req-44f43de7-3b6f-48dd-af06-a72ac9f37670 2b564bf129944b2fa85c43568d5736b0 bcb4766775de4fc89e29bceeceb951da - - default default] 10.0.0.38 "PUT /v2.0/trunks/c1d7df5d-7930-4fda-bfa8-8e7c6321aae9/tags/red HTTP/1.1" status: 201 len: 201 time: 0.0520666
2026-07-09 14:23:21.223 9 WARNING neutron.scheduler.dhcp_agent_scheduler [None req-1f0c4de9-a8c1-4b9c-a27f-2878600b6fc6 81a77bffd09941559906dcca23982b01 382ca9eb4d6543128ddae8b65532b70b - - default default] No more DHCP agents
2026-07-09 14:23:21.226 9 WARNING neutron.api.rpc.agentnotifiers.dhcp_rpc_agent_api [None req-1f0c4de9-a8c1-4b9c-a27f-2878600b6fc6 81a77bffd09941559906dcca23982b01 382ca9eb4d6543128ddae8b65532b70b - - default default] Unable to schedule network 405480b9-41c6-4633-8556-44107176c091: no agents available; will retry on subsequent port and subnet creation events.
2026-07-09 14:23:21.247 10 INFO neutron.wsgi [None req-8e6242d9-39ba-4efa-a982-5aa6d4543e91 2b564bf129944b2fa85c43568d5736b0 bcb4766775de4fc89e29bceeceb951da - - default default] 10.0.0.38 "GET /v2.0/trunks/c1d7df5d-7930-4fda-bfa8-8e7c6321aae9/tags HTTP/1.1" status: 200 len: 227 time: 0.0393507
2026-07-09 14:23:21.338 9 INFO neutron.wsgi [None req-0da7ca12-2d7d-4230-836d-f40445902684 2b564bf129944b2fa85c43568d5736b0 bcb4766775de4fc89e29bceeceb951da - - default default] 10.0.0.38 "PUT /v2.0/trunks/c1d7df5d-7930-4fda-bfa8-8e7c6321aae9/tags/black.or.white HTTP/1.1" status: 201 len: 201 time: 0.0843043
2026-07-09 14:23:21.378 10 INFO neutron.wsgi [None req-0cb762ef-44e0-4fc2-8fed-aa8789c9690f 2b564bf129944b2fa85c43568d5736b0 bcb4766775de4fc89e29bceeceb951da - - default default] 10.0.0.38 "GET /v2.0/trunks/c1d7df5d-7930-4fda-bfa8-8e7c6321aae9/tags HTTP/1.1" status: 200 len: 245 time: 0.0337899
2026-07-09 14:23:21.452 10 INFO neutron.db.ovn_revision_numbers_db [None req-2131fbda-c28a-446c-8771-fd0606dbfd80 336c13c7a1b14f4b886be777c8b1fdbb 2b2cc386fc5c43258a99aa7c7139b577 - - default default] Successfully bumped revision number for resource c8882944-917b-40b2-8736-c6afd1fb134a (type: security_groups) to 1
2026-07-09 14:23:21.470 9 INFO neutron.wsgi [None req-aad6c999-02c8-4bb4-813e-60888f1b1f7b 2b564bf129944b2fa85c43568d5736b0 bcb4766775de4fc89e29bceeceb951da - - default default] 10.0.0.38 "PUT /v2.0/trunks/c1d7df5d-7930-4fda-bfa8-8e7c6321aae9/tags HTTP/1.1" status: 200 len: 230 time: 0.0822332
2026-07-09 14:23:21.470 10 INFO neutron.db.ovn_revision_numbers_db [None req-2131fbda-c28a-446c-8771-fd0606dbfd80 336c13c7a1b14f4b886be777c8b1fdbb 2b2cc386fc5c43258a99aa7c7139b577 - - default default] Successfully bumped revision number for resource 3231c798-dc7e-4943-9a41-6797da222e6d (type: security_group_rules) to 0
2026-07-09 14:23:21.493 9 INFO neutron.db.ovn_revision_numbers_db [None req-1f0c4de9-a8c1-4b9c-a27f-2878600b6fc6 81a77bffd09941559906dcca23982b01 382ca9eb4d6543128ddae8b65532b70b - - default default] Successfully bumped revision number for resource 3df43a7d-99a9-4496-9f03-97364d9e467a (type: ports) to 1
2026-07-09 14:23:21.504 10 INFO neutron.db.ovn_revision_numbers_db [None req-2131fbda-c28a-446c-8771-fd0606dbfd80 336c13c7a1b14f4b886be777c8b1fdbb 2b2cc386fc5c43258a99aa7c7139b577 - - default default] Successfully bumped revision number for resource 456fba73-26a8-47b7-b8c5-2372eeefa3cb (type: security_group_rules) to 0
2026-07-09 14:23:21.515 9 INFO neutron.wsgi [None req-92c952e6-db59-499b-83f1-5fe695df3ba3 2b564bf129944b2fa85c43568d5736b0 bcb4766775de4fc89e29bceeceb951da - - default default] 10.0.0.38 "GET /v2.0/trunks/c1d7df5d-7930-4fda-bfa8-8e7c6321aae9/tags HTTP/1.1" status: 200 len: 230 time: 0.0306914
2026-07-09 14:23:21.543 10 INFO neutron.db.ovn_revision_numbers_db [None req-2131fbda-c28a-446c-8771-fd0606dbfd80 336c13c7a1b14f4b886be777c8b1fdbb 2b2cc386fc5c43258a99aa7c7139b577 - - default default] Successfully bumped revision number for resource 681b9226-d0e9-4bf7-933f-8bb8755c2adc (type: security_group_rules) to 0
2026-07-09 14:23:21.554 10 INFO neutron.wsgi [None req-9fbdcc67-068e-42f4-ad42-d13641c8ce12 2b564bf129944b2fa85c43568d5736b0 bcb4766775de4fc89e29bceeceb951da - - default default] 10.0.0.38 "GET /v2.0/trunks/c1d7df5d-7930-4fda-bfa8-8e7c6321aae9/tags/red HTTP/1.1" status: 204 len: 168 time: 0.0306816
2026-07-09 14:23:21.580 10 INFO neutron.db.ovn_revision_numbers_db [None req-2131fbda-c28a-446c-8771-fd0606dbfd80 336c13c7a1b14f4b886be777c8b1fdbb 2b2cc386fc5c43258a99aa7c7139b577 - - default default] Successfully bumped revision number for resource 79eff2d2-612c-4f1c-a366-e1bc31012746 (type: security_group_rules) to 0
2026-07-09 14:23:21.611 9 INFO neutron.api.v2.resource [None req-969f828c-9f45-434d-a1d6-d9c3962479cf 2b564bf129944b2fa85c43568d5736b0 bcb4766775de4fc89e29bceeceb951da - - default default] show failed (client error): The resource could not be found.
2026-07-09 14:23:21.611 10 INFO neutron.db.ovn_revision_numbers_db [None req-dec079e8-a78e-4788-9efe-ffefc452f219 - - - - - -] Successfully bumped revision number for resource a0906260-7634-4e1d-a2fc-736f3e3cf7e5 (type: ports) to 1
2026-07-09 14:23:21.613 9 INFO neutron.wsgi [None req-969f828c-9f45-434d-a1d6-d9c3962479cf 2b564bf129944b2fa85c43568d5736b0 bcb4766775de4fc89e29bceeceb951da - - default default] 10.0.0.38 "GET /v2.0/trunks/c1d7df5d-7930-4fda-bfa8-8e7c6321aae9/tags/green HTTP/1.1" status: 404 len: 299 time: 0.0525815
2026-07-09 14:23:21.640 10 INFO neutron.db.segments_db [None req-2131fbda-c28a-446c-8771-fd0606dbfd80 336c13c7a1b14f4b886be777c8b1fdbb 2b2cc386fc5c43258a99aa7c7139b577 - - default default] Added segment 36a803f2-e7e1-4631-ac8c-686764a31a88 of type geneve for network b6fb4969-4242-484a-9adc-51ad7eb6a5d6
2026-07-09 14:23:21.680 10 INFO neutron.wsgi [None req-5195d40f-98e1-4df4-b807-45609b0b7dd5 2b564bf129944b2fa85c43568d5736b0 bcb4766775de4fc89e29bceeceb951da - - default default] 10.0.0.38 "DELETE /v2.0/trunks/c1d7df5d-7930-4fda-bfa8-8e7c6321aae9/tags/red HTTP/1.1" status: 204 len: 168 time: 0.0619314
2026-07-09 14:23:21.735 10 INFO neutron.wsgi [None req-5643121a-44b2-45fd-922e-4447cbd4a08e 2b564bf129944b2fa85c43568d5736b0 bcb4766775de4fc89e29bceeceb951da - - default default] 10.0.0.38 "GET /v2.0/trunks/c1d7df5d-7930-4fda-bfa8-8e7c6321aae9/tags HTTP/1.1" status: 200 len: 223 time: 0.0481875
2026-07-09 14:23:21.818 10 INFO neutron.api.v2.resource [None req-259902f5-f1f1-4057-bcc4-e0fb26eca7c6 2b564bf129944b2fa85c43568d5736b0 bcb4766775de4fc89e29bceeceb951da - - default default] delete failed (client error): The resource could not be found.
2026-07-09 14:23:21.819 10 INFO neutron.wsgi [None req-259902f5-f1f1-4057-bcc4-e0fb26eca7c6 2b564bf129944b2fa85c43568d5736b0 bcb4766775de4fc89e29bceeceb951da - - default default] 10.0.0.38 "DELETE /v2.0/trunks/c1d7df5d-7930-4fda-bfa8-8e7c6321aae9/tags/green HTTP/1.1" status: 404 len: 299 time: 0.0768077
2026-07-09 14:23:21.939 10 INFO neutron.db.ovn_revision_numbers_db [None req-2131fbda-c28a-446c-8771-fd0606dbfd80 336c13c7a1b14f4b886be777c8b1fdbb 2b2cc386fc5c43258a99aa7c7139b577 - - default default] Successfully bumped revision number for resource b6fb4969-4242-484a-9adc-51ad7eb6a5d6 (type: networks) to 1
2026-07-09 14:23:22.046 10 INFO neutron.wsgi [None req-64a5bd91-8d77-4591-b9f8-bf172b8edaf3 2b564bf129944b2fa85c43568d5736b0 bcb4766775de4fc89e29bceeceb951da - - default default] 10.0.0.38 "DELETE /v2.0/trunks/c1d7df5d-7930-4fda-bfa8-8e7c6321aae9/tags HTTP/1.1" status: 204 len: 168 time: 0.1981204
2026-07-09 14:23:22.137 10 INFO neutron.wsgi [None req-fe2c1966-e170-4af8-a33d-169e2c25e438 2b564bf129944b2fa85c43568d5736b0 bcb4766775de4fc89e29bceeceb951da - - default default] 10.0.0.38 "GET /v2.0/trunks/c1d7df5d-7930-4fda-bfa8-8e7c6321aae9/tags HTTP/1.1" status: 200 len: 205 time: 0.0843129
2026-07-09 14:23:22.180 10 INFO neutron.wsgi [None req-0166bdf0-2716-4dc7-8de3-7e314b4de66f 2b564bf129944b2fa85c43568d5736b0 bcb4766775de4fc89e29bceeceb951da - - default default] 10.0.0.38 "GET /v2.0/trunks/c1d7df5d-7930-4fda-bfa8-8e7c6321aae9 HTTP/1.1" status: 200 len: 603 time: 0.0303986
2026-07-09 14:23:22.383 10 INFO neutron.wsgi [None req-cfce4e4f-385a-4761-8e28-d79420d6d707 2b564bf129944b2fa85c43568d5736b0 bcb4766775de4fc89e29bceeceb951da - - default default] 10.0.0.38 "GET /v2.0/ports/209ab027-46d4-495c-b97f-49bf7ee2128e HTTP/1.1" status: 200 len: 1020 time: 0.1927993
2026-07-09 14:23:22.415 10 WARNING neutron.scheduler.dhcp_agent_scheduler [None req-2131fbda-c28a-446c-8771-fd0606dbfd80 336c13c7a1b14f4b886be777c8b1fdbb 2b2cc386fc5c43258a99aa7c7139b577 - - default default] No more DHCP agents
2026-07-09 14:23:22.419 9 INFO neutron.wsgi [None req-ff9c8afb-3d81-44a0-a745-d870b73ce124 1c12bd7102624fdfb82b2b6a61c6cc60 117fadc272e14fc1bab0f978d3d4f3f8 - - default default] 10.0.0.38 "DELETE /v2.0/routers/bdced59a-28f2-4247-ab5a-5eeeb1b18bb0 HTTP/1.1" status: 204 len: 168 time: 1.4983211
2026-07-09 14:23:22.433 10 WARNING neutron.api.rpc.agentnotifiers.dhcp_rpc_agent_api [None req-2131fbda-c28a-446c-8771-fd0606dbfd80 336c13c7a1b14f4b886be777c8b1fdbb 2b2cc386fc5c43258a99aa7c7139b577 - - default default] Unable to schedule network b6fb4969-4242-484a-9adc-51ad7eb6a5d6: no agents available; will retry on subsequent port and subnet creation events.
2026-07-09 14:23:22.550 9 ERROR ovsdbapp.backend.ovs_idl.command [None req-1f0c4de9-a8c1-4b9c-a27f-2878600b6fc6 81a77bffd09941559906dcca23982b01 382ca9eb4d6543128ddae8b65532b70b - - default default] Error executing command (DbGetCommand): ovsdbapp.backend.ovs_idl.idlutils.RowNotFound: Cannot find Logical_Router_Port with name=lrp-3df43a7d-99a9-4496-9f03-97364d9e467a
2026-07-09 14:23:22.550 9 ERROR ovsdbapp.backend.ovs_idl.command
Traceback (most recent call last):
2026-07-09 14:23:22.550 9 ERROR ovsdbapp.backend.ovs_idl.command
File "/var/lib/openstack/lib/python3.10/site-packages/ovsdbapp/backend/ovs_idl/command.py", line 47, in execute
2026-07-09 14:23:22.550 9 ERROR ovsdbapp.backend.ovs_idl.command self.run_idl(None)
2026-07-09 14:23:22.550 9 ERROR ovsdbapp.backend.ovs_idl.command
File "/var/lib/openstack/lib/python3.10/site-packages/ovsdbapp/backend/ovs_idl/command.py", line 235, in run_idl
2026-07-09 14:23:22.550 9 ERROR ovsdbapp.backend.ovs_idl.command record = self.api.lookup(self.table, self.record)
2026-07-09 14:23:22.550 9 ERROR ovsdbapp.backend.ovs_idl.command
File "/var/lib/openstack/lib/python3.10/site-packages/ovsdbapp/backend/ovs_idl/__init__.py", line 184, in lookup
2026-07-09 14:23:22.550 9 ERROR ovsdbapp.backend.ovs_idl.command return self._lookup(table, record)
2026-07-09 14:23:22.550 9 ERROR ovsdbapp.backend.ovs_idl.command
File "/var/lib/openstack/lib/python3.10/site-packages/ovsdbapp/backend/ovs_idl/__init__.py", line 235, in _lookup
2026-07-09 14:23:22.550 9 ERROR ovsdbapp.backend.ovs_idl.command row = idlutils.row_by_value(self, rl.table, rl.column, record)
2026-07-09 14:23:22.550 9 ERROR ovsdbapp.backend.ovs_idl.command
File "/var/lib/openstack/lib/python3.10/site-packages/ovsdbapp/backend/ovs_idl/idlutils.py", line 114, in row_by_value
2026-07-09 14:23:22.550 9 ERROR ovsdbapp.backend.ovs_idl.command raise RowNotFound(table=table, col=column, match=match)
2026-07-09 14:23:22.550 9 ERROR ovsdbapp.backend.ovs_idl.command ovsdbapp.backend.ovs_idl.idlutils.RowNotFound: Cannot find Logical_Router_Port with name=lrp-3df43a7d-99a9-4496-9f03-97364d9e467a
2026-07-09 14:23:22.550 9 ERROR ovsdbapp.backend.ovs_idl.command 
2026-07-09 14:23:22.551 9 ERROR neutron_lib.callbacks.manager [None req-1f0c4de9-a8c1-4b9c-a27f-2878600b6fc6 81a77bffd09941559906dcca23982b01 382ca9eb4d6543128ddae8b65532b70b - - default default] Error during notification for neutron.services.ovn_l3.plugin.OVNL3RouterPlugin._port_update-8737824364253 port, after_update: ovsdbapp.backend.ovs_idl.idlutils.RowNotFound: Cannot find Logical_Router_Port with name=lrp-3df43a7d-99a9-4496-9f03-97364d9e467a
2026-07-09 14:23:22.551 9 ERROR neutron_lib.callbacks.manager
Traceback (most recent call last):
2026-07-09 14:23:22.551 9 ERROR neutron_lib.callbacks.manager
File "/var/lib/openstack/lib/python3.10/site-packages/neutron_lib/callbacks/manager.py", line 189, in _notify_loop
2026-07-09 14:23:22.551 9 ERROR neutron_lib.callbacks.manager callback.method(resource, event, trigger, payload=payload)
2026-07-09 14:23:22.551 9 ERROR neutron_lib.callbacks.manager
File "/var/lib/openstack/lib/python3.10/site-packages/neutron/services/ovn_l3/plugin.py", line 391, in _port_update
2026-07-09 14:23:22.551 9 ERROR neutron_lib.callbacks.manager l3plugin._ovn_client.update_router_port(context,
2026-07-09 14:23:22.551 9 ERROR neutron_lib.callbacks.manager
File "/var/lib/openstack/lib/python3.10/site-packages/neutron/plugins/ml2/drivers/ovn/mech_driver/ovsdb/ovn_client.py", line 1878, in update_router_port
2026-07-09 14:23:22.551 9 ERROR neutron_lib.callbacks.manager self._update_lrouter_port(context, port, if_exists=if_exists,
2026-07-09 14:23:22.551 9 ERROR neutron_lib.callbacks.manager
File "/var/lib/openstack/lib/python3.10/site-packages/neutron/plugins/ml2/drivers/ovn/mech_driver/ovsdb/ovn_client.py", line 1855, in _update_lrouter_port
2026-07-09 14:23:22.551 9 ERROR neutron_lib.callbacks.manager external_ids = self._nb_idl.db_get(
2026-07-09 14:23:22.551 9 ERROR neutron_lib.callbacks.manager
File "/var/lib/openstack/lib/python3.10/site-packages/ovsdbapp/backend/ovs_idl/command.py", line 47, in execute
2026-07-09 14:23:22.551 9 ERROR neutron_lib.callbacks.manager self.run_idl(None)
2026-07-09 14:23:22.551 9 ERROR neutron_lib.callbacks.manager
File "/var/lib/openstack/lib/python3.10/site-packages/ovsdbapp/backend/ovs_idl/command.py", line 235, in run_idl
2026-07-09 14:23:22.551 9 ERROR neutron_lib.callbacks.manager record = self.api.lookup(self.table, self.record)
2026-07-09 14:23:22.551 9 ERROR neutron_lib.callbacks.manager
File "/var/lib/openstack/lib/python3.10/site-packages/ovsdbapp/backend/ovs_idl/__init__.py", line 184, in lookup
2026-07-09 14:23:22.551 9 ERROR neutron_lib.callbacks.manager return self._lookup(table, record)
2026-07-09 14:23:22.551 9 ERROR neutron_lib.callbacks.manager
File "/var/lib/openstack/lib/python3.10/site-packages/ovsdbapp/backend/ovs_idl/__init__.py", line 235, in _lookup
2026-07-09 14:23:22.551 9 ERROR neutron_lib.callbacks.manager row = idlutils.row_by_value(self, rl.table, rl.column, record)
2026-07-09 14:23:22.551 9 ERROR neutron_lib.callbacks.manager
File "/var/lib/openstack/lib/python3.10/site-packages/ovsdbapp/backend/ovs_idl/idlutils.py", line 114, in row_by_value
2026-07-09 14:23:22.551 9 ERROR neutron_lib.callbacks.manager raise RowNotFound(table=table, col=column, match=match)
2026-07-09 14:23:22.551 9 ERROR neutron_lib.callbacks.manager ovsdbapp.backend.ovs_idl.idlutils.RowNotFound: Cannot find Logical_Router_Port with name=lrp-3df43a7d-99a9-4496-9f03-97364d9e467a
2026-07-09 14:23:22.551 9 ERROR neutron_lib.callbacks.manager 
2026-07-09 14:23:22.816 10 INFO neutron.plugins.ml2.drivers.ovn.mech_driver.mech_driver [None req-b7f09dd7-66e4-4e23-b4b0-b3d8561965c0 - - - - - -] OVN reports status up for port: 3df43a7d-99a9-4496-9f03-97364d9e467a
2026-07-09 14:23:22.823 10 INFO neutron.wsgi [None req-f6a35bf4-8d2b-44bc-8ee3-ec713bcea87e 2b564bf129944b2fa85c43568d5736b0 bcb4766775de4fc89e29bceeceb951da - - default default] 10.0.0.38 "DELETE /v2.0/trunks/c1d7df5d-7930-4fda-bfa8-8e7c6321aae9 HTTP/1.1" status: 204 len: 168 time: 0.4309142
2026-07-09 14:23:22.849 10 INFO neutron.db.ovn_revision_numbers_db [None req-dec079e8-a78e-4788-9efe-ffefc452f219 - - - - - -] Successfully bumped revision number for resource a0906260-7634-4e1d-a2fc-736f3e3cf7e5 (type: router_ports) to 3
2026-07-09 14:23:22.851 10 INFO neutron.plugins.ml2.plugin [None req-b7f09dd7-66e4-4e23-b4b0-b3d8561965c0 - - - - - -] Attempt 1 to provision port 3df43a7d-99a9-4496-9f03-97364d9e467a
2026-07-09 14:23:22.864 9 INFO neutron.db.ovn_revision_numbers_db [None req-1f0c4de9-a8c1-4b9c-a27f-2878600b6fc6 81a77bffd09941559906dcca23982b01 382ca9eb4d6543128ddae8b65532b70b - - default default] Successfully bumped revision number for resource 3df43a7d-99a9-4496-9f03-97364d9e467a (type: ports) to 1
2026-07-09 14:23:22.875 10 INFO neutron.db.ovn_revision_numbers_db [None req-2131fbda-c28a-446c-8771-fd0606dbfd80 336c13c7a1b14f4b886be777c8b1fdbb 2b2cc386fc5c43258a99aa7c7139b577 - - default default] Successfully bumped revision number for resource 63b506f3-b57d-4749-9339-1527dee95346 (type: ports) to 1
2026-07-09 14:23:22.943 10 INFO neutron.wsgi [None req-2131fbda-c28a-446c-8771-fd0606dbfd80 336c13c7a1b14f4b886be777c8b1fdbb 2b2cc386fc5c43258a99aa7c7139b577 - - default default] 10.0.0.38 "POST /v2.0/networks HTTP/1.1" status: 201 len: 831 time: 1.9792988
2026-07-09 14:23:22.984 9 WARNING neutron.scheduler.dhcp_agent_scheduler [None req-1f0c4de9-a8c1-4b9c-a27f-2878600b6fc6 81a77bffd09941559906dcca23982b01 382ca9eb4d6543128ddae8b65532b70b - - default default] No more DHCP agents
2026-07-09 14:23:22.986 9 WARNING neutron.api.rpc.agentnotifiers.dhcp_rpc_agent_api [None req-1f0c4de9-a8c1-4b9c-a27f-2878600b6fc6 81a77bffd09941559906dcca23982b01 382ca9eb4d6543128ddae8b65532b70b - - default default] Unable to schedule network 405480b9-41c6-4633-8556-44107176c091: no agents available; will retry on subsequent port and subnet creation events.
2026-07-09 14:23:23.087 10 INFO neutron.wsgi [None req-0a393c06-74f8-45a8-b1ed-bf71e07bede1 336c13c7a1b14f4b886be777c8b1fdbb 2b2cc386fc5c43258a99aa7c7139b577 - - default default] 10.0.0.38 "PUT /v2.0/networks/b6fb4969-4242-484a-9adc-51ad7eb6a5d6/tags HTTP/1.1" status: 200 len: 218 time: 0.1333854
2026-07-09 14:23:23.193 10 INFO neutron.wsgi [None req-995e8df1-7e2b-49e5-acfa-1931cf7403b8 336c13c7a1b14f4b886be777c8b1fdbb 2b2cc386fc5c43258a99aa7c7139b577 - - default default] 10.0.0.38 "GET /v2.0/networks/b6fb4969-4242-484a-9adc-51ad7eb6a5d6/tags HTTP/1.1" status: 200 len: 218 time: 0.1006260
2026-07-09 14:23:23.304 9 INFO neutron.wsgi [None req-003b07f6-7bae-4897-90b5-cf63b32b01cd 336c13c7a1b14f4b886be777c8b1fdbb 2b2cc386fc5c43258a99aa7c7139b577 - - default default] 10.0.0.38 "PUT /v2.0/networks/b6fb4969-4242-484a-9adc-51ad7eb6a5d6/tags/green HTTP/1.1" status: 201 len: 201 time: 0.1037254
2026-07-09 14:23:23.324 9 INFO neutron.wsgi [None req-a0ec5202-f63a-490f-bc1f-fc309f3686f7 2b564bf129944b2fa85c43568d5736b0 bcb4766775de4fc89e29bceeceb951da - - default default] 10.0.0.38 "DELETE /v2.0/ports/209ab027-46d4-495c-b97f-49bf7ee2128e HTTP/1.1" status: 204 len: 168 time: 0.4965467
2026-07-09 14:23:23.382 10 INFO neutron.db.ovn_revision_numbers_db [None req-dec079e8-a78e-4788-9efe-ffefc452f219 - - - - - -] Successfully bumped revision number for resource a0906260-7634-4e1d-a2fc-736f3e3cf7e5 (type: ports) to 2
2026-07-09 14:23:23.409 9 INFO neutron.wsgi [None req-dd9f38ce-98a3-424b-b8e4-470798c71ea8 336c13c7a1b14f4b886be777c8b1fdbb 2b2cc386fc5c43258a99aa7c7139b577 - - default default] 10.0.0.38 "GET /v2.0/networks/b6fb4969-4242-484a-9adc-51ad7eb6a5d6/tags HTTP/1.1" status: 200 len: 227 time: 0.0997734
2026-07-09 14:23:23.517 10 INFO neutron.wsgi [None req-8890c3b1-99ec-410d-8dc2-859b7a78b356 336c13c7a1b14f4b886be777c8b1fdbb 2b2cc386fc5c43258a99aa7c7139b577 - - default default] 10.0.0.38 "PUT /v2.0/networks/b6fb4969-4242-484a-9adc-51ad7eb6a5d6/tags/red HTTP/1.1" status: 201 len: 201 time: 0.0962286
2026-07-09 14:23:23.677 10 INFO neutron.wsgi [None req-d4804026-b96b-4def-bbf8-d4e955e08232 336c13c7a1b14f4b886be777c8b1fdbb 2b2cc386fc5c43258a99aa7c7139b577 - - default default] 10.0.0.38 "GET /v2.0/networks/b6fb4969-4242-484a-9adc-51ad7eb6a5d6/tags HTTP/1.1" status: 200 len: 227 time: 0.1530931
2026-07-09 14:23:23.682 10 INFO neutron.services.segments.plugin [-] Segment 1610cdbd-718a-4a26-b8d2-ff545bc13c09 resource provider aggregate not found
2026-07-09 14:23:23.690 10 INFO neutron.services.segments.plugin [-] Segment 1610cdbd-718a-4a26-b8d2-ff545bc13c09 resource provider aggregate not found
2026-07-09 14:23:23.718 10 INFO neutron.services.segments.plugin [-] Segment 1610cdbd-718a-4a26-b8d2-ff545bc13c09 resource provider not found; error: Placement Client Error (4xx): {"errors": [{"status": 404, "title": "Not Found", "detail": "The resource could not be found.\n\n No resource provider with uuid 1610cdbd-718a-4a26-b8d2-ff545bc13c09 found for delete ", "request_id": "req-69a7392e-90c9-4035-b917-3009f1d73937"}]}
2026-07-09 14:23:23.720 10 INFO neutron.services.segments.plugin [-] Segment 1610cdbd-718a-4a26-b8d2-ff545bc13c09 resource provider not found; error: Placement Client Error (4xx): {"errors": [{"status": 404, "title": "Not Found", "detail": "The resource could not be found.\n\n No resource provider with uuid 1610cdbd-718a-4a26-b8d2-ff545bc13c09 found for delete ", "request_id": "req-6ed146b0-2dff-4e79-8bbf-0a8d3b8a2514"}]}
2026-07-09 14:23:23.805 10 INFO neutron.wsgi [None req-70d1cd52-6b7c-4a42-a1ed-7f37c0a0fa24 1c12bd7102624fdfb82b2b6a61c6cc60 117fadc272e14fc1bab0f978d3d4f3f8 - - default default] 10.0.0.38 "DELETE /v2.0/networks/fff6c0ec-e000-4698-bf89-ea1eb6f99c0d HTTP/1.1" status: 204 len: 168 time: 1.3737190
2026-07-09 14:23:23.843 10 INFO neutron.wsgi [None req-0875c526-55c0-4c67-b71a-3b662006a458 336c13c7a1b14f4b886be777c8b1fdbb 2b2cc386fc5c43258a99aa7c7139b577 - - default default] 10.0.0.38 "PUT /v2.0/networks/b6fb4969-4242-484a-9adc-51ad7eb6a5d6/tags/black.or.white HTTP/1.1" status: 201 len: 201 time: 0.1489787
2026-07-09 14:23:23.942 10 INFO neutron.wsgi [None req-016d1503-fed5-45a0-8f6f-198099363ce8 336c13c7a1b14f4b886be777c8b1fdbb 2b2cc386fc5c43258a99aa7c7139b577 - - default default] 10.0.0.38 "GET /v2.0/networks/b6fb4969-4242-484a-9adc-51ad7eb6a5d6/tags HTTP/1.1" status: 200 len: 245 time: 0.0900426
2026-07-09 14:23:23.966 10 INFO neutron.db.ovn_revision_numbers_db [None req-b7f09dd7-66e4-4e23-b4b0-b3d8561965c0 - - - - - -] Successfully bumped revision number for resource 3df43a7d-99a9-4496-9f03-97364d9e467a (type: ports) to 2
2026-07-09 14:23:24.096 9 INFO neutron.wsgi [None req-2a606afe-e229-4c64-9e32-ca01c9faebb8 336c13c7a1b14f4b886be777c8b1fdbb 2b2cc386fc5c43258a99aa7c7139b577 - - default default] 10.0.0.38 "PUT /v2.0/networks/b6fb4969-4242-484a-9adc-51ad7eb6a5d6/tags HTTP/1.1" status: 200 len: 230 time: 0.1473789
2026-07-09 14:23:24.191 9 INFO neutron.wsgi [None req-230b7787-da0d-4368-949d-4f05fd8abd37 336c13c7a1b14f4b886be777c8b1fdbb 2b2cc386fc5c43258a99aa7c7139b577 - - default default] 10.0.0.38 "GET /v2.0/networks/b6fb4969-4242-484a-9adc-51ad7eb6a5d6/tags HTTP/1.1" status: 200 len: 230 time: 0.0889413
2026-07-09 14:23:24.278 9 INFO neutron.db.ovn_revision_numbers_db [None req-1f0c4de9-a8c1-4b9c-a27f-2878600b6fc6 81a77bffd09941559906dcca23982b01 382ca9eb4d6543128ddae8b65532b70b - - default default] Successfully bumped revision number for resource 3df43a7d-99a9-4496-9f03-97364d9e467a (type: router_ports) to 1
2026-07-09 14:23:24.297 9 INFO neutron.wsgi [None req-1f0c4de9-a8c1-4b9c-a27f-2878600b6fc6 81a77bffd09941559906dcca23982b01 382ca9eb4d6543128ddae8b65532b70b - - default default] 10.0.0.38 "PUT /v2.0/routers/d3c7c144-adaa-4d37-827e-0b78d52c31a6/add_router_interface HTTP/1.1" status: 200 len: 503 time: 3.8443079
2026-07-09 14:23:24.305 9 INFO neutron.wsgi [None req-a624c3d6-e4a3-4b84-92ce-8e6bad1aabea 336c13c7a1b14f4b886be777c8b1fdbb 2b2cc386fc5c43258a99aa7c7139b577 - - default default] 10.0.0.38 "GET /v2.0/networks/b6fb4969-4242-484a-9adc-51ad7eb6a5d6/tags/red HTTP/1.1" status: 204 len: 168 time: 0.1091118
2026-07-09 14:23:24.319 9 INFO neutron.services.segments.plugin [-] Segment 54a727f1-e866-4125-8eda-bd7b87799ac4 resource provider aggregate not found
2026-07-09 14:23:24.326 9 INFO neutron.services.segments.plugin [-] Segment 54a727f1-e866-4125-8eda-bd7b87799ac4 resource provider aggregate not found
2026-07-09 14:23:24.344 9 INFO neutron.services.segments.plugin [-] Segment 54a727f1-e866-4125-8eda-bd7b87799ac4 resource provider not found; error: Placement Client Error (4xx): {"errors": [{"status": 404, "title": "Not Found", "detail": "The resource could not be found.\n\n No resource provider with uuid 54a727f1-e866-4125-8eda-bd7b87799ac4 found for delete ", "request_id": "req-ce224c5a-63d7-41b3-9558-21aa64d90ecd"}]}
2026-07-09 14:23:24.345 9 INFO neutron.services.segments.plugin [-] Segment 54a727f1-e866-4125-8eda-bd7b87799ac4 resource provider not found; error: Placement Client Error (4xx): {"errors": [{"status": 404, "title": "Not Found", "detail": "The resource could not be found.\n\n No resource provider with uuid 54a727f1-e866-4125-8eda-bd7b87799ac4 found for delete ", "request_id": "req-e5fecd47-d240-4a3b-96a0-7fa2a7f64dec"}]}
2026-07-09 14:23:24.367 9 INFO neutron.wsgi [None req-a73691be-f56e-4e11-bba2-7b325c1488e0 2b564bf129944b2fa85c43568d5736b0 bcb4766775de4fc89e29bceeceb951da - - default default] 10.0.0.38 "DELETE /v2.0/networks/bd87969a-4d85-44d1-8f0b-dab0c65d8ce3 HTTP/1.1" status: 204 len: 168 time: 1.0376935
2026-07-09 14:23:24.382 9 INFO neutron.api.v2.resource [None req-af8239df-d4a5-4113-aa8d-aa7e8fa2c2a0 336c13c7a1b14f4b886be777c8b1fdbb 2b2cc386fc5c43258a99aa7c7139b577 - - default default] show failed (client error): The resource could not be found.
2026-07-09 14:23:24.383 9 INFO neutron.wsgi [None req-af8239df-d4a5-4113-aa8d-aa7e8fa2c2a0 336c13c7a1b14f4b886be777c8b1fdbb 2b2cc386fc5c43258a99aa7c7139b577 - - default default] 10.0.0.38 "GET /v2.0/networks/b6fb4969-4242-484a-9adc-51ad7eb6a5d6/tags/green HTTP/1.1" status: 404 len: 299 time: 0.0730088
2026-07-09 14:23:24.415 10 INFO neutron.db.ovn_revision_numbers_db [None req-b7f09dd7-66e4-4e23-b4b0-b3d8561965c0 - - - - - -] Successfully bumped revision number for resource 3df43a7d-99a9-4496-9f03-97364d9e467a (type: router_ports) to 2
2026-07-09 14:23:24.444 10 INFO neutron.db.ovn_revision_numbers_db [None req-dec079e8-a78e-4788-9efe-ffefc452f219 - - - - - -] Successfully bumped revision number for resource a0906260-7634-4e1d-a2fc-736f3e3cf7e5 (type: ports) to 4
2026-07-09 14:23:24.450 9 INFO neutron.wsgi [None req-8cb729e3-b6ba-4793-bcab-abb114c63ab0 336c13c7a1b14f4b886be777c8b1fdbb 2b2cc386fc5c43258a99aa7c7139b577 - - default default] 10.0.0.38 "DELETE /v2.0/networks/b6fb4969-4242-484a-9adc-51ad7eb6a5d6/tags/red HTTP/1.1" status: 204 len: 168 time: 0.0620232
2026-07-09 14:23:24.497 9 INFO neutron.wsgi [None req-04fad8ed-6f21-467a-a29e-61b3ab0c2668 336c13c7a1b14f4b886be777c8b1fdbb 2b2cc386fc5c43258a99aa7c7139b577 - - default default] 10.0.0.38 "GET /v2.0/networks/b6fb4969-4242-484a-9adc-51ad7eb6a5d6/tags HTTP/1.1" status: 200 len: 223 time: 0.0416543
2026-07-09 14:23:24.568 9 INFO neutron.api.v2.resource [None req-697ce166-cee2-4fe8-b168-93309fe662f8 336c13c7a1b14f4b886be777c8b1fdbb 2b2cc386fc5c43258a99aa7c7139b577 - - default default] delete failed (client error): The resource could not be found.
2026-07-09 14:23:24.570 9 INFO neutron.wsgi [None req-697ce166-cee2-4fe8-b168-93309fe662f8 336c13c7a1b14f4b886be777c8b1fdbb 2b2cc386fc5c43258a99aa7c7139b577 - - default default] 10.0.0.38 "DELETE /v2.0/networks/b6fb4969-4242-484a-9adc-51ad7eb6a5d6/tags/green HTTP/1.1" status: 404 len: 299 time: 0.0680685
2026-07-09 14:23:24.668 10 INFO neutron.wsgi [None req-5b642745-5909-4803-b22f-432266164d17 336c13c7a1b14f4b886be777c8b1fdbb 2b2cc386fc5c43258a99aa7c7139b577 - - default default] 10.0.0.38 "DELETE /v2.0/networks/b6fb4969-4242-484a-9adc-51ad7eb6a5d6/tags HTTP/1.1" status: 204 len: 168 time: 0.0931768
2026-07-09 14:23:24.717 9 INFO neutron.wsgi [None req-87ca616f-6215-41c8-b38e-303dfe100e8a 81a77bffd09941559906dcca23982b01 382ca9eb4d6543128ddae8b65532b70b - - default default] 10.0.0.38 "GET /v2.0/security-groups?tenant_id=117fadc272e14fc1bab0f978d3d4f3f8&name=default HTTP/1.1" status: 200 len: 3120 time: 0.1624405
2026-07-09 14:23:24.733 10 INFO neutron.wsgi [None req-d6580d1a-19d0-42af-86ce-bf0f04d93ac5 336c13c7a1b14f4b886be777c8b1fdbb 2b2cc386fc5c43258a99aa7c7139b577 - - default default] 10.0.0.38 "GET /v2.0/networks/b6fb4969-4242-484a-9adc-51ad7eb6a5d6/tags HTTP/1.1" status: 200 len: 205 time: 0.0564444
2026-07-09 14:23:24.826 10 INFO neutron.db.ovn_revision_numbers_db [None req-dec079e8-a78e-4788-9efe-ffefc452f219 - - - - - -] Successfully bumped revision number for resource a0906260-7634-4e1d-a2fc-736f3e3cf7e5 (type: router_ports) to 4
2026-07-09 14:23:24.937 9 INFO neutron.wsgi [None req-4013ec75-9f9f-45e9-b61e-4feb374f26c9 81a77bffd09941559906dcca23982b01 382ca9eb4d6543128ddae8b65532b70b - - default default] 10.0.0.38 "DELETE /v2.0/security-groups/2c03ec8b-eb07-4f12-a422-e311500369ed HTTP/1.1" status: 204 len: 168 time: 0.2145340
2026-07-09 14:23:25.030 9 WARNING neutron_lib.context [None req-fafc3108-c16a-40c8-9d3c-3a5200bd2307 c7d61c0e041a41c49eb2050e24f94c31 09e407b2d62549e49fa530efc0bf99f6 - - default default] Method 'is_advsvc' is deprecated since 2023.2 release (neutron-lib 3.8.0) and will be removed once support for the old RBAC API policies will be removed from Neutron. Please use method 'is_service_role' instead.
2026-07-09 14:23:25.182 9 INFO neutron.db.ovn_revision_numbers_db [None req-fafc3108-c16a-40c8-9d3c-3a5200bd2307 c7d61c0e041a41c49eb2050e24f94c31 09e407b2d62549e49fa530efc0bf99f6 - - default default] Successfully bumped revision number for resource 62ed6e31-c998-4de5-99f9-c5de70cc651f (type: security_groups) to 1
2026-07-09 14:23:25.197 10 INFO neutron.wsgi [None req-f1f91364-908f-4c1e-b9ab-1299c4806ab7 336c13c7a1b14f4b886be777c8b1fdbb 2b2cc386fc5c43258a99aa7c7139b577 - - default default] 10.0.0.38 "DELETE /v2.0/networks/b6fb4969-4242-484a-9adc-51ad7eb6a5d6 HTTP/1.1" status: 204 len: 168 time: 0.4578826
2026-07-09 14:23:25.208 9 INFO neutron.db.ovn_revision_numbers_db [None req-fafc3108-c16a-40c8-9d3c-3a5200bd2307 c7d61c0e041a41c49eb2050e24f94c31 09e407b2d62549e49fa530efc0bf99f6 - - default default] Successfully bumped revision number for resource 6a15a192-5fcf-49f0-8e57-fa0be59be5a2 (type: security_group_rules) to 0
2026-07-09 14:23:25.224 9 INFO neutron.db.ovn_revision_numbers_db [None req-fafc3108-c16a-40c8-9d3c-3a5200bd2307 c7d61c0e041a41c49eb2050e24f94c31 09e407b2d62549e49fa530efc0bf99f6 - - default default] Successfully bumped revision number for resource de3d2d55-5b7e-4d31-9134-f8a95a587707 (type: security_group_rules) to 0
2026-07-09 14:23:25.246 9 INFO neutron.wsgi [None req-fafc3108-c16a-40c8-9d3c-3a5200bd2307 c7d61c0e041a41c49eb2050e24f94c31 09e407b2d62549e49fa530efc0bf99f6 - - default default] 10.0.0.38 "POST /v2.0/security-groups HTTP/1.1" status: 201 len: 1875 time: 0.2242424
2026-07-09 14:23:25.256 9 WARNING neutron_lib.context [None req-52cabf60-470b-45a1-a99f-a8493e7be74f c7d61c0e041a41c49eb2050e24f94c31 09e407b2d62549e49fa530efc0bf99f6 - - default default] Method 'is_advsvc' is deprecated since 2023.2 release (neutron-lib 3.8.0) and will be removed once support for the old RBAC API policies will be removed from Neutron. Please use method 'is_service_role' instead.
2026-07-09 14:23:25.284 10 INFO neutron.db.ovn_revision_numbers_db [None req-93fbf69f-6edc-4d2a-b176-6389b01417b0 81a77bffd09941559906dcca23982b01 382ca9eb4d6543128ddae8b65532b70b - - default default] Successfully bumped revision number for resource 01e4df8a-95a7-491e-a25b-d9b8efbf5661 (type: security_groups) to 1
2026-07-09 14:23:25.302 10 INFO neutron.db.ovn_revision_numbers_db [None req-93fbf69f-6edc-4d2a-b176-6389b01417b0 81a77bffd09941559906dcca23982b01 382ca9eb4d6543128ddae8b65532b70b - - default default] Successfully bumped revision number for resource 0dc06f0f-57fc-4a3b-80ca-8fd591c23e8f (type: security_group_rules) to 0
2026-07-09 14:23:25.324 10 INFO neutron.db.ovn_revision_numbers_db [None req-93fbf69f-6edc-4d2a-b176-6389b01417b0 81a77bffd09941559906dcca23982b01 382ca9eb4d6543128ddae8b65532b70b - - default default] Successfully bumped revision number for resource 1cb8a7a1-a774-4e8f-b074-7dfb7253d979 (type: security_group_rules) to 0
2026-07-09 14:23:25.352 10 INFO neutron.db.ovn_revision_numbers_db [None req-93fbf69f-6edc-4d2a-b176-6389b01417b0 81a77bffd09941559906dcca23982b01 382ca9eb4d6543128ddae8b65532b70b - - default default] Successfully bumped revision number for resource 74565ed8-04ce-4fd5-97a3-a7872f746143 (type: security_group_rules) to 0
2026-07-09 14:23:25.376 10 INFO neutron.wsgi [None req-5eb37941-fee2-4e0e-b195-c6a24224658d 81a77bffd09941559906dcca23982b01 382ca9eb4d6543128ddae8b65532b70b - - default default] 10.0.0.38 "GET /v2.0/security-groups?tenant_id=bcb4766775de4fc89e29bceeceb951da&name=default HTTP/1.1" status: 200 len: 3120 time: 0.2772052
2026-07-09 14:23:25.378 10 INFO neutron.db.ovn_revision_numbers_db [None req-93fbf69f-6edc-4d2a-b176-6389b01417b0 81a77bffd09941559906dcca23982b01 382ca9eb4d6543128ddae8b65532b70b - - default default] Successfully bumped revision number for resource aae2791e-aae7-4e22-b051-bc1be8b29c63 (type: security_group_rules) to 0
2026-07-09 14:23:25.407 10 INFO neutron.wsgi [None req-93fbf69f-6edc-4d2a-b176-6389b01417b0 81a77bffd09941559906dcca23982b01 382ca9eb4d6543128ddae8b65532b70b - - default default] 10.0.0.38 "GET /v2.0/security-groups?tenant_id=d412b1491f9e4f4ea61b95cd01fa208d&name=default HTTP/1.1" status: 200 len: 3120 time: 0.2788835
2026-07-09 14:23:25.454 9 INFO neutron.db.ovn_revision_numbers_db [None req-52cabf60-470b-45a1-a99f-a8493e7be74f c7d61c0e041a41c49eb2050e24f94c31 09e407b2d62549e49fa530efc0bf99f6 - - default default] Successfully bumped revision number for resource 7dc9337d-866c-480b-8d5e-d4085c0748ba (type: security_group_rules) to 0
2026-07-09 14:23:25.512 9 INFO neutron.wsgi [None req-52cabf60-470b-45a1-a99f-a8493e7be74f c7d61c0e041a41c49eb2050e24f94c31 09e407b2d62549e49fa530efc0bf99f6 - - default default] 10.0.0.38 "POST /v2.0/security-group-rules HTTP/1.1" status: 201 len: 796 time: 0.2602794
2026-07-09 14:23:25.524 10 WARNING neutron_lib.context [None req-4055b242-35d6-4373-bd21-b70d23b32b9b c7d61c0e041a41c49eb2050e24f94c31 09e407b2d62549e49fa530efc0bf99f6 - - default default] Method 'is_advsvc' is deprecated since 2023.2 release (neutron-lib 3.8.0) and will be removed once support for the old RBAC API policies will be removed from Neutron. Please use method 'is_service_role' instead.
2026-07-09 14:23:25.689 10 INFO neutron.db.ovn_revision_numbers_db [None req-4055b242-35d6-4373-bd21-b70d23b32b9b c7d61c0e041a41c49eb2050e24f94c31 09e407b2d62549e49fa530efc0bf99f6 - - default default] Successfully bumped revision number for resource 08cadc45-ee22-461a-9068-e3a724fe8293 (type: security_group_rules) to 0
2026-07-09 14:23:25.709 9 INFO neutron.wsgi [None req-2af2af6b-d61a-4ae1-8123-33a6e0d2ccfc 81a77bffd09941559906dcca23982b01 382ca9eb4d6543128ddae8b65532b70b - - default default] 10.0.0.38 "DELETE /v2.0/security-groups/84a7c753-60b3-40a6-979e-82dd65ebd652 HTTP/1.1" status: 204 len: 168 time: 0.3267143
2026-07-09 14:23:25.720 10 INFO neutron.wsgi [None req-4055b242-35d6-4373-bd21-b70d23b32b9b c7d61c0e041a41c49eb2050e24f94c31 09e407b2d62549e49fa530efc0bf99f6 - - default default] 10.0.0.38 "POST /v2.0/security-group-rules HTTP/1.1" status: 201 len: 795 time: 0.2021809
2026-07-09 14:23:25.731 9 WARNING neutron_lib.context [None req-98a2068b-fe74-49d7-b9f2-a59155b4dd63 c7d61c0e041a41c49eb2050e24f94c31 09e407b2d62549e49fa530efc0bf99f6 - - default default] Method 'is_advsvc' is deprecated since 2023.2 release (neutron-lib 3.8.0) and will be removed once support for the old RBAC API policies will be removed from Neutron. Please use method 'is_service_role' instead.
2026-07-09 14:23:25.745 10 INFO neutron.services.segments.plugin [-] Segment 36a803f2-e7e1-4631-ac8c-686764a31a88 resource provider aggregate not found
2026-07-09 14:23:25.750 9 INFO neutron.wsgi [None req-1eff2e6a-11ba-4746-9ae4-fb15528cf506 81a77bffd09941559906dcca23982b01 382ca9eb4d6543128ddae8b65532b70b - - default default] 10.0.0.38 "DELETE /v2.0/security-groups/01e4df8a-95a7-491e-a25b-d9b8efbf5661 HTTP/1.1" status: 204 len: 168 time: 0.3329079
2026-07-09 14:23:25.752 10 INFO neutron.services.segments.plugin [-] Segment 36a803f2-e7e1-4631-ac8c-686764a31a88 resource provider aggregate not found
2026-07-09 14:23:25.769 10 INFO neutron.services.segments.plugin [-] Segment 36a803f2-e7e1-4631-ac8c-686764a31a88 resource provider not found; error: Placement Client Error (4xx): {"errors": [{"status": 404, "title": "Not Found", "detail": "The resource could not be found.\n\n No resource provider with uuid 36a803f2-e7e1-4631-ac8c-686764a31a88 found for delete ", "request_id": "req-e74ece57-31e8-432f-b554-7ffdcdca8867"}]}
2026-07-09 14:23:25.770 10 INFO neutron.services.segments.plugin [-] Segment 36a803f2-e7e1-4631-ac8c-686764a31a88 resource provider not found; error: Placement Client Error (4xx): {"errors": [{"status": 404, "title": "Not Found", "detail": "The resource could not be found.\n\n No resource provider with uuid 36a803f2-e7e1-4631-ac8c-686764a31a88 found for delete ", "request_id": "req-7782b593-c26d-41bb-b068-5638715260b6"}]}
2026-07-09 14:23:25.924 9 INFO neutron.db.ovn_revision_numbers_db [None req-98a2068b-fe74-49d7-b9f2-a59155b4dd63 c7d61c0e041a41c49eb2050e24f94c31 09e407b2d62549e49fa530efc0bf99f6 - - default default] Successfully bumped revision number for resource a9d945e4-9d7a-4b16-90d5-e720979c8435 (type: security_group_rules) to 0
2026-07-09 14:23:25.973 9 INFO neutron.wsgi [None req-98a2068b-fe74-49d7-b9f2-a59155b4dd63 c7d61c0e041a41c49eb2050e24f94c31 09e407b2d62549e49fa530efc0bf99f6 - - default default] 10.0.0.38 "POST /v2.0/security-group-rules HTTP/1.1" status: 201 len: 801 time: 0.2488248
2026-07-09 14:23:25.989 10 WARNING neutron_lib.context [None req-12bba7c4-7d05-49c2-8b93-1128f243f064 c7d61c0e041a41c49eb2050e24f94c31 09e407b2d62549e49fa530efc0bf99f6 - - default default] Method 'is_advsvc' is deprecated since 2023.2 release (neutron-lib 3.8.0) and will be removed once support for the old RBAC API policies will be removed from Neutron. Please use method 'is_service_role' instead.
2026-07-09 14:23:26.060 10 INFO neutron.db.ovn_revision_numbers_db [None req-7adb009e-566c-48e2-8c9b-fde3e0f13aec 81a77bffd09941559906dcca23982b01 382ca9eb4d6543128ddae8b65532b70b - - default default] Successfully bumped revision number for resource 945d4131-7b82-4439-8329-2b55ce370ba4 (type: security_groups) to 1
2026-07-09 14:23:26.084 10 INFO neutron.db.ovn_revision_numbers_db [None req-7adb009e-566c-48e2-8c9b-fde3e0f13aec 81a77bffd09941559906dcca23982b01 382ca9eb4d6543128ddae8b65532b70b - - default default] Successfully bumped revision number for resource 18eac25f-ccab-45e0-af70-7c78ba8e022b (type: security_group_rules) to 0
2026-07-09 14:23:26.102 10 INFO neutron.db.ovn_revision_numbers_db [None req-7adb009e-566c-48e2-8c9b-fde3e0f13aec 81a77bffd09941559906dcca23982b01 382ca9eb4d6543128ddae8b65532b70b - - default default] Successfully bumped revision number for resource 22e5bd30-939b-4107-a5d3-8c287ad87c67 (type: security_group_rules) to 0
2026-07-09 14:23:26.121 10 INFO neutron.db.ovn_revision_numbers_db [None req-7adb009e-566c-48e2-8c9b-fde3e0f13aec 81a77bffd09941559906dcca23982b01 382ca9eb4d6543128ddae8b65532b70b - - default default] Successfully bumped revision number for resource 9af3750d-3d50-4f0e-8d4b-21e38d009589 (type: security_group_rules) to 0
2026-07-09 14:23:26.142 10 INFO neutron.db.ovn_revision_numbers_db [None req-7adb009e-566c-48e2-8c9b-fde3e0f13aec 81a77bffd09941559906dcca23982b01 382ca9eb4d6543128ddae8b65532b70b - - default default] Successfully bumped revision number for resource a5f9d38d-d15b-4bc4-8e10-2ba324c06cd2 (type: security_group_rules) to 0
2026-07-09 14:23:26.176 10 INFO neutron.wsgi [None req-7adb009e-566c-48e2-8c9b-fde3e0f13aec 81a77bffd09941559906dcca23982b01 382ca9eb4d6543128ddae8b65532b70b - - default default] 10.0.0.38 "GET /v2.0/security-groups?tenant_id=94ebe95ca8f74052a227258ac6501284&name=default HTTP/1.1" status: 200 len: 3120 time: 0.2948773
2026-07-09 14:23:26.203 10 INFO neutron.db.ovn_revision_numbers_db [None req-12bba7c4-7d05-49c2-8b93-1128f243f064 c7d61c0e041a41c49eb2050e24f94c31 09e407b2d62549e49fa530efc0bf99f6 - - default default] Successfully bumped revision number for resource cf405997-00eb-4ddc-9ce4-93134559932d (type: security_group_rules) to 0
2026-07-09 14:23:26.244 10 INFO neutron.wsgi [None req-12bba7c4-7d05-49c2-8b93-1128f243f064 c7d61c0e041a41c49eb2050e24f94c31 09e407b2d62549e49fa530efc0bf99f6 - - default default] 10.0.0.38 "POST /v2.0/security-group-rules HTTP/1.1" status: 201 len: 800 time: 0.2602513
2026-07-09 14:23:26.254 10 WARNING neutron_lib.context [None req-8054cab2-20e3-43a8-bf88-fd3aae23d5fb c7d61c0e041a41c49eb2050e24f94c31 09e407b2d62549e49fa530efc0bf99f6 - - default default] Method 'is_advsvc' is deprecated since 2023.2 release (neutron-lib 3.8.0) and will be removed once support for the old RBAC API policies will be removed from Neutron. Please use method 'is_service_role' instead.
2026-07-09 14:23:26.352 10 INFO neutron.db.securitygroups_db [None req-8054cab2-20e3-43a8-bf88-fd3aae23d5fb c7d61c0e041a41c49eb2050e24f94c31 09e407b2d62549e49fa530efc0bf99f6 - - default default] Project 09e407b2d62549e49fa530efc0bf99f6 added a security group rule with legacy IPv6 ICMP protocol name icmp, ipv6-icmp should be used instead. It was automatically converted.
2026-07-09 14:23:26.380 10 INFO neutron.db.ovn_revision_numbers_db [None req-e2933eeb-8b74-4490-8f43-b93f888f20d1 81a77bffd09941559906dcca23982b01 382ca9eb4d6543128ddae8b65532b70b - - default default] Successfully bumped revision number for resource c31e5889-d117-4a42-a2f7-084ef1be4d36 (type: security_groups) to 1
2026-07-09 14:23:26.402 10 INFO neutron.db.ovn_revision_numbers_db [None req-e2933eeb-8b74-4490-8f43-b93f888f20d1 81a77bffd09941559906dcca23982b01 382ca9eb4d6543128ddae8b65532b70b - - default default] Successfully bumped revision number for resource 5961e39b-ca39-42d2-8690-5bfc90a35513 (type: security_group_rules) to 0
2026-07-09 14:23:26.418 10 INFO neutron.db.ovn_revision_numbers_db [None req-e2933eeb-8b74-4490-8f43-b93f888f20d1 81a77bffd09941559906dcca23982b01 382ca9eb4d6543128ddae8b65532b70b - - default default] Successfully bumped revision number for resource bd770d2a-0166-4a6f-bd02-d779dee53801 (type: security_group_rules) to 0
2026-07-09 14:23:26.443 10 INFO neutron.db.ovn_revision_numbers_db [None req-e2933eeb-8b74-4490-8f43-b93f888f20d1 81a77bffd09941559906dcca23982b01 382ca9eb4d6543128ddae8b65532b70b - - default default] Successfully bumped revision number for resource c88736ae-61d9-455f-8171-9ab76f4938c4 (type: security_group_rules) to 0
2026-07-09 14:23:26.459 9 INFO neutron.wsgi [None req-ded0a1c4-8d8b-4c48-be0d-f84c75caabc1 81a77bffd09941559906dcca23982b01 382ca9eb4d6543128ddae8b65532b70b - - default default] 10.0.0.38 "DELETE /v2.0/security-groups/945d4131-7b82-4439-8329-2b55ce370ba4 HTTP/1.1" status: 204 len: 168 time: 0.2759967
2026-07-09 14:23:26.463 10 INFO neutron.db.ovn_revision_numbers_db [None req-e2933eeb-8b74-4490-8f43-b93f888f20d1 81a77bffd09941559906dcca23982b01 382ca9eb4d6543128ddae8b65532b70b - - default default] Successfully bumped revision number for resource eb3771e0-3a40-4e71-936b-da20774877c8 (type: security_group_rules) to 0
2026-07-09 14:23:26.486 10 INFO neutron.db.ovn_revision_numbers_db [None req-8054cab2-20e3-43a8-bf88-fd3aae23d5fb c7d61c0e041a41c49eb2050e24f94c31 09e407b2d62549e49fa530efc0bf99f6 - - default default] Successfully bumped revision number for resource 938b1bad-6423-446f-9015-1e62dc9e1099 (type: security_group_rules) to 0
2026-07-09 14:23:26.499 10 INFO neutron.wsgi [None req-e2933eeb-8b74-4490-8f43-b93f888f20d1 81a77bffd09941559906dcca23982b01 382ca9eb4d6543128ddae8b65532b70b - - default default] 10.0.0.38 "GET /v2.0/security-groups?tenant_id=3df279b51acc4b4ca37f73ed3ee65261&name=default HTTP/1.1" status: 200 len: 3120 time: 0.5728548
2026-07-09 14:23:26.523 10 INFO neutron.wsgi [None req-8054cab2-20e3-43a8-bf88-fd3aae23d5fb c7d61c0e041a41c49eb2050e24f94c31 09e407b2d62549e49fa530efc0bf99f6 - - default default] 10.0.0.38 "POST /v2.0/security-group-rules HTTP/1.1" status: 201 len: 806 time: 0.2736351
2026-07-09 14:23:26.539 10 WARNING neutron_lib.context [None req-bd09dc6a-847c-4502-8344-923235c5d9d6 c7d61c0e041a41c49eb2050e24f94c31 09e407b2d62549e49fa530efc0bf99f6 - - default default] Method 'is_advsvc' is deprecated since 2023.2 release (neutron-lib 3.8.0) and will be removed once support for the old RBAC API policies will be removed from Neutron. Please use method 'is_service_role' instead.
2026-07-09 14:23:26.584 10 INFO neutron.db.securitygroups_db [None req-bd09dc6a-847c-4502-8344-923235c5d9d6 c7d61c0e041a41c49eb2050e24f94c31 09e407b2d62549e49fa530efc0bf99f6 - - default default] Project 09e407b2d62549e49fa530efc0bf99f6 added a security group rule with legacy IPv6 ICMP protocol name icmp, ipv6-icmp should be used instead. It was automatically converted.
2026-07-09 14:23:26.702 10 INFO neutron.db.ovn_revision_numbers_db [None req-bd09dc6a-847c-4502-8344-923235c5d9d6 c7d61c0e041a41c49eb2050e24f94c31 09e407b2d62549e49fa530efc0bf99f6 - - default default] Successfully bumped revision number for resource 549d3bc5-af2b-4d44-8ac4-bff15900b735 (type: security_group_rules) to 0
2026-07-09 14:23:26.735 10 INFO neutron.wsgi [None req-bd09dc6a-847c-4502-8344-923235c5d9d6 c7d61c0e041a41c49eb2050e24f94c31 09e407b2d62549e49fa530efc0bf99f6 - - default default] 10.0.0.38 "POST /v2.0/security-group-rules HTTP/1.1" status: 201 len: 805 time: 0.2042160
2026-07-09 14:23:26.747 9 INFO neutron.wsgi [None req-6eb542af-26e6-4cec-b45a-9825b4416721 81a77bffd09941559906dcca23982b01 382ca9eb4d6543128ddae8b65532b70b - - default default] 10.0.0.38 "DELETE /v2.0/security-groups/c31e5889-d117-4a42-a2f7-084ef1be4d36 HTTP/1.1" status: 204 len: 168 time: 0.2406387
2026-07-09 14:23:26.946 10 INFO neutron.wsgi [None req-07feda05-eabb-4238-8841-cfe6bb300a61 81a77bffd09941559906dcca23982b01 382ca9eb4d6543128ddae8b65532b70b - - default default] 10.0.0.38 "GET /v2.0/security-groups?tenant_id=2b2cc386fc5c43258a99aa7c7139b577&name=default HTTP/1.1" status: 200 len: 3120 time: 0.0438619
2026-07-09 14:23:27.226 10 INFO neutron.wsgi [None req-9dd9266b-cbbe-4a3b-be02-baf14069a1fc 81a77bffd09941559906dcca23982b01 382ca9eb4d6543128ddae8b65532b70b - - default default] 10.0.0.38 "DELETE /v2.0/security-groups/c8882944-917b-40b2-8736-c6afd1fb134a HTTP/1.1" status: 204 len: 168 time: 0.2727129
2026-07-09 14:23:27.345 9 WARNING neutron_lib.context [None req-09b052fc-6f89-4255-8901-776d517f75ee c7d61c0e041a41c49eb2050e24f94c31 09e407b2d62549e49fa530efc0bf99f6 - - default default] Method 'is_advsvc' is deprecated since 2023.2 release (neutron-lib 3.8.0) and will be removed once support for the old RBAC API policies will be removed from Neutron. Please use method 'is_service_role' instead.
2026-07-09 14:23:27.526 9 INFO neutron.db.ovn_revision_numbers_db [None req-09b052fc-6f89-4255-8901-776d517f75ee c7d61c0e041a41c49eb2050e24f94c31 09e407b2d62549e49fa530efc0bf99f6 - - default default] Successfully bumped revision number for resource 4e8ccd09-37b3-44a6-874e-8de3c5f2f71c (type: security_groups) to 1
2026-07-09 14:23:27.543 9 INFO neutron.db.ovn_revision_numbers_db [None req-09b052fc-6f89-4255-8901-776d517f75ee c7d61c0e041a41c49eb2050e24f94c31 09e407b2d62549e49fa530efc0bf99f6 - - default default] Successfully bumped revision number for resource 12820977-125a-4dc1-a52a-647206c4c50a (type: security_group_rules) to 0
2026-07-09 14:23:27.560 9 INFO neutron.db.ovn_revision_numbers_db [None req-09b052fc-6f89-4255-8901-776d517f75ee c7d61c0e041a41c49eb2050e24f94c31 09e407b2d62549e49fa530efc0bf99f6 - - default default] Successfully bumped revision number for resource cce5710d-659f-41e3-9e90-72c94597f246 (type: security_group_rules) to 0
2026-07-09 14:23:27.591 9 INFO neutron.wsgi [None req-09b052fc-6f89-4255-8901-776d517f75ee c7d61c0e041a41c49eb2050e24f94c31 09e407b2d62549e49fa530efc0bf99f6 - - default default] 10.0.0.38 "POST /v2.0/security-groups HTTP/1.1" status: 201 len: 1861 time: 0.2512851
