2026-07-09 14:23:48.953 10 INFO neutron.wsgi [None req-28c070b6-cd1b-43e7-b009-24e6836853d1 b4926ee94f4048629353dfea9ef770ff 867be524822745b89ff1ae77daa24da7 - - default default] 10.0.0.38 "POST /v2.0/networks HTTP/1.1" status: 201 len: 825 time: 1.1198425
2026-07-09 14:23:48.964 9 WARNING neutron_lib.context [None req-c04efedd-c0ca-4f99-a5d1-ae41ab86c886 b4926ee94f4048629353dfea9ef770ff 867be524822745b89ff1ae77daa24da7 - - default default] Method 'is_advsvc' is deprecated since 2023.2 release (neutron-lib 3.8.0) and will be removed once support for the old RBAC API policies will be removed from Neutron. Please use method 'is_service_role' instead.
2026-07-09 14:23:49.213 9 WARNING neutron.scheduler.dhcp_agent_scheduler [None req-c04efedd-c0ca-4f99-a5d1-ae41ab86c886 b4926ee94f4048629353dfea9ef770ff 867be524822745b89ff1ae77daa24da7 - - default default] No more DHCP agents
2026-07-09 14:23:49.216 9 WARNING neutron.api.rpc.agentnotifiers.dhcp_rpc_agent_api [None req-c04efedd-c0ca-4f99-a5d1-ae41ab86c886 b4926ee94f4048629353dfea9ef770ff 867be524822745b89ff1ae77daa24da7 - - default default] Unable to schedule network e93591f5-1a9f-405b-bbd7-345861b8c9d4: no agents available; will retry on subsequent port and subnet creation events.
2026-07-09 14:23:49.243 10 INFO neutron.wsgi [None req-2dc37992-f820-4568-8e18-99ba22a92329 48596d33efd84d92b971524845f524ca 0699a4484d764cb880b7ad4306e3852c - - default default] 10.0.0.38 "POST /v2.0/floatingips HTTP/1.1" status: 201 len: 751 time: 0.8672392
2026-07-09 14:23:49.253 10 WARNING neutron_lib.context [None req-1bbf6525-c110-4c7f-83ca-a2ad3c15e38b 48596d33efd84d92b971524845f524ca 0699a4484d764cb880b7ad4306e3852c - - default default] Method 'is_advsvc' is deprecated since 2023.2 release (neutron-lib 3.8.0) and will be removed once support for the old RBAC API policies will be removed from Neutron. Please use method 'is_service_role' instead.
2026-07-09 14:23:49.514 10 WARNING neutron.scheduler.dhcp_agent_scheduler [None req-1bbf6525-c110-4c7f-83ca-a2ad3c15e38b 48596d33efd84d92b971524845f524ca 0699a4484d764cb880b7ad4306e3852c - - default default] No more DHCP agents
2026-07-09 14:23:49.517 10 WARNING neutron.api.rpc.agentnotifiers.dhcp_rpc_agent_api [None req-1bbf6525-c110-4c7f-83ca-a2ad3c15e38b 48596d33efd84d92b971524845f524ca 0699a4484d764cb880b7ad4306e3852c - - default default] Unable to schedule network 0b6c78b0-88d5-4e8d-a294-73ace6d91848: no agents available; will retry on subsequent port and subnet creation events.
2026-07-09 14:23:49.719 9 INFO neutron.db.ovn_revision_numbers_db [None req-c04efedd-c0ca-4f99-a5d1-ae41ab86c886 b4926ee94f4048629353dfea9ef770ff 867be524822745b89ff1ae77daa24da7 - - default default] Successfully bumped revision number for resource e8605ce7-ef1e-45cf-b79c-43326be158ae (type: ports) to 2
2026-07-09 14:23:49.754 9 INFO neutron.db.ovn_revision_numbers_db [None req-c04efedd-c0ca-4f99-a5d1-ae41ab86c886 b4926ee94f4048629353dfea9ef770ff 867be524822745b89ff1ae77daa24da7 - - default default] Successfully bumped revision number for resource 75341775-e716-429b-a45a-abe33baca119 (type: subnets) to 0
2026-07-09 14:23:49.771 9 INFO neutron.wsgi [None req-c04efedd-c0ca-4f99-a5d1-ae41ab86c886 b4926ee94f4048629353dfea9ef770ff 867be524822745b89ff1ae77daa24da7 - - default default] 10.0.0.38 "POST /v2.0/subnets HTTP/1.1" status: 201 len: 801 time: 0.8122253
2026-07-09 14:23:49.781 10 WARNING neutron_lib.context [None req-35ef343b-c4c2-40e8-b00d-13732cfe53e5 b4926ee94f4048629353dfea9ef770ff 867be524822745b89ff1ae77daa24da7 - - default default] Method 'is_advsvc' is deprecated since 2023.2 release (neutron-lib 3.8.0) and will be removed once support for the old RBAC API policies will be removed from Neutron. Please use method 'is_service_role' instead.
2026-07-09 14:23:49.920 10 INFO neutron.wsgi [None req-1bbf6525-c110-4c7f-83ca-a2ad3c15e38b 48596d33efd84d92b971524845f524ca 0699a4484d764cb880b7ad4306e3852c - - default default] 10.0.0.38 "POST /v2.0/floatingips HTTP/1.1" status: 201 len: 751 time: 0.6722012
2026-07-09 14:23:49.932 9 WARNING neutron_lib.context [None req-94e69652-e23c-4334-ad52-f70a70a50701 48596d33efd84d92b971524845f524ca 0699a4484d764cb880b7ad4306e3852c - - default default] Method 'is_advsvc' is deprecated since 2023.2 release (neutron-lib 3.8.0) and will be removed once support for the old RBAC API policies will be removed from Neutron. Please use method 'is_service_role' instead.
2026-07-09 14:23:50.212 9 WARNING neutron.scheduler.dhcp_agent_scheduler [None req-94e69652-e23c-4334-ad52-f70a70a50701 48596d33efd84d92b971524845f524ca 0699a4484d764cb880b7ad4306e3852c - - default default] No more DHCP agents
2026-07-09 14:23:50.214 9 WARNING neutron.api.rpc.agentnotifiers.dhcp_rpc_agent_api [None req-94e69652-e23c-4334-ad52-f70a70a50701 48596d33efd84d92b971524845f524ca 0699a4484d764cb880b7ad4306e3852c - - default default] Unable to schedule network 0b6c78b0-88d5-4e8d-a294-73ace6d91848: no agents available; will retry on subsequent port and subnet creation events.
2026-07-09 14:23:50.370 10 WARNING neutron.scheduler.dhcp_agent_scheduler [None req-35ef343b-c4c2-40e8-b00d-13732cfe53e5 b4926ee94f4048629353dfea9ef770ff 867be524822745b89ff1ae77daa24da7 - - default default] No more DHCP agents
2026-07-09 14:23:50.372 10 WARNING neutron.api.rpc.agentnotifiers.dhcp_rpc_agent_api [None req-35ef343b-c4c2-40e8-b00d-13732cfe53e5 b4926ee94f4048629353dfea9ef770ff 867be524822745b89ff1ae77daa24da7 - - default default] Unable to schedule network 0b6c78b0-88d5-4e8d-a294-73ace6d91848: no agents available; will retry on subsequent port and subnet creation events.
2026-07-09 14:23:50.504 9 INFO neutron.wsgi [None req-94e69652-e23c-4334-ad52-f70a70a50701 48596d33efd84d92b971524845f524ca 0699a4484d764cb880b7ad4306e3852c - - default default] 10.0.0.38 "POST /v2.0/floatingips HTTP/1.1" status: 201 len: 751 time: 0.5781429
2026-07-09 14:23:50.518 9 WARNING neutron_lib.context [None req-6d5a1514-830f-4157-84dc-42d42441a3ab 48596d33efd84d92b971524845f524ca 0699a4484d764cb880b7ad4306e3852c - - default default] Method 'is_advsvc' is deprecated since 2023.2 release (neutron-lib 3.8.0) and will be removed once support for the old RBAC API policies will be removed from Neutron. Please use method 'is_service_role' instead.
2026-07-09 14:23:50.538 10 INFO neutron.db.ovn_revision_numbers_db [None req-35ef343b-c4c2-40e8-b00d-13732cfe53e5 b4926ee94f4048629353dfea9ef770ff 867be524822745b89ff1ae77daa24da7 - - default default] Successfully bumped revision number for resource 9ba585e0-87a8-43c6-be92-16b24582c6d2 (type: ports) to 1
2026-07-09 14:23:50.676 10 INFO neutron.wsgi [-] 10.0.0.140 "GET / HTTP/1.1" status: 200 len: 246 time: 0.0016725
2026-07-09 14:23:50.678 10 INFO neutron.wsgi [-] 10.0.0.140 "GET / HTTP/1.1" status: 200 len: 246 time: 0.0013576
2026-07-09 14:23:50.793 9 WARNING neutron.scheduler.dhcp_agent_scheduler [None req-6d5a1514-830f-4157-84dc-42d42441a3ab 48596d33efd84d92b971524845f524ca 0699a4484d764cb880b7ad4306e3852c - - default default] No more DHCP agents
2026-07-09 14:23:50.796 9 WARNING neutron.api.rpc.agentnotifiers.dhcp_rpc_agent_api [None req-6d5a1514-830f-4157-84dc-42d42441a3ab 48596d33efd84d92b971524845f524ca 0699a4484d764cb880b7ad4306e3852c - - default default] Unable to schedule network 0b6c78b0-88d5-4e8d-a294-73ace6d91848: no agents available; will retry on subsequent port and subnet creation events.
2026-07-09 14:23:51.115 9 INFO neutron.wsgi [None req-6d5a1514-830f-4157-84dc-42d42441a3ab 48596d33efd84d92b971524845f524ca 0699a4484d764cb880b7ad4306e3852c - - default default] 10.0.0.38 "POST /v2.0/floatingips HTTP/1.1" status: 201 len: 751 time: 0.6042080
2026-07-09 14:23:51.125 10 WARNING neutron_lib.context [None req-7371c063-62a1-4d27-af01-3c86bc344ef6 48596d33efd84d92b971524845f524ca 0699a4484d764cb880b7ad4306e3852c - - default default] Method 'is_advsvc' is deprecated since 2023.2 release (neutron-lib 3.8.0) and will be removed once support for the old RBAC API policies will be removed from Neutron. Please use method 'is_service_role' instead.
2026-07-09 14:23:51.465 10 WARNING neutron.scheduler.dhcp_agent_scheduler [None req-7371c063-62a1-4d27-af01-3c86bc344ef6 48596d33efd84d92b971524845f524ca 0699a4484d764cb880b7ad4306e3852c - - default default] No more DHCP agents
2026-07-09 14:23:51.470 10 WARNING neutron.api.rpc.agentnotifiers.dhcp_rpc_agent_api [None req-7371c063-62a1-4d27-af01-3c86bc344ef6 48596d33efd84d92b971524845f524ca 0699a4484d764cb880b7ad4306e3852c - - default default] Unable to schedule network 0b6c78b0-88d5-4e8d-a294-73ace6d91848: no agents available; will retry on subsequent port and subnet creation events.
2026-07-09 14:23:51.574 10 INFO neutron.plugins.ml2.drivers.ovn.mech_driver.ovsdb.commands [None req-088c3665-a417-42f7-9f38-5f5f171b2e50 - - - - - -] Schedule LRP lrp-9ba585e0-87a8-43c6-be92-16b24582c6d2 on gateway 5fc90db5-0a0a-4992-80c7-762654a90200 with priority 1
2026-07-09 14:23:51.596 10 INFO neutron.plugins.ml2.drivers.ovn.mech_driver.mech_driver [None req-b7f09dd7-66e4-4e23-b4b0-b3d8561965c0 - - - - - -] OVN reports status up for port: 9ba585e0-87a8-43c6-be92-16b24582c6d2
2026-07-09 14:23:51.615 10 INFO neutron.plugins.ml2.plugin [None req-b7f09dd7-66e4-4e23-b4b0-b3d8561965c0 - - - - - -] Attempt 1 to provision port 9ba585e0-87a8-43c6-be92-16b24582c6d2
2026-07-09 14:23:51.657 10 INFO neutron.db.ovn_revision_numbers_db [None req-35ef343b-c4c2-40e8-b00d-13732cfe53e5 b4926ee94f4048629353dfea9ef770ff 867be524822745b89ff1ae77daa24da7 - - default default] Successfully bumped revision number for resource 9ba585e0-87a8-43c6-be92-16b24582c6d2 (type: router_ports) to 1
2026-07-09 14:23:51.776 10 INFO neutron.db.ovn_revision_numbers_db [None req-35ef343b-c4c2-40e8-b00d-13732cfe53e5 b4926ee94f4048629353dfea9ef770ff 867be524822745b89ff1ae77daa24da7 - - default default] Successfully bumped revision number for resource 20439637-dd26-42b7-a49a-23c0ddc3e1ac (type: routers) to 2
2026-07-09 14:23:51.800 10 INFO neutron.wsgi [None req-35ef343b-c4c2-40e8-b00d-13732cfe53e5 b4926ee94f4048629353dfea9ef770ff 867be524822745b89ff1ae77daa24da7 - - default default] 10.0.0.38 "POST /v2.0/routers HTTP/1.1" status: 201 len: 1134 time: 2.0241354
2026-07-09 14:23:51.906 10 INFO neutron.wsgi [None req-7371c063-62a1-4d27-af01-3c86bc344ef6 48596d33efd84d92b971524845f524ca 0699a4484d764cb880b7ad4306e3852c - - default default] 10.0.0.38 "POST /v2.0/floatingips HTTP/1.1" status: 201 len: 751 time: 0.7853918
2026-07-09 14:23:51.982 10 INFO neutron.wsgi [None req-33e62997-749a-44a4-b45f-6b5f3f2dc7e0 48596d33efd84d92b971524845f524ca 0699a4484d764cb880b7ad4306e3852c - - default default] 10.0.0.38 "PUT /v2.0/floatingips/45f03927-c14d-4023-a74a-106c8a0ae792/tags HTTP/1.1" status: 200 len: 210 time: 0.0709848
2026-07-09 14:23:52.046 10 INFO neutron.wsgi [None req-fd2a5c03-69c7-49ae-b248-8bc760a50b04 48596d33efd84d92b971524845f524ca 0699a4484d764cb880b7ad4306e3852c - - default default] 10.0.0.38 "PUT /v2.0/floatingips/7977d505-f567-4234-b4b5-78b6672fa733/tags HTTP/1.1" status: 200 len: 218 time: 0.0583551
2026-07-09 14:23:52.104 10 INFO neutron.wsgi [None req-a8ae47ab-f024-4196-80ab-f3121735c4cd 48596d33efd84d92b971524845f524ca 0699a4484d764cb880b7ad4306e3852c - - default default] 10.0.0.38 "PUT /v2.0/floatingips/d534a6f6-bb8c-4d99-8f33-9895b5c9806f/tags HTTP/1.1" status: 200 len: 227 time: 0.0538204
2026-07-09 14:23:52.170 9 INFO neutron.wsgi [None req-e321f2d7-f1f8-4699-b572-46c518e2e2e6 48596d33efd84d92b971524845f524ca 0699a4484d764cb880b7ad4306e3852c - - default default] 10.0.0.38 "PUT /v2.0/floatingips/7661a2a2-4ead-4951-a5da-2520edef3c1b/tags HTTP/1.1" status: 200 len: 212 time: 0.0628834
2026-07-09 14:23:52.222 9 INFO neutron.wsgi [None req-6af719e4-41a8-41b3-acfb-8b4fe1f4d3cf 48596d33efd84d92b971524845f524ca 0699a4484d764cb880b7ad4306e3852c - - default default] 10.0.0.38 "GET /v2.0/floatingips?tags=red HTTP/1.1" status: 200 len: 1866 time: 0.0472679
2026-07-09 14:23:52.278 10 INFO neutron.wsgi [None req-72bf6d55-012a-45ce-b767-b9b9e6fedae1 48596d33efd84d92b971524845f524ca 0699a4484d764cb880b7ad4306e3852c - - default default] 10.0.0.38 "GET /v2.0/floatingips?tags=red%2Cblue HTTP/1.1" status: 200 len: 1323 time: 0.0512807
2026-07-09 14:23:52.331 10 INFO neutron.wsgi [None req-11cc0caa-9647-4b0a-bfce-123aae1f6e7a 48596d33efd84d92b971524845f524ca 0699a4484d764cb880b7ad4306e3852c - - default default] 10.0.0.38 "GET /v2.0/floatingips?tags-any=blue HTTP/1.1" status: 200 len: 1323 time: 0.0483136
2026-07-09 14:23:52.371 10 INFO neutron.wsgi [None req-e095a5b7-a3bd-410a-8ba8-efb89eaa3a80 48596d33efd84d92b971524845f524ca 0699a4484d764cb880b7ad4306e3852c - - default default] 10.0.0.38 "GET /v2.0/floatingips?tags-any=red%2Cblue HTTP/1.1" status: 200 len: 1866 time: 0.0345769
2026-07-09 14:23:52.413 10 INFO neutron.wsgi [None req-0d0f0af2-0b97-44c3-8efa-e230fb5d5826 48596d33efd84d92b971524845f524ca 0699a4484d764cb880b7ad4306e3852c - - default default] 10.0.0.38 "GET /v2.0/floatingips?not-tags=red HTTP/1.1" status: 200 len: 1295 time: 0.0372286
2026-07-09 14:23:52.463 10 INFO neutron.wsgi [None req-569e5e33-3242-432e-8da6-05dcc881f62e 48596d33efd84d92b971524845f524ca 0699a4484d764cb880b7ad4306e3852c - - default default] 10.0.0.38 "GET /v2.0/floatingips?not-tags=red%2Cblue HTTP/1.1" status: 200 len: 1838 time: 0.0404329
2026-07-09 14:23:52.511 10 INFO neutron.wsgi [None req-198c3141-c8e0-452b-832f-47a51e549334 48596d33efd84d92b971524845f524ca 0699a4484d764cb880b7ad4306e3852c - - default default] 10.0.0.38 "GET /v2.0/floatingips?not-tags-any=blue HTTP/1.1" status: 200 len: 1838 time: 0.0435748
2026-07-09 14:23:52.561 10 INFO neutron.wsgi [None req-24ad9a97-fecd-4930-864b-0ab4a2803db4 48596d33efd84d92b971524845f524ca 0699a4484d764cb880b7ad4306e3852c - - default default] 10.0.0.38 "GET /v2.0/floatingips?not-tags-any=red%2Cblue HTTP/1.1" status: 200 len: 1295 time: 0.0438683
2026-07-09 14:23:52.833 9 WARNING neutron.scheduler.dhcp_agent_scheduler [None req-f0aecb6d-2eb2-4557-88f0-64152186003b b4926ee94f4048629353dfea9ef770ff 867be524822745b89ff1ae77daa24da7 - - default default] No more DHCP agents
2026-07-09 14:23:52.836 9 WARNING neutron.api.rpc.agentnotifiers.dhcp_rpc_agent_api [None req-f0aecb6d-2eb2-4557-88f0-64152186003b b4926ee94f4048629353dfea9ef770ff 867be524822745b89ff1ae77daa24da7 - - default default] Unable to schedule network e93591f5-1a9f-405b-bbd7-345861b8c9d4: no agents available; will retry on subsequent port and subnet creation events.
2026-07-09 14:23:52.976 10 INFO neutron.wsgi [None req-1cc605ba-768f-4045-9235-495de918f78a 48596d33efd84d92b971524845f524ca 0699a4484d764cb880b7ad4306e3852c - - default default] 10.0.0.38 "DELETE /v2.0/floatingips/45f03927-c14d-4023-a74a-106c8a0ae792 HTTP/1.1" status: 204 len: 168 time: 0.4082458
2026-07-09 14:23:53.012 9 INFO neutron.db.ovn_revision_numbers_db [None req-f0aecb6d-2eb2-4557-88f0-64152186003b b4926ee94f4048629353dfea9ef770ff 867be524822745b89ff1ae77daa24da7 - - default default] Successfully bumped revision number for resource 6d1ce089-c5a2-4a77-8791-b17d0c3e59fd (type: ports) to 1
2026-07-09 14:23:53.148 10 INFO neutron.wsgi [req-d314eaea-5884-4d63-b9b6-f37ea53cdfce req-456a0efc-9e00-48f1-af20-9d4fe7236290 c7d61c0e041a41c49eb2050e24f94c31 09e407b2d62549e49fa530efc0bf99f6 - - default default] 10.0.0.146 "GET /v2.0/ports?device_id=ed58482d-62d4-4084-a7e3-8b3bc7999b8f HTTP/1.1" status: 200 len: 1214 time: 0.1048820
2026-07-09 14:23:53.220 10 INFO neutron.wsgi [req-d314eaea-5884-4d63-b9b6-f37ea53cdfce req-6d74ee24-4c4a-4c3a-8d8c-89abe2effa14 c7d61c0e041a41c49eb2050e24f94c31 09e407b2d62549e49fa530efc0bf99f6 - - default default] 10.0.0.146 "GET /v2.0/security-groups?id=62ed6e31-c998-4de5-99f9-c5de70cc651f&id=4e8ccd09-37b3-44a6-874e-8de3c5f2f71c&fields=id&fields=name HTTP/1.1" status: 200 len: 406 time: 0.0591598
2026-07-09 14:23:53.420 10 INFO neutron.wsgi [None req-c7f96731-82f9-428f-bc82-2f2288fe7cd4 48596d33efd84d92b971524845f524ca 0699a4484d764cb880b7ad4306e3852c - - default default] 10.0.0.38 "DELETE /v2.0/floatingips/7977d505-f567-4234-b4b5-78b6672fa733 HTTP/1.1" status: 204 len: 168 time: 0.4394896
2026-07-09 14:23:53.443 9 INFO neutron.wsgi [None req-b3c74fd9-5455-482f-9cec-f45b24392f13 8631846da41744739e990ac15f0872cd 4d399cb194094051a8691b29156e76ce - - default default] 10.0.0.38 "GET /v2.0/ports?device_id=ed58482d-62d4-4084-a7e3-8b3bc7999b8f HTTP/1.1" status: 200 len: 1447 time: 0.1929111
2026-07-09 14:23:53.547 9 INFO neutron.wsgi [None req-ef1e0ead-961c-410a-99d7-a764e1050995 c7d61c0e041a41c49eb2050e24f94c31 09e407b2d62549e49fa530efc0bf99f6 - - default default] 10.0.0.38 "GET /v2.0/floatingips?floating_network_id=0b6c78b0-88d5-4e8d-a294-73ace6d91848&port_id=97806a84-e8d8-4aab-aadf-b719b66d99e5 HTTP/1.1" status: 200 len: 1055 time: 0.0962198
2026-07-09 14:23:53.893 10 INFO neutron.wsgi [req-ca0fc994-4a0b-4eb5-be19-fa9c892ec40d req-825ea233-581c-47a5-907e-246d9578a579 98a6fadb8ea840298e4973fcccd1d622 8c40a5055bf74eeb9613dee1aba3e8fe - - a68933338202467fafdc0089282cadca a68933338202467fafdc0089282cadca] 10.0.0.94 "GET /v2.0/ports?device_id=ed58482d-62d4-4084-a7e3-8b3bc7999b8f HTTP/1.1" status: 200 len: 1452 time: 0.0549552
2026-07-09 14:23:53.966 10 INFO neutron.wsgi [req-ca0fc994-4a0b-4eb5-be19-fa9c892ec40d req-4781c576-c501-49a6-9512-399e3525c3fb 98a6fadb8ea840298e4973fcccd1d622 8c40a5055bf74eeb9613dee1aba3e8fe - - a68933338202467fafdc0089282cadca a68933338202467fafdc0089282cadca] 10.0.0.94 "GET /v2.0/security-groups?id=4e8ccd09-37b3-44a6-874e-8de3c5f2f71c&id=62ed6e31-c998-4de5-99f9-c5de70cc651f&fields=id&fields=name HTTP/1.1" status: 200 len: 406 time: 0.0669110
2026-07-09 14:23:54.100 9 ERROR ovsdbapp.backend.ovs_idl.command [None req-f0aecb6d-2eb2-4557-88f0-64152186003b b4926ee94f4048629353dfea9ef770ff 867be524822745b89ff1ae77daa24da7 - - default default] Error executing command (DbGetCommand): ovsdbapp.backend.ovs_idl.idlutils.RowNotFound: Cannot find Logical_Router_Port with name=lrp-6d1ce089-c5a2-4a77-8791-b17d0c3e59fd
2026-07-09 14:23:54.100 9 ERROR ovsdbapp.backend.ovs_idl.command
Traceback (most recent call last):
2026-07-09 14:23:54.100 9 ERROR ovsdbapp.backend.ovs_idl.command
File "/var/lib/openstack/lib/python3.10/site-packages/ovsdbapp/backend/ovs_idl/command.py", line 47, in execute
2026-07-09 14:23:54.100 9 ERROR ovsdbapp.backend.ovs_idl.command self.run_idl(None)
2026-07-09 14:23:54.100 9 ERROR ovsdbapp.backend.ovs_idl.command
File "/var/lib/openstack/lib/python3.10/site-packages/ovsdbapp/backend/ovs_idl/command.py", line 235, in run_idl
2026-07-09 14:23:54.100 9 ERROR ovsdbapp.backend.ovs_idl.command record = self.api.lookup(self.table, self.record)
2026-07-09 14:23:54.100 9 ERROR ovsdbapp.backend.ovs_idl.command
File "/var/lib/openstack/lib/python3.10/site-packages/ovsdbapp/backend/ovs_idl/__init__.py", line 184, in lookup
2026-07-09 14:23:54.100 9 ERROR ovsdbapp.backend.ovs_idl.command return self._lookup(table, record)
2026-07-09 14:23:54.100 9 ERROR ovsdbapp.backend.ovs_idl.command
File "/var/lib/openstack/lib/python3.10/site-packages/ovsdbapp/backend/ovs_idl/__init__.py", line 235, in _lookup
2026-07-09 14:23:54.100 9 ERROR ovsdbapp.backend.ovs_idl.command row = idlutils.row_by_value(self, rl.table, rl.column, record)
2026-07-09 14:23:54.100 9 ERROR ovsdbapp.backend.ovs_idl.command
File "/var/lib/openstack/lib/python3.10/site-packages/ovsdbapp/backend/ovs_idl/idlutils.py", line 114, in row_by_value
2026-07-09 14:23:54.100 9 ERROR ovsdbapp.backend.ovs_idl.command raise RowNotFound(table=table, col=column, match=match)
2026-07-09 14:23:54.100 9 ERROR ovsdbapp.backend.ovs_idl.command ovsdbapp.backend.ovs_idl.idlutils.RowNotFound: Cannot find Logical_Router_Port with name=lrp-6d1ce089-c5a2-4a77-8791-b17d0c3e59fd
2026-07-09 14:23:54.100 9 ERROR ovsdbapp.backend.ovs_idl.command 
2026-07-09 14:23:54.101 9 ERROR neutron_lib.callbacks.manager [None req-f0aecb6d-2eb2-4557-88f0-64152186003b b4926ee94f4048629353dfea9ef770ff 867be524822745b89ff1ae77daa24da7 - - default default] Error during notification for neutron.services.ovn_l3.plugin.OVNL3RouterPlugin._port_update-8737824364253 port, after_update: ovsdbapp.backend.ovs_idl.idlutils.RowNotFound: Cannot find Logical_Router_Port with name=lrp-6d1ce089-c5a2-4a77-8791-b17d0c3e59fd
2026-07-09 14:23:54.101 9 ERROR neutron_lib.callbacks.manager
Traceback (most recent call last):
2026-07-09 14:23:54.101 9 ERROR neutron_lib.callbacks.manager
File "/var/lib/openstack/lib/python3.10/site-packages/neutron_lib/callbacks/manager.py", line 189, in _notify_loop
2026-07-09 14:23:54.101 9 ERROR neutron_lib.callbacks.manager callback.method(resource, event, trigger, payload=payload)
2026-07-09 14:23:54.101 9 ERROR neutron_lib.callbacks.manager
File "/var/lib/openstack/lib/python3.10/site-packages/neutron/services/ovn_l3/plugin.py", line 391, in _port_update
2026-07-09 14:23:54.101 9 ERROR neutron_lib.callbacks.manager l3plugin._ovn_client.update_router_port(context,
2026-07-09 14:23:54.101 9 ERROR neutron_lib.callbacks.manager
File "/var/lib/openstack/lib/python3.10/site-packages/neutron/plugins/ml2/drivers/ovn/mech_driver/ovsdb/ovn_client.py", line 1878, in update_router_port
2026-07-09 14:23:54.101 9 ERROR neutron_lib.callbacks.manager self._update_lrouter_port(context, port, if_exists=if_exists,
2026-07-09 14:23:54.101 9 ERROR neutron_lib.callbacks.manager
File "/var/lib/openstack/lib/python3.10/site-packages/neutron/plugins/ml2/drivers/ovn/mech_driver/ovsdb/ovn_client.py", line 1855, in _update_lrouter_port
2026-07-09 14:23:54.101 9 ERROR neutron_lib.callbacks.manager external_ids = self._nb_idl.db_get(
2026-07-09 14:23:54.101 9 ERROR neutron_lib.callbacks.manager
File "/var/lib/openstack/lib/python3.10/site-packages/ovsdbapp/backend/ovs_idl/command.py", line 47, in execute
2026-07-09 14:23:54.101 9 ERROR neutron_lib.callbacks.manager self.run_idl(None)
2026-07-09 14:23:54.101 9 ERROR neutron_lib.callbacks.manager
File "/var/lib/openstack/lib/python3.10/site-packages/ovsdbapp/backend/ovs_idl/command.py", line 235, in run_idl
2026-07-09 14:23:54.101 9 ERROR neutron_lib.callbacks.manager record = self.api.lookup(self.table, self.record)
2026-07-09 14:23:54.101 9 ERROR neutron_lib.callbacks.manager
File "/var/lib/openstack/lib/python3.10/site-packages/ovsdbapp/backend/ovs_idl/__init__.py", line 184, in lookup
2026-07-09 14:23:54.101 9 ERROR neutron_lib.callbacks.manager return self._lookup(table, record)
2026-07-09 14:23:54.101 9 ERROR neutron_lib.callbacks.manager
File "/var/lib/openstack/lib/python3.10/site-packages/ovsdbapp/backend/ovs_idl/__init__.py", line 235, in _lookup
2026-07-09 14:23:54.101 9 ERROR neutron_lib.callbacks.manager row = idlutils.row_by_value(self, rl.table, rl.column, record)
2026-07-09 14:23:54.101 9 ERROR neutron_lib.callbacks.manager
File "/var/lib/openstack/lib/python3.10/site-packages/ovsdbapp/backend/ovs_idl/idlutils.py", line 114, in row_by_value
2026-07-09 14:23:54.101 9 ERROR neutron_lib.callbacks.manager raise RowNotFound(table=table, col=column, match=match)
2026-07-09 14:23:54.101 9 ERROR neutron_lib.callbacks.manager ovsdbapp.backend.ovs_idl.idlutils.RowNotFound: Cannot find Logical_Router_Port with name=lrp-6d1ce089-c5a2-4a77-8791-b17d0c3e59fd
2026-07-09 14:23:54.101 9 ERROR neutron_lib.callbacks.manager 
2026-07-09 14:23:54.117 10 INFO neutron.wsgi [None req-bedca2ce-c350-42dc-b7a0-f455e0a1777e 48596d33efd84d92b971524845f524ca 0699a4484d764cb880b7ad4306e3852c - - default default] 10.0.0.38 "DELETE /v2.0/floatingips/d534a6f6-bb8c-4d99-8f33-9895b5c9806f HTTP/1.1" status: 204 len: 168 time: 0.6895528
2026-07-09 14:23:54.346 9 INFO neutron.db.ovn_revision_numbers_db [None req-f0aecb6d-2eb2-4557-88f0-64152186003b b4926ee94f4048629353dfea9ef770ff 867be524822745b89ff1ae77daa24da7 - - default default] Successfully bumped revision number for resource 6d1ce089-c5a2-4a77-8791-b17d0c3e59fd (type: ports) to 1
2026-07-09 14:23:54.409 9 WARNING neutron.scheduler.dhcp_agent_scheduler [None req-f0aecb6d-2eb2-4557-88f0-64152186003b b4926ee94f4048629353dfea9ef770ff 867be524822745b89ff1ae77daa24da7 - - default default] No more DHCP agents
2026-07-09 14:23:54.411 9 WARNING neutron.api.rpc.agentnotifiers.dhcp_rpc_agent_api [None req-f0aecb6d-2eb2-4557-88f0-64152186003b b4926ee94f4048629353dfea9ef770ff 867be524822745b89ff1ae77daa24da7 - - default default] Unable to schedule network e93591f5-1a9f-405b-bbd7-345861b8c9d4: no agents available; will retry on subsequent port and subnet creation events.
2026-07-09 14:23:54.546 10 INFO neutron.wsgi [None req-44836469-625b-4b24-b4d3-d52312bf7a85 48596d33efd84d92b971524845f524ca 0699a4484d764cb880b7ad4306e3852c - - default default] 10.0.0.38 "DELETE /v2.0/floatingips/7661a2a2-4ead-4951-a5da-2520edef3c1b HTTP/1.1" status: 204 len: 168 time: 0.4216762
2026-07-09 14:23:54.779 9 INFO neutron.db.ovn_revision_numbers_db [None req-f0aecb6d-2eb2-4557-88f0-64152186003b b4926ee94f4048629353dfea9ef770ff 867be524822745b89ff1ae77daa24da7 - - default default] Successfully bumped revision number for resource 6d1ce089-c5a2-4a77-8791-b17d0c3e59fd (type: router_ports) to 1
2026-07-09 14:23:54.786 9 INFO neutron.wsgi [None req-f0aecb6d-2eb2-4557-88f0-64152186003b b4926ee94f4048629353dfea9ef770ff 867be524822745b89ff1ae77daa24da7 - - default default] 10.0.0.38 "PUT /v2.0/routers/20439637-dd26-42b7-a49a-23c0ddc3e1ac/add_router_interface HTTP/1.1" status: 200 len: 503 time: 2.9800169
2026-07-09 14:23:54.796 9 WARNING neutron_lib.context [None req-780db62c-b1cd-4a45-9ed1-b0ad1cdbab59 b4926ee94f4048629353dfea9ef770ff 867be524822745b89ff1ae77daa24da7 - - default default] Method 'is_advsvc' is deprecated since 2023.2 release (neutron-lib 3.8.0) and will be removed once support for the old RBAC API policies will be removed from Neutron. Please use method 'is_service_role' instead.
2026-07-09 14:23:54.935 10 INFO neutron.wsgi [None req-2f9da7ae-f766-48e6-bf78-be490ef2330f 48596d33efd84d92b971524845f524ca 0699a4484d764cb880b7ad4306e3852c - - default default] 10.0.0.38 "DELETE /v2.0/floatingips/f7c30221-1b29-434f-959b-7b3ac088ae79 HTTP/1.1" status: 204 len: 168 time: 0.3828280
2026-07-09 14:23:55.559 9 WARNING neutron.scheduler.dhcp_agent_scheduler [None req-780db62c-b1cd-4a45-9ed1-b0ad1cdbab59 b4926ee94f4048629353dfea9ef770ff 867be524822745b89ff1ae77daa24da7 - - default default] No more DHCP agents
2026-07-09 14:23:55.560 9 WARNING neutron.api.rpc.agentnotifiers.dhcp_rpc_agent_api [None req-780db62c-b1cd-4a45-9ed1-b0ad1cdbab59 b4926ee94f4048629353dfea9ef770ff 867be524822745b89ff1ae77daa24da7 - - default default] Unable to schedule network 0b6c78b0-88d5-4e8d-a294-73ace6d91848: no agents available; will retry on subsequent port and subnet creation events.
2026-07-09 14:23:55.728 9 INFO neutron.db.ovn_revision_numbers_db [None req-780db62c-b1cd-4a45-9ed1-b0ad1cdbab59 b4926ee94f4048629353dfea9ef770ff 867be524822745b89ff1ae77daa24da7 - - default default] Successfully bumped revision number for resource 5968e481-57a2-4485-b88d-308a9c6678e7 (type: ports) to 1
2026-07-09 14:23:55.990 9 INFO neutron.db.ovn_revision_numbers_db [None req-780db62c-b1cd-4a45-9ed1-b0ad1cdbab59 b4926ee94f4048629353dfea9ef770ff 867be524822745b89ff1ae77daa24da7 - - default default] Successfully bumped revision number for resource 5968e481-57a2-4485-b88d-308a9c6678e7 (type: ports) to 1
2026-07-09 14:23:56.084 9 INFO neutron.db.segments_db [None req-780db62c-b1cd-4a45-9ed1-b0ad1cdbab59 b4926ee94f4048629353dfea9ef770ff 867be524822745b89ff1ae77daa24da7 - - default default] Added segment 4a1131f9-0d16-45d7-b1d5-90246bc8c23a of type geneve for network 841e6a04-d72f-405e-9518-8c3d2e2605b4
2026-07-09 14:23:56.179 10 INFO neutron.db.ovn_revision_numbers_db [None req-f59ab5ca-76b6-4cb3-9872-9eb5645a286e 81a77bffd09941559906dcca23982b01 382ca9eb4d6543128ddae8b65532b70b - - default default] Successfully bumped revision number for resource 4d402d92-22f7-47fa-9add-1ba9fb64b272 (type: security_groups) to 1
2026-07-09 14:23:56.194 10 INFO neutron.db.ovn_revision_numbers_db [None req-f59ab5ca-76b6-4cb3-9872-9eb5645a286e 81a77bffd09941559906dcca23982b01 382ca9eb4d6543128ddae8b65532b70b - - default default] Successfully bumped revision number for resource a0827f1e-9d40-4852-9f1c-fc4ef075ba02 (type: security_group_rules) to 0
2026-07-09 14:23:56.198 9 INFO neutron.wsgi [req-29c74979-b9a4-47e4-b9f4-bcb4f5fd3fb0 req-fd9eca1b-223a-4316-a8f4-a6383d3ccc24 c7d61c0e041a41c49eb2050e24f94c31 09e407b2d62549e49fa530efc0bf99f6 - - default default] 10.0.0.146 "GET /v2.0/ports?device_id=ed58482d-62d4-4084-a7e3-8b3bc7999b8f HTTP/1.1" status: 200 len: 1214 time: 0.1535997
2026-07-09 14:23:56.211 10 INFO neutron.db.ovn_revision_numbers_db [None req-f59ab5ca-76b6-4cb3-9872-9eb5645a286e 81a77bffd09941559906dcca23982b01 382ca9eb4d6543128ddae8b65532b70b - - default default] Successfully bumped revision number for resource b1a7372c-661f-4034-9042-67768e71cf5a (type: security_group_rules) to 0
2026-07-09 14:23:56.237 10 INFO neutron.db.ovn_revision_numbers_db [None req-f59ab5ca-76b6-4cb3-9872-9eb5645a286e 81a77bffd09941559906dcca23982b01 382ca9eb4d6543128ddae8b65532b70b - - default default] Successfully bumped revision number for resource ba981fe7-d425-4e07-acbe-ed5355d21350 (type: security_group_rules) to 0
2026-07-09 14:23:56.254 10 INFO neutron.db.ovn_revision_numbers_db [None req-f59ab5ca-76b6-4cb3-9872-9eb5645a286e 81a77bffd09941559906dcca23982b01 382ca9eb4d6543128ddae8b65532b70b - - default default] Successfully bumped revision number for resource ee8c381f-26cd-487b-a3ae-77fcea5443db (type: security_group_rules) to 0
2026-07-09 14:23:56.286 10 INFO neutron.wsgi [None req-f59ab5ca-76b6-4cb3-9872-9eb5645a286e 81a77bffd09941559906dcca23982b01 382ca9eb4d6543128ddae8b65532b70b - - default default] 10.0.0.38 "GET /v2.0/security-groups?tenant_id=caf123c905e94f06b0abbb66eefb50bc&name=default HTTP/1.1" status: 200 len: 3122 time: 0.4490306
2026-07-09 14:23:56.433 10 INFO neutron.wsgi [req-0b2f081d-fc29-402a-95da-d55a3cee1dd9 req-5912ddc0-fe04-4c3d-a1fe-f659556d0f56 c7d61c0e041a41c49eb2050e24f94c31 09e407b2d62549e49fa530efc0bf99f6 - - default default] 199.19.213.152 "GET /v2.0/ports?device_id=ed58482d-62d4-4084-a7e3-8b3bc7999b8f HTTP/1.1" status: 200 len: 1214 time: 0.0518365
2026-07-09 14:23:56.494 10 WARNING neutron.plugins.ml2.drivers.ovn.mech_driver.ovsdb.ovn_client [None req-b7f09dd7-66e4-4e23-b4b0-b3d8561965c0 - - - - - -] No hosting information found for port 9ba585e0-87a8-43c6-be92-16b24582c6d2: RuntimeError: No hosting information found for port 9ba585e0-87a8-43c6-be92-16b24582c6d2
2026-07-09 14:23:56.494 10 INFO neutron.plugins.ml2.drivers.ovn.mech_driver.mech_driver [None req-b7f09dd7-66e4-4e23-b4b0-b3d8561965c0 - - - - - -] OVN reports status up for port: 6d1ce089-c5a2-4a77-8791-b17d0c3e59fd
2026-07-09 14:23:56.509 10 INFO neutron.plugins.ml2.plugin [None req-b7f09dd7-66e4-4e23-b4b0-b3d8561965c0 - - - - - -] Attempt 1 to provision port 6d1ce089-c5a2-4a77-8791-b17d0c3e59fd
2026-07-09 14:23:56.533 9 INFO neutron.wsgi [req-29c74979-b9a4-47e4-b9f4-bcb4f5fd3fb0 req-6039c621-3307-4fdc-819b-9409a927f18b c7d61c0e041a41c49eb2050e24f94c31 09e407b2d62549e49fa530efc0bf99f6 - - default default] 10.0.0.146 "GET /v2.0/security-groups?id=62ed6e31-c998-4de5-99f9-c5de70cc651f&id=4e8ccd09-37b3-44a6-874e-8de3c5f2f71c&fields=id&fields=name HTTP/1.1" status: 200 len: 406 time: 0.3261769
2026-07-09 14:23:56.535 9 INFO neutron.db.ovn_revision_numbers_db [None req-780db62c-b1cd-4a45-9ed1-b0ad1cdbab59 b4926ee94f4048629353dfea9ef770ff 867be524822745b89ff1ae77daa24da7 - - default default] Successfully bumped revision number for resource 841e6a04-d72f-405e-9518-8c3d2e2605b4 (type: networks) to 1
2026-07-09 14:23:56.649 10 INFO neutron.wsgi [None req-bd606a31-ebc5-4494-83cd-06e5b390309a 81a77bffd09941559906dcca23982b01 382ca9eb4d6543128ddae8b65532b70b - - default default] 10.0.0.38 "DELETE /v2.0/security-groups/4d402d92-22f7-47fa-9add-1ba9fb64b272 HTTP/1.1" status: 204 len: 168 time: 0.3536294
2026-07-09 14:23:56.706 9 WARNING neutron.scheduler.dhcp_agent_scheduler [None req-780db62c-b1cd-4a45-9ed1-b0ad1cdbab59 b4926ee94f4048629353dfea9ef770ff 867be524822745b89ff1ae77daa24da7 - - default default] No more DHCP agents
2026-07-09 14:23:56.708 9 WARNING neutron.api.rpc.agentnotifiers.dhcp_rpc_agent_api [None req-780db62c-b1cd-4a45-9ed1-b0ad1cdbab59 b4926ee94f4048629353dfea9ef770ff 867be524822745b89ff1ae77daa24da7 - - default default] Unable to schedule network 841e6a04-d72f-405e-9518-8c3d2e2605b4: no agents available; will retry on subsequent port and subnet creation events.
2026-07-09 14:23:56.817 9 INFO neutron.db.ovn_revision_numbers_db [None req-780db62c-b1cd-4a45-9ed1-b0ad1cdbab59 b4926ee94f4048629353dfea9ef770ff 867be524822745b89ff1ae77daa24da7 - - default default] Successfully bumped revision number for resource fa1684ee-8e0f-476b-a0d4-6dc3b9d382c2 (type: ports) to 1
2026-07-09 14:23:56.918 10 INFO neutron.db.l3_db [req-0b2f081d-fc29-402a-95da-d55a3cee1dd9 req-928058ab-680e-404d-b054-835fa6275f0d c7d61c0e041a41c49eb2050e24f94c31 09e407b2d62549e49fa530efc0bf99f6 - - default default] Floating IP 0b1456b5-56cb-4cb6-87cc-ae705972cdd6 disassociated. External IP: 10.96.250.211, port: 97806a84-e8d8-4aab-aadf-b719b66d99e5.
2026-07-09 14:23:57.016 9 INFO neutron.db.ovn_revision_numbers_db [None req-65c3edf4-acac-40f0-8e1e-1b71c78bfae2 81a77bffd09941559906dcca23982b01 382ca9eb4d6543128ddae8b65532b70b - - default default] Successfully bumped revision number for resource 72bec44a-3977-4551-9c1e-092df877bd0a (type: security_groups) to 1
2026-07-09 14:23:57.068 9 INFO neutron.db.ovn_revision_numbers_db [None req-65c3edf4-acac-40f0-8e1e-1b71c78bfae2 81a77bffd09941559906dcca23982b01 382ca9eb4d6543128ddae8b65532b70b - - default default] Successfully bumped revision number for resource 05d086a5-a14d-471b-b47e-77ace5d36bb3 (type: security_group_rules) to 0
2026-07-09 14:23:57.075 9 WARNING neutron.scheduler.dhcp_agent_scheduler [None req-780db62c-b1cd-4a45-9ed1-b0ad1cdbab59 b4926ee94f4048629353dfea9ef770ff 867be524822745b89ff1ae77daa24da7 - - default default] No more DHCP agents
2026-07-09 14:23:57.085 9 WARNING neutron.api.rpc.agentnotifiers.dhcp_rpc_agent_api [None req-780db62c-b1cd-4a45-9ed1-b0ad1cdbab59 b4926ee94f4048629353dfea9ef770ff 867be524822745b89ff1ae77daa24da7 - - default default] Unable to schedule network 841e6a04-d72f-405e-9518-8c3d2e2605b4: no agents available; will retry on subsequent port and subnet creation events.
2026-07-09 14:23:57.099 9 INFO neutron.db.ovn_revision_numbers_db [None req-65c3edf4-acac-40f0-8e1e-1b71c78bfae2 81a77bffd09941559906dcca23982b01 382ca9eb4d6543128ddae8b65532b70b - - default default] Successfully bumped revision number for resource 0c5da5f4-be82-4c54-befb-2f7d130d5048 (type: security_group_rules) to 0
2026-07-09 14:23:57.127 9 INFO neutron.db.ovn_revision_numbers_db [None req-65c3edf4-acac-40f0-8e1e-1b71c78bfae2 81a77bffd09941559906dcca23982b01 382ca9eb4d6543128ddae8b65532b70b - - default default] Successfully bumped revision number for resource 7e54281b-cfa4-4348-a0f2-66c92a8c67ef (type: security_group_rules) to 0
2026-07-09 14:23:57.129 9 INFO neutron.db.ovn_revision_numbers_db [None req-780db62c-b1cd-4a45-9ed1-b0ad1cdbab59 b4926ee94f4048629353dfea9ef770ff 867be524822745b89ff1ae77daa24da7 - - default default] Successfully bumped revision number for resource b15836ca-a87d-4deb-835c-813756a28b27 (type: subnets) to 0
2026-07-09 14:23:57.165 10 INFO neutron.wsgi [req-0b2f081d-fc29-402a-95da-d55a3cee1dd9 req-928058ab-680e-404d-b054-835fa6275f0d c7d61c0e041a41c49eb2050e24f94c31 09e407b2d62549e49fa530efc0bf99f6 - - default default] 199.19.213.152 "DELETE /v2.0/ports/97806a84-e8d8-4aab-aadf-b719b66d99e5 HTTP/1.1" status: 204 len: 173 time: 0.7265730
2026-07-09 14:23:57.185 10 INFO neutron.db.ovn_revision_numbers_db [None req-b7f09dd7-66e4-4e23-b4b0-b3d8561965c0 - - - - - -] Successfully bumped revision number for resource 6d1ce089-c5a2-4a77-8791-b17d0c3e59fd (type: ports) to 2
2026-07-09 14:23:57.206 9 INFO neutron.db.ovn_revision_numbers_db [None req-65c3edf4-acac-40f0-8e1e-1b71c78bfae2 81a77bffd09941559906dcca23982b01 382ca9eb4d6543128ddae8b65532b70b - - default default] Successfully bumped revision number for resource e9322e8a-b3ec-4c10-b5fe-0bdec593c4b2 (type: security_group_rules) to 0
2026-07-09 14:23:57.230 9 INFO neutron.wsgi [None req-65c3edf4-acac-40f0-8e1e-1b71c78bfae2 81a77bffd09941559906dcca23982b01 382ca9eb4d6543128ddae8b65532b70b - - default default] 10.0.0.38 "GET /v2.0/security-groups?tenant_id=78abf6c518b94862973cf363dd8e561a&name=default HTTP/1.1" status: 200 len: 3124 time: 0.4403350 /var/lib/openstack/lib/python3.10/site-packages/pycadf/identifier.py:71: UserWarning: Invalid uuid: neutron. To ensure interoperability, identifiers should be a valid uuid. warnings.warn(('Invalid uuid: %s. To ensure interoperability, '
2026-07-09 14:23:57.246 10 INFO neutron.notifiers.nova [-] Nova event matching ['req-d4df99a3-8dd6-41eb-8196-ae8c50c0e855'] response: {'server_uuid': 'ed58482d-62d4-4084-a7e3-8b3bc7999b8f', 'name': 'network-vif-deleted', 'tag': '97806a84-e8d8-4aab-aadf-b719b66d99e5', 'status': 'completed', 'code': 200}
2026-07-09 14:23:57.398 10 INFO neutron.db.ovn_revision_numbers_db [None req-b7f09dd7-66e4-4e23-b4b0-b3d8561965c0 - - - - - -] Successfully bumped revision number for resource 6d1ce089-c5a2-4a77-8791-b17d0c3e59fd (type: router_ports) to 2
2026-07-09 14:23:57.562 9 INFO neutron.wsgi [None req-9378277e-7da9-4b79-9929-73c1c6ff650d 81a77bffd09941559906dcca23982b01 382ca9eb4d6543128ddae8b65532b70b - - default default] 10.0.0.38 "DELETE /v2.0/security-groups/72bec44a-3977-4551-9c1e-092df877bd0a HTTP/1.1" status: 204 len: 168 time: 0.3259857
2026-07-09 14:23:57.749 9 WARNING neutron.scheduler.dhcp_agent_scheduler [None req-780db62c-b1cd-4a45-9ed1-b0ad1cdbab59 b4926ee94f4048629353dfea9ef770ff 867be524822745b89ff1ae77daa24da7 - - default default] No more DHCP agents
2026-07-09 14:23:57.754 9 WARNING neutron.api.rpc.agentnotifiers.dhcp_rpc_agent_api [None req-780db62c-b1cd-4a45-9ed1-b0ad1cdbab59 b4926ee94f4048629353dfea9ef770ff 867be524822745b89ff1ae77daa24da7 - - default default] Unable to schedule network 841e6a04-d72f-405e-9518-8c3d2e2605b4: no agents available; will retry on subsequent port and subnet creation events.
2026-07-09 14:23:57.880 10 INFO neutron.db.ovn_revision_numbers_db [None req-4907deb4-7155-4044-8391-c3f4c8ab91e0 81a77bffd09941559906dcca23982b01 382ca9eb4d6543128ddae8b65532b70b - - default default] Successfully bumped revision number for resource c6167eca-84e3-45d8-bbcd-9d0c71682a49 (type: security_groups) to 1
2026-07-09 14:23:57.916 10 INFO neutron.wsgi [None req-02273f11-5bac-4e18-8e96-8921dbca6bbf c7d61c0e041a41c49eb2050e24f94c31 09e407b2d62549e49fa530efc0bf99f6 - - default default] 10.0.0.38 "DELETE /v2.0/security-groups/4e8ccd09-37b3-44a6-874e-8de3c5f2f71c HTTP/1.1" status: 204 len: 168 time: 0.2244594
2026-07-09 14:23:57.931 10 INFO neutron.db.ovn_revision_numbers_db [None req-4907deb4-7155-4044-8391-c3f4c8ab91e0 81a77bffd09941559906dcca23982b01 382ca9eb4d6543128ddae8b65532b70b - - default default] Successfully bumped revision number for resource 16e65e4b-82ac-4225-b9d0-cbe6dff848ea (type: security_group_rules) to 0
2026-07-09 14:23:57.946 10 INFO neutron.api.v2.resource [None req-ee200d1e-820b-4709-aa20-1f49cb5e279b c7d61c0e041a41c49eb2050e24f94c31 09e407b2d62549e49fa530efc0bf99f6 - - default default] show failed (client error): The resource could not be found.
2026-07-09 14:23:57.948 10 INFO neutron.wsgi [None req-ee200d1e-820b-4709-aa20-1f49cb5e279b c7d61c0e041a41c49eb2050e24f94c31 09e407b2d62549e49fa530efc0bf99f6 - - default default] 10.0.0.38 "GET /v2.0/security-groups/4e8ccd09-37b3-44a6-874e-8de3c5f2f71c HTTP/1.1" status: 404 len: 347 time: 0.0259049
2026-07-09 14:23:57.981 10 INFO neutron.db.ovn_revision_numbers_db [None req-4907deb4-7155-4044-8391-c3f4c8ab91e0 81a77bffd09941559906dcca23982b01 382ca9eb4d6543128ddae8b65532b70b - - default default] Successfully bumped revision number for resource 6891fcc3-a3c4-4386-8fbf-29a807d8fe8b (type: security_group_rules) to 0
2026-07-09 14:23:57.982 9 INFO neutron.db.ovn_revision_numbers_db [None req-780db62c-b1cd-4a45-9ed1-b0ad1cdbab59 b4926ee94f4048629353dfea9ef770ff 867be524822745b89ff1ae77daa24da7 - - default default] Successfully bumped revision number for resource 13d4b7c5-834a-4300-acb6-b431e19f08f5 (type: ports) to 1
2026-07-09 14:23:58.012 10 INFO neutron.db.ovn_revision_numbers_db [None req-4907deb4-7155-4044-8391-c3f4c8ab91e0 81a77bffd09941559906dcca23982b01 382ca9eb4d6543128ddae8b65532b70b - - default default] Successfully bumped revision number for resource db9b22ea-55fc-43d6-b497-9d63e57078a6 (type: security_group_rules) to 0
2026-07-09 14:23:58.051 10 INFO neutron.db.ovn_revision_numbers_db [None req-4907deb4-7155-4044-8391-c3f4c8ab91e0 81a77bffd09941559906dcca23982b01 382ca9eb4d6543128ddae8b65532b70b - - default default] Successfully bumped revision number for resource e2c0b3de-97ca-4950-ba52-325818809409 (type: security_group_rules) to 0
2026-07-09 14:23:58.083 10 INFO neutron.wsgi [None req-4907deb4-7155-4044-8391-c3f4c8ab91e0 81a77bffd09941559906dcca23982b01 382ca9eb4d6543128ddae8b65532b70b - - default default] 10.0.0.38 "GET /v2.0/security-groups?tenant_id=0699a4484d764cb880b7ad4306e3852c&name=default HTTP/1.1" status: 200 len: 3124 time: 0.4010491
2026-07-09 14:23:58.254 9 INFO neutron.wsgi [None req-359bd2a9-f2cc-4474-9e58-c228483b73f7 81a77bffd09941559906dcca23982b01 382ca9eb4d6543128ddae8b65532b70b - - default default] 10.0.0.181 "GET /v2.0/subnets HTTP/1.1" status: 200 len: 4024 time: 0.3277905
2026-07-09 14:23:58.269 9 INFO neutron.wsgi [None req-7c48dc51-d1ef-4059-9f74-2b0b9cb6eb95 81a77bffd09941559906dcca23982b01 382ca9eb4d6543128ddae8b65532b70b - - default default] 10.0.0.181 "GET /v2.0/subnetpools HTTP/1.1" status: 200 len: 193 time: 0.0132301
2026-07-09 14:23:58.390 9 INFO neutron.wsgi [None req-0d4adbf3-8cb9-44b0-acbc-5ec2f0912cc9 81a77bffd09941559906dcca23982b01 382ca9eb4d6543128ddae8b65532b70b - - default default] 10.0.0.181 "GET /v2.0/networks HTTP/1.1" status: 200 len: 5309 time: 0.1190684
2026-07-09 14:23:58.417 9 INFO neutron.wsgi [None req-9a6164b3-3864-4d83-b66c-b458c4a9be95 81a77bffd09941559906dcca23982b01 382ca9eb4d6543128ddae8b65532b70b - - default default] 10.0.0.181 "GET /v2.0/agents HTTP/1.1" status: 200 len: 1390 time: 0.0169415
2026-07-09 14:23:58.493 10 INFO neutron.wsgi [None req-79b2a4b2-0934-4275-ba43-e4db620fb944 c7d61c0e041a41c49eb2050e24f94c31 09e407b2d62549e49fa530efc0bf99f6 - - default default] 10.0.0.38 "DELETE /v2.0/floatingips/0b1456b5-56cb-4cb6-87cc-ae705972cdd6 HTTP/1.1" status: 204 len: 168 time: 0.5392342
2026-07-09 14:23:58.496 9 INFO neutron.wsgi [None req-52c2ef27-7844-43e4-ade4-4606fcf4725f 81a77bffd09941559906dcca23982b01 382ca9eb4d6543128ddae8b65532b70b - - default default] 10.0.0.181 "GET /v2.0/subnets HTTP/1.1" status: 200 len: 4024 time: 0.0671582
2026-07-09 14:23:58.497 10 INFO neutron.wsgi [None req-1a473b2a-5e5d-40cf-ae7c-e1850e9fc7a1 81a77bffd09941559906dcca23982b01 382ca9eb4d6543128ddae8b65532b70b - - default default] 10.0.0.38 "DELETE /v2.0/security-groups/c6167eca-84e3-45d8-bbcd-9d0c71682a49 HTTP/1.1" status: 204 len: 168 time: 0.4021873
2026-07-09 14:23:58.581 9 INFO neutron.wsgi [None req-060c544b-7138-47be-adbb-e21107f6bf49 81a77bffd09941559906dcca23982b01 382ca9eb4d6543128ddae8b65532b70b - - default default] 10.0.0.181 "GET /v2.0/security-groups HTTP/1.1" status: 200 len: 31628 time: 0.0823627
2026-07-09 14:23:58.710 10 INFO neutron.wsgi [None req-e769deeb-1fb0-4d12-befb-df5081bbe730 c7d61c0e041a41c49eb2050e24f94c31 09e407b2d62549e49fa530efc0bf99f6 - - default default] 10.0.0.38 "DELETE /v2.0/security-groups/62ed6e31-c998-4de5-99f9-c5de70cc651f HTTP/1.1" status: 204 len: 168 time: 0.2122235
2026-07-09 14:23:58.726 9 INFO neutron.wsgi [None req-4546a1b7-bc4d-4820-977d-ac3614dbd1c0 81a77bffd09941559906dcca23982b01 382ca9eb4d6543128ddae8b65532b70b - - default default] 10.0.0.181 "GET /v2.0/ports HTTP/1.1" status: 200 len: 17936 time: 0.1259847
2026-07-09 14:23:58.900 9 INFO neutron.wsgi [None req-e410c2c6-2672-462e-a25a-a86e508ce713 81a77bffd09941559906dcca23982b01 382ca9eb4d6543128ddae8b65532b70b - - default default] 10.0.0.181 "GET /v2.0/routers HTTP/1.1" status: 200 len: 3055 time: 0.1664238
2026-07-09 14:23:58.917 9 INFO neutron.wsgi [None req-1d6708cd-9b13-4607-9991-e2dc8e1f8caf 81a77bffd09941559906dcca23982b01 382ca9eb4d6543128ddae8b65532b70b - - default default] 10.0.0.181 "GET /v2.0/agents?binary=ovn-controller HTTP/1.1" status: 200 len: 591 time: 0.0142140
2026-07-09 14:23:58.953 9 INFO neutron.wsgi [None req-a5516802-eaf6-45fd-a9d6-6350896ae6d0 81a77bffd09941559906dcca23982b01 382ca9eb4d6543128ddae8b65532b70b - - default default] 10.0.0.181 "GET /v2.0/network-ip-availabilities HTTP/1.1" status: 200 len: 3062 time: 0.0327137
2026-07-09 14:23:58.988 9 INFO neutron.wsgi [None req-e70cf088-6cf9-4677-97f2-713612bf5c81 81a77bffd09941559906dcca23982b01 382ca9eb4d6543128ddae8b65532b70b - - default default] 10.0.0.181 "GET /v2.0/floatingips HTTP/1.1" status: 200 len: 193 time: 0.0338473
2026-07-09 14:23:59.033 9 ERROR ovsdbapp.backend.ovs_idl.command [None req-780db62c-b1cd-4a45-9ed1-b0ad1cdbab59 b4926ee94f4048629353dfea9ef770ff 867be524822745b89ff1ae77daa24da7 - - default default] Error executing command (DbGetCommand): ovsdbapp.backend.ovs_idl.idlutils.RowNotFound: Cannot find Logical_Router_Port with name=lrp-13d4b7c5-834a-4300-acb6-b431e19f08f5
2026-07-09 14:23:59.033 9 ERROR ovsdbapp.backend.ovs_idl.command
Traceback (most recent call last):
2026-07-09 14:23:59.033 9 ERROR ovsdbapp.backend.ovs_idl.command
File "/var/lib/openstack/lib/python3.10/site-packages/ovsdbapp/backend/ovs_idl/command.py", line 47, in execute
2026-07-09 14:23:59.033 9 ERROR ovsdbapp.backend.ovs_idl.command self.run_idl(None)
2026-07-09 14:23:59.033 9 ERROR ovsdbapp.backend.ovs_idl.command
File "/var/lib/openstack/lib/python3.10/site-packages/ovsdbapp/backend/ovs_idl/command.py", line 235, in run_idl
2026-07-09 14:23:59.033 9 ERROR ovsdbapp.backend.ovs_idl.command record = self.api.lookup(self.table, self.record)
2026-07-09 14:23:59.033 9 ERROR ovsdbapp.backend.ovs_idl.command
File "/var/lib/openstack/lib/python3.10/site-packages/ovsdbapp/backend/ovs_idl/__init__.py", line 184, in lookup
2026-07-09 14:23:59.033 9 ERROR ovsdbapp.backend.ovs_idl.command return self._lookup(table, record)
2026-07-09 14:23:59.033 9 ERROR ovsdbapp.backend.ovs_idl.command
File "/var/lib/openstack/lib/python3.10/site-packages/ovsdbapp/backend/ovs_idl/__init__.py", line 235, in _lookup
2026-07-09 14:23:59.033 9 ERROR ovsdbapp.backend.ovs_idl.command row = idlutils.row_by_value(self, rl.table, rl.column, record)
2026-07-09 14:23:59.033 9 ERROR ovsdbapp.backend.ovs_idl.command
File "/var/lib/openstack/lib/python3.10/site-packages/ovsdbapp/backend/ovs_idl/idlutils.py", line 114, in row_by_value
2026-07-09 14:23:59.033 9 ERROR ovsdbapp.backend.ovs_idl.command raise RowNotFound(table=table, col=column, match=match)
2026-07-09 14:23:59.033 9 ERROR ovsdbapp.backend.ovs_idl.command ovsdbapp.backend.ovs_idl.idlutils.RowNotFound: Cannot find Logical_Router_Port with name=lrp-13d4b7c5-834a-4300-acb6-b431e19f08f5
2026-07-09 14:23:59.033 9 ERROR ovsdbapp.backend.ovs_idl.command 
2026-07-09 14:23:59.033 9 ERROR neutron_lib.callbacks.manager [None req-780db62c-b1cd-4a45-9ed1-b0ad1cdbab59 b4926ee94f4048629353dfea9ef770ff 867be524822745b89ff1ae77daa24da7 - - default default] Error during notification for neutron.services.ovn_l3.plugin.OVNL3RouterPlugin._port_update-8737824364253 port, after_update: ovsdbapp.backend.ovs_idl.idlutils.RowNotFound: Cannot find Logical_Router_Port with name=lrp-13d4b7c5-834a-4300-acb6-b431e19f08f5
2026-07-09 14:23:59.033 9 ERROR neutron_lib.callbacks.manager
Traceback (most recent call last):
2026-07-09 14:23:59.033 9 ERROR neutron_lib.callbacks.manager
File "/var/lib/openstack/lib/python3.10/site-packages/neutron_lib/callbacks/manager.py", line 189, in _notify_loop
2026-07-09 14:23:59.033 9 ERROR neutron_lib.callbacks.manager callback.method(resource, event, trigger, payload=payload)
2026-07-09 14:23:59.033 9 ERROR neutron_lib.callbacks.manager
File "/var/lib/openstack/lib/python3.10/site-packages/neutron/services/ovn_l3/plugin.py", line 391, in _port_update
2026-07-09 14:23:59.033 9 ERROR neutron_lib.callbacks.manager l3plugin._ovn_client.update_router_port(context,
2026-07-09 14:23:59.033 9 ERROR neutron_lib.callbacks.manager
File "/var/lib/openstack/lib/python3.10/site-packages/neutron/plugins/ml2/drivers/ovn/mech_driver/ovsdb/ovn_client.py", line 1878, in update_router_port
2026-07-09 14:23:59.033 9 ERROR neutron_lib.callbacks.manager self._update_lrouter_port(context, port, if_exists=if_exists,
2026-07-09 14:23:59.033 9 ERROR neutron_lib.callbacks.manager
File "/var/lib/openstack/lib/python3.10/site-packages/neutron/plugins/ml2/drivers/ovn/mech_driver/ovsdb/ovn_client.py", line 1855, in _update_lrouter_port
2026-07-09 14:23:59.033 9 ERROR neutron_lib.callbacks.manager external_ids = self._nb_idl.db_get(
2026-07-09 14:23:59.033 9 ERROR neutron_lib.callbacks.manager
File "/var/lib/openstack/lib/python3.10/site-packages/ovsdbapp/backend/ovs_idl/command.py", line 47, in execute
2026-07-09 14:23:59.033 9 ERROR neutron_lib.callbacks.manager self.run_idl(None)
2026-07-09 14:23:59.033 9 ERROR neutron_lib.callbacks.manager
File "/var/lib/openstack/lib/python3.10/site-packages/ovsdbapp/backend/ovs_idl/command.py", line 235, in run_idl
2026-07-09 14:23:59.033 9 ERROR neutron_lib.callbacks.manager record = self.api.lookup(self.table, self.record)
2026-07-09 14:23:59.033 9 ERROR neutron_lib.callbacks.manager
File "/var/lib/openstack/lib/python3.10/site-packages/ovsdbapp/backend/ovs_idl/__init__.py", line 184, in lookup
2026-07-09 14:23:59.033 9 ERROR neutron_lib.callbacks.manager return self._lookup(table, record)
2026-07-09 14:23:59.033 9 ERROR neutron_lib.callbacks.manager
File "/var/lib/openstack/lib/python3.10/site-packages/ovsdbapp/backend/ovs_idl/__init__.py", line 235, in _lookup
