2026-07-09 14:19:44.373 9 INFO neutron.db.ovn_revision_numbers_db [req-328585df-7610-4a4b-9d20-575c9ebfa5f1 req-168f7146-9e9a-4a03-aab4-7f290b37a8b5 3614b098cfb74f798cc2e378be4c8458 46d4dd1bb9314b70bbbce7e266a5100b - - default default] Successfully bumped revision number for resource 9e92bd16-64ae-4dd8-9fc3-1a8bb37d84b9 (type: security_group_rules) to 0
2026-07-09 14:19:44.392 9 INFO neutron.wsgi [req-328585df-7610-4a4b-9d20-575c9ebfa5f1 req-168f7146-9e9a-4a03-aab4-7f290b37a8b5 3614b098cfb74f798cc2e378be4c8458 46d4dd1bb9314b70bbbce7e266a5100b - - default default] 10.0.0.146 "POST /v2.0/security-groups HTTP/1.1" status: 201 len: 1888 time: 0.1783984
2026-07-09 14:19:44.417 10 INFO neutron.wsgi [req-0c168808-5c8c-4b54-83d6-49afe5bd7b80 req-06f38c72-4747-44d4-865c-4800756d3dd2 98a6fadb8ea840298e4973fcccd1d622 8c40a5055bf74eeb9613dee1aba3e8fe - - a68933338202467fafdc0089282cadca a68933338202467fafdc0089282cadca] 10.0.0.146 "GET /v2.0/networks/7fcfa582-ab6d-43b0-a8d5-fbfba3361f34?fields=provider%3Aphysical_network&fields=provider%3Anetwork_type HTTP/1.1" status: 200 len: 277 time: 0.1018198
2026-07-09 14:19:44.457 9 INFO neutron.wsgi [req-0f7eb1cc-5348-4c80-9b67-8267a7b93148 req-c26eb3f2-21a0-4e81-919a-8edaf23d3efc 67f0f218dc564723b6f192c5495e4ea4 eb7cae995595471da481588e033b31f3 - - default default] 10.0.0.146 "GET /v2.0/ports?device_id=e84adca4-99b2-4388-8a06-2b631a37afc4 HTTP/1.1" status: 200 len: 210 time: 0.0335369
2026-07-09 14:19:44.518 9 INFO neutron.wsgi [req-363a5548-719a-4550-aa05-619938de7595 req-9e19e3c0-55ec-4ad0-9e56-996341abc796 6f6f3152fd154a4586ec7488511717f5 8bcf76207d3c4703af8e1b2d125bff22 - - default default] 10.0.0.146 "GET /v2.0/security-groups/d56a7998-09a9-4cea-90ed-82955614eaab HTTP/1.1" status: 200 len: 1882 time: 0.0288589
2026-07-09 14:19:44.587 10 INFO neutron.db.ovn_revision_numbers_db [None req-b7f09dd7-66e4-4e23-b4b0-b3d8561965c0 - - - - - -] Successfully bumped revision number for resource 6d176c88-d3bf-4f3d-a01c-1154dbf21251 (type: router_ports) to 2
2026-07-09 14:19:44.643 9 INFO neutron.wsgi [req-363a5548-719a-4550-aa05-619938de7595 req-49ad4864-1432-495e-9b8c-2e9ed9a58e27 6f6f3152fd154a4586ec7488511717f5 8bcf76207d3c4703af8e1b2d125bff22 - - default default] 10.0.0.146 "DELETE /v2.0/security-groups/d56a7998-09a9-4cea-90ed-82955614eaab HTTP/1.1" status: 204 len: 173 time: 0.1180654
2026-07-09 14:19:44.660 10 INFO neutron.wsgi [req-1b36c094-fa2a-4b5a-b23a-a1c91d4a8d33 req-fbaf9b3a-3d10-4149-bdf4-0ee74a1fd1ad 3614b098cfb74f798cc2e378be4c8458 46d4dd1bb9314b70bbbce7e266a5100b - - default default] 10.0.0.146 "GET /v2.0/security-groups/1b24fc50-70fc-404a-8bfa-253467f5a5a0 HTTP/1.1" status: 200 len: 1883 time: 0.0458651
2026-07-09 14:19:44.678 10 WARNING neutron_lib.context [req-1b36c094-fa2a-4b5a-b23a-a1c91d4a8d33 req-9a23a75c-a0c1-4561-b020-33dde98c25df 3614b098cfb74f798cc2e378be4c8458 46d4dd1bb9314b70bbbce7e266a5100b - - default default] Method 'is_advsvc' is deprecated since 2023.2 release (neutron-lib 3.8.0) and will be removed once support for the old RBAC API policies will be removed from Neutron. Please use method 'is_service_role' instead.
2026-07-09 14:19:44.709 9 INFO neutron.wsgi [req-a13c4d58-e668-419c-abd8-be6bb0f5d561 req-8998be3f-62c9-4c3f-b21d-d1915bccfa68 e60a31ac54f842ff82f690575acd9701 b364f3eb8b744c109461abe7b4320c9b - - default default] 10.0.0.146 "GET /v2.0/ports?device_id=4a5f6287-b569-4fa0-9a0b-77c5a09e35a1 HTTP/1.1" status: 200 len: 210 time: 0.0212104
2026-07-09 14:19:44.746 9 INFO neutron.api.v2.resource [req-5768aa5e-48ae-4d8b-ae72-ddd01f13eca1 req-387edc31-59f6-471a-8afe-dbe5d006f430 6f6f3152fd154a4586ec7488511717f5 8bcf76207d3c4703af8e1b2d125bff22 - - default default] show failed (client error): The resource could not be found.
2026-07-09 14:19:44.749 9 INFO neutron.wsgi [req-5768aa5e-48ae-4d8b-ae72-ddd01f13eca1 req-387edc31-59f6-471a-8afe-dbe5d006f430 6f6f3152fd154a4586ec7488511717f5 8bcf76207d3c4703af8e1b2d125bff22 - - default default] 10.0.0.146 "GET /v2.0/security-groups/d56a7998-09a9-4cea-90ed-82955614eaab HTTP/1.1" status: 404 len: 352 time: 0.0166147
2026-07-09 14:19:44.781 10 INFO neutron.db.ovn_revision_numbers_db [None req-dec079e8-a78e-4788-9efe-ffefc452f219 - - - - - -] Successfully bumped revision number for resource 0076771b-4317-49a1-891f-713fb2f90e0e (type: router_ports) to 4
2026-07-09 14:19:44.797 9 INFO neutron.wsgi [req-c7f1205a-4f93-4d2f-b7a6-70ddbfd2ac68 req-c3000d46-0426-4c0a-8604-c5b2d4e880a9 6f6f3152fd154a4586ec7488511717f5 8bcf76207d3c4703af8e1b2d125bff22 - - default default] 10.0.0.146 "GET /v2.0/security-groups/b61e36db-ff07-49c5-a8c7-e70dbad272af HTTP/1.1" status: 200 len: 1881 time: 0.0263314
2026-07-09 14:19:44.810 10 INFO neutron.plugins.ml2.drivers.ovn.mech_driver.ovsdb.ovsdb_monitor [None req-dec079e8-a78e-4788-9efe-ffefc452f219 - - - - - -] Router caf4ea91-983a-4e7f-8d2b-06f44f0ee6c0 is bound to host instance
2026-07-09 14:19:44.888 10 INFO neutron.db.ovn_revision_numbers_db [req-1b36c094-fa2a-4b5a-b23a-a1c91d4a8d33 req-9a23a75c-a0c1-4561-b020-33dde98c25df 3614b098cfb74f798cc2e378be4c8458 46d4dd1bb9314b70bbbce7e266a5100b - - default default] Successfully bumped revision number for resource 60d5d77d-1959-485a-9c8c-6673ed62a204 (type: security_group_rules) to 0
2026-07-09 14:19:44.927 10 INFO neutron.wsgi [req-1b36c094-fa2a-4b5a-b23a-a1c91d4a8d33 req-9a23a75c-a0c1-4561-b020-33dde98c25df 3614b098cfb74f798cc2e378be4c8458 46d4dd1bb9314b70bbbce7e266a5100b - - default default] 10.0.0.146 "POST /v2.0/security-group-rules HTTP/1.1" status: 201 len: 818 time: 0.2565918
2026-07-09 14:19:44.928 9 INFO neutron.wsgi [req-c7f1205a-4f93-4d2f-b7a6-70ddbfd2ac68 req-4f27ad51-45be-40ea-8519-a4c4a0c321e7 6f6f3152fd154a4586ec7488511717f5 8bcf76207d3c4703af8e1b2d125bff22 - - default default] 10.0.0.146 "DELETE /v2.0/security-groups/b61e36db-ff07-49c5-a8c7-e70dbad272af HTTP/1.1" status: 204 len: 173 time: 0.1228411
2026-07-09 14:19:44.963 9 WARNING neutron_lib.context [req-c06f012d-6801-417f-b370-ff86ff12c0cb req-0d9a5d63-5992-4f48-a2a0-cfe2f1e1bde2 3614b098cfb74f798cc2e378be4c8458 46d4dd1bb9314b70bbbce7e266a5100b - - default default] Method 'is_advsvc' is deprecated since 2023.2 release (neutron-lib 3.8.0) and will be removed once support for the old RBAC API policies will be removed from Neutron. Please use method 'is_service_role' instead.
2026-07-09 14:19:44.975 10 INFO neutron.api.v2.resource [req-a5d5021f-ff82-496a-9348-3a3aeeb1d0cb req-9fbfe830-7f69-4a98-b8b5-d5bd853e2648 6f6f3152fd154a4586ec7488511717f5 8bcf76207d3c4703af8e1b2d125bff22 - - default default] show failed (client error): The resource could not be found.
2026-07-09 14:19:44.976 10 INFO neutron.wsgi [req-a5d5021f-ff82-496a-9348-3a3aeeb1d0cb req-9fbfe830-7f69-4a98-b8b5-d5bd853e2648 6f6f3152fd154a4586ec7488511717f5 8bcf76207d3c4703af8e1b2d125bff22 - - default default] 10.0.0.146 "GET /v2.0/security-groups/b61e36db-ff07-49c5-a8c7-e70dbad272af HTTP/1.1" status: 404 len: 352 time: 0.0271838
2026-07-09 14:19:45.048 10 INFO neutron.wsgi [req-b492bcc2-fece-43ef-b1ad-a947f287c43a req-5f78c9ff-1308-4c6a-ad3b-07a096283db1 6f6f3152fd154a4586ec7488511717f5 8bcf76207d3c4703af8e1b2d125bff22 - - default default] 10.0.0.146 "GET /v2.0/security-groups/e9f2f0c3-c6c5-4186-8957-014dc29958a6 HTTP/1.1" status: 200 len: 1880 time: 0.0437164
2026-07-09 14:19:45.125 9 INFO neutron.db.ovn_revision_numbers_db [req-c06f012d-6801-417f-b370-ff86ff12c0cb req-0d9a5d63-5992-4f48-a2a0-cfe2f1e1bde2 3614b098cfb74f798cc2e378be4c8458 46d4dd1bb9314b70bbbce7e266a5100b - - default default] Successfully bumped revision number for resource 40dc1db2-631a-4957-b356-88b4daaaa649 (type: security_groups) to 1
2026-07-09 14:19:45.126 9 WARNING neutron.plugins.ml2.drivers.ovn.mech_driver.ovsdb.ovn_client [None req-385b009b-c5c6-40d7-96a5-e662b6216ca5 - - - - - -] No hosting information found for port 4350e6c3-28f8-4a85-ae37-39e66386de95: RuntimeError: No hosting information found for port 4350e6c3-28f8-4a85-ae37-39e66386de95
2026-07-09 14:19:45.127 9 INFO neutron.plugins.ml2.drivers.ovn.mech_driver.mech_driver [None req-385b009b-c5c6-40d7-96a5-e662b6216ca5 - - - - - -] OVN reports status up for port: d7b96675-6b94-4b11-a1e1-1e00ba266e38
2026-07-09 14:19:45.144 9 INFO neutron.db.ovn_revision_numbers_db [req-c06f012d-6801-417f-b370-ff86ff12c0cb req-0d9a5d63-5992-4f48-a2a0-cfe2f1e1bde2 3614b098cfb74f798cc2e378be4c8458 46d4dd1bb9314b70bbbce7e266a5100b - - default default] Successfully bumped revision number for resource c2d65cc4-fe5f-4985-b2b2-1ff1cff9cce7 (type: security_group_rules) to 0
2026-07-09 14:19:45.159 9 INFO neutron.plugins.ml2.plugin [None req-385b009b-c5c6-40d7-96a5-e662b6216ca5 - - - - - -] Attempt 1 to provision port d7b96675-6b94-4b11-a1e1-1e00ba266e38
2026-07-09 14:19:45.174 9 INFO neutron.db.ovn_revision_numbers_db [req-c06f012d-6801-417f-b370-ff86ff12c0cb req-0d9a5d63-5992-4f48-a2a0-cfe2f1e1bde2 3614b098cfb74f798cc2e378be4c8458 46d4dd1bb9314b70bbbce7e266a5100b - - default default] Successfully bumped revision number for resource c991272c-3e9d-4550-b513-2abc84ef2fb5 (type: security_group_rules) to 0
2026-07-09 14:19:45.207 9 INFO neutron.wsgi [req-c06f012d-6801-417f-b370-ff86ff12c0cb req-0d9a5d63-5992-4f48-a2a0-cfe2f1e1bde2 3614b098cfb74f798cc2e378be4c8458 46d4dd1bb9314b70bbbce7e266a5100b - - default default] 10.0.0.146 "POST /v2.0/security-groups HTTP/1.1" status: 201 len: 1889 time: 0.2542260
2026-07-09 14:19:45.271 9 INFO neutron.wsgi [req-c993fefe-4f32-4465-8a3b-9f9d6cfdb861 req-41c85f36-2851-41ed-aca4-4a7a67475473 3614b098cfb74f798cc2e378be4c8458 46d4dd1bb9314b70bbbce7e266a5100b - - default default] 10.0.0.146 "GET /v2.0/security-groups/40dc1db2-631a-4957-b356-88b4daaaa649 HTTP/1.1" status: 200 len: 1884 time: 0.0308554
2026-07-09 14:19:45.285 9 WARNING neutron_lib.context [req-c993fefe-4f32-4465-8a3b-9f9d6cfdb861 req-c66f415c-39bb-4a2c-9e57-3bc2f2030427 3614b098cfb74f798cc2e378be4c8458 46d4dd1bb9314b70bbbce7e266a5100b - - default default] Method 'is_advsvc' is deprecated since 2023.2 release (neutron-lib 3.8.0) and will be removed once support for the old RBAC API policies will be removed from Neutron. Please use method 'is_service_role' instead.
2026-07-09 14:19:45.406 10 INFO neutron.wsgi [req-b492bcc2-fece-43ef-b1ad-a947f287c43a req-5d0a6252-57e1-484c-8b4d-c1d6e437d16c 6f6f3152fd154a4586ec7488511717f5 8bcf76207d3c4703af8e1b2d125bff22 - - default default] 10.0.0.146 "DELETE /v2.0/security-groups/e9f2f0c3-c6c5-4186-8957-014dc29958a6 HTTP/1.1" status: 204 len: 173 time: 0.3397849
2026-07-09 14:19:45.432 9 INFO neutron.db.ovn_revision_numbers_db [req-c993fefe-4f32-4465-8a3b-9f9d6cfdb861 req-c66f415c-39bb-4a2c-9e57-3bc2f2030427 3614b098cfb74f798cc2e378be4c8458 46d4dd1bb9314b70bbbce7e266a5100b - - default default] Successfully bumped revision number for resource 8ce8b38a-afd3-4089-81e1-57c9d0d9127b (type: security_group_rules) to 0
2026-07-09 14:19:45.448 10 INFO neutron.api.v2.resource [req-f9f02306-0367-489d-8e97-d86f0eae7d2a req-6772ae29-4949-48dd-b00b-c29405333547 6f6f3152fd154a4586ec7488511717f5 8bcf76207d3c4703af8e1b2d125bff22 - - default default] show failed (client error): The resource could not be found.
2026-07-09 14:19:45.450 10 INFO neutron.wsgi [req-f9f02306-0367-489d-8e97-d86f0eae7d2a req-6772ae29-4949-48dd-b00b-c29405333547 6f6f3152fd154a4586ec7488511717f5 8bcf76207d3c4703af8e1b2d125bff22 - - default default] 10.0.0.146 "GET /v2.0/security-groups/e9f2f0c3-c6c5-4186-8957-014dc29958a6 HTTP/1.1" status: 404 len: 352 time: 0.0209153
2026-07-09 14:19:45.461 9 INFO neutron.wsgi [req-c993fefe-4f32-4465-8a3b-9f9d6cfdb861 req-c66f415c-39bb-4a2c-9e57-3bc2f2030427 3614b098cfb74f798cc2e378be4c8458 46d4dd1bb9314b70bbbce7e266a5100b - - default default] 10.0.0.146 "POST /v2.0/security-group-rules HTTP/1.1" status: 201 len: 818 time: 0.1831994
2026-07-09 14:19:45.527 9 INFO neutron.wsgi [req-7003c468-6568-4ff4-bba1-95880c1f03ad req-73caf909-fef3-409d-94fb-a362d5c7ef79 3614b098cfb74f798cc2e378be4c8458 46d4dd1bb9314b70bbbce7e266a5100b - - default default] 10.0.0.146 "GET /v2.0/security-groups/40dc1db2-631a-4957-b356-88b4daaaa649 HTTP/1.1" status: 200 len: 2509 time: 0.0396380
2026-07-09 14:19:45.542 9 WARNING neutron_lib.context [req-7003c468-6568-4ff4-bba1-95880c1f03ad req-a123fffb-c152-49c1-85fc-bc01661fd16b 3614b098cfb74f798cc2e378be4c8458 46d4dd1bb9314b70bbbce7e266a5100b - - default default] Method 'is_advsvc' is deprecated since 2023.2 release (neutron-lib 3.8.0) and will be removed once support for the old RBAC API policies will be removed from Neutron. Please use method 'is_service_role' instead.
2026-07-09 14:19:45.544 10 INFO neutron.wsgi [req-6c56f725-a5df-44d6-b237-0bee4a457bd5 req-75cdf40d-24b6-45f7-b98f-f83066419528 6f6f3152fd154a4586ec7488511717f5 8bcf76207d3c4703af8e1b2d125bff22 - - default default] 10.0.0.146 "GET /v2.0/security-groups?tenant_id=8bcf76207d3c4703af8e1b2d125bff22 HTTP/1.1" status: 200 len: 3121 time: 0.0778296
2026-07-09 14:19:45.621 10 INFO neutron.wsgi [req-6c56f725-a5df-44d6-b237-0bee4a457bd5 req-1dbcae18-271a-476d-b22e-0a32bdf63e1c 6f6f3152fd154a4586ec7488511717f5 8bcf76207d3c4703af8e1b2d125bff22 - - default default] 10.0.0.146 "GET /v2.0/security-groups/2b4d257a-bdba-4e7c-903c-26e1976e8c67 HTTP/1.1" status: 200 len: 3118 time: 0.0706236
2026-07-09 14:19:45.669 9 INFO neutron.db.ovn_revision_numbers_db [req-7003c468-6568-4ff4-bba1-95880c1f03ad req-a123fffb-c152-49c1-85fc-bc01661fd16b 3614b098cfb74f798cc2e378be4c8458 46d4dd1bb9314b70bbbce7e266a5100b - - default default] Successfully bumped revision number for resource f7b7ce9a-9303-41b5-9e7f-bb427c0ccde6 (type: security_group_rules) to 0
2026-07-09 14:19:45.682 10 INFO neutron.wsgi [req-6c56f725-a5df-44d6-b237-0bee4a457bd5 req-dfe3400a-2b70-40ff-9f24-6afd50775b5e 6f6f3152fd154a4586ec7488511717f5 8bcf76207d3c4703af8e1b2d125bff22 - - default default] 10.0.0.146 "GET /v2.0/security-groups/2b4d257a-bdba-4e7c-903c-26e1976e8c67 HTTP/1.1" status: 200 len: 3118 time: 0.0554578
2026-07-09 14:19:45.709 9 INFO neutron.wsgi [req-7003c468-6568-4ff4-bba1-95880c1f03ad req-a123fffb-c152-49c1-85fc-bc01661fd16b 3614b098cfb74f798cc2e378be4c8458 46d4dd1bb9314b70bbbce7e266a5100b - - default default] 10.0.0.146 "POST /v2.0/security-group-rules HTTP/1.1" status: 201 len: 823 time: 0.1727648
2026-07-09 14:19:45.736 9 INFO neutron.api.v2.resource [req-cdd35e3e-635e-42fc-b5ae-29b309fcd30b req-59ab864c-122d-406f-8eb9-4d4062cd0e76 6f6f3152fd154a4586ec7488511717f5 8bcf76207d3c4703af8e1b2d125bff22 - - default default] show failed (client error): The resource could not be found.
2026-07-09 14:19:45.738 9 INFO neutron.wsgi [req-cdd35e3e-635e-42fc-b5ae-29b309fcd30b req-59ab864c-122d-406f-8eb9-4d4062cd0e76 6f6f3152fd154a4586ec7488511717f5 8bcf76207d3c4703af8e1b2d125bff22 - - default default] 10.0.0.146 "GET /v2.0/security-groups/e9f2f0c3-c6c5-4186-8957-014dc29958a6 HTTP/1.1" status: 404 len: 352 time: 0.0142565
2026-07-09 14:19:45.788 9 INFO neutron.wsgi [req-b7f7aafc-0881-4d82-9816-7d23c7ba2f97 req-f8fc910d-c9e8-49c7-8f0e-400988e9ede2 3614b098cfb74f798cc2e378be4c8458 46d4dd1bb9314b70bbbce7e266a5100b - - default default] 10.0.0.146 "GET /v2.0/security-groups/40dc1db2-631a-4957-b356-88b4daaaa649 HTTP/1.1" status: 200 len: 3139 time: 0.0332899
2026-07-09 14:19:45.869 10 INFO neutron.wsgi [req-831de5fa-13af-404d-ae6d-469589d14c1f req-3531ca58-ae52-40e1-8819-63b4f3d5640b 67f0f218dc564723b6f192c5495e4ea4 eb7cae995595471da481588e033b31f3 - - default default] 199.19.213.152 "GET /v2.0/networks?id=38661208-a516-48e4-9944-df6c89320a1d HTTP/1.1" status: 200 len: 875 time: 0.2092392
2026-07-09 14:19:45.881 10 INFO neutron.wsgi [req-0c168808-5c8c-4b54-83d6-49afe5bd7b80 req-381aa32b-976f-4d79-ac7f-21477705901e e60a31ac54f842ff82f690575acd9701 b364f3eb8b744c109461abe7b4320c9b - - default default] 199.19.213.152 "GET /v2.0/networks?id=7fcfa582-ab6d-43b0-a8d5-fbfba3361f34 HTTP/1.1" status: 200 len: 883 time: 0.1970396
2026-07-09 14:19:45.884 10 INFO neutron.wsgi [req-e41c294a-7f30-4b79-af1c-c199eb960fd4 req-038bfde7-fafb-4d06-a089-4a08178046d6 67f0f218dc564723b6f192c5495e4ea4 eb7cae995595471da481588e033b31f3 - - default default] 10.0.0.146 "GET /v2.0/ports?device_id=e84adca4-99b2-4388-8a06-2b631a37afc4 HTTP/1.1" status: 200 len: 210 time: 0.0437059
2026-07-09 14:19:45.919 9 INFO neutron.wsgi [req-e68d1467-fd0a-4b9d-bc91-6ffe3ea3215f req-7a5de674-0d82-4143-9efd-1224c25716fe e60a31ac54f842ff82f690575acd9701 b364f3eb8b744c109461abe7b4320c9b - - default default] 10.0.0.146 "GET /v2.0/ports?device_id=4a5f6287-b569-4fa0-9a0b-77c5a09e35a1 HTTP/1.1" status: 200 len: 210 time: 0.0282290
2026-07-09 14:19:45.969 9 INFO neutron.wsgi [req-376111ca-5473-44c6-a64d-872f31cd9174 req-b11e2e7b-2d55-4b0d-9278-a67cde2ba2ca 3614b098cfb74f798cc2e378be4c8458 46d4dd1bb9314b70bbbce7e266a5100b - - default default] 10.0.0.146 "GET /v2.0/security-group-rules/f7b7ce9a-9303-41b5-9e7f-bb427c0ccde6 HTTP/1.1" status: 200 len: 815 time: 0.0229034
2026-07-09 14:19:45.984 10 INFO neutron.api.v2.resource [req-7fa32729-ab28-457c-bcf3-daa9f48ac271 req-7af67a09-3f7e-49d4-89f9-4a6bd2018971 6f6f3152fd154a4586ec7488511717f5 8bcf76207d3c4703af8e1b2d125bff22 - - default default] show failed (client error): The resource could not be found.
2026-07-09 14:19:45.985 10 INFO neutron.wsgi [req-7fa32729-ab28-457c-bcf3-daa9f48ac271 req-7af67a09-3f7e-49d4-89f9-4a6bd2018971 6f6f3152fd154a4586ec7488511717f5 8bcf76207d3c4703af8e1b2d125bff22 - - default default] 10.0.0.146 "GET /v2.0/security-groups/b61e36db-ff07-49c5-a8c7-e70dbad272af HTTP/1.1" status: 404 len: 352 time: 0.0622766
2026-07-09 14:19:46.018 9 INFO neutron.wsgi [req-376111ca-5473-44c6-a64d-872f31cd9174 req-45bad290-6b91-40cf-846a-246fd1e27aad 3614b098cfb74f798cc2e378be4c8458 46d4dd1bb9314b70bbbce7e266a5100b - - default default] 10.0.0.146 "GET /v2.0/security-groups/40dc1db2-631a-4957-b356-88b4daaaa649 HTTP/1.1" status: 200 len: 3139 time: 0.0387170
2026-07-09 14:19:46.039 10 INFO neutron.wsgi [req-831de5fa-13af-404d-ae6d-469589d14c1f req-4ff3d09a-1ec0-4508-939f-835528ed99c5 67f0f218dc564723b6f192c5495e4ea4 eb7cae995595471da481588e033b31f3 - - default default] 199.19.213.152 "GET /v2.0/security-groups?fields=id&fields=name&tenant_id=eb7cae995595471da481588e033b31f3 HTTP/1.1" status: 200 len: 380 time: 0.1363795
2026-07-09 14:19:46.041 10 INFO neutron.api.v2.resource [req-ca171283-f7f3-4730-8a91-59dc964faf3f req-157d8cb7-0c8d-4eff-a755-990c1d0e386c 6f6f3152fd154a4586ec7488511717f5 8bcf76207d3c4703af8e1b2d125bff22 - - default default] show failed (client error): The resource could not be found.
2026-07-09 14:19:46.042 10 INFO neutron.wsgi [req-ca171283-f7f3-4730-8a91-59dc964faf3f req-157d8cb7-0c8d-4eff-a755-990c1d0e386c 6f6f3152fd154a4586ec7488511717f5 8bcf76207d3c4703af8e1b2d125bff22 - - default default] 10.0.0.146 "GET /v2.0/security-groups/d56a7998-09a9-4cea-90ed-82955614eaab HTTP/1.1" status: 404 len: 352 time: 0.0318873
2026-07-09 14:19:46.063 10 INFO neutron.wsgi [req-0c168808-5c8c-4b54-83d6-49afe5bd7b80 req-21a3a051-7197-4a3f-a33d-c2913e48e621 e60a31ac54f842ff82f690575acd9701 b364f3eb8b744c109461abe7b4320c9b - - default default] 199.19.213.152 "GET /v2.0/security-groups?fields=id&fields=name&tenant_id=b364f3eb8b744c109461abe7b4320c9b HTTP/1.1" status: 200 len: 380 time: 0.1565466
2026-07-09 14:19:46.071 10 WARNING neutron_lib.context [req-831de5fa-13af-404d-ae6d-469589d14c1f req-e5bfc79f-2683-4e7d-939d-2d099aca795e 67f0f218dc564723b6f192c5495e4ea4 eb7cae995595471da481588e033b31f3 - - default default] Method 'is_advsvc' is deprecated since 2023.2 release (neutron-lib 3.8.0) and will be removed once support for the old RBAC API policies will be removed from Neutron. Please use method 'is_service_role' instead.
2026-07-09 14:19:46.093 10 WARNING neutron_lib.context [req-0c168808-5c8c-4b54-83d6-49afe5bd7b80 req-f00b2f29-fccf-4e15-ba5d-321bfdd0b573 e60a31ac54f842ff82f690575acd9701 b364f3eb8b744c109461abe7b4320c9b - - default default] Method 'is_advsvc' is deprecated since 2023.2 release (neutron-lib 3.8.0) and will be removed once support for the old RBAC API policies will be removed from Neutron. Please use method 'is_service_role' instead.
2026-07-09 14:19:46.263 10 INFO neutron.db.ovn_revision_numbers_db [None req-dec079e8-a78e-4788-9efe-ffefc452f219 - - - - - -] Successfully bumped revision number for resource d7b96675-6b94-4b11-a1e1-1e00ba266e38 (type: ports) to 1
2026-07-09 14:19:46.366 9 INFO neutron.wsgi [req-376111ca-5473-44c6-a64d-872f31cd9174 req-0bc4b1e8-c02f-4867-8a36-0aa3eaee1129 3614b098cfb74f798cc2e378be4c8458 46d4dd1bb9314b70bbbce7e266a5100b - - default default] 10.0.0.146 "DELETE /v2.0/security-group-rules/f7b7ce9a-9303-41b5-9e7f-bb427c0ccde6 HTTP/1.1" status: 204 len: 173 time: 0.3398786
2026-07-09 14:19:46.555 10 INFO neutron.wsgi [req-16059493-5df1-4382-81c8-19d35edc9ea2 req-5f7e64cc-92b3-4aeb-915a-8c5f4ec7954a 3614b098cfb74f798cc2e378be4c8458 46d4dd1bb9314b70bbbce7e266a5100b - - default default] 10.0.0.146 "GET /v2.0/security-groups/40dc1db2-631a-4957-b356-88b4daaaa649 HTTP/1.1" status: 200 len: 2509 time: 0.1025939
2026-07-09 14:19:46.997 9 INFO neutron.wsgi [req-388a25e7-2ba3-4840-8949-1a9d601b638c req-0db0e9c2-e82a-4c8d-9d27-030d553cad88 67f0f218dc564723b6f192c5495e4ea4 eb7cae995595471da481588e033b31f3 - - default default] 10.0.0.146 "GET /v2.0/ports?device_id=e84adca4-99b2-4388-8a06-2b631a37afc4 HTTP/1.1" status: 200 len: 210 time: 0.0263543
2026-07-09 14:19:47.033 10 INFO neutron.wsgi [req-16059493-5df1-4382-81c8-19d35edc9ea2 req-847d256f-7753-472d-b9a3-80814c3cb6b5 3614b098cfb74f798cc2e378be4c8458 46d4dd1bb9314b70bbbce7e266a5100b - - default default] 10.0.0.146 "DELETE /v2.0/security-groups/40dc1db2-631a-4957-b356-88b4daaaa649 HTTP/1.1" status: 204 len: 173 time: 0.4690092
2026-07-09 14:19:47.046 10 WARNING neutron.scheduler.dhcp_agent_scheduler [req-0c168808-5c8c-4b54-83d6-49afe5bd7b80 req-f00b2f29-fccf-4e15-ba5d-321bfdd0b573 e60a31ac54f842ff82f690575acd9701 b364f3eb8b744c109461abe7b4320c9b - - default default] No more DHCP agents
2026-07-09 14:19:47.049 10 WARNING neutron.api.rpc.agentnotifiers.dhcp_rpc_agent_api [req-0c168808-5c8c-4b54-83d6-49afe5bd7b80 req-f00b2f29-fccf-4e15-ba5d-321bfdd0b573 e60a31ac54f842ff82f690575acd9701 b364f3eb8b744c109461abe7b4320c9b - - default default] Unable to schedule network 7fcfa582-ab6d-43b0-a8d5-fbfba3361f34: no agents available; will retry on subsequent port and subnet creation events.
2026-07-09 14:19:47.053 10 WARNING neutron.scheduler.dhcp_agent_scheduler [req-831de5fa-13af-404d-ae6d-469589d14c1f req-e5bfc79f-2683-4e7d-939d-2d099aca795e 67f0f218dc564723b6f192c5495e4ea4 eb7cae995595471da481588e033b31f3 - - default default] No more DHCP agents
2026-07-09 14:19:47.070 10 WARNING neutron.api.rpc.agentnotifiers.dhcp_rpc_agent_api [req-831de5fa-13af-404d-ae6d-469589d14c1f req-e5bfc79f-2683-4e7d-939d-2d099aca795e 67f0f218dc564723b6f192c5495e4ea4 eb7cae995595471da481588e033b31f3 - - default default] Unable to schedule network 38661208-a516-48e4-9944-df6c89320a1d: no agents available; will retry on subsequent port and subnet creation events. /var/lib/openstack/lib/python3.10/site-packages/pycadf/identifier.py:71: UserWarning: Invalid uuid: neutron. To ensure interoperability, identifiers should be a valid uuid. warnings.warn(('Invalid uuid: %s. To ensure interoperability, '
2026-07-09 14:19:47.214 9 INFO neutron.wsgi [req-3324851e-1819-48dc-9431-36e0f20f0029 req-ecd9fc9b-3fe0-4101-bc2d-5c1318c8af60 e60a31ac54f842ff82f690575acd9701 b364f3eb8b744c109461abe7b4320c9b - - default default] 10.0.0.146 "GET /v2.0/ports?device_id=4a5f6287-b569-4fa0-9a0b-77c5a09e35a1 HTTP/1.1" status: 200 len: 1160 time: 0.1449380
2026-07-09 14:19:47.222 10 INFO neutron.wsgi [req-add71f7b-311f-4cd5-b172-b1313d426a01 req-ed3d28d7-ccfe-4af8-9b09-fd13a6626c12 3614b098cfb74f798cc2e378be4c8458 46d4dd1bb9314b70bbbce7e266a5100b - - default default] 10.0.0.146 "GET /v2.0/security-groups/1b24fc50-70fc-404a-8bfa-253467f5a5a0 HTTP/1.1" status: 200 len: 2508 time: 0.1661057 /var/lib/openstack/lib/python3.10/site-packages/pycadf/identifier.py:71: UserWarning: Invalid uuid: neutron. To ensure interoperability, identifiers should be a valid uuid. warnings.warn(('Invalid uuid: %s. To ensure interoperability, '
2026-07-09 14:19:47.281 9 INFO neutron.wsgi [req-3324851e-1819-48dc-9431-36e0f20f0029 req-4376947a-095b-4728-9910-bcd54e891581 e60a31ac54f842ff82f690575acd9701 b364f3eb8b744c109461abe7b4320c9b - - default default] 10.0.0.146 "GET /v2.0/security-groups?id=77e4ae89-23ea-47e7-b399-dcff82f325e0&fields=id&fields=name HTTP/1.1" status: 200 len: 313 time: 0.0586832
2026-07-09 14:19:47.582 10 INFO neutron.db.ovn_revision_numbers_db [req-0c168808-5c8c-4b54-83d6-49afe5bd7b80 req-f00b2f29-fccf-4e15-ba5d-321bfdd0b573 e60a31ac54f842ff82f690575acd9701 b364f3eb8b744c109461abe7b4320c9b - - default default] Successfully bumped revision number for resource 65acfe97-8809-4dd9-bf39-fc6084a18658 (type: ports) to 1
2026-07-09 14:19:47.628 10 INFO neutron.db.ovn_revision_numbers_db [req-831de5fa-13af-404d-ae6d-469589d14c1f req-e5bfc79f-2683-4e7d-939d-2d099aca795e 67f0f218dc564723b6f192c5495e4ea4 eb7cae995595471da481588e033b31f3 - - default default] Successfully bumped revision number for resource b3196640-b996-4d5e-8ead-09bc848b9bc0 (type: ports) to 1
2026-07-09 14:19:47.637 10 INFO neutron.wsgi [req-0c168808-5c8c-4b54-83d6-49afe5bd7b80 req-f00b2f29-fccf-4e15-ba5d-321bfdd0b573 e60a31ac54f842ff82f690575acd9701 b364f3eb8b744c109461abe7b4320c9b - - default default] 199.19.213.152 "POST /v2.0/ports HTTP/1.1" status: 201 len: 1162 time: 1.5637577
2026-07-09 14:19:47.641 10 INFO neutron.db.ovn_revision_numbers_db [None req-dec079e8-a78e-4788-9efe-ffefc452f219 - - - - - -] Successfully bumped revision number for resource d7b96675-6b94-4b11-a1e1-1e00ba266e38 (type: router_ports) to 3
2026-07-09 14:19:47.668 10 INFO neutron.wsgi [req-0c168808-5c8c-4b54-83d6-49afe5bd7b80 req-318d9170-97a9-4f35-b2f7-3ec2826d9e3e e60a31ac54f842ff82f690575acd9701 b364f3eb8b744c109461abe7b4320c9b - - default default] 199.19.213.152 "GET /v2.0/extensions HTTP/1.1" status: 200 len: 18683 time: 0.0156481
2026-07-09 14:19:47.686 10 INFO neutron.wsgi [req-831de5fa-13af-404d-ae6d-469589d14c1f req-e5bfc79f-2683-4e7d-939d-2d099aca795e 67f0f218dc564723b6f192c5495e4ea4 eb7cae995595471da481588e033b31f3 - - default default] 199.19.213.152 "POST /v2.0/ports HTTP/1.1" status: 201 len: 1158 time: 1.6281679
2026-07-09 14:19:47.702 10 INFO neutron.wsgi [req-add71f7b-311f-4cd5-b172-b1313d426a01 req-c8b2f395-12be-4817-9518-7c243e593ccb 3614b098cfb74f798cc2e378be4c8458 46d4dd1bb9314b70bbbce7e266a5100b - - default default] 10.0.0.146 "DELETE /v2.0/security-groups/1b24fc50-70fc-404a-8bfa-253467f5a5a0 HTTP/1.1" status: 204 len: 173 time: 0.4690490
2026-07-09 14:19:47.908 9 INFO neutron.wsgi [None req-df4599dd-a527-434a-8a9b-d921bec7963f 81a77bffd09941559906dcca23982b01 382ca9eb4d6543128ddae8b65532b70b - - default default] 10.0.0.38 "PUT /v2.0/routers/8bb98a23-4db9-4c73-9be3-a504ba59c577/remove_router_interface HTTP/1.1" status: 200 len: 503 time: 1.8513730 /var/lib/openstack/lib/python3.10/site-packages/pycadf/identifier.py:71: UserWarning: Invalid uuid: neutron. To ensure interoperability, identifiers should be a valid uuid. warnings.warn(('Invalid uuid: %s. To ensure interoperability, '
2026-07-09 14:19:48.050 10 INFO neutron.db.ovn_revision_numbers_db [None req-dec079e8-a78e-4788-9efe-ffefc452f219 - - - - - -] Successfully bumped revision number for resource d7b96675-6b94-4b11-a1e1-1e00ba266e38 (type: ports) to 2
2026-07-09 14:19:48.133 9 INFO neutron.wsgi [req-65bd58d1-fe70-4746-8d7f-f452573688f9 req-bef7f75f-a783-4a0b-8d0c-07247a72073f 67f0f218dc564723b6f192c5495e4ea4 eb7cae995595471da481588e033b31f3 - - default default] 10.0.0.146 "GET /v2.0/ports?device_id=e84adca4-99b2-4388-8a06-2b631a37afc4 HTTP/1.1" status: 200 len: 1156 time: 0.0501723
2026-07-09 14:19:48.218 9 INFO neutron.wsgi [req-65bd58d1-fe70-4746-8d7f-f452573688f9 req-19c5a2da-db11-4fb6-a473-3be0e245a462 67f0f218dc564723b6f192c5495e4ea4 eb7cae995595471da481588e033b31f3 - - default default] 10.0.0.146 "GET /v2.0/security-groups?id=22a744cf-89d1-4172-97d3-a29415506c76&fields=id&fields=name HTTP/1.1" status: 200 len: 313 time: 0.0803432
2026-07-09 14:19:48.702 10 INFO neutron.wsgi [req-e130612d-763e-4809-8125-68831439b168 req-b5442013-a117-47d2-a647-7365ef93aa82 e60a31ac54f842ff82f690575acd9701 b364f3eb8b744c109461abe7b4320c9b - - default default] 10.0.0.146 "GET /v2.0/ports?device_id=4a5f6287-b569-4fa0-9a0b-77c5a09e35a1 HTTP/1.1" status: 200 len: 1160 time: 0.3458140
2026-07-09 14:19:48.874 10 INFO neutron.wsgi [req-e130612d-763e-4809-8125-68831439b168 req-f60b3856-dbc5-4c85-ad98-ed31b425355e e60a31ac54f842ff82f690575acd9701 b364f3eb8b744c109461abe7b4320c9b - - default default] 10.0.0.146 "GET /v2.0/security-groups?id=77e4ae89-23ea-47e7-b399-dcff82f325e0&fields=id&fields=name HTTP/1.1" status: 200 len: 313 time: 0.1635375
2026-07-09 14:19:49.047 9 INFO neutron.wsgi [None req-76261656-6315-4d3e-825a-1e8af8ab8a10 81a77bffd09941559906dcca23982b01 382ca9eb4d6543128ddae8b65532b70b - - default default] 10.0.0.38 "DELETE /v2.0/routers/8bb98a23-4db9-4c73-9be3-a504ba59c577 HTTP/1.1" status: 204 len: 168 time: 1.1320012
2026-07-09 14:19:49.305 9 INFO neutron.wsgi [None req-2d79a400-40af-459f-970c-7722fdd49bee 81a77bffd09941559906dcca23982b01 382ca9eb4d6543128ddae8b65532b70b - - default default] 10.0.0.38 "DELETE /v2.0/subnets/77c174e9-dd14-41c6-ad52-d6b536611d69 HTTP/1.1" status: 204 len: 168 time: 0.2507007
2026-07-09 14:19:49.439 10 INFO neutron.db.ovn_revision_numbers_db [req-0c168808-5c8c-4b54-83d6-49afe5bd7b80 req-7a96cb32-1356-4539-bd1e-1f90d8c81cad 98a6fadb8ea840298e4973fcccd1d622 8c40a5055bf74eeb9613dee1aba3e8fe - - a68933338202467fafdc0089282cadca a68933338202467fafdc0089282cadca] Successfully bumped revision number for resource 65acfe97-8809-4dd9-bf39-fc6084a18658 (type: ports) to 2
2026-07-09 14:19:49.453 9 INFO neutron.wsgi [req-eccf6ee3-0183-4964-bad2-a2293a382fcf req-d00bc755-3cfb-4235-a54f-fdfbc0793b6e 67f0f218dc564723b6f192c5495e4ea4 eb7cae995595471da481588e033b31f3 - - default default] 10.0.0.146 "GET /v2.0/ports?device_id=e84adca4-99b2-4388-8a06-2b631a37afc4 HTTP/1.1" status: 200 len: 1168 time: 0.1622241
2026-07-09 14:19:49.469 10 INFO neutron.db.ovn_revision_numbers_db [req-831de5fa-13af-404d-ae6d-469589d14c1f req-dc8185d3-ccdc-48a6-a765-e87b2f6d651e 98a6fadb8ea840298e4973fcccd1d622 8c40a5055bf74eeb9613dee1aba3e8fe - - a68933338202467fafdc0089282cadca a68933338202467fafdc0089282cadca] Successfully bumped revision number for resource b3196640-b996-4d5e-8ead-09bc848b9bc0 (type: ports) to 2
2026-07-09 14:19:49.494 10 INFO neutron.db.ovn_revision_numbers_db [None req-dec079e8-a78e-4788-9efe-ffefc452f219 - - - - - -] Successfully bumped revision number for resource d7b96675-6b94-4b11-a1e1-1e00ba266e38 (type: ports) to 4
2026-07-09 14:19:49.512 9 INFO neutron.wsgi [req-eccf6ee3-0183-4964-bad2-a2293a382fcf req-70c91927-b989-4787-a6ae-602e374f2f66 67f0f218dc564723b6f192c5495e4ea4 eb7cae995595471da481588e033b31f3 - - default default] 10.0.0.146 "GET /v2.0/security-groups?id=22a744cf-89d1-4172-97d3-a29415506c76&fields=id&fields=name HTTP/1.1" status: 200 len: 313 time: 0.0499218 /var/lib/openstack/lib/python3.10/site-packages/pycadf/identifier.py:71: UserWarning: Invalid uuid: neutron. To ensure interoperability, identifiers should be a valid uuid. warnings.warn(('Invalid uuid: %s. To ensure interoperability, '
2026-07-09 14:19:50.009 9 INFO neutron.wsgi [None req-e3951f74-4e94-41e4-b5d3-7a86c5f026fe 81a77bffd09941559906dcca23982b01 382ca9eb4d6543128ddae8b65532b70b - - default default] 10.0.0.38 "DELETE /v2.0/networks/a0e453eb-586d-45ed-ad54-1cedd6f6f5ff HTTP/1.1" status: 204 len: 168 time: 0.6903386
2026-07-09 14:19:50.198 9 INFO neutron.wsgi [None req-d6f67bd1-b998-43e8-91d2-f1d4ece68685 81a77bffd09941559906dcca23982b01 382ca9eb4d6543128ddae8b65532b70b - - default default] 10.0.0.38 "GET /v2.0/security-groups?tenant_id=8bcf76207d3c4703af8e1b2d125bff22&name=default HTTP/1.1" status: 200 len: 3116 time: 0.0415678
2026-07-09 14:19:50.332 10 INFO neutron.wsgi [req-49f8b761-33f0-4f4e-abc4-0b8d6db2f556 req-7b4f12b7-ca0d-4e5d-a834-9934274f2a02 e60a31ac54f842ff82f690575acd9701 b364f3eb8b744c109461abe7b4320c9b - - default default] 10.0.0.146 "GET /v2.0/ports?device_id=4a5f6287-b569-4fa0-9a0b-77c5a09e35a1 HTTP/1.1" status: 200 len: 1172 time: 0.3810518 /var/lib/openstack/lib/python3.10/site-packages/pycadf/identifier.py:71: UserWarning: Invalid uuid: neutron. To ensure interoperability, identifiers should be a valid uuid. warnings.warn(('Invalid uuid: %s. To ensure interoperability, '
2026-07-09 14:19:50.431 10 INFO neutron.db.ovn_revision_numbers_db [None req-dec079e8-a78e-4788-9efe-ffefc452f219 - - - - - -] Successfully bumped revision number for resource d7b96675-6b94-4b11-a1e1-1e00ba266e38 (type: router_ports) to 4
2026-07-09 14:19:50.452 10 INFO neutron.db.ovn_revision_numbers_db [req-0c168808-5c8c-4b54-83d6-49afe5bd7b80 req-7a96cb32-1356-4539-bd1e-1f90d8c81cad 98a6fadb8ea840298e4973fcccd1d622 8c40a5055bf74eeb9613dee1aba3e8fe - - a68933338202467fafdc0089282cadca a68933338202467fafdc0089282cadca] Successfully bumped revision number for resource 65acfe97-8809-4dd9-bf39-fc6084a18658 (type: ports) to 2
2026-07-09 14:19:50.467 9 INFO neutron.wsgi [None req-45396540-f511-451c-a9ec-b4fe1106c991 81a77bffd09941559906dcca23982b01 382ca9eb4d6543128ddae8b65532b70b - - default default] 10.0.0.38 "DELETE /v2.0/security-groups/2b4d257a-bdba-4e7c-903c-26e1976e8c67 HTTP/1.1" status: 204 len: 168 time: 0.2621956
2026-07-09 14:19:50.470 10 INFO neutron.wsgi [req-49f8b761-33f0-4f4e-abc4-0b8d6db2f556 req-97d79418-460c-4b58-888d-93b928705337 e60a31ac54f842ff82f690575acd9701 b364f3eb8b744c109461abe7b4320c9b - - default default] 10.0.0.146 "GET /v2.0/security-groups?id=77e4ae89-23ea-47e7-b399-dcff82f325e0&fields=id&fields=name HTTP/1.1" status: 200 len: 313 time: 0.1172361
2026-07-09 14:19:50.476 10 INFO neutron.db.ovn_revision_numbers_db [req-831de5fa-13af-404d-ae6d-469589d14c1f req-dc8185d3-ccdc-48a6-a765-e87b2f6d651e 98a6fadb8ea840298e4973fcccd1d622 8c40a5055bf74eeb9613dee1aba3e8fe - - a68933338202467fafdc0089282cadca a68933338202467fafdc0089282cadca] Successfully bumped revision number for resource b3196640-b996-4d5e-8ead-09bc848b9bc0 (type: ports) to 2
2026-07-09 14:19:50.511 10 INFO neutron.wsgi [req-831de5fa-13af-404d-ae6d-469589d14c1f req-dc8185d3-ccdc-48a6-a765-e87b2f6d651e 98a6fadb8ea840298e4973fcccd1d622 8c40a5055bf74eeb9613dee1aba3e8fe - - a68933338202467fafdc0089282cadca a68933338202467fafdc0089282cadca] 199.19.213.152 "PUT /v2.0/ports/b3196640-b996-4d5e-8ead-09bc848b9bc0 HTTP/1.1" status: 200 len: 1376 time: 2.5125368
2026-07-09 14:19:50.537 10 INFO neutron.wsgi [req-0c168808-5c8c-4b54-83d6-49afe5bd7b80 req-7a96cb32-1356-4539-bd1e-1f90d8c81cad 98a6fadb8ea840298e4973fcccd1d622 8c40a5055bf74eeb9613dee1aba3e8fe - - a68933338202467fafdc0089282cadca a68933338202467fafdc0089282cadca] 199.19.213.152 "PUT /v2.0/ports/65acfe97-8809-4dd9-bf39-fc6084a18658 HTTP/1.1" status: 200 len: 1380 time: 2.5370629
2026-07-09 14:19:50.557 9 INFO neutron.services.segments.plugin [-] Segment b33eab2c-40ef-4982-bb07-e517278e3793 resource provider aggregate not found
2026-07-09 14:19:50.581 9 INFO neutron.services.segments.plugin [-] Segment b33eab2c-40ef-4982-bb07-e517278e3793 resource provider aggregate not found
2026-07-09 14:19:50.588 9 INFO neutron.services.segments.plugin [-] Segment b33eab2c-40ef-4982-bb07-e517278e3793 resource provider not found; error: Placement Client Error (4xx): {"errors": [{"status": 404, "title": "Not Found", "detail": "The resource could not be found.\n\n No resource provider with uuid b33eab2c-40ef-4982-bb07-e517278e3793 found for delete ", "request_id": "req-cd1aa331-5e3d-4076-824a-4ae2dc3112b3"}]}
2026-07-09 14:19:50.599 9 INFO neutron.services.segments.plugin [-] Segment b33eab2c-40ef-4982-bb07-e517278e3793 resource provider not found; error: Placement Client Error (4xx): {"errors": [{"status": 404, "title": "Not Found", "detail": "The resource could not be found.\n\n No resource provider with uuid b33eab2c-40ef-4982-bb07-e517278e3793 found for delete ", "request_id": "req-fd42a49b-04d2-49f8-9c6f-89d625e21e3d"}]}
2026-07-09 14:19:50.662 10 WARNING neutron.plugins.ml2.drivers.ovn.mech_driver.ovsdb.ovn_client [None req-b7f09dd7-66e4-4e23-b4b0-b3d8561965c0 - - - - - -] No hosting information found for port 6d176c88-d3bf-4f3d-a01c-1154dbf21251: RuntimeError: No hosting information found for port 6d176c88-d3bf-4f3d-a01c-1154dbf21251
2026-07-09 14:19:50.662 10 INFO neutron.plugins.ml2.drivers.ovn.mech_driver.mech_driver [None req-b7f09dd7-66e4-4e23-b4b0-b3d8561965c0 - - - - - -] OVN reports status up for port: 897db3ef-10a0-4d0a-8e5d-b5a0b685d6ec
2026-07-09 14:19:50.677 9 INFO neutron.wsgi [-] 10.0.0.140 "GET / HTTP/1.1" status: 200 len: 246 time: 0.0019643
2026-07-09 14:19:50.679 9 INFO neutron.wsgi [-] 10.0.0.140 "GET / HTTP/1.1" status: 200 len: 246 time: 0.0012774
2026-07-09 14:19:50.686 9 INFO neutron.wsgi [req-800a91fb-60ee-4e9e-9df6-d035482bff78 req-92c59d8b-672c-45e4-ad77-311d7cf613ea 67f0f218dc564723b6f192c5495e4ea4 eb7cae995595471da481588e033b31f3 - - default default] 10.0.0.146 "GET /v2.0/ports?device_id=e84adca4-99b2-4388-8a06-2b631a37afc4 HTTP/1.1" status: 200 len: 1168 time: 0.0499873
2026-07-09 14:19:50.697 10 INFO neutron.wsgi [req-831de5fa-13af-404d-ae6d-469589d14c1f req-9cc12795-219b-4680-9eec-ef6ab3c5e2b4 98a6fadb8ea840298e4973fcccd1d622 8c40a5055bf74eeb9613dee1aba3e8fe - - a68933338202467fafdc0089282cadca a68933338202467fafdc0089282cadca] 199.19.213.152 "GET /v2.0/ports?tenant_id=eb7cae995595471da481588e033b31f3&device_id=e84adca4-99b2-4388-8a06-2b631a37afc4 HTTP/1.1" status: 200 len: 1407 time: 0.1384220
2026-07-09 14:19:50.707 10 INFO neutron.plugins.ml2.plugin [None req-b7f09dd7-66e4-4e23-b4b0-b3d8561965c0 - - - - - -] Attempt 1 to provision port 897db3ef-10a0-4d0a-8e5d-b5a0b685d6ec
2026-07-09 14:19:50.715 10 INFO neutron.wsgi [req-0c168808-5c8c-4b54-83d6-49afe5bd7b80 req-672f4c09-552c-4879-ad56-7c3d591eb26b 98a6fadb8ea840298e4973fcccd1d622 8c40a5055bf74eeb9613dee1aba3e8fe - - a68933338202467fafdc0089282cadca a68933338202467fafdc0089282cadca] 199.19.213.152 "GET /v2.0/ports?tenant_id=b364f3eb8b744c109461abe7b4320c9b&device_id=4a5f6287-b569-4fa0-9a0b-77c5a09e35a1 HTTP/1.1" status: 200 len: 1411 time: 0.1183565
2026-07-09 14:19:50.750 9 INFO neutron.wsgi [req-800a91fb-60ee-4e9e-9df6-d035482bff78 req-f3f5ae30-e626-43f7-a6f8-b115ae1fb0ae 67f0f218dc564723b6f192c5495e4ea4 eb7cae995595471da481588e033b31f3 - - default default] 10.0.0.146 "GET /v2.0/security-groups?id=22a744cf-89d1-4172-97d3-a29415506c76&fields=id&fields=name HTTP/1.1" status: 200 len: 313 time: 0.0543921
2026-07-09 14:19:50.765 10 INFO neutron.wsgi [req-831de5fa-13af-404d-ae6d-469589d14c1f req-18d7e5cf-8abd-4ca3-a0d9-113aba30f667 98a6fadb8ea840298e4973fcccd1d622 8c40a5055bf74eeb9613dee1aba3e8fe - - a68933338202467fafdc0089282cadca a68933338202467fafdc0089282cadca] 199.19.213.152 "GET /v2.0/floatingips?fixed_ip_address=10.100.0.9&port_id=b3196640-b996-4d5e-8ead-09bc848b9bc0 HTTP/1.1" status: 200 len: 217 time: 0.0607417
2026-07-09 14:19:50.799 10 INFO neutron.wsgi [req-0c168808-5c8c-4b54-83d6-49afe5bd7b80 req-1c0ad6b4-8d11-4ab5-81ff-0416933b9a90 98a6fadb8ea840298e4973fcccd1d622 8c40a5055bf74eeb9613dee1aba3e8fe - - a68933338202467fafdc0089282cadca a68933338202467fafdc0089282cadca] 199.19.213.152 "GET /v2.0/floatingips?fixed_ip_address=10.100.0.13&port_id=65acfe97-8809-4dd9-bf39-fc6084a18658 HTTP/1.1" status: 200 len: 217 time: 0.0678556
2026-07-09 14:19:50.878 10 INFO neutron.wsgi [req-831de5fa-13af-404d-ae6d-469589d14c1f req-f09d48b8-dcff-4838-bd4b-9e7928801cb1 98a6fadb8ea840298e4973fcccd1d622 8c40a5055bf74eeb9613dee1aba3e8fe - - a68933338202467fafdc0089282cadca a68933338202467fafdc0089282cadca] 199.19.213.152 "GET /v2.0/subnets?id=3d87abb1-9d23-4131-8fd0-746313ca79ba HTTP/1.1" status: 200 len: 869 time: 0.0949175
2026-07-09 14:19:50.884 10 INFO neutron.wsgi [req-0c168808-5c8c-4b54-83d6-49afe5bd7b80 req-de610d3a-9a2e-4c00-8073-d2e44607be44 98a6fadb8ea840298e4973fcccd1d622 8c40a5055bf74eeb9613dee1aba3e8fe - - a68933338202467fafdc0089282cadca a68933338202467fafdc0089282cadca] 199.19.213.152 "GET /v2.0/subnets?id=94734a4c-d226-460b-a9f2-7a36b3d1a086 HTTP/1.1" status: 200 len: 877 time: 0.0783894
2026-07-09 14:19:50.933 10 INFO neutron.wsgi [req-831de5fa-13af-404d-ae6d-469589d14c1f req-75278341-a1b5-4c55-b877-3e1d4ed08e75 98a6fadb8ea840298e4973fcccd1d622 8c40a5055bf74eeb9613dee1aba3e8fe - - a68933338202467fafdc0089282cadca a68933338202467fafdc0089282cadca] 199.19.213.152 "GET /v2.0/ports?network_id=38661208-a516-48e4-9944-df6c89320a1d&device_owner=network%3Adhcp HTTP/1.1" status: 200 len: 210 time: 0.0486343
2026-07-09 14:19:50.940 10 INFO neutron.wsgi [req-0c168808-5c8c-4b54-83d6-49afe5bd7b80 req-917a805f-a89c-4964-99e1-00f31d6e6108 98a6fadb8ea840298e4973fcccd1d622 8c40a5055bf74eeb9613dee1aba3e8fe - - a68933338202467fafdc0089282cadca a68933338202467fafdc0089282cadca] 199.19.213.152 "GET /v2.0/ports?network_id=7fcfa582-ab6d-43b0-a8d5-fbfba3361f34&device_owner=network%3Adhcp HTTP/1.1" status: 200 len: 210 time: 0.0516503
2026-07-09 14:19:51.282 10 INFO neutron.wsgi [req-0c168808-5c8c-4b54-83d6-49afe5bd7b80 req-a8b8768c-0f53-46b6-b995-63bdd466fa2e 98a6fadb8ea840298e4973fcccd1d622 8c40a5055bf74eeb9613dee1aba3e8fe - - a68933338202467fafdc0089282cadca a68933338202467fafdc0089282cadca] 199.19.213.152 "GET /v2.0/networks/7fcfa582-ab6d-43b0-a8d5-fbfba3361f34?fields=segments HTTP/1.1" status: 200 len: 212 time: 0.1445296
2026-07-09 14:19:51.289 10 INFO neutron.notifiers.nova [-] Nova event matching ['req-4d3579aa-b491-4c3a-acba-e7fcf8ebe4ea'] response: {'name': 'network-changed', 'server_uuid': 'e84adca4-99b2-4388-8a06-2b631a37afc4', 'tag': 'b3196640-b996-4d5e-8ead-09bc848b9bc0', 'status': 'completed', 'code': 200}
2026-07-09 14:19:51.293 10 INFO neutron.wsgi [req-831de5fa-13af-404d-ae6d-469589d14c1f req-33c2552a-3d86-4ede-9592-d790859a22a6 98a6fadb8ea840298e4973fcccd1d622 8c40a5055bf74eeb9613dee1aba3e8fe - - a68933338202467fafdc0089282cadca a68933338202467fafdc0089282cadca] 199.19.213.152 "GET /v2.0/networks/38661208-a516-48e4-9944-df6c89320a1d?fields=segments HTTP/1.1" status: 200 len: 212 time: 0.1539752
2026-07-09 14:19:51.466 10 INFO neutron.wsgi [req-831de5fa-13af-404d-ae6d-469589d14c1f req-5b100936-634f-4173-8550-eb385c5a7025 98a6fadb8ea840298e4973fcccd1d622 8c40a5055bf74eeb9613dee1aba3e8fe - - a68933338202467fafdc0089282cadca a68933338202467fafdc0089282cadca] 199.19.213.152 "GET /v2.0/networks/38661208-a516-48e4-9944-df6c89320a1d?fields=provider%3Aphysical_network&fields=provider%3Anetwork_type HTTP/1.1" status: 200 len: 277 time: 0.1586285
2026-07-09 14:19:51.476 10 INFO neutron.wsgi [req-0c168808-5c8c-4b54-83d6-49afe5bd7b80 req-f6179fd2-cd2c-4439-8a9b-9fc780f82aba 98a6fadb8ea840298e4973fcccd1d622 8c40a5055bf74eeb9613dee1aba3e8fe - - a68933338202467fafdc0089282cadca a68933338202467fafdc0089282cadca] 199.19.213.152 "GET /v2.0/networks/7fcfa582-ab6d-43b0-a8d5-fbfba3361f34?fields=provider%3Aphysical_network&fields=provider%3Anetwork_type HTTP/1.1" status: 200 len: 277 time: 0.1823094
2026-07-09 14:19:51.566 10 INFO neutron.wsgi [req-42c9dcae-22fb-49d6-bbd4-e1101b09f833 req-aa136424-8812-4ca9-881b-222be3c62129 98a6fadb8ea840298e4973fcccd1d622 8c40a5055bf74eeb9613dee1aba3e8fe - - a68933338202467fafdc0089282cadca a68933338202467fafdc0089282cadca] 199.19.213.152 "GET /v2.0/ports?tenant_id=eb7cae995595471da481588e033b31f3&device_id=e84adca4-99b2-4388-8a06-2b631a37afc4 HTTP/1.1" status: 200 len: 1407 time: 0.0561397
2026-07-09 14:19:51.607 9 INFO neutron.wsgi [req-81f1115d-9cca-4d09-8f74-2fb7956d2281 req-2c74e4fc-4cbe-406f-9038-7cf85758aee2 e60a31ac54f842ff82f690575acd9701 b364f3eb8b744c109461abe7b4320c9b - - default default] 10.0.0.146 "GET /v2.0/ports?device_id=4a5f6287-b569-4fa0-9a0b-77c5a09e35a1 HTTP/1.1" status: 200 len: 1172 time: 0.0500767
2026-07-09 14:19:51.668 9 INFO neutron.wsgi [req-81f1115d-9cca-4d09-8f74-2fb7956d2281 req-9b8b44c8-fc95-4b43-b95b-994787951f1d e60a31ac54f842ff82f690575acd9701 b364f3eb8b744c109461abe7b4320c9b - - default default] 10.0.0.146 "GET /v2.0/security-groups?id=77e4ae89-23ea-47e7-b399-dcff82f325e0&fields=id&fields=name HTTP/1.1" status: 200 len: 313 time: 0.0513623 /var/lib/openstack/lib/python3.10/site-packages/pycadf/identifier.py:71: UserWarning: Invalid uuid: neutron. To ensure interoperability, identifiers should be a valid uuid. warnings.warn(('Invalid uuid: %s. To ensure interoperability, '
2026-07-09 14:19:51.734 10 INFO neutron.wsgi [None req-7257ac31-e26a-4694-848e-ccd1f1b11eff 81a77bffd09941559906dcca23982b01 382ca9eb4d6543128ddae8b65532b70b - - default default] 10.0.0.38 "PUT /v2.0/routers/caf4ea91-983a-4e7f-8d2b-06f44f0ee6c0/remove_router_interface HTTP/1.1" status: 200 len: 503 time: 4.0170214
2026-07-09 14:19:51.802 10 INFO neutron.wsgi [req-42c9dcae-22fb-49d6-bbd4-e1101b09f833 req-3a4814b4-7247-4a7e-9ea3-f285d761a193 98a6fadb8ea840298e4973fcccd1d622 8c40a5055bf74eeb9613dee1aba3e8fe - - a68933338202467fafdc0089282cadca a68933338202467fafdc0089282cadca] 199.19.213.152 "GET /v2.0/networks?id=38661208-a516-48e4-9944-df6c89320a1d HTTP/1.1" status: 200 len: 974 time: 0.1282823
2026-07-09 14:19:51.850 10 INFO neutron.wsgi [req-42c9dcae-22fb-49d6-bbd4-e1101b09f833 req-0afd7ce9-542c-441f-abb3-34d34d14bd2f 98a6fadb8ea840298e4973fcccd1d622 8c40a5055bf74eeb9613dee1aba3e8fe - - a68933338202467fafdc0089282cadca a68933338202467fafdc0089282cadca] 199.19.213.152 "GET /v2.0/floatingips?fixed_ip_address=10.100.0.9&port_id=b3196640-b996-4d5e-8ead-09bc848b9bc0 HTTP/1.1" status: 200 len: 217 time: 0.0397029
2026-07-09 14:19:51.919 10 INFO neutron.wsgi [req-42c9dcae-22fb-49d6-bbd4-e1101b09f833 req-f00bef2d-379e-4d54-b7f7-ec7046635d20 98a6fadb8ea840298e4973fcccd1d622 8c40a5055bf74eeb9613dee1aba3e8fe - - a68933338202467fafdc0089282cadca a68933338202467fafdc0089282cadca] 199.19.213.152 "GET /v2.0/subnets?id=3d87abb1-9d23-4131-8fd0-746313ca79ba HTTP/1.1" status: 200 len: 869 time: 0.0588689
2026-07-09 14:19:51.947 10 INFO neutron.db.ovn_revision_numbers_db [None req-b7f09dd7-66e4-4e23-b4b0-b3d8561965c0 - - - - - -] Successfully bumped revision number for resource 897db3ef-10a0-4d0a-8e5d-b5a0b685d6ec (type: ports) to 2
2026-07-09 14:19:51.960 10 INFO neutron.wsgi [req-42c9dcae-22fb-49d6-bbd4-e1101b09f833 req-f8b1a37b-b185-48d0-bfdf-7f24b88892ac 98a6fadb8ea840298e4973fcccd1d622 8c40a5055bf74eeb9613dee1aba3e8fe - - a68933338202467fafdc0089282cadca a68933338202467fafdc0089282cadca] 199.19.213.152 "GET /v2.0/ports?network_id=38661208-a516-48e4-9944-df6c89320a1d&device_owner=network%3Adhcp HTTP/1.1" status: 200 len: 210 time: 0.0286808
2026-07-09 14:19:52.059 10 INFO neutron.wsgi [req-7473d42e-080c-4d7c-b360-7ac2ac94b4e6 req-221b49e4-dc66-4a1f-9e19-7092f28dc115 67f0f218dc564723b6f192c5495e4ea4 eb7cae995595471da481588e033b31f3 - - default default] 10.0.0.146 "GET /v2.0/ports?device_id=e84adca4-99b2-4388-8a06-2b631a37afc4 HTTP/1.1" status: 200 len: 1168 time: 0.2165477
2026-07-09 14:19:52.147 10 INFO neutron.wsgi [req-42c9dcae-22fb-49d6-bbd4-e1101b09f833 req-a8076953-4772-40b1-bb8d-22c6c5d41a65 98a6fadb8ea840298e4973fcccd1d622 8c40a5055bf74eeb9613dee1aba3e8fe - - a68933338202467fafdc0089282cadca a68933338202467fafdc0089282cadca] 199.19.213.152 "GET /v2.0/networks/38661208-a516-48e4-9944-df6c89320a1d?fields=segments HTTP/1.1" status: 200 len: 212 time: 0.1774325
2026-07-09 14:19:52.187 10 INFO neutron.wsgi [req-7473d42e-080c-4d7c-b360-7ac2ac94b4e6 req-50784bfe-9302-4cb4-b601-fc0dabd4c865 67f0f218dc564723b6f192c5495e4ea4 eb7cae995595471da481588e033b31f3 - - default default] 10.0.0.146 "GET /v2.0/security-groups?id=22a744cf-89d1-4172-97d3-a29415506c76&fields=id&fields=name HTTP/1.1" status: 200 len: 313 time: 0.0994976
2026-07-09 14:19:52.263 10 INFO neutron.wsgi [req-42c9dcae-22fb-49d6-bbd4-e1101b09f833 req-9d602b14-9967-4e2d-85d1-45119b6fe8a0 98a6fadb8ea840298e4973fcccd1d622 8c40a5055bf74eeb9613dee1aba3e8fe - - a68933338202467fafdc0089282cadca a68933338202467fafdc0089282cadca] 199.19.213.152 "GET /v2.0/networks/38661208-a516-48e4-9944-df6c89320a1d?fields=provider%3Aphysical_network&fields=provider%3Anetwork_type HTTP/1.1" status: 200 len: 277 time: 0.1087232
2026-07-09 14:19:52.275 10 INFO neutron.db.ovn_revision_numbers_db [None req-b7f09dd7-66e4-4e23-b4b0-b3d8561965c0 - - - - - -] Successfully bumped revision number for resource 897db3ef-10a0-4d0a-8e5d-b5a0b685d6ec (type: router_ports) to 2
2026-07-09 14:19:52.839 9 INFO neutron.wsgi [None req-765a5d4d-2953-426f-a846-53bb3423c610 81a77bffd09941559906dcca23982b01 382ca9eb4d6543128ddae8b65532b70b - - default default] 10.0.0.38 "DELETE /v2.0/routers/caf4ea91-983a-4e7f-8d2b-06f44f0ee6c0 HTTP/1.1" status: 204 len: 168 time: 1.0981801
2026-07-09 14:19:52.873 9 INFO neutron.wsgi [req-7920e610-92aa-4624-978f-21ca73f9de03 req-a63ed592-15c1-4ff3-86dd-8f1cdd17a0e7 e60a31ac54f842ff82f690575acd9701 b364f3eb8b744c109461abe7b4320c9b - - default default] 10.0.0.146 "GET /v2.0/ports?device_id=4a5f6287-b569-4fa0-9a0b-77c5a09e35a1 HTTP/1.1" status: 200 len: 1172 time: 0.1230047
2026-07-09 14:19:52.914 9 INFO neutron.db.ovn_revision_numbers_db [None req-71999cb9-fbc0-4a54-9a86-c03a3b9ecdc1 81a77bffd09941559906dcca23982b01 382ca9eb4d6543128ddae8b65532b70b - - default default] Successfully bumped revision number for resource 521579f2-f438-4bd8-bd09-b5f65ff2d3d2 (type: security_groups) to 1
2026-07-09 14:19:52.934 9 INFO neutron.db.ovn_revision_numbers_db [None req-71999cb9-fbc0-4a54-9a86-c03a3b9ecdc1 81a77bffd09941559906dcca23982b01 382ca9eb4d6543128ddae8b65532b70b - - default default] Successfully bumped revision number for resource 61950cb4-3337-4616-a376-054c77236b30 (type: security_group_rules) to 0
