2026-07-09 14:21:34.011 10 INFO neutron.pecan_wsgi.hooks.translation [None req-a8956491-64f5-4d58-9910-7228750bed0c 118fe94e039f43989335f6ff50ea6975 5165fe61b8a74e7bbd00d671464bc84c - - default default] DELETE failed (client error): The resource could not be found.
2026-07-09 14:21:34.014 10 INFO neutron.wsgi [None req-a8956491-64f5-4d58-9910-7228750bed0c 118fe94e039f43989335f6ff50ea6975 5165fe61b8a74e7bbd00d671464bc84c - - default default] 10.0.0.38 "DELETE /v2.0/subnets/4788218a-a538-4d3d-82fe-f549353eac1b HTTP/1.1" status: 404 len: 337 time: 0.0296416
2026-07-09 14:21:34.413 9 INFO neutron.wsgi [None req-fa08e482-86a9-42ea-908d-2be4b18747ef bebcc76e73ca4ee4aab984f96296f78d 084e543dc956484c94b61193c88c16fb - - default default] 10.0.0.38 "DELETE /v2.0/networks/d7416067-6a3b-4f4a-acc5-96208edb1214 HTTP/1.1" status: 204 len: 168 time: 1.0261798 /var/lib/openstack/lib/python3.10/site-packages/pycadf/identifier.py:71: UserWarning: Invalid uuid: neutron. To ensure interoperability, identifiers should be a valid uuid. warnings.warn(('Invalid uuid: %s. To ensure interoperability, '
2026-07-09 14:21:34.443 9 INFO neutron.pecan_wsgi.hooks.translation [None req-8e8500e0-f51f-463a-8d93-155595ee2b66 bebcc76e73ca4ee4aab984f96296f78d 084e543dc956484c94b61193c88c16fb - - default default] DELETE failed (client error): The resource could not be found.
2026-07-09 14:21:34.445 9 INFO neutron.wsgi [None req-8e8500e0-f51f-463a-8d93-155595ee2b66 bebcc76e73ca4ee4aab984f96296f78d 084e543dc956484c94b61193c88c16fb - - default default] 10.0.0.38 "DELETE /v2.0/networks/d7416067-6a3b-4f4a-acc5-96208edb1214 HTTP/1.1" status: 404 len: 339 time: 0.0178754
2026-07-09 14:21:34.512 10 INFO neutron.db.ovn_revision_numbers_db [None req-dec079e8-a78e-4788-9efe-ffefc452f219 - - - - - -] Successfully bumped revision number for resource 432ec311-5f85-4822-b255-a54f17453b70 (type: ports) to 2
2026-07-09 14:21:34.553 9 WARNING neutron.scheduler.dhcp_agent_scheduler [None req-006ba9af-aa74-4784-812e-236d2b73be36 2c4504c01e6d4e61b43865bbca436c9d d1677d179a144a0db5397e33bb1d2d6b - - default default] No more DHCP agents
2026-07-09 14:21:34.555 9 WARNING neutron.api.rpc.agentnotifiers.dhcp_rpc_agent_api [None req-006ba9af-aa74-4784-812e-236d2b73be36 2c4504c01e6d4e61b43865bbca436c9d d1677d179a144a0db5397e33bb1d2d6b - - default default] Unable to schedule network 6a6d04d8-8165-42ae-b67e-15fe8706a0c9: no agents available; will retry on subsequent port and subnet creation events.
2026-07-09 14:21:34.557 9 INFO neutron.services.segments.plugin [-] Segment 50a87992-6261-4deb-a5dd-376b55cdf668 resource provider aggregate not found
2026-07-09 14:21:34.563 9 INFO neutron.services.segments.plugin [-] Segment 50a87992-6261-4deb-a5dd-376b55cdf668 resource provider aggregate not found
2026-07-09 14:21:34.574 9 INFO neutron.services.segments.plugin [-] Segment 50a87992-6261-4deb-a5dd-376b55cdf668 resource provider not found; error: Placement Client Error (4xx): {"errors": [{"status": 404, "title": "Not Found", "detail": "The resource could not be found.\n\n No resource provider with uuid 50a87992-6261-4deb-a5dd-376b55cdf668 found for delete ", "request_id": "req-782d88df-8d89-4055-b181-647ab3c20d71"}]}
2026-07-09 14:21:34.580 10 INFO neutron.wsgi [None req-17fb7840-9daf-4f83-b66a-9c976fc7e6d3 bebcc76e73ca4ee4aab984f96296f78d 084e543dc956484c94b61193c88c16fb - - default default] 10.0.0.38 "GET /v2.0/networks?router%3Aexternal=True HTTP/1.1" status: 200 len: 845 time: 0.1261618
2026-07-09 14:21:34.582 10 ERROR ovsdbapp.backend.ovs_idl.command [None req-62cc6b81-5a19-479e-9cd1-edb7f48c58fb 81a77bffd09941559906dcca23982b01 382ca9eb4d6543128ddae8b65532b70b - - default default] Error executing command (DbGetCommand): ovsdbapp.backend.ovs_idl.idlutils.RowNotFound: Cannot find Logical_Router_Port with name=lrp-6fa82501-f584-4dc5-b6ee-d098c2934813
2026-07-09 14:21:34.582 10 ERROR ovsdbapp.backend.ovs_idl.command
Traceback (most recent call last):
2026-07-09 14:21:34.582 10 ERROR ovsdbapp.backend.ovs_idl.command
File "/var/lib/openstack/lib/python3.10/site-packages/ovsdbapp/backend/ovs_idl/command.py", line 47, in execute
2026-07-09 14:21:34.582 10 ERROR ovsdbapp.backend.ovs_idl.command self.run_idl(None)
2026-07-09 14:21:34.582 10 ERROR ovsdbapp.backend.ovs_idl.command
File "/var/lib/openstack/lib/python3.10/site-packages/ovsdbapp/backend/ovs_idl/command.py", line 235, in run_idl
2026-07-09 14:21:34.582 10 ERROR ovsdbapp.backend.ovs_idl.command record = self.api.lookup(self.table, self.record)
2026-07-09 14:21:34.582 10 ERROR ovsdbapp.backend.ovs_idl.command
File "/var/lib/openstack/lib/python3.10/site-packages/ovsdbapp/backend/ovs_idl/__init__.py", line 184, in lookup
2026-07-09 14:21:34.582 10 ERROR ovsdbapp.backend.ovs_idl.command return self._lookup(table, record)
2026-07-09 14:21:34.582 10 ERROR ovsdbapp.backend.ovs_idl.command
File "/var/lib/openstack/lib/python3.10/site-packages/ovsdbapp/backend/ovs_idl/__init__.py", line 235, in _lookup
2026-07-09 14:21:34.582 10 ERROR ovsdbapp.backend.ovs_idl.command row = idlutils.row_by_value(self, rl.table, rl.column, record)
2026-07-09 14:21:34.582 10 ERROR ovsdbapp.backend.ovs_idl.command
File "/var/lib/openstack/lib/python3.10/site-packages/ovsdbapp/backend/ovs_idl/idlutils.py", line 114, in row_by_value
2026-07-09 14:21:34.582 10 ERROR ovsdbapp.backend.ovs_idl.command raise RowNotFound(table=table, col=column, match=match)
2026-07-09 14:21:34.582 10 ERROR ovsdbapp.backend.ovs_idl.command ovsdbapp.backend.ovs_idl.idlutils.RowNotFound: Cannot find Logical_Router_Port with name=lrp-6fa82501-f584-4dc5-b6ee-d098c2934813
2026-07-09 14:21:34.582 10 ERROR ovsdbapp.backend.ovs_idl.command 
2026-07-09 14:21:34.582 10 ERROR neutron_lib.callbacks.manager [None req-62cc6b81-5a19-479e-9cd1-edb7f48c58fb 81a77bffd09941559906dcca23982b01 382ca9eb4d6543128ddae8b65532b70b - - default default] Error during notification for neutron.services.ovn_l3.plugin.OVNL3RouterPlugin._port_update-8737824364253 port, after_update: ovsdbapp.backend.ovs_idl.idlutils.RowNotFound: Cannot find Logical_Router_Port with name=lrp-6fa82501-f584-4dc5-b6ee-d098c2934813
2026-07-09 14:21:34.582 10 ERROR neutron_lib.callbacks.manager
Traceback (most recent call last):
2026-07-09 14:21:34.582 10 ERROR neutron_lib.callbacks.manager
File "/var/lib/openstack/lib/python3.10/site-packages/neutron_lib/callbacks/manager.py", line 189, in _notify_loop
2026-07-09 14:21:34.582 10 ERROR neutron_lib.callbacks.manager callback.method(resource, event, trigger, payload=payload)
2026-07-09 14:21:34.582 10 ERROR neutron_lib.callbacks.manager
File "/var/lib/openstack/lib/python3.10/site-packages/neutron/services/ovn_l3/plugin.py", line 391, in _port_update
2026-07-09 14:21:34.582 10 ERROR neutron_lib.callbacks.manager l3plugin._ovn_client.update_router_port(context,
2026-07-09 14:21:34.582 10 ERROR neutron_lib.callbacks.manager
File "/var/lib/openstack/lib/python3.10/site-packages/neutron/plugins/ml2/drivers/ovn/mech_driver/ovsdb/ovn_client.py", line 1878, in update_router_port
2026-07-09 14:21:34.582 10 ERROR neutron_lib.callbacks.manager self._update_lrouter_port(context, port, if_exists=if_exists,
2026-07-09 14:21:34.582 10 ERROR neutron_lib.callbacks.manager
File "/var/lib/openstack/lib/python3.10/site-packages/neutron/plugins/ml2/drivers/ovn/mech_driver/ovsdb/ovn_client.py", line 1855, in _update_lrouter_port
2026-07-09 14:21:34.582 10 ERROR neutron_lib.callbacks.manager external_ids = self._nb_idl.db_get(
2026-07-09 14:21:34.582 10 ERROR neutron_lib.callbacks.manager
File "/var/lib/openstack/lib/python3.10/site-packages/ovsdbapp/backend/ovs_idl/command.py", line 47, in execute
2026-07-09 14:21:34.582 10 ERROR neutron_lib.callbacks.manager self.run_idl(None)
2026-07-09 14:21:34.582 10 ERROR neutron_lib.callbacks.manager
File "/var/lib/openstack/lib/python3.10/site-packages/ovsdbapp/backend/ovs_idl/command.py", line 235, in run_idl
2026-07-09 14:21:34.582 10 ERROR neutron_lib.callbacks.manager record = self.api.lookup(self.table, self.record)
2026-07-09 14:21:34.582 10 ERROR neutron_lib.callbacks.manager
File "/var/lib/openstack/lib/python3.10/site-packages/ovsdbapp/backend/ovs_idl/__init__.py", line 184, in lookup
2026-07-09 14:21:34.582 10 ERROR neutron_lib.callbacks.manager return self._lookup(table, record)
2026-07-09 14:21:34.582 10 ERROR neutron_lib.callbacks.manager
File "/var/lib/openstack/lib/python3.10/site-packages/ovsdbapp/backend/ovs_idl/__init__.py", line 235, in _lookup
2026-07-09 14:21:34.582 10 ERROR neutron_lib.callbacks.manager row = idlutils.row_by_value(self, rl.table, rl.column, record)
2026-07-09 14:21:34.582 10 ERROR neutron_lib.callbacks.manager
File "/var/lib/openstack/lib/python3.10/site-packages/ovsdbapp/backend/ovs_idl/idlutils.py", line 114, in row_by_value
2026-07-09 14:21:34.582 10 ERROR neutron_lib.callbacks.manager raise RowNotFound(table=table, col=column, match=match)
2026-07-09 14:21:34.582 10 ERROR neutron_lib.callbacks.manager ovsdbapp.backend.ovs_idl.idlutils.RowNotFound: Cannot find Logical_Router_Port with name=lrp-6fa82501-f584-4dc5-b6ee-d098c2934813
2026-07-09 14:21:34.582 10 ERROR neutron_lib.callbacks.manager 
2026-07-09 14:21:34.584 9 INFO neutron.services.segments.plugin [-] Segment 50a87992-6261-4deb-a5dd-376b55cdf668 resource provider not found; error: Placement Client Error (4xx): {"errors": [{"status": 404, "title": "Not Found", "detail": "The resource could not be found.\n\n No resource provider with uuid 50a87992-6261-4deb-a5dd-376b55cdf668 found for delete ", "request_id": "req-cdd2451a-7ca3-4268-a478-e137d0a54263"}]}
2026-07-09 14:21:34.677 9 INFO neutron.db.ovn_revision_numbers_db [None req-006ba9af-aa74-4784-812e-236d2b73be36 2c4504c01e6d4e61b43865bbca436c9d d1677d179a144a0db5397e33bb1d2d6b - - default default] Successfully bumped revision number for resource 01376df7-f9b3-474d-a344-34c5a86ad19a (type: ports) to 1
2026-07-09 14:21:34.705 9 WARNING neutron.scheduler.dhcp_agent_scheduler [None req-006ba9af-aa74-4784-812e-236d2b73be36 2c4504c01e6d4e61b43865bbca436c9d d1677d179a144a0db5397e33bb1d2d6b - - default default] No more DHCP agents
2026-07-09 14:21:34.710 9 WARNING neutron.api.rpc.agentnotifiers.dhcp_rpc_agent_api [None req-006ba9af-aa74-4784-812e-236d2b73be36 2c4504c01e6d4e61b43865bbca436c9d d1677d179a144a0db5397e33bb1d2d6b - - default default] Unable to schedule network 31218c0c-8e34-445e-b447-f4513f3fd936: no agents available; will retry on subsequent port and subnet creation events.
2026-07-09 14:21:34.804 9 INFO neutron.db.ovn_revision_numbers_db [None req-006ba9af-aa74-4784-812e-236d2b73be36 2c4504c01e6d4e61b43865bbca436c9d d1677d179a144a0db5397e33bb1d2d6b - - default default] Successfully bumped revision number for resource 3aecf71b-9125-46de-98e6-dc03ce433d92 (type: ports) to 1
2026-07-09 14:21:34.845 9 INFO neutron.wsgi [None req-006ba9af-aa74-4784-812e-236d2b73be36 2c4504c01e6d4e61b43865bbca436c9d d1677d179a144a0db5397e33bb1d2d6b - - default default] 10.0.0.38 "POST /v2.0/ports HTTP/1.1" status: 201 len: 1705 time: 1.0123839 /var/lib/openstack/lib/python3.10/site-packages/pycadf/identifier.py:71: UserWarning: Invalid uuid: neutron. To ensure interoperability, identifiers should be a valid uuid. warnings.warn(('Invalid uuid: %s. To ensure interoperability, '
2026-07-09 14:21:34.965 10 INFO neutron.wsgi [None req-132eae78-5088-434a-93d9-efa61d139952 bebcc76e73ca4ee4aab984f96296f78d 084e543dc956484c94b61193c88c16fb - - default default] 10.0.0.38 "GET /v2.0/subnets?network_id=0b6c78b0-88d5-4e8d-a294-73ace6d91848 HTTP/1.1" status: 200 len: 820 time: 0.3790934
2026-07-09 14:21:34.979 10 INFO neutron.wsgi [None req-1ffa4e98-885a-4744-907d-571a61de6a5b bebcc76e73ca4ee4aab984f96296f78d 084e543dc956484c94b61193c88c16fb - - default default] 10.0.0.38 "GET /v2.0/extensions HTTP/1.1" status: 200 len: 18678 time: 0.0059931
2026-07-09 14:21:34.983 10 INFO neutron.plugins.ml2.drivers.ovn.mech_driver.mech_driver [None req-b7f09dd7-66e4-4e23-b4b0-b3d8561965c0 - - - - - -] OVN reports status down for port: 2c058532-47a4-4828-8dd7-93c3b261bb9d
2026-07-09 14:21:35.016 10 INFO neutron.wsgi [None req-1f42954e-2546-48b3-94ee-37ae021b0d9b 118fe94e039f43989335f6ff50ea6975 5165fe61b8a74e7bbd00d671464bc84c - - default default] 10.0.0.38 "DELETE /v2.0/ports/38fdf628-2223-40e5-bea9-c9fbfa17fe8e HTTP/1.1" status: 204 len: 168 time: 0.9945755
2026-07-09 14:21:35.030 9 INFO neutron.wsgi [None req-5b458bc0-43a0-4e72-a71f-f0478928efcb 2c4504c01e6d4e61b43865bbca436c9d d1677d179a144a0db5397e33bb1d2d6b - - default default] 10.0.0.38 "GET /v2.0/ports HTTP/1.1" status: 200 len: 3212 time: 0.1796212
2026-07-09 14:21:35.128 9 INFO neutron.wsgi [None req-377ac86e-55f5-41e8-84eb-94954fee1e9a bebcc76e73ca4ee4aab984f96296f78d 084e543dc956484c94b61193c88c16fb - - default default] 10.0.0.38 "GET /v2.0/networks HTTP/1.1" status: 200 len: 1504 time: 0.1386273
2026-07-09 14:21:35.178 9 INFO neutron.wsgi [None req-bd352f18-4972-4284-8bdf-e0feaf2b5ee3 bebcc76e73ca4ee4aab984f96296f78d 084e543dc956484c94b61193c88c16fb - - default default] 10.0.0.38 "GET /v2.0/subnets HTTP/1.1" status: 200 len: 1428 time: 0.0423927
2026-07-09 14:21:35.262 9 INFO neutron.wsgi [None req-59178293-48ed-45d2-8dc2-b87442c5c49a bebcc76e73ca4ee4aab984f96296f78d 084e543dc956484c94b61193c88c16fb - - default default] 10.0.0.38 "GET /v2.0/networks/c8222f94-04d3-45d1-9a1f-64892211ca35 HTTP/1.1" status: 200 len: 863 time: 0.0762701
2026-07-09 14:21:35.307 9 INFO neutron.wsgi [None req-80397c5a-cefd-4b49-a533-956142340a98 bebcc76e73ca4ee4aab984f96296f78d 084e543dc956484c94b61193c88c16fb - - default default] 10.0.0.38 "GET /v2.0/subnets/7451af85-2ffb-4f11-afbd-29fe09fddf9b HTTP/1.1" status: 200 len: 811 time: 0.0391605
2026-07-09 14:21:35.333 9 INFO neutron.pecan_wsgi.hooks.translation [None req-c8d3efac-e82b-48ab-a859-b41b8c1cb28e bebcc76e73ca4ee4aab984f96296f78d 084e543dc956484c94b61193c88c16fb - - default default] DELETE failed (client error): The resource could not be found.
2026-07-09 14:21:35.335 9 INFO neutron.wsgi [None req-c8d3efac-e82b-48ab-a859-b41b8c1cb28e bebcc76e73ca4ee4aab984f96296f78d 084e543dc956484c94b61193c88c16fb - - default default] 10.0.0.38 "DELETE /v2.0/subnets/6af90f83-3984-4533-9cae-40d6f56ea9fb HTTP/1.1" status: 404 len: 337 time: 0.0186925
2026-07-09 14:21:35.354 9 INFO neutron.pecan_wsgi.hooks.translation [None req-1e8f4599-b1e9-424c-94cf-fbcb0bab1b20 bebcc76e73ca4ee4aab984f96296f78d 084e543dc956484c94b61193c88c16fb - - default default] DELETE failed (client error): The resource could not be found.
2026-07-09 14:21:35.357 9 INFO neutron.wsgi [None req-1e8f4599-b1e9-424c-94cf-fbcb0bab1b20 bebcc76e73ca4ee4aab984f96296f78d 084e543dc956484c94b61193c88c16fb - - default default] 10.0.0.38 "DELETE /v2.0/networks/d7416067-6a3b-4f4a-acc5-96208edb1214 HTTP/1.1" status: 404 len: 339 time: 0.0161369
2026-07-09 14:21:35.387 10 INFO neutron.plugins.ml2.drivers.ovn.mech_driver.mech_driver [None req-b7f09dd7-66e4-4e23-b4b0-b3d8561965c0 - - - - - -] OVN reports status up for port: 6fa82501-f584-4dc5-b6ee-d098c2934813
2026-07-09 14:21:35.431 10 INFO neutron.plugins.ml2.plugin [None req-b7f09dd7-66e4-4e23-b4b0-b3d8561965c0 - - - - - -] Attempt 1 to provision port 6fa82501-f584-4dc5-b6ee-d098c2934813
2026-07-09 14:21:35.474 10 INFO neutron.db.ovn_revision_numbers_db [None req-62cc6b81-5a19-479e-9cd1-edb7f48c58fb 81a77bffd09941559906dcca23982b01 382ca9eb4d6543128ddae8b65532b70b - - default default] Successfully bumped revision number for resource 6fa82501-f584-4dc5-b6ee-d098c2934813 (type: ports) to 1
2026-07-09 14:21:35.574 9 INFO neutron.wsgi [None req-d2852f42-0892-497f-9eed-73b78f1fdbea bebcc76e73ca4ee4aab984f96296f78d 084e543dc956484c94b61193c88c16fb - - default default] 10.0.0.38 "DELETE /v2.0/subnets/7451af85-2ffb-4f11-afbd-29fe09fddf9b HTTP/1.1" status: 204 len: 168 time: 0.2114279
2026-07-09 14:21:35.679 9 INFO neutron.wsgi [-] 10.0.0.140 "GET / HTTP/1.1" status: 200 len: 246 time: 0.0019000
2026-07-09 14:21:35.681 9 INFO neutron.wsgi [-] 10.0.0.140 "GET / HTTP/1.1" status: 200 len: 246 time: 0.0011821
2026-07-09 14:21:35.724 10 WARNING neutron.scheduler.dhcp_agent_scheduler [None req-62cc6b81-5a19-479e-9cd1-edb7f48c58fb 81a77bffd09941559906dcca23982b01 382ca9eb4d6543128ddae8b65532b70b - - default default] No more DHCP agents
2026-07-09 14:21:35.732 10 WARNING neutron.api.rpc.agentnotifiers.dhcp_rpc_agent_api [None req-62cc6b81-5a19-479e-9cd1-edb7f48c58fb 81a77bffd09941559906dcca23982b01 382ca9eb4d6543128ddae8b65532b70b - - default default] Unable to schedule network 0ad1ae99-a6df-4e51-bd65-456e11d2a0b7: no agents available; will retry on subsequent port and subnet creation events.
2026-07-09 14:21:35.855 10 INFO neutron.db.ovn_revision_numbers_db [None req-dec079e8-a78e-4788-9efe-ffefc452f219 - - - - - -] Successfully bumped revision number for resource 432ec311-5f85-4822-b255-a54f17453b70 (type: ports) to 4
2026-07-09 14:21:35.863 10 INFO neutron.wsgi [None req-d7ba069a-46ad-4b39-9aaa-542a96f14518 2c4504c01e6d4e61b43865bbca436c9d d1677d179a144a0db5397e33bb1d2d6b - - default default] 10.0.0.38 "DELETE /v2.0/ports/01376df7-f9b3-474d-a344-34c5a86ad19a HTTP/1.1" status: 204 len: 168 time: 0.8214993
2026-07-09 14:21:36.094 9 INFO neutron.wsgi [None req-db56b39b-71a5-4f6c-9917-dc8a2afc93a1 bebcc76e73ca4ee4aab984f96296f78d 084e543dc956484c94b61193c88c16fb - - default default] 10.0.0.38 "DELETE /v2.0/networks/c8222f94-04d3-45d1-9a1f-64892211ca35 HTTP/1.1" status: 204 len: 168 time: 0.5133634
2026-07-09 14:21:36.215 9 INFO neutron.wsgi [None req-30899025-04e5-4ef5-9e12-d6fcbf69930c 2c4504c01e6d4e61b43865bbca436c9d d1677d179a144a0db5397e33bb1d2d6b - - default default] 10.0.0.38 "DELETE /v2.0/ports/3aecf71b-9125-46de-98e6-dc03ce433d92 HTTP/1.1" status: 204 len: 168 time: 0.3459003
2026-07-09 14:21:36.264 9 INFO neutron.wsgi [None req-d07add4c-d201-48c0-b70d-16b491418b15 2c4504c01e6d4e61b43865bbca436c9d d1677d179a144a0db5397e33bb1d2d6b - - default default] 10.0.0.38 "GET /v2.0/ports HTTP/1.1" status: 200 len: 1718 time: 0.0444016
2026-07-09 14:21:36.277 9 WARNING neutron_lib.context [None req-bf5f7037-3dde-43ae-a2f5-dd340fad7a7c 2c4504c01e6d4e61b43865bbca436c9d d1677d179a144a0db5397e33bb1d2d6b - - default default] Method 'is_advsvc' is deprecated since 2023.2 release (neutron-lib 3.8.0) and will be removed once support for the old RBAC API policies will be removed from Neutron. Please use method 'is_service_role' instead.
2026-07-09 14:21:36.370 9 INFO neutron.db.segments_db [None req-bf5f7037-3dde-43ae-a2f5-dd340fad7a7c 2c4504c01e6d4e61b43865bbca436c9d d1677d179a144a0db5397e33bb1d2d6b - - default default] Added segment e5785361-22ff-45dc-a4c2-665a5fddeefb of type geneve for network 24690706-b570-42ed-89f3-2f5698695cb8
2026-07-09 14:21:36.419 10 INFO neutron.services.segments.plugin [-] Segment cb4aaf2e-ccd2-48a4-9fcc-ef469d997d3a resource provider aggregate not found
2026-07-09 14:21:36.432 10 INFO neutron.services.segments.plugin [-] Segment cb4aaf2e-ccd2-48a4-9fcc-ef469d997d3a resource provider aggregate not found
2026-07-09 14:21:36.438 10 INFO neutron.services.segments.plugin [-] Segment cb4aaf2e-ccd2-48a4-9fcc-ef469d997d3a resource provider not found; error: Placement Client Error (4xx): {"errors": [{"status": 404, "title": "Not Found", "detail": "The resource could not be found.\n\n No resource provider with uuid cb4aaf2e-ccd2-48a4-9fcc-ef469d997d3a found for delete ", "request_id": "req-aee799ba-0031-4f16-aaae-fa7e32bbce94"}]}
2026-07-09 14:21:36.453 10 INFO neutron.services.segments.plugin [-] Segment cb4aaf2e-ccd2-48a4-9fcc-ef469d997d3a resource provider not found; error: Placement Client Error (4xx): {"errors": [{"status": 404, "title": "Not Found", "detail": "The resource could not be found.\n\n No resource provider with uuid cb4aaf2e-ccd2-48a4-9fcc-ef469d997d3a found for delete ", "request_id": "req-c69a4efc-c748-4ae5-858b-50a96e802c24"}]}
2026-07-09 14:21:36.500 10 INFO neutron.wsgi [None req-f090d174-c7f7-43b1-a195-e0bd7a077445 118fe94e039f43989335f6ff50ea6975 5165fe61b8a74e7bbd00d671464bc84c - - default default] 10.0.0.38 "DELETE /v2.0/networks/c087e63f-210d-4ddf-9a40-1a5b50bbcdb6 HTTP/1.1" status: 204 len: 168 time: 1.4667583
2026-07-09 14:21:36.532 9 INFO neutron.db.ovn_revision_numbers_db [None req-bf5f7037-3dde-43ae-a2f5-dd340fad7a7c 2c4504c01e6d4e61b43865bbca436c9d d1677d179a144a0db5397e33bb1d2d6b - - default default] Successfully bumped revision number for resource 24690706-b570-42ed-89f3-2f5698695cb8 (type: networks) to 1
2026-07-09 14:21:36.601 9 INFO neutron.services.segments.plugin [-] Segment 2b5ac2f5-5d6e-43f9-a829-04e1e9cbf7f7 resource provider aggregate not found
2026-07-09 14:21:36.608 9 INFO neutron.services.segments.plugin [-] Segment 2b5ac2f5-5d6e-43f9-a829-04e1e9cbf7f7 resource provider aggregate not found
2026-07-09 14:21:36.626 9 INFO neutron.services.segments.plugin [-] Segment 2b5ac2f5-5d6e-43f9-a829-04e1e9cbf7f7 resource provider not found; error: Placement Client Error (4xx): {"errors": [{"status": 404, "title": "Not Found", "detail": "The resource could not be found.\n\n No resource provider with uuid 2b5ac2f5-5d6e-43f9-a829-04e1e9cbf7f7 found for delete ", "request_id": "req-d9b33703-98c8-4fc7-be99-221ba2d6f76f"}]}
2026-07-09 14:21:36.627 9 INFO neutron.services.segments.plugin [-] Segment 2b5ac2f5-5d6e-43f9-a829-04e1e9cbf7f7 resource provider not found; error: Placement Client Error (4xx): {"errors": [{"status": 404, "title": "Not Found", "detail": "The resource could not be found.\n\n No resource provider with uuid 2b5ac2f5-5d6e-43f9-a829-04e1e9cbf7f7 found for delete ", "request_id": "req-8f9b59da-1180-4d95-8d47-67cad9930591"}]}
2026-07-09 14:21:36.773 9 WARNING neutron.scheduler.dhcp_agent_scheduler [None req-bf5f7037-3dde-43ae-a2f5-dd340fad7a7c 2c4504c01e6d4e61b43865bbca436c9d d1677d179a144a0db5397e33bb1d2d6b - - default default] No more DHCP agents
2026-07-09 14:21:36.776 9 INFO neutron.wsgi [None req-521ad4b8-faeb-4c5f-a5dc-4512a3cd5302 81a77bffd09941559906dcca23982b01 382ca9eb4d6543128ddae8b65532b70b - - default default] 10.0.0.38 "GET /v2.0/security-groups?tenant_id=084e543dc956484c94b61193c88c16fb&name=default HTTP/1.1" status: 200 len: 3120 time: 0.1922250
2026-07-09 14:21:36.778 9 WARNING neutron.api.rpc.agentnotifiers.dhcp_rpc_agent_api [None req-bf5f7037-3dde-43ae-a2f5-dd340fad7a7c 2c4504c01e6d4e61b43865bbca436c9d d1677d179a144a0db5397e33bb1d2d6b - - default default] Unable to schedule network 24690706-b570-42ed-89f3-2f5698695cb8: no agents available; will retry on subsequent port and subnet creation events.
2026-07-09 14:21:36.827 10 INFO neutron.db.ovn_revision_numbers_db [None req-dec079e8-a78e-4788-9efe-ffefc452f219 - - - - - -] Successfully bumped revision number for resource 432ec311-5f85-4822-b255-a54f17453b70 (type: router_ports) to 4
2026-07-09 14:21:36.890 9 INFO neutron.db.ovn_revision_numbers_db [None req-bf5f7037-3dde-43ae-a2f5-dd340fad7a7c 2c4504c01e6d4e61b43865bbca436c9d d1677d179a144a0db5397e33bb1d2d6b - - default default] Successfully bumped revision number for resource fa49853e-a175-46f8-88a6-4be9ae059f19 (type: ports) to 1
2026-07-09 14:21:36.901 10 INFO neutron.db.ovn_revision_numbers_db [None req-b7f09dd7-66e4-4e23-b4b0-b3d8561965c0 - - - - - -] Successfully bumped revision number for resource 6fa82501-f584-4dc5-b6ee-d098c2934813 (type: ports) to 2
2026-07-09 14:21:37.059 10 INFO neutron.db.ovn_revision_numbers_db [None req-62cc6b81-5a19-479e-9cd1-edb7f48c58fb 81a77bffd09941559906dcca23982b01 382ca9eb4d6543128ddae8b65532b70b - - default default] Successfully bumped revision number for resource 6fa82501-f584-4dc5-b6ee-d098c2934813 (type: router_ports) to 1
2026-07-09 14:21:37.066 10 INFO neutron.wsgi [None req-62cc6b81-5a19-479e-9cd1-edb7f48c58fb 81a77bffd09941559906dcca23982b01 382ca9eb4d6543128ddae8b65532b70b - - default default] 10.0.0.38 "PUT /v2.0/routers/d0b55974-52cb-4343-a6a2-ec2d753c62dc/add_router_interface HTTP/1.1" status: 200 len: 503 time: 5.2824636
2026-07-09 14:21:37.099 9 INFO neutron.wsgi [None req-bf5f7037-3dde-43ae-a2f5-dd340fad7a7c 2c4504c01e6d4e61b43865bbca436c9d d1677d179a144a0db5397e33bb1d2d6b - - default default] 10.0.0.38 "POST /v2.0/networks HTTP/1.1" status: 201 len: 853 time: 0.8276422
2026-07-09 14:21:37.117 10 WARNING neutron_lib.context [None req-36056658-e87a-415f-b883-b930b2b6c23b 2c4504c01e6d4e61b43865bbca436c9d d1677d179a144a0db5397e33bb1d2d6b - - default default] Method 'is_advsvc' is deprecated since 2023.2 release (neutron-lib 3.8.0) and will be removed once support for the old RBAC API policies will be removed from Neutron. Please use method 'is_service_role' instead.
2026-07-09 14:21:37.139 10 INFO neutron.db.ovn_revision_numbers_db [None req-b7f09dd7-66e4-4e23-b4b0-b3d8561965c0 - - - - - -] Successfully bumped revision number for resource 6fa82501-f584-4dc5-b6ee-d098c2934813 (type: router_ports) to 2
2026-07-09 14:21:37.244 10 INFO neutron.db.segments_db [None req-36056658-e87a-415f-b883-b930b2b6c23b 2c4504c01e6d4e61b43865bbca436c9d d1677d179a144a0db5397e33bb1d2d6b - - default default] Added segment 7d4be29a-6e15-419b-b3a0-be766ddcf2ac of type geneve for network fda5cced-ad03-4108-823e-d903ac37a8d4
2026-07-09 14:21:37.244 9 INFO neutron.wsgi [None req-94238b39-12bf-458c-b093-bc8ad82af374 81a77bffd09941559906dcca23982b01 382ca9eb4d6543128ddae8b65532b70b - - default default] 10.0.0.38 "DELETE /v2.0/security-groups/97e4531c-97cf-4239-b305-56d9fcfabd8e HTTP/1.1" status: 204 len: 168 time: 0.4614666
2026-07-09 14:21:37.269 10 INFO neutron.wsgi [None req-76d73d3d-1f29-416f-b386-46c6c1566d85 81a77bffd09941559906dcca23982b01 382ca9eb4d6543128ddae8b65532b70b - - default default] 10.0.0.38 "GET /v2.0/security-groups?tenant_id=5165fe61b8a74e7bbd00d671464bc84c&name=default HTTP/1.1" status: 200 len: 3120 time: 0.1630330
2026-07-09 14:21:37.430 10 INFO neutron.db.ovn_revision_numbers_db [None req-36056658-e87a-415f-b883-b930b2b6c23b 2c4504c01e6d4e61b43865bbca436c9d d1677d179a144a0db5397e33bb1d2d6b - - default default] Successfully bumped revision number for resource fda5cced-ad03-4108-823e-d903ac37a8d4 (type: networks) to 1
2026-07-09 14:21:37.624 10 INFO neutron.wsgi [None req-7ea379d9-4aa7-4e70-8f37-2b944c4420e7 81a77bffd09941559906dcca23982b01 382ca9eb4d6543128ddae8b65532b70b - - default default] 10.0.0.38 "DELETE /v2.0/security-groups/c0dfe843-64b3-4c67-839e-60a0fe2d3db2 HTTP/1.1" status: 204 len: 168 time: 0.3481181
2026-07-09 14:21:37.633 10 WARNING neutron.scheduler.dhcp_agent_scheduler [None req-36056658-e87a-415f-b883-b930b2b6c23b 2c4504c01e6d4e61b43865bbca436c9d d1677d179a144a0db5397e33bb1d2d6b - - default default] No more DHCP agents
2026-07-09 14:21:37.636 10 WARNING neutron.api.rpc.agentnotifiers.dhcp_rpc_agent_api [None req-36056658-e87a-415f-b883-b930b2b6c23b 2c4504c01e6d4e61b43865bbca436c9d d1677d179a144a0db5397e33bb1d2d6b - - default default] Unable to schedule network fda5cced-ad03-4108-823e-d903ac37a8d4: no agents available; will retry on subsequent port and subnet creation events.
2026-07-09 14:21:37.710 10 INFO neutron.db.ovn_revision_numbers_db [None req-36056658-e87a-415f-b883-b930b2b6c23b 2c4504c01e6d4e61b43865bbca436c9d d1677d179a144a0db5397e33bb1d2d6b - - default default] Successfully bumped revision number for resource 8820cb12-b408-41b8-916b-3343558a0e4b (type: ports) to 1
2026-07-09 14:21:37.731 10 INFO neutron.wsgi [None req-36056658-e87a-415f-b883-b930b2b6c23b 2c4504c01e6d4e61b43865bbca436c9d d1677d179a144a0db5397e33bb1d2d6b - - default default] 10.0.0.38 "POST /v2.0/networks HTTP/1.1" status: 201 len: 853 time: 0.6262586
2026-07-09 14:21:38.247 9 WARNING neutron_lib.context [None req-52dee18c-2107-4f30-91d1-e9b7aa2b42ab 2c4504c01e6d4e61b43865bbca436c9d d1677d179a144a0db5397e33bb1d2d6b - - default default] Method 'is_advsvc' is deprecated since 2023.2 release (neutron-lib 3.8.0) and will be removed once support for the old RBAC API policies will be removed from Neutron. Please use method 'is_service_role' instead.
2026-07-09 14:21:38.292 9 WARNING neutron_lib.context [None req-52dee18c-2107-4f30-91d1-e9b7aa2b42ab 2c4504c01e6d4e61b43865bbca436c9d d1677d179a144a0db5397e33bb1d2d6b - - default default] Method 'is_advsvc' is deprecated since 2023.2 release (neutron-lib 3.8.0) and will be removed once support for the old RBAC API policies will be removed from Neutron. Please use method 'is_service_role' instead.
2026-07-09 14:21:38.804 9 WARNING neutron.scheduler.dhcp_agent_scheduler [None req-52dee18c-2107-4f30-91d1-e9b7aa2b42ab 2c4504c01e6d4e61b43865bbca436c9d d1677d179a144a0db5397e33bb1d2d6b - - default default] No more DHCP agents
2026-07-09 14:21:38.808 9 WARNING neutron.api.rpc.agentnotifiers.dhcp_rpc_agent_api [None req-52dee18c-2107-4f30-91d1-e9b7aa2b42ab 2c4504c01e6d4e61b43865bbca436c9d d1677d179a144a0db5397e33bb1d2d6b - - default default] Unable to schedule network 24690706-b570-42ed-89f3-2f5698695cb8: no agents available; will retry on subsequent port and subnet creation events.
2026-07-09 14:21:38.842 9 INFO neutron.db.ovn_revision_numbers_db [None req-52dee18c-2107-4f30-91d1-e9b7aa2b42ab 2c4504c01e6d4e61b43865bbca436c9d d1677d179a144a0db5397e33bb1d2d6b - - default default] Successfully bumped revision number for resource 6ef59c21-797c-4442-b351-0b009d89ec67 (type: subnets) to 0
2026-07-09 14:21:38.874 9 WARNING neutron.scheduler.dhcp_agent_scheduler [None req-52dee18c-2107-4f30-91d1-e9b7aa2b42ab 2c4504c01e6d4e61b43865bbca436c9d d1677d179a144a0db5397e33bb1d2d6b - - default default] No more DHCP agents
2026-07-09 14:21:38.878 9 WARNING neutron.api.rpc.agentnotifiers.dhcp_rpc_agent_api [None req-52dee18c-2107-4f30-91d1-e9b7aa2b42ab 2c4504c01e6d4e61b43865bbca436c9d d1677d179a144a0db5397e33bb1d2d6b - - default default] Unable to schedule network fda5cced-ad03-4108-823e-d903ac37a8d4: no agents available; will retry on subsequent port and subnet creation events.
2026-07-09 14:21:38.911 9 INFO neutron.db.ovn_revision_numbers_db [None req-52dee18c-2107-4f30-91d1-e9b7aa2b42ab 2c4504c01e6d4e61b43865bbca436c9d d1677d179a144a0db5397e33bb1d2d6b - - default default] Successfully bumped revision number for resource 50136860-ee45-4409-b1bc-7ce845c5d6d9 (type: subnets) to 0
2026-07-09 14:21:38.932 9 INFO neutron.wsgi [None req-52dee18c-2107-4f30-91d1-e9b7aa2b42ab 2c4504c01e6d4e61b43865bbca436c9d d1677d179a144a0db5397e33bb1d2d6b - - default default] 10.0.0.38 "POST /v2.0/subnets HTTP/1.1" status: 201 len: 1475 time: 0.6927533
2026-07-09 14:21:38.995 9 INFO neutron.wsgi [None req-99d75be9-cee4-4d55-ab0a-a976bbb18d5e 2c4504c01e6d4e61b43865bbca436c9d d1677d179a144a0db5397e33bb1d2d6b - - default default] 10.0.0.38 "GET /v2.0/subnets HTTP/1.1" status: 200 len: 2083 time: 0.0555401
2026-07-09 14:21:39.239 9 INFO neutron.wsgi [None req-64a5b6d0-dfa1-4483-a4b6-b9fd4d180449 2c4504c01e6d4e61b43865bbca436c9d d1677d179a144a0db5397e33bb1d2d6b - - default default] 10.0.0.38 "DELETE /v2.0/subnets/6ef59c21-797c-4442-b351-0b009d89ec67 HTTP/1.1" status: 204 len: 168 time: 0.2297082
2026-07-09 14:21:39.569 10 INFO neutron.wsgi [req-d1f37f80-a9da-4b0d-93c0-2f9795d8a07b req-30b8f72f-6180-45f5-8b68-a893e0e565d5 62bd176288334ce7b5b7554bee11213f dc7a4cf65c76461f817867f5a8c845bc - - default default] 10.0.0.146 "GET /v2.0/networks?id=0ad1ae99-a6df-4e51-bd65-456e11d2a0b7 HTTP/1.1" status: 200 len: 871 time: 0.1227376
2026-07-09 14:21:39.598 10 INFO neutron.wsgi [None req-d7075522-60da-485c-9490-1a26677648dc 2c4504c01e6d4e61b43865bbca436c9d d1677d179a144a0db5397e33bb1d2d6b - - default default] 10.0.0.38 "DELETE /v2.0/subnets/50136860-ee45-4409-b1bc-7ce845c5d6d9 HTTP/1.1" status: 204 len: 168 time: 0.3529572
2026-07-09 14:21:39.600 10 INFO neutron.wsgi [req-d1f37f80-a9da-4b0d-93c0-2f9795d8a07b req-a1b70438-9770-4b68-983a-d55f6f6db439 62bd176288334ce7b5b7554bee11213f dc7a4cf65c76461f817867f5a8c845bc - - default default] 10.0.0.146 "GET /v2.0/quotas/dc7a4cf65c76461f817867f5a8c845bc HTTP/1.1" status: 200 len: 491 time: 0.0245268
2026-07-09 14:21:39.681 10 INFO neutron.wsgi [None req-0949f071-392f-43aa-8d01-7d9644705ac2 2c4504c01e6d4e61b43865bbca436c9d d1677d179a144a0db5397e33bb1d2d6b - - default default] 10.0.0.38 "GET /v2.0/subnets HTTP/1.1" status: 200 len: 820 time: 0.0724096
2026-07-09 14:21:39.737 10 INFO neutron.wsgi [req-d1f37f80-a9da-4b0d-93c0-2f9795d8a07b req-a9d6a082-13be-48ce-a93d-afb4d113c6e5 62bd176288334ce7b5b7554bee11213f dc7a4cf65c76461f817867f5a8c845bc - - default default] 10.0.0.146 "GET /v2.0/ports?tenant_id=dc7a4cf65c76461f817867f5a8c845bc&fields=id HTTP/1.1" status: 200 len: 302 time: 0.1306627
2026-07-09 14:21:39.822 10 INFO neutron.wsgi [req-d1f37f80-a9da-4b0d-93c0-2f9795d8a07b req-df11a889-0521-4a2e-9bde-3ea178469fdd 98a6fadb8ea840298e4973fcccd1d622 8c40a5055bf74eeb9613dee1aba3e8fe - - a68933338202467fafdc0089282cadca a68933338202467fafdc0089282cadca] 10.0.0.146 "GET /v2.0/networks/0ad1ae99-a6df-4e51-bd65-456e11d2a0b7?fields=segments HTTP/1.1" status: 200 len: 212 time: 0.0733671
2026-07-09 14:21:39.856 9 WARNING neutron_lib.context [None req-85fa4cc6-99e0-4af7-ac89-b86bb370599f 6d9f32fd598b403db9bb1ef71f04c1ed 56f6a03306d74c0ca62c8e8b1023397d - - default default] Method 'is_advsvc' is deprecated since 2023.2 release (neutron-lib 3.8.0) and will be removed once support for the old RBAC API policies will be removed from Neutron. Please use method 'is_service_role' instead.
2026-07-09 14:21:39.894 10 INFO neutron.wsgi [req-d1f37f80-a9da-4b0d-93c0-2f9795d8a07b req-b60d828e-bc83-4e21-bc01-1521f5621942 98a6fadb8ea840298e4973fcccd1d622 8c40a5055bf74eeb9613dee1aba3e8fe - - a68933338202467fafdc0089282cadca a68933338202467fafdc0089282cadca] 10.0.0.146 "GET /v2.0/networks/0ad1ae99-a6df-4e51-bd65-456e11d2a0b7?fields=provider%3Aphysical_network&fields=provider%3Anetwork_type HTTP/1.1" status: 200 len: 277 time: 0.0611565
2026-07-09 14:21:40.080 9 INFO neutron.wsgi [req-e8dc0426-33db-4004-9d6e-55f7ef21ca7c req-39ce1968-1298-4f3f-adb2-a8d19c581518 62bd176288334ce7b5b7554bee11213f dc7a4cf65c76461f817867f5a8c845bc - - default default] 10.0.0.146 "GET /v2.0/ports?device_id=30a2dd5a-4ea2-487b-80e7-54730a11b250 HTTP/1.1" status: 200 len: 210 time: 0.0268583
2026-07-09 14:21:40.102 9 INFO neutron.db.ovn_revision_numbers_db [None req-85fa4cc6-99e0-4af7-ac89-b86bb370599f 6d9f32fd598b403db9bb1ef71f04c1ed 56f6a03306d74c0ca62c8e8b1023397d - - default default] Successfully bumped revision number for resource 4603d864-3ff9-4b5d-beb7-f74de90a09fb (type: security_groups) to 1
2026-07-09 14:21:40.131 9 INFO neutron.db.ovn_revision_numbers_db [None req-85fa4cc6-99e0-4af7-ac89-b86bb370599f 6d9f32fd598b403db9bb1ef71f04c1ed 56f6a03306d74c0ca62c8e8b1023397d - - default default] Successfully bumped revision number for resource 39bc3451-a752-491a-8fe4-a85d2a23ec9f (type: security_group_rules) to 0
2026-07-09 14:21:40.154 9 INFO neutron.db.ovn_revision_numbers_db [None req-85fa4cc6-99e0-4af7-ac89-b86bb370599f 6d9f32fd598b403db9bb1ef71f04c1ed 56f6a03306d74c0ca62c8e8b1023397d - - default default] Successfully bumped revision number for resource 4959e83d-a461-48ce-8125-9bf07aaadea3 (type: security_group_rules) to 0
2026-07-09 14:21:40.169 9 INFO neutron.db.ovn_revision_numbers_db [None req-85fa4cc6-99e0-4af7-ac89-b86bb370599f 6d9f32fd598b403db9bb1ef71f04c1ed 56f6a03306d74c0ca62c8e8b1023397d - - default default] Successfully bumped revision number for resource 7ea73331-c1d7-40fe-8661-ff2af6737299 (type: security_group_rules) to 0
2026-07-09 14:21:40.205 9 INFO neutron.services.segments.plugin [-] Segment 7d4be29a-6e15-419b-b3a0-be766ddcf2ac resource provider aggregate not found
2026-07-09 14:21:40.211 9 INFO neutron.db.ovn_revision_numbers_db [None req-85fa4cc6-99e0-4af7-ac89-b86bb370599f 6d9f32fd598b403db9bb1ef71f04c1ed 56f6a03306d74c0ca62c8e8b1023397d - - default default] Successfully bumped revision number for resource 9f86ca7f-dcfc-48bc-8ab1-fc9d699ceaea (type: security_group_rules) to 0
2026-07-09 14:21:40.215 9 INFO neutron.services.segments.plugin [-] Segment 7d4be29a-6e15-419b-b3a0-be766ddcf2ac resource provider aggregate not found
2026-07-09 14:21:40.226 9 INFO neutron.services.segments.plugin [-] Segment 7d4be29a-6e15-419b-b3a0-be766ddcf2ac resource provider not found; error: Placement Client Error (4xx): {"errors": [{"status": 404, "title": "Not Found", "detail": "The resource could not be found.\n\n No resource provider with uuid 7d4be29a-6e15-419b-b3a0-be766ddcf2ac found for delete ", "request_id": "req-e3bd39bd-d380-4d4f-b730-3d46fc910547"}]}
2026-07-09 14:21:40.233 9 INFO neutron.services.segments.plugin [-] Segment 7d4be29a-6e15-419b-b3a0-be766ddcf2ac resource provider not found; error: Placement Client Error (4xx): {"errors": [{"status": 404, "title": "Not Found", "detail": "The resource could not be found.\n\n No resource provider with uuid 7d4be29a-6e15-419b-b3a0-be766ddcf2ac found for delete ", "request_id": "req-64964b7b-36b2-4431-a527-5480ad70a62e"}]}
2026-07-09 14:21:40.261 9 INFO neutron.wsgi [None req-96d72d5f-ecbd-406a-85e1-9e1075390ef4 2c4504c01e6d4e61b43865bbca436c9d d1677d179a144a0db5397e33bb1d2d6b - - default default] 10.0.0.38 "DELETE /v2.0/networks/fda5cced-ad03-4108-823e-d903ac37a8d4 HTTP/1.1" status: 204 len: 168 time: 0.5722175
2026-07-09 14:21:40.280 9 INFO neutron.db.segments_db [None req-85fa4cc6-99e0-4af7-ac89-b86bb370599f 6d9f32fd598b403db9bb1ef71f04c1ed 56f6a03306d74c0ca62c8e8b1023397d - - default default] Added segment 3e1f5479-24f1-458d-8283-d3bf255f8735 of type geneve for network 17665031-dfcf-45be-9028-e84b3c930b6b
2026-07-09 14:21:40.455 9 INFO neutron.db.ovn_revision_numbers_db [None req-85fa4cc6-99e0-4af7-ac89-b86bb370599f 6d9f32fd598b403db9bb1ef71f04c1ed 56f6a03306d74c0ca62c8e8b1023397d - - default default] Successfully bumped revision number for resource 17665031-dfcf-45be-9028-e84b3c930b6b (type: networks) to 1
2026-07-09 14:21:40.654 9 WARNING neutron.scheduler.dhcp_agent_scheduler [None req-85fa4cc6-99e0-4af7-ac89-b86bb370599f 6d9f32fd598b403db9bb1ef71f04c1ed 56f6a03306d74c0ca62c8e8b1023397d - - default default] No more DHCP agents
2026-07-09 14:21:40.655 9 WARNING neutron.api.rpc.agentnotifiers.dhcp_rpc_agent_api [None req-85fa4cc6-99e0-4af7-ac89-b86bb370599f 6d9f32fd598b403db9bb1ef71f04c1ed 56f6a03306d74c0ca62c8e8b1023397d - - default default] Unable to schedule network 17665031-dfcf-45be-9028-e84b3c930b6b: no agents available; will retry on subsequent port and subnet creation events.
2026-07-09 14:21:40.720 10 INFO neutron.services.segments.plugin [-] Segment e5785361-22ff-45dc-a4c2-665a5fddeefb resource provider aggregate not found
2026-07-09 14:21:40.724 10 INFO neutron.services.segments.plugin [-] Segment e5785361-22ff-45dc-a4c2-665a5fddeefb resource provider aggregate not found
2026-07-09 14:21:40.738 10 INFO neutron.services.segments.plugin [-] Segment e5785361-22ff-45dc-a4c2-665a5fddeefb resource provider not found; error: Placement Client Error (4xx): {"errors": [{"status": 404, "title": "Not Found", "detail": "The resource could not be found.\n\n No resource provider with uuid e5785361-22ff-45dc-a4c2-665a5fddeefb found for delete ", "request_id": "req-fad8284f-312d-4cd1-b13b-2b2ea75d87d5"}]}
2026-07-09 14:21:40.740 10 INFO neutron.services.segments.plugin [-] Segment e5785361-22ff-45dc-a4c2-665a5fddeefb resource provider not found; error: Placement Client Error (4xx): {"errors": [{"status": 404, "title": "Not Found", "detail": "The resource could not be found.\n\n No resource provider with uuid e5785361-22ff-45dc-a4c2-665a5fddeefb found for delete ", "request_id": "req-c9076b3f-caa5-49ea-bf0f-584014ab26d2"}]}
2026-07-09 14:21:40.743 9 INFO neutron.db.ovn_revision_numbers_db [None req-85fa4cc6-99e0-4af7-ac89-b86bb370599f 6d9f32fd598b403db9bb1ef71f04c1ed 56f6a03306d74c0ca62c8e8b1023397d - - default default] Successfully bumped revision number for resource a99f4eee-83ea-4e8f-9f55-955d236a03af (type: ports) to 1
2026-07-09 14:21:40.768 10 INFO neutron.wsgi [None req-d22bbaac-c1ac-411c-8a00-14ab1cdf4f47 2c4504c01e6d4e61b43865bbca436c9d d1677d179a144a0db5397e33bb1d2d6b - - default default] 10.0.0.38 "DELETE /v2.0/networks/24690706-b570-42ed-89f3-2f5698695cb8 HTTP/1.1" status: 204 len: 168 time: 0.5013306
2026-07-09 14:21:40.769 9 INFO neutron.wsgi [None req-85fa4cc6-99e0-4af7-ac89-b86bb370599f 6d9f32fd598b403db9bb1ef71f04c1ed 56f6a03306d74c0ca62c8e8b1023397d - - default default] 10.0.0.38 "POST /v2.0/networks HTTP/1.1" status: 201 len: 844 time: 1.1352246
2026-07-09 14:21:40.780 10 WARNING neutron_lib.context [None req-0457c16f-947f-4a66-86d0-8b0b4652d182 6d9f32fd598b403db9bb1ef71f04c1ed 56f6a03306d74c0ca62c8e8b1023397d - - default default] Method 'is_advsvc' is deprecated since 2023.2 release (neutron-lib 3.8.0) and will be removed once support for the old RBAC API policies will be removed from Neutron. Please use method 'is_service_role' instead.
2026-07-09 14:21:40.871 10 INFO neutron.wsgi [req-d1f37f80-a9da-4b0d-93c0-2f9795d8a07b req-5368f3c7-2916-4866-9e0b-e0b31fba89c4 62bd176288334ce7b5b7554bee11213f dc7a4cf65c76461f817867f5a8c845bc - - default default] 199.19.213.152 "GET /v2.0/networks?id=0ad1ae99-a6df-4e51-bd65-456e11d2a0b7 HTTP/1.1" status: 200 len: 871 time: 0.0879421
2026-07-09 14:21:40.889 10 WARNING neutron_lib.context [req-d1f37f80-a9da-4b0d-93c0-2f9795d8a07b req-43f1f0b5-8ea6-430c-8355-4eda2e062729 62bd176288334ce7b5b7554bee11213f dc7a4cf65c76461f817867f5a8c845bc - - default default] Method 'is_advsvc' is deprecated since 2023.2 release (neutron-lib 3.8.0) and will be removed once support for the old RBAC API policies will be removed from Neutron. Please use method 'is_service_role' instead.
2026-07-09 14:21:41.218 9 INFO neutron.wsgi [None req-ed588be2-d598-4ee0-8ff2-537d5365a49d 2c4504c01e6d4e61b43865bbca436c9d d1677d179a144a0db5397e33bb1d2d6b - - default default] 10.0.0.38 "DELETE /v2.0/networks/31218c0c-8e34-445e-b447-f4513f3fd936 HTTP/1.1" status: 204 len: 168 time: 0.4433126
2026-07-09 14:21:41.274 10 INFO neutron.wsgi [req-c1769e16-de94-49e1-92b4-2791522bd141 req-e3b45d4e-cb3e-4b9a-84d6-620c34cb5437 62bd176288334ce7b5b7554bee11213f dc7a4cf65c76461f817867f5a8c845bc - - default default] 10.0.0.146 "GET /v2.0/ports?device_id=30a2dd5a-4ea2-487b-80e7-54730a11b250 HTTP/1.1" status: 200 len: 210 time: 0.0339730
2026-07-09 14:21:41.481 10 WARNING neutron.scheduler.dhcp_agent_scheduler [None req-0457c16f-947f-4a66-86d0-8b0b4652d182 6d9f32fd598b403db9bb1ef71f04c1ed 56f6a03306d74c0ca62c8e8b1023397d - - default default] No more DHCP agents
2026-07-09 14:21:41.485 10 WARNING neutron.api.rpc.agentnotifiers.dhcp_rpc_agent_api [None req-0457c16f-947f-4a66-86d0-8b0b4652d182 6d9f32fd598b403db9bb1ef71f04c1ed 56f6a03306d74c0ca62c8e8b1023397d - - default default] Unable to schedule network 17665031-dfcf-45be-9028-e84b3c930b6b: no agents available; will retry on subsequent port and subnet creation events.
2026-07-09 14:21:41.489 9 INFO neutron.db.ovn_revision_numbers_db [None req-8378961d-89ca-489c-ae05-65c1bd36e400 81a77bffd09941559906dcca23982b01 382ca9eb4d6543128ddae8b65532b70b - - default default] Successfully bumped revision number for resource 3e9a3898-1d2b-451b-92e1-09ccc8e3d9df (type: security_groups) to 1
2026-07-09 14:21:41.505 9 INFO neutron.db.ovn_revision_numbers_db [None req-8378961d-89ca-489c-ae05-65c1bd36e400 81a77bffd09941559906dcca23982b01 382ca9eb4d6543128ddae8b65532b70b - - default default] Successfully bumped revision number for resource 2709bb4c-c414-4c0b-b305-a928156e72ef (type: security_group_rules) to 0
2026-07-09 14:21:41.533 9 INFO neutron.db.ovn_revision_numbers_db [None req-8378961d-89ca-489c-ae05-65c1bd36e400 81a77bffd09941559906dcca23982b01 382ca9eb4d6543128ddae8b65532b70b - - default default] Successfully bumped revision number for resource 3c0e5bab-e0d4-43cd-a0f1-61b03a5fb7c6 (type: security_group_rules) to 0
2026-07-09 14:21:41.563 9 INFO neutron.db.ovn_revision_numbers_db [None req-8378961d-89ca-489c-ae05-65c1bd36e400 81a77bffd09941559906dcca23982b01 382ca9eb4d6543128ddae8b65532b70b - - default default] Successfully bumped revision number for resource 9832d28f-631a-46aa-946d-4699d7e0fce8 (type: security_group_rules) to 0
2026-07-09 14:21:41.595 9 INFO neutron.db.ovn_revision_numbers_db [None req-8378961d-89ca-489c-ae05-65c1bd36e400 81a77bffd09941559906dcca23982b01 382ca9eb4d6543128ddae8b65532b70b - - default default] Successfully bumped revision number for resource cdd895ad-c949-4a48-aea2-442fb4776a79 (type: security_group_rules) to 0
2026-07-09 14:21:41.613 10 INFO neutron.db.ovn_revision_numbers_db [None req-0457c16f-947f-4a66-86d0-8b0b4652d182 6d9f32fd598b403db9bb1ef71f04c1ed 56f6a03306d74c0ca62c8e8b1023397d - - default default] Successfully bumped revision number for resource 1b11f811-21d5-482a-b5bc-aca91d7d5278 (type: ports) to 1
2026-07-09 14:21:41.624 9 INFO neutron.wsgi [None req-8378961d-89ca-489c-ae05-65c1bd36e400 81a77bffd09941559906dcca23982b01 382ca9eb4d6543128ddae8b65532b70b - - default default] 10.0.0.38 "GET /v2.0/security-groups?tenant_id=459df4a3f4e54a66a45504c375721220&name=default HTTP/1.1" status: 200 len: 3120 time: 0.4478593 /var/lib/openstack/lib/python3.10/site-packages/pycadf/identifier.py:71: UserWarning: Invalid uuid: neutron. To ensure interoperability, identifiers should be a valid uuid. warnings.warn(('Invalid uuid: %s. To ensure interoperability, '
2026-07-09 14:21:41.662 10 INFO neutron.wsgi [None req-0457c16f-947f-4a66-86d0-8b0b4652d182 6d9f32fd598b403db9bb1ef71f04c1ed 56f6a03306d74c0ca62c8e8b1023397d - - default default] 10.0.0.38 "POST /v2.0/ports HTTP/1.1" status: 201 len: 974 time: 0.8864012
2026-07-09 14:21:41.681 10 WARNING neutron_lib.context [None req-a3596e3c-c255-4765-8719-638b2cf2334b 6d9f32fd598b403db9bb1ef71f04c1ed 56f6a03306d74c0ca62c8e8b1023397d - - default default] Method 'is_advsvc' is deprecated since 2023.2 release (neutron-lib 3.8.0) and will be removed once support for the old RBAC API policies will be removed from Neutron. Please use method 'is_service_role' instead.
2026-07-09 14:21:41.717 9 INFO neutron.wsgi [None req-bc6bd24c-634a-4c24-9a4b-f59de4f0611a 2c4504c01e6d4e61b43865bbca436c9d d1677d179a144a0db5397e33bb1d2d6b - - default default] 10.0.0.38 "DELETE /v2.0/networks/6a6d04d8-8165-42ae-b67e-15fe8706a0c9 HTTP/1.1" status: 204 len: 168 time: 0.4921916
2026-07-09 14:21:41.803 10 WARNING neutron.scheduler.dhcp_agent_scheduler [req-d1f37f80-a9da-4b0d-93c0-2f9795d8a07b req-43f1f0b5-8ea6-430c-8355-4eda2e062729 62bd176288334ce7b5b7554bee11213f dc7a4cf65c76461f817867f5a8c845bc - - default default] No more DHCP agents
2026-07-09 14:21:41.809 10 WARNING neutron.api.rpc.agentnotifiers.dhcp_rpc_agent_api [req-d1f37f80-a9da-4b0d-93c0-2f9795d8a07b req-43f1f0b5-8ea6-430c-8355-4eda2e062729 62bd176288334ce7b5b7554bee11213f dc7a4cf65c76461f817867f5a8c845bc - - default default] Unable to schedule network 0ad1ae99-a6df-4e51-bd65-456e11d2a0b7: no agents available; will retry on subsequent port and subnet creation events.
2026-07-09 14:21:41.842 10 INFO neutron.db.segments_db [None req-a3596e3c-c255-4765-8719-638b2cf2334b 6d9f32fd598b403db9bb1ef71f04c1ed 56f6a03306d74c0ca62c8e8b1023397d - - default default] Added segment c0e88acb-b885-4b7c-a325-90037f2192d1 of type geneve for network 4f72085a-0199-423d-99d6-b1b137ebfd5e
2026-07-09 14:21:42.088 10 INFO neutron.db.ovn_revision_numbers_db [None req-a3596e3c-c255-4765-8719-638b2cf2334b 6d9f32fd598b403db9bb1ef71f04c1ed 56f6a03306d74c0ca62c8e8b1023397d - - default default] Successfully bumped revision number for resource 4f72085a-0199-423d-99d6-b1b137ebfd5e (type: networks) to 1
2026-07-09 14:21:42.122 10 INFO neutron.wsgi [None req-a0fb22f7-d58d-434b-97ef-53e398a802d0 81a77bffd09941559906dcca23982b01 382ca9eb4d6543128ddae8b65532b70b - - default default] 10.0.0.38 "DELETE /v2.0/security-groups/3e9a3898-1d2b-451b-92e1-09ccc8e3d9df HTTP/1.1" status: 204 len: 168 time: 0.4937482
2026-07-09 14:21:42.142 10 INFO neutron.db.ovn_revision_numbers_db [req-d1f37f80-a9da-4b0d-93c0-2f9795d8a07b req-43f1f0b5-8ea6-430c-8355-4eda2e062729 62bd176288334ce7b5b7554bee11213f dc7a4cf65c76461f817867f5a8c845bc - - default default] Successfully bumped revision number for resource e36c0411-9698-4cf2-b05f-00e5a264b43e (type: ports) to 1
2026-07-09 14:21:42.181 10 INFO neutron.wsgi [req-d1f37f80-a9da-4b0d-93c0-2f9795d8a07b req-43f1f0b5-8ea6-430c-8355-4eda2e062729 62bd176288334ce7b5b7554bee11213f dc7a4cf65c76461f817867f5a8c845bc - - default default] 199.19.213.152 "POST /v2.0/ports HTTP/1.1" status: 201 len: 1158 time: 1.2968814 /var/lib/openstack/lib/python3.10/site-packages/pycadf/identifier.py:71: UserWarning: Invalid uuid: neutron. To ensure interoperability, identifiers should be a valid uuid. warnings.warn(('Invalid uuid: %s. To ensure interoperability, '
2026-07-09 14:21:42.254 9 INFO neutron.services.segments.plugin [-] Segment 11b03e5e-4f51-4867-ac8c-855711df2b29 resource provider aggregate not found
2026-07-09 14:21:42.261 9 INFO neutron.services.segments.plugin [-] Segment 11b03e5e-4f51-4867-ac8c-855711df2b29 resource provider aggregate not found
2026-07-09 14:21:42.280 9 INFO neutron.services.segments.plugin [-] Segment 11b03e5e-4f51-4867-ac8c-855711df2b29 resource provider not found; error: Placement Client Error (4xx): {"errors": [{"status": 404, "title": "Not Found", "detail": "The resource could not be found.\n\n No resource provider with uuid 11b03e5e-4f51-4867-ac8c-855711df2b29 found for delete ", "request_id": "req-6e328c45-6c3b-465f-91f4-c075da2234db"}]}
2026-07-09 14:21:42.288 9 INFO neutron.services.segments.plugin [-] Segment 11b03e5e-4f51-4867-ac8c-855711df2b29 resource provider not found; error: Placement Client Error (4xx): {"errors": [{"status": 404, "title": "Not Found", "detail": "The resource could not be found.\n\n No resource provider with uuid 11b03e5e-4f51-4867-ac8c-855711df2b29 found for delete ", "request_id": "req-359711ee-b8be-48fa-9d13-27f7069f40b1"}]}
2026-07-09 14:21:42.310 9 INFO neutron.services.segments.plugin [-] Segment ec1e5ac5-ddd6-470d-bd45-f159b5293773 resource provider aggregate not found
2026-07-09 14:21:42.319 9 INFO neutron.services.segments.plugin [-] Segment ec1e5ac5-ddd6-470d-bd45-f159b5293773 resource provider aggregate not found
