2026-07-09 14:22:34.367 10 INFO neutron.wsgi [None req-cbbffdc6-558d-45c4-9a21-8a84e375844f f0ab0cead0a8482cbd3f46df7ba3237b 4de0a78a0a2d40728a8e4cea88b5411f - - default default] 10.0.0.38 "GET /v2.0/routers HTTP/1.1" status: 200 len: 1155 time: 0.1212151
2026-07-09 14:22:34.509 10 INFO neutron.db.ovn_revision_numbers_db [None req-36c52058-2691-4084-8128-31430f8ce885 79a2cced60aa492198b8d9fa05d5b56a e5f8ba1fead24ea4b015730860e43cae - - default default] Successfully bumped revision number for resource d48096df-ef0d-47f9-80e9-8ad0c13ed58b (type: security_group_rules) to 0
2026-07-09 14:22:34.538 10 INFO neutron.wsgi [None req-36c52058-2691-4084-8128-31430f8ce885 79a2cced60aa492198b8d9fa05d5b56a e5f8ba1fead24ea4b015730860e43cae - - default default] 10.0.0.38 "POST /v2.0/security-group-rules HTTP/1.1" status: 201 len: 800 time: 0.1945696
2026-07-09 14:22:34.566 10 INFO neutron.wsgi [None req-f47f0444-e9bb-4c58-b22d-c29cc2d25971 79a2cced60aa492198b8d9fa05d5b56a e5f8ba1fead24ea4b015730860e43cae - - default default] 10.0.0.38 "GET /v2.0/security-group-rules/d48096df-ef0d-47f9-80e9-8ad0c13ed58b HTTP/1.1" status: 200 len: 795 time: 0.0231552
2026-07-09 14:22:34.678 10 INFO neutron.wsgi [None req-bb385757-405f-4ad5-bedb-77f33fe4de25 79a2cced60aa492198b8d9fa05d5b56a e5f8ba1fead24ea4b015730860e43cae - - default default] 10.0.0.38 "GET /v2.0/security-group-rules HTTP/1.1" status: 200 len: 4333 time: 0.1059473
2026-07-09 14:22:34.699 9 INFO neutron.db.ovn_revision_numbers_db [None req-385b009b-c5c6-40d7-96a5-e662b6216ca5 - - - - - -] Successfully bumped revision number for resource b7d4ce3c-c149-4310-a6e3-3790cb10b270 (type: ports) to 4
2026-07-09 14:22:34.803 9 INFO neutron.wsgi [req-768d69dd-cfe9-494e-9740-da46eab288e8 req-6ab8802c-6636-45bf-abdc-66f20cfbcbb9 1c12bd7102624fdfb82b2b6a61c6cc60 117fadc272e14fc1bab0f978d3d4f3f8 - - default default] 10.0.0.146 "GET /v2.0/ports?device_id=73069d1d-c8d4-4cec-ae77-194bd5c51c3e HTTP/1.1" status: 200 len: 1170 time: 0.4246118
2026-07-09 14:22:34.819 10 INFO neutron.wsgi [None req-d0149a3c-3954-4262-b459-63ce0bbb7765 79a2cced60aa492198b8d9fa05d5b56a e5f8ba1fead24ea4b015730860e43cae - - default default] 10.0.0.38 "DELETE /v2.0/security-group-rules/d48096df-ef0d-47f9-80e9-8ad0c13ed58b HTTP/1.1" status: 204 len: 168 time: 0.1359518
2026-07-09 14:22:34.886 9 INFO neutron.wsgi [req-768d69dd-cfe9-494e-9740-da46eab288e8 req-b9327375-d66a-425f-be31-232583ea8b1a 1c12bd7102624fdfb82b2b6a61c6cc60 117fadc272e14fc1bab0f978d3d4f3f8 - - default default] 10.0.0.146 "GET /v2.0/security-groups?id=0830b29d-1adc-45c3-9ebd-e5c94871b576&fields=id&fields=name HTTP/1.1" status: 200 len: 313 time: 0.0707293
2026-07-09 14:22:34.890 10 INFO neutron.wsgi [None req-d352df4b-ae65-4b91-bbef-88de6f313f16 79a2cced60aa492198b8d9fa05d5b56a e5f8ba1fead24ea4b015730860e43cae - - default default] 10.0.0.38 "GET /v2.0/security-group-rules HTTP/1.1" status: 200 len: 3755 time: 0.0665445
2026-07-09 14:22:34.900 10 WARNING neutron_lib.context [None req-84ae6202-2a79-4202-b04c-fde08645cfe0 79a2cced60aa492198b8d9fa05d5b56a e5f8ba1fead24ea4b015730860e43cae - - default default] Method 'is_advsvc' is deprecated since 2023.2 release (neutron-lib 3.8.0) and will be removed once support for the old RBAC API policies will be removed from Neutron. Please use method 'is_service_role' instead.
2026-07-09 14:22:34.952 10 INFO neutron.db.securitygroups_db [None req-84ae6202-2a79-4202-b04c-fde08645cfe0 79a2cced60aa492198b8d9fa05d5b56a e5f8ba1fead24ea4b015730860e43cae - - default default] Project e5f8ba1fead24ea4b015730860e43cae added a security group rule with legacy IPv6 ICMP protocol name icmp, ipv6-icmp should be used instead. It was automatically converted.
2026-07-09 14:22:35.082 10 INFO neutron.db.ovn_revision_numbers_db [None req-84ae6202-2a79-4202-b04c-fde08645cfe0 79a2cced60aa492198b8d9fa05d5b56a e5f8ba1fead24ea4b015730860e43cae - - default default] Successfully bumped revision number for resource 55451936-6f83-42cf-a6df-82d61f4151c2 (type: security_group_rules) to 0
2026-07-09 14:22:35.114 10 INFO neutron.wsgi [None req-84ae6202-2a79-4202-b04c-fde08645cfe0 79a2cced60aa492198b8d9fa05d5b56a e5f8ba1fead24ea4b015730860e43cae - - default default] 10.0.0.38 "POST /v2.0/security-group-rules HTTP/1.1" status: 201 len: 806 time: 0.2188849
2026-07-09 14:22:35.141 10 INFO neutron.wsgi [None req-6221a549-456e-44fd-a6a2-5b45e350cb64 79a2cced60aa492198b8d9fa05d5b56a e5f8ba1fead24ea4b015730860e43cae - - default default] 10.0.0.38 "GET /v2.0/security-group-rules/55451936-6f83-42cf-a6df-82d61f4151c2 HTTP/1.1" status: 200 len: 801 time: 0.0212772
2026-07-09 14:22:35.202 10 INFO neutron.wsgi [None req-6872093f-ba1a-4ba4-894e-bf7efeb2df8c 79a2cced60aa492198b8d9fa05d5b56a e5f8ba1fead24ea4b015730860e43cae - - default default] 10.0.0.38 "GET /v2.0/security-group-rules HTTP/1.1" status: 200 len: 4339 time: 0.0547876
2026-07-09 14:22:35.267 9 INFO neutron.db.ovn_revision_numbers_db [None req-509e4b04-8b1a-4756-aacc-1e9ee257a801 f0ab0cead0a8482cbd3f46df7ba3237b 4de0a78a0a2d40728a8e4cea88b5411f - - default default] Successfully bumped revision number for resource 2586e1e4-e3b0-496d-bad2-4f7bf965b0b3 (type: routers) to 3
2026-07-09 14:22:35.273 9 INFO neutron.wsgi [None req-509e4b04-8b1a-4756-aacc-1e9ee257a801 f0ab0cead0a8482cbd3f46df7ba3237b 4de0a78a0a2d40728a8e4cea88b5411f - - default default] 10.0.0.38 "PUT /v2.0/routers/2586e1e4-e3b0-496d-bad2-4f7bf965b0b3 HTTP/1.1" status: 200 len: 1159 time: 0.8970881 /var/lib/openstack/lib/python3.10/site-packages/pycadf/identifier.py:71: UserWarning: Invalid uuid: neutron. To ensure interoperability, identifiers should be a valid uuid. warnings.warn(('Invalid uuid: %s. To ensure interoperability, '
2026-07-09 14:22:35.303 10 INFO neutron.wsgi [None req-c9b8cbdb-b1e9-4bf2-be8c-3e8670c07459 79a2cced60aa492198b8d9fa05d5b56a e5f8ba1fead24ea4b015730860e43cae - - default default] 10.0.0.38 "DELETE /v2.0/security-group-rules/55451936-6f83-42cf-a6df-82d61f4151c2 HTTP/1.1" status: 204 len: 168 time: 0.0968943
2026-07-09 14:22:35.360 9 INFO neutron.wsgi [None req-64ea1603-539d-4dfd-953b-3d20459d5890 f0ab0cead0a8482cbd3f46df7ba3237b 4de0a78a0a2d40728a8e4cea88b5411f - - default default] 10.0.0.38 "GET /v2.0/routers/2586e1e4-e3b0-496d-bad2-4f7bf965b0b3 HTTP/1.1" status: 200 len: 1159 time: 0.0800941
2026-07-09 14:22:35.361 10 INFO neutron.wsgi [None req-9ee53019-5fad-4399-9fb9-281bb0e9d3da 79a2cced60aa492198b8d9fa05d5b56a e5f8ba1fead24ea4b015730860e43cae - - default default] 10.0.0.38 "GET /v2.0/security-group-rules HTTP/1.1" status: 200 len: 3755 time: 0.0510702
2026-07-09 14:22:35.389 9 INFO neutron.wsgi [None req-3a91f395-434a-4eb3-a372-28edb4f059ce f0ab0cead0a8482cbd3f46df7ba3237b 4de0a78a0a2d40728a8e4cea88b5411f - - default default] 10.0.0.38 "GET /v2.0/ports?device_id=2586e1e4-e3b0-496d-bad2-4f7bf965b0b3 HTTP/1.1" status: 200 len: 205 time: 0.0230510
2026-07-09 14:22:35.483 10 INFO neutron.wsgi [None req-cd86d0a4-dbf4-4459-984b-22997768fa1b 79a2cced60aa492198b8d9fa05d5b56a e5f8ba1fead24ea4b015730860e43cae - - default default] 10.0.0.38 "DELETE /v2.0/security-groups/0186ad7e-efeb-4642-b0a0-eeeac402c606 HTTP/1.1" status: 204 len: 168 time: 0.1167312
2026-07-09 14:22:35.532 10 INFO neutron.wsgi [None req-03b7ff89-5100-4947-9385-0e925be8c024 79a2cced60aa492198b8d9fa05d5b56a e5f8ba1fead24ea4b015730860e43cae - - default default] 10.0.0.38 "GET /v2.0/security-groups HTTP/1.1" status: 200 len: 3120 time: 0.0433216
2026-07-09 14:22:35.590 10 INFO neutron.wsgi [None req-38e67edd-c766-4d98-9109-21b06eed84a4 79a2cced60aa492198b8d9fa05d5b56a e5f8ba1fead24ea4b015730860e43cae - - default default] 10.0.0.38 "GET /v2.0/security-groups HTTP/1.1" status: 200 len: 3120 time: 0.0490081
2026-07-09 14:22:35.679 10 INFO neutron.wsgi [-] 10.0.0.140 "GET / HTTP/1.1" status: 200 len: 246 time: 0.0033648
2026-07-09 14:22:35.682 10 INFO neutron.wsgi [-] 10.0.0.140 "GET / HTTP/1.1" status: 200 len: 246 time: 0.0015190
2026-07-09 14:22:36.130 10 INFO neutron.wsgi [req-796f76a5-9a34-4796-96d2-7c0e704d1ff9 req-2b6cc9d5-7839-489c-97ee-9e92d75194c1 1c12bd7102624fdfb82b2b6a61c6cc60 117fadc272e14fc1bab0f978d3d4f3f8 - - default default] 10.0.0.146 "GET /v2.0/ports?device_id=73069d1d-c8d4-4cec-ae77-194bd5c51c3e HTTP/1.1" status: 200 len: 1170 time: 0.1615214
2026-07-09 14:22:36.192 10 INFO neutron.wsgi [req-796f76a5-9a34-4796-96d2-7c0e704d1ff9 req-f0288c1f-f0e2-471e-8f90-e3e8cc9fd8ea 1c12bd7102624fdfb82b2b6a61c6cc60 117fadc272e14fc1bab0f978d3d4f3f8 - - default default] 10.0.0.146 "GET /v2.0/security-groups?id=0830b29d-1adc-45c3-9ebd-e5c94871b576&fields=id&fields=name HTTP/1.1" status: 200 len: 313 time: 0.0547035
2026-07-09 14:22:36.296 9 INFO neutron.notifiers.nova [-] Nova event matching ['req-10c693bf-bdbf-4184-9844-cbb7aba8381a'] response: {'server_uuid': '73069d1d-c8d4-4cec-ae77-194bd5c51c3e', 'name': 'network-vif-plugged', 'status': 'completed', 'tag': 'b7d4ce3c-c149-4310-a6e3-3790cb10b270', 'code': 200}
2026-07-09 14:22:36.525 9 INFO neutron.wsgi [req-a850d489-822b-4bbf-9c4c-a2a0002e1d2d req-e88ed9f0-1163-44d0-8178-ebd6a561a4c5 1c12bd7102624fdfb82b2b6a61c6cc60 117fadc272e14fc1bab0f978d3d4f3f8 - - default default] 10.0.0.146 "GET /v2.0/ports?device_id=73069d1d-c8d4-4cec-ae77-194bd5c51c3e HTTP/1.1" status: 200 len: 1170 time: 0.2632313
2026-07-09 14:22:36.603 9 INFO neutron.wsgi [None req-f30abd04-d1f9-405c-800c-0319dd9172f6 81a77bffd09941559906dcca23982b01 382ca9eb4d6543128ddae8b65532b70b - - default default] 10.0.0.38 "GET /v2.0/security-groups?tenant_id=e5f8ba1fead24ea4b015730860e43cae&name=default HTTP/1.1" status: 200 len: 3120 time: 0.4878395
2026-07-09 14:22:36.644 9 INFO neutron.wsgi [req-a850d489-822b-4bbf-9c4c-a2a0002e1d2d req-d9d22f3e-d4f6-4db2-8a68-b321482fa618 1c12bd7102624fdfb82b2b6a61c6cc60 117fadc272e14fc1bab0f978d3d4f3f8 - - default default] 10.0.0.146 "GET /v2.0/security-groups?id=0830b29d-1adc-45c3-9ebd-e5c94871b576&fields=id&fields=name HTTP/1.1" status: 200 len: 313 time: 0.1100802
2026-07-09 14:22:36.676 9 INFO neutron.wsgi [None req-aa0bd660-7a86-441d-89c6-9c7086d9f56d f0ab0cead0a8482cbd3f46df7ba3237b 4de0a78a0a2d40728a8e4cea88b5411f - - default default] 10.0.0.38 "DELETE /v2.0/routers/2586e1e4-e3b0-496d-bad2-4f7bf965b0b3 HTTP/1.1" status: 204 len: 168 time: 1.2814949
2026-07-09 14:22:36.705 9 INFO neutron.wsgi [None req-0f5af3e8-7c6f-436b-b4ed-6305cd4ad172 f0ab0cead0a8482cbd3f46df7ba3237b 4de0a78a0a2d40728a8e4cea88b5411f - - default default] 10.0.0.38 "GET /v2.0/ports?device_id=2586e1e4-e3b0-496d-bad2-4f7bf965b0b3 HTTP/1.1" status: 200 len: 205 time: 0.0227621
2026-07-09 14:22:36.727 10 INFO neutron.wsgi [None req-78ab1d73-eec4-488a-9f91-b5f4f2776471 2f102577277a4b68bfd9ca7c8bbfa2af d412b1491f9e4f4ea61b95cd01fa208d - - default default] 10.0.0.38 "GET /v2.0/ports?device_id=73069d1d-c8d4-4cec-ae77-194bd5c51c3e HTTP/1.1" status: 200 len: 1404 time: 0.0572271
2026-07-09 14:22:36.737 10 WARNING neutron_lib.context [None req-75ff6d12-0eaa-45d1-aa9d-386ba2e58398 1c12bd7102624fdfb82b2b6a61c6cc60 117fadc272e14fc1bab0f978d3d4f3f8 - - default default] Method 'is_advsvc' is deprecated since 2023.2 release (neutron-lib 3.8.0) and will be removed once support for the old RBAC API policies will be removed from Neutron. Please use method 'is_service_role' instead.
2026-07-09 14:22:36.741 9 INFO neutron.api.v2.resource [None req-baaffc0c-212e-49d0-a334-738e9bfc2622 f0ab0cead0a8482cbd3f46df7ba3237b 4de0a78a0a2d40728a8e4cea88b5411f - - default default] delete failed (client error): The resource could not be found.
2026-07-09 14:22:36.742 9 INFO neutron.wsgi [None req-baaffc0c-212e-49d0-a334-738e9bfc2622 f0ab0cead0a8482cbd3f46df7ba3237b 4de0a78a0a2d40728a8e4cea88b5411f - - default default] 10.0.0.38 "DELETE /v2.0/routers/2586e1e4-e3b0-496d-bad2-4f7bf965b0b3 HTTP/1.1" status: 404 len: 336 time: 0.0328240
2026-07-09 14:22:36.765 10 WARNING neutron_lib.context [None req-b6a41c5e-67f4-483b-8c8b-54a1e68dad21 a293c55657cf4c0a8802db1885cb1891 0065b52d795044b1af7cf4dab3ba5159 - - default default] Method 'is_advsvc' is deprecated since 2023.2 release (neutron-lib 3.8.0) and will be removed once support for the old RBAC API policies will be removed from Neutron. Please use method 'is_service_role' instead.
2026-07-09 14:22:36.769 9 INFO neutron.wsgi [None req-ac94f09a-b05a-4a6c-aa6f-305221887d00 f0ab0cead0a8482cbd3f46df7ba3237b 4de0a78a0a2d40728a8e4cea88b5411f - - default default] 10.0.0.38 "GET /v2.0/ports?device_id=041dd3de-bda0-41df-915a-e193922d62c5 HTTP/1.1" status: 200 len: 205 time: 0.0228038
2026-07-09 14:22:36.827 10 INFO neutron.api.v2.resource [None req-c0cac872-7730-4be9-a3a2-dbcd05964910 f0ab0cead0a8482cbd3f46df7ba3237b 4de0a78a0a2d40728a8e4cea88b5411f - - default default] delete failed (client error): The resource could not be found.
2026-07-09 14:22:36.828 10 INFO neutron.wsgi [None req-c0cac872-7730-4be9-a3a2-dbcd05964910 f0ab0cead0a8482cbd3f46df7ba3237b 4de0a78a0a2d40728a8e4cea88b5411f - - default default] 10.0.0.38 "DELETE /v2.0/routers/041dd3de-bda0-41df-915a-e193922d62c5 HTTP/1.1" status: 404 len: 336 time: 0.0543096
2026-07-09 14:22:36.870 10 INFO neutron.pecan_wsgi.hooks.translation [None req-963475ab-e5e5-463c-ab22-c062d134d863 f0ab0cead0a8482cbd3f46df7ba3237b 4de0a78a0a2d40728a8e4cea88b5411f - - default default] DELETE failed (client error): The resource could not be found.
2026-07-09 14:22:36.874 10 INFO neutron.wsgi [None req-963475ab-e5e5-463c-ab22-c062d134d863 f0ab0cead0a8482cbd3f46df7ba3237b 4de0a78a0a2d40728a8e4cea88b5411f - - default default] 10.0.0.38 "DELETE /v2.0/subnets/b4195ecb-1bb2-47a4-ba73-f4fde1b58899 HTTP/1.1" status: 404 len: 337 time: 0.0391114
2026-07-09 14:22:36.909 9 INFO neutron.wsgi [None req-ac36f498-e14e-4def-9e4e-d4a10662b868 81a77bffd09941559906dcca23982b01 382ca9eb4d6543128ddae8b65532b70b - - default default] 10.0.0.38 "DELETE /v2.0/security-groups/af72a305-a539-4f36-80b9-2fd4ebf2a0cd HTTP/1.1" status: 204 len: 168 time: 0.3006806
2026-07-09 14:22:36.912 9 INFO neutron.wsgi [None req-19e61afd-272f-4ae1-be10-f85fa1cf6a16 f0ab0cead0a8482cbd3f46df7ba3237b 4de0a78a0a2d40728a8e4cea88b5411f - - default default] 10.0.0.38 "GET /v2.0/ports?device_id=1f1ff5cb-952e-4261-b855-acf8577ac9f9 HTTP/1.1" status: 200 len: 205 time: 0.0312576
2026-07-09 14:22:36.945 9 INFO neutron.api.v2.resource [None req-920918a9-6ecd-44b6-8777-4fbf1d35a9b0 f0ab0cead0a8482cbd3f46df7ba3237b 4de0a78a0a2d40728a8e4cea88b5411f - - default default] delete failed (client error): The resource could not be found.
2026-07-09 14:22:36.946 9 INFO neutron.wsgi [None req-920918a9-6ecd-44b6-8777-4fbf1d35a9b0 f0ab0cead0a8482cbd3f46df7ba3237b 4de0a78a0a2d40728a8e4cea88b5411f - - default default] 10.0.0.38 "DELETE /v2.0/routers/1f1ff5cb-952e-4261-b855-acf8577ac9f9 HTTP/1.1" status: 404 len: 336 time: 0.0281634
2026-07-09 14:22:36.976 9 INFO neutron.pecan_wsgi.hooks.translation [None req-5972b207-a660-44b4-af5d-03623da2f507 f0ab0cead0a8482cbd3f46df7ba3237b 4de0a78a0a2d40728a8e4cea88b5411f - - default default] DELETE failed (client error): The resource could not be found.
2026-07-09 14:22:36.979 9 INFO neutron.wsgi [None req-5972b207-a660-44b4-af5d-03623da2f507 f0ab0cead0a8482cbd3f46df7ba3237b 4de0a78a0a2d40728a8e4cea88b5411f - - default default] 10.0.0.38 "DELETE /v2.0/subnets/91af5b2d-f58e-4569-96cb-34563a761bb1 HTTP/1.1" status: 404 len: 337 time: 0.0271640
2026-07-09 14:22:37.010 9 INFO neutron.wsgi [None req-031bbc34-b644-4d46-a183-bf8c06924aa3 f0ab0cead0a8482cbd3f46df7ba3237b 4de0a78a0a2d40728a8e4cea88b5411f - - default default] 10.0.0.38 "GET /v2.0/ports?device_id=ccd78740-f375-4ef6-917b-babcefff34b1 HTTP/1.1" status: 200 len: 205 time: 0.0262408
2026-07-09 14:22:37.061 10 INFO neutron.api.v2.resource [None req-62bca418-3528-492d-8703-170f6b1a0b35 f0ab0cead0a8482cbd3f46df7ba3237b 4de0a78a0a2d40728a8e4cea88b5411f - - default default] delete failed (client error): The resource could not be found.
2026-07-09 14:22:37.062 10 INFO neutron.wsgi [None req-62bca418-3528-492d-8703-170f6b1a0b35 f0ab0cead0a8482cbd3f46df7ba3237b 4de0a78a0a2d40728a8e4cea88b5411f - - default default] 10.0.0.38 "DELETE /v2.0/routers/ccd78740-f375-4ef6-917b-babcefff34b1 HTTP/1.1" status: 404 len: 336 time: 0.0427425
2026-07-09 14:22:37.088 9 INFO neutron.pecan_wsgi.hooks.translation [None req-e0706f18-855f-4661-9e40-992e3830bb89 f0ab0cead0a8482cbd3f46df7ba3237b 4de0a78a0a2d40728a8e4cea88b5411f - - default default] DELETE failed (client error): The resource could not be found.
2026-07-09 14:22:37.090 9 INFO neutron.wsgi [None req-e0706f18-855f-4661-9e40-992e3830bb89 f0ab0cead0a8482cbd3f46df7ba3237b 4de0a78a0a2d40728a8e4cea88b5411f - - default default] 10.0.0.38 "DELETE /v2.0/subnets/bc44adef-c711-409c-9725-97414fb141a5 HTTP/1.1" status: 404 len: 337 time: 0.0233374
2026-07-09 14:22:37.107 10 INFO neutron.db.ovn_revision_numbers_db [None req-b6a41c5e-67f4-483b-8c8b-54a1e68dad21 a293c55657cf4c0a8802db1885cb1891 0065b52d795044b1af7cf4dab3ba5159 - - default default] Successfully bumped revision number for resource 87ffd9c1-696e-4d42-a4b1-ea72046b68b1 (type: security_groups) to 1
2026-07-09 14:22:37.115 9 INFO neutron.pecan_wsgi.hooks.translation [None req-957797b8-6bcf-43d3-bbec-3013a54eefe0 f0ab0cead0a8482cbd3f46df7ba3237b 4de0a78a0a2d40728a8e4cea88b5411f - - default default] DELETE failed (client error): The resource could not be found.
2026-07-09 14:22:37.118 9 INFO neutron.wsgi [None req-957797b8-6bcf-43d3-bbec-3013a54eefe0 f0ab0cead0a8482cbd3f46df7ba3237b 4de0a78a0a2d40728a8e4cea88b5411f - - default default] 10.0.0.38 "DELETE /v2.0/subnets/11003bd5-862d-435b-8f70-3d415adde63d HTTP/1.1" status: 404 len: 337 time: 0.0210111
2026-07-09 14:22:37.137 10 INFO neutron.db.ovn_revision_numbers_db [None req-b6a41c5e-67f4-483b-8c8b-54a1e68dad21 a293c55657cf4c0a8802db1885cb1891 0065b52d795044b1af7cf4dab3ba5159 - - default default] Successfully bumped revision number for resource 56d783f9-2d71-4ebe-ae09-240bcab3a616 (type: security_group_rules) to 0
2026-07-09 14:22:37.157 10 INFO neutron.db.ovn_revision_numbers_db [None req-b6a41c5e-67f4-483b-8c8b-54a1e68dad21 a293c55657cf4c0a8802db1885cb1891 0065b52d795044b1af7cf4dab3ba5159 - - default default] Successfully bumped revision number for resource 68d656e8-147d-4cc6-915b-738b3679777e (type: security_group_rules) to 0
2026-07-09 14:22:37.182 10 WARNING neutron.scheduler.dhcp_agent_scheduler [None req-75ff6d12-0eaa-45d1-aa9d-386ba2e58398 1c12bd7102624fdfb82b2b6a61c6cc60 117fadc272e14fc1bab0f978d3d4f3f8 - - default default] No more DHCP agents
2026-07-09 14:22:37.184 10 WARNING neutron.api.rpc.agentnotifiers.dhcp_rpc_agent_api [None req-75ff6d12-0eaa-45d1-aa9d-386ba2e58398 1c12bd7102624fdfb82b2b6a61c6cc60 117fadc272e14fc1bab0f978d3d4f3f8 - - default default] Unable to schedule network 0b6c78b0-88d5-4e8d-a294-73ace6d91848: no agents available; will retry on subsequent port and subnet creation events.
2026-07-09 14:22:37.195 10 INFO neutron.db.ovn_revision_numbers_db [None req-b6a41c5e-67f4-483b-8c8b-54a1e68dad21 a293c55657cf4c0a8802db1885cb1891 0065b52d795044b1af7cf4dab3ba5159 - - default default] Successfully bumped revision number for resource 7b49ae90-a28a-4e2b-8960-70c53cad3c97 (type: security_group_rules) to 0
2026-07-09 14:22:37.211 10 INFO neutron.db.ovn_revision_numbers_db [None req-b6a41c5e-67f4-483b-8c8b-54a1e68dad21 a293c55657cf4c0a8802db1885cb1891 0065b52d795044b1af7cf4dab3ba5159 - - default default] Successfully bumped revision number for resource e311de43-0a7e-4d3e-bebb-74b5d21f45ec (type: security_group_rules) to 0
2026-07-09 14:22:37.277 10 INFO neutron.db.segments_db [None req-b6a41c5e-67f4-483b-8c8b-54a1e68dad21 a293c55657cf4c0a8802db1885cb1891 0065b52d795044b1af7cf4dab3ba5159 - - default default] Added segment 9cc15ffb-206e-49b1-827f-5135acfe2027 of type geneve for network 7b993efc-5c01-43eb-a83f-28bbb6ae55a2
2026-07-09 14:22:37.562 10 INFO neutron.db.ovn_revision_numbers_db [None req-b6a41c5e-67f4-483b-8c8b-54a1e68dad21 a293c55657cf4c0a8802db1885cb1891 0065b52d795044b1af7cf4dab3ba5159 - - default default] Successfully bumped revision number for resource 7b993efc-5c01-43eb-a83f-28bbb6ae55a2 (type: networks) to 1
2026-07-09 14:22:37.824 9 INFO neutron.wsgi [None req-987f9752-ca58-48ab-9488-8cce7bb1b9ef 81a77bffd09941559906dcca23982b01 382ca9eb4d6543128ddae8b65532b70b - - default default] 10.0.0.38 "GET /v2.0/security-groups?tenant_id=4de0a78a0a2d40728a8e4cea88b5411f&name=default HTTP/1.1" status: 200 len: 3120 time: 0.1855354
2026-07-09 14:22:38.126 9 INFO neutron.wsgi [None req-ecd01aeb-1573-4df0-abc1-074c0aab1134 81a77bffd09941559906dcca23982b01 382ca9eb4d6543128ddae8b65532b70b - - default default] 10.0.0.38 "DELETE /v2.0/security-groups/e9a56f48-a172-440c-9e10-4f4dcacddfdf HTTP/1.1" status: 204 len: 168 time: 0.2971649
2026-07-09 14:22:38.200 10 WARNING neutron.scheduler.dhcp_agent_scheduler [None req-b6a41c5e-67f4-483b-8c8b-54a1e68dad21 a293c55657cf4c0a8802db1885cb1891 0065b52d795044b1af7cf4dab3ba5159 - - default default] No more DHCP agents
2026-07-09 14:22:38.207 10 WARNING neutron.api.rpc.agentnotifiers.dhcp_rpc_agent_api [None req-b6a41c5e-67f4-483b-8c8b-54a1e68dad21 a293c55657cf4c0a8802db1885cb1891 0065b52d795044b1af7cf4dab3ba5159 - - default default] Unable to schedule network 7b993efc-5c01-43eb-a83f-28bbb6ae55a2: no agents available; will retry on subsequent port and subnet creation events.
2026-07-09 14:22:38.349 10 INFO neutron.db.ovn_revision_numbers_db [None req-b6a41c5e-67f4-483b-8c8b-54a1e68dad21 a293c55657cf4c0a8802db1885cb1891 0065b52d795044b1af7cf4dab3ba5159 - - default default] Successfully bumped revision number for resource a8fef544-4dae-4fb9-8c98-5cc901979195 (type: ports) to 1
2026-07-09 14:22:38.405 10 INFO neutron.wsgi [None req-b6a41c5e-67f4-483b-8c8b-54a1e68dad21 a293c55657cf4c0a8802db1885cb1891 0065b52d795044b1af7cf4dab3ba5159 - - default default] 10.0.0.38 "POST /v2.0/networks HTTP/1.1" status: 201 len: 831 time: 1.7233238
2026-07-09 14:22:38.416 9 WARNING neutron_lib.context [None req-3062c33d-65ab-4d9a-87ef-9ac9cab4dba4 a293c55657cf4c0a8802db1885cb1891 0065b52d795044b1af7cf4dab3ba5159 - - default default] Method 'is_advsvc' is deprecated since 2023.2 release (neutron-lib 3.8.0) and will be removed once support for the old RBAC API policies will be removed from Neutron. Please use method 'is_service_role' instead.
2026-07-09 14:22:38.653 9 WARNING neutron.scheduler.dhcp_agent_scheduler [None req-3062c33d-65ab-4d9a-87ef-9ac9cab4dba4 a293c55657cf4c0a8802db1885cb1891 0065b52d795044b1af7cf4dab3ba5159 - - default default] No more DHCP agents
2026-07-09 14:22:38.656 9 WARNING neutron.api.rpc.agentnotifiers.dhcp_rpc_agent_api [None req-3062c33d-65ab-4d9a-87ef-9ac9cab4dba4 a293c55657cf4c0a8802db1885cb1891 0065b52d795044b1af7cf4dab3ba5159 - - default default] Unable to schedule network 7b993efc-5c01-43eb-a83f-28bbb6ae55a2: no agents available; will retry on subsequent port and subnet creation events.
2026-07-09 14:22:38.751 10 INFO neutron.db.ovn_revision_numbers_db [None req-75ff6d12-0eaa-45d1-aa9d-386ba2e58398 1c12bd7102624fdfb82b2b6a61c6cc60 117fadc272e14fc1bab0f978d3d4f3f8 - - default default] Successfully bumped revision number for resource 170512b7-fb41-45cb-88d8-efad41f98bd7 (type: floatingips) to -1
2026-07-09 14:22:38.880 10 INFO neutron.db.ovn_revision_numbers_db [None req-75ff6d12-0eaa-45d1-aa9d-386ba2e58398 1c12bd7102624fdfb82b2b6a61c6cc60 117fadc272e14fc1bab0f978d3d4f3f8 - - default default] Successfully bumped revision number for resource 170512b7-fb41-45cb-88d8-efad41f98bd7 (type: floatingips) to 1
2026-07-09 14:22:38.880 10 INFO neutron.db.l3_db [None req-75ff6d12-0eaa-45d1-aa9d-386ba2e58398 1c12bd7102624fdfb82b2b6a61c6cc60 117fadc272e14fc1bab0f978d3d4f3f8 - - default default] Floating IP 170512b7-fb41-45cb-88d8-efad41f98bd7 associated. External IP: 10.96.250.205, port: b7d4ce3c-c149-4310-a6e3-3790cb10b270.
2026-07-09 14:22:38.930 10 INFO neutron.wsgi [None req-75ff6d12-0eaa-45d1-aa9d-386ba2e58398 1c12bd7102624fdfb82b2b6a61c6cc60 117fadc272e14fc1bab0f978d3d4f3f8 - - default default] 10.0.0.38 "POST /v2.0/floatingips HTTP/1.1" status: 201 len: 1054 time: 2.1973562
2026-07-09 14:22:38.982 10 INFO neutron.notifiers.nova [-] Nova event matching ['req-b4223b34-9d03-4360-8fe1-3070c87d3fdf'] response: {'name': 'network-changed', 'server_uuid': '73069d1d-c8d4-4cec-ae77-194bd5c51c3e', 'tag': 'b7d4ce3c-c149-4310-a6e3-3790cb10b270', 'status': 'completed', 'code': 200}
2026-07-09 14:22:39.029 10 INFO neutron.wsgi [None req-c19dfd4b-6120-4b7b-ae32-13f58fa07c7f 1c12bd7102624fdfb82b2b6a61c6cc60 117fadc272e14fc1bab0f978d3d4f3f8 - - default default] 10.0.0.38 "GET /v2.0/floatingips/170512b7-fb41-45cb-88d8-efad41f98bd7 HTTP/1.1" status: 200 len: 1051 time: 0.0912609
2026-07-09 14:22:39.065 10 INFO neutron.wsgi [req-73535f91-585b-4127-8738-e6cdefc6fa2a req-866c6483-c9ec-4558-a091-2e9d1dc7ac1f 98a6fadb8ea840298e4973fcccd1d622 8c40a5055bf74eeb9613dee1aba3e8fe - - a68933338202467fafdc0089282cadca a68933338202467fafdc0089282cadca] 199.19.213.152 "GET /v2.0/ports?tenant_id=117fadc272e14fc1bab0f978d3d4f3f8&device_id=73069d1d-c8d4-4cec-ae77-194bd5c51c3e HTTP/1.1" status: 200 len: 1409 time: 0.0679357
2026-07-09 14:22:39.147 10 INFO neutron.wsgi [req-73535f91-585b-4127-8738-e6cdefc6fa2a req-2a38e1bd-46a2-45f2-8339-9fe13cea9152 98a6fadb8ea840298e4973fcccd1d622 8c40a5055bf74eeb9613dee1aba3e8fe - - a68933338202467fafdc0089282cadca a68933338202467fafdc0089282cadca] 199.19.213.152 "GET /v2.0/networks?id=fff6c0ec-e000-4698-bf89-ea1eb6f99c0d HTTP/1.1" status: 200 len: 959 time: 0.0752962
2026-07-09 14:22:39.182 9 INFO neutron.db.ovn_revision_numbers_db [None req-3062c33d-65ab-4d9a-87ef-9ac9cab4dba4 a293c55657cf4c0a8802db1885cb1891 0065b52d795044b1af7cf4dab3ba5159 - - default default] Successfully bumped revision number for resource a8fef544-4dae-4fb9-8c98-5cc901979195 (type: ports) to 2
2026-07-09 14:22:39.219 9 INFO neutron.db.ovn_revision_numbers_db [None req-3062c33d-65ab-4d9a-87ef-9ac9cab4dba4 a293c55657cf4c0a8802db1885cb1891 0065b52d795044b1af7cf4dab3ba5159 - - default default] Successfully bumped revision number for resource 1d40e373-2486-4b47-be9b-b7cb5d39a54b (type: subnets) to 0
2026-07-09 14:22:39.229 10 INFO neutron.wsgi [req-73535f91-585b-4127-8738-e6cdefc6fa2a req-2d4542e0-b35e-4c73-aee1-aea696cac731 98a6fadb8ea840298e4973fcccd1d622 8c40a5055bf74eeb9613dee1aba3e8fe - - a68933338202467fafdc0089282cadca a68933338202467fafdc0089282cadca] 199.19.213.152 "GET /v2.0/floatingips?fixed_ip_address=10.100.0.6&port_id=b7d4ce3c-c149-4310-a6e3-3790cb10b270 HTTP/1.1" status: 200 len: 1059 time: 0.0750289
2026-07-09 14:22:39.240 9 INFO neutron.wsgi [None req-3062c33d-65ab-4d9a-87ef-9ac9cab4dba4 a293c55657cf4c0a8802db1885cb1891 0065b52d795044b1af7cf4dab3ba5159 - - default default] 10.0.0.38 "POST /v2.0/subnets HTTP/1.1" status: 201 len: 801 time: 0.8298025
2026-07-09 14:22:39.249 9 WARNING neutron_lib.context [None req-b9740515-76fd-4969-a8e4-dc7c6f5ec27e a293c55657cf4c0a8802db1885cb1891 0065b52d795044b1af7cf4dab3ba5159 - - default default] Method 'is_advsvc' is deprecated since 2023.2 release (neutron-lib 3.8.0) and will be removed once support for the old RBAC API policies will be removed from Neutron. Please use method 'is_service_role' instead.
2026-07-09 14:22:39.278 10 INFO neutron.wsgi [req-73535f91-585b-4127-8738-e6cdefc6fa2a req-dd332bc7-7b60-4763-ba15-54a88ee8d916 98a6fadb8ea840298e4973fcccd1d622 8c40a5055bf74eeb9613dee1aba3e8fe - - a68933338202467fafdc0089282cadca a68933338202467fafdc0089282cadca] 199.19.213.152 "GET /v2.0/subnets?id=b5d151aa-95b9-4ccd-9937-976ecb359fbc HTTP/1.1" status: 200 len: 852 time: 0.0414429
2026-07-09 14:22:39.318 10 INFO neutron.wsgi [req-73535f91-585b-4127-8738-e6cdefc6fa2a req-6b48f72a-db8c-45c0-b636-24577df9e6e6 98a6fadb8ea840298e4973fcccd1d622 8c40a5055bf74eeb9613dee1aba3e8fe - - a68933338202467fafdc0089282cadca a68933338202467fafdc0089282cadca] 199.19.213.152 "GET /v2.0/ports?network_id=fff6c0ec-e000-4698-bf89-ea1eb6f99c0d&device_owner=network%3Adhcp HTTP/1.1" status: 200 len: 210 time: 0.0327907
2026-07-09 14:22:39.354 9 INFO neutron.db.segments_db [None req-b9740515-76fd-4969-a8e4-dc7c6f5ec27e a293c55657cf4c0a8802db1885cb1891 0065b52d795044b1af7cf4dab3ba5159 - - default default] Added segment 9232e871-057a-47ed-8d23-02c39d6340d2 of type geneve for network fd1a10fc-5a8c-489b-807a-99d2264e5d3d
2026-07-09 14:22:39.393 10 INFO neutron.wsgi [req-73535f91-585b-4127-8738-e6cdefc6fa2a req-2a7dc8d3-7333-40dc-aaaf-ffe3db13fa33 98a6fadb8ea840298e4973fcccd1d622 8c40a5055bf74eeb9613dee1aba3e8fe - - a68933338202467fafdc0089282cadca a68933338202467fafdc0089282cadca] 199.19.213.152 "GET /v2.0/networks/fff6c0ec-e000-4698-bf89-ea1eb6f99c0d?fields=segments HTTP/1.1" status: 200 len: 212 time: 0.0680006
2026-07-09 14:22:39.481 10 INFO neutron.wsgi [req-73535f91-585b-4127-8738-e6cdefc6fa2a req-95aec7c8-afd0-4e6d-8657-609a89db9499 98a6fadb8ea840298e4973fcccd1d622 8c40a5055bf74eeb9613dee1aba3e8fe - - a68933338202467fafdc0089282cadca a68933338202467fafdc0089282cadca] 199.19.213.152 "GET /v2.0/networks/fff6c0ec-e000-4698-bf89-ea1eb6f99c0d?fields=provider%3Aphysical_network&fields=provider%3Anetwork_type HTTP/1.1" status: 200 len: 277 time: 0.0810235
2026-07-09 14:22:39.493 9 INFO neutron.db.ovn_revision_numbers_db [None req-b9740515-76fd-4969-a8e4-dc7c6f5ec27e a293c55657cf4c0a8802db1885cb1891 0065b52d795044b1af7cf4dab3ba5159 - - default default] Successfully bumped revision number for resource fd1a10fc-5a8c-489b-807a-99d2264e5d3d (type: networks) to 1
2026-07-09 14:22:39.692 9 WARNING neutron.scheduler.dhcp_agent_scheduler [None req-b9740515-76fd-4969-a8e4-dc7c6f5ec27e a293c55657cf4c0a8802db1885cb1891 0065b52d795044b1af7cf4dab3ba5159 - - default default] No more DHCP agents
2026-07-09 14:22:39.696 9 WARNING neutron.api.rpc.agentnotifiers.dhcp_rpc_agent_api [None req-b9740515-76fd-4969-a8e4-dc7c6f5ec27e a293c55657cf4c0a8802db1885cb1891 0065b52d795044b1af7cf4dab3ba5159 - - default default] Unable to schedule network fd1a10fc-5a8c-489b-807a-99d2264e5d3d: no agents available; will retry on subsequent port and subnet creation events.
2026-07-09 14:22:39.781 9 INFO neutron.db.ovn_revision_numbers_db [None req-b9740515-76fd-4969-a8e4-dc7c6f5ec27e a293c55657cf4c0a8802db1885cb1891 0065b52d795044b1af7cf4dab3ba5159 - - default default] Successfully bumped revision number for resource 48d2b68d-296e-4faf-bca5-4d84cd6ac38a (type: ports) to 1
2026-07-09 14:22:39.805 9 INFO neutron.wsgi [None req-b9740515-76fd-4969-a8e4-dc7c6f5ec27e a293c55657cf4c0a8802db1885cb1891 0065b52d795044b1af7cf4dab3ba5159 - - default default] 10.0.0.38 "POST /v2.0/networks HTTP/1.1" status: 201 len: 830 time: 0.5601823
2026-07-09 14:22:39.816 9 WARNING neutron_lib.context [None req-9c261d87-3712-413b-bb07-0fbd827488b7 a293c55657cf4c0a8802db1885cb1891 0065b52d795044b1af7cf4dab3ba5159 - - default default] Method 'is_advsvc' is deprecated since 2023.2 release (neutron-lib 3.8.0) and will be removed once support for the old RBAC API policies will be removed from Neutron. Please use method 'is_service_role' instead.
2026-07-09 14:22:39.930 10 WARNING neutron.plugins.ml2.drivers.ovn.mech_driver.ovsdb.ovn_client [None req-b7f09dd7-66e4-4e23-b4b0-b3d8561965c0 - - - - - -] No port found with ID 6a1c8eef-5f37-45ba-9881-6758c140910b: RuntimeError: No port found with ID 6a1c8eef-5f37-45ba-9881-6758c140910b
2026-07-09 14:22:40.102 9 WARNING neutron.scheduler.dhcp_agent_scheduler [None req-9c261d87-3712-413b-bb07-0fbd827488b7 a293c55657cf4c0a8802db1885cb1891 0065b52d795044b1af7cf4dab3ba5159 - - default default] No more DHCP agents
2026-07-09 14:22:40.107 9 WARNING neutron.api.rpc.agentnotifiers.dhcp_rpc_agent_api [None req-9c261d87-3712-413b-bb07-0fbd827488b7 a293c55657cf4c0a8802db1885cb1891 0065b52d795044b1af7cf4dab3ba5159 - - default default] Unable to schedule network fd1a10fc-5a8c-489b-807a-99d2264e5d3d: no agents available; will retry on subsequent port and subnet creation events.
2026-07-09 14:22:40.685 9 INFO neutron.db.ovn_revision_numbers_db [None req-9c261d87-3712-413b-bb07-0fbd827488b7 a293c55657cf4c0a8802db1885cb1891 0065b52d795044b1af7cf4dab3ba5159 - - default default] Successfully bumped revision number for resource 48d2b68d-296e-4faf-bca5-4d84cd6ac38a (type: ports) to 2
2026-07-09 14:22:40.735 9 INFO neutron.db.ovn_revision_numbers_db [None req-9c261d87-3712-413b-bb07-0fbd827488b7 a293c55657cf4c0a8802db1885cb1891 0065b52d795044b1af7cf4dab3ba5159 - - default default] Successfully bumped revision number for resource 8e220f46-764d-4082-a2c4-f2dc978e0e73 (type: subnets) to 0
2026-07-09 14:22:40.756 9 INFO neutron.wsgi [None req-9c261d87-3712-413b-bb07-0fbd827488b7 a293c55657cf4c0a8802db1885cb1891 0065b52d795044b1af7cf4dab3ba5159 - - default default] 10.0.0.38 "POST /v2.0/subnets HTTP/1.1" status: 201 len: 804 time: 0.9453793
2026-07-09 14:22:40.767 9 WARNING neutron_lib.context [None req-18c3d7f0-ccf2-45dc-b873-25678344b0d3 a293c55657cf4c0a8802db1885cb1891 0065b52d795044b1af7cf4dab3ba5159 - - default default] Method 'is_advsvc' is deprecated since 2023.2 release (neutron-lib 3.8.0) and will be removed once support for the old RBAC API policies will be removed from Neutron. Please use method 'is_service_role' instead.
2026-07-09 14:22:40.863 9 INFO neutron.db.segments_db [None req-18c3d7f0-ccf2-45dc-b873-25678344b0d3 a293c55657cf4c0a8802db1885cb1891 0065b52d795044b1af7cf4dab3ba5159 - - default default] Added segment ceaff076-70ea-4086-92d9-fdb62dbdd568 of type geneve for network 2a6fcad4-70cf-49ef-8a3f-20f4d349e28a
2026-07-09 14:22:41.024 9 INFO neutron.db.ovn_revision_numbers_db [None req-18c3d7f0-ccf2-45dc-b873-25678344b0d3 a293c55657cf4c0a8802db1885cb1891 0065b52d795044b1af7cf4dab3ba5159 - - default default] Successfully bumped revision number for resource 2a6fcad4-70cf-49ef-8a3f-20f4d349e28a (type: networks) to 1
2026-07-09 14:22:41.204 9 WARNING neutron.scheduler.dhcp_agent_scheduler [None req-18c3d7f0-ccf2-45dc-b873-25678344b0d3 a293c55657cf4c0a8802db1885cb1891 0065b52d795044b1af7cf4dab3ba5159 - - default default] No more DHCP agents
2026-07-09 14:22:41.207 9 WARNING neutron.api.rpc.agentnotifiers.dhcp_rpc_agent_api [None req-18c3d7f0-ccf2-45dc-b873-25678344b0d3 a293c55657cf4c0a8802db1885cb1891 0065b52d795044b1af7cf4dab3ba5159 - - default default] Unable to schedule network 2a6fcad4-70cf-49ef-8a3f-20f4d349e28a: no agents available; will retry on subsequent port and subnet creation events.
2026-07-09 14:22:41.294 9 INFO neutron.db.ovn_revision_numbers_db [None req-18c3d7f0-ccf2-45dc-b873-25678344b0d3 a293c55657cf4c0a8802db1885cb1891 0065b52d795044b1af7cf4dab3ba5159 - - default default] Successfully bumped revision number for resource 84e33f5a-bc3a-4d92-8f9b-0112b197becd (type: ports) to 1
2026-07-09 14:22:41.320 9 INFO neutron.wsgi [None req-18c3d7f0-ccf2-45dc-b873-25678344b0d3 a293c55657cf4c0a8802db1885cb1891 0065b52d795044b1af7cf4dab3ba5159 - - default default] 10.0.0.38 "POST /v2.0/networks HTTP/1.1" status: 201 len: 831 time: 0.5582900
2026-07-09 14:22:41.331 9 WARNING neutron_lib.context [None req-fcad9695-7991-4a5a-b2b4-f3e39fdf1559 a293c55657cf4c0a8802db1885cb1891 0065b52d795044b1af7cf4dab3ba5159 - - default default] Method 'is_advsvc' is deprecated since 2023.2 release (neutron-lib 3.8.0) and will be removed once support for the old RBAC API policies will be removed from Neutron. Please use method 'is_service_role' instead.
2026-07-09 14:22:41.595 9 WARNING neutron.scheduler.dhcp_agent_scheduler [None req-fcad9695-7991-4a5a-b2b4-f3e39fdf1559 a293c55657cf4c0a8802db1885cb1891 0065b52d795044b1af7cf4dab3ba5159 - - default default] No more DHCP agents
2026-07-09 14:22:41.597 9 WARNING neutron.api.rpc.agentnotifiers.dhcp_rpc_agent_api [None req-fcad9695-7991-4a5a-b2b4-f3e39fdf1559 a293c55657cf4c0a8802db1885cb1891 0065b52d795044b1af7cf4dab3ba5159 - - default default] Unable to schedule network 2a6fcad4-70cf-49ef-8a3f-20f4d349e28a: no agents available; will retry on subsequent port and subnet creation events.
2026-07-09 14:22:42.187 9 INFO neutron.db.ovn_revision_numbers_db [None req-fcad9695-7991-4a5a-b2b4-f3e39fdf1559 a293c55657cf4c0a8802db1885cb1891 0065b52d795044b1af7cf4dab3ba5159 - - default default] Successfully bumped revision number for resource 84e33f5a-bc3a-4d92-8f9b-0112b197becd (type: ports) to 2
2026-07-09 14:22:42.230 9 INFO neutron.db.ovn_revision_numbers_db [None req-fcad9695-7991-4a5a-b2b4-f3e39fdf1559 a293c55657cf4c0a8802db1885cb1891 0065b52d795044b1af7cf4dab3ba5159 - - default default] Successfully bumped revision number for resource 9a55f895-a7ed-4b32-b553-4931c0b0148c (type: subnets) to 0
2026-07-09 14:22:42.253 9 INFO neutron.wsgi [None req-fcad9695-7991-4a5a-b2b4-f3e39fdf1559 a293c55657cf4c0a8802db1885cb1891 0065b52d795044b1af7cf4dab3ba5159 - - default default] 10.0.0.38 "POST /v2.0/subnets HTTP/1.1" status: 201 len: 804 time: 0.9283261
2026-07-09 14:22:42.264 9 WARNING neutron_lib.context [None req-942433ed-3661-4c3f-8453-3df1f9d11075 a293c55657cf4c0a8802db1885cb1891 0065b52d795044b1af7cf4dab3ba5159 - - default default] Method 'is_advsvc' is deprecated since 2023.2 release (neutron-lib 3.8.0) and will be removed once support for the old RBAC API policies will be removed from Neutron. Please use method 'is_service_role' instead.
2026-07-09 14:22:42.359 9 INFO neutron.db.segments_db [None req-942433ed-3661-4c3f-8453-3df1f9d11075 a293c55657cf4c0a8802db1885cb1891 0065b52d795044b1af7cf4dab3ba5159 - - default default] Added segment 854f3154-9415-425c-9706-ef38665064d8 of type geneve for network 8cbb40d9-e71d-477e-a622-3d8be97979f5
2026-07-09 14:22:42.535 9 INFO neutron.db.ovn_revision_numbers_db [None req-942433ed-3661-4c3f-8453-3df1f9d11075 a293c55657cf4c0a8802db1885cb1891 0065b52d795044b1af7cf4dab3ba5159 - - default default] Successfully bumped revision number for resource 8cbb40d9-e71d-477e-a622-3d8be97979f5 (type: networks) to 1
2026-07-09 14:22:42.716 9 WARNING neutron.scheduler.dhcp_agent_scheduler [None req-942433ed-3661-4c3f-8453-3df1f9d11075 a293c55657cf4c0a8802db1885cb1891 0065b52d795044b1af7cf4dab3ba5159 - - default default] No more DHCP agents
2026-07-09 14:22:42.719 9 WARNING neutron.api.rpc.agentnotifiers.dhcp_rpc_agent_api [None req-942433ed-3661-4c3f-8453-3df1f9d11075 a293c55657cf4c0a8802db1885cb1891 0065b52d795044b1af7cf4dab3ba5159 - - default default] Unable to schedule network 8cbb40d9-e71d-477e-a622-3d8be97979f5: no agents available; will retry on subsequent port and subnet creation events. /var/lib/openstack/lib/python3.10/site-packages/pycadf/identifier.py:71: UserWarning: Invalid uuid: neutron. To ensure interoperability, identifiers should be a valid uuid. warnings.warn(('Invalid uuid: %s. To ensure interoperability, '
2026-07-09 14:22:42.842 9 INFO neutron.db.ovn_revision_numbers_db [None req-942433ed-3661-4c3f-8453-3df1f9d11075 a293c55657cf4c0a8802db1885cb1891 0065b52d795044b1af7cf4dab3ba5159 - - default default] Successfully bumped revision number for resource 8630976e-17f9-42a4-a414-045ad4542213 (type: ports) to 1
2026-07-09 14:22:42.869 9 INFO neutron.wsgi [None req-942433ed-3661-4c3f-8453-3df1f9d11075 a293c55657cf4c0a8802db1885cb1891 0065b52d795044b1af7cf4dab3ba5159 - - default default] 10.0.0.38 "POST /v2.0/networks HTTP/1.1" status: 201 len: 831 time: 0.6098435
2026-07-09 14:22:42.885 9 WARNING neutron_lib.context [None req-064c5a11-4297-48d8-a3c0-a98b8ce9d79a a293c55657cf4c0a8802db1885cb1891 0065b52d795044b1af7cf4dab3ba5159 - - default default] Method 'is_advsvc' is deprecated since 2023.2 release (neutron-lib 3.8.0) and will be removed once support for the old RBAC API policies will be removed from Neutron. Please use method 'is_service_role' instead.
2026-07-09 14:22:42.894 10 INFO neutron.db.ovn_revision_numbers_db [None req-f7987a81-2ab8-4c34-8d3b-41c78d883d4f 81a77bffd09941559906dcca23982b01 382ca9eb4d6543128ddae8b65532b70b - - default default] Successfully bumped revision number for resource 75e20224-18b6-439c-933a-1f227e3ef4a2 (type: security_groups) to 1
2026-07-09 14:22:42.909 10 INFO neutron.db.ovn_revision_numbers_db [None req-f7987a81-2ab8-4c34-8d3b-41c78d883d4f 81a77bffd09941559906dcca23982b01 382ca9eb4d6543128ddae8b65532b70b - - default default] Successfully bumped revision number for resource 1db7d90f-58e9-47c2-9c89-008107f2f94d (type: security_group_rules) to 0
2026-07-09 14:22:42.925 10 INFO neutron.db.ovn_revision_numbers_db [None req-f7987a81-2ab8-4c34-8d3b-41c78d883d4f 81a77bffd09941559906dcca23982b01 382ca9eb4d6543128ddae8b65532b70b - - default default] Successfully bumped revision number for resource 2d60d1a2-ac77-4385-a64b-e6b9df57453c (type: security_group_rules) to 0
2026-07-09 14:22:42.944 10 INFO neutron.db.ovn_revision_numbers_db [None req-f7987a81-2ab8-4c34-8d3b-41c78d883d4f 81a77bffd09941559906dcca23982b01 382ca9eb4d6543128ddae8b65532b70b - - default default] Successfully bumped revision number for resource 8f99a800-566b-441d-92a9-bf704ab0aede (type: security_group_rules) to 0
2026-07-09 14:22:42.967 10 INFO neutron.db.ovn_revision_numbers_db [None req-f7987a81-2ab8-4c34-8d3b-41c78d883d4f 81a77bffd09941559906dcca23982b01 382ca9eb4d6543128ddae8b65532b70b - - default default] Successfully bumped revision number for resource d60ae24d-9556-48ef-bd8b-801a4598d686 (type: security_group_rules) to 0
2026-07-09 14:22:43.013 10 INFO neutron.wsgi [None req-f7987a81-2ab8-4c34-8d3b-41c78d883d4f 81a77bffd09941559906dcca23982b01 382ca9eb4d6543128ddae8b65532b70b - - default default] 10.0.0.38 "GET /v2.0/security-groups?tenant_id=f23d50792c4046fbad7592839c1e5996&name=default HTTP/1.1" status: 200 len: 3120 time: 0.4602377
2026-07-09 14:22:43.197 9 WARNING neutron.scheduler.dhcp_agent_scheduler [None req-064c5a11-4297-48d8-a3c0-a98b8ce9d79a a293c55657cf4c0a8802db1885cb1891 0065b52d795044b1af7cf4dab3ba5159 - - default default] No more DHCP agents
2026-07-09 14:22:43.200 9 WARNING neutron.api.rpc.agentnotifiers.dhcp_rpc_agent_api [None req-064c5a11-4297-48d8-a3c0-a98b8ce9d79a a293c55657cf4c0a8802db1885cb1891 0065b52d795044b1af7cf4dab3ba5159 - - default default] Unable to schedule network 8cbb40d9-e71d-477e-a622-3d8be97979f5: no agents available; will retry on subsequent port and subnet creation events.
2026-07-09 14:22:43.317 10 INFO neutron.wsgi [None req-b119d060-14a0-4ebb-a3b0-59c48b761ab9 81a77bffd09941559906dcca23982b01 382ca9eb4d6543128ddae8b65532b70b - - default default] 10.0.0.38 "DELETE /v2.0/security-groups/75e20224-18b6-439c-933a-1f227e3ef4a2 HTTP/1.1" status: 204 len: 168 time: 0.3000917
2026-07-09 14:22:43.554 10 INFO neutron.db.ovn_revision_numbers_db [None req-a185dab1-66f8-4f84-8313-dc7e3b92eef3 81a77bffd09941559906dcca23982b01 382ca9eb4d6543128ddae8b65532b70b - - default default] Successfully bumped revision number for resource 8b27d2c7-b9cf-4468-8994-1b5141c4b4c4 (type: security_groups) to 1
2026-07-09 14:22:43.572 10 INFO neutron.db.ovn_revision_numbers_db [None req-a185dab1-66f8-4f84-8313-dc7e3b92eef3 81a77bffd09941559906dcca23982b01 382ca9eb4d6543128ddae8b65532b70b - - default default] Successfully bumped revision number for resource 2c3e144e-3d59-440f-b269-7c0830ccd75a (type: security_group_rules) to 0
2026-07-09 14:22:43.587 10 INFO neutron.db.ovn_revision_numbers_db [None req-a185dab1-66f8-4f84-8313-dc7e3b92eef3 81a77bffd09941559906dcca23982b01 382ca9eb4d6543128ddae8b65532b70b - - default default] Successfully bumped revision number for resource 3a3f2bc3-838d-406c-9e51-548e6b884018 (type: security_group_rules) to 0
2026-07-09 14:22:43.604 10 INFO neutron.db.ovn_revision_numbers_db [None req-a185dab1-66f8-4f84-8313-dc7e3b92eef3 81a77bffd09941559906dcca23982b01 382ca9eb4d6543128ddae8b65532b70b - - default default] Successfully bumped revision number for resource 822f1edd-143a-4049-bc7a-8dbb22cf9df2 (type: security_group_rules) to 0
2026-07-09 14:22:43.618 10 INFO neutron.db.ovn_revision_numbers_db [None req-a185dab1-66f8-4f84-8313-dc7e3b92eef3 81a77bffd09941559906dcca23982b01 382ca9eb4d6543128ddae8b65532b70b - - default default] Successfully bumped revision number for resource f82a3c6f-caf9-433a-83cf-8577fa3c1378 (type: security_group_rules) to 0
2026-07-09 14:22:43.641 10 INFO neutron.wsgi [None req-a185dab1-66f8-4f84-8313-dc7e3b92eef3 81a77bffd09941559906dcca23982b01 382ca9eb4d6543128ddae8b65532b70b - - default default] 10.0.0.38 "GET /v2.0/security-groups?tenant_id=aa1c672005054d4097a94fd67a561f93&name=default HTTP/1.1" status: 200 len: 3120 time: 0.2261243
2026-07-09 14:22:43.992 9 INFO neutron.wsgi [None req-b12a538b-c1cc-445b-8601-d725bd7edeff 81a77bffd09941559906dcca23982b01 382ca9eb4d6543128ddae8b65532b70b - - default default] 10.0.0.38 "DELETE /v2.0/security-groups/8b27d2c7-b9cf-4468-8994-1b5141c4b4c4 HTTP/1.1" status: 204 len: 168 time: 0.3462186
2026-07-09 14:22:44.038 9 INFO neutron.db.ovn_revision_numbers_db [None req-064c5a11-4297-48d8-a3c0-a98b8ce9d79a a293c55657cf4c0a8802db1885cb1891 0065b52d795044b1af7cf4dab3ba5159 - - default default] Successfully bumped revision number for resource 8630976e-17f9-42a4-a414-045ad4542213 (type: ports) to 2
2026-07-09 14:22:44.086 9 INFO neutron.db.ovn_revision_numbers_db [None req-064c5a11-4297-48d8-a3c0-a98b8ce9d79a a293c55657cf4c0a8802db1885cb1891 0065b52d795044b1af7cf4dab3ba5159 - - default default] Successfully bumped revision number for resource f713254c-c5c1-414f-a7c7-722b9721c12b (type: subnets) to 0
2026-07-09 14:22:44.106 9 INFO neutron.wsgi [None req-064c5a11-4297-48d8-a3c0-a98b8ce9d79a a293c55657cf4c0a8802db1885cb1891 0065b52d795044b1af7cf4dab3ba5159 - - default default] 10.0.0.38 "POST /v2.0/subnets HTTP/1.1" status: 201 len: 804 time: 1.2263272
2026-07-09 14:22:44.116 9 WARNING neutron_lib.context [None req-1a6c0b9a-a530-43b3-946b-de9fc480a428 a293c55657cf4c0a8802db1885cb1891 0065b52d795044b1af7cf4dab3ba5159 - - default default] Method 'is_advsvc' is deprecated since 2023.2 release (neutron-lib 3.8.0) and will be removed once support for the old RBAC API policies will be removed from Neutron. Please use method 'is_service_role' instead.
2026-07-09 14:22:44.204 9 INFO neutron.db.segments_db [None req-1a6c0b9a-a530-43b3-946b-de9fc480a428 a293c55657cf4c0a8802db1885cb1891 0065b52d795044b1af7cf4dab3ba5159 - - default default] Added segment 728ef01a-041e-408e-b87e-2870582abaca of type geneve for network 9951cc3d-0b9d-4298-9d28-1a95291dc7b2
2026-07-09 14:22:44.375 9 INFO neutron.db.ovn_revision_numbers_db [None req-1a6c0b9a-a530-43b3-946b-de9fc480a428 a293c55657cf4c0a8802db1885cb1891 0065b52d795044b1af7cf4dab3ba5159 - - default default] Successfully bumped revision number for resource 9951cc3d-0b9d-4298-9d28-1a95291dc7b2 (type: networks) to 1
2026-07-09 14:22:44.585 9 WARNING neutron.scheduler.dhcp_agent_scheduler [None req-1a6c0b9a-a530-43b3-946b-de9fc480a428 a293c55657cf4c0a8802db1885cb1891 0065b52d795044b1af7cf4dab3ba5159 - - default default] No more DHCP agents
2026-07-09 14:22:44.587 9 WARNING neutron.api.rpc.agentnotifiers.dhcp_rpc_agent_api [None req-1a6c0b9a-a530-43b3-946b-de9fc480a428 a293c55657cf4c0a8802db1885cb1891 0065b52d795044b1af7cf4dab3ba5159 - - default default] Unable to schedule network 9951cc3d-0b9d-4298-9d28-1a95291dc7b2: no agents available; will retry on subsequent port and subnet creation events.
2026-07-09 14:22:44.695 9 INFO neutron.db.ovn_revision_numbers_db [None req-1a6c0b9a-a530-43b3-946b-de9fc480a428 a293c55657cf4c0a8802db1885cb1891 0065b52d795044b1af7cf4dab3ba5159 - - default default] Successfully bumped revision number for resource fc844ae1-f636-408f-8c90-f12421ef26e4 (type: ports) to 1
2026-07-09 14:22:44.723 9 INFO neutron.wsgi [None req-1a6c0b9a-a530-43b3-946b-de9fc480a428 a293c55657cf4c0a8802db1885cb1891 0065b52d795044b1af7cf4dab3ba5159 - - default default] 10.0.0.38 "POST /v2.0/networks HTTP/1.1" status: 201 len: 831 time: 0.6116629
2026-07-09 14:22:44.734 10 WARNING neutron_lib.context [None req-35e1874d-05ab-4f6d-a33f-e0e2368a3e88 a293c55657cf4c0a8802db1885cb1891 0065b52d795044b1af7cf4dab3ba5159 - - default default] Method 'is_advsvc' is deprecated since 2023.2 release (neutron-lib 3.8.0) and will be removed once support for the old RBAC API policies will be removed from Neutron. Please use method 'is_service_role' instead.
2026-07-09 14:22:45.062 10 WARNING neutron.scheduler.dhcp_agent_scheduler [None req-35e1874d-05ab-4f6d-a33f-e0e2368a3e88 a293c55657cf4c0a8802db1885cb1891 0065b52d795044b1af7cf4dab3ba5159 - - default default] No more DHCP agents
2026-07-09 14:22:45.064 10 WARNING neutron.api.rpc.agentnotifiers.dhcp_rpc_agent_api [None req-35e1874d-05ab-4f6d-a33f-e0e2368a3e88 a293c55657cf4c0a8802db1885cb1891 0065b52d795044b1af7cf4dab3ba5159 - - default default] Unable to schedule network 9951cc3d-0b9d-4298-9d28-1a95291dc7b2: no agents available; will retry on subsequent port and subnet creation events.
2026-07-09 14:22:45.683 10 INFO neutron.db.ovn_revision_numbers_db [None req-35e1874d-05ab-4f6d-a33f-e0e2368a3e88 a293c55657cf4c0a8802db1885cb1891 0065b52d795044b1af7cf4dab3ba5159 - - default default] Successfully bumped revision number for resource fc844ae1-f636-408f-8c90-f12421ef26e4 (type: ports) to 2
2026-07-09 14:22:45.749 10 INFO neutron.db.ovn_revision_numbers_db [None req-35e1874d-05ab-4f6d-a33f-e0e2368a3e88 a293c55657cf4c0a8802db1885cb1891 0065b52d795044b1af7cf4dab3ba5159 - - default default] Successfully bumped revision number for resource 11a2fb7f-1759-47c4-8bbd-687909320f2a (type: subnets) to 0
2026-07-09 14:22:45.788 10 INFO neutron.wsgi [None req-35e1874d-05ab-4f6d-a33f-e0e2368a3e88 a293c55657cf4c0a8802db1885cb1891 0065b52d795044b1af7cf4dab3ba5159 - - default default] 10.0.0.38 "POST /v2.0/subnets HTTP/1.1" status: 201 len: 804 time: 1.0592933
2026-07-09 14:22:45.875 10 INFO neutron.wsgi [None req-1b121fea-9b8f-4ede-9522-e63a67ade675 a293c55657cf4c0a8802db1885cb1891 0065b52d795044b1af7cf4dab3ba5159 - - default default] 10.0.0.38 "PUT /v2.0/subnets/1d40e373-2486-4b47-be9b-b7cb5d39a54b/tags HTTP/1.1" status: 200 len: 210 time: 0.0824974
