2026-07-09 14:20:55.910 10 INFO neutron.wsgi [None req-6d8564c7-26d0-4438-8076-d4d33b58595d b77f461b676a4701906916099e724636 9cf20e5ef44d4e31984be15360eec044 - - default default] 10.0.0.38 "GET /v2.0/extensions/qos-pps-minimum HTTP/1.1" status: 200 len: 397 time: 0.0068383
2026-07-09 14:20:55.920 10 INFO neutron.wsgi [None req-a1815f8a-ad4a-48c8-9dba-42c607b40eb7 b77f461b676a4701906916099e724636 9cf20e5ef44d4e31984be15360eec044 - - default default] 10.0.0.38 "GET /v2.0/extensions/qos-pps-minimum-rule-alias HTTP/1.1" status: 200 len: 471 time: 0.0048306
2026-07-09 14:20:55.934 9 INFO neutron.wsgi [None req-7e07f431-7877-4fb6-99cc-bd6f3bd5e2e9 b77f461b676a4701906916099e724636 9cf20e5ef44d4e31984be15360eec044 - - default default] 10.0.0.38 "GET /v2.0/extensions/qos-pps HTTP/1.1" status: 200 len: 389 time: 0.0099707
2026-07-09 14:20:55.948 10 INFO neutron.wsgi [None req-ec7575c2-0680-4d87-9236-f0ed376ff907 b77f461b676a4701906916099e724636 9cf20e5ef44d4e31984be15360eec044 - - default default] 10.0.0.38 "GET /v2.0/extensions/qos-rule-type-details HTTP/1.1" status: 200 len: 423 time: 0.0066614
2026-07-09 14:20:55.960 10 INFO neutron.wsgi [None req-8c453d51-81d4-4555-9408-9836804e23b2 b77f461b676a4701906916099e724636 9cf20e5ef44d4e31984be15360eec044 - - default default] 10.0.0.38 "GET /v2.0/extensions/qos-rule-type-filter HTTP/1.1" status: 200 len: 567 time: 0.0056341
2026-07-09 14:20:55.972 10 INFO neutron.wsgi [None req-ca9c10ac-c7b2-496a-993a-eb26fc9525d7 b77f461b676a4701906916099e724636 9cf20e5ef44d4e31984be15360eec044 - - default default] 10.0.0.38 "GET /v2.0/extensions/qos-rules-alias HTTP/1.1" status: 200 len: 448 time: 0.0054071
2026-07-09 14:20:55.980 10 INFO neutron.wsgi [None req-52bd2c03-de2d-4fa2-8811-33e2973ec529 b77f461b676a4701906916099e724636 9cf20e5ef44d4e31984be15360eec044 - - default default] 10.0.0.38 "GET /v2.0/extensions/quota-check-limit HTTP/1.1" status: 200 len: 420 time: 0.0050867
2026-07-09 14:20:55.994 10 INFO neutron.wsgi [None req-94d63400-8628-486f-bae5-b24a32af7e3f b77f461b676a4701906916099e724636 9cf20e5ef44d4e31984be15360eec044 - - default default] 10.0.0.38 "GET /v2.0/extensions/quotas HTTP/1.1" status: 200 len: 386 time: 0.0073907
2026-07-09 14:20:56.005 9 INFO neutron.wsgi [None req-6b1ac982-0b21-4ff1-855e-ab8cf878bff6 b77f461b676a4701906916099e724636 9cf20e5ef44d4e31984be15360eec044 - - default default] 10.0.0.38 "GET /v2.0/extensions/quota_details HTTP/1.1" status: 200 len: 407 time: 0.0059128
2026-07-09 14:20:56.020 10 INFO neutron.wsgi [None req-9ad498ad-e31f-4779-bff7-ca3e22692518 b77f461b676a4701906916099e724636 9cf20e5ef44d4e31984be15360eec044 - - default default] 10.0.0.38 "GET /v2.0/extensions/rbac-policies HTTP/1.1" status: 200 len: 417 time: 0.0089164
2026-07-09 14:20:56.037 10 INFO neutron.wsgi [None req-b39b1758-76ab-4307-90f0-eea3326458a2 b77f461b676a4701906916099e724636 9cf20e5ef44d4e31984be15360eec044 - - default default] 10.0.0.38 "GET /v2.0/extensions/rbac-address-scope HTTP/1.1" status: 200 len: 384 time: 0.0065322
2026-07-09 14:20:56.050 9 INFO neutron.wsgi [None req-ab7f925f-573e-4084-972b-4072be69542d b77f461b676a4701906916099e724636 9cf20e5ef44d4e31984be15360eec044 - - default default] 10.0.0.38 "GET /v2.0/extensions/rbac-security-groups HTTP/1.1" status: 200 len: 404 time: 0.0067964
2026-07-09 14:20:56.061 9 INFO neutron.wsgi [None req-191b6e5c-6b56-46dc-b600-82024e0dd53c b77f461b676a4701906916099e724636 9cf20e5ef44d4e31984be15360eec044 - - default default] 10.0.0.38 "GET /v2.0/extensions/revision-if-match HTTP/1.1" status: 200 len: 441 time: 0.0039039
2026-07-09 14:20:56.073 10 INFO neutron.wsgi [None req-cf3be3ae-f9a4-4f96-8997-2766d06115cd b77f461b676a4701906916099e724636 9cf20e5ef44d4e31984be15360eec044 - - default default] 10.0.0.38 "GET /v2.0/extensions/standard-attr-revisions HTTP/1.1" status: 200 len: 423 time: 0.0074251
2026-07-09 14:20:56.086 10 INFO neutron.wsgi [None req-251e9b08-7714-4bbb-8b96-738e0e511752 b77f461b676a4701906916099e724636 9cf20e5ef44d4e31984be15360eec044 - - default default] 10.0.0.38 "GET /v2.0/extensions/router_availability_zone HTTP/1.1" status: 200 len: 391 time: 0.0084889
2026-07-09 14:20:56.094 10 INFO neutron.wsgi [None req-5def4c74-2299-4389-816e-2dccb9a35d59 b77f461b676a4701906916099e724636 9cf20e5ef44d4e31984be15360eec044 - - default default] 10.0.0.38 "GET /v2.0/extensions/security-groups-default-rules HTTP/1.1" status: 200 len: 456 time: 0.0039587
2026-07-09 14:20:56.104 10 INFO neutron.wsgi [None req-5e23fd48-f35d-4ea4-8b8d-08ad3faffb9a b77f461b676a4701906916099e724636 9cf20e5ef44d4e31984be15360eec044 - - default default] 10.0.0.38 "GET /v2.0/extensions/security-groups-normalized-cidr HTTP/1.1" status: 200 len: 445 time: 0.0053618
2026-07-09 14:20:56.114 10 INFO neutron.wsgi [None req-004358d7-a332-4038-9310-ae4fb9b99ff6 b77f461b676a4701906916099e724636 9cf20e5ef44d4e31984be15360eec044 - - default default] 10.0.0.38 "GET /v2.0/extensions/security-groups-remote-address-group HTTP/1.1" status: 200 len: 448 time: 0.0049257
2026-07-09 14:20:56.122 10 INFO neutron.wsgi [None req-31db502f-b40d-490b-8aec-19644b8a36ee b77f461b676a4701906916099e724636 9cf20e5ef44d4e31984be15360eec044 - - default default] 10.0.0.38 "GET /v2.0/extensions/security-groups-rules-belongs-to-default-sg HTTP/1.1" status: 200 len: 508 time: 0.0046175
2026-07-09 14:20:56.134 9 INFO neutron.wsgi [None req-42b1ac8e-3161-4ee4-aba6-fd972f76644b b77f461b676a4701906916099e724636 9cf20e5ef44d4e31984be15360eec044 - - default default] 10.0.0.38 "GET /v2.0/extensions/security-groups-shared-filtering HTTP/1.1" status: 200 len: 435 time: 0.0072641
2026-07-09 14:20:56.141 9 INFO neutron.wsgi [None req-ecd2f865-f7cc-46c3-b5dd-2e713f904a72 b77f461b676a4701906916099e724636 9cf20e5ef44d4e31984be15360eec044 - - default default] 10.0.0.38 "GET /v2.0/extensions/security-group HTTP/1.1" status: 200 len: 364 time: 0.0031924
2026-07-09 14:20:56.152 10 INFO neutron.wsgi [None req-5a58a351-c092-477a-9901-aaaa2e7ff5dc b77f461b676a4701906916099e724636 9cf20e5ef44d4e31984be15360eec044 - - default default] 10.0.0.38 "GET /v2.0/extensions/segment HTTP/1.1" status: 200 len: 339 time: 0.0071943
2026-07-09 14:20:56.162 10 INFO neutron.wsgi [None req-60f431da-508b-4934-88fb-777efd95ac72 b77f461b676a4701906916099e724636 9cf20e5ef44d4e31984be15360eec044 - - default default] 10.0.0.38 "GET /v2.0/extensions/segments-peer-subnet-host-routes HTTP/1.1" status: 200 len: 427 time: 0.0050676
2026-07-09 14:20:56.170 10 INFO neutron.wsgi [None req-753c6140-0af8-4dde-8e00-332fb4018209 b77f461b676a4701906916099e724636 9cf20e5ef44d4e31984be15360eec044 - - default default] 10.0.0.38 "GET /v2.0/extensions/service-type HTTP/1.1" status: 200 len: 415 time: 0.0045831
2026-07-09 14:20:56.179 9 INFO neutron.wsgi [None req-3db0efbe-c057-4409-8515-cfcfa378fcb9 b77f461b676a4701906916099e724636 9cf20e5ef44d4e31984be15360eec044 - - default default] 10.0.0.38 "GET /v2.0/extensions/sorting HTTP/1.1" status: 200 len: 377 time: 0.0047569
2026-07-09 14:20:56.191 10 INFO neutron.wsgi [None req-c4ef97a5-fa01-4d96-b799-139accc91bda b77f461b676a4701906916099e724636 9cf20e5ef44d4e31984be15360eec044 - - default default] 10.0.0.38 "GET /v2.0/extensions/standard-attr-segment HTTP/1.1" status: 200 len: 406 time: 0.0077381
2026-07-09 14:20:56.202 9 INFO neutron.wsgi [None req-f3b96402-323e-42df-8134-88efdc834496 b77f461b676a4701906916099e724636 9cf20e5ef44d4e31984be15360eec044 - - default default] 10.0.0.38 "GET /v2.0/extensions/standard-attr-description HTTP/1.1" status: 200 len: 408 time: 0.0070109
2026-07-09 14:20:56.212 10 INFO neutron.wsgi [None req-a1cd73f4-6d94-47be-b097-55720ee16e55 b77f461b676a4701906916099e724636 9cf20e5ef44d4e31984be15360eec044 - - default default] 10.0.0.38 "GET /v2.0/extensions/stateful-security-group HTTP/1.1" status: 200 len: 402 time: 0.0061061
2026-07-09 14:20:56.220 10 INFO neutron.wsgi [None req-ad458294-b90b-4551-ac53-bde9d35c0e38 b77f461b676a4701906916099e724636 9cf20e5ef44d4e31984be15360eec044 - - default default] 10.0.0.38 "GET /v2.0/extensions/subnet-dns-publish-fixed-ip HTTP/1.1" status: 200 len: 421 time: 0.0049427
2026-07-09 14:20:56.229 10 INFO neutron.wsgi [None req-866cea65-4d6b-4323-89e1-6d761ebfcf4e b77f461b676a4701906916099e724636 9cf20e5ef44d4e31984be15360eec044 - - default default] 10.0.0.38 "GET /v2.0/extensions/subnet-segmentid-writable HTTP/1.1" status: 200 len: 421 time: 0.0050018
2026-07-09 14:20:56.237 9 INFO neutron.wsgi [None req-a33a5d17-673b-479f-81ec-c464a72da78d b77f461b676a4701906916099e724636 9cf20e5ef44d4e31984be15360eec044 - - default default] 10.0.0.38 "GET /v2.0/extensions/subnet-service-types HTTP/1.1" status: 200 len: 400 time: 0.0060620
2026-07-09 14:20:56.246 10 INFO neutron.wsgi [None req-0e3a47f6-5b26-49fd-a466-f6bb0f650fbe b77f461b676a4701906916099e724636 9cf20e5ef44d4e31984be15360eec044 - - default default] 10.0.0.38 "GET /v2.0/extensions/subnet_allocation HTTP/1.1" status: 200 len: 388 time: 0.0057623
2026-07-09 14:20:56.255 10 INFO neutron.wsgi [None req-0d94bb29-f1fd-4056-8840-b98c8ca1e088 b77f461b676a4701906916099e724636 9cf20e5ef44d4e31984be15360eec044 - - default default] 10.0.0.38 "GET /v2.0/extensions/subnetpool-prefix-ops HTTP/1.1" status: 200 len: 418 time: 0.0050604
2026-07-09 14:20:56.264 10 INFO neutron.wsgi [None req-ede106f8-4dff-46e0-894e-b11d6d06143f b77f461b676a4701906916099e724636 9cf20e5ef44d4e31984be15360eec044 - - default default] 10.0.0.38 "GET /v2.0/extensions/standard-attr-tag HTTP/1.1" status: 200 len: 537 time: 0.0050077
2026-07-09 14:20:56.271 10 INFO neutron.wsgi [None req-6659401c-5271-4737-8802-22f7ff38aaf4 b77f461b676a4701906916099e724636 9cf20e5ef44d4e31984be15360eec044 - - default default] 10.0.0.38 "GET /v2.0/extensions/standard-attr-timestamp HTTP/1.1" status: 200 len: 449 time: 0.0041780
2026-07-09 14:20:56.278 10 INFO neutron.wsgi [None req-1ff1a565-0315-4ed0-b2b6-b0e6cfc6df00 b77f461b676a4701906916099e724636 9cf20e5ef44d4e31984be15360eec044 - - default default] 10.0.0.38 "GET /v2.0/extensions/trunk HTTP/1.1" status: 200 len: 358 time: 0.0039930
2026-07-09 14:20:56.287 9 INFO neutron.wsgi [None req-8718ce9e-ba3c-40f7-ab34-889f1c039b77 b77f461b676a4701906916099e724636 9cf20e5ef44d4e31984be15360eec044 - - default default] 10.0.0.38 "GET /v2.0/extensions/trunk-details HTTP/1.1" status: 200 len: 362 time: 0.0049932
2026-07-09 14:20:56.299 10 INFO neutron.wsgi [None req-e4c8223d-3fb1-4c9f-83b9-b1d6217fa39c b77f461b676a4701906916099e724636 9cf20e5ef44d4e31984be15360eec044 - - default default] 10.0.0.38 "GET /v2.0/extensions/vpn-agent-scheduler HTTP/1.1" status: 200 len: 393 time: 0.0096037
2026-07-09 14:20:56.313 10 INFO neutron.wsgi [None req-cb91c6ed-203b-43b1-8753-ca020b4006a1 b77f461b676a4701906916099e724636 9cf20e5ef44d4e31984be15360eec044 - - default default] 10.0.0.38 "GET /v2.0/extensions/vpn-endpoint-groups HTTP/1.1" status: 200 len: 371 time: 0.0082066
2026-07-09 14:20:56.325 10 INFO neutron.wsgi [None req-57877731-dd1c-478e-81fd-900ac5105182 b77f461b676a4701906916099e724636 9cf20e5ef44d4e31984be15360eec044 - - default default] 10.0.0.38 "GET /v2.0/extensions/vpn-flavors HTTP/1.1" status: 200 len: 376 time: 0.0077050
2026-07-09 14:20:56.339 10 INFO neutron.wsgi [None req-6f089a54-493f-4ea2-afa9-b5bd4842c198 b77f461b676a4701906916099e724636 9cf20e5ef44d4e31984be15360eec044 - - default default] 10.0.0.38 "GET /v2.0/extensions/vpnaas HTTP/1.1" status: 200 len: 348 time: 0.0049891
2026-07-09 14:20:56.820 9 INFO neutron.db.ovn_revision_numbers_db [None req-eed61331-cc54-47b8-a361-3a722b8f93d0 2cec70935d88464c97df5825e83b2b4d e7e4438a80934351b4976819d24c8a0e - - default default] Successfully bumped revision number for resource c27edea8-208c-4722-858e-bf03e43b19d9 (type: floatingips) to -1
2026-07-09 14:20:56.957 9 INFO neutron.db.ovn_revision_numbers_db [None req-eed61331-cc54-47b8-a361-3a722b8f93d0 2cec70935d88464c97df5825e83b2b4d e7e4438a80934351b4976819d24c8a0e - - default default] Successfully bumped revision number for resource c27edea8-208c-4722-858e-bf03e43b19d9 (type: floatingips) to 1
2026-07-09 14:20:56.957 9 INFO neutron.db.l3_db [None req-eed61331-cc54-47b8-a361-3a722b8f93d0 2cec70935d88464c97df5825e83b2b4d e7e4438a80934351b4976819d24c8a0e - - default default] Floating IP c27edea8-208c-4722-858e-bf03e43b19d9 associated. External IP: 10.96.250.203, port: 46d6f2d5-4eb1-4ebf-a0f5-715eb41bf78d.
2026-07-09 14:20:57.030 9 INFO neutron.wsgi [None req-eed61331-cc54-47b8-a361-3a722b8f93d0 2cec70935d88464c97df5825e83b2b4d e7e4438a80934351b4976819d24c8a0e - - default default] 10.0.0.38 "POST /v2.0/floatingips HTTP/1.1" status: 201 len: 1041 time: 1.7205133
2026-07-09 14:20:57.104 10 INFO neutron.wsgi [None req-770e709f-9e9d-477e-b313-d7230da5ebb4 2cec70935d88464c97df5825e83b2b4d e7e4438a80934351b4976819d24c8a0e - - default default] 10.0.0.38 "GET /v2.0/floatingips/c27edea8-208c-4722-858e-bf03e43b19d9 HTTP/1.1" status: 200 len: 1038 time: 0.0679445
2026-07-09 14:20:57.185 10 INFO neutron.wsgi [None req-83d2bd18-2499-48f4-a1f9-dbb3c10b9173 2cec70935d88464c97df5825e83b2b4d e7e4438a80934351b4976819d24c8a0e - - default default] 10.0.0.38 "GET /v2.0/floatingips HTTP/1.1" status: 200 len: 1041 time: 0.0753293
2026-07-09 14:20:57.186 10 INFO neutron.db.ovn_revision_numbers_db [None req-304a9478-53d6-47a9-aebc-6df1e0f43c84 81a77bffd09941559906dcca23982b01 382ca9eb4d6543128ddae8b65532b70b - - default default] Successfully bumped revision number for resource 13b59145-01ec-467a-924c-e884a1717bf3 (type: security_groups) to 1 /var/lib/openstack/lib/python3.10/site-packages/pycadf/identifier.py:71: UserWarning: Invalid uuid: neutron. To ensure interoperability, identifiers should be a valid uuid. warnings.warn(('Invalid uuid: %s. To ensure interoperability, '
2026-07-09 14:20:57.201 10 INFO neutron.db.ovn_revision_numbers_db [None req-304a9478-53d6-47a9-aebc-6df1e0f43c84 81a77bffd09941559906dcca23982b01 382ca9eb4d6543128ddae8b65532b70b - - default default] Successfully bumped revision number for resource 10483eba-41ff-444d-8dc1-11e1f9cd7076 (type: security_group_rules) to 0
2026-07-09 14:20:57.226 10 INFO neutron.db.ovn_revision_numbers_db [None req-304a9478-53d6-47a9-aebc-6df1e0f43c84 81a77bffd09941559906dcca23982b01 382ca9eb4d6543128ddae8b65532b70b - - default default] Successfully bumped revision number for resource 32058a95-30ef-4c0d-90f2-83f9a1a13e67 (type: security_group_rules) to 0
2026-07-09 14:20:57.249 10 INFO neutron.db.ovn_revision_numbers_db [None req-304a9478-53d6-47a9-aebc-6df1e0f43c84 81a77bffd09941559906dcca23982b01 382ca9eb4d6543128ddae8b65532b70b - - default default] Successfully bumped revision number for resource d21f920c-f873-4406-9dc9-10fbe81ce07c (type: security_group_rules) to 0
2026-07-09 14:20:57.265 10 INFO neutron.db.ovn_revision_numbers_db [None req-304a9478-53d6-47a9-aebc-6df1e0f43c84 81a77bffd09941559906dcca23982b01 382ca9eb4d6543128ddae8b65532b70b - - default default] Successfully bumped revision number for resource e963911a-3e7b-41dc-a281-1f1355d35a5f (type: security_group_rules) to 0
2026-07-09 14:20:57.288 10 INFO neutron.wsgi [None req-304a9478-53d6-47a9-aebc-6df1e0f43c84 81a77bffd09941559906dcca23982b01 382ca9eb4d6543128ddae8b65532b70b - - default default] 10.0.0.38 "GET /v2.0/security-groups?tenant_id=9cf20e5ef44d4e31984be15360eec044&name=default HTTP/1.1" status: 200 len: 3120 time: 0.4598000
2026-07-09 14:20:57.384 10 WARNING neutron.plugins.ml2.drivers.ovn.mech_driver.ovsdb.ovn_client [None req-b7f09dd7-66e4-4e23-b4b0-b3d8561965c0 - - - - - -] No hosting information found for port d221f55f-bfe7-4d98-8a00-ae8131edc86f: RuntimeError: No hosting information found for port d221f55f-bfe7-4d98-8a00-ae8131edc86f
2026-07-09 14:20:57.612 10 INFO neutron.wsgi [None req-a5306118-05fd-4d90-8345-da621f0e1c7e 81a77bffd09941559906dcca23982b01 382ca9eb4d6543128ddae8b65532b70b - - default default] 10.0.0.38 "DELETE /v2.0/security-groups/13b59145-01ec-467a-924c-e884a1717bf3 HTTP/1.1" status: 204 len: 168 time: 0.3161077
2026-07-09 14:20:57.876 9 INFO neutron.db.ovn_revision_numbers_db [None req-77d4b34f-38bc-4144-8b81-ea9961314d12 2cec70935d88464c97df5825e83b2b4d e7e4438a80934351b4976819d24c8a0e - - default default] Successfully bumped revision number for resource c27edea8-208c-4722-858e-bf03e43b19d9 (type: floatingips) to 2
2026-07-09 14:20:58.030 9 INFO neutron.db.ovn_revision_numbers_db [None req-77d4b34f-38bc-4144-8b81-ea9961314d12 2cec70935d88464c97df5825e83b2b4d e7e4438a80934351b4976819d24c8a0e - - default default] Successfully bumped revision number for resource c27edea8-208c-4722-858e-bf03e43b19d9 (type: floatingips) to 2
2026-07-09 14:20:58.030 9 INFO neutron.db.l3_db [None req-77d4b34f-38bc-4144-8b81-ea9961314d12 2cec70935d88464c97df5825e83b2b4d e7e4438a80934351b4976819d24c8a0e - - default default] Floating IP c27edea8-208c-4722-858e-bf03e43b19d9 associated. External IP: 10.96.250.203, port: 46d6f2d5-4eb1-4ebf-a0f5-715eb41bf78d. /var/lib/openstack/lib/python3.10/site-packages/pycadf/identifier.py:71: UserWarning: Invalid uuid: neutron. To ensure interoperability, identifiers should be a valid uuid. warnings.warn(('Invalid uuid: %s. To ensure interoperability, '
2026-07-09 14:20:58.127 9 INFO neutron.wsgi [None req-d540e3d6-04ea-461e-9bbd-5045a5069166 81a77bffd09941559906dcca23982b01 382ca9eb4d6543128ddae8b65532b70b - - default default] 10.0.0.181 "GET /v2.0/floatingips HTTP/1.1" status: 200 len: 1022 time: 0.2156327
2026-07-09 14:20:58.147 9 INFO neutron.wsgi [None req-77d4b34f-38bc-4144-8b81-ea9961314d12 2cec70935d88464c97df5825e83b2b4d e7e4438a80934351b4976819d24c8a0e - - default default] 10.0.0.38 "PUT /v2.0/floatingips/c27edea8-208c-4722-858e-bf03e43b19d9 HTTP/1.1" status: 200 len: 1038 time: 0.9539409
2026-07-09 14:20:58.159 9 INFO neutron.wsgi [None req-8e55b744-1f43-4787-a545-ecbe12952a45 81a77bffd09941559906dcca23982b01 382ca9eb4d6543128ddae8b65532b70b - - default default] 10.0.0.181 "GET /v2.0/agents HTTP/1.1" status: 200 len: 1390 time: 0.0300632 /var/lib/openstack/lib/python3.10/site-packages/pycadf/identifier.py:71: UserWarning: Invalid uuid: neutron. To ensure interoperability, identifiers should be a valid uuid. warnings.warn(('Invalid uuid: %s. To ensure interoperability, '
2026-07-09 14:20:58.215 9 INFO neutron.wsgi [None req-6e711ad3-d2e0-49dc-9a81-96dbe2453d8e 81a77bffd09941559906dcca23982b01 382ca9eb4d6543128ddae8b65532b70b - - default default] 10.0.0.181 "GET /v2.0/subnets HTTP/1.1" status: 200 len: 2048 time: 0.0536311
2026-07-09 14:20:58.226 9 INFO neutron.wsgi [None req-fb156c81-de00-4739-8c28-fc31bc31e395 81a77bffd09941559906dcca23982b01 382ca9eb4d6543128ddae8b65532b70b - - default default] 10.0.0.181 "GET /v2.0/subnetpools HTTP/1.1" status: 200 len: 193 time: 0.0096436
2026-07-09 14:20:58.247 9 INFO neutron.wsgi [None req-004e5565-603c-4249-8f65-610c6c42dfb5 81a77bffd09941559906dcca23982b01 382ca9eb4d6543128ddae8b65532b70b - - default default] 10.0.0.181 "GET /v2.0/network-ip-availabilities HTTP/1.1" status: 200 len: 1713 time: 0.0202157
2026-07-09 14:20:58.363 9 INFO neutron.wsgi [None req-665d8dbd-15cc-40b0-add7-165aa03ff624 81a77bffd09941559906dcca23982b01 382ca9eb4d6543128ddae8b65532b70b - - default default] 10.0.0.181 "GET /v2.0/networks HTTP/1.1" status: 200 len: 3113 time: 0.1140056
2026-07-09 14:20:58.427 9 INFO neutron.wsgi [None req-d1a5939d-f3b0-4ba0-ae1d-74c6d6ed5a32 81a77bffd09941559906dcca23982b01 382ca9eb4d6543128ddae8b65532b70b - - default default] 10.0.0.181 "GET /v2.0/subnets HTTP/1.1" status: 200 len: 2048 time: 0.0602155
2026-07-09 14:20:58.483 10 INFO neutron.db.ovn_revision_numbers_db [None req-00da8425-ce09-4dcd-bb82-a72a34cb9243 2cec70935d88464c97df5825e83b2b4d e7e4438a80934351b4976819d24c8a0e - - default default] Successfully bumped revision number for resource c27edea8-208c-4722-858e-bf03e43b19d9 (type: floatingips) to 3
2026-07-09 14:20:58.498 9 INFO neutron.wsgi [None req-b7d33496-abd6-45e5-b381-aabe881bae65 81a77bffd09941559906dcca23982b01 382ca9eb4d6543128ddae8b65532b70b - - default default] 10.0.0.181 "GET /v2.0/security-groups HTTP/1.1" status: 200 len: 20478 time: 0.0686178
2026-07-09 14:20:58.567 10 INFO neutron.db.l3_db [None req-00da8425-ce09-4dcd-bb82-a72a34cb9243 2cec70935d88464c97df5825e83b2b4d e7e4438a80934351b4976819d24c8a0e - - default default] Floating IP c27edea8-208c-4722-858e-bf03e43b19d9 disassociated. External IP: 10.96.250.203, port: 7f9e7146-9120-4f87-8385-c52d980a0679.
2026-07-09 14:20:58.603 10 INFO neutron.wsgi [None req-00da8425-ce09-4dcd-bb82-a72a34cb9243 2cec70935d88464c97df5825e83b2b4d e7e4438a80934351b4976819d24c8a0e - - default default] 10.0.0.38 "PUT /v2.0/floatingips/c27edea8-208c-4722-858e-bf03e43b19d9 HTTP/1.1" status: 200 len: 748 time: 0.4338033
2026-07-09 14:20:58.607 9 INFO neutron.wsgi [None req-9cb7eb5f-2d18-4cec-9942-60b83f78b619 81a77bffd09941559906dcca23982b01 382ca9eb4d6543128ddae8b65532b70b - - default default] 10.0.0.181 "GET /v2.0/ports HTTP/1.1" status: 200 len: 11409 time: 0.1020517
2026-07-09 14:20:58.992 9 INFO neutron.wsgi [None req-e8b54da2-3af2-4026-b72d-f74b7055a5b0 81a77bffd09941559906dcca23982b01 382ca9eb4d6543128ddae8b65532b70b - - default default] 10.0.0.181 "GET /v2.0/routers HTTP/1.1" status: 200 len: 1151 time: 0.3783624 /var/lib/openstack/lib/python3.10/site-packages/pycadf/identifier.py:71: UserWarning: Invalid uuid: neutron. To ensure interoperability, identifiers should be a valid uuid. warnings.warn(('Invalid uuid: %s. To ensure interoperability, '
2026-07-09 14:20:59.005 9 INFO neutron.wsgi [None req-4992a673-b6ea-4cd9-9b43-6eac96b2cc81 81a77bffd09941559906dcca23982b01 382ca9eb4d6543128ddae8b65532b70b - - default default] 10.0.0.181 "GET /v2.0/agents?binary=ovn-controller HTTP/1.1" status: 200 len: 591 time: 0.0119526
2026-07-09 14:20:59.158 10 INFO neutron.db.ovn_revision_numbers_db [None req-0774a3a5-5b8b-4ff9-880f-c5028fc507d6 81a77bffd09941559906dcca23982b01 382ca9eb4d6543128ddae8b65532b70b - - default default] Successfully bumped revision number for resource 9dea62c5-8852-4e3b-ae2c-3d15920823f3 (type: security_groups) to 1
2026-07-09 14:20:59.179 10 INFO neutron.db.ovn_revision_numbers_db [None req-0774a3a5-5b8b-4ff9-880f-c5028fc507d6 81a77bffd09941559906dcca23982b01 382ca9eb4d6543128ddae8b65532b70b - - default default] Successfully bumped revision number for resource af00666b-f6c4-48e4-960b-435f53da6905 (type: security_group_rules) to 0
2026-07-09 14:20:59.194 10 INFO neutron.db.ovn_revision_numbers_db [None req-0774a3a5-5b8b-4ff9-880f-c5028fc507d6 81a77bffd09941559906dcca23982b01 382ca9eb4d6543128ddae8b65532b70b - - default default] Successfully bumped revision number for resource b626ba15-3252-4081-8be1-87032656f038 (type: security_group_rules) to 0
2026-07-09 14:20:59.211 10 INFO neutron.db.ovn_revision_numbers_db [None req-0774a3a5-5b8b-4ff9-880f-c5028fc507d6 81a77bffd09941559906dcca23982b01 382ca9eb4d6543128ddae8b65532b70b - - default default] Successfully bumped revision number for resource c115f26f-8010-4357-b9a0-77eabcecf98e (type: security_group_rules) to 0
2026-07-09 14:20:59.225 10 INFO neutron.db.ovn_revision_numbers_db [None req-0774a3a5-5b8b-4ff9-880f-c5028fc507d6 81a77bffd09941559906dcca23982b01 382ca9eb4d6543128ddae8b65532b70b - - default default] Successfully bumped revision number for resource d117597d-efe7-4716-b369-d53acf5ec874 (type: security_group_rules) to 0
2026-07-09 14:20:59.248 10 INFO neutron.wsgi [None req-0774a3a5-5b8b-4ff9-880f-c5028fc507d6 81a77bffd09941559906dcca23982b01 382ca9eb4d6543128ddae8b65532b70b - - default default] 10.0.0.38 "GET /v2.0/security-groups?tenant_id=09fe50871abd41edb11c52c51d365ddc&name=default HTTP/1.1" status: 200 len: 3120 time: 0.3802085
2026-07-09 14:20:59.306 9 INFO neutron.wsgi [None req-708b5dda-1e0a-4383-a08b-19408cf58dff 2cec70935d88464c97df5825e83b2b4d e7e4438a80934351b4976819d24c8a0e - - default default] 10.0.0.38 "DELETE /v2.0/floatingips/c27edea8-208c-4722-858e-bf03e43b19d9 HTTP/1.1" status: 204 len: 168 time: 0.6962864
2026-07-09 14:20:59.336 9 INFO neutron.api.v2.resource [None req-ed79d1ea-3f07-4e87-9414-159d27ae87d5 2cec70935d88464c97df5825e83b2b4d e7e4438a80934351b4976819d24c8a0e - - default default] delete failed (client error): The resource could not be found.
2026-07-09 14:20:59.338 9 INFO neutron.wsgi [None req-ed79d1ea-3f07-4e87-9414-159d27ae87d5 2cec70935d88464c97df5825e83b2b4d e7e4438a80934351b4976819d24c8a0e - - default default] 10.0.0.38 "DELETE /v2.0/floatingips/c27edea8-208c-4722-858e-bf03e43b19d9 HTTP/1.1" status: 404 len: 345 time: 0.0262630
2026-07-09 14:20:59.477 10 INFO neutron.wsgi [None req-06ff96ba-aac8-4843-aed9-6c816ea23967 81a77bffd09941559906dcca23982b01 382ca9eb4d6543128ddae8b65532b70b - - default default] 10.0.0.38 "DELETE /v2.0/security-groups/9dea62c5-8852-4e3b-ae2c-3d15920823f3 HTTP/1.1" status: 204 len: 168 time: 0.2251320
2026-07-09 14:20:59.819 9 INFO neutron.wsgi [None req-966bdc51-c288-44a5-baba-8e23df67e541 2cec70935d88464c97df5825e83b2b4d e7e4438a80934351b4976819d24c8a0e - - default default] 10.0.0.38 "DELETE /v2.0/ports/7f9e7146-9120-4f87-8385-c52d980a0679 HTTP/1.1" status: 204 len: 168 time: 0.4766049
2026-07-09 14:20:59.890 10 WARNING neutron_lib.context [None req-6fc0b65f-dcfc-410c-8ea2-719242f8dca6 62d5693dcf2143c699bcfd0c5faf06b2 adcdc74ca6d84d258f80cdaf5b40c284 - - default default] Method 'is_advsvc' is deprecated since 2023.2 release (neutron-lib 3.8.0) and will be removed once support for the old RBAC API policies will be removed from Neutron. Please use method 'is_service_role' instead.
2026-07-09 14:21:00.048 9 INFO neutron.db.ovn_revision_numbers_db [None req-35d282a8-b327-4ab1-b5b3-9086a92edd86 81a77bffd09941559906dcca23982b01 382ca9eb4d6543128ddae8b65532b70b - - default default] Successfully bumped revision number for resource 51ca87d5-b7c9-47dd-abcf-6914881e5ec9 (type: security_groups) to 1
2026-07-09 14:21:00.063 10 INFO neutron.db.ovn_revision_numbers_db [None req-6fc0b65f-dcfc-410c-8ea2-719242f8dca6 62d5693dcf2143c699bcfd0c5faf06b2 adcdc74ca6d84d258f80cdaf5b40c284 - - default default] Successfully bumped revision number for resource 12d2c0a7-7d0f-4b58-b1db-1fe3dbe3144d (type: security_groups) to 1
2026-07-09 14:21:00.078 9 INFO neutron.db.ovn_revision_numbers_db [None req-35d282a8-b327-4ab1-b5b3-9086a92edd86 81a77bffd09941559906dcca23982b01 382ca9eb4d6543128ddae8b65532b70b - - default default] Successfully bumped revision number for resource 2c832cde-1073-4798-87d1-4d906c6b1608 (type: security_group_rules) to 0
2026-07-09 14:21:00.081 10 INFO neutron.db.ovn_revision_numbers_db [None req-6fc0b65f-dcfc-410c-8ea2-719242f8dca6 62d5693dcf2143c699bcfd0c5faf06b2 adcdc74ca6d84d258f80cdaf5b40c284 - - default default] Successfully bumped revision number for resource 10b3f800-a2a3-48ea-a2ca-5550a19acd6f (type: security_group_rules) to 0
2026-07-09 14:21:00.097 10 INFO neutron.db.ovn_revision_numbers_db [None req-6fc0b65f-dcfc-410c-8ea2-719242f8dca6 62d5693dcf2143c699bcfd0c5faf06b2 adcdc74ca6d84d258f80cdaf5b40c284 - - default default] Successfully bumped revision number for resource 8e98854e-a100-438c-9b5f-7072fc2742f2 (type: security_group_rules) to 0
2026-07-09 14:21:00.112 10 INFO neutron.db.ovn_revision_numbers_db [None req-6fc0b65f-dcfc-410c-8ea2-719242f8dca6 62d5693dcf2143c699bcfd0c5faf06b2 adcdc74ca6d84d258f80cdaf5b40c284 - - default default] Successfully bumped revision number for resource cffcee61-736e-4f02-ab68-710354503ff5 (type: security_group_rules) to 0
2026-07-09 14:21:00.115 9 INFO neutron.db.ovn_revision_numbers_db [None req-35d282a8-b327-4ab1-b5b3-9086a92edd86 81a77bffd09941559906dcca23982b01 382ca9eb4d6543128ddae8b65532b70b - - default default] Successfully bumped revision number for resource abfa07f3-a8e8-4922-9c4d-e2fb28894aa9 (type: security_group_rules) to 0
2026-07-09 14:21:00.126 10 INFO neutron.db.ovn_revision_numbers_db [None req-6fc0b65f-dcfc-410c-8ea2-719242f8dca6 62d5693dcf2143c699bcfd0c5faf06b2 adcdc74ca6d84d258f80cdaf5b40c284 - - default default] Successfully bumped revision number for resource daf62ae1-c6b2-4408-bd9e-57c6cd782000 (type: security_group_rules) to 0
2026-07-09 14:21:00.131 9 INFO neutron.db.ovn_revision_numbers_db [None req-35d282a8-b327-4ab1-b5b3-9086a92edd86 81a77bffd09941559906dcca23982b01 382ca9eb4d6543128ddae8b65532b70b - - default default] Successfully bumped revision number for resource efb8781d-fcf3-4e21-a168-4a474568cd49 (type: security_group_rules) to 0
2026-07-09 14:21:00.149 9 INFO neutron.db.ovn_revision_numbers_db [None req-35d282a8-b327-4ab1-b5b3-9086a92edd86 81a77bffd09941559906dcca23982b01 382ca9eb4d6543128ddae8b65532b70b - - default default] Successfully bumped revision number for resource f61245af-c642-45c5-82cb-6500e0db860a (type: security_group_rules) to 0
2026-07-09 14:21:00.183 9 INFO neutron.wsgi [None req-35d282a8-b327-4ab1-b5b3-9086a92edd86 81a77bffd09941559906dcca23982b01 382ca9eb4d6543128ddae8b65532b70b - - default default] 10.0.0.38 "GET /v2.0/security-groups?tenant_id=36be63fef2fa4648a516382df5f10c60&name=default HTTP/1.1" status: 200 len: 3120 time: 0.5339048
2026-07-09 14:21:00.185 10 INFO neutron.db.segments_db [None req-6fc0b65f-dcfc-410c-8ea2-719242f8dca6 62d5693dcf2143c699bcfd0c5faf06b2 adcdc74ca6d84d258f80cdaf5b40c284 - - default default] Added segment bf7a4f43-39db-4d38-a57a-49d689ea8e91 of type geneve for network 4f939055-5df3-4a23-a826-c12f0bb8bbf3
2026-07-09 14:21:00.284 9 INFO neutron.wsgi [None req-eb986c3f-d167-47a7-8e18-c8e86096baa8 2cec70935d88464c97df5825e83b2b4d e7e4438a80934351b4976819d24c8a0e - - default default] 10.0.0.38 "DELETE /v2.0/ports/46d6f2d5-4eb1-4ebf-a0f5-715eb41bf78d HTTP/1.1" status: 204 len: 168 time: 0.4600010
2026-07-09 14:21:00.341 9 INFO neutron.wsgi [None req-62f2d6aa-78c2-420c-8cd5-9f2ae9b3bb48 2cec70935d88464c97df5825e83b2b4d e7e4438a80934351b4976819d24c8a0e - - default default] 10.0.0.38 "GET /v2.0/ports?device_id=5bc31554-4193-4043-9068-44a856b43a59 HTTP/1.1" status: 200 len: 1140 time: 0.0502360
2026-07-09 14:21:00.382 10 INFO neutron.db.ovn_revision_numbers_db [None req-6fc0b65f-dcfc-410c-8ea2-719242f8dca6 62d5693dcf2143c699bcfd0c5faf06b2 adcdc74ca6d84d258f80cdaf5b40c284 - - default default] Successfully bumped revision number for resource 4f939055-5df3-4a23-a826-c12f0bb8bbf3 (type: networks) to 1
2026-07-09 14:21:00.556 10 INFO neutron.wsgi [None req-bcdd33f6-8cd1-4214-946a-cf98c319f70f 81a77bffd09941559906dcca23982b01 382ca9eb4d6543128ddae8b65532b70b - - default default] 10.0.0.38 "DELETE /v2.0/security-groups/51ca87d5-b7c9-47dd-abcf-6914881e5ec9 HTTP/1.1" status: 204 len: 168 time: 0.3660700
2026-07-09 14:21:00.598 10 WARNING neutron.scheduler.dhcp_agent_scheduler [None req-6fc0b65f-dcfc-410c-8ea2-719242f8dca6 62d5693dcf2143c699bcfd0c5faf06b2 adcdc74ca6d84d258f80cdaf5b40c284 - - default default] No more DHCP agents
2026-07-09 14:21:00.600 10 WARNING neutron.api.rpc.agentnotifiers.dhcp_rpc_agent_api [None req-6fc0b65f-dcfc-410c-8ea2-719242f8dca6 62d5693dcf2143c699bcfd0c5faf06b2 adcdc74ca6d84d258f80cdaf5b40c284 - - default default] Unable to schedule network 4f939055-5df3-4a23-a826-c12f0bb8bbf3: no agents available; will retry on subsequent port and subnet creation events.
2026-07-09 14:21:00.696 10 INFO neutron.db.ovn_revision_numbers_db [None req-6fc0b65f-dcfc-410c-8ea2-719242f8dca6 62d5693dcf2143c699bcfd0c5faf06b2 adcdc74ca6d84d258f80cdaf5b40c284 - - default default] Successfully bumped revision number for resource 1386cfac-67fe-4b60-97f5-e9075fb36a0a (type: ports) to 1
2026-07-09 14:21:00.721 10 INFO neutron.wsgi [None req-6fc0b65f-dcfc-410c-8ea2-719242f8dca6 62d5693dcf2143c699bcfd0c5faf06b2 adcdc74ca6d84d258f80cdaf5b40c284 - - default default] 10.0.0.38 "POST /v2.0/networks HTTP/1.1" status: 201 len: 846 time: 0.9400129
2026-07-09 14:21:00.895 9 INFO neutron.db.ovn_revision_numbers_db [None req-d8b95fbe-a2e4-4e7f-b3b1-8bea3f23d773 81a77bffd09941559906dcca23982b01 382ca9eb4d6543128ddae8b65532b70b - - default default] Successfully bumped revision number for resource 07d499b3-7447-4c3b-9980-3624f4210183 (type: security_groups) to 1
2026-07-09 14:21:00.925 9 INFO neutron.db.ovn_revision_numbers_db [None req-d8b95fbe-a2e4-4e7f-b3b1-8bea3f23d773 81a77bffd09941559906dcca23982b01 382ca9eb4d6543128ddae8b65532b70b - - default default] Successfully bumped revision number for resource 0ca52769-2b15-4569-beb2-d2a4e18f884c (type: security_group_rules) to 0
2026-07-09 14:21:00.958 9 INFO neutron.db.ovn_revision_numbers_db [None req-d8b95fbe-a2e4-4e7f-b3b1-8bea3f23d773 81a77bffd09941559906dcca23982b01 382ca9eb4d6543128ddae8b65532b70b - - default default] Successfully bumped revision number for resource 278b8c88-a22a-41b0-8e04-6488fd899c49 (type: security_group_rules) to 0
2026-07-09 14:21:00.993 9 INFO neutron.db.ovn_revision_numbers_db [None req-d8b95fbe-a2e4-4e7f-b3b1-8bea3f23d773 81a77bffd09941559906dcca23982b01 382ca9eb4d6543128ddae8b65532b70b - - default default] Successfully bumped revision number for resource 8615684b-1e86-4514-9f28-37779abd91b2 (type: security_group_rules) to 0
2026-07-09 14:21:01.039 9 INFO neutron.db.ovn_revision_numbers_db [None req-d8b95fbe-a2e4-4e7f-b3b1-8bea3f23d773 81a77bffd09941559906dcca23982b01 382ca9eb4d6543128ddae8b65532b70b - - default default] Successfully bumped revision number for resource b5dbacb7-370d-476f-8790-01024e09cbad (type: security_group_rules) to 0
2026-07-09 14:21:01.083 9 INFO neutron.wsgi [None req-d8b95fbe-a2e4-4e7f-b3b1-8bea3f23d773 81a77bffd09941559906dcca23982b01 382ca9eb4d6543128ddae8b65532b70b - - default default] 10.0.0.38 "GET /v2.0/security-groups?tenant_id=11a1198375b440bd93d0500690fa91f4&name=default HTTP/1.1" status: 200 len: 3120 time: 0.4172881
2026-07-09 14:21:01.224 10 WARNING neutron_lib.context [None req-39cddb3d-b759-43e4-8ac0-0e43b39d4c24 62d5693dcf2143c699bcfd0c5faf06b2 adcdc74ca6d84d258f80cdaf5b40c284 - - default default] Method 'is_advsvc' is deprecated since 2023.2 release (neutron-lib 3.8.0) and will be removed once support for the old RBAC API policies will be removed from Neutron. Please use method 'is_service_role' instead.
2026-07-09 14:21:01.393 10 INFO neutron.wsgi [None req-123f84b8-3215-40dc-8747-c0d49dc809ab 81a77bffd09941559906dcca23982b01 382ca9eb4d6543128ddae8b65532b70b - - default default] 10.0.0.38 "DELETE /v2.0/security-groups/07d499b3-7447-4c3b-9980-3624f4210183 HTTP/1.1" status: 204 len: 168 time: 0.3040783
2026-07-09 14:21:01.515 10 WARNING neutron.scheduler.dhcp_agent_scheduler [None req-39cddb3d-b759-43e4-8ac0-0e43b39d4c24 62d5693dcf2143c699bcfd0c5faf06b2 adcdc74ca6d84d258f80cdaf5b40c284 - - default default] No more DHCP agents
2026-07-09 14:21:01.517 10 WARNING neutron.api.rpc.agentnotifiers.dhcp_rpc_agent_api [None req-39cddb3d-b759-43e4-8ac0-0e43b39d4c24 62d5693dcf2143c699bcfd0c5faf06b2 adcdc74ca6d84d258f80cdaf5b40c284 - - default default] Unable to schedule network 4f939055-5df3-4a23-a826-c12f0bb8bbf3: no agents available; will retry on subsequent port and subnet creation events.
2026-07-09 14:21:01.561 9 INFO neutron.wsgi [None req-69b45b42-e722-4782-86f4-23392ca1325d 2cec70935d88464c97df5825e83b2b4d e7e4438a80934351b4976819d24c8a0e - - default default] 10.0.0.38 "PUT /v2.0/routers/5bc31554-4193-4043-9068-44a856b43a59/remove_router_interface HTTP/1.1" status: 200 len: 503 time: 1.2154722
2026-07-09 14:21:01.586 10 INFO neutron.db.ovn_revision_numbers_db [None req-39cddb3d-b759-43e4-8ac0-0e43b39d4c24 62d5693dcf2143c699bcfd0c5faf06b2 adcdc74ca6d84d258f80cdaf5b40c284 - - default default] Successfully bumped revision number for resource 0418c61d-72ff-40fd-947b-d3bbe497fc73 (type: subnets) to 0
2026-07-09 14:21:01.602 10 INFO neutron.wsgi [None req-39cddb3d-b759-43e4-8ac0-0e43b39d4c24 62d5693dcf2143c699bcfd0c5faf06b2 adcdc74ca6d84d258f80cdaf5b40c284 - - default default] 10.0.0.38 "POST /v2.0/subnets HTTP/1.1" status: 201 len: 848 time: 0.3848569 /var/lib/openstack/lib/python3.10/site-packages/pycadf/identifier.py:71: UserWarning: Invalid uuid: neutron. To ensure interoperability, identifiers should be a valid uuid. warnings.warn(('Invalid uuid: %s. To ensure interoperability, '
2026-07-09 14:21:01.620 9 WARNING neutron_lib.context [None req-1feff20e-e086-441f-9b60-f4efa22637b5 62d5693dcf2143c699bcfd0c5faf06b2 adcdc74ca6d84d258f80cdaf5b40c284 - - default default] Method 'is_advsvc' is deprecated since 2023.2 release (neutron-lib 3.8.0) and will be removed once support for the old RBAC API policies will be removed from Neutron. Please use method 'is_service_role' instead.
2026-07-09 14:21:01.714 9 INFO neutron.db.segments_db [None req-1feff20e-e086-441f-9b60-f4efa22637b5 62d5693dcf2143c699bcfd0c5faf06b2 adcdc74ca6d84d258f80cdaf5b40c284 - - default default] Added segment f5f8e400-c221-424d-bc55-9b6b3ccdd2c3 of type geneve for network fc245910-f1aa-479c-abe9-4278903da0ff
2026-07-09 14:21:01.889 9 INFO neutron.db.ovn_revision_numbers_db [None req-1feff20e-e086-441f-9b60-f4efa22637b5 62d5693dcf2143c699bcfd0c5faf06b2 adcdc74ca6d84d258f80cdaf5b40c284 - - default default] Successfully bumped revision number for resource fc245910-f1aa-479c-abe9-4278903da0ff (type: networks) to 1
2026-07-09 14:21:02.137 9 WARNING neutron.scheduler.dhcp_agent_scheduler [None req-1feff20e-e086-441f-9b60-f4efa22637b5 62d5693dcf2143c699bcfd0c5faf06b2 adcdc74ca6d84d258f80cdaf5b40c284 - - default default] No more DHCP agents
2026-07-09 14:21:02.139 9 WARNING neutron.api.rpc.agentnotifiers.dhcp_rpc_agent_api [None req-1feff20e-e086-441f-9b60-f4efa22637b5 62d5693dcf2143c699bcfd0c5faf06b2 adcdc74ca6d84d258f80cdaf5b40c284 - - default default] Unable to schedule network fc245910-f1aa-479c-abe9-4278903da0ff: no agents available; will retry on subsequent port and subnet creation events.
2026-07-09 14:21:02.232 9 INFO neutron.db.ovn_revision_numbers_db [None req-1feff20e-e086-441f-9b60-f4efa22637b5 62d5693dcf2143c699bcfd0c5faf06b2 adcdc74ca6d84d258f80cdaf5b40c284 - - default default] Successfully bumped revision number for resource d8eaf80d-1ccb-46fc-858d-665960a6aa85 (type: ports) to 1
2026-07-09 14:21:02.257 9 INFO neutron.wsgi [None req-1feff20e-e086-441f-9b60-f4efa22637b5 62d5693dcf2143c699bcfd0c5faf06b2 adcdc74ca6d84d258f80cdaf5b40c284 - - default default] 10.0.0.38 "POST /v2.0/networks HTTP/1.1" status: 201 len: 847 time: 0.6461053
2026-07-09 14:21:02.527 10 INFO neutron.db.ovn_revision_numbers_db [None req-e76ff9e8-0d2c-4d01-a816-2d736f0774b6 62d5693dcf2143c699bcfd0c5faf06b2 adcdc74ca6d84d258f80cdaf5b40c284 - - default default] Successfully bumped revision number for resource fc245910-f1aa-479c-abe9-4278903da0ff (type: networks) to 2
2026-07-09 14:21:02.533 10 INFO neutron.wsgi [None req-e76ff9e8-0d2c-4d01-a816-2d736f0774b6 62d5693dcf2143c699bcfd0c5faf06b2 adcdc74ca6d84d258f80cdaf5b40c284 - - default default] 10.0.0.38 "PUT /v2.0/networks/fc245910-f1aa-479c-abe9-4278903da0ff HTTP/1.1" status: 200 len: 792 time: 0.2712479
2026-07-09 14:21:02.547 9 WARNING neutron_lib.context [None req-c649987d-101b-4ace-b3a5-749d7cd5343f 62d5693dcf2143c699bcfd0c5faf06b2 adcdc74ca6d84d258f80cdaf5b40c284 - - default default] Method 'is_advsvc' is deprecated since 2023.2 release (neutron-lib 3.8.0) and will be removed once support for the old RBAC API policies will be removed from Neutron. Please use method 'is_service_role' instead.
2026-07-09 14:21:02.839 9 WARNING neutron.scheduler.dhcp_agent_scheduler [None req-c649987d-101b-4ace-b3a5-749d7cd5343f 62d5693dcf2143c699bcfd0c5faf06b2 adcdc74ca6d84d258f80cdaf5b40c284 - - default default] No more DHCP agents
2026-07-09 14:21:02.843 9 WARNING neutron.api.rpc.agentnotifiers.dhcp_rpc_agent_api [None req-c649987d-101b-4ace-b3a5-749d7cd5343f 62d5693dcf2143c699bcfd0c5faf06b2 adcdc74ca6d84d258f80cdaf5b40c284 - - default default] Unable to schedule network fc245910-f1aa-479c-abe9-4278903da0ff: no agents available; will retry on subsequent port and subnet creation events.
2026-07-09 14:21:02.863 10 INFO neutron.wsgi [None req-90352c7f-28cb-41cc-902a-167dab4a4b08 2cec70935d88464c97df5825e83b2b4d e7e4438a80934351b4976819d24c8a0e - - default default] 10.0.0.38 "DELETE /v2.0/routers/5bc31554-4193-4043-9068-44a856b43a59 HTTP/1.1" status: 204 len: 168 time: 1.2987466
2026-07-09 14:21:02.896 9 INFO neutron.db.ovn_revision_numbers_db [None req-c649987d-101b-4ace-b3a5-749d7cd5343f 62d5693dcf2143c699bcfd0c5faf06b2 adcdc74ca6d84d258f80cdaf5b40c284 - - default default] Successfully bumped revision number for resource e0f5f263-bb21-4da2-8395-079a03852cdf (type: subnets) to 0
2026-07-09 14:21:02.917 9 INFO neutron.wsgi [None req-c649987d-101b-4ace-b3a5-749d7cd5343f 62d5693dcf2143c699bcfd0c5faf06b2 adcdc74ca6d84d258f80cdaf5b40c284 - - default default] 10.0.0.38 "POST /v2.0/subnets HTTP/1.1" status: 201 len: 821 time: 0.3782077
2026-07-09 14:21:03.108 9 INFO neutron.wsgi [None req-406497a5-0590-435a-adb6-7c4c168f65c2 2cec70935d88464c97df5825e83b2b4d e7e4438a80934351b4976819d24c8a0e - - default default] 10.0.0.38 "DELETE /v2.0/subnets/9a8850da-d146-42cf-b8f0-f3605ab35450 HTTP/1.1" status: 204 len: 168 time: 0.2393267
2026-07-09 14:21:03.818 9 INFO neutron.services.segments.plugin [-] Segment 7c6db11e-c919-4e3e-a105-63b6d70a8b05 resource provider aggregate not found
2026-07-09 14:21:03.828 10 INFO neutron.db.ovn_revision_numbers_db [None req-e656a54d-6ee0-4dac-9271-cdeb1ee9b2ac 62d5693dcf2143c699bcfd0c5faf06b2 adcdc74ca6d84d258f80cdaf5b40c284 - - default default] Successfully bumped revision number for resource d8eaf80d-1ccb-46fc-858d-665960a6aa85 (type: ports) to 2
2026-07-09 14:21:03.834 9 INFO neutron.services.segments.plugin [-] Segment 7c6db11e-c919-4e3e-a105-63b6d70a8b05 resource provider aggregate not found
2026-07-09 14:21:03.840 9 INFO neutron.services.segments.plugin [-] Segment 7c6db11e-c919-4e3e-a105-63b6d70a8b05 resource provider not found; error: Placement Client Error (4xx): {"errors": [{"status": 404, "title": "Not Found", "detail": "The resource could not be found.\n\n No resource provider with uuid 7c6db11e-c919-4e3e-a105-63b6d70a8b05 found for delete ", "request_id": "req-988e729b-23cd-4e87-9a9f-88271cea8cba"}]}
2026-07-09 14:21:03.852 9 INFO neutron.services.segments.plugin [-] Segment 7c6db11e-c919-4e3e-a105-63b6d70a8b05 resource provider not found; error: Placement Client Error (4xx): {"errors": [{"status": 404, "title": "Not Found", "detail": "The resource could not be found.\n\n No resource provider with uuid 7c6db11e-c919-4e3e-a105-63b6d70a8b05 found for delete ", "request_id": "req-0ffcf61a-bcdf-464f-9347-32cf271b0de3"}]}
2026-07-09 14:21:03.860 9 INFO neutron.wsgi [None req-657b1bfb-3043-4320-8c9c-179b1a92a177 2cec70935d88464c97df5825e83b2b4d e7e4438a80934351b4976819d24c8a0e - - default default] 10.0.0.38 "DELETE /v2.0/networks/2c7f0517-e773-4e2d-b1c9-7de05cb6b8a2 HTTP/1.1" status: 204 len: 168 time: 0.7467239
2026-07-09 14:21:03.869 10 INFO neutron.db.ovn_revision_numbers_db [None req-e656a54d-6ee0-4dac-9271-cdeb1ee9b2ac 62d5693dcf2143c699bcfd0c5faf06b2 adcdc74ca6d84d258f80cdaf5b40c284 - - default default] Successfully bumped revision number for resource e0f5f263-bb21-4da2-8395-079a03852cdf (type: subnets) to 1
2026-07-09 14:21:03.873 10 INFO neutron.wsgi [None req-e656a54d-6ee0-4dac-9271-cdeb1ee9b2ac 62d5693dcf2143c699bcfd0c5faf06b2 adcdc74ca6d84d258f80cdaf5b40c284 - - default default] 10.0.0.38 "PUT /v2.0/subnets/e0f5f263-bb21-4da2-8395-079a03852cdf HTTP/1.1" status: 200 len: 826 time: 0.9508035
2026-07-09 14:21:04.507 10 INFO neutron.services.segments.plugin [-] Segment f5f8e400-c221-424d-bc55-9b6b3ccdd2c3 resource provider aggregate not found
2026-07-09 14:21:04.519 10 INFO neutron.services.segments.plugin [-] Segment f5f8e400-c221-424d-bc55-9b6b3ccdd2c3 resource provider aggregate not found
2026-07-09 14:21:04.528 10 INFO neutron.services.segments.plugin [-] Segment f5f8e400-c221-424d-bc55-9b6b3ccdd2c3 resource provider not found; error: Placement Client Error (4xx): {"errors": [{"status": 404, "title": "Not Found", "detail": "The resource could not be found.\n\n No resource provider with uuid f5f8e400-c221-424d-bc55-9b6b3ccdd2c3 found for delete ", "request_id": "req-f030f19b-d752-4740-b12a-f37b5b76b1d0"}]}
2026-07-09 14:21:04.532 10 INFO neutron.services.segments.plugin [-] Segment f5f8e400-c221-424d-bc55-9b6b3ccdd2c3 resource provider not found; error: Placement Client Error (4xx): {"errors": [{"status": 404, "title": "Not Found", "detail": "The resource could not be found.\n\n No resource provider with uuid f5f8e400-c221-424d-bc55-9b6b3ccdd2c3 found for delete ", "request_id": "req-1e709162-1bdb-43a9-881e-8fdc55e12374"}]}
2026-07-09 14:21:04.552 10 INFO neutron.wsgi [None req-35afab96-9c23-4e6b-bcf8-d0cda6399373 62d5693dcf2143c699bcfd0c5faf06b2 adcdc74ca6d84d258f80cdaf5b40c284 - - default default] 10.0.0.38 "DELETE /v2.0/networks/fc245910-f1aa-479c-abe9-4278903da0ff HTTP/1.1" status: 204 len: 168 time: 0.6704299
2026-07-09 14:21:04.575 9 INFO neutron.pecan_wsgi.hooks.translation [None req-2eb8fba7-c7bc-449d-aec0-eff6095fb86f 62d5693dcf2143c699bcfd0c5faf06b2 adcdc74ca6d84d258f80cdaf5b40c284 - - default default] DELETE failed (client error): The resource could not be found.
2026-07-09 14:21:04.578 9 INFO neutron.wsgi [None req-2eb8fba7-c7bc-449d-aec0-eff6095fb86f 62d5693dcf2143c699bcfd0c5faf06b2 adcdc74ca6d84d258f80cdaf5b40c284 - - default default] 10.0.0.38 "DELETE /v2.0/networks/fc245910-f1aa-479c-abe9-4278903da0ff HTTP/1.1" status: 404 len: 339 time: 0.0212328
2026-07-09 14:21:04.675 9 INFO neutron.wsgi [None req-508b3280-6f6c-4413-8221-2dc14d6b26fc 81a77bffd09941559906dcca23982b01 382ca9eb4d6543128ddae8b65532b70b - - default default] 10.0.0.38 "GET /v2.0/security-groups?tenant_id=e7e4438a80934351b4976819d24c8a0e&name=default HTTP/1.1" status: 200 len: 3120 time: 0.2755725
2026-07-09 14:21:04.699 10 INFO neutron.wsgi [None req-03bf3525-5b00-4d87-8ea8-bd89abc7baeb 62d5693dcf2143c699bcfd0c5faf06b2 adcdc74ca6d84d258f80cdaf5b40c284 - - default default] 10.0.0.38 "GET /v2.0/networks?router%3Aexternal=True HTTP/1.1" status: 200 len: 845 time: 0.1120698
2026-07-09 14:21:04.747 9 INFO neutron.wsgi [None req-a07b4644-e851-4f3b-80e2-022ce6fbb7d8 62d5693dcf2143c699bcfd0c5faf06b2 adcdc74ca6d84d258f80cdaf5b40c284 - - default default] 10.0.0.38 "GET /v2.0/subnets?network_id=0b6c78b0-88d5-4e8d-a294-73ace6d91848 HTTP/1.1" status: 200 len: 820 time: 0.0438221
2026-07-09 14:21:04.761 10 INFO neutron.wsgi [None req-b826e1c4-fcab-44b7-afed-1f5e51507342 62d5693dcf2143c699bcfd0c5faf06b2 adcdc74ca6d84d258f80cdaf5b40c284 - - default default] 10.0.0.38 "GET /v2.0/extensions HTTP/1.1" status: 200 len: 18678 time: 0.0077205
2026-07-09 14:21:04.879 10 INFO neutron.wsgi [None req-65a76a2d-bd59-4f40-8216-3a0afba94c3b 62d5693dcf2143c699bcfd0c5faf06b2 adcdc74ca6d84d258f80cdaf5b40c284 - - default default] 10.0.0.38 "GET /v2.0/networks HTTP/1.1" status: 200 len: 1507 time: 0.1083715
2026-07-09 14:21:04.927 9 INFO neutron.wsgi [None req-8efcf31c-cc18-4036-af73-3724afbf12bc 81a77bffd09941559906dcca23982b01 382ca9eb4d6543128ddae8b65532b70b - - default default] 10.0.0.38 "DELETE /v2.0/security-groups/9bcf7fec-4540-41c2-af7e-0e0a455003cc HTTP/1.1" status: 204 len: 168 time: 0.2474115
2026-07-09 14:21:04.946 10 INFO neutron.wsgi [None req-a9a8f54a-fc39-4e1c-8dbc-666b9433e722 62d5693dcf2143c699bcfd0c5faf06b2 adcdc74ca6d84d258f80cdaf5b40c284 - - default default] 10.0.0.38 "GET /v2.0/subnets HTTP/1.1" status: 200 len: 1460 time: 0.0580015
2026-07-09 14:21:05.069 10 INFO neutron.wsgi [None req-0b1b162a-94c9-4a39-a645-5bf7226ae8cf 62d5693dcf2143c699bcfd0c5faf06b2 adcdc74ca6d84d258f80cdaf5b40c284 - - default default] 10.0.0.38 "GET /v2.0/networks/4f939055-5df3-4a23-a826-c12f0bb8bbf3 HTTP/1.1" status: 200 len: 866 time: 0.1126943
2026-07-09 14:21:05.136 10 INFO neutron.wsgi [None req-091a61fc-c013-406c-afec-d6ea02e6aea5 62d5693dcf2143c699bcfd0c5faf06b2 adcdc74ca6d84d258f80cdaf5b40c284 - - default default] 10.0.0.38 "GET /v2.0/subnets/0418c61d-72ff-40fd-947b-d3bbe497fc73 HTTP/1.1" status: 200 len: 843 time: 0.0539584
2026-07-09 14:21:05.159 9 INFO neutron.pecan_wsgi.hooks.translation [None req-a92c3e17-3191-47c5-838b-42833495f162 62d5693dcf2143c699bcfd0c5faf06b2 adcdc74ca6d84d258f80cdaf5b40c284 - - default default] DELETE failed (client error): The resource could not be found.
2026-07-09 14:21:05.162 9 INFO neutron.wsgi [None req-a92c3e17-3191-47c5-838b-42833495f162 62d5693dcf2143c699bcfd0c5faf06b2 adcdc74ca6d84d258f80cdaf5b40c284 - - default default] 10.0.0.38 "DELETE /v2.0/subnets/e0f5f263-bb21-4da2-8395-079a03852cdf HTTP/1.1" status: 404 len: 337 time: 0.0182350
2026-07-09 14:21:05.184 9 INFO neutron.pecan_wsgi.hooks.translation [None req-eae8faa1-7ddf-43cb-8fb9-c5393f4e5f26 62d5693dcf2143c699bcfd0c5faf06b2 adcdc74ca6d84d258f80cdaf5b40c284 - - default default] DELETE failed (client error): The resource could not be found.
2026-07-09 14:21:05.188 9 INFO neutron.wsgi [None req-eae8faa1-7ddf-43cb-8fb9-c5393f4e5f26 62d5693dcf2143c699bcfd0c5faf06b2 adcdc74ca6d84d258f80cdaf5b40c284 - - default default] 10.0.0.38 "DELETE /v2.0/networks/fc245910-f1aa-479c-abe9-4278903da0ff HTTP/1.1" status: 404 len: 339 time: 0.0204692
2026-07-09 14:21:05.371 9 INFO neutron.wsgi [None req-d92ae049-1385-44a2-a35f-092f3a2dcc6d 62d5693dcf2143c699bcfd0c5faf06b2 adcdc74ca6d84d258f80cdaf5b40c284 - - default default] 10.0.0.38 "DELETE /v2.0/subnets/0418c61d-72ff-40fd-947b-d3bbe497fc73 HTTP/1.1" status: 204 len: 168 time: 0.1786571
2026-07-09 14:21:05.680 10 INFO neutron.wsgi [-] 10.0.0.140 "GET / HTTP/1.1" status: 200 len: 246 time: 0.0025628
2026-07-09 14:21:05.682 10 INFO neutron.wsgi [-] 10.0.0.140 "GET / HTTP/1.1" status: 200 len: 246 time: 0.0016143
2026-07-09 14:21:05.783 9 INFO neutron.wsgi [None req-0da29c76-f914-4aec-959b-0728a2bfc08d 62d5693dcf2143c699bcfd0c5faf06b2 adcdc74ca6d84d258f80cdaf5b40c284 - - default default] 10.0.0.38 "DELETE /v2.0/networks/4f939055-5df3-4a23-a826-c12f0bb8bbf3 HTTP/1.1" status: 204 len: 168 time: 0.4054837
2026-07-09 14:21:05.863 9 INFO neutron.services.segments.plugin [-] Segment bf7a4f43-39db-4d38-a57a-49d689ea8e91 resource provider aggregate not found
