Jun 16 01:36:35.215920 np0000180642 systemd[1]: Starting devstack@n-api.service - Devstack devstack@n-api.service...
Jun 16 01:36:35.222736 np0000180642 devstack@n-api.service[100196]: [uWSGI] getting INI configuration from /etc/nova/nova-api-uwsgi.ini
Jun 16 01:36:35.225968 np0000180642 devstack@n-api.service[100196]: *** Starting uWSGI 2.0.24-debian (64bit) on [Tue Jun 16 01:36:35 2026] ***
Jun 16 01:36:35.225968 np0000180642 devstack@n-api.service[100196]: compiled with version: 13.2.0 on 17 April 2024 16:23:48
Jun 16 01:36:35.225968 np0000180642 devstack@n-api.service[100196]: os: Linux-6.8.0-124-generic #124-Ubuntu SMP PREEMPT_DYNAMIC Tue May 26 13:00:45 UTC 2026
Jun 16 01:36:35.225968 np0000180642 devstack@n-api.service[100196]: nodename: np0000180642
Jun 16 01:36:35.225968 np0000180642 devstack@n-api.service[100196]: machine: x86_64
Jun 16 01:36:35.225968 np0000180642 devstack@n-api.service[100196]: clock source: unix
Jun 16 01:36:35.225968 np0000180642 devstack@n-api.service[100196]: pcre jit disabled
Jun 16 01:36:35.225968 np0000180642 devstack@n-api.service[100196]: detected number of CPU cores: 16
Jun 16 01:36:35.225968 np0000180642 devstack@n-api.service[100196]: current working directory: /
Jun 16 01:36:35.225968 np0000180642 devstack@n-api.service[100196]: detected binary path: /usr/bin/uwsgi-core
Jun 16 01:36:35.225968 np0000180642 devstack@n-api.service[100196]: your processes number limit is 256917
Jun 16 01:36:35.225968 np0000180642 devstack@n-api.service[100196]: your memory page size is 4096 bytes
Jun 16 01:36:35.225968 np0000180642 devstack@n-api.service[100196]: detected max file descriptor number: 2048
Jun 16 01:36:35.225968 np0000180642 devstack@n-api.service[100196]: lock engine: pthread robust mutexes
Jun 16 01:36:35.226745 np0000180642 devstack@n-api.service[100196]: thunder lock: enabled
Jun 16 01:36:35.226745 np0000180642 devstack@n-api.service[100196]: uwsgi socket 0 bound to UNIX address /var/run/uwsgi/nova-api.socket fd 4
Jun 16 01:36:35.226745 np0000180642 devstack@n-api.service[100196]: Python version: 3.12.3 (main, Mar 23 2026, 19:04:32) [GCC 13.3.0]
Jun 16 01:36:35.226745 np0000180642 devstack@n-api.service[100196]: PEP 405 virtualenv detected: /opt/stack/data/venv
Jun 16 01:36:35.226745 np0000180642 devstack@n-api.service[100196]: Set PythonHome to /opt/stack/data/venv
Jun 16 01:36:35.261816 np0000180642 devstack@n-api.service[100196]: Python main interpreter initialized at 0x711ad12a3668
Jun 16 01:36:35.261816 np0000180642 devstack@n-api.service[100196]: python threads support enabled
Jun 16 01:36:35.261816 np0000180642 devstack@n-api.service[100196]: your server socket listen backlog is limited to 100 connections
Jun 16 01:36:35.261816 np0000180642 devstack@n-api.service[100196]: your mercy for graceful operations on workers is 80 seconds
Jun 16 01:36:35.262400 np0000180642 devstack@n-api.service[100196]: mapped 671795 bytes (656 KB) for 4 cores
Jun 16 01:36:35.262534 np0000180642 devstack@n-api.service[100196]: *** Operational MODE: preforking ***
Jun 16 01:36:35.262747 np0000180642 devstack@n-api.service[100196]: *** uWSGI is running in multiple interpreter mode ***
Jun 16 01:36:35.262747 np0000180642 devstack@n-api.service[100196]: spawned uWSGI master process (pid: 100196)
Jun 16 01:36:35.263025 np0000180642 systemd[1]: Started devstack@n-api.service - Devstack devstack@n-api.service.
Jun 16 01:36:35.263704 np0000180642 devstack@n-api.service[100196]: spawned uWSGI worker 1 (pid: 100197, cores: 1)
Jun 16 01:36:35.264515 np0000180642 devstack@n-api.service[100196]: spawned uWSGI worker 2 (pid: 100198, cores: 1)
Jun 16 01:36:35.265088 np0000180642 devstack@n-api.service[100196]: spawned uWSGI worker 3 (pid: 100199, cores: 1)
Jun 16 01:36:35.265662 np0000180642 devstack@n-api.service[100196]: spawned uWSGI worker 4 (pid: 100200, cores: 1)
Jun 16 01:36:35.265767 np0000180642 devstack@n-api.service[100196]: running "unix_signal:15 gracefully_kill_them_all" (master-start)...
Jun 16 01:36:36.899628 np0000180642 devstack@n-api.service[100198]: INFO dbcounter [None req-78a8b7f5-403f-4594-ab52-9b6f3bccf0b4 None None] Registered counter for database nova_api
Jun 16 01:36:36.948691 np0000180642 devstack@n-api.service[100198]: DEBUG oslo_db.sqlalchemy.engines [None req-78a8b7f5-403f-4594-ab52-9b6f3bccf0b4 None None] MySQL server mode set to STRICT_TRANS_TABLES,STRICT_ALL_TABLES,NO_ZERO_IN_DATE,NO_ZERO_DATE,ERROR_FOR_DIVISION_BY_ZERO,TRADITIONAL,NO_ENGINE_SUBSTITUTION {{(pid=100198) _check_effective_sql_mode /opt/stack/data/venv/lib/python3.12/site-packages/oslo_db/sqlalchemy/engines.py:325}}
Jun 16 01:36:36.978951 np0000180642 devstack@n-api.service[100198]: DEBUG dbcounter [-] [100198] Writer thread running {{(pid=100198) stat_writer /opt/stack/data/venv/lib/python3.12/site-packages/dbcounter.py:102}}
Jun 16 01:36:36.981344 np0000180642 devstack@n-api.service[100198]: DEBUG nova.context [None req-78a8b7f5-403f-4594-ab52-9b6f3bccf0b4 None None] Found 2 cells: 00000000-0000-0000-0000-000000000000(cell0),90bacbc3-cbd7-4e01-a921-425b2c763cc5(cell1) {{(pid=100198) load_cells /opt/stack/nova/nova/context.py:509}}
Jun 16 01:36:36.981601 np0000180642 devstack@n-api.service[100198]: INFO nova.utils [None req-78a8b7f5-403f-4594-ab52-9b6f3bccf0b4 None None] The cell worker thread pool MainProcess.cell_worker is initialized
Jun 16 01:36:36.983458 np0000180642 devstack@n-api.service[100198]: DEBUG oslo_concurrency.lockutils [None req-78a8b7f5-403f-4594-ab52-9b6f3bccf0b4 None None] Acquiring lock "00000000-0000-0000-0000-000000000000" by "nova.context.set_target_cell..get_or_set_cached_cell_and_set_connections" {{(pid=100198) inner /opt/stack/data/venv/lib/python3.12/site-packages/oslo_concurrency/lockutils.py:511}}
Jun 16 01:36:36.983626 np0000180642 devstack@n-api.service[100198]: DEBUG oslo_concurrency.lockutils [None req-78a8b7f5-403f-4594-ab52-9b6f3bccf0b4 None None] Lock "00000000-0000-0000-0000-000000000000" acquired by "nova.context.set_target_cell..get_or_set_cached_cell_and_set_connections" :: waited 0.000s {{(pid=100198) inner /opt/stack/data/venv/lib/python3.12/site-packages/oslo_concurrency/lockutils.py:524}}
Jun 16 01:36:36.983969 np0000180642 devstack@n-api.service[100198]: DEBUG oslo_concurrency.lockutils [None req-78a8b7f5-403f-4594-ab52-9b6f3bccf0b4 None None] Lock "00000000-0000-0000-0000-000000000000" "released" by "nova.context.set_target_cell..get_or_set_cached_cell_and_set_connections" :: held 0.000s {{(pid=100198) inner /opt/stack/data/venv/lib/python3.12/site-packages/oslo_concurrency/lockutils.py:543}}
Jun 16 01:36:36.984973 np0000180642 devstack@n-api.service[100198]: DEBUG oslo_concurrency.lockutils [None req-78a8b7f5-403f-4594-ab52-9b6f3bccf0b4 None None] Acquiring lock "90bacbc3-cbd7-4e01-a921-425b2c763cc5" by "nova.context.set_target_cell..get_or_set_cached_cell_and_set_connections" {{(pid=100198) inner /opt/stack/data/venv/lib/python3.12/site-packages/oslo_concurrency/lockutils.py:511}}
Jun 16 01:36:36.985088 np0000180642 devstack@n-api.service[100198]: DEBUG oslo_concurrency.lockutils [None req-78a8b7f5-403f-4594-ab52-9b6f3bccf0b4 None None] Lock "90bacbc3-cbd7-4e01-a921-425b2c763cc5" acquired by "nova.context.set_target_cell..get_or_set_cached_cell_and_set_connections" :: waited 0.000s {{(pid=100198) inner /opt/stack/data/venv/lib/python3.12/site-packages/oslo_concurrency/lockutils.py:524}}
Jun 16 01:36:36.986001 np0000180642 devstack@n-api.service[100198]: DEBUG oslo_concurrency.lockutils [None req-78a8b7f5-403f-4594-ab52-9b6f3bccf0b4 None None] Lock "90bacbc3-cbd7-4e01-a921-425b2c763cc5" "released" by "nova.context.set_target_cell..get_or_set_cached_cell_and_set_connections" :: held 0.001s {{(pid=100198) inner /opt/stack/data/venv/lib/python3.12/site-packages/oslo_concurrency/lockutils.py:543}}
Jun 16 01:36:36.989917 np0000180642 devstack@n-api.service[100198]: INFO dbcounter [None req-78a8b7f5-403f-4594-ab52-9b6f3bccf0b4 None None] Registered counter for database nova_cell0
Jun 16 01:36:36.995310 np0000180642 devstack@n-api.service[100198]: INFO dbcounter [None req-78a8b7f5-403f-4594-ab52-9b6f3bccf0b4 None None] Registered counter for database nova_cell1
Jun 16 01:36:37.071640 np0000180642 devstack@n-api.service[100198]: DEBUG oslo_db.sqlalchemy.engines [None req-78a8b7f5-403f-4594-ab52-9b6f3bccf0b4 None None] MySQL server mode set to STRICT_TRANS_TABLES,STRICT_ALL_TABLES,NO_ZERO_IN_DATE,NO_ZERO_DATE,ERROR_FOR_DIVISION_BY_ZERO,TRADITIONAL,NO_ENGINE_SUBSTITUTION {{(pid=100198) _check_effective_sql_mode /opt/stack/data/venv/lib/python3.12/site-packages/oslo_db/sqlalchemy/engines.py:325}}
Jun 16 01:36:37.084624 np0000180642 devstack@n-api.service[100198]: DEBUG oslo_db.sqlalchemy.engines [None req-78a8b7f5-403f-4594-ab52-9b6f3bccf0b4 None None] MySQL server mode set to STRICT_TRANS_TABLES,STRICT_ALL_TABLES,NO_ZERO_IN_DATE,NO_ZERO_DATE,ERROR_FOR_DIVISION_BY_ZERO,TRADITIONAL,NO_ENGINE_SUBSTITUTION {{(pid=100198) _check_effective_sql_mode /opt/stack/data/venv/lib/python3.12/site-packages/oslo_db/sqlalchemy/engines.py:325}}
Jun 16 01:36:37.145042 np0000180642 devstack@n-api.service[100197]: INFO dbcounter [None req-8c93e91b-41e3-4258-9339-7ee71c599a47 None None] Registered counter for database nova_api
Jun 16 01:36:37.173643 np0000180642 devstack@n-api.service[100198]: DEBUG dbcounter [-] [100198] Writer thread running {{(pid=100198) stat_writer /opt/stack/data/venv/lib/python3.12/site-packages/dbcounter.py:102}}
Jun 16 01:36:37.181329 np0000180642 devstack@n-api.service[100198]: DEBUG dbcounter [-] [100198] Writer thread running {{(pid=100198) stat_writer /opt/stack/data/venv/lib/python3.12/site-packages/dbcounter.py:102}}
Jun 16 01:36:37.187758 np0000180642 devstack@n-api.service[100198]: INFO dbcounter [None req-78a8b7f5-403f-4594-ab52-9b6f3bccf0b4 None None] Registered counter for database nova_cell0
Jun 16 01:36:37.196272 np0000180642 devstack@n-api.service[100197]: DEBUG oslo_db.sqlalchemy.engines [None req-8c93e91b-41e3-4258-9339-7ee71c599a47 None None] MySQL server mode set to STRICT_TRANS_TABLES,STRICT_ALL_TABLES,NO_ZERO_IN_DATE,NO_ZERO_DATE,ERROR_FOR_DIVISION_BY_ZERO,TRADITIONAL,NO_ENGINE_SUBSTITUTION {{(pid=100197) _check_effective_sql_mode /opt/stack/data/venv/lib/python3.12/site-packages/oslo_db/sqlalchemy/engines.py:325}}
Jun 16 01:36:37.204734 np0000180642 devstack@n-api.service[100199]: INFO dbcounter [None req-ce702807-b0c7-4ed6-ab49-fed5803fff51 None None] Registered counter for database nova_api
Jun 16 01:36:37.219763 np0000180642 devstack@n-api.service[100200]: INFO dbcounter [None req-3bbf01c3-b51d-4f8c-9e23-e0e867ab9faf None None] Registered counter for database nova_api
Jun 16 01:36:37.231922 np0000180642 devstack@n-api.service[100197]: DEBUG dbcounter [-] [100197] Writer thread running {{(pid=100197) stat_writer /opt/stack/data/venv/lib/python3.12/site-packages/dbcounter.py:102}}
Jun 16 01:36:37.234006 np0000180642 devstack@n-api.service[100198]: DEBUG oslo_db.sqlalchemy.engines [None req-78a8b7f5-403f-4594-ab52-9b6f3bccf0b4 None None] MySQL server mode set to STRICT_TRANS_TABLES,STRICT_ALL_TABLES,NO_ZERO_IN_DATE,NO_ZERO_DATE,ERROR_FOR_DIVISION_BY_ZERO,TRADITIONAL,NO_ENGINE_SUBSTITUTION {{(pid=100198) _check_effective_sql_mode /opt/stack/data/venv/lib/python3.12/site-packages/oslo_db/sqlalchemy/engines.py:325}}
Jun 16 01:36:37.234654 np0000180642 devstack@n-api.service[100197]: DEBUG nova.context [None req-8c93e91b-41e3-4258-9339-7ee71c599a47 None None] Found 2 cells: 00000000-0000-0000-0000-000000000000(cell0),90bacbc3-cbd7-4e01-a921-425b2c763cc5(cell1) {{(pid=100197) load_cells /opt/stack/nova/nova/context.py:509}}
Jun 16 01:36:37.234914 np0000180642 devstack@n-api.service[100197]: INFO nova.utils [None req-8c93e91b-41e3-4258-9339-7ee71c599a47 None None] The cell worker thread pool MainProcess.cell_worker is initialized
Jun 16 01:36:37.236757 np0000180642 devstack@n-api.service[100197]: DEBUG oslo_concurrency.lockutils [None req-8c93e91b-41e3-4258-9339-7ee71c599a47 None None] Acquiring lock "00000000-0000-0000-0000-000000000000" by "nova.context.set_target_cell..get_or_set_cached_cell_and_set_connections" {{(pid=100197) inner /opt/stack/data/venv/lib/python3.12/site-packages/oslo_concurrency/lockutils.py:511}}
Jun 16 01:36:37.236974 np0000180642 devstack@n-api.service[100197]: DEBUG oslo_concurrency.lockutils [None req-8c93e91b-41e3-4258-9339-7ee71c599a47 None None] Lock "00000000-0000-0000-0000-000000000000" acquired by "nova.context.set_target_cell..get_or_set_cached_cell_and_set_connections" :: waited 0.000s {{(pid=100197) inner /opt/stack/data/venv/lib/python3.12/site-packages/oslo_concurrency/lockutils.py:524}}
Jun 16 01:36:37.237250 np0000180642 devstack@n-api.service[100197]: DEBUG oslo_concurrency.lockutils [None req-8c93e91b-41e3-4258-9339-7ee71c599a47 None None] Lock "00000000-0000-0000-0000-000000000000" "released" by "nova.context.set_target_cell..get_or_set_cached_cell_and_set_connections" :: held 0.000s {{(pid=100197) inner /opt/stack/data/venv/lib/python3.12/site-packages/oslo_concurrency/lockutils.py:543}}
Jun 16 01:36:37.238251 np0000180642 devstack@n-api.service[100197]: DEBUG oslo_concurrency.lockutils [None req-8c93e91b-41e3-4258-9339-7ee71c599a47 None None] Acquiring lock "90bacbc3-cbd7-4e01-a921-425b2c763cc5" by "nova.context.set_target_cell..get_or_set_cached_cell_and_set_connections" {{(pid=100197) inner /opt/stack/data/venv/lib/python3.12/site-packages/oslo_concurrency/lockutils.py:511}}
Jun 16 01:36:37.238470 np0000180642 devstack@n-api.service[100197]: DEBUG oslo_concurrency.lockutils [None req-8c93e91b-41e3-4258-9339-7ee71c599a47 None None] Lock "90bacbc3-cbd7-4e01-a921-425b2c763cc5" acquired by "nova.context.set_target_cell..get_or_set_cached_cell_and_set_connections" :: waited 0.000s {{(pid=100197) inner /opt/stack/data/venv/lib/python3.12/site-packages/oslo_concurrency/lockutils.py:524}}
Jun 16 01:36:37.239290 np0000180642 devstack@n-api.service[100197]: DEBUG oslo_concurrency.lockutils [None req-8c93e91b-41e3-4258-9339-7ee71c599a47 None None] Lock "90bacbc3-cbd7-4e01-a921-425b2c763cc5" "released" by "nova.context.set_target_cell..get_or_set_cached_cell_and_set_connections" :: held 0.001s {{(pid=100197) inner /opt/stack/data/venv/lib/python3.12/site-packages/oslo_concurrency/lockutils.py:543}}
Jun 16 01:36:37.243013 np0000180642 devstack@n-api.service[100197]: INFO dbcounter [None req-8c93e91b-41e3-4258-9339-7ee71c599a47 None None] Registered counter for database nova_cell0
Jun 16 01:36:37.246286 np0000180642 devstack@n-api.service[100198]: DEBUG dbcounter [-] [100198] Writer thread running {{(pid=100198) stat_writer /opt/stack/data/venv/lib/python3.12/site-packages/dbcounter.py:102}}
Jun 16 01:36:37.249317 np0000180642 devstack@n-api.service[100197]: INFO dbcounter [None req-8c93e91b-41e3-4258-9339-7ee71c599a47 None None] Registered counter for database nova_cell1
Jun 16 01:36:37.258139 np0000180642 devstack@n-api.service[100199]: DEBUG oslo_db.sqlalchemy.engines [None req-ce702807-b0c7-4ed6-ab49-fed5803fff51 None None] MySQL server mode set to STRICT_TRANS_TABLES,STRICT_ALL_TABLES,NO_ZERO_IN_DATE,NO_ZERO_DATE,ERROR_FOR_DIVISION_BY_ZERO,TRADITIONAL,NO_ENGINE_SUBSTITUTION {{(pid=100199) _check_effective_sql_mode /opt/stack/data/venv/lib/python3.12/site-packages/oslo_db/sqlalchemy/engines.py:325}}
Jun 16 01:36:37.273670 np0000180642 devstack@n-api.service[100200]: DEBUG oslo_db.sqlalchemy.engines [None req-3bbf01c3-b51d-4f8c-9e23-e0e867ab9faf None None] MySQL server mode set to STRICT_TRANS_TABLES,STRICT_ALL_TABLES,NO_ZERO_IN_DATE,NO_ZERO_DATE,ERROR_FOR_DIVISION_BY_ZERO,TRADITIONAL,NO_ENGINE_SUBSTITUTION {{(pid=100200) _check_effective_sql_mode /opt/stack/data/venv/lib/python3.12/site-packages/oslo_db/sqlalchemy/engines.py:325}}
Jun 16 01:36:37.296474 np0000180642 devstack@n-api.service[100199]: DEBUG dbcounter [-] [100199] Writer thread running {{(pid=100199) stat_writer /opt/stack/data/venv/lib/python3.12/site-packages/dbcounter.py:102}}
Jun 16 01:36:37.299241 np0000180642 devstack@n-api.service[100199]: DEBUG nova.context [None req-ce702807-b0c7-4ed6-ab49-fed5803fff51 None None] Found 2 cells: 00000000-0000-0000-0000-000000000000(cell0),90bacbc3-cbd7-4e01-a921-425b2c763cc5(cell1) {{(pid=100199) load_cells /opt/stack/nova/nova/context.py:509}}
Jun 16 01:36:37.299527 np0000180642 devstack@n-api.service[100199]: INFO nova.utils [None req-ce702807-b0c7-4ed6-ab49-fed5803fff51 None None] The cell worker thread pool MainProcess.cell_worker is initialized
Jun 16 01:36:37.301711 np0000180642 devstack@n-api.service[100199]: DEBUG oslo_concurrency.lockutils [None req-ce702807-b0c7-4ed6-ab49-fed5803fff51 None None] Acquiring lock "00000000-0000-0000-0000-000000000000" by "nova.context.set_target_cell..get_or_set_cached_cell_and_set_connections" {{(pid=100199) inner /opt/stack/data/venv/lib/python3.12/site-packages/oslo_concurrency/lockutils.py:511}}
Jun 16 01:36:37.301946 np0000180642 devstack@n-api.service[100199]: DEBUG oslo_concurrency.lockutils [None req-ce702807-b0c7-4ed6-ab49-fed5803fff51 None None] Lock "00000000-0000-0000-0000-000000000000" acquired by "nova.context.set_target_cell..get_or_set_cached_cell_and_set_connections" :: waited 0.000s {{(pid=100199) inner /opt/stack/data/venv/lib/python3.12/site-packages/oslo_concurrency/lockutils.py:524}}
Jun 16 01:36:37.302273 np0000180642 devstack@n-api.service[100199]: DEBUG oslo_concurrency.lockutils [None req-ce702807-b0c7-4ed6-ab49-fed5803fff51 None None] Lock "00000000-0000-0000-0000-000000000000" "released" by "nova.context.set_target_cell..get_or_set_cached_cell_and_set_connections" :: held 0.000s {{(pid=100199) inner /opt/stack/data/venv/lib/python3.12/site-packages/oslo_concurrency/lockutils.py:543}}
Jun 16 01:36:37.303247 np0000180642 devstack@n-api.service[100199]: DEBUG oslo_concurrency.lockutils [None req-ce702807-b0c7-4ed6-ab49-fed5803fff51 None None] Acquiring lock "90bacbc3-cbd7-4e01-a921-425b2c763cc5" by "nova.context.set_target_cell..get_or_set_cached_cell_and_set_connections" {{(pid=100199) inner /opt/stack/data/venv/lib/python3.12/site-packages/oslo_concurrency/lockutils.py:511}}
Jun 16 01:36:37.303433 np0000180642 devstack@n-api.service[100199]: DEBUG oslo_concurrency.lockutils [None req-ce702807-b0c7-4ed6-ab49-fed5803fff51 None None] Lock "90bacbc3-cbd7-4e01-a921-425b2c763cc5" acquired by "nova.context.set_target_cell..get_or_set_cached_cell_and_set_connections" :: waited 0.000s {{(pid=100199) inner /opt/stack/data/venv/lib/python3.12/site-packages/oslo_concurrency/lockutils.py:524}}
Jun 16 01:36:37.304355 np0000180642 devstack@n-api.service[100199]: DEBUG oslo_concurrency.lockutils [None req-ce702807-b0c7-4ed6-ab49-fed5803fff51 None None] Lock "90bacbc3-cbd7-4e01-a921-425b2c763cc5" "released" by "nova.context.set_target_cell..get_or_set_cached_cell_and_set_connections" :: held 0.001s {{(pid=100199) inner /opt/stack/data/venv/lib/python3.12/site-packages/oslo_concurrency/lockutils.py:543}}
Jun 16 01:36:37.307186 np0000180642 devstack@n-api.service[100199]: INFO dbcounter [None req-ce702807-b0c7-4ed6-ab49-fed5803fff51 None None] Registered counter for database nova_cell0
Jun 16 01:36:37.312372 np0000180642 devstack@n-api.service[100199]: INFO dbcounter [None req-ce702807-b0c7-4ed6-ab49-fed5803fff51 None None] Registered counter for database nova_cell1
Jun 16 01:36:37.321910 np0000180642 devstack@n-api.service[100200]: DEBUG dbcounter [-] [100200] Writer thread running {{(pid=100200) stat_writer /opt/stack/data/venv/lib/python3.12/site-packages/dbcounter.py:102}}
Jun 16 01:36:37.325589 np0000180642 devstack@n-api.service[100200]: DEBUG nova.context [None req-3bbf01c3-b51d-4f8c-9e23-e0e867ab9faf None None] Found 2 cells: 00000000-0000-0000-0000-000000000000(cell0),90bacbc3-cbd7-4e01-a921-425b2c763cc5(cell1) {{(pid=100200) load_cells /opt/stack/nova/nova/context.py:509}}
Jun 16 01:36:37.325931 np0000180642 devstack@n-api.service[100200]: INFO nova.utils [None req-3bbf01c3-b51d-4f8c-9e23-e0e867ab9faf None None] The cell worker thread pool MainProcess.cell_worker is initialized
Jun 16 01:36:37.328415 np0000180642 devstack@n-api.service[100200]: DEBUG oslo_concurrency.lockutils [None req-3bbf01c3-b51d-4f8c-9e23-e0e867ab9faf None None] Acquiring lock "00000000-0000-0000-0000-000000000000" by "nova.context.set_target_cell..get_or_set_cached_cell_and_set_connections" {{(pid=100200) inner /opt/stack/data/venv/lib/python3.12/site-packages/oslo_concurrency/lockutils.py:511}}
Jun 16 01:36:37.328639 np0000180642 devstack@n-api.service[100200]: DEBUG oslo_concurrency.lockutils [None req-3bbf01c3-b51d-4f8c-9e23-e0e867ab9faf None None] Lock "00000000-0000-0000-0000-000000000000" acquired by "nova.context.set_target_cell..get_or_set_cached_cell_and_set_connections" :: waited 0.000s {{(pid=100200) inner /opt/stack/data/venv/lib/python3.12/site-packages/oslo_concurrency/lockutils.py:524}}
Jun 16 01:36:37.328902 np0000180642 devstack@n-api.service[100197]: DEBUG oslo_db.sqlalchemy.engines [None req-8c93e91b-41e3-4258-9339-7ee71c599a47 None None] MySQL server mode set to STRICT_TRANS_TABLES,STRICT_ALL_TABLES,NO_ZERO_IN_DATE,NO_ZERO_DATE,ERROR_FOR_DIVISION_BY_ZERO,TRADITIONAL,NO_ENGINE_SUBSTITUTION {{(pid=100197) _check_effective_sql_mode /opt/stack/data/venv/lib/python3.12/site-packages/oslo_db/sqlalchemy/engines.py:325}}
Jun 16 01:36:37.329155 np0000180642 devstack@n-api.service[100200]: DEBUG oslo_concurrency.lockutils [None req-3bbf01c3-b51d-4f8c-9e23-e0e867ab9faf None None] Lock "00000000-0000-0000-0000-000000000000" "released" by "nova.context.set_target_cell..get_or_set_cached_cell_and_set_connections" :: held 0.001s {{(pid=100200) inner /opt/stack/data/venv/lib/python3.12/site-packages/oslo_concurrency/lockutils.py:543}}
Jun 16 01:36:37.330367 np0000180642 devstack@n-api.service[100200]: DEBUG oslo_concurrency.lockutils [None req-3bbf01c3-b51d-4f8c-9e23-e0e867ab9faf None None] Acquiring lock "90bacbc3-cbd7-4e01-a921-425b2c763cc5" by "nova.context.set_target_cell..get_or_set_cached_cell_and_set_connections" {{(pid=100200) inner /opt/stack/data/venv/lib/python3.12/site-packages/oslo_concurrency/lockutils.py:511}}
Jun 16 01:36:37.330592 np0000180642 devstack@n-api.service[100200]: DEBUG oslo_concurrency.lockutils [None req-3bbf01c3-b51d-4f8c-9e23-e0e867ab9faf None None] Lock "90bacbc3-cbd7-4e01-a921-425b2c763cc5" acquired by "nova.context.set_target_cell..get_or_set_cached_cell_and_set_connections" :: waited 0.000s {{(pid=100200) inner /opt/stack/data/venv/lib/python3.12/site-packages/oslo_concurrency/lockutils.py:524}}
Jun 16 01:36:37.331885 np0000180642 devstack@n-api.service[100200]: DEBUG oslo_concurrency.lockutils [None req-3bbf01c3-b51d-4f8c-9e23-e0e867ab9faf None None] Lock "90bacbc3-cbd7-4e01-a921-425b2c763cc5" "released" by "nova.context.set_target_cell..get_or_set_cached_cell_and_set_connections" :: held 0.001s {{(pid=100200) inner /opt/stack/data/venv/lib/python3.12/site-packages/oslo_concurrency/lockutils.py:543}}
Jun 16 01:36:37.332062 np0000180642 devstack@n-api.service[100197]: DEBUG oslo_db.sqlalchemy.engines [None req-8c93e91b-41e3-4258-9339-7ee71c599a47 None None] MySQL server mode set to STRICT_TRANS_TABLES,STRICT_ALL_TABLES,NO_ZERO_IN_DATE,NO_ZERO_DATE,ERROR_FOR_DIVISION_BY_ZERO,TRADITIONAL,NO_ENGINE_SUBSTITUTION {{(pid=100197) _check_effective_sql_mode /opt/stack/data/venv/lib/python3.12/site-packages/oslo_db/sqlalchemy/engines.py:325}}
Jun 16 01:36:37.335849 np0000180642 devstack@n-api.service[100200]: INFO dbcounter [None req-3bbf01c3-b51d-4f8c-9e23-e0e867ab9faf None None] Registered counter for database nova_cell0
Jun 16 01:36:37.342479 np0000180642 devstack@n-api.service[100200]: INFO dbcounter [None req-3bbf01c3-b51d-4f8c-9e23-e0e867ab9faf None None] Registered counter for database nova_cell1
Jun 16 01:36:37.379754 np0000180642 devstack@n-api.service[100199]: DEBUG oslo_db.sqlalchemy.engines [None req-ce702807-b0c7-4ed6-ab49-fed5803fff51 None None] MySQL server mode set to STRICT_TRANS_TABLES,STRICT_ALL_TABLES,NO_ZERO_IN_DATE,NO_ZERO_DATE,ERROR_FOR_DIVISION_BY_ZERO,TRADITIONAL,NO_ENGINE_SUBSTITUTION {{(pid=100199) _check_effective_sql_mode /opt/stack/data/venv/lib/python3.12/site-packages/oslo_db/sqlalchemy/engines.py:325}}
Jun 16 01:36:37.383335 np0000180642 devstack@n-api.service[100199]: DEBUG oslo_db.sqlalchemy.engines [None req-ce702807-b0c7-4ed6-ab49-fed5803fff51 None None] MySQL server mode set to STRICT_TRANS_TABLES,STRICT_ALL_TABLES,NO_ZERO_IN_DATE,NO_ZERO_DATE,ERROR_FOR_DIVISION_BY_ZERO,TRADITIONAL,NO_ENGINE_SUBSTITUTION {{(pid=100199) _check_effective_sql_mode /opt/stack/data/venv/lib/python3.12/site-packages/oslo_db/sqlalchemy/engines.py:325}}
Jun 16 01:36:37.419629 np0000180642 devstack@n-api.service[100200]: DEBUG oslo_db.sqlalchemy.engines [None req-3bbf01c3-b51d-4f8c-9e23-e0e867ab9faf None None] MySQL server mode set to STRICT_TRANS_TABLES,STRICT_ALL_TABLES,NO_ZERO_IN_DATE,NO_ZERO_DATE,ERROR_FOR_DIVISION_BY_ZERO,TRADITIONAL,NO_ENGINE_SUBSTITUTION {{(pid=100200) _check_effective_sql_mode /opt/stack/data/venv/lib/python3.12/site-packages/oslo_db/sqlalchemy/engines.py:325}}
Jun 16 01:36:37.435487 np0000180642 devstack@n-api.service[100200]: DEBUG oslo_db.sqlalchemy.engines [None req-3bbf01c3-b51d-4f8c-9e23-e0e867ab9faf None None] MySQL server mode set to STRICT_TRANS_TABLES,STRICT_ALL_TABLES,NO_ZERO_IN_DATE,NO_ZERO_DATE,ERROR_FOR_DIVISION_BY_ZERO,TRADITIONAL,NO_ENGINE_SUBSTITUTION {{(pid=100200) _check_effective_sql_mode /opt/stack/data/venv/lib/python3.12/site-packages/oslo_db/sqlalchemy/engines.py:325}}
Jun 16 01:36:37.439126 np0000180642 devstack@n-api.service[100197]: DEBUG dbcounter [-] [100197] Writer thread running {{(pid=100197) stat_writer /opt/stack/data/venv/lib/python3.12/site-packages/dbcounter.py:102}}
Jun 16 01:36:37.440368 np0000180642 devstack@n-api.service[100197]: DEBUG dbcounter [-] [100197] Writer thread running {{(pid=100197) stat_writer /opt/stack/data/venv/lib/python3.12/site-packages/dbcounter.py:102}}
Jun 16 01:36:37.481762 np0000180642 devstack@n-api.service[100199]: DEBUG dbcounter [-] [100199] Writer thread running {{(pid=100199) stat_writer /opt/stack/data/venv/lib/python3.12/site-packages/dbcounter.py:102}}
Jun 16 01:36:37.482940 np0000180642 devstack@n-api.service[100199]: DEBUG dbcounter [-] [100199] Writer thread running {{(pid=100199) stat_writer /opt/stack/data/venv/lib/python3.12/site-packages/dbcounter.py:102}}
Jun 16 01:36:37.495592 np0000180642 devstack@n-api.service[100197]: INFO dbcounter [None req-8c93e91b-41e3-4258-9339-7ee71c599a47 None None] Registered counter for database nova_cell0
Jun 16 01:36:37.496121 np0000180642 devstack@n-api.service[100199]: INFO dbcounter [None req-ce702807-b0c7-4ed6-ab49-fed5803fff51 None None] Registered counter for database nova_cell0
Jun 16 01:36:37.514725 np0000180642 devstack@n-api.service[100200]: DEBUG dbcounter [-] [100200] Writer thread running {{(pid=100200) stat_writer /opt/stack/data/venv/lib/python3.12/site-packages/dbcounter.py:102}}
Jun 16 01:36:37.522363 np0000180642 devstack@n-api.service[100200]: DEBUG dbcounter [-] [100200] Writer thread running {{(pid=100200) stat_writer /opt/stack/data/venv/lib/python3.12/site-packages/dbcounter.py:102}}
Jun 16 01:36:37.527967 np0000180642 devstack@n-api.service[100200]: INFO dbcounter [None req-3bbf01c3-b51d-4f8c-9e23-e0e867ab9faf None None] Registered counter for database nova_cell0
Jun 16 01:36:37.547403 np0000180642 devstack@n-api.service[100199]: DEBUG oslo_db.sqlalchemy.engines [None req-ce702807-b0c7-4ed6-ab49-fed5803fff51 None None] MySQL server mode set to STRICT_TRANS_TABLES,STRICT_ALL_TABLES,NO_ZERO_IN_DATE,NO_ZERO_DATE,ERROR_FOR_DIVISION_BY_ZERO,TRADITIONAL,NO_ENGINE_SUBSTITUTION {{(pid=100199) _check_effective_sql_mode /opt/stack/data/venv/lib/python3.12/site-packages/oslo_db/sqlalchemy/engines.py:325}}
Jun 16 01:36:37.552072 np0000180642 devstack@n-api.service[100197]: DEBUG oslo_db.sqlalchemy.engines [None req-8c93e91b-41e3-4258-9339-7ee71c599a47 None None] MySQL server mode set to STRICT_TRANS_TABLES,STRICT_ALL_TABLES,NO_ZERO_IN_DATE,NO_ZERO_DATE,ERROR_FOR_DIVISION_BY_ZERO,TRADITIONAL,NO_ENGINE_SUBSTITUTION {{(pid=100197) _check_effective_sql_mode /opt/stack/data/venv/lib/python3.12/site-packages/oslo_db/sqlalchemy/engines.py:325}}
Jun 16 01:36:37.556635 np0000180642 devstack@n-api.service[100199]: DEBUG dbcounter [-] [100199] Writer thread running {{(pid=100199) stat_writer /opt/stack/data/venv/lib/python3.12/site-packages/dbcounter.py:102}}
Jun 16 01:36:37.564116 np0000180642 devstack@n-api.service[100197]: DEBUG dbcounter [-] [100197] Writer thread running {{(pid=100197) stat_writer /opt/stack/data/venv/lib/python3.12/site-packages/dbcounter.py:102}}
Jun 16 01:36:37.573479 np0000180642 devstack@n-api.service[100200]: DEBUG oslo_db.sqlalchemy.engines [None req-3bbf01c3-b51d-4f8c-9e23-e0e867ab9faf None None] MySQL server mode set to STRICT_TRANS_TABLES,STRICT_ALL_TABLES,NO_ZERO_IN_DATE,NO_ZERO_DATE,ERROR_FOR_DIVISION_BY_ZERO,TRADITIONAL,NO_ENGINE_SUBSTITUTION {{(pid=100200) _check_effective_sql_mode /opt/stack/data/venv/lib/python3.12/site-packages/oslo_db/sqlalchemy/engines.py:325}}
Jun 16 01:36:37.584648 np0000180642 devstack@n-api.service[100200]: DEBUG dbcounter [-] [100200] Writer thread running {{(pid=100200) stat_writer /opt/stack/data/venv/lib/python3.12/site-packages/dbcounter.py:102}}
Jun 16 01:36:37.657235 np0000180642 devstack@n-api.service[100198]: DEBUG oslo_concurrency.processutils [None req-78a8b7f5-403f-4594-ab52-9b6f3bccf0b4 None None] Running cmd (subprocess): grep -F node.session.scan /sbin/iscsiadm {{(pid=100198) execute /opt/stack/data/venv/lib/python3.12/site-packages/oslo_concurrency/processutils.py:440}}
Jun 16 01:36:37.671283 np0000180642 devstack@n-api.service[100198]: DEBUG oslo_concurrency.processutils [None req-78a8b7f5-403f-4594-ab52-9b6f3bccf0b4 None None] CMD "grep -F node.session.scan /sbin/iscsiadm" returned: 0 in 0.014s {{(pid=100198) execute /opt/stack/data/venv/lib/python3.12/site-packages/oslo_concurrency/processutils.py:468}}
Jun 16 01:36:37.923870 np0000180642 devstack@n-api.service[100197]: DEBUG oslo_concurrency.processutils [None req-8c93e91b-41e3-4258-9339-7ee71c599a47 None None] Running cmd (subprocess): grep -F node.session.scan /sbin/iscsiadm {{(pid=100197) execute /opt/stack/data/venv/lib/python3.12/site-packages/oslo_concurrency/processutils.py:440}}
Jun 16 01:36:37.925556 np0000180642 devstack@n-api.service[100199]: DEBUG oslo_concurrency.processutils [None req-ce702807-b0c7-4ed6-ab49-fed5803fff51 None None] Running cmd (subprocess): grep -F node.session.scan /sbin/iscsiadm {{(pid=100199) execute /opt/stack/data/venv/lib/python3.12/site-packages/oslo_concurrency/processutils.py:440}}
Jun 16 01:36:37.944495 np0000180642 devstack@n-api.service[100197]: DEBUG oslo_concurrency.processutils [None req-8c93e91b-41e3-4258-9339-7ee71c599a47 None None] CMD "grep -F node.session.scan /sbin/iscsiadm" returned: 0 in 0.020s {{(pid=100197) execute /opt/stack/data/venv/lib/python3.12/site-packages/oslo_concurrency/processutils.py:468}}
Jun 16 01:36:37.947392 np0000180642 devstack@n-api.service[100199]: DEBUG oslo_concurrency.processutils [None req-ce702807-b0c7-4ed6-ab49-fed5803fff51 None None] CMD "grep -F node.session.scan /sbin/iscsiadm" returned: 0 in 0.022s {{(pid=100199) execute /opt/stack/data/venv/lib/python3.12/site-packages/oslo_concurrency/processutils.py:468}}
Jun 16 01:36:37.950100 np0000180642 devstack@n-api.service[100200]: DEBUG oslo_concurrency.processutils [None req-3bbf01c3-b51d-4f8c-9e23-e0e867ab9faf None None] Running cmd (subprocess): grep -F node.session.scan /sbin/iscsiadm {{(pid=100200) execute /opt/stack/data/venv/lib/python3.12/site-packages/oslo_concurrency/processutils.py:440}}
Jun 16 01:36:37.970860 np0000180642 devstack@n-api.service[100200]: DEBUG oslo_concurrency.processutils [None req-3bbf01c3-b51d-4f8c-9e23-e0e867ab9faf None None] CMD "grep -F node.session.scan /sbin/iscsiadm" returned: 0 in 0.021s {{(pid=100200) execute /opt/stack/data/venv/lib/python3.12/site-packages/oslo_concurrency/processutils.py:468}}
Jun 16 01:36:38.273884 np0000180642 devstack@n-api.service[100198]: DEBUG nova.api.openstack.wsgi_app [None req-78a8b7f5-403f-4594-ab52-9b6f3bccf0b4 None None] ******************************************************************************** {{(pid=100198) log_opt_values /opt/stack/data/venv/lib/python3.12/site-packages/oslo_config/cfg.py:3226}}
Jun 16 01:36:38.273884 np0000180642 devstack@n-api.service[100198]: DEBUG nova.api.openstack.wsgi_app [None req-78a8b7f5-403f-4594-ab52-9b6f3bccf0b4 None None] Configuration options gathered from: {{(pid=100198) log_opt_values /opt/stack/data/venv/lib/python3.12/site-packages/oslo_config/cfg.py:3227}}
Jun 16 01:36:38.274745 np0000180642 devstack@n-api.service[100198]: DEBUG nova.api.openstack.wsgi_app [None req-78a8b7f5-403f-4594-ab52-9b6f3bccf0b4 None None] command line args: [] {{(pid=100198) log_opt_values /opt/stack/data/venv/lib/python3.12/site-packages/oslo_config/cfg.py:3228}}
Jun 16 01:36:38.274745 np0000180642 devstack@n-api.service[100198]: DEBUG nova.api.openstack.wsgi_app [None req-78a8b7f5-403f-4594-ab52-9b6f3bccf0b4 None None] config files: ['/etc/nova/api-paste.ini', '/etc/nova/nova.conf'] {{(pid=100198) log_opt_values /opt/stack/data/venv/lib/python3.12/site-packages/oslo_config/cfg.py:3229}}
Jun 16 01:36:38.274745 np0000180642 devstack@n-api.service[100198]: DEBUG nova.api.openstack.wsgi_app [None req-78a8b7f5-403f-4594-ab52-9b6f3bccf0b4 None None] ================================================================================ {{(pid=100198) log_opt_values /opt/stack/data/venv/lib/python3.12/site-packages/oslo_config/cfg.py:3234}}
Jun 16 01:36:38.274745 np0000180642 devstack@n-api.service[100198]: DEBUG nova.api.openstack.wsgi_app [None req-78a8b7f5-403f-4594-ab52-9b6f3bccf0b4 None None] allow_resize_to_same_host = True {{(pid=100198) log_opt_values /opt/stack/data/venv/lib/python3.12/site-packages/oslo_config/cfg.py:3242}}
Jun 16 01:36:38.274903 np0000180642 devstack@n-api.service[100198]: DEBUG nova.api.openstack.wsgi_app [None req-78a8b7f5-403f-4594-ab52-9b6f3bccf0b4 None None] arq_binding_timeout = 300 {{(pid=100198) log_opt_values /opt/stack/data/venv/lib/python3.12/site-packages/oslo_config/cfg.py:3242}}
Jun 16 01:36:38.275142 np0000180642 devstack@n-api.service[100198]: DEBUG nova.api.openstack.wsgi_app [None req-78a8b7f5-403f-4594-ab52-9b6f3bccf0b4 None None] block_device_allocate_retries = 60 {{(pid=100198) log_opt_values /opt/stack/data/venv/lib/python3.12/site-packages/oslo_config/cfg.py:3242}}
Jun 16 01:36:38.275142 np0000180642 devstack@n-api.service[100198]: DEBUG nova.api.openstack.wsgi_app [None req-78a8b7f5-403f-4594-ab52-9b6f3bccf0b4 None None] block_device_allocate_retries_interval = 3 {{(pid=100198) log_opt_values /opt/stack/data/venv/lib/python3.12/site-packages/oslo_config/cfg.py:3242}}
Jun 16 01:36:38.275351 np0000180642 devstack@n-api.service[100198]: DEBUG nova.api.openstack.wsgi_app [None req-78a8b7f5-403f-4594-ab52-9b6f3bccf0b4 None None] cell_worker_thread_pool_size = 5 {{(pid=100198) log_opt_values /opt/stack/data/venv/lib/python3.12/site-packages/oslo_config/cfg.py:3242}}
Jun 16 01:36:38.275444 np0000180642 devstack@n-api.service[100198]: DEBUG nova.api.openstack.wsgi_app [None req-78a8b7f5-403f-4594-ab52-9b6f3bccf0b4 None None] cert = self.pem {{(pid=100198) log_opt_values /opt/stack/data/venv/lib/python3.12/site-packages/oslo_config/cfg.py:3242}}
Jun 16 01:36:38.275544 np0000180642 devstack@n-api.service[100198]: DEBUG nova.api.openstack.wsgi_app [None req-78a8b7f5-403f-4594-ab52-9b6f3bccf0b4 None None] compute_driver = libvirt.LibvirtDriver {{(pid=100198) log_opt_values /opt/stack/data/venv/lib/python3.12/site-packages/oslo_config/cfg.py:3242}}
Jun 16 01:36:38.275690 np0000180642 devstack@n-api.service[100198]: DEBUG nova.api.openstack.wsgi_app [None req-78a8b7f5-403f-4594-ab52-9b6f3bccf0b4 None None] compute_monitors = [] {{(pid=100198) log_opt_values /opt/stack/data/venv/lib/python3.12/site-packages/oslo_config/cfg.py:3242}}
Jun 16 01:36:38.275794 np0000180642 devstack@n-api.service[100198]: DEBUG nova.api.openstack.wsgi_app [None req-78a8b7f5-403f-4594-ab52-9b6f3bccf0b4 None None] config_dir = [] {{(pid=100198) log_opt_values /opt/stack/data/venv/lib/python3.12/site-packages/oslo_config/cfg.py:3242}}
Jun 16 01:36:38.275952 np0000180642 devstack@n-api.service[100198]: DEBUG nova.api.openstack.wsgi_app [None req-78a8b7f5-403f-4594-ab52-9b6f3bccf0b4 None None] config_drive_format = iso9660 {{(pid=100198) log_opt_values /opt/stack/data/venv/lib/python3.12/site-packages/oslo_config/cfg.py:3242}}
Jun 16 01:36:38.276065 np0000180642 devstack@n-api.service[100198]: DEBUG nova.api.openstack.wsgi_app [None req-78a8b7f5-403f-4594-ab52-9b6f3bccf0b4 None None] config_file = ['/etc/nova/api-paste.ini', '/etc/nova/nova.conf'] {{(pid=100198) log_opt_values /opt/stack/data/venv/lib/python3.12/site-packages/oslo_config/cfg.py:3242}}
Jun 16 01:36:38.276234 np0000180642 devstack@n-api.service[100198]: DEBUG nova.api.openstack.wsgi_app [None req-78a8b7f5-403f-4594-ab52-9b6f3bccf0b4 None None] config_source = [] {{(pid=100198) log_opt_values /opt/stack/data/venv/lib/python3.12/site-packages/oslo_config/cfg.py:3242}}
Jun 16 01:36:38.276387 np0000180642 devstack@n-api.service[100198]: DEBUG nova.api.openstack.wsgi_app [None req-78a8b7f5-403f-4594-ab52-9b6f3bccf0b4 None None] console_host = np0000180642 {{(pid=100198) log_opt_values /opt/stack/data/venv/lib/python3.12/site-packages/oslo_config/cfg.py:3242}}
Jun 16 01:36:38.276523 np0000180642 devstack@n-api.service[100198]: DEBUG nova.api.openstack.wsgi_app [None req-78a8b7f5-403f-4594-ab52-9b6f3bccf0b4 None None] control_exchange = nova {{(pid=100198) log_opt_values /opt/stack/data/venv/lib/python3.12/site-packages/oslo_config/cfg.py:3242}}
Jun 16 01:36:38.276653 np0000180642 devstack@n-api.service[100198]: DEBUG nova.api.openstack.wsgi_app [None req-78a8b7f5-403f-4594-ab52-9b6f3bccf0b4 None None] cpu_allocation_ratio = None {{(pid=100198) log_opt_values /opt/stack/data/venv/lib/python3.12/site-packages/oslo_config/cfg.py:3242}}
Jun 16 01:36:38.276783 np0000180642 devstack@n-api.service[100198]: DEBUG nova.api.openstack.wsgi_app [None req-78a8b7f5-403f-4594-ab52-9b6f3bccf0b4 None None] daemon = False {{(pid=100198) log_opt_values /opt/stack/data/venv/lib/python3.12/site-packages/oslo_config/cfg.py:3242}}
Jun 16 01:36:38.276956 np0000180642 devstack@n-api.service[100198]: DEBUG nova.api.openstack.wsgi_app [None req-78a8b7f5-403f-4594-ab52-9b6f3bccf0b4 None None] debug = True {{(pid=100198) log_opt_values /opt/stack/data/venv/lib/python3.12/site-packages/oslo_config/cfg.py:3242}}
Jun 16 01:36:38.277082 np0000180642 devstack@n-api.service[100198]: DEBUG nova.api.openstack.wsgi_app [None req-78a8b7f5-403f-4594-ab52-9b6f3bccf0b4 None None] default_access_ip_network_name = None {{(pid=100198) log_opt_values /opt/stack/data/venv/lib/python3.12/site-packages/oslo_config/cfg.py:3242}}
Jun 16 01:36:38.277238 np0000180642 devstack@n-api.service[100198]: DEBUG nova.api.openstack.wsgi_app [None req-78a8b7f5-403f-4594-ab52-9b6f3bccf0b4 None None] default_availability_zone = nova {{(pid=100198) log_opt_values /opt/stack/data/venv/lib/python3.12/site-packages/oslo_config/cfg.py:3242}}
Jun 16 01:36:38.277411 np0000180642 devstack@n-api.service[100198]: DEBUG nova.api.openstack.wsgi_app [None req-78a8b7f5-403f-4594-ab52-9b6f3bccf0b4 None None] default_ephemeral_format = ext4 {{(pid=100198) log_opt_values /opt/stack/data/venv/lib/python3.12/site-packages/oslo_config/cfg.py:3242}}
Jun 16 01:36:38.277522 np0000180642 devstack@n-api.service[100198]: DEBUG nova.api.openstack.wsgi_app [None req-78a8b7f5-403f-4594-ab52-9b6f3bccf0b4 None None] default_green_pool_size = 1000 {{(pid=100198) log_opt_values /opt/stack/data/venv/lib/python3.12/site-packages/oslo_config/cfg.py:3242}}
Jun 16 01:36:38.277766 np0000180642 devstack@n-api.service[100198]: DEBUG nova.api.openstack.wsgi_app [None req-78a8b7f5-403f-4594-ab52-9b6f3bccf0b4 None None] default_log_levels = ['amqp=WARN', 'boto=WARN', 'sqlalchemy=WARN', 'suds=INFO', 'oslo.messaging=INFO', 'oslo_messaging=INFO', 'iso8601=WARN', 'requests.packages.urllib3.connectionpool=WARN', 'urllib3.connectionpool=WARN', 'websocket=WARN', 'requests.packages.urllib3.util.retry=WARN', 'urllib3.util.retry=WARN', 'keystonemiddleware=WARN', 'routes.middleware=WARN', 'stevedore=WARN', 'taskflow=WARN', 'keystoneauth=WARN', 'oslo.cache=INFO', 'oslo_policy=INFO', 'dogpile.core.dogpile=INFO', 'glanceclient=WARN', 'oslo.privsep.daemon=INFO'] {{(pid=100198) log_opt_values /opt/stack/data/venv/lib/python3.12/site-packages/oslo_config/cfg.py:3242}}
Jun 16 01:36:38.277906 np0000180642 devstack@n-api.service[100198]: DEBUG nova.api.openstack.wsgi_app [None req-78a8b7f5-403f-4594-ab52-9b6f3bccf0b4 None None] default_schedule_zone = None {{(pid=100198) log_opt_values /opt/stack/data/venv/lib/python3.12/site-packages/oslo_config/cfg.py:3242}}
Jun 16 01:36:38.278027 np0000180642 devstack@n-api.service[100198]: DEBUG nova.api.openstack.wsgi_app [None req-78a8b7f5-403f-4594-ab52-9b6f3bccf0b4 None None] default_thread_pool_size = 10 {{(pid=100198) log_opt_values /opt/stack/data/venv/lib/python3.12/site-packages/oslo_config/cfg.py:3242}}
Jun 16 01:36:38.278113 np0000180642 devstack@n-api.service[100198]: DEBUG nova.api.openstack.wsgi_app [None req-78a8b7f5-403f-4594-ab52-9b6f3bccf0b4 None None] disk_allocation_ratio = None {{(pid=100198) log_opt_values /opt/stack/data/venv/lib/python3.12/site-packages/oslo_config/cfg.py:3242}}
Jun 16 01:36:38.278251 np0000180642 devstack@n-api.service[100198]: DEBUG nova.api.openstack.wsgi_app [None req-78a8b7f5-403f-4594-ab52-9b6f3bccf0b4 None None] enable_new_services = True {{(pid=100198) log_opt_values /opt/stack/data/venv/lib/python3.12/site-packages/oslo_config/cfg.py:3242}}
Jun 16 01:36:38.278396 np0000180642 devstack@n-api.service[100198]: DEBUG nova.api.openstack.wsgi_app [None req-78a8b7f5-403f-4594-ab52-9b6f3bccf0b4 None None] flat_injected = False {{(pid=100198) log_opt_values /opt/stack/data/venv/lib/python3.12/site-packages/oslo_config/cfg.py:3242}}
Jun 16 01:36:38.278528 np0000180642 devstack@n-api.service[100198]: DEBUG nova.api.openstack.wsgi_app [None req-78a8b7f5-403f-4594-ab52-9b6f3bccf0b4 None None] force_config_drive = False {{(pid=100198) log_opt_values /opt/stack/data/venv/lib/python3.12/site-packages/oslo_config/cfg.py:3242}}
Jun 16 01:36:38.278662 np0000180642 devstack@n-api.service[100198]: DEBUG nova.api.openstack.wsgi_app [None req-78a8b7f5-403f-4594-ab52-9b6f3bccf0b4 None None] force_raw_images = True {{(pid=100198) log_opt_values /opt/stack/data/venv/lib/python3.12/site-packages/oslo_config/cfg.py:3242}}
Jun 16 01:36:38.278792 np0000180642 devstack@n-api.service[100198]: DEBUG nova.api.openstack.wsgi_app [None req-78a8b7f5-403f-4594-ab52-9b6f3bccf0b4 None None] graceful_shutdown_timeout = 5 {{(pid=100198) log_opt_values /opt/stack/data/venv/lib/python3.12/site-packages/oslo_config/cfg.py:3242}}
Jun 16 01:36:38.278916 np0000180642 devstack@n-api.service[100198]: DEBUG nova.api.openstack.wsgi_app [None req-78a8b7f5-403f-4594-ab52-9b6f3bccf0b4 None None] heal_instance_info_cache_interval = -1 {{(pid=100198) log_opt_values /opt/stack/data/venv/lib/python3.12/site-packages/oslo_config/cfg.py:3242}}
Jun 16 01:36:38.279075 np0000180642 devstack@n-api.service[100198]: DEBUG nova.api.openstack.wsgi_app [None req-78a8b7f5-403f-4594-ab52-9b6f3bccf0b4 None None] host = np0000180642 {{(pid=100198) log_opt_values /opt/stack/data/venv/lib/python3.12/site-packages/oslo_config/cfg.py:3242}}
Jun 16 01:36:38.279216 np0000180642 devstack@n-api.service[100198]: DEBUG nova.api.openstack.wsgi_app [None req-78a8b7f5-403f-4594-ab52-9b6f3bccf0b4 None None] initial_cpu_allocation_ratio = 4.0 {{(pid=100198) log_opt_values /opt/stack/data/venv/lib/python3.12/site-packages/oslo_config/cfg.py:3242}}
Jun 16 01:36:38.279369 np0000180642 devstack@n-api.service[100198]: DEBUG nova.api.openstack.wsgi_app [None req-78a8b7f5-403f-4594-ab52-9b6f3bccf0b4 None None] initial_disk_allocation_ratio = 1.0 {{(pid=100198) log_opt_values /opt/stack/data/venv/lib/python3.12/site-packages/oslo_config/cfg.py:3242}}
Jun 16 01:36:38.279501 np0000180642 devstack@n-api.service[100198]: DEBUG nova.api.openstack.wsgi_app [None req-78a8b7f5-403f-4594-ab52-9b6f3bccf0b4 None None] initial_ram_allocation_ratio = 1.0 {{(pid=100198) log_opt_values /opt/stack/data/venv/lib/python3.12/site-packages/oslo_config/cfg.py:3242}}
Jun 16 01:36:38.279693 np0000180642 devstack@n-api.service[100198]: DEBUG nova.api.openstack.wsgi_app [None req-78a8b7f5-403f-4594-ab52-9b6f3bccf0b4 None None] injected_network_template = /opt/stack/nova/nova/virt/interfaces.template {{(pid=100198) log_opt_values /opt/stack/data/venv/lib/python3.12/site-packages/oslo_config/cfg.py:3242}}
Jun 16 01:36:38.279818 np0000180642 devstack@n-api.service[100198]: DEBUG nova.api.openstack.wsgi_app [None req-78a8b7f5-403f-4594-ab52-9b6f3bccf0b4 None None] instance_build_timeout = 0 {{(pid=100198) log_opt_values /opt/stack/data/venv/lib/python3.12/site-packages/oslo_config/cfg.py:3242}}
Jun 16 01:36:38.279944 np0000180642 devstack@n-api.service[100198]: DEBUG nova.api.openstack.wsgi_app [None req-78a8b7f5-403f-4594-ab52-9b6f3bccf0b4 None None] instance_delete_interval = 300 {{(pid=100198) log_opt_values /opt/stack/data/venv/lib/python3.12/site-packages/oslo_config/cfg.py:3242}}
Jun 16 01:36:38.280078 np0000180642 devstack@n-api.service[100198]: DEBUG nova.api.openstack.wsgi_app [None req-78a8b7f5-403f-4594-ab52-9b6f3bccf0b4 None None] instance_format = [instance: %(uuid)s] {{(pid=100198) log_opt_values /opt/stack/data/venv/lib/python3.12/site-packages/oslo_config/cfg.py:3242}}
Jun 16 01:36:38.280210 np0000180642 devstack@n-api.service[100198]: DEBUG nova.api.openstack.wsgi_app [None req-78a8b7f5-403f-4594-ab52-9b6f3bccf0b4 None None] instance_name_template = instance-%08x {{(pid=100198) log_opt_values /opt/stack/data/venv/lib/python3.12/site-packages/oslo_config/cfg.py:3242}}
Jun 16 01:36:38.280521 np0000180642 devstack@n-api.service[100198]: DEBUG nova.api.openstack.wsgi_app [None req-78a8b7f5-403f-4594-ab52-9b6f3bccf0b4 None None] instance_usage_audit = False {{(pid=100198) log_opt_values /opt/stack/data/venv/lib/python3.12/site-packages/oslo_config/cfg.py:3242}}
Jun 16 01:36:38.280521 np0000180642 devstack@n-api.service[100198]: DEBUG nova.api.openstack.wsgi_app [None req-78a8b7f5-403f-4594-ab52-9b6f3bccf0b4 None None] instance_usage_audit_period = month {{(pid=100198) log_opt_values /opt/stack/data/venv/lib/python3.12/site-packages/oslo_config/cfg.py:3242}}
Jun 16 01:36:38.280631 np0000180642 devstack@n-api.service[100198]: DEBUG nova.api.openstack.wsgi_app [None req-78a8b7f5-403f-4594-ab52-9b6f3bccf0b4 None None] instance_uuid_format = [instance: %(uuid)s] {{(pid=100198) log_opt_values /opt/stack/data/venv/lib/python3.12/site-packages/oslo_config/cfg.py:3242}}
Jun 16 01:36:38.280743 np0000180642 devstack@n-api.service[100198]: DEBUG nova.api.openstack.wsgi_app [None req-78a8b7f5-403f-4594-ab52-9b6f3bccf0b4 None None] instances_path = /opt/stack/data/nova/instances {{(pid=100198) log_opt_values /opt/stack/data/venv/lib/python3.12/site-packages/oslo_config/cfg.py:3242}}
Jun 16 01:36:38.280910 np0000180642 devstack@n-api.service[100198]: DEBUG nova.api.openstack.wsgi_app [None req-78a8b7f5-403f-4594-ab52-9b6f3bccf0b4 None None] internal_service_availability_zone = internal {{(pid=100198) log_opt_values /opt/stack/data/venv/lib/python3.12/site-packages/oslo_config/cfg.py:3242}}
Jun 16 01:36:38.281024 np0000180642 devstack@n-api.service[100198]: DEBUG nova.api.openstack.wsgi_app [None req-78a8b7f5-403f-4594-ab52-9b6f3bccf0b4 None None] key = None {{(pid=100198) log_opt_values /opt/stack/data/venv/lib/python3.12/site-packages/oslo_config/cfg.py:3242}}
Jun 16 01:36:38.281128 np0000180642 devstack@n-api.service[100198]: DEBUG nova.api.openstack.wsgi_app [None req-78a8b7f5-403f-4594-ab52-9b6f3bccf0b4 None None] live_migration_retry_count = 30 {{(pid=100198) log_opt_values /opt/stack/data/venv/lib/python3.12/site-packages/oslo_config/cfg.py:3242}}
Jun 16 01:36:38.281265 np0000180642 devstack@n-api.service[100198]: DEBUG nova.api.openstack.wsgi_app [None req-78a8b7f5-403f-4594-ab52-9b6f3bccf0b4 None None] log_color = False {{(pid=100198) log_opt_values /opt/stack/data/venv/lib/python3.12/site-packages/oslo_config/cfg.py:3242}}
Jun 16 01:36:38.281421 np0000180642 devstack@n-api.service[100198]: DEBUG nova.api.openstack.wsgi_app [None req-78a8b7f5-403f-4594-ab52-9b6f3bccf0b4 None None] log_config_append = None {{(pid=100198) log_opt_values /opt/stack/data/venv/lib/python3.12/site-packages/oslo_config/cfg.py:3242}}
Jun 16 01:36:38.281556 np0000180642 devstack@n-api.service[100198]: DEBUG nova.api.openstack.wsgi_app [None req-78a8b7f5-403f-4594-ab52-9b6f3bccf0b4 None None] log_date_format = %Y-%m-%d %H:%M:%S {{(pid=100198) log_opt_values /opt/stack/data/venv/lib/python3.12/site-packages/oslo_config/cfg.py:3242}}
Jun 16 01:36:38.281686 np0000180642 devstack@n-api.service[100198]: DEBUG nova.api.openstack.wsgi_app [None req-78a8b7f5-403f-4594-ab52-9b6f3bccf0b4 None None] log_dir = None {{(pid=100198) log_opt_values /opt/stack/data/venv/lib/python3.12/site-packages/oslo_config/cfg.py:3242}}
Jun 16 01:36:38.281815 np0000180642 devstack@n-api.service[100198]: DEBUG nova.api.openstack.wsgi_app [None req-78a8b7f5-403f-4594-ab52-9b6f3bccf0b4 None None] log_file = None {{(pid=100198) log_opt_values /opt/stack/data/venv/lib/python3.12/site-packages/oslo_config/cfg.py:3242}}
Jun 16 01:36:38.281925 np0000180642 devstack@n-api.service[100198]: DEBUG nova.api.openstack.wsgi_app [None req-78a8b7f5-403f-4594-ab52-9b6f3bccf0b4 None None] log_options = True {{(pid=100198) log_opt_values /opt/stack/data/venv/lib/python3.12/site-packages/oslo_config/cfg.py:3242}}
