2026-02-24 07:49:52.082 8 INFO neutron.notifiers.nova [-] Nova event matching ['req-d3ad196b-c8bd-4b27-82c1-0deff8e8cb16'] response: {'server_uuid': '6efe4d6f-cbe3-48d3-9125-e5919f741648', 'name': 'network-vif-deleted', 'tag': 'a0232e8e-b20f-488e-a4b5-b148831064c0', 'status': 'completed', 'code': 200} [pid: 8|app: 0|req: 1632/3376] 10.0.0.238 () {34 vars in 990 bytes} [Tue Feb 24 07:49:53 2026] GET /v2.0/ports?device_id=6efe4d6f-cbe3-48d3-9125-e5919f741648 => generated 12 bytes in 18 msecs (HTTP/1.1 200) 4 headers in 156 bytes (1 switches on core 0) [pid: 7|app: 0|req: 1745/3377] 10.0.0.76 () {28 vars in 582 bytes} [Tue Feb 24 07:49:56 2026] GET /v2.0/subnets => generated 5512 bytes in 112 msecs (HTTP/1.1 200) 4 headers in 158 bytes (1 switches on core 0) [pid: 8|app: 0|req: 1633/3378] 10.0.0.76 () {28 vars in 578 bytes} [Tue Feb 24 07:49:56 2026] GET /v2.0/ports => generated 12564 bytes in 83 msecs (HTTP/1.1 200) 4 headers in 159 bytes (1 switches on core 0) [pid: 7|app: 0|req: 1746/3379] 10.0.0.76 () {28 vars in 590 bytes} [Tue Feb 24 07:49:56 2026] GET /v2.0/floatingips => generated 19 bytes in 18 msecs (HTTP/1.1 200) 4 headers in 156 bytes (1 switches on core 0) [pid: 8|app: 0|req: 1634/3380] 10.0.0.76 () {28 vars in 584 bytes} [Tue Feb 24 07:49:56 2026] GET /v2.0/networks => generated 4773 bytes in 59 msecs (HTTP/1.1 200) 4 headers in 158 bytes (1 switches on core 0) [pid: 7|app: 0|req: 1747/3381] 10.0.0.76 () {28 vars in 598 bytes} [Tue Feb 24 07:49:57 2026] GET /v2.0/security-groups => generated 28640 bytes in 38 msecs (HTTP/1.1 200) 4 headers in 159 bytes (1 switches on core 0) [pid: 8|app: 0|req: 1635/3382] 10.0.0.76 () {28 vars in 580 bytes} [Tue Feb 24 07:49:57 2026] GET /v2.0/agents => generated 1214 bytes in 60 msecs (HTTP/1.1 200) 4 headers in 158 bytes (1 switches on core 0) [pid: 7|app: 0|req: 1748/3383] 10.0.0.76 () {28 vars in 582 bytes} [Tue Feb 24 07:49:57 2026] GET /v2.0/routers => generated 965 bytes in 75 msecs (HTTP/1.1 200) 4 headers in 157 bytes (1 switches on core 0) [pid: 8|app: 0|req: 1636/3384] 10.0.0.76 () {28 vars in 623 bytes} [Tue Feb 24 07:49:57 2026] GET /v2.0/agents?binary=ovn-controller => generated 416 bytes in 10 msecs (HTTP/1.1 200) 4 headers in 157 bytes (1 switches on core 0) [pid: 7|app: 0|req: 1749/3385] 10.0.0.76 () {28 vars in 582 bytes} [Tue Feb 24 07:49:57 2026] GET /v2.0/subnets => generated 5512 bytes in 42 msecs (HTTP/1.1 200) 4 headers in 158 bytes (1 switches on core 0) [pid: 8|app: 0|req: 1637/3386] 10.0.0.76 () {28 vars in 590 bytes} [Tue Feb 24 07:49:57 2026] GET /v2.0/subnetpools => generated 19 bytes in 9 msecs (HTTP/1.1 200) 4 headers in 156 bytes (1 switches on core 0) [pid: 7|app: 0|req: 1750/3387] 10.0.0.76 () {28 vars in 618 bytes} [Tue Feb 24 07:49:57 2026] GET /v2.0/network-ip-availabilities => generated 3188 bytes in 17 msecs (HTTP/1.1 200) 4 headers in 158 bytes (1 switches on core 0) [pid: 8|app: 0|req: 1638/3388] 10.0.0.248 () {32 vars in 750 bytes} [Tue Feb 24 07:49:58 2026] DELETE /v2.0/security-group-rules/dccdd4dc-77e9-4803-8daf-8220942dc65a => generated 0 bytes in 179 msecs (HTTP/1.1 204) 2 headers in 112 bytes (1 switches on core 0)
2026-02-24 07:49:58.576 7 INFO neutron.api.v2.resource [None req-a361fbb0-6a7c-40d4-ae89-52f3759f7b6a 4a9aa1b75dd9428c91b199f3a0f4b0d9 0c4e8762a6aa45c1b2b9401f8e9d905e - - default default] show failed (client error): The resource could not be found. [pid: 7|app: 0|req: 1751/3389] 10.0.0.248 () {32 vars in 747 bytes} [Tue Feb 24 07:49:58 2026] GET /v2.0/security-group-rules/dccdd4dc-77e9-4803-8daf-8220942dc65a => generated 155 bytes in 12 msecs (HTTP/1.1 404) 4 headers in 164 bytes (1 switches on core 0) [pid: 8|app: 0|req: 1639/3390] 10.0.0.248 () {32 vars in 750 bytes} [Tue Feb 24 07:49:58 2026] DELETE /v2.0/security-group-rules/c41f2356-333f-42ba-9eef-c072619b5bde => generated 0 bytes in 157 msecs (HTTP/1.1 204) 2 headers in 112 bytes (1 switches on core 0)
2026-02-24 07:49:58.757 7 INFO neutron.api.v2.resource [None req-2fe068e4-639e-46a4-82d7-d69bd2362b7e 4a9aa1b75dd9428c91b199f3a0f4b0d9 0c4e8762a6aa45c1b2b9401f8e9d905e - - default default] show failed (client error): The resource could not be found. [pid: 7|app: 0|req: 1752/3391] 10.0.0.248 () {32 vars in 747 bytes} [Tue Feb 24 07:49:58 2026] GET /v2.0/security-group-rules/c41f2356-333f-42ba-9eef-c072619b5bde => generated 155 bytes in 16 msecs (HTTP/1.1 404) 4 headers in 164 bytes (1 switches on core 0) [pid: 8|app: 0|req: 1640/3392] 10.0.0.248 () {32 vars in 750 bytes} [Tue Feb 24 07:49:58 2026] DELETE /v2.0/security-group-rules/8a9274c7-a6e2-42c1-bc24-b7b578ec482f => generated 0 bytes in 159 msecs (HTTP/1.1 204) 2 headers in 112 bytes (1 switches on core 0)
2026-02-24 07:49:58.938 7 INFO neutron.api.v2.resource [None req-5c1715be-d5bc-4df1-a35c-80c4f3c5903f 4a9aa1b75dd9428c91b199f3a0f4b0d9 0c4e8762a6aa45c1b2b9401f8e9d905e - - default default] show failed (client error): The resource could not be found. [pid: 7|app: 0|req: 1753/3393] 10.0.0.248 () {32 vars in 747 bytes} [Tue Feb 24 07:49:58 2026] GET /v2.0/security-group-rules/8a9274c7-a6e2-42c1-bc24-b7b578ec482f => generated 155 bytes in 10 msecs (HTTP/1.1 404) 4 headers in 164 bytes (1 switches on core 0) [pid: 8|app: 0|req: 1641/3394] 10.0.0.248 () {32 vars in 750 bytes} [Tue Feb 24 07:49:58 2026] DELETE /v2.0/security-group-rules/c88efe6d-14f4-446c-8468-c37a1ff1f908 => generated 0 bytes in 163 msecs (HTTP/1.1 204) 2 headers in 112 bytes (1 switches on core 0)
2026-02-24 07:49:59.122 7 INFO neutron.api.v2.resource [None req-de6d70a2-6410-4687-82a5-18fdaf06d9e3 4a9aa1b75dd9428c91b199f3a0f4b0d9 0c4e8762a6aa45c1b2b9401f8e9d905e - - default default] show failed (client error): The resource could not be found. [pid: 7|app: 0|req: 1754/3395] 10.0.0.248 () {32 vars in 747 bytes} [Tue Feb 24 07:49:59 2026] GET /v2.0/security-group-rules/c88efe6d-14f4-446c-8468-c37a1ff1f908 => generated 155 bytes in 10 msecs (HTTP/1.1 404) 4 headers in 164 bytes (1 switches on core 0) [pid: 8|app: 0|req: 1642/3396] 10.0.0.248 () {32 vars in 750 bytes} [Tue Feb 24 07:49:59 2026] DELETE /v2.0/security-group-rules/f8a30b1b-2a4e-4aab-bf0f-18aaa9c950f5 => generated 0 bytes in 144 msecs (HTTP/1.1 204) 2 headers in 112 bytes (1 switches on core 0)
2026-02-24 07:49:59.289 7 INFO neutron.api.v2.resource [None req-85cff73c-1eaf-4046-b02a-90d13deabbd6 4a9aa1b75dd9428c91b199f3a0f4b0d9 0c4e8762a6aa45c1b2b9401f8e9d905e - - default default] show failed (client error): The resource could not be found. [pid: 7|app: 0|req: 1755/3397] 10.0.0.248 () {32 vars in 747 bytes} [Tue Feb 24 07:49:59 2026] GET /v2.0/security-group-rules/f8a30b1b-2a4e-4aab-bf0f-18aaa9c950f5 => generated 155 bytes in 13 msecs (HTTP/1.1 404) 4 headers in 164 bytes (1 switches on core 0) [pid: 8|app: 0|req: 1643/3398] 10.0.0.248 () {32 vars in 750 bytes} [Tue Feb 24 07:49:59 2026] DELETE /v2.0/security-group-rules/fdb5967a-4ea5-4d70-beb8-bb8677eeff75 => generated 0 bytes in 145 msecs (HTTP/1.1 204) 2 headers in 112 bytes (1 switches on core 0)
2026-02-24 07:49:59.453 7 INFO neutron.api.v2.resource [None req-ba278c97-1895-40f7-9ce9-9861994aa08b 4a9aa1b75dd9428c91b199f3a0f4b0d9 0c4e8762a6aa45c1b2b9401f8e9d905e - - default default] show failed (client error): The resource could not be found. [pid: 7|app: 0|req: 1756/3399] 10.0.0.248 () {32 vars in 747 bytes} [Tue Feb 24 07:49:59 2026] GET /v2.0/security-group-rules/fdb5967a-4ea5-4d70-beb8-bb8677eeff75 => generated 155 bytes in 11 msecs (HTTP/1.1 404) 4 headers in 164 bytes (1 switches on core 0) [pid: 8|app: 0|req: 1644/3400] 10.0.0.248 () {32 vars in 750 bytes} [Tue Feb 24 07:49:59 2026] DELETE /v2.0/security-group-rules/729d2da2-34ea-417a-8b3b-df761e5b3608 => generated 0 bytes in 143 msecs (HTTP/1.1 204) 2 headers in 112 bytes (1 switches on core 0)
2026-02-24 07:49:59.615 7 INFO neutron.api.v2.resource [None req-5d8bbfdb-fe05-4d9d-81af-e5edd7938670 4a9aa1b75dd9428c91b199f3a0f4b0d9 0c4e8762a6aa45c1b2b9401f8e9d905e - - default default] show failed (client error): The resource could not be found. [pid: 7|app: 0|req: 1757/3401] 10.0.0.248 () {32 vars in 747 bytes} [Tue Feb 24 07:49:59 2026] GET /v2.0/security-group-rules/729d2da2-34ea-417a-8b3b-df761e5b3608 => generated 155 bytes in 12 msecs (HTTP/1.1 404) 4 headers in 164 bytes (1 switches on core 0) [pid: 8|app: 0|req: 1645/3402] 10.0.0.248 () {32 vars in 750 bytes} [Tue Feb 24 07:49:59 2026] DELETE /v2.0/security-group-rules/4b7ed6ab-549d-4aeb-9ce8-50682549f2c7 => generated 0 bytes in 161 msecs (HTTP/1.1 204) 2 headers in 112 bytes (1 switches on core 0)
2026-02-24 07:49:59.798 7 INFO neutron.api.v2.resource [None req-cac38f65-862f-4847-ae22-0ccecca38b48 4a9aa1b75dd9428c91b199f3a0f4b0d9 0c4e8762a6aa45c1b2b9401f8e9d905e - - default default] show failed (client error): The resource could not be found. [pid: 7|app: 0|req: 1758/3403] 10.0.0.248 () {32 vars in 747 bytes} [Tue Feb 24 07:49:59 2026] GET /v2.0/security-group-rules/4b7ed6ab-549d-4aeb-9ce8-50682549f2c7 => generated 155 bytes in 13 msecs (HTTP/1.1 404) 4 headers in 164 bytes (1 switches on core 0) [pid: 8|app: 0|req: 1646/3404] 10.0.0.248 () {32 vars in 750 bytes} [Tue Feb 24 07:49:59 2026] DELETE /v2.0/security-group-rules/9f11d504-4586-41dd-bcd3-212e709ab344 => generated 0 bytes in 138 msecs (HTTP/1.1 204) 2 headers in 112 bytes (1 switches on core 0)
2026-02-24 07:49:59.957 7 INFO neutron.api.v2.resource [None req-65216acc-bc49-4ae2-9c9e-9df9112deefa 4a9aa1b75dd9428c91b199f3a0f4b0d9 0c4e8762a6aa45c1b2b9401f8e9d905e - - default default] show failed (client error): The resource could not be found. [pid: 7|app: 0|req: 1759/3405] 10.0.0.248 () {32 vars in 747 bytes} [Tue Feb 24 07:49:59 2026] GET /v2.0/security-group-rules/9f11d504-4586-41dd-bcd3-212e709ab344 => generated 155 bytes in 12 msecs (HTTP/1.1 404) 4 headers in 164 bytes (1 switches on core 0) [pid: 8|app: 0|req: 1647/3406] 10.0.0.248 () {32 vars in 750 bytes} [Tue Feb 24 07:49:59 2026] DELETE /v2.0/security-group-rules/8e32fed3-c31f-447e-8e1d-aee5ef4632d7 => generated 0 bytes in 133 msecs (HTTP/1.1 204) 2 headers in 112 bytes (1 switches on core 0)
2026-02-24 07:50:00.109 7 INFO neutron.api.v2.resource [None req-6e832990-e019-4419-b371-26e66610bb46 4a9aa1b75dd9428c91b199f3a0f4b0d9 0c4e8762a6aa45c1b2b9401f8e9d905e - - default default] show failed (client error): The resource could not be found. [pid: 7|app: 0|req: 1760/3407] 10.0.0.248 () {32 vars in 747 bytes} [Tue Feb 24 07:50:00 2026] GET /v2.0/security-group-rules/8e32fed3-c31f-447e-8e1d-aee5ef4632d7 => generated 155 bytes in 10 msecs (HTTP/1.1 404) 4 headers in 164 bytes (1 switches on core 0) [pid: 8|app: 0|req: 1648/3408] 10.0.0.248 () {32 vars in 750 bytes} [Tue Feb 24 07:50:00 2026] DELETE /v2.0/security-group-rules/233bbb12-aa96-4a93-8a55-8b55caaf98a6 => generated 0 bytes in 130 msecs (HTTP/1.1 204) 2 headers in 112 bytes (1 switches on core 0)
2026-02-24 07:50:00.261 7 INFO neutron.api.v2.resource [None req-3eb106b4-8a4f-43ff-a2fd-b199148b4b87 4a9aa1b75dd9428c91b199f3a0f4b0d9 0c4e8762a6aa45c1b2b9401f8e9d905e - - default default] show failed (client error): The resource could not be found. [pid: 7|app: 0|req: 1761/3409] 10.0.0.248 () {32 vars in 747 bytes} [Tue Feb 24 07:50:00 2026] GET /v2.0/security-group-rules/233bbb12-aa96-4a93-8a55-8b55caaf98a6 => generated 155 bytes in 12 msecs (HTTP/1.1 404) 4 headers in 164 bytes (1 switches on core 0) [pid: 8|app: 0|req: 1649/3410] 10.0.0.248 () {32 vars in 740 bytes} [Tue Feb 24 07:50:00 2026] DELETE /v2.0/security-groups/9cf42c43-c26a-4b51-8609-3e3ba6835174 => generated 0 bytes in 127 msecs (HTTP/1.1 204) 2 headers in 112 bytes (1 switches on core 0)
2026-02-24 07:50:00.408 7 INFO neutron.api.v2.resource [None req-43c704be-4f00-4e90-8d69-1d0707f16950 4a9aa1b75dd9428c91b199f3a0f4b0d9 0c4e8762a6aa45c1b2b9401f8e9d905e - - default default] show failed (client error): The resource could not be found. [pid: 7|app: 0|req: 1762/3411] 10.0.0.248 () {32 vars in 737 bytes} [Tue Feb 24 07:50:00 2026] GET /v2.0/security-groups/9cf42c43-c26a-4b51-8609-3e3ba6835174 => generated 146 bytes in 12 msecs (HTTP/1.1 404) 4 headers in 164 bytes (1 switches on core 0)
2026-02-24 07:50:00.762 8 INFO neutron_taas.services.taas.taas_plugin [None req-156dbe08-57e6-4569-9c07-ddee0e8b3375 4a9aa1b75dd9428c91b199f3a0f4b0d9 0c4e8762a6aa45c1b2b9401f8e9d905e - - default default] TaaS: Handle Delete Port: 6be3b18d-a23b-4a33-bf1a-63c14a147a8a
2026-02-24 07:50:00.766 8 INFO neutron_taas.services.taas.tap_mirror_plugin [None req-156dbe08-57e6-4569-9c07-ddee0e8b3375 4a9aa1b75dd9428c91b199f3a0f4b0d9 0c4e8762a6aa45c1b2b9401f8e9d905e - - default default] Tap Mirror: Handle Delete Port: 6be3b18d-a23b-4a33-bf1a-63c14a147a8a [pid: 8|app: 0|req: 1650/3412] 10.0.0.248 () {34 vars in 789 bytes} [Tue Feb 24 07:50:00 2026] PUT /v2.0/routers/990cba52-ed71-4936-b74b-c0a954b7b52c/remove_router_interface => generated 309 bytes in 820 msecs (HTTP/1.1 200) 4 headers in 157 bytes (1 switches on core 0)
2026-02-24 07:50:01.369 7 INFO neutron.api.v2.resource [None req-4381fbf9-4c6a-4cb3-81cc-cd72b2eac3ba 4a9aa1b75dd9428c91b199f3a0f4b0d9 0c4e8762a6aa45c1b2b9401f8e9d905e - - default default] remove_router_interface failed (client error): The resource could not be found. [pid: 7|app: 0|req: 1763/3413] 10.0.0.248 () {34 vars in 789 bytes} [Tue Feb 24 07:50:01 2026] PUT /v2.0/routers/990cba52-ed71-4936-b74b-c0a954b7b52c/remove_router_interface => generated 198 bytes in 86 msecs (HTTP/1.1 404) 4 headers in 164 bytes (1 switches on core 0) /var/lib/openstack/lib/python3.12/site-packages/pycadf/identifier.py:70: UserWarning: Invalid uuid: neutron. To ensure interoperability, identifiers should be a valid uuid. warnings.warn(('Invalid uuid: %s. To ensure interoperability, '
2026-02-24 07:50:01.659 8 INFO neutron_taas.services.taas.taas_plugin [None req-7d9fcad4-0981-4fd7-87e6-2d659e7c8cf2 4a9aa1b75dd9428c91b199f3a0f4b0d9 0c4e8762a6aa45c1b2b9401f8e9d905e - - default default] TaaS: Handle Delete Port: c3b8bac7-79e0-4a7f-adef-0605165cb4dd
2026-02-24 07:50:01.662 8 INFO neutron_taas.services.taas.tap_mirror_plugin [None req-7d9fcad4-0981-4fd7-87e6-2d659e7c8cf2 4a9aa1b75dd9428c91b199f3a0f4b0d9 0c4e8762a6aa45c1b2b9401f8e9d905e - - default default] Tap Mirror: Handle Delete Port: c3b8bac7-79e0-4a7f-adef-0605165cb4dd [pid: 8|app: 0|req: 1651/3414] 10.0.0.248 () {34 vars in 789 bytes} [Tue Feb 24 07:50:01 2026] PUT /v2.0/routers/990cba52-ed71-4936-b74b-c0a954b7b52c/remove_router_interface => generated 309 bytes in 856 msecs (HTTP/1.1 200) 4 headers in 157 bytes (1 switches on core 0)
2026-02-24 07:50:02.337 7 INFO neutron.api.v2.resource [None req-45aedd97-5a5b-42da-904d-9c97177acf3e 4a9aa1b75dd9428c91b199f3a0f4b0d9 0c4e8762a6aa45c1b2b9401f8e9d905e - - default default] remove_router_interface failed (client error): The resource could not be found. [pid: 7|app: 0|req: 1764/3415] 10.0.0.248 () {34 vars in 789 bytes} [Tue Feb 24 07:50:02 2026] PUT /v2.0/routers/990cba52-ed71-4936-b74b-c0a954b7b52c/remove_router_interface => generated 198 bytes in 102 msecs (HTTP/1.1 404) 4 headers in 164 bytes (1 switches on core 0) /var/lib/openstack/lib/python3.12/site-packages/pycadf/identifier.py:70: UserWarning: Invalid uuid: neutron. To ensure interoperability, identifiers should be a valid uuid. warnings.warn(('Invalid uuid: %s. To ensure interoperability, '
2026-02-24 07:50:02.621 8 INFO neutron_taas.services.taas.taas_plugin [None req-0d0546c5-47af-4549-b602-073253ae602c 4a9aa1b75dd9428c91b199f3a0f4b0d9 0c4e8762a6aa45c1b2b9401f8e9d905e - - default default] TaaS: Handle Delete Port: 739a763e-186f-4b46-8b49-4d306d9b8706
2026-02-24 07:50:02.624 8 INFO neutron_taas.services.taas.tap_mirror_plugin [None req-0d0546c5-47af-4549-b602-073253ae602c 4a9aa1b75dd9428c91b199f3a0f4b0d9 0c4e8762a6aa45c1b2b9401f8e9d905e - - default default] Tap Mirror: Handle Delete Port: 739a763e-186f-4b46-8b49-4d306d9b8706 [pid: 8|app: 0|req: 1652/3416] 10.0.0.248 () {34 vars in 789 bytes} [Tue Feb 24 07:50:02 2026] PUT /v2.0/routers/990cba52-ed71-4936-b74b-c0a954b7b52c/remove_router_interface => generated 309 bytes in 896 msecs (HTTP/1.1 200) 4 headers in 157 bytes (1 switches on core 0)
2026-02-24 07:50:03.348 7 INFO neutron.api.v2.resource [None req-f27b3257-3faa-4f64-9515-4d78ad5dba64 4a9aa1b75dd9428c91b199f3a0f4b0d9 0c4e8762a6aa45c1b2b9401f8e9d905e - - default default] remove_router_interface failed (client error): The resource could not be found. [pid: 7|app: 0|req: 1765/3417] 10.0.0.248 () {34 vars in 789 bytes} [Tue Feb 24 07:50:03 2026] PUT /v2.0/routers/990cba52-ed71-4936-b74b-c0a954b7b52c/remove_router_interface => generated 198 bytes in 104 msecs (HTTP/1.1 404) 4 headers in 164 bytes (1 switches on core 0) /var/lib/openstack/lib/python3.12/site-packages/pycadf/identifier.py:70: UserWarning: Invalid uuid: neutron. To ensure interoperability, identifiers should be a valid uuid. warnings.warn(('Invalid uuid: %s. To ensure interoperability, '
2026-02-24 07:50:03.729 8 INFO neutron_taas.services.taas.taas_plugin [None req-fdf01111-f20b-496e-9d05-2e4e04dca76a 4a9aa1b75dd9428c91b199f3a0f4b0d9 0c4e8762a6aa45c1b2b9401f8e9d905e - - default default] TaaS: Handle Delete Port: 94310566-e5e4-430e-b2c1-ef60901e122b
2026-02-24 07:50:03.738 8 INFO neutron_taas.services.taas.tap_mirror_plugin [None req-fdf01111-f20b-496e-9d05-2e4e04dca76a 4a9aa1b75dd9428c91b199f3a0f4b0d9 0c4e8762a6aa45c1b2b9401f8e9d905e - - default default] Tap Mirror: Handle Delete Port: 94310566-e5e4-430e-b2c1-ef60901e122b [pid: 8|app: 0|req: 1653/3418] 10.0.0.248 () {32 vars in 724 bytes} [Tue Feb 24 07:50:03 2026] DELETE /v2.0/routers/990cba52-ed71-4936-b74b-c0a954b7b52c => generated 0 bytes in 888 msecs (HTTP/1.1 204) 2 headers in 112 bytes (1 switches on core 0)
2026-02-24 07:50:04.265 7 INFO neutron.api.v2.resource [None req-d0700ef5-0152-459b-94f7-962b50b0995d 4a9aa1b75dd9428c91b199f3a0f4b0d9 0c4e8762a6aa45c1b2b9401f8e9d905e - - default default] show failed (client error): The resource could not be found. [pid: 7|app: 0|req: 1766/3419] 10.0.0.248 () {32 vars in 721 bytes} [Tue Feb 24 07:50:04 2026] GET /v2.0/routers/990cba52-ed71-4936-b74b-c0a954b7b52c => generated 135 bytes in 20 msecs (HTTP/1.1 404) 4 headers in 164 bytes (1 switches on core 0) [pid: 8|app: 0|req: 1654/3420] 10.0.0.248 () {32 vars in 724 bytes} [Tue Feb 24 07:50:04 2026] DELETE /v2.0/subnets/d2cbe6dd-1d3b-40da-b48f-117964ecd03c => generated 0 bytes in 165 msecs (HTTP/1.1 204) 3 headers in 131 bytes (1 switches on core 0)
2026-02-24 07:50:04.456 7 INFO neutron.pecan_wsgi.hooks.translation [None req-126f0ba4-4378-4101-9a34-63ba1d5d196b 4a9aa1b75dd9428c91b199f3a0f4b0d9 0c4e8762a6aa45c1b2b9401f8e9d905e - - default default] GET failed (client error): The resource could not be found. [pid: 7|app: 0|req: 1767/3421] 10.0.0.248 () {32 vars in 721 bytes} [Tue Feb 24 07:50:04 2026] GET /v2.0/subnets/d2cbe6dd-1d3b-40da-b48f-117964ecd03c => generated 136 bytes in 16 msecs (HTTP/1.1 404) 4 headers in 164 bytes (1 switches on core 0) [pid: 8|app: 0|req: 1655/3422] 10.0.0.248 () {32 vars in 724 bytes} [Tue Feb 24 07:50:04 2026] DELETE /v2.0/subnets/b5743698-6946-4658-bb24-86f0c85fd31b => generated 0 bytes in 174 msecs (HTTP/1.1 204) 3 headers in 131 bytes (1 switches on core 0)
2026-02-24 07:50:04.655 7 INFO neutron.pecan_wsgi.hooks.translation [None req-0970ec8e-c5b8-450f-990f-388480984899 4a9aa1b75dd9428c91b199f3a0f4b0d9 0c4e8762a6aa45c1b2b9401f8e9d905e - - default default] GET failed (client error): The resource could not be found. [pid: 7|app: 0|req: 1768/3423] 10.0.0.248 () {32 vars in 721 bytes} [Tue Feb 24 07:50:04 2026] GET /v2.0/subnets/b5743698-6946-4658-bb24-86f0c85fd31b => generated 136 bytes in 16 msecs (HTTP/1.1 404) 4 headers in 164 bytes (1 switches on core 0)
2026-02-24 07:50:04.778 8 INFO neutron_taas.services.taas.taas_plugin [None req-124071b7-a43b-4d8d-9e6f-31f10a51d4f9 4a9aa1b75dd9428c91b199f3a0f4b0d9 0c4e8762a6aa45c1b2b9401f8e9d905e - - default default] TaaS: Handle Delete Port: ab1455b1-edd4-4fdb-bf23-0d5a891986b3
2026-02-24 07:50:04.781 8 INFO neutron_taas.services.taas.tap_mirror_plugin [None req-124071b7-a43b-4d8d-9e6f-31f10a51d4f9 4a9aa1b75dd9428c91b199f3a0f4b0d9 0c4e8762a6aa45c1b2b9401f8e9d905e - - default default] Tap Mirror: Handle Delete Port: ab1455b1-edd4-4fdb-bf23-0d5a891986b3
2026-02-24 07:50:05.032 8 INFO neutron.services.segments.plugin [-] Segment 090dc233-7059-47ac-9187-f16c8c9b19f2 resource provider aggregate not found
2026-02-24 07:50:05.033 8 INFO neutron.services.segments.plugin [-] Segment 090dc233-7059-47ac-9187-f16c8c9b19f2 resource provider aggregate not found
2026-02-24 07:50:05.054 8 INFO neutron.services.segments.plugin [-] Segment 090dc233-7059-47ac-9187-f16c8c9b19f2 resource provider not found; error: Placement Client Error (4xx): {"errors": [{"status": 404, "title": "Not Found", "detail": "The resource could not be found.\n\n No resource provider with uuid 090dc233-7059-47ac-9187-f16c8c9b19f2 found for delete ", "request_id": "req-0f288d3c-5b07-4bd1-89cf-1ffb6837620e"}]}
2026-02-24 07:50:05.056 8 INFO neutron.services.segments.plugin [-] Segment 090dc233-7059-47ac-9187-f16c8c9b19f2 resource provider not found; error: Placement Client Error (4xx): {"errors": [{"status": 404, "title": "Not Found", "detail": "The resource could not be found.\n\n No resource provider with uuid 090dc233-7059-47ac-9187-f16c8c9b19f2 found for delete ", "request_id": "req-2f015ff9-9c14-4cb0-a5b3-6d7c2cc588b2"}]} [pid: 8|app: 0|req: 1656/3424] 10.0.0.248 () {32 vars in 726 bytes} [Tue Feb 24 07:50:04 2026] DELETE /v2.0/networks/77703f8c-3ca3-4907-acdf-ad3a2d1933c9 => generated 0 bytes in 397 msecs (HTTP/1.1 204) 3 headers in 131 bytes (1 switches on core 0)
2026-02-24 07:50:05.082 7 INFO neutron.pecan_wsgi.hooks.translation [None req-97bc24ab-cb11-4188-8248-a01af823b622 4a9aa1b75dd9428c91b199f3a0f4b0d9 0c4e8762a6aa45c1b2b9401f8e9d905e - - default default] GET failed (client error): The resource could not be found. [pid: 7|app: 0|req: 1769/3425] 10.0.0.248 () {32 vars in 723 bytes} [Tue Feb 24 07:50:05 2026] GET /v2.0/networks/77703f8c-3ca3-4907-acdf-ad3a2d1933c9 => generated 138 bytes in 17 msecs (HTTP/1.1 404) 4 headers in 164 bytes (1 switches on core 0) [pid: 8|app: 0|req: 1657/3426] 10.0.0.248 () {32 vars in 724 bytes} [Tue Feb 24 07:50:05 2026] DELETE /v2.0/subnets/5d649804-9fda-4123-8220-a3a0524ef5a6 => generated 0 bytes in 149 msecs (HTTP/1.1 204) 3 headers in 131 bytes (1 switches on core 0)
2026-02-24 07:50:05.259 7 INFO neutron.pecan_wsgi.hooks.translation [None req-45a50212-17d2-4245-862c-9a79a0efa610 4a9aa1b75dd9428c91b199f3a0f4b0d9 0c4e8762a6aa45c1b2b9401f8e9d905e - - default default] GET failed (client error): The resource could not be found. [pid: 7|app: 0|req: 1770/3427] 10.0.0.248 () {32 vars in 721 bytes} [Tue Feb 24 07:50:05 2026] GET /v2.0/subnets/5d649804-9fda-4123-8220-a3a0524ef5a6 => generated 136 bytes in 16 msecs (HTTP/1.1 404) 4 headers in 164 bytes (1 switches on core 0) [pid: 8|app: 0|req: 1658/3428] 10.0.0.248 () {32 vars in 724 bytes} [Tue Feb 24 07:50:05 2026] DELETE /v2.0/subnets/153d9d54-561f-446f-a508-9aa817621070 => generated 0 bytes in 182 msecs (HTTP/1.1 204) 3 headers in 131 bytes (1 switches on core 0)
2026-02-24 07:50:05.470 7 INFO neutron.pecan_wsgi.hooks.translation [None req-fa4c2e18-4aec-4e3b-bfea-0936e3be3fbb 4a9aa1b75dd9428c91b199f3a0f4b0d9 0c4e8762a6aa45c1b2b9401f8e9d905e - - default default] GET failed (client error): The resource could not be found. [pid: 7|app: 0|req: 1771/3429] 10.0.0.248 () {32 vars in 721 bytes} [Tue Feb 24 07:50:05 2026] GET /v2.0/subnets/153d9d54-561f-446f-a508-9aa817621070 => generated 136 bytes in 19 msecs (HTTP/1.1 404) 4 headers in 164 bytes (1 switches on core 0)
2026-02-24 07:50:05.588 8 INFO neutron_taas.services.taas.taas_plugin [None req-fbd2a898-8da1-4f05-ae37-9aa7d5c4d829 4a9aa1b75dd9428c91b199f3a0f4b0d9 0c4e8762a6aa45c1b2b9401f8e9d905e - - default default] TaaS: Handle Delete Port: f14107ae-ed6f-46ec-bb9f-9379e957ff11
2026-02-24 07:50:05.591 8 INFO neutron_taas.services.taas.tap_mirror_plugin [None req-fbd2a898-8da1-4f05-ae37-9aa7d5c4d829 4a9aa1b75dd9428c91b199f3a0f4b0d9 0c4e8762a6aa45c1b2b9401f8e9d905e - - default default] Tap Mirror: Handle Delete Port: f14107ae-ed6f-46ec-bb9f-9379e957ff11 [pid: 8|app: 0|req: 1659/3430] 10.0.0.248 () {32 vars in 726 bytes} [Tue Feb 24 07:50:05 2026] DELETE /v2.0/networks/2728ce67-ade3-4b82-ae63-f416c18eefed => generated 0 bytes in 364 msecs (HTTP/1.1 204) 3 headers in 131 bytes (1 switches on core 0)
2026-02-24 07:50:05.860 7 INFO neutron.pecan_wsgi.hooks.translation [None req-5936d5e9-ccf3-42d1-b5fc-64be3f71c364 4a9aa1b75dd9428c91b199f3a0f4b0d9 0c4e8762a6aa45c1b2b9401f8e9d905e - - default default] GET failed (client error): The resource could not be found. [pid: 7|app: 0|req: 1772/3431] 10.0.0.248 () {32 vars in 723 bytes} [Tue Feb 24 07:50:05 2026] GET /v2.0/networks/2728ce67-ade3-4b82-ae63-f416c18eefed => generated 138 bytes in 16 msecs (HTTP/1.1 404) 4 headers in 164 bytes (1 switches on core 0) [pid: 8|app: 0|req: 1660/3432] 10.0.0.248 () {32 vars in 724 bytes} [Tue Feb 24 07:50:05 2026] DELETE /v2.0/subnets/c9469800-c133-496d-a73e-afc1a37a6e11 => generated 0 bytes in 149 msecs (HTTP/1.1 204) 3 headers in 131 bytes (1 switches on core 0)
2026-02-24 07:50:06.040 7 INFO neutron.pecan_wsgi.hooks.translation [None req-cf288b34-6b65-442f-8894-5e0c829f22b3 4a9aa1b75dd9428c91b199f3a0f4b0d9 0c4e8762a6aa45c1b2b9401f8e9d905e - - default default] GET failed (client error): The resource could not be found. [pid: 7|app: 0|req: 1773/3433] 10.0.0.248 () {32 vars in 721 bytes} [Tue Feb 24 07:50:06 2026] GET /v2.0/subnets/c9469800-c133-496d-a73e-afc1a37a6e11 => generated 136 bytes in 18 msecs (HTTP/1.1 404) 4 headers in 164 bytes (1 switches on core 0) [pid: 8|app: 0|req: 1661/3434] 10.0.0.248 () {32 vars in 724 bytes} [Tue Feb 24 07:50:06 2026] DELETE /v2.0/subnets/0cfbd215-56b7-4f44-aebc-f924ee5c675d => generated 0 bytes in 195 msecs (HTTP/1.1 204) 3 headers in 131 bytes (1 switches on core 0)
2026-02-24 07:50:06.267 7 INFO neutron.pecan_wsgi.hooks.translation [None req-03c0bc18-02c6-4f3f-b381-0057e42cb018 4a9aa1b75dd9428c91b199f3a0f4b0d9 0c4e8762a6aa45c1b2b9401f8e9d905e - - default default] GET failed (client error): The resource could not be found. [pid: 7|app: 0|req: 1774/3435] 10.0.0.248 () {32 vars in 721 bytes} [Tue Feb 24 07:50:06 2026] GET /v2.0/subnets/0cfbd215-56b7-4f44-aebc-f924ee5c675d => generated 136 bytes in 20 msecs (HTTP/1.1 404) 4 headers in 164 bytes (1 switches on core 0)
2026-02-24 07:50:06.394 8 INFO neutron_taas.services.taas.taas_plugin [None req-04e16042-b09f-4047-87af-734a2cbece8d 4a9aa1b75dd9428c91b199f3a0f4b0d9 0c4e8762a6aa45c1b2b9401f8e9d905e - - default default] TaaS: Handle Delete Port: f7de8b0c-f13b-4089-8028-85e9e3943351
2026-02-24 07:50:06.397 8 INFO neutron_taas.services.taas.tap_mirror_plugin [None req-04e16042-b09f-4047-87af-734a2cbece8d 4a9aa1b75dd9428c91b199f3a0f4b0d9 0c4e8762a6aa45c1b2b9401f8e9d905e - - default default] Tap Mirror: Handle Delete Port: f7de8b0c-f13b-4089-8028-85e9e3943351 [pid: 8|app: 0|req: 1662/3436] 10.0.0.248 () {32 vars in 726 bytes} [Tue Feb 24 07:50:06 2026] DELETE /v2.0/networks/c25f81cd-f3e8-4bea-83e8-b7f9808c5e60 => generated 0 bytes in 397 msecs (HTTP/1.1 204) 3 headers in 131 bytes (1 switches on core 0)
2026-02-24 07:50:06.688 7 INFO neutron.pecan_wsgi.hooks.translation [None req-b258093b-639a-46a9-a9bb-0abbc4999f6d 4a9aa1b75dd9428c91b199f3a0f4b0d9 0c4e8762a6aa45c1b2b9401f8e9d905e - - default default] GET failed (client error): The resource could not be found. [pid: 7|app: 0|req: 1775/3437] 10.0.0.248 () {32 vars in 723 bytes} [Tue Feb 24 07:50:06 2026] GET /v2.0/networks/c25f81cd-f3e8-4bea-83e8-b7f9808c5e60 => generated 138 bytes in 15 msecs (HTTP/1.1 404) 4 headers in 164 bytes (1 switches on core 0)
2026-02-24 07:50:07.080 8 INFO neutron.services.segments.plugin [-] Segment ccf2b238-7adf-4750-b373-7b2177d0e31c resource provider aggregate not found
2026-02-24 07:50:07.086 8 INFO neutron.services.segments.plugin [-] Segment ccf2b238-7adf-4750-b373-7b2177d0e31c resource provider aggregate not found
2026-02-24 07:50:07.098 8 INFO neutron.services.segments.plugin [-] Segment ccf2b238-7adf-4750-b373-7b2177d0e31c resource provider not found; error: Placement Client Error (4xx): {"errors": [{"status": 404, "title": "Not Found", "detail": "The resource could not be found.\n\n No resource provider with uuid ccf2b238-7adf-4750-b373-7b2177d0e31c found for delete ", "request_id": "req-585b0a1e-f5bd-45a7-ae52-abea5ac30f47"}]}
2026-02-24 07:50:07.102 8 INFO neutron.services.segments.plugin [-] Segment ccf2b238-7adf-4750-b373-7b2177d0e31c resource provider not found; error: Placement Client Error (4xx): {"errors": [{"status": 404, "title": "Not Found", "detail": "The resource could not be found.\n\n No resource provider with uuid ccf2b238-7adf-4750-b373-7b2177d0e31c found for delete ", "request_id": "req-61c35627-a233-4047-8431-73bd2e4b1a51"}]}
2026-02-24 07:50:07.118 8 INFO neutron.services.segments.plugin [-] Segment 3ac23a66-6796-426e-a5e3-d7f9abc6ac69 resource provider aggregate not found
2026-02-24 07:50:07.122 8 INFO neutron.services.segments.plugin [-] Segment 3ac23a66-6796-426e-a5e3-d7f9abc6ac69 resource provider aggregate not found
2026-02-24 07:50:07.138 8 INFO neutron.services.segments.plugin [-] Segment 3ac23a66-6796-426e-a5e3-d7f9abc6ac69 resource provider not found; error: Placement Client Error (4xx): {"errors": [{"status": 404, "title": "Not Found", "detail": "The resource could not be found.\n\n No resource provider with uuid 3ac23a66-6796-426e-a5e3-d7f9abc6ac69 found for delete ", "request_id": "req-0fa7bd11-8176-42f2-827f-3b749f414883"}]}
2026-02-24 07:50:07.142 8 INFO neutron.services.segments.plugin [-] Segment 3ac23a66-6796-426e-a5e3-d7f9abc6ac69 resource provider not found; error: Placement Client Error (4xx): {"errors": [{"status": 404, "title": "Not Found", "detail": "The resource could not be found.\n\n No resource provider with uuid 3ac23a66-6796-426e-a5e3-d7f9abc6ac69 found for delete ", "request_id": "req-65482324-6c3a-4be7-9eb5-e2fb84b7d167"}]}
2026-02-24 07:50:09.011 8 INFO neutron.db.ovn_revision_numbers_db [None req-1fe7794d-82ee-4256-a954-8796d7195d3a fcc298f860cf4623826a6cea21fce3c0 bc0dedffff9e4923ba7add68f42c5b50 - - default default] Successfully bumped revision number for resource 0cc7bd9e-bfe8-41b3-aa17-10aa52929e63 (type: security_groups) to 1
2026-02-24 07:50:09.021 8 INFO neutron.db.ovn_revision_numbers_db [None req-1fe7794d-82ee-4256-a954-8796d7195d3a fcc298f860cf4623826a6cea21fce3c0 bc0dedffff9e4923ba7add68f42c5b50 - - default default] Successfully bumped revision number for resource 32c4cef1-ce9e-40b8-965b-3b6703dc92e2 (type: security_group_rules) to 0
2026-02-24 07:50:09.032 8 INFO neutron.db.ovn_revision_numbers_db [None req-1fe7794d-82ee-4256-a954-8796d7195d3a fcc298f860cf4623826a6cea21fce3c0 bc0dedffff9e4923ba7add68f42c5b50 - - default default] Successfully bumped revision number for resource 86922a7f-64ad-4c39-ba43-1493e18f32c5 (type: security_group_rules) to 0
2026-02-24 07:50:09.044 8 INFO neutron.db.ovn_revision_numbers_db [None req-1fe7794d-82ee-4256-a954-8796d7195d3a fcc298f860cf4623826a6cea21fce3c0 bc0dedffff9e4923ba7add68f42c5b50 - - default default] Successfully bumped revision number for resource a53bca2f-2288-4468-af6c-68761458494a (type: security_group_rules) to 0
2026-02-24 07:50:09.055 8 INFO neutron.db.ovn_revision_numbers_db [None req-1fe7794d-82ee-4256-a954-8796d7195d3a fcc298f860cf4623826a6cea21fce3c0 bc0dedffff9e4923ba7add68f42c5b50 - - default default] Successfully bumped revision number for resource fcf0504a-9065-484e-8dbb-3c274b1a88a1 (type: security_group_rules) to 0 [pid: 8|app: 0|req: 1664/3440] 10.0.0.248 () {32 vars in 774 bytes} [Tue Feb 24 07:50:08 2026] GET /v2.0/security-groups?tenant_id=11f74edf4e6a458cafe70a6ddb6919b8&name=default => generated 2929 bytes in 459 msecs (HTTP/1.1 200) 4 headers in 158 bytes (1 switches on core 0) [pid: 7|app: 0|req: 1777/3441] 10.0.0.248 () {32 vars in 740 bytes} [Tue Feb 24 07:50:09 2026] DELETE /v2.0/security-groups/0cc7bd9e-bfe8-41b3-aa17-10aa52929e63 => generated 0 bytes in 306 msecs (HTTP/1.1 204) 2 headers in 112 bytes (1 switches on core 0)
2026-02-24 07:50:09.683 8 INFO neutron.db.ovn_revision_numbers_db [None req-66ff7dd1-6d8f-430e-bdc0-2dcae1c8ae6f fcc298f860cf4623826a6cea21fce3c0 bc0dedffff9e4923ba7add68f42c5b50 - - default default] Successfully bumped revision number for resource 5fbc4a9a-19aa-4644-8998-3e29b4b31e86 (type: security_groups) to 1
2026-02-24 07:50:09.727 8 INFO neutron.db.ovn_revision_numbers_db [None req-66ff7dd1-6d8f-430e-bdc0-2dcae1c8ae6f fcc298f860cf4623826a6cea21fce3c0 bc0dedffff9e4923ba7add68f42c5b50 - - default default] Successfully bumped revision number for resource 27f2ddae-a9c7-4196-a8b1-c4945bc4b89e (type: security_group_rules) to 0
2026-02-24 07:50:09.741 8 INFO neutron.db.ovn_revision_numbers_db [None req-66ff7dd1-6d8f-430e-bdc0-2dcae1c8ae6f fcc298f860cf4623826a6cea21fce3c0 bc0dedffff9e4923ba7add68f42c5b50 - - default default] Successfully bumped revision number for resource 5a3c2ef3-66d9-4052-83df-891b6d3395cb (type: security_group_rules) to 0
2026-02-24 07:50:09.750 8 INFO neutron.db.ovn_revision_numbers_db [None req-66ff7dd1-6d8f-430e-bdc0-2dcae1c8ae6f fcc298f860cf4623826a6cea21fce3c0 bc0dedffff9e4923ba7add68f42c5b50 - - default default] Successfully bumped revision number for resource 80801e8f-4688-433c-a9ba-966b8b6f651e (type: security_group_rules) to 0
2026-02-24 07:50:09.759 8 INFO neutron.db.ovn_revision_numbers_db [None req-66ff7dd1-6d8f-430e-bdc0-2dcae1c8ae6f fcc298f860cf4623826a6cea21fce3c0 bc0dedffff9e4923ba7add68f42c5b50 - - default default] Successfully bumped revision number for resource e1ceb9bd-4706-47e5-b4a9-42994e4efd56 (type: security_group_rules) to 0 [pid: 8|app: 0|req: 1665/3442] 10.0.0.248 () {32 vars in 774 bytes} [Tue Feb 24 07:50:09 2026] GET /v2.0/security-groups?tenant_id=5b54efa26ddf48e0aaf1e7594bcf2fb2&name=default => generated 2929 bytes in 271 msecs (HTTP/1.1 200) 4 headers in 158 bytes (1 switches on core 0) [pid: 7|app: 0|req: 1778/3443] 10.0.0.248 () {32 vars in 740 bytes} [Tue Feb 24 07:50:09 2026] DELETE /v2.0/security-groups/5fbc4a9a-19aa-4644-8998-3e29b4b31e86 => generated 0 bytes in 345 msecs (HTTP/1.1 204) 2 headers in 112 bytes (1 switches on core 0)
2026-02-24 07:50:10.507 8 INFO neutron.db.ovn_revision_numbers_db [None req-c3cd4cc2-efe6-4b86-9f55-19340f4669c5 fcc298f860cf4623826a6cea21fce3c0 bc0dedffff9e4923ba7add68f42c5b50 - - default default] Successfully bumped revision number for resource 54460f66-140f-43c5-8fa1-e27eaa8a8cc3 (type: security_groups) to 1
2026-02-24 07:50:10.519 8 INFO neutron.db.ovn_revision_numbers_db [None req-c3cd4cc2-efe6-4b86-9f55-19340f4669c5 fcc298f860cf4623826a6cea21fce3c0 bc0dedffff9e4923ba7add68f42c5b50 - - default default] Successfully bumped revision number for resource 1b0bc36c-b31d-4ed7-b623-37129e23044c (type: security_group_rules) to 0
2026-02-24 07:50:10.529 8 INFO neutron.db.ovn_revision_numbers_db [None req-c3cd4cc2-efe6-4b86-9f55-19340f4669c5 fcc298f860cf4623826a6cea21fce3c0 bc0dedffff9e4923ba7add68f42c5b50 - - default default] Successfully bumped revision number for resource 2e5d73a7-45c5-4042-a6fb-b9b5e6dc7019 (type: security_group_rules) to 0
2026-02-24 07:50:10.539 8 INFO neutron.db.ovn_revision_numbers_db [None req-c3cd4cc2-efe6-4b86-9f55-19340f4669c5 fcc298f860cf4623826a6cea21fce3c0 bc0dedffff9e4923ba7add68f42c5b50 - - default default] Successfully bumped revision number for resource 4e0d4a21-e0a0-46cf-b1f4-a7ca81b18c2b (type: security_group_rules) to 0
2026-02-24 07:50:10.551 8 INFO neutron.db.ovn_revision_numbers_db [None req-c3cd4cc2-efe6-4b86-9f55-19340f4669c5 fcc298f860cf4623826a6cea21fce3c0 bc0dedffff9e4923ba7add68f42c5b50 - - default default] Successfully bumped revision number for resource 888f138c-603c-4c2e-9f4c-48132bc84fc6 (type: security_group_rules) to 0 [pid: 8|app: 0|req: 1666/3444] 10.0.0.248 () {32 vars in 774 bytes} [Tue Feb 24 07:50:10 2026] GET /v2.0/security-groups?tenant_id=1b33114652044b43abd013cdc9b4bcc5&name=default => generated 2929 bytes in 249 msecs (HTTP/1.1 200) 4 headers in 158 bytes (1 switches on core 0) [pid: 7|app: 0|req: 1779/3445] 10.0.0.248 () {32 vars in 740 bytes} [Tue Feb 24 07:50:10 2026] DELETE /v2.0/security-groups/54460f66-140f-43c5-8fa1-e27eaa8a8cc3 => generated 0 bytes in 263 msecs (HTTP/1.1 204) 2 headers in 112 bytes (1 switches on core 0)
2026-02-24 07:50:11.158 8 INFO neutron.db.ovn_revision_numbers_db [None req-97e0700b-7bca-446f-9cc8-806dd4fdef4c fcc298f860cf4623826a6cea21fce3c0 bc0dedffff9e4923ba7add68f42c5b50 - - default default] Successfully bumped revision number for resource d5933d2a-6350-4315-ac82-789cb5f8bcce (type: security_groups) to 1
2026-02-24 07:50:11.167 8 INFO neutron.db.ovn_revision_numbers_db [None req-97e0700b-7bca-446f-9cc8-806dd4fdef4c fcc298f860cf4623826a6cea21fce3c0 bc0dedffff9e4923ba7add68f42c5b50 - - default default] Successfully bumped revision number for resource 0c56adb0-4da5-4aab-873b-a7ec4d18b5a5 (type: security_group_rules) to 0
2026-02-24 07:50:11.179 8 INFO neutron.db.ovn_revision_numbers_db [None req-97e0700b-7bca-446f-9cc8-806dd4fdef4c fcc298f860cf4623826a6cea21fce3c0 bc0dedffff9e4923ba7add68f42c5b50 - - default default] Successfully bumped revision number for resource 0c6bcddd-e04b-4bd1-9c1b-cd900babe814 (type: security_group_rules) to 0
2026-02-24 07:50:11.191 8 INFO neutron.db.ovn_revision_numbers_db [None req-97e0700b-7bca-446f-9cc8-806dd4fdef4c fcc298f860cf4623826a6cea21fce3c0 bc0dedffff9e4923ba7add68f42c5b50 - - default default] Successfully bumped revision number for resource bd6dd35c-805a-4ddf-ba0f-c7c679b556ce (type: security_group_rules) to 0
2026-02-24 07:50:11.207 8 INFO neutron.db.ovn_revision_numbers_db [None req-97e0700b-7bca-446f-9cc8-806dd4fdef4c fcc298f860cf4623826a6cea21fce3c0 bc0dedffff9e4923ba7add68f42c5b50 - - default default] Successfully bumped revision number for resource ddef2732-8ef8-4ba5-ae05-ae4562e60d85 (type: security_group_rules) to 0 [pid: 8|app: 0|req: 1667/3446] 10.0.0.248 () {32 vars in 774 bytes} [Tue Feb 24 07:50:10 2026] GET /v2.0/security-groups?tenant_id=d5af1f71d0f149a6b0f746d1174dac37&name=default => generated 2929 bytes in 259 msecs (HTTP/1.1 200) 4 headers in 158 bytes (1 switches on core 0) [pid: 7|app: 0|req: 1780/3447] 10.0.0.248 () {32 vars in 740 bytes} [Tue Feb 24 07:50:11 2026] DELETE /v2.0/security-groups/d5933d2a-6350-4315-ac82-789cb5f8bcce => generated 0 bytes in 317 msecs (HTTP/1.1 204) 2 headers in 112 bytes (1 switches on core 0) [pid: 8|app: 0|req: 1668/3448] 10.0.0.248 () {32 vars in 774 bytes} [Tue Feb 24 07:50:11 2026] GET /v2.0/security-groups?tenant_id=0c4e8762a6aa45c1b2b9401f8e9d905e&name=default => generated 2925 bytes in 50 msecs (HTTP/1.1 200) 4 headers in 158 bytes (1 switches on core 0) [pid: 7|app: 0|req: 1781/3449] 10.0.0.248 () {32 vars in 740 bytes} [Tue Feb 24 07:50:11 2026] DELETE /v2.0/security-groups/444dddb5-6efb-4236-bd89-e175aa09bec4 => generated 0 bytes in 329 msecs (HTTP/1.1 204) 2 headers in 112 bytes (1 switches on core 0)
2026-02-24 07:50:12.414 8 INFO neutron.db.ovn_revision_numbers_db [None req-4de82416-391a-458e-9947-80dc69f2900f fcc298f860cf4623826a6cea21fce3c0 bc0dedffff9e4923ba7add68f42c5b50 - - default default] Successfully bumped revision number for resource 5a020d1e-1130-4c62-8e04-476945066757 (type: security_groups) to 1
2026-02-24 07:50:12.428 8 INFO neutron.db.ovn_revision_numbers_db [None req-4de82416-391a-458e-9947-80dc69f2900f fcc298f860cf4623826a6cea21fce3c0 bc0dedffff9e4923ba7add68f42c5b50 - - default default] Successfully bumped revision number for resource 1456201e-9085-4f5f-bdbf-bce4f238c72c (type: security_group_rules) to 0
2026-02-24 07:50:12.446 8 INFO neutron.db.ovn_revision_numbers_db [None req-4de82416-391a-458e-9947-80dc69f2900f fcc298f860cf4623826a6cea21fce3c0 bc0dedffff9e4923ba7add68f42c5b50 - - default default] Successfully bumped revision number for resource 6274c10f-75e0-42f0-b4a6-a2764057f22e (type: security_group_rules) to 0
2026-02-24 07:50:12.458 8 INFO neutron.db.ovn_revision_numbers_db [None req-4de82416-391a-458e-9947-80dc69f2900f fcc298f860cf4623826a6cea21fce3c0 bc0dedffff9e4923ba7add68f42c5b50 - - default default] Successfully bumped revision number for resource efdec37f-e4a1-4cc0-8b5e-38d4ffd669e5 (type: security_group_rules) to 0
2026-02-24 07:50:12.470 8 INFO neutron.db.ovn_revision_numbers_db [None req-4de82416-391a-458e-9947-80dc69f2900f fcc298f860cf4623826a6cea21fce3c0 bc0dedffff9e4923ba7add68f42c5b50 - - default default] Successfully bumped revision number for resource f7aac556-1dbc-427f-9971-37a0245bf2ad (type: security_group_rules) to 0 [pid: 8|app: 0|req: 1669/3450] 10.0.0.248 () {32 vars in 774 bytes} [Tue Feb 24 07:50:12 2026] GET /v2.0/security-groups?tenant_id=4519485a857d4187963b6e247108f8ae&name=default => generated 2929 bytes in 279 msecs (HTTP/1.1 200) 4 headers in 158 bytes (1 switches on core 0) [pid: 7|app: 0|req: 1782/3451] 10.0.0.248 () {32 vars in 740 bytes} [Tue Feb 24 07:50:12 2026] DELETE /v2.0/security-groups/5a020d1e-1130-4c62-8e04-476945066757 => generated 0 bytes in 303 msecs (HTTP/1.1 204) 2 headers in 112 bytes (1 switches on core 0)
2026-02-24 07:50:13.117 8 INFO neutron.db.ovn_revision_numbers_db [None req-1a7a713e-61c8-409f-a105-4f1edf3cd9dd fcc298f860cf4623826a6cea21fce3c0 bc0dedffff9e4923ba7add68f42c5b50 - - default default] Successfully bumped revision number for resource 7bf1c454-19ab-47e1-8746-32f1f389330c (type: security_groups) to 1
2026-02-24 07:50:13.127 8 INFO neutron.db.ovn_revision_numbers_db [None req-1a7a713e-61c8-409f-a105-4f1edf3cd9dd fcc298f860cf4623826a6cea21fce3c0 bc0dedffff9e4923ba7add68f42c5b50 - - default default] Successfully bumped revision number for resource 05888111-1244-49e5-9c92-f6d54aea168f (type: security_group_rules) to 0
2026-02-24 07:50:13.138 8 INFO neutron.db.ovn_revision_numbers_db [None req-1a7a713e-61c8-409f-a105-4f1edf3cd9dd fcc298f860cf4623826a6cea21fce3c0 bc0dedffff9e4923ba7add68f42c5b50 - - default default] Successfully bumped revision number for resource 1299c971-6068-47be-a275-1a8c5e5b5627 (type: security_group_rules) to 0
2026-02-24 07:50:13.150 8 INFO neutron.db.ovn_revision_numbers_db [None req-1a7a713e-61c8-409f-a105-4f1edf3cd9dd fcc298f860cf4623826a6cea21fce3c0 bc0dedffff9e4923ba7add68f42c5b50 - - default default] Successfully bumped revision number for resource 5f7b7c3b-0947-49e5-89e5-9af02c36cb32 (type: security_group_rules) to 0
2026-02-24 07:50:13.163 8 INFO neutron.db.ovn_revision_numbers_db [None req-1a7a713e-61c8-409f-a105-4f1edf3cd9dd fcc298f860cf4623826a6cea21fce3c0 bc0dedffff9e4923ba7add68f42c5b50 - - default default] Successfully bumped revision number for resource 6a905cbc-043b-4ac8-b613-ad3045151fcc (type: security_group_rules) to 0 [pid: 8|app: 0|req: 1670/3452] 10.0.0.248 () {32 vars in 774 bytes} [Tue Feb 24 07:50:12 2026] GET /v2.0/security-groups?tenant_id=47e3f17728774a9eb8064f459b72b59c&name=default => generated 2929 bytes in 260 msecs (HTTP/1.1 200) 4 headers in 158 bytes (1 switches on core 0) [pid: 7|app: 0|req: 1783/3453] 10.0.0.248 () {32 vars in 740 bytes} [Tue Feb 24 07:50:13 2026] DELETE /v2.0/security-groups/7bf1c454-19ab-47e1-8746-32f1f389330c => generated 0 bytes in 307 msecs (HTTP/1.1 204) 2 headers in 112 bytes (1 switches on core 0)
2026-02-24 07:50:17.836 8 INFO neutron.db.ovn_revision_numbers_db [None req-55626c42-acd7-4fc6-893a-4d430c49e139 39428704b7ab46dca0e5ae91b4528617 8ac2b9e391e54a248d677fba50002401 - - default default] Successfully bumped revision number for resource 7495f07b-b1d9-486c-a763-c2fd89cdd98c (type: security_groups) to 1
2026-02-24 07:50:17.852 8 INFO neutron.db.ovn_revision_numbers_db [None req-55626c42-acd7-4fc6-893a-4d430c49e139 39428704b7ab46dca0e5ae91b4528617 8ac2b9e391e54a248d677fba50002401 - - default default] Successfully bumped revision number for resource 7115550c-1d01-49ad-b5e9-61acf178b6bf (type: security_group_rules) to 0
2026-02-24 07:50:17.864 8 INFO neutron.db.ovn_revision_numbers_db [None req-55626c42-acd7-4fc6-893a-4d430c49e139 39428704b7ab46dca0e5ae91b4528617 8ac2b9e391e54a248d677fba50002401 - - default default] Successfully bumped revision number for resource 73b291dc-f8ff-43bd-a20c-140ba515b5ac (type: security_group_rules) to 0
2026-02-24 07:50:17.875 8 INFO neutron.db.ovn_revision_numbers_db [None req-55626c42-acd7-4fc6-893a-4d430c49e139 39428704b7ab46dca0e5ae91b4528617 8ac2b9e391e54a248d677fba50002401 - - default default] Successfully bumped revision number for resource 80eca6af-daec-4236-8f20-660bfe574ce2 (type: security_group_rules) to 0
2026-02-24 07:50:17.888 8 INFO neutron.db.ovn_revision_numbers_db [None req-55626c42-acd7-4fc6-893a-4d430c49e139 39428704b7ab46dca0e5ae91b4528617 8ac2b9e391e54a248d677fba50002401 - - default default] Successfully bumped revision number for resource cf63d0ba-25a9-448f-9751-86663573aa26 (type: security_group_rules) to 0
2026-02-24 07:50:17.974 8 INFO neutron.db.segments_db [None req-55626c42-acd7-4fc6-893a-4d430c49e139 39428704b7ab46dca0e5ae91b4528617 8ac2b9e391e54a248d677fba50002401 - - default default] Added segment e4a08df9-3dfa-4ff0-b56c-80f76d2a0701 of type geneve for network 1391b8d0-52e0-4180-95dc-098c0e9791f4
2026-02-24 07:50:18.084 8 INFO neutron.db.ovn_revision_numbers_db [None req-55626c42-acd7-4fc6-893a-4d430c49e139 39428704b7ab46dca0e5ae91b4528617 8ac2b9e391e54a248d677fba50002401 - - default default] Successfully bumped revision number for resource 1391b8d0-52e0-4180-95dc-098c0e9791f4 (type: networks) to 1
2026-02-24 07:50:18.228 8 WARNING neutron.scheduler.dhcp_agent_scheduler [None req-55626c42-acd7-4fc6-893a-4d430c49e139 39428704b7ab46dca0e5ae91b4528617 8ac2b9e391e54a248d677fba50002401 - - default default] No more DHCP agents
2026-02-24 07:50:18.229 8 WARNING neutron.api.rpc.agentnotifiers.dhcp_rpc_agent_api [None req-55626c42-acd7-4fc6-893a-4d430c49e139 39428704b7ab46dca0e5ae91b4528617 8ac2b9e391e54a248d677fba50002401 - - default default] Unable to schedule network 1391b8d0-52e0-4180-95dc-098c0e9791f4: no agents available; will retry on subsequent port and subnet creation events.
2026-02-24 07:50:18.296 8 INFO neutron.plugins.ml2.drivers.ovn.mech_driver.mech_driver [None req-71012be8-3a10-41a0-9790-71fff1a235fd - - - - - -] OVN reports status down for port: 35f41ce6-2674-414f-bed2-79b92f6a79c9
2026-02-24 07:50:18.357 8 INFO neutron.db.ovn_revision_numbers_db [None req-55626c42-acd7-4fc6-893a-4d430c49e139 39428704b7ab46dca0e5ae91b4528617 8ac2b9e391e54a248d677fba50002401 - - default default] Successfully bumped revision number for resource 35f41ce6-2674-414f-bed2-79b92f6a79c9 (type: ports) to 1 [pid: 8|app: 0|req: 1671/3454] 10.0.0.248 () {34 vars in 670 bytes} [Tue Feb 24 07:50:17 2026] POST /v2.0/networks => generated 749 bytes in 942 msecs (HTTP/1.1 201) 4 headers in 162 bytes (1 switches on core 0)
2026-02-24 07:50:18.549 7 WARNING neutron.scheduler.dhcp_agent_scheduler [None req-b6f70683-d197-4da3-aed1-cc6df648a3bd 39428704b7ab46dca0e5ae91b4528617 8ac2b9e391e54a248d677fba50002401 - - default default] No more DHCP agents
2026-02-24 07:50:18.551 7 WARNING neutron.api.rpc.agentnotifiers.dhcp_rpc_agent_api [None req-b6f70683-d197-4da3-aed1-cc6df648a3bd 39428704b7ab46dca0e5ae91b4528617 8ac2b9e391e54a248d677fba50002401 - - default default] Unable to schedule network 1391b8d0-52e0-4180-95dc-098c0e9791f4: no agents available; will retry on subsequent port and subnet creation events.
2026-02-24 07:50:18.988 7 INFO neutron.db.ovn_revision_numbers_db [None req-1b8fe3e2-94b9-41ee-8243-ee313dccd35c - - - - - -] Successfully bumped revision number for resource 35f41ce6-2674-414f-bed2-79b92f6a79c9 (type: ports) to 2
2026-02-24 07:50:19.019 7 INFO neutron.db.ovn_revision_numbers_db [None req-1b8fe3e2-94b9-41ee-8243-ee313dccd35c - - - - - -] Successfully bumped revision number for resource d39b7daa-1cbb-4ee5-8755-f7a20716394d (type: subnets) to 0 [pid: 7|app: 0|req: 1784/3455] 10.0.0.248 () {34 vars in 669 bytes} [Tue Feb 24 07:50:18 2026] POST /v2.0/subnets => generated 644 bytes in 630 msecs (HTTP/1.1 201) 4 headers in 162 bytes (1 switches on core 0)
2026-02-24 07:50:19.051 8 WARNING neutron.api.v2.base [None req-57ed3807-0609-422e-94e8-bbd920840f44 39428704b7ab46dca0e5ae91b4528617 8ac2b9e391e54a248d677fba50002401 - - default default] An exception happened while processing the request body. The exception message is [Invalid input for target_tenant. Reason: 'None' is not a valid string.].: webob.exc.HTTPBadRequest: Invalid input for target_tenant. Reason: 'None' is not a valid string.
2026-02-24 07:50:19.052 8 INFO neutron.api.v2.resource [None req-57ed3807-0609-422e-94e8-bbd920840f44 39428704b7ab46dca0e5ae91b4528617 8ac2b9e391e54a248d677fba50002401 - - default default] create failed (client error): Invalid input for target_tenant. Reason: 'None' is not a valid string. [pid: 8|app: 0|req: 1672/3456] 10.0.0.248 () {34 vars in 681 bytes} [Tue Feb 24 07:50:19 2026] POST /v2.0/rbac-policies => generated 143 bytes in 10 msecs (HTTP/1.1 400) 4 headers in 166 bytes (1 switches on core 0)
2026-02-24 07:50:19.184 7 INFO neutron_taas.services.taas.taas_plugin [None req-d7da08fd-0ca7-4021-8593-1afd448590b7 39428704b7ab46dca0e5ae91b4528617 8ac2b9e391e54a248d677fba50002401 - - default default] TaaS: Handle Delete Port: 35f41ce6-2674-414f-bed2-79b92f6a79c9
2026-02-24 07:50:19.187 7 INFO neutron_taas.services.taas.tap_mirror_plugin [None req-d7da08fd-0ca7-4021-8593-1afd448590b7 39428704b7ab46dca0e5ae91b4528617 8ac2b9e391e54a248d677fba50002401 - - default default] Tap Mirror: Handle Delete Port: 35f41ce6-2674-414f-bed2-79b92f6a79c9 [pid: 7|app: 0|req: 1785/3457] 10.0.0.248 () {32 vars in 726 bytes} [Tue Feb 24 07:50:19 2026] DELETE /v2.0/networks/1391b8d0-52e0-4180-95dc-098c0e9791f4 => generated 0 bytes in 515 msecs (HTTP/1.1 204) 3 headers in 131 bytes (1 switches on core 0)
