Apr 21 13:33:02.982237 np0000168701 neutron-periodic-workers[106260]: DEBUG cotyledon.oslo_config_glue [-] ml2.path_mtu = 0 {{(pid=106260) log_opt_values /opt/stack/data/venv/lib/python3.12/site-packages/oslo_config/cfg.py:3006}}
Apr 21 13:33:02.982285 np0000168701 neutron-periodic-workers[106260]: DEBUG cotyledon.oslo_config_glue [-] ml2.physical_network_mtus = {} {{(pid=106260) log_opt_values /opt/stack/data/venv/lib/python3.12/site-packages/oslo_config/cfg.py:3006}}
Apr 21 13:33:02.982318 np0000168701 neutron-periodic-workers[106260]: DEBUG cotyledon.oslo_config_glue [-] ml2.project_network_types = ['geneve'] {{(pid=106260) log_opt_values /opt/stack/data/venv/lib/python3.12/site-packages/oslo_config/cfg.py:3006}}
Apr 21 13:33:02.982362 np0000168701 neutron-periodic-workers[106260]: DEBUG cotyledon.oslo_config_glue [-] ml2.tunnelled_network_rp_name = rp_tunnelled {{(pid=106260) log_opt_values /opt/stack/data/venv/lib/python3.12/site-packages/oslo_config/cfg.py:3006}}
Apr 21 13:33:02.982405 np0000168701 neutron-periodic-workers[106260]: DEBUG cotyledon.oslo_config_glue [-] ml2.type_drivers = ['local', 'flat', 'vlan', 'geneve'] {{(pid=106260) log_opt_values /opt/stack/data/venv/lib/python3.12/site-packages/oslo_config/cfg.py:3006}}
Apr 21 13:33:02.982467 np0000168701 neutron-periodic-workers[106260]: DEBUG cotyledon.oslo_config_glue [-] ml2_type_flat.flat_networks = ['public'] {{(pid=106260) log_opt_values /opt/stack/data/venv/lib/python3.12/site-packages/oslo_config/cfg.py:3006}}
Apr 21 13:33:02.982526 np0000168701 neutron-periodic-workers[106260]: DEBUG cotyledon.oslo_config_glue [-] ml2_type_geneve.max_header_size = 38 {{(pid=106260) log_opt_values /opt/stack/data/venv/lib/python3.12/site-packages/oslo_config/cfg.py:3006}}
Apr 21 13:33:02.982570 np0000168701 neutron-periodic-workers[106260]: DEBUG cotyledon.oslo_config_glue [-] ml2_type_geneve.vni_ranges = ['1:65536'] {{(pid=106260) log_opt_values /opt/stack/data/venv/lib/python3.12/site-packages/oslo_config/cfg.py:3006}}
Apr 21 13:33:02.982626 np0000168701 neutron-periodic-workers[106260]: DEBUG cotyledon.oslo_config_glue [-] ml2_type_vlan.network_vlan_ranges = ['public'] {{(pid=106260) log_opt_values /opt/stack/data/venv/lib/python3.12/site-packages/oslo_config/cfg.py:3006}}
Apr 21 13:33:02.982691 np0000168701 neutron-periodic-workers[106260]: DEBUG cotyledon.oslo_config_glue [-] network_log.burst_limit = 25 {{(pid=106260) log_opt_values /opt/stack/data/venv/lib/python3.12/site-packages/oslo_config/cfg.py:3006}}
Apr 21 13:33:02.982733 np0000168701 neutron-periodic-workers[106260]: DEBUG cotyledon.oslo_config_glue [-] network_log.local_output_log_base = None {{(pid=106260) log_opt_values /opt/stack/data/venv/lib/python3.12/site-packages/oslo_config/cfg.py:3006}}
Apr 21 13:33:02.982766 np0000168701 neutron-periodic-workers[106260]: DEBUG cotyledon.oslo_config_glue [-] network_log.rate_limit = 100 {{(pid=106260) log_opt_values /opt/stack/data/venv/lib/python3.12/site-packages/oslo_config/cfg.py:3006}}
Apr 21 13:33:02.982834 np0000168701 neutron-periodic-workers[106260]: DEBUG cotyledon.oslo_config_glue [-] database.asyncio_connection = **** {{(pid=106260) log_opt_values /opt/stack/data/venv/lib/python3.12/site-packages/oslo_config/cfg.py:3006}}
Apr 21 13:33:02.982875 np0000168701 neutron-periodic-workers[106260]: DEBUG cotyledon.oslo_config_glue [-] database.asyncio_slave_connection = **** {{(pid=106260) log_opt_values /opt/stack/data/venv/lib/python3.12/site-packages/oslo_config/cfg.py:3006}}
Apr 21 13:33:02.982923 np0000168701 neutron-periodic-workers[106260]: DEBUG cotyledon.oslo_config_glue [-] database.backend = sqlalchemy {{(pid=106260) log_opt_values /opt/stack/data/venv/lib/python3.12/site-packages/oslo_config/cfg.py:3006}}
Apr 21 13:33:02.982977 np0000168701 neutron-periodic-workers[106260]: DEBUG cotyledon.oslo_config_glue [-] database.connection = **** {{(pid=106260) log_opt_values /opt/stack/data/venv/lib/python3.12/site-packages/oslo_config/cfg.py:3006}}
Apr 21 13:33:02.983021 np0000168701 neutron-periodic-workers[106260]: DEBUG cotyledon.oslo_config_glue [-] database.connection_debug = 0 {{(pid=106260) log_opt_values /opt/stack/data/venv/lib/python3.12/site-packages/oslo_config/cfg.py:3006}}
Apr 21 13:33:02.983072 np0000168701 neutron-periodic-workers[106260]: DEBUG cotyledon.oslo_config_glue [-] database.connection_parameters = {{(pid=106260) log_opt_values /opt/stack/data/venv/lib/python3.12/site-packages/oslo_config/cfg.py:3006}}
Apr 21 13:33:02.983119 np0000168701 neutron-periodic-workers[106260]: DEBUG cotyledon.oslo_config_glue [-] database.connection_recycle_time = 3600 {{(pid=106260) log_opt_values /opt/stack/data/venv/lib/python3.12/site-packages/oslo_config/cfg.py:3006}}
Apr 21 13:33:02.983161 np0000168701 neutron-periodic-workers[106260]: DEBUG cotyledon.oslo_config_glue [-] database.connection_trace = False {{(pid=106260) log_opt_values /opt/stack/data/venv/lib/python3.12/site-packages/oslo_config/cfg.py:3006}}
Apr 21 13:33:02.983200 np0000168701 neutron-periodic-workers[106260]: DEBUG cotyledon.oslo_config_glue [-] database.db_inc_retry_interval = True {{(pid=106260) log_opt_values /opt/stack/data/venv/lib/python3.12/site-packages/oslo_config/cfg.py:3006}}
Apr 21 13:33:02.983240 np0000168701 neutron-periodic-workers[106260]: DEBUG cotyledon.oslo_config_glue [-] database.db_max_retries = 20 {{(pid=106260) log_opt_values /opt/stack/data/venv/lib/python3.12/site-packages/oslo_config/cfg.py:3006}}
Apr 21 13:33:02.983273 np0000168701 neutron-periodic-workers[106260]: DEBUG cotyledon.oslo_config_glue [-] database.db_max_retry_interval = 10 {{(pid=106260) log_opt_values /opt/stack/data/venv/lib/python3.12/site-packages/oslo_config/cfg.py:3006}}
Apr 21 13:33:02.983319 np0000168701 neutron-periodic-workers[106260]: DEBUG cotyledon.oslo_config_glue [-] database.db_retry_interval = 1 {{(pid=106260) log_opt_values /opt/stack/data/venv/lib/python3.12/site-packages/oslo_config/cfg.py:3006}}
Apr 21 13:33:02.983366 np0000168701 neutron-periodic-workers[106260]: DEBUG cotyledon.oslo_config_glue [-] database.max_overflow = 50 {{(pid=106260) log_opt_values /opt/stack/data/venv/lib/python3.12/site-packages/oslo_config/cfg.py:3006}}
Apr 21 13:33:02.983407 np0000168701 neutron-periodic-workers[106260]: DEBUG cotyledon.oslo_config_glue [-] database.max_pool_size = 5 {{(pid=106260) log_opt_values /opt/stack/data/venv/lib/python3.12/site-packages/oslo_config/cfg.py:3006}}
Apr 21 13:33:02.983449 np0000168701 neutron-periodic-workers[106260]: DEBUG cotyledon.oslo_config_glue [-] database.max_retries = 10 {{(pid=106260) log_opt_values /opt/stack/data/venv/lib/python3.12/site-packages/oslo_config/cfg.py:3006}}
Apr 21 13:33:02.983482 np0000168701 neutron-periodic-workers[106260]: DEBUG cotyledon.oslo_config_glue [-] database.mysql_sql_mode = TRADITIONAL {{(pid=106260) log_opt_values /opt/stack/data/venv/lib/python3.12/site-packages/oslo_config/cfg.py:3006}}
Apr 21 13:33:02.983518 np0000168701 neutron-periodic-workers[106260]: DEBUG cotyledon.oslo_config_glue [-] database.mysql_wsrep_sync_wait = None {{(pid=106260) log_opt_values /opt/stack/data/venv/lib/python3.12/site-packages/oslo_config/cfg.py:3006}}
Apr 21 13:33:02.983564 np0000168701 neutron-periodic-workers[106260]: DEBUG cotyledon.oslo_config_glue [-] database.pool_timeout = None {{(pid=106260) log_opt_values /opt/stack/data/venv/lib/python3.12/site-packages/oslo_config/cfg.py:3006}}
Apr 21 13:33:02.983604 np0000168701 neutron-periodic-workers[106260]: DEBUG cotyledon.oslo_config_glue [-] database.retry_interval = 10 {{(pid=106260) log_opt_values /opt/stack/data/venv/lib/python3.12/site-packages/oslo_config/cfg.py:3006}}
Apr 21 13:33:02.983644 np0000168701 neutron-periodic-workers[106260]: DEBUG cotyledon.oslo_config_glue [-] database.slave_connection = **** {{(pid=106260) log_opt_values /opt/stack/data/venv/lib/python3.12/site-packages/oslo_config/cfg.py:3006}}
Apr 21 13:33:02.983693 np0000168701 neutron-periodic-workers[106260]: DEBUG cotyledon.oslo_config_glue [-] database.sqlite_synchronous = True {{(pid=106260) log_opt_values /opt/stack/data/venv/lib/python3.12/site-packages/oslo_config/cfg.py:3006}}
Apr 21 13:33:02.983733 np0000168701 neutron-periodic-workers[106260]: DEBUG cotyledon.oslo_config_glue [-] database.synchronous_reader = True {{(pid=106260) log_opt_values /opt/stack/data/venv/lib/python3.12/site-packages/oslo_config/cfg.py:3006}}
Apr 21 13:33:02.983767 np0000168701 neutron-periodic-workers[106260]: DEBUG cotyledon.oslo_config_glue [-] database.use_db_reconnect = False {{(pid=106260) log_opt_values /opt/stack/data/venv/lib/python3.12/site-packages/oslo_config/cfg.py:3006}}
Apr 21 13:33:02.983834 np0000168701 neutron-periodic-workers[106260]: DEBUG cotyledon.oslo_config_glue [-] ovn.bfd_min_rx = 1000 {{(pid=106260) log_opt_values /opt/stack/data/venv/lib/python3.12/site-packages/oslo_config/cfg.py:3006}}
Apr 21 13:33:02.983878 np0000168701 neutron-periodic-workers[106260]: DEBUG cotyledon.oslo_config_glue [-] ovn.bfd_min_tx = 100 {{(pid=106260) log_opt_values /opt/stack/data/venv/lib/python3.12/site-packages/oslo_config/cfg.py:3006}}
Apr 21 13:33:02.983924 np0000168701 neutron-periodic-workers[106260]: DEBUG cotyledon.oslo_config_glue [-] ovn.bfd_mult = 3 {{(pid=106260) log_opt_values /opt/stack/data/venv/lib/python3.12/site-packages/oslo_config/cfg.py:3006}}
Apr 21 13:33:02.983979 np0000168701 neutron-periodic-workers[106260]: DEBUG cotyledon.oslo_config_glue [-] ovn.broadcast_arps_to_all_routers = True {{(pid=106260) log_opt_values /opt/stack/data/venv/lib/python3.12/site-packages/oslo_config/cfg.py:3006}}
Apr 21 13:33:02.984023 np0000168701 neutron-periodic-workers[106260]: DEBUG cotyledon.oslo_config_glue [-] ovn.dhcp_default_lease_time = 43200 {{(pid=106260) log_opt_values /opt/stack/data/venv/lib/python3.12/site-packages/oslo_config/cfg.py:3006}}
Apr 21 13:33:02.984060 np0000168701 neutron-periodic-workers[106260]: DEBUG cotyledon.oslo_config_glue [-] ovn.disable_ovn_dhcp_for_baremetal_ports = False {{(pid=106260) log_opt_values /opt/stack/data/venv/lib/python3.12/site-packages/oslo_config/cfg.py:3006}}
Apr 21 13:33:02.984093 np0000168701 neutron-periodic-workers[106260]: DEBUG cotyledon.oslo_config_glue [-] ovn.dns_records_ovn_owned = False {{(pid=106260) log_opt_values /opt/stack/data/venv/lib/python3.12/site-packages/oslo_config/cfg.py:3006}}
Apr 21 13:33:02.984140 np0000168701 neutron-periodic-workers[106260]: DEBUG cotyledon.oslo_config_glue [-] ovn.dns_servers = [] {{(pid=106260) log_opt_values /opt/stack/data/venv/lib/python3.12/site-packages/oslo_config/cfg.py:3006}}
Apr 21 13:33:02.984180 np0000168701 neutron-periodic-workers[106260]: DEBUG cotyledon.oslo_config_glue [-] ovn.enable_distributed_floating_ip = False {{(pid=106260) log_opt_values /opt/stack/data/venv/lib/python3.12/site-packages/oslo_config/cfg.py:3006}}
Apr 21 13:33:02.984221 np0000168701 neutron-periodic-workers[106260]: DEBUG cotyledon.oslo_config_glue [-] ovn.fdb_age_threshold = 300 {{(pid=106260) log_opt_values /opt/stack/data/venv/lib/python3.12/site-packages/oslo_config/cfg.py:3006}}
Apr 21 13:33:02.984262 np0000168701 neutron-periodic-workers[106260]: DEBUG cotyledon.oslo_config_glue [-] ovn.ha_failover_strategy = normal {{(pid=106260) log_opt_values /opt/stack/data/venv/lib/python3.12/site-packages/oslo_config/cfg.py:3006}}
Apr 21 13:33:02.984303 np0000168701 neutron-periodic-workers[106260]: DEBUG cotyledon.oslo_config_glue [-] ovn.live_migration_activation_strategy = rarp {{(pid=106260) log_opt_values /opt/stack/data/venv/lib/python3.12/site-packages/oslo_config/cfg.py:3006}}
Apr 21 13:33:02.984343 np0000168701 neutron-periodic-workers[106260]: DEBUG cotyledon.oslo_config_glue [-] ovn.localnet_learn_fdb = False {{(pid=106260) log_opt_values /opt/stack/data/venv/lib/python3.12/site-packages/oslo_config/cfg.py:3006}}
Apr 21 13:33:02.984384 np0000168701 neutron-periodic-workers[106260]: DEBUG cotyledon.oslo_config_glue [-] ovn.mac_binding_age_threshold = 300 {{(pid=106260) log_opt_values /opt/stack/data/venv/lib/python3.12/site-packages/oslo_config/cfg.py:3006}}
Apr 21 13:33:02.984433 np0000168701 neutron-periodic-workers[106260]: DEBUG cotyledon.oslo_config_glue [-] ovn.neutron_sync_mode = log {{(pid=106260) log_opt_values /opt/stack/data/venv/lib/python3.12/site-packages/oslo_config/cfg.py:3006}}
Apr 21 13:33:02.984476 np0000168701 neutron-periodic-workers[106260]: DEBUG cotyledon.oslo_config_glue [-] ovn.ovn_dhcp4_global_options = {} {{(pid=106260) log_opt_values /opt/stack/data/venv/lib/python3.12/site-packages/oslo_config/cfg.py:3006}}
Apr 21 13:33:02.984516 np0000168701 neutron-periodic-workers[106260]: DEBUG cotyledon.oslo_config_glue [-] ovn.ovn_dhcp6_global_options = {} {{(pid=106260) log_opt_values /opt/stack/data/venv/lib/python3.12/site-packages/oslo_config/cfg.py:3006}}
Apr 21 13:33:02.984563 np0000168701 neutron-periodic-workers[106260]: DEBUG cotyledon.oslo_config_glue [-] ovn.ovn_l3_scheduler = leastloaded {{(pid=106260) log_opt_values /opt/stack/data/venv/lib/python3.12/site-packages/oslo_config/cfg.py:3006}}
Apr 21 13:33:02.984603 np0000168701 neutron-periodic-workers[106260]: DEBUG cotyledon.oslo_config_glue [-] ovn.ovn_metadata_enabled = True {{(pid=106260) log_opt_values /opt/stack/data/venv/lib/python3.12/site-packages/oslo_config/cfg.py:3006}}
Apr 21 13:33:02.984653 np0000168701 neutron-periodic-workers[106260]: DEBUG cotyledon.oslo_config_glue [-] ovn.ovn_nb_ca_cert = /opt/stack/data/CA/int-ca/ca-chain.pem {{(pid=106260) log_opt_values /opt/stack/data/venv/lib/python3.12/site-packages/oslo_config/cfg.py:3006}}
Apr 21 13:33:02.984700 np0000168701 neutron-periodic-workers[106260]: DEBUG cotyledon.oslo_config_glue [-] ovn.ovn_nb_certificate = /opt/stack/data/CA/int-ca/devstack-cert.crt {{(pid=106260) log_opt_values /opt/stack/data/venv/lib/python3.12/site-packages/oslo_config/cfg.py:3006}}
Apr 21 13:33:02.984741 np0000168701 neutron-periodic-workers[106260]: DEBUG cotyledon.oslo_config_glue [-] ovn.ovn_nb_connection = ['ssl:199.19.213.177:6641'] {{(pid=106260) log_opt_values /opt/stack/data/venv/lib/python3.12/site-packages/oslo_config/cfg.py:3006}}
Apr 21 13:33:02.984783 np0000168701 neutron-periodic-workers[106260]: DEBUG cotyledon.oslo_config_glue [-] ovn.ovn_nb_private_key = /opt/stack/data/CA/int-ca/private/devstack-cert.key {{(pid=106260) log_opt_values /opt/stack/data/venv/lib/python3.12/site-packages/oslo_config/cfg.py:3006}}
Apr 21 13:33:02.984824 np0000168701 neutron-periodic-workers[106260]: DEBUG cotyledon.oslo_config_glue [-] ovn.ovn_router_indirect_snat = False {{(pid=106260) log_opt_values /opt/stack/data/venv/lib/python3.12/site-packages/oslo_config/cfg.py:3006}}
Apr 21 13:33:02.984861 np0000168701 neutron-periodic-workers[106260]: DEBUG cotyledon.oslo_config_glue [-] ovn.ovn_sb_ca_cert = /opt/stack/data/CA/int-ca/ca-chain.pem {{(pid=106260) log_opt_values /opt/stack/data/venv/lib/python3.12/site-packages/oslo_config/cfg.py:3006}}
Apr 21 13:33:02.984935 np0000168701 neutron-periodic-workers[106260]: DEBUG cotyledon.oslo_config_glue [-] ovn.ovn_sb_certificate = /opt/stack/data/CA/int-ca/devstack-cert.crt {{(pid=106260) log_opt_values /opt/stack/data/venv/lib/python3.12/site-packages/oslo_config/cfg.py:3006}}
Apr 21 13:33:02.984995 np0000168701 neutron-periodic-workers[106260]: DEBUG cotyledon.oslo_config_glue [-] ovn.ovn_sb_connection = ['ssl:199.19.213.177:6642'] {{(pid=106260) log_opt_values /opt/stack/data/venv/lib/python3.12/site-packages/oslo_config/cfg.py:3006}}
Apr 21 13:33:02.985037 np0000168701 neutron-periodic-workers[106260]: DEBUG cotyledon.oslo_config_glue [-] ovn.ovn_sb_private_key = /opt/stack/data/CA/int-ca/private/devstack-cert.key {{(pid=106260) log_opt_values /opt/stack/data/venv/lib/python3.12/site-packages/oslo_config/cfg.py:3006}}
Apr 21 13:33:02.985078 np0000168701 neutron-periodic-workers[106260]: DEBUG cotyledon.oslo_config_glue [-] ovn.ovs_create_tap = False {{(pid=106260) log_opt_values /opt/stack/data/venv/lib/python3.12/site-packages/oslo_config/cfg.py:3006}}
Apr 21 13:33:02.985120 np0000168701 neutron-periodic-workers[106260]: DEBUG cotyledon.oslo_config_glue [-] ovn.ovsdb_connection_timeout = 180 {{(pid=106260) log_opt_values /opt/stack/data/venv/lib/python3.12/site-packages/oslo_config/cfg.py:3006}}
Apr 21 13:33:02.985161 np0000168701 neutron-periodic-workers[106260]: DEBUG cotyledon.oslo_config_glue [-] ovn.ovsdb_log_level = INFO {{(pid=106260) log_opt_values /opt/stack/data/venv/lib/python3.12/site-packages/oslo_config/cfg.py:3006}}
Apr 21 13:33:02.985201 np0000168701 neutron-periodic-workers[106260]: DEBUG cotyledon.oslo_config_glue [-] ovn.ovsdb_probe_interval = 60000 {{(pid=106260) log_opt_values /opt/stack/data/venv/lib/python3.12/site-packages/oslo_config/cfg.py:3006}}
Apr 21 13:33:02.985242 np0000168701 neutron-periodic-workers[106260]: DEBUG cotyledon.oslo_config_glue [-] ovn.ovsdb_retry_max_interval = 180 {{(pid=106260) log_opt_values /opt/stack/data/venv/lib/python3.12/site-packages/oslo_config/cfg.py:3006}}
Apr 21 13:33:02.985277 np0000168701 neutron-periodic-workers[106260]: DEBUG cotyledon.oslo_config_glue [-] ovn.stateless_nat_enabled = False {{(pid=106260) log_opt_values /opt/stack/data/venv/lib/python3.12/site-packages/oslo_config/cfg.py:3006}}
Apr 21 13:33:02.985495 np0000168701 neutron-periodic-workers[106260]: DEBUG cotyledon.oslo_config_glue [-] ovn.vhost_sock_dir = /var/run/openvswitch {{(pid=106260) log_opt_values /opt/stack/data/venv/lib/python3.12/site-packages/oslo_config/cfg.py:3006}}
Apr 21 13:33:02.985567 np0000168701 neutron-periodic-workers[106260]: DEBUG cotyledon.oslo_config_glue [-] OVS.bridge_mac_table_size = 50000 {{(pid=106260) log_opt_values /opt/stack/data/venv/lib/python3.12/site-packages/oslo_config/cfg.py:3006}}
Apr 21 13:33:02.985619 np0000168701 neutron-periodic-workers[106260]: DEBUG cotyledon.oslo_config_glue [-] OVS.igmp_flood = False {{(pid=106260) log_opt_values /opt/stack/data/venv/lib/python3.12/site-packages/oslo_config/cfg.py:3006}}
Apr 21 13:33:02.985666 np0000168701 neutron-periodic-workers[106260]: DEBUG cotyledon.oslo_config_glue [-] OVS.igmp_flood_reports = True {{(pid=106260) log_opt_values /opt/stack/data/venv/lib/python3.12/site-packages/oslo_config/cfg.py:3006}}
Apr 21 13:33:02.985711 np0000168701 neutron-periodic-workers[106260]: DEBUG cotyledon.oslo_config_glue [-] OVS.igmp_flood_unregistered = False {{(pid=106260) log_opt_values /opt/stack/data/venv/lib/python3.12/site-packages/oslo_config/cfg.py:3006}}
Apr 21 13:33:02.985752 np0000168701 neutron-periodic-workers[106260]: DEBUG cotyledon.oslo_config_glue [-] OVS.igmp_snooping_enable = False {{(pid=106260) log_opt_values /opt/stack/data/venv/lib/python3.12/site-packages/oslo_config/cfg.py:3006}}
Apr 21 13:33:02.985792 np0000168701 neutron-periodic-workers[106260]: DEBUG cotyledon.oslo_config_glue [-] OVS.ovsdb_timeout = 10 {{(pid=106260) log_opt_values /opt/stack/data/venv/lib/python3.12/site-packages/oslo_config/cfg.py:3006}}
Apr 21 13:33:02.985847 np0000168701 neutron-periodic-workers[106260]: DEBUG cotyledon.oslo_config_glue [-] ovn_nb_global.fdb_removal_limit = 0 {{(pid=106260) log_opt_values /opt/stack/data/venv/lib/python3.12/site-packages/oslo_config/cfg.py:3006}}
Apr 21 13:33:02.985895 np0000168701 neutron-periodic-workers[106260]: DEBUG cotyledon.oslo_config_glue [-] ovn_nb_global.ignore_lsp_down = False {{(pid=106260) log_opt_values /opt/stack/data/venv/lib/python3.12/site-packages/oslo_config/cfg.py:3006}}
Apr 21 13:33:02.985928 np0000168701 neutron-periodic-workers[106260]: DEBUG cotyledon.oslo_config_glue [-] ovn_nb_global.mac_binding_removal_limit = 0 {{(pid=106260) log_opt_values /opt/stack/data/venv/lib/python3.12/site-packages/oslo_config/cfg.py:3006}}
Apr 21 13:33:02.985987 np0000168701 neutron-periodic-workers[106260]: DEBUG cotyledon.oslo_config_glue [-] ******************************************************************************** {{(pid=106260) log_opt_values /opt/stack/data/venv/lib/python3.12/site-packages/oslo_config/cfg.py:3013}}
Apr 21 13:33:02.986139 np0000168701 neutron-periodic-workers[106260]: DEBUG cotyledon._service_worker [-] Run service ServiceWrapper(0) [106260] {{(pid=106260) wait_forever /opt/stack/data/venv/lib/python3.12/site-packages/cotyledon/_service_worker.py:218}}
Apr 21 13:33:12.647054 np0000168701 neutron-periodic-workers[105332]: DEBUG dbcounter [-] [105332] Writing DB stats neutron:SELECT=4 {{(pid=105332) stat_writer /opt/stack/data/venv/lib/python3.12/site-packages/dbcounter.py:115}}
Apr 21 13:33:36.995771 np0000168701 neutron-periodic-workers[106260]: DEBUG oslo_db.sqlalchemy.engines [None req-5773ba28-317b-4296-9456-724e00c43215 None None] Parent process 105332 forked (106260) with an open database connection, which is being discarded and recreated. {{(pid=106260) checkout /opt/stack/data/venv/lib/python3.12/site-packages/oslo_db/sqlalchemy/engines.py:402}}
Apr 21 13:33:37.019389 np0000168701 neutron-periodic-workers[106260]: DEBUG dbcounter [-] [106260] Writer thread running {{(pid=106260) stat_writer /opt/stack/data/venv/lib/python3.12/site-packages/dbcounter.py:102}}
Apr 21 13:33:37.030064 np0000168701 neutron-periodic-workers[106260]: DEBUG oslo.service.backend._threading.loopingcall [None req-5773ba28-317b-4296-9456-724e00c43215 None None] Fixed interval looping call 'neutron.services.ovn_l3.plugin.L3_NAT_dbonly_mixin._clean_garbage' sleeping for 299.96 seconds {{(pid=106260) _run_loop /opt/stack/data/venv/lib/python3.12/site-packages/oslo_service/backend/_threading/loopingcall.py:125}}
Apr 21 13:33:44.982657 np0000168701 neutron-periodic-workers[106237]: DEBUG dbcounter [-] [106237] Writer thread running {{(pid=106237) stat_writer /opt/stack/data/venv/lib/python3.12/site-packages/dbcounter.py:102}}
Apr 21 13:33:44.986695 np0000168701 neutron-periodic-workers[106237]: DEBUG neutron.db.agents_db [None req-676a03d9-fa46-4458-b0f1-1c6bec7cf549 None None] Agent healthcheck: found 0 active agents {{(pid=106237) agent_health_check /opt/stack/neutron/neutron/db/agents_db.py:317}}
Apr 21 13:33:44.986934 np0000168701 neutron-periodic-workers[106237]: DEBUG oslo.service.backend._threading.loopingcall [None req-676a03d9-fa46-4458-b0f1-1c6bec7cf549 None None] Fixed interval looping call 'neutron.plugins.ml2.plugin.AgentDbMixin.agent_health_check' sleeping for 36.98 seconds {{(pid=106237) _run_loop /opt/stack/data/venv/lib/python3.12/site-packages/oslo_service/backend/_threading/loopingcall.py:125}}
Apr 21 13:33:47.020485 np0000168701 neutron-periodic-workers[106260]: DEBUG dbcounter [-] [106260] Writing DB stats neutron:SELECT=1 {{(pid=106260) stat_writer /opt/stack/data/venv/lib/python3.12/site-packages/dbcounter.py:115}}
Apr 21 13:33:54.983220 np0000168701 neutron-periodic-workers[106237]: DEBUG dbcounter [-] [106237] Writing DB stats neutron:SELECT=1 {{(pid=106237) stat_writer /opt/stack/data/venv/lib/python3.12/site-packages/dbcounter.py:115}}
Apr 21 13:34:14.958815 np0000168701 neutron-periodic-workers[106232]: DEBUG dbcounter [-] [106232] Writer thread running {{(pid=106232) stat_writer /opt/stack/data/venv/lib/python3.12/site-packages/dbcounter.py:102}}
Apr 21 13:34:14.966750 np0000168701 neutron-periodic-workers[106232]: DEBUG oslo.service.backend._threading.loopingcall [None req-4bfc10b9-0ea4-4fc6-bf5e-500255945e47 None None] Fixed interval looping call 'neutron.plugins.ml2.plugin.DhcpAgentSchedulerDbMixin.remove_networks_from_down_agents' sleeping for 36.98 seconds {{(pid=106232) _run_loop /opt/stack/data/venv/lib/python3.12/site-packages/oslo_service/backend/_threading/loopingcall.py:125}}
Apr 21 13:34:21.972263 np0000168701 neutron-periodic-workers[106237]: DEBUG neutron.db.agents_db [None req-676a03d9-fa46-4458-b0f1-1c6bec7cf549 None None] Agent healthcheck: found 0 active agents {{(pid=106237) agent_health_check /opt/stack/neutron/neutron/db/agents_db.py:317}}
Apr 21 13:34:21.973236 np0000168701 neutron-periodic-workers[106237]: DEBUG oslo.service.backend._threading.loopingcall [None req-676a03d9-fa46-4458-b0f1-1c6bec7cf549 None None] Fixed interval looping call 'neutron.plugins.ml2.plugin.AgentDbMixin.agent_health_check' sleeping for 36.99 seconds {{(pid=106237) _run_loop /opt/stack/data/venv/lib/python3.12/site-packages/oslo_service/backend/_threading/loopingcall.py:125}}
Apr 21 13:34:24.965949 np0000168701 neutron-periodic-workers[106232]: DEBUG dbcounter [-] [106232] Writing DB stats neutron:SELECT=3 {{(pid=106232) stat_writer /opt/stack/data/venv/lib/python3.12/site-packages/dbcounter.py:115}}
Apr 21 13:34:31.970853 np0000168701 neutron-periodic-workers[106237]: DEBUG dbcounter [-] [106237] Writing DB stats neutron:SELECT=1 {{(pid=106237) stat_writer /opt/stack/data/venv/lib/python3.12/site-packages/dbcounter.py:115}}
Apr 21 13:34:51.957943 np0000168701 neutron-periodic-workers[106232]: DEBUG oslo.service.backend._threading.loopingcall [None req-4bfc10b9-0ea4-4fc6-bf5e-500255945e47 None None] Fixed interval looping call 'neutron.plugins.ml2.plugin.DhcpAgentSchedulerDbMixin.remove_networks_from_down_agents' sleeping for 36.99 seconds {{(pid=106232) _run_loop /opt/stack/data/venv/lib/python3.12/site-packages/oslo_service/backend/_threading/loopingcall.py:125}}
Apr 21 13:34:58.968085 np0000168701 neutron-periodic-workers[106237]: DEBUG neutron.db.agents_db [None req-676a03d9-fa46-4458-b0f1-1c6bec7cf549 None None] Agent healthcheck: found 0 active agents {{(pid=106237) agent_health_check /opt/stack/neutron/neutron/db/agents_db.py:317}}
Apr 21 13:34:58.968494 np0000168701 neutron-periodic-workers[106237]: DEBUG oslo.service.backend._threading.loopingcall [None req-676a03d9-fa46-4458-b0f1-1c6bec7cf549 None None] Fixed interval looping call 'neutron.plugins.ml2.plugin.AgentDbMixin.agent_health_check' sleeping for 36.99 seconds {{(pid=106237) _run_loop /opt/stack/data/venv/lib/python3.12/site-packages/oslo_service/backend/_threading/loopingcall.py:125}}
Apr 21 13:35:01.957309 np0000168701 neutron-periodic-workers[106232]: DEBUG dbcounter [-] [106232] Writing DB stats neutron:SELECT=3 {{(pid=106232) stat_writer /opt/stack/data/venv/lib/python3.12/site-packages/dbcounter.py:115}}
Apr 21 13:35:02.990187 np0000168701 neutron-periodic-workers[106249]: DEBUG dbcounter [-] [106249] Writer thread running {{(pid=106249) stat_writer /opt/stack/data/venv/lib/python3.12/site-packages/dbcounter.py:102}}
Apr 21 13:35:02.992092 np0000168701 neutron-periodic-workers[106249]: DEBUG oslo.service.backend._threading.loopingcall [None req-0d851051-ba8f-4fec-88cb-441bc47e0a8a None None] Fixed interval looping call 'neutron.db.quota.driver_nolock.DbQuotaNoLockDriver._remove_expired_reservations' sleeping for 119.99 seconds {{(pid=106249) _run_loop /opt/stack/data/venv/lib/python3.12/site-packages/oslo_service/backend/_threading/loopingcall.py:125}}
Apr 21 13:35:08.966096 np0000168701 neutron-periodic-workers[106237]: DEBUG dbcounter [-] [106237] Writing DB stats neutron:SELECT=1 {{(pid=106237) stat_writer /opt/stack/data/venv/lib/python3.12/site-packages/dbcounter.py:115}}
Apr 21 13:35:12.991630 np0000168701 neutron-periodic-workers[106249]: DEBUG dbcounter [-] [106249] Writing DB stats neutron:DELETE=1 {{(pid=106249) stat_writer /opt/stack/data/venv/lib/python3.12/site-packages/dbcounter.py:115}}
Apr 21 13:35:28.957269 np0000168701 neutron-periodic-workers[106232]: DEBUG oslo.service.backend._threading.loopingcall [None req-4bfc10b9-0ea4-4fc6-bf5e-500255945e47 None None] Fixed interval looping call 'neutron.plugins.ml2.plugin.DhcpAgentSchedulerDbMixin.remove_networks_from_down_agents' sleeping for 36.99 seconds {{(pid=106232) _run_loop /opt/stack/data/venv/lib/python3.12/site-packages/oslo_service/backend/_threading/loopingcall.py:125}}
Apr 21 13:35:35.964098 np0000168701 neutron-periodic-workers[106237]: DEBUG neutron.db.agents_db [None req-676a03d9-fa46-4458-b0f1-1c6bec7cf549 None None] Agent healthcheck: found 0 active agents {{(pid=106237) agent_health_check /opt/stack/neutron/neutron/db/agents_db.py:317}}
Apr 21 13:35:35.964860 np0000168701 neutron-periodic-workers[106237]: DEBUG oslo.service.backend._threading.loopingcall [None req-676a03d9-fa46-4458-b0f1-1c6bec7cf549 None None] Fixed interval looping call 'neutron.plugins.ml2.plugin.AgentDbMixin.agent_health_check' sleeping for 36.99 seconds {{(pid=106237) _run_loop /opt/stack/data/venv/lib/python3.12/site-packages/oslo_service/backend/_threading/loopingcall.py:125}}
Apr 21 13:35:38.955909 np0000168701 neutron-periodic-workers[106232]: DEBUG dbcounter [-] [106232] Writing DB stats neutron:SELECT=3 {{(pid=106232) stat_writer /opt/stack/data/venv/lib/python3.12/site-packages/dbcounter.py:115}}
Apr 21 13:35:45.962004 np0000168701 neutron-periodic-workers[106237]: DEBUG dbcounter [-] [106237] Writing DB stats neutron:SELECT=1 {{(pid=106237) stat_writer /opt/stack/data/venv/lib/python3.12/site-packages/dbcounter.py:115}}
Apr 21 13:36:05.957593 np0000168701 neutron-periodic-workers[106232]: DEBUG oslo.service.backend._threading.loopingcall [None req-4bfc10b9-0ea4-4fc6-bf5e-500255945e47 None None] Fixed interval looping call 'neutron.plugins.ml2.plugin.DhcpAgentSchedulerDbMixin.remove_networks_from_down_agents' sleeping for 36.99 seconds {{(pid=106232) _run_loop /opt/stack/data/venv/lib/python3.12/site-packages/oslo_service/backend/_threading/loopingcall.py:125}}
Apr 21 13:36:12.959671 np0000168701 neutron-periodic-workers[106237]: DEBUG neutron.db.agents_db [None req-676a03d9-fa46-4458-b0f1-1c6bec7cf549 None None] Agent healthcheck: found 0 active agents {{(pid=106237) agent_health_check /opt/stack/neutron/neutron/db/agents_db.py:317}}
Apr 21 13:36:12.960468 np0000168701 neutron-periodic-workers[106237]: DEBUG oslo.service.backend._threading.loopingcall [None req-676a03d9-fa46-4458-b0f1-1c6bec7cf549 None None] Fixed interval looping call 'neutron.plugins.ml2.plugin.AgentDbMixin.agent_health_check' sleeping for 36.99 seconds {{(pid=106237) _run_loop /opt/stack/data/venv/lib/python3.12/site-packages/oslo_service/backend/_threading/loopingcall.py:125}}
Apr 21 13:36:15.957326 np0000168701 neutron-periodic-workers[106232]: DEBUG dbcounter [-] [106232] Writing DB stats neutron:SELECT=3 {{(pid=106232) stat_writer /opt/stack/data/venv/lib/python3.12/site-packages/dbcounter.py:115}}
Apr 21 13:36:22.957814 np0000168701 neutron-periodic-workers[106237]: DEBUG dbcounter [-] [106237] Writing DB stats neutron:SELECT=1 {{(pid=106237) stat_writer /opt/stack/data/venv/lib/python3.12/site-packages/dbcounter.py:115}}
Apr 21 13:36:42.958214 np0000168701 neutron-periodic-workers[106232]: DEBUG oslo.service.backend._threading.loopingcall [None req-4bfc10b9-0ea4-4fc6-bf5e-500255945e47 None None] Fixed interval looping call 'neutron.plugins.ml2.plugin.DhcpAgentSchedulerDbMixin.remove_networks_from_down_agents' sleeping for 36.99 seconds {{(pid=106232) _run_loop /opt/stack/data/venv/lib/python3.12/site-packages/oslo_service/backend/_threading/loopingcall.py:125}}
Apr 21 13:36:49.955476 np0000168701 neutron-periodic-workers[106237]: DEBUG neutron.db.agents_db [None req-676a03d9-fa46-4458-b0f1-1c6bec7cf549 None None] Agent healthcheck: found 0 active agents {{(pid=106237) agent_health_check /opt/stack/neutron/neutron/db/agents_db.py:317}}
Apr 21 13:36:49.956213 np0000168701 neutron-periodic-workers[106237]: DEBUG oslo.service.backend._threading.loopingcall [None req-676a03d9-fa46-4458-b0f1-1c6bec7cf549 None None] Fixed interval looping call 'neutron.plugins.ml2.plugin.AgentDbMixin.agent_health_check' sleeping for 36.99 seconds {{(pid=106237) _run_loop /opt/stack/data/venv/lib/python3.12/site-packages/oslo_service/backend/_threading/loopingcall.py:125}}
Apr 21 13:36:52.956594 np0000168701 neutron-periodic-workers[106232]: DEBUG dbcounter [-] [106232] Writing DB stats neutron:SELECT=3 {{(pid=106232) stat_writer /opt/stack/data/venv/lib/python3.12/site-packages/dbcounter.py:115}}
Apr 21 13:36:59.953674 np0000168701 neutron-periodic-workers[106237]: DEBUG dbcounter [-] [106237] Writing DB stats neutron:SELECT=1 {{(pid=106237) stat_writer /opt/stack/data/venv/lib/python3.12/site-packages/dbcounter.py:115}}
Apr 21 13:37:02.987351 np0000168701 neutron-periodic-workers[106249]: DEBUG oslo.service.backend._threading.loopingcall [None req-0d851051-ba8f-4fec-88cb-441bc47e0a8a None None] Fixed interval looping call 'neutron.db.quota.driver_nolock.DbQuotaNoLockDriver._remove_expired_reservations' sleeping for 120.00 seconds {{(pid=106249) _run_loop /opt/stack/data/venv/lib/python3.12/site-packages/oslo_service/backend/_threading/loopingcall.py:125}}
Apr 21 13:37:12.986358 np0000168701 neutron-periodic-workers[106249]: DEBUG dbcounter [-] [106249] Writing DB stats neutron:DELETE=1 {{(pid=106249) stat_writer /opt/stack/data/venv/lib/python3.12/site-packages/dbcounter.py:115}}
Apr 21 13:37:19.956827 np0000168701 neutron-periodic-workers[106232]: DEBUG oslo.service.backend._threading.loopingcall [None req-4bfc10b9-0ea4-4fc6-bf5e-500255945e47 None None] Fixed interval looping call 'neutron.plugins.ml2.plugin.DhcpAgentSchedulerDbMixin.remove_networks_from_down_agents' sleeping for 36.99 seconds {{(pid=106232) _run_loop /opt/stack/data/venv/lib/python3.12/site-packages/oslo_service/backend/_threading/loopingcall.py:125}}
Apr 21 13:37:26.956141 np0000168701 neutron-periodic-workers[106237]: DEBUG neutron.db.agents_db [None req-676a03d9-fa46-4458-b0f1-1c6bec7cf549 None None] Agent healthcheck: found 0 active agents {{(pid=106237) agent_health_check /opt/stack/neutron/neutron/db/agents_db.py:317}}
Apr 21 13:37:26.956846 np0000168701 neutron-periodic-workers[106237]: DEBUG oslo.service.backend._threading.loopingcall [None req-676a03d9-fa46-4458-b0f1-1c6bec7cf549 None None] Fixed interval looping call 'neutron.plugins.ml2.plugin.AgentDbMixin.agent_health_check' sleeping for 36.99 seconds {{(pid=106237) _run_loop /opt/stack/data/venv/lib/python3.12/site-packages/oslo_service/backend/_threading/loopingcall.py:125}}
Apr 21 13:37:29.955832 np0000168701 neutron-periodic-workers[106232]: DEBUG dbcounter [-] [106232] Writing DB stats neutron:SELECT=3 {{(pid=106232) stat_writer /opt/stack/data/venv/lib/python3.12/site-packages/dbcounter.py:115}}
Apr 21 13:37:36.952694 np0000168701 neutron-periodic-workers[106237]: DEBUG dbcounter [-] [106237] Writing DB stats neutron:SELECT=1 {{(pid=106237) stat_writer /opt/stack/data/venv/lib/python3.12/site-packages/dbcounter.py:115}}
Apr 21 13:37:56.955240 np0000168701 neutron-periodic-workers[106232]: DEBUG oslo.service.backend._threading.loopingcall [None req-4bfc10b9-0ea4-4fc6-bf5e-500255945e47 None None] Fixed interval looping call 'neutron.plugins.ml2.plugin.DhcpAgentSchedulerDbMixin.remove_networks_from_down_agents' sleeping for 36.99 seconds {{(pid=106232) _run_loop /opt/stack/data/venv/lib/python3.12/site-packages/oslo_service/backend/_threading/loopingcall.py:125}}
Apr 21 13:38:03.950886 np0000168701 neutron-periodic-workers[106237]: DEBUG neutron.db.agents_db [None req-676a03d9-fa46-4458-b0f1-1c6bec7cf549 None None] Agent healthcheck: found 0 active agents {{(pid=106237) agent_health_check /opt/stack/neutron/neutron/db/agents_db.py:317}}
Apr 21 13:38:03.951597 np0000168701 neutron-periodic-workers[106237]: DEBUG oslo.service.backend._threading.loopingcall [None req-676a03d9-fa46-4458-b0f1-1c6bec7cf549 None None] Fixed interval looping call 'neutron.plugins.ml2.plugin.AgentDbMixin.agent_health_check' sleeping for 37.00 seconds {{(pid=106237) _run_loop /opt/stack/data/venv/lib/python3.12/site-packages/oslo_service/backend/_threading/loopingcall.py:125}}
Apr 21 13:38:06.955028 np0000168701 neutron-periodic-workers[106232]: DEBUG dbcounter [-] [106232] Writing DB stats neutron:SELECT=3 {{(pid=106232) stat_writer /opt/stack/data/venv/lib/python3.12/site-packages/dbcounter.py:115}}
Apr 21 13:38:13.950474 np0000168701 neutron-periodic-workers[106237]: DEBUG dbcounter [-] [106237] Writing DB stats neutron:SELECT=1 {{(pid=106237) stat_writer /opt/stack/data/venv/lib/python3.12/site-packages/dbcounter.py:115}}
Apr 21 13:38:33.954208 np0000168701 neutron-periodic-workers[106232]: DEBUG oslo.service.backend._threading.loopingcall [None req-4bfc10b9-0ea4-4fc6-bf5e-500255945e47 None None] Fixed interval looping call 'neutron.plugins.ml2.plugin.DhcpAgentSchedulerDbMixin.remove_networks_from_down_agents' sleeping for 36.99 seconds {{(pid=106232) _run_loop /opt/stack/data/venv/lib/python3.12/site-packages/oslo_service/backend/_threading/loopingcall.py:125}}
Apr 21 13:38:37.001932 np0000168701 neutron-periodic-workers[106260]: DEBUG oslo.service.backend._threading.loopingcall [None req-5773ba28-317b-4296-9456-724e00c43215 None None] Fixed interval looping call 'neutron.services.ovn_l3.plugin.L3_NAT_dbonly_mixin._clean_garbage' sleeping for 299.99 seconds {{(pid=106260) _run_loop /opt/stack/data/venv/lib/python3.12/site-packages/oslo_service/backend/_threading/loopingcall.py:125}}
Apr 21 13:38:40.957057 np0000168701 neutron-periodic-workers[106237]: DEBUG neutron.db.agents_db [None req-676a03d9-fa46-4458-b0f1-1c6bec7cf549 None None] Agent healthcheck: found 0 active agents {{(pid=106237) agent_health_check /opt/stack/neutron/neutron/db/agents_db.py:317}}
Apr 21 13:38:40.957607 np0000168701 neutron-periodic-workers[106237]: DEBUG oslo.service.backend._threading.loopingcall [None req-676a03d9-fa46-4458-b0f1-1c6bec7cf549 None None] Fixed interval looping call 'neutron.plugins.ml2.plugin.AgentDbMixin.agent_health_check' sleeping for 36.99 seconds {{(pid=106237) _run_loop /opt/stack/data/venv/lib/python3.12/site-packages/oslo_service/backend/_threading/loopingcall.py:125}}
Apr 21 13:38:43.953677 np0000168701 neutron-periodic-workers[106232]: DEBUG dbcounter [-] [106232] Writing DB stats neutron:SELECT=3 {{(pid=106232) stat_writer /opt/stack/data/venv/lib/python3.12/site-packages/dbcounter.py:115}}
Apr 21 13:38:46.995572 np0000168701 neutron-periodic-workers[106260]: DEBUG dbcounter [-] [106260] Writing DB stats neutron:SELECT=1 {{(pid=106260) stat_writer /opt/stack/data/venv/lib/python3.12/site-packages/dbcounter.py:115}}
Apr 21 13:38:50.955041 np0000168701 neutron-periodic-workers[106237]: DEBUG dbcounter [-] [106237] Writing DB stats neutron:SELECT=1 {{(pid=106237) stat_writer /opt/stack/data/venv/lib/python3.12/site-packages/dbcounter.py:115}}
Apr 21 13:39:02.995401 np0000168701 neutron-periodic-workers[106249]: DEBUG oslo.service.backend._threading.loopingcall [None req-0d851051-ba8f-4fec-88cb-441bc47e0a8a None None] Fixed interval looping call 'neutron.db.quota.driver_nolock.DbQuotaNoLockDriver._remove_expired_reservations' sleeping for 119.99 seconds {{(pid=106249) _run_loop /opt/stack/data/venv/lib/python3.12/site-packages/oslo_service/backend/_threading/loopingcall.py:125}}
Apr 21 13:39:10.949624 np0000168701 neutron-periodic-workers[106232]: DEBUG oslo.service.backend._threading.loopingcall [None req-4bfc10b9-0ea4-4fc6-bf5e-500255945e47 None None] Fixed interval looping call 'neutron.plugins.ml2.plugin.DhcpAgentSchedulerDbMixin.remove_networks_from_down_agents' sleeping for 36.99 seconds {{(pid=106232) _run_loop /opt/stack/data/venv/lib/python3.12/site-packages/oslo_service/backend/_threading/loopingcall.py:125}}
Apr 21 13:39:12.994622 np0000168701 neutron-periodic-workers[106249]: DEBUG dbcounter [-] [106249] Writing DB stats neutron:DELETE=1 {{(pid=106249) stat_writer /opt/stack/data/venv/lib/python3.12/site-packages/dbcounter.py:115}}
Apr 21 13:39:17.952750 np0000168701 neutron-periodic-workers[106237]: DEBUG neutron.db.agents_db [None req-676a03d9-fa46-4458-b0f1-1c6bec7cf549 None None] Agent healthcheck: found 0 active agents {{(pid=106237) agent_health_check /opt/stack/neutron/neutron/db/agents_db.py:317}}
Apr 21 13:39:17.953536 np0000168701 neutron-periodic-workers[106237]: DEBUG oslo.service.backend._threading.loopingcall [None req-676a03d9-fa46-4458-b0f1-1c6bec7cf549 None None] Fixed interval looping call 'neutron.plugins.ml2.plugin.AgentDbMixin.agent_health_check' sleeping for 36.99 seconds {{(pid=106237) _run_loop /opt/stack/data/venv/lib/python3.12/site-packages/oslo_service/backend/_threading/loopingcall.py:125}}
Apr 21 13:39:20.949180 np0000168701 neutron-periodic-workers[106232]: DEBUG dbcounter [-] [106232] Writing DB stats neutron:SELECT=3 {{(pid=106232) stat_writer /opt/stack/data/venv/lib/python3.12/site-packages/dbcounter.py:115}}
Apr 21 13:39:27.951083 np0000168701 neutron-periodic-workers[106237]: DEBUG dbcounter [-] [106237] Writing DB stats neutron:SELECT=1 {{(pid=106237) stat_writer /opt/stack/data/venv/lib/python3.12/site-packages/dbcounter.py:115}}
Apr 21 13:39:47.952629 np0000168701 neutron-periodic-workers[106232]: DEBUG oslo.service.backend._threading.loopingcall [None req-4bfc10b9-0ea4-4fc6-bf5e-500255945e47 None None] Fixed interval looping call 'neutron.plugins.ml2.plugin.DhcpAgentSchedulerDbMixin.remove_networks_from_down_agents' sleeping for 36.99 seconds {{(pid=106232) _run_loop /opt/stack/data/venv/lib/python3.12/site-packages/oslo_service/backend/_threading/loopingcall.py:125}}
Apr 21 13:39:54.948310 np0000168701 neutron-periodic-workers[106237]: DEBUG neutron.db.agents_db [None req-676a03d9-fa46-4458-b0f1-1c6bec7cf549 None None] Agent healthcheck: found 0 active agents {{(pid=106237) agent_health_check /opt/stack/neutron/neutron/db/agents_db.py:317}}
Apr 21 13:39:54.949035 np0000168701 neutron-periodic-workers[106237]: DEBUG oslo.service.backend._threading.loopingcall [None req-676a03d9-fa46-4458-b0f1-1c6bec7cf549 None None] Fixed interval looping call 'neutron.plugins.ml2.plugin.AgentDbMixin.agent_health_check' sleeping for 36.99 seconds {{(pid=106237) _run_loop /opt/stack/data/venv/lib/python3.12/site-packages/oslo_service/backend/_threading/loopingcall.py:125}}
Apr 21 13:39:57.950830 np0000168701 neutron-periodic-workers[106232]: DEBUG dbcounter [-] [106232] Writing DB stats neutron:SELECT=3 {{(pid=106232) stat_writer /opt/stack/data/venv/lib/python3.12/site-packages/dbcounter.py:115}}
Apr 21 13:40:04.946705 np0000168701 neutron-periodic-workers[106237]: DEBUG dbcounter [-] [106237] Writing DB stats neutron:SELECT=1 {{(pid=106237) stat_writer /opt/stack/data/venv/lib/python3.12/site-packages/dbcounter.py:115}}
Apr 21 13:40:24.949190 np0000168701 neutron-periodic-workers[106232]: DEBUG oslo.service.backend._threading.loopingcall [None req-4bfc10b9-0ea4-4fc6-bf5e-500255945e47 None None] Fixed interval looping call 'neutron.plugins.ml2.plugin.DhcpAgentSchedulerDbMixin.remove_networks_from_down_agents' sleeping for 36.99 seconds {{(pid=106232) _run_loop /opt/stack/data/venv/lib/python3.12/site-packages/oslo_service/backend/_threading/loopingcall.py:125}}
Apr 21 13:40:31.944200 np0000168701 neutron-periodic-workers[106237]: DEBUG neutron.db.agents_db [None req-676a03d9-fa46-4458-b0f1-1c6bec7cf549 None None] Agent healthcheck: found 0 active agents {{(pid=106237) agent_health_check /opt/stack/neutron/neutron/db/agents_db.py:317}}
Apr 21 13:40:31.944897 np0000168701 neutron-periodic-workers[106237]: DEBUG oslo.service.backend._threading.loopingcall [None req-676a03d9-fa46-4458-b0f1-1c6bec7cf549 None None] Fixed interval looping call 'neutron.plugins.ml2.plugin.AgentDbMixin.agent_health_check' sleeping for 36.99 seconds {{(pid=106237) _run_loop /opt/stack/data/venv/lib/python3.12/site-packages/oslo_service/backend/_threading/loopingcall.py:125}}
Apr 21 13:40:34.948498 np0000168701 neutron-periodic-workers[106232]: DEBUG dbcounter [-] [106232] Writing DB stats neutron:SELECT=3 {{(pid=106232) stat_writer /opt/stack/data/venv/lib/python3.12/site-packages/dbcounter.py:115}}
Apr 21 13:40:41.942713 np0000168701 neutron-periodic-workers[106237]: DEBUG dbcounter [-] [106237] Writing DB stats neutron:SELECT=1 {{(pid=106237) stat_writer /opt/stack/data/venv/lib/python3.12/site-packages/dbcounter.py:115}}
Apr 21 13:41:01.949747 np0000168701 neutron-periodic-workers[106232]: DEBUG oslo.service.backend._threading.loopingcall [None req-4bfc10b9-0ea4-4fc6-bf5e-500255945e47 None None] Fixed interval looping call 'neutron.plugins.ml2.plugin.DhcpAgentSchedulerDbMixin.remove_networks_from_down_agents' sleeping for 36.99 seconds {{(pid=106232) _run_loop /opt/stack/data/venv/lib/python3.12/site-packages/oslo_service/backend/_threading/loopingcall.py:125}}
Apr 21 13:41:02.989472 np0000168701 neutron-periodic-workers[106249]: DEBUG oslo.service.backend._threading.loopingcall [None req-0d851051-ba8f-4fec-88cb-441bc47e0a8a None None] Fixed interval looping call 'neutron.db.quota.driver_nolock.DbQuotaNoLockDriver._remove_expired_reservations' sleeping for 120.00 seconds {{(pid=106249) _run_loop /opt/stack/data/venv/lib/python3.12/site-packages/oslo_service/backend/_threading/loopingcall.py:125}}
Apr 21 13:41:08.940022 np0000168701 neutron-periodic-workers[106237]: DEBUG neutron.db.agents_db [None req-676a03d9-fa46-4458-b0f1-1c6bec7cf549 None None] Agent healthcheck: found 0 active agents {{(pid=106237) agent_health_check /opt/stack/neutron/neutron/db/agents_db.py:317}}
Apr 21 13:41:08.940699 np0000168701 neutron-periodic-workers[106237]: DEBUG oslo.service.backend._threading.loopingcall [None req-676a03d9-fa46-4458-b0f1-1c6bec7cf549 None None] Fixed interval looping call 'neutron.plugins.ml2.plugin.AgentDbMixin.agent_health_check' sleeping for 36.99 seconds {{(pid=106237) _run_loop /opt/stack/data/venv/lib/python3.12/site-packages/oslo_service/backend/_threading/loopingcall.py:125}}
Apr 21 13:41:11.948019 np0000168701 neutron-periodic-workers[106232]: DEBUG dbcounter [-] [106232] Writing DB stats neutron:SELECT=3 {{(pid=106232) stat_writer /opt/stack/data/venv/lib/python3.12/site-packages/dbcounter.py:115}}
Apr 21 13:41:12.988710 np0000168701 neutron-periodic-workers[106249]: DEBUG dbcounter [-] [106249] Writing DB stats neutron:DELETE=1 {{(pid=106249) stat_writer /opt/stack/data/venv/lib/python3.12/site-packages/dbcounter.py:115}}
Apr 21 13:41:18.938430 np0000168701 neutron-periodic-workers[106237]: DEBUG dbcounter [-] [106237] Writing DB stats neutron:SELECT=1 {{(pid=106237) stat_writer /opt/stack/data/venv/lib/python3.12/site-packages/dbcounter.py:115}}
Apr 21 13:41:38.948934 np0000168701 neutron-periodic-workers[106232]: DEBUG oslo.service.backend._threading.loopingcall [None req-4bfc10b9-0ea4-4fc6-bf5e-500255945e47 None None] Fixed interval looping call 'neutron.plugins.ml2.plugin.DhcpAgentSchedulerDbMixin.remove_networks_from_down_agents' sleeping for 36.99 seconds {{(pid=106232) _run_loop /opt/stack/data/venv/lib/python3.12/site-packages/oslo_service/backend/_threading/loopingcall.py:125}}
Apr 21 13:41:45.935113 np0000168701 neutron-periodic-workers[106237]: DEBUG neutron.db.agents_db [None req-676a03d9-fa46-4458-b0f1-1c6bec7cf549 None None] Agent healthcheck: found 0 active agents {{(pid=106237) agent_health_check /opt/stack/neutron/neutron/db/agents_db.py:317}}
Apr 21 13:41:45.935862 np0000168701 neutron-periodic-workers[106237]: DEBUG oslo.service.backend._threading.loopingcall [None req-676a03d9-fa46-4458-b0f1-1c6bec7cf549 None None] Fixed interval looping call 'neutron.plugins.ml2.plugin.AgentDbMixin.agent_health_check' sleeping for 37.00 seconds {{(pid=106237) _run_loop /opt/stack/data/venv/lib/python3.12/site-packages/oslo_service/backend/_threading/loopingcall.py:125}}
Apr 21 13:41:48.948114 np0000168701 neutron-periodic-workers[106232]: DEBUG dbcounter [-] [106232] Writing DB stats neutron:SELECT=3 {{(pid=106232) stat_writer /opt/stack/data/venv/lib/python3.12/site-packages/dbcounter.py:115}}
Apr 21 13:41:55.933682 np0000168701 neutron-periodic-workers[106237]: DEBUG dbcounter [-] [106237] Writing DB stats neutron:SELECT=1 {{(pid=106237) stat_writer /opt/stack/data/venv/lib/python3.12/site-packages/dbcounter.py:115}}
Apr 21 13:42:15.947355 np0000168701 neutron-periodic-workers[106232]: DEBUG oslo.service.backend._threading.loopingcall [None req-4bfc10b9-0ea4-4fc6-bf5e-500255945e47 None None] Fixed interval looping call 'neutron.plugins.ml2.plugin.DhcpAgentSchedulerDbMixin.remove_networks_from_down_agents' sleeping for 36.99 seconds {{(pid=106232) _run_loop /opt/stack/data/venv/lib/python3.12/site-packages/oslo_service/backend/_threading/loopingcall.py:125}}
Apr 21 13:42:22.940648 np0000168701 neutron-periodic-workers[106237]: DEBUG neutron.db.agents_db [None req-676a03d9-fa46-4458-b0f1-1c6bec7cf549 None None] Agent healthcheck: found 0 active agents {{(pid=106237) agent_health_check /opt/stack/neutron/neutron/db/agents_db.py:317}}
Apr 21 13:42:22.940648 np0000168701 neutron-periodic-workers[106237]: DEBUG oslo.service.backend._threading.loopingcall [None req-676a03d9-fa46-4458-b0f1-1c6bec7cf549 None None] Fixed interval looping call 'neutron.plugins.ml2.plugin.AgentDbMixin.agent_health_check' sleeping for 37.00 seconds {{(pid=106237) _run_loop /opt/stack/data/venv/lib/python3.12/site-packages/oslo_service/backend/_threading/loopingcall.py:125}}
Apr 21 13:42:25.946381 np0000168701 neutron-periodic-workers[106232]: DEBUG dbcounter [-] [106232] Writing DB stats neutron:SELECT=3 {{(pid=106232) stat_writer /opt/stack/data/venv/lib/python3.12/site-packages/dbcounter.py:115}}
Apr 21 13:42:32.938514 np0000168701 neutron-periodic-workers[106237]: DEBUG dbcounter [-] [106237] Writing DB stats neutron:SELECT=1 {{(pid=106237) stat_writer /opt/stack/data/venv/lib/python3.12/site-packages/dbcounter.py:115}}
Apr 21 13:42:52.949997 np0000168701 neutron-periodic-workers[106232]: DEBUG oslo.service.backend._threading.loopingcall [None req-4bfc10b9-0ea4-4fc6-bf5e-500255945e47 None None] Fixed interval looping call 'neutron.plugins.ml2.plugin.DhcpAgentSchedulerDbMixin.remove_networks_from_down_agents' sleeping for 36.99 seconds {{(pid=106232) _run_loop /opt/stack/data/venv/lib/python3.12/site-packages/oslo_service/backend/_threading/loopingcall.py:125}}
Apr 21 13:42:59.944357 np0000168701 neutron-periodic-workers[106237]: DEBUG neutron.db.agents_db [None req-676a03d9-fa46-4458-b0f1-1c6bec7cf549 None None] Agent healthcheck: found 0 active agents {{(pid=106237) agent_health_check /opt/stack/neutron/neutron/db/agents_db.py:317}}
