2026-06-25 23:36:24.176 8 INFO placement.requestlog [req-ca959fca-d6a4-4bd8-ae4d-0af62a9ed4b6 req-056ec0e5-6c10-4e42-8160-be36b2fe6d19 6f35424e53614847913a8f4ed4f11fba 09f9847f6c954d51aee4f7ccac8f7703 - - 32030298995a4f68b858402ad4c34d20 32030298995a4f68b858402ad4c34d20] 199.19.213.157 "GET /allocations/a1b83055-b09a-4e91-a607-585b6c2d478b" status: 200 len: 258 microversion: 1.28 [pid: 8|app: 0|req: 468/945] 199.19.213.157 () {34 vars in 863 bytes} [Thu Jun 25 23:36:24 2026] GET /allocations/a1b83055-b09a-4e91-a607-585b6c2d478b => generated 258 bytes in 19 msecs (HTTP/1.1 200) 8 headers in 296 bytes (1 switches on core 0)
2026-06-25 23:36:24.199 7 INFO placement.requestlog [req-ca959fca-d6a4-4bd8-ae4d-0af62a9ed4b6 req-94287340-7e87-4a81-88d0-5d18f9cf783b 6f35424e53614847913a8f4ed4f11fba 09f9847f6c954d51aee4f7ccac8f7703 - - 32030298995a4f68b858402ad4c34d20 32030298995a4f68b858402ad4c34d20] 199.19.213.157 "GET /allocations/c84af70f-17d1-455d-9a2a-c4082936e9ae" status: 200 len: 258 microversion: 1.28 [pid: 7|app: 0|req: 478/946] 199.19.213.157 () {34 vars in 863 bytes} [Thu Jun 25 23:36:24 2026] GET /allocations/c84af70f-17d1-455d-9a2a-c4082936e9ae => generated 258 bytes in 14 msecs (HTTP/1.1 200) 8 headers in 296 bytes (1 switches on core 0)
2026-06-25 23:36:24.300 8 INFO placement.requestlog [req-ca959fca-d6a4-4bd8-ae4d-0af62a9ed4b6 req-9c2be40e-ae3a-4e1d-8d15-32d1eac20d40 6f35424e53614847913a8f4ed4f11fba 09f9847f6c954d51aee4f7ccac8f7703 - - 32030298995a4f68b858402ad4c34d20 32030298995a4f68b858402ad4c34d20] 199.19.213.157 "DELETE /allocations/c84af70f-17d1-455d-9a2a-c4082936e9ae" status: 204 len: 0 microversion: 1.0 [pid: 8|app: 0|req: 469/947] 199.19.213.157 () {34 vars in 841 bytes} [Thu Jun 25 23:36:24 2026] DELETE /allocations/c84af70f-17d1-455d-9a2a-c4082936e9ae => generated 0 bytes in 36 msecs (HTTP/1.1 204) 5 headers in 198 bytes (1 switches on core 0)
2026-06-25 23:36:25.002 7 INFO placement.requestlog [None req-e5c7e385-e713-4d32-9974-c6728d57b80e 420cd27760f34920be6b26b13f4cadc3 09f9847f6c954d51aee4f7ccac8f7703 - - 32030298995a4f68b858402ad4c34d20 32030298995a4f68b858402ad4c34d20] 10.0.0.2 "GET /resource_providers/a25264f3-570c-4bc9-97df-3d555910d845/aggregates" status: 404 len: 235 microversion: 1.1 [pid: 7|app: 0|req: 479/948] 10.0.0.2 () {32 vars in 823 bytes} [Thu Jun 25 23:36:24 2026] GET /resource_providers/a25264f3-570c-4bc9-97df-3d555910d845/aggregates => generated 235 bytes in 13 msecs (HTTP/1.1 404) 5 headers in 202 bytes (1 switches on core 0)
2026-06-25 23:36:25.014 8 INFO placement.requestlog [None req-b1b7476d-c2dc-4fe1-a1a5-67f4e11f465c 420cd27760f34920be6b26b13f4cadc3 09f9847f6c954d51aee4f7ccac8f7703 - - 32030298995a4f68b858402ad4c34d20 32030298995a4f68b858402ad4c34d20] 10.0.0.2 "GET /resource_providers/a25264f3-570c-4bc9-97df-3d555910d845/aggregates" status: 404 len: 235 microversion: 1.1 [pid: 8|app: 0|req: 470/949] 10.0.0.2 () {32 vars in 823 bytes} [Thu Jun 25 23:36:24 2026] GET /resource_providers/a25264f3-570c-4bc9-97df-3d555910d845/aggregates => generated 235 bytes in 21 msecs (HTTP/1.1 404) 5 headers in 202 bytes (1 switches on core 0)
2026-06-25 23:36:25.023 7 INFO placement.requestlog [None req-87c2c90d-1aab-42e1-b51f-fce326c7da38 420cd27760f34920be6b26b13f4cadc3 09f9847f6c954d51aee4f7ccac8f7703 - - 32030298995a4f68b858402ad4c34d20 32030298995a4f68b858402ad4c34d20] 10.0.0.2 "DELETE /resource_providers/a25264f3-570c-4bc9-97df-3d555910d845" status: 404 len: 246 microversion: 1.1 [pid: 7|app: 0|req: 480/950] 10.0.0.2 () {34 vars in 823 bytes} [Thu Jun 25 23:36:25 2026] DELETE /resource_providers/a25264f3-570c-4bc9-97df-3d555910d845 => generated 246 bytes in 13 msecs (HTTP/1.1 404) 6 headers in 231 bytes (1 switches on core 0)
2026-06-25 23:36:25.029 8 INFO placement.requestlog [None req-4d482e7e-3dc8-45fb-a382-f65d3ef729d5 420cd27760f34920be6b26b13f4cadc3 09f9847f6c954d51aee4f7ccac8f7703 - - 32030298995a4f68b858402ad4c34d20 32030298995a4f68b858402ad4c34d20] 10.0.0.2 "DELETE /resource_providers/a25264f3-570c-4bc9-97df-3d555910d845" status: 404 len: 246 microversion: 1.1 [pid: 8|app: 0|req: 471/951] 10.0.0.2 () {34 vars in 823 bytes} [Thu Jun 25 23:36:25 2026] DELETE /resource_providers/a25264f3-570c-4bc9-97df-3d555910d845 => generated 246 bytes in 10 msecs (HTTP/1.1 404) 6 headers in 231 bytes (1 switches on core 0)
2026-06-25 23:36:25.053 7 INFO placement.requestlog [None req-d0103fc8-fcb9-4795-8613-392e02a5bcce 420cd27760f34920be6b26b13f4cadc3 09f9847f6c954d51aee4f7ccac8f7703 - - 32030298995a4f68b858402ad4c34d20 32030298995a4f68b858402ad4c34d20] 10.0.0.2 "GET /resource_providers/7ece804e-a2dc-465d-a5b6-f401c351ef9d/aggregates" status: 404 len: 235 microversion: 1.1 [pid: 7|app: 0|req: 481/952] 10.0.0.2 () {32 vars in 823 bytes} [Thu Jun 25 23:36:25 2026] GET /resource_providers/7ece804e-a2dc-465d-a5b6-f401c351ef9d/aggregates => generated 235 bytes in 15 msecs (HTTP/1.1 404) 5 headers in 202 bytes (1 switches on core 0)
2026-06-25 23:36:25.076 7 INFO placement.requestlog [None req-146faa4f-e0c3-4d5a-9b05-f2b0b5499fc9 420cd27760f34920be6b26b13f4cadc3 09f9847f6c954d51aee4f7ccac8f7703 - - 32030298995a4f68b858402ad4c34d20 32030298995a4f68b858402ad4c34d20] 10.0.0.2 "DELETE /resource_providers/7ece804e-a2dc-465d-a5b6-f401c351ef9d" status: 404 len: 246 microversion: 1.1 [pid: 7|app: 0|req: 482/953] 10.0.0.2 () {34 vars in 823 bytes} [Thu Jun 25 23:36:25 2026] DELETE /resource_providers/7ece804e-a2dc-465d-a5b6-f401c351ef9d => generated 246 bytes in 12 msecs (HTTP/1.1 404) 6 headers in 231 bytes (1 switches on core 0)
2026-06-25 23:36:25.079 8 INFO placement.requestlog [None req-84a0b1a9-80a3-4dbc-ab64-95d9f9e139d1 420cd27760f34920be6b26b13f4cadc3 09f9847f6c954d51aee4f7ccac8f7703 - - 32030298995a4f68b858402ad4c34d20 32030298995a4f68b858402ad4c34d20] 10.0.0.2 "GET /resource_providers/7ece804e-a2dc-465d-a5b6-f401c351ef9d/aggregates" status: 404 len: 235 microversion: 1.1 [pid: 8|app: 0|req: 472/954] 10.0.0.2 () {32 vars in 823 bytes} [Thu Jun 25 23:36:25 2026] GET /resource_providers/7ece804e-a2dc-465d-a5b6-f401c351ef9d/aggregates => generated 235 bytes in 37 msecs (HTTP/1.1 404) 5 headers in 202 bytes (1 switches on core 0)
2026-06-25 23:36:25.107 7 INFO placement.requestlog [None req-7157d44d-f38d-4903-8946-1bc6265e70f2 420cd27760f34920be6b26b13f4cadc3 09f9847f6c954d51aee4f7ccac8f7703 - - 32030298995a4f68b858402ad4c34d20 32030298995a4f68b858402ad4c34d20] 10.0.0.2 "DELETE /resource_providers/7ece804e-a2dc-465d-a5b6-f401c351ef9d" status: 404 len: 246 microversion: 1.1 [pid: 7|app: 0|req: 483/955] 10.0.0.2 () {34 vars in 823 bytes} [Thu Jun 25 23:36:25 2026] DELETE /resource_providers/7ece804e-a2dc-465d-a5b6-f401c351ef9d => generated 246 bytes in 17 msecs (HTTP/1.1 404) 6 headers in 231 bytes (1 switches on core 0)
2026-06-25 23:36:27.849 8 INFO placement.requestlog [req-90c20d96-0328-49b4-9379-825753d30a70 req-0e5dbda4-a9fb-4dd2-9086-fdd7f04b336b 6f35424e53614847913a8f4ed4f11fba 09f9847f6c954d51aee4f7ccac8f7703 - - 32030298995a4f68b858402ad4c34d20 32030298995a4f68b858402ad4c34d20] 199.19.213.157 "GET /resource_providers/c645f60b-3b54-4e2e-9264-0b8264d62cb8/allocations" status: 200 len: 153 microversion: 1.0 [pid: 8|app: 0|req: 473/956] 199.19.213.157 () {32 vars in 857 bytes} [Thu Jun 25 23:36:27 2026] GET /resource_providers/c645f60b-3b54-4e2e-9264-0b8264d62cb8/allocations => generated 153 bytes in 21 msecs (HTTP/1.1 200) 6 headers in 224 bytes (1 switches on core 0)
2026-06-25 23:36:27.870 7 INFO placement.requestlog [req-90c20d96-0328-49b4-9379-825753d30a70 req-03a2e014-0d4c-4b74-afac-f739d19c1307 6f35424e53614847913a8f4ed4f11fba 09f9847f6c954d51aee4f7ccac8f7703 - - 32030298995a4f68b858402ad4c34d20 32030298995a4f68b858402ad4c34d20] 199.19.213.157 "GET /allocations/a1b83055-b09a-4e91-a607-585b6c2d478b" status: 200 len: 258 microversion: 1.28 [pid: 7|app: 0|req: 484/957] 199.19.213.157 () {34 vars in 863 bytes} [Thu Jun 25 23:36:27 2026] GET /allocations/a1b83055-b09a-4e91-a607-585b6c2d478b => generated 258 bytes in 14 msecs (HTTP/1.1 200) 8 headers in 296 bytes (1 switches on core 0)
2026-06-25 23:36:27.961 8 INFO placement.requestlog [req-90c20d96-0328-49b4-9379-825753d30a70 req-b28b9408-a1a8-4547-a3d6-d1f5c7838f54 6f35424e53614847913a8f4ed4f11fba 09f9847f6c954d51aee4f7ccac8f7703 - - 32030298995a4f68b858402ad4c34d20 32030298995a4f68b858402ad4c34d20] 199.19.213.157 "DELETE /allocations/a1b83055-b09a-4e91-a607-585b6c2d478b" status: 204 len: 0 microversion: 1.0 [pid: 8|app: 0|req: 474/958] 199.19.213.157 () {34 vars in 841 bytes} [Thu Jun 25 23:36:27 2026] DELETE /allocations/a1b83055-b09a-4e91-a607-585b6c2d478b => generated 0 bytes in 35 msecs (HTTP/1.1 204) 5 headers in 198 bytes (1 switches on core 0)
2026-06-25 23:36:28.555 7 INFO placement.requestlog [None req-507c8d6f-98a7-437c-98cd-1f4e75cc0c90 - - - - - -] 10.0.0.165 "GET /" status: 200 len: 136 microversion: 1.0
2026-06-25 23:36:28.557 8 INFO placement.requestlog [None req-717f3300-6cd1-4260-a38e-c2878713cf14 - - - - - -] 10.0.0.165 "GET /" status: 200 len: 136 microversion: 1.0
2026-06-25 23:36:31.971 7 INFO placement.requestlog [None req-803ec967-2935-4285-a3c6-988cc7002940 420cd27760f34920be6b26b13f4cadc3 09f9847f6c954d51aee4f7ccac8f7703 - - 32030298995a4f68b858402ad4c34d20 32030298995a4f68b858402ad4c34d20] 10.0.0.2 "GET /resource_providers/7de6eaa9-7ef0-46d6-a5eb-28b129adee98/aggregates" status: 404 len: 235 microversion: 1.1 [pid: 7|app: 0|req: 486/961] 10.0.0.2 () {32 vars in 823 bytes} [Thu Jun 25 23:36:31 2026] GET /resource_providers/7de6eaa9-7ef0-46d6-a5eb-28b129adee98/aggregates => generated 235 bytes in 12 msecs (HTTP/1.1 404) 5 headers in 202 bytes (1 switches on core 0)
2026-06-25 23:36:31.974 8 INFO placement.requestlog [None req-daa886f0-2e4f-4ee5-a7be-aef82573ffe5 420cd27760f34920be6b26b13f4cadc3 09f9847f6c954d51aee4f7ccac8f7703 - - 32030298995a4f68b858402ad4c34d20 32030298995a4f68b858402ad4c34d20] 10.0.0.2 "GET /resource_providers/7de6eaa9-7ef0-46d6-a5eb-28b129adee98/aggregates" status: 404 len: 235 microversion: 1.1 [pid: 8|app: 0|req: 476/962] 10.0.0.2 () {32 vars in 823 bytes} [Thu Jun 25 23:36:31 2026] GET /resource_providers/7de6eaa9-7ef0-46d6-a5eb-28b129adee98/aggregates => generated 235 bytes in 15 msecs (HTTP/1.1 404) 5 headers in 202 bytes (1 switches on core 0)
2026-06-25 23:36:31.999 7 INFO placement.requestlog [None req-022aaa7e-e0da-4742-9cab-6eaecbfa0756 420cd27760f34920be6b26b13f4cadc3 09f9847f6c954d51aee4f7ccac8f7703 - - 32030298995a4f68b858402ad4c34d20 32030298995a4f68b858402ad4c34d20] 10.0.0.2 "DELETE /resource_providers/7de6eaa9-7ef0-46d6-a5eb-28b129adee98" status: 404 len: 246 microversion: 1.1 [pid: 7|app: 0|req: 487/963] 10.0.0.2 () {34 vars in 823 bytes} [Thu Jun 25 23:36:31 2026] DELETE /resource_providers/7de6eaa9-7ef0-46d6-a5eb-28b129adee98 => generated 246 bytes in 11 msecs (HTTP/1.1 404) 6 headers in 231 bytes (1 switches on core 0)
2026-06-25 23:36:32.001 8 INFO placement.requestlog [None req-bcca5c9b-6058-45e1-97c6-182b4a2bfe95 420cd27760f34920be6b26b13f4cadc3 09f9847f6c954d51aee4f7ccac8f7703 - - 32030298995a4f68b858402ad4c34d20 32030298995a4f68b858402ad4c34d20] 10.0.0.2 "DELETE /resource_providers/7de6eaa9-7ef0-46d6-a5eb-28b129adee98" status: 404 len: 246 microversion: 1.1 [pid: 8|app: 0|req: 477/964] 10.0.0.2 () {34 vars in 823 bytes} [Thu Jun 25 23:36:31 2026] DELETE /resource_providers/7de6eaa9-7ef0-46d6-a5eb-28b129adee98 => generated 246 bytes in 12 msecs (HTTP/1.1 404) 6 headers in 231 bytes (1 switches on core 0)
2026-06-25 23:36:33.816 7 INFO placement.requestlog [req-bb91ca55-d7d2-4be1-ae4d-a3b9716833b9 req-2852662f-3779-4351-b08e-f7d202ba19a2 6f35424e53614847913a8f4ed4f11fba 09f9847f6c954d51aee4f7ccac8f7703 - - 32030298995a4f68b858402ad4c34d20 32030298995a4f68b858402ad4c34d20] 10.0.0.252 "GET /allocation_candidates?limit=1000&resources=DISK_GB%3A1%2CMEMORY_MB%3A512%2CVCPU%3A1&root_required=%21COMPUTE_STATUS_DISABLED" status: 200 len: 2217 microversion: 1.36 [pid: 7|app: 0|req: 488/965] 10.0.0.252 () {34 vars in 1012 bytes} [Thu Jun 25 23:36:33 2026] GET /allocation_candidates?limit=1000&resources=DISK_GB%3A1%2CMEMORY_MB%3A512%2CVCPU%3A1&root_required=%21COMPUTE_STATUS_DISABLED => generated 2217 bytes in 106 msecs (HTTP/1.1 200) 8 headers in 297 bytes (1 switches on core 0)
2026-06-25 23:36:33.867 8 INFO placement.requestlog [req-bb91ca55-d7d2-4be1-ae4d-a3b9716833b9 req-10eadaf2-6de5-4e08-9735-b06cae94f8f1 6f35424e53614847913a8f4ed4f11fba 09f9847f6c954d51aee4f7ccac8f7703 - - 32030298995a4f68b858402ad4c34d20 32030298995a4f68b858402ad4c34d20] 10.0.0.252 "GET /allocations/326db528-64e6-4daa-af10-dc836b4cd2b9" status: 200 len: 19 microversion: 1.28 [pid: 8|app: 0|req: 478/966] 10.0.0.252 () {34 vars in 861 bytes} [Thu Jun 25 23:36:33 2026] GET /allocations/326db528-64e6-4daa-af10-dc836b4cd2b9 => generated 19 bytes in 12 msecs (HTTP/1.1 200) 8 headers in 295 bytes (1 switches on core 0)
2026-06-25 23:36:33.953 7 INFO placement.requestlog [req-bb91ca55-d7d2-4be1-ae4d-a3b9716833b9 req-a4c77beb-d6e9-44c9-a133-310b22da3bc6 6f35424e53614847913a8f4ed4f11fba 09f9847f6c954d51aee4f7ccac8f7703 - - 32030298995a4f68b858402ad4c34d20 32030298995a4f68b858402ad4c34d20] 10.0.0.252 "PUT /allocations/326db528-64e6-4daa-af10-dc836b4cd2b9" status: 204 len: 0 microversion: 1.36 [pid: 7|app: 0|req: 489/967] 10.0.0.252 () {38 vars in 914 bytes} [Thu Jun 25 23:36:33 2026] PUT /allocations/326db528-64e6-4daa-af10-dc836b4cd2b9 => generated 0 bytes in 78 msecs (HTTP/1.1 204) 5 headers in 199 bytes (1 switches on core 0)
2026-06-25 23:36:34.224 8 INFO placement.requestlog [req-bb91ca55-d7d2-4be1-ae4d-a3b9716833b9 req-ea3e7cad-10c2-4ae8-9fa7-c12783c215d2 6f35424e53614847913a8f4ed4f11fba 09f9847f6c954d51aee4f7ccac8f7703 - - 32030298995a4f68b858402ad4c34d20 32030298995a4f68b858402ad4c34d20] 199.19.213.157 "GET /allocations/326db528-64e6-4daa-af10-dc836b4cd2b9" status: 200 len: 258 microversion: 1.28 [pid: 8|app: 0|req: 479/968] 199.19.213.157 () {34 vars in 863 bytes} [Thu Jun 25 23:36:34 2026] GET /allocations/326db528-64e6-4daa-af10-dc836b4cd2b9 => generated 258 bytes in 18 msecs (HTTP/1.1 200) 8 headers in 296 bytes (1 switches on core 0)
2026-06-25 23:36:34.332 7 INFO placement.requestlog [req-bb91ca55-d7d2-4be1-ae4d-a3b9716833b9 req-ddb732c0-6352-471a-857a-bbf7e703e0de 6f35424e53614847913a8f4ed4f11fba 09f9847f6c954d51aee4f7ccac8f7703 - - 32030298995a4f68b858402ad4c34d20 32030298995a4f68b858402ad4c34d20] 199.19.213.157 "GET /resource_providers/c645f60b-3b54-4e2e-9264-0b8264d62cb8/allocations" status: 200 len: 153 microversion: 1.0 [pid: 7|app: 0|req: 490/969] 199.19.213.157 () {32 vars in 857 bytes} [Thu Jun 25 23:36:34 2026] GET /resource_providers/c645f60b-3b54-4e2e-9264-0b8264d62cb8/allocations => generated 153 bytes in 19 msecs (HTTP/1.1 200) 6 headers in 224 bytes (1 switches on core 0)
2026-06-25 23:36:34.356 8 INFO placement.requestlog [req-bb91ca55-d7d2-4be1-ae4d-a3b9716833b9 req-624845ae-383a-4839-8de5-61dc451e919a 6f35424e53614847913a8f4ed4f11fba 09f9847f6c954d51aee4f7ccac8f7703 - - 32030298995a4f68b858402ad4c34d20 32030298995a4f68b858402ad4c34d20] 199.19.213.157 "GET /allocations/326db528-64e6-4daa-af10-dc836b4cd2b9" status: 200 len: 258 microversion: 1.28 [pid: 8|app: 0|req: 480/970] 199.19.213.157 () {34 vars in 863 bytes} [Thu Jun 25 23:36:34 2026] GET /allocations/326db528-64e6-4daa-af10-dc836b4cd2b9 => generated 258 bytes in 19 msecs (HTTP/1.1 200) 8 headers in 296 bytes (1 switches on core 0)
2026-06-25 23:36:38.556 7 INFO placement.requestlog [None req-032fd903-39ee-469b-bf1e-392f34781460 - - - - - -] 10.0.0.165 "GET /" status: 200 len: 136 microversion: 1.0
2026-06-25 23:36:38.557 8 INFO placement.requestlog [None req-9d88c242-7a00-4539-a627-b69a0b515b65 - - - - - -] 10.0.0.165 "GET /" status: 200 len: 136 microversion: 1.0
2026-06-25 23:36:48.556 7 INFO placement.requestlog [None req-cb177a74-6582-45f4-86c7-0be0cf8b5fd3 - - - - - -] 10.0.0.165 "GET /" status: 200 len: 136 microversion: 1.0
2026-06-25 23:36:48.556 8 INFO placement.requestlog [None req-268968e6-cfa2-4ad7-bc61-1cf975c799a5 - - - - - -] 10.0.0.165 "GET /" status: 200 len: 136 microversion: 1.0
2026-06-25 23:36:49.657 7 INFO placement.requestlog [req-8d3fdf11-0cff-4c4d-9ad4-63499aac3a0f req-53973c46-c058-4f2a-8011-c5df53e5e29b 6f35424e53614847913a8f4ed4f11fba 09f9847f6c954d51aee4f7ccac8f7703 - - 32030298995a4f68b858402ad4c34d20 32030298995a4f68b858402ad4c34d20] 199.19.213.157 "GET /resource_providers/c645f60b-3b54-4e2e-9264-0b8264d62cb8/allocations" status: 200 len: 153 microversion: 1.0 [pid: 7|app: 0|req: 493/975] 199.19.213.157 () {32 vars in 857 bytes} [Thu Jun 25 23:36:49 2026] GET /resource_providers/c645f60b-3b54-4e2e-9264-0b8264d62cb8/allocations => generated 153 bytes in 18 msecs (HTTP/1.1 200) 6 headers in 224 bytes (1 switches on core 0)
2026-06-25 23:36:49.690 8 INFO placement.requestlog [req-8d3fdf11-0cff-4c4d-9ad4-63499aac3a0f req-2d851542-8005-4463-af88-80ca5dad2122 6f35424e53614847913a8f4ed4f11fba 09f9847f6c954d51aee4f7ccac8f7703 - - 32030298995a4f68b858402ad4c34d20 32030298995a4f68b858402ad4c34d20] 199.19.213.157 "GET /resource_providers/c645f60b-3b54-4e2e-9264-0b8264d62cb8/allocations" status: 200 len: 153 microversion: 1.0 [pid: 8|app: 0|req: 483/976] 199.19.213.157 () {32 vars in 857 bytes} [Thu Jun 25 23:36:49 2026] GET /resource_providers/c645f60b-3b54-4e2e-9264-0b8264d62cb8/allocations => generated 153 bytes in 25 msecs (HTTP/1.1 200) 6 headers in 224 bytes (1 switches on core 0)
2026-06-25 23:36:49.714 7 INFO placement.requestlog [req-8d3fdf11-0cff-4c4d-9ad4-63499aac3a0f req-38662474-c8f8-4716-99dc-c7afeb06a526 6f35424e53614847913a8f4ed4f11fba 09f9847f6c954d51aee4f7ccac8f7703 - - 32030298995a4f68b858402ad4c34d20 32030298995a4f68b858402ad4c34d20] 199.19.213.157 "GET /allocations/326db528-64e6-4daa-af10-dc836b4cd2b9" status: 200 len: 258 microversion: 1.28 [pid: 7|app: 0|req: 494/977] 199.19.213.157 () {34 vars in 863 bytes} [Thu Jun 25 23:36:49 2026] GET /allocations/326db528-64e6-4daa-af10-dc836b4cd2b9 => generated 258 bytes in 17 msecs (HTTP/1.1 200) 8 headers in 296 bytes (1 switches on core 0)
2026-06-25 23:36:53.896 8 INFO placement.requestlog [req-29382833-330b-4359-96c1-28614f6ce8a6 req-57599dd0-4ca4-422e-a16a-240f531f6f47 6f35424e53614847913a8f4ed4f11fba 09f9847f6c954d51aee4f7ccac8f7703 - - 32030298995a4f68b858402ad4c34d20 32030298995a4f68b858402ad4c34d20] 199.19.213.157 "GET /resource_providers/c645f60b-3b54-4e2e-9264-0b8264d62cb8/allocations" status: 200 len: 153 microversion: 1.0 [pid: 8|app: 0|req: 484/978] 199.19.213.157 () {32 vars in 857 bytes} [Thu Jun 25 23:36:53 2026] GET /resource_providers/c645f60b-3b54-4e2e-9264-0b8264d62cb8/allocations => generated 153 bytes in 21 msecs (HTTP/1.1 200) 6 headers in 224 bytes (1 switches on core 0)
2026-06-25 23:36:53.920 7 INFO placement.requestlog [req-29382833-330b-4359-96c1-28614f6ce8a6 req-f4c8b463-45aa-484b-9ae0-09568e7b444f 6f35424e53614847913a8f4ed4f11fba 09f9847f6c954d51aee4f7ccac8f7703 - - 32030298995a4f68b858402ad4c34d20 32030298995a4f68b858402ad4c34d20] 199.19.213.157 "GET /allocations/326db528-64e6-4daa-af10-dc836b4cd2b9" status: 200 len: 258 microversion: 1.28 [pid: 7|app: 0|req: 495/979] 199.19.213.157 () {34 vars in 863 bytes} [Thu Jun 25 23:36:53 2026] GET /allocations/326db528-64e6-4daa-af10-dc836b4cd2b9 => generated 258 bytes in 17 msecs (HTTP/1.1 200) 8 headers in 296 bytes (1 switches on core 0)
2026-06-25 23:36:54.035 8 INFO placement.requestlog [req-29382833-330b-4359-96c1-28614f6ce8a6 req-e45b225c-8a81-41b6-b004-c597ca7effbc 6f35424e53614847913a8f4ed4f11fba 09f9847f6c954d51aee4f7ccac8f7703 - - 32030298995a4f68b858402ad4c34d20 32030298995a4f68b858402ad4c34d20] 199.19.213.157 "DELETE /allocations/326db528-64e6-4daa-af10-dc836b4cd2b9" status: 204 len: 0 microversion: 1.0 [pid: 8|app: 0|req: 485/980] 199.19.213.157 () {34 vars in 841 bytes} [Thu Jun 25 23:36:54 2026] DELETE /allocations/326db528-64e6-4daa-af10-dc836b4cd2b9 => generated 0 bytes in 34 msecs (HTTP/1.1 204) 5 headers in 198 bytes (1 switches on core 0)
2026-06-25 23:36:58.556 7 INFO placement.requestlog [None req-70f79209-ac73-423c-8291-3eeaae868bae - - - - - -] 10.0.0.165 "GET /" status: 200 len: 136 microversion: 1.0
2026-06-25 23:36:58.556 8 INFO placement.requestlog [None req-c8754665-e35f-4333-9f48-43a1b849f296 - - - - - -] 10.0.0.165 "GET /" status: 200 len: 136 microversion: 1.0
2026-06-25 23:37:01.653 8 INFO placement.requestlog [None req-febdddeb-0e05-42aa-a0db-93b9d6fa15d5 420cd27760f34920be6b26b13f4cadc3 09f9847f6c954d51aee4f7ccac8f7703 - - 32030298995a4f68b858402ad4c34d20 32030298995a4f68b858402ad4c34d20] 10.0.0.2 "GET /resource_providers/c56f2540-ca11-4dbc-bc05-30f85d4755f5/aggregates" status: 404 len: 235 microversion: 1.1 [pid: 8|app: 0|req: 487/983] 10.0.0.2 () {32 vars in 823 bytes} [Thu Jun 25 23:37:01 2026] GET /resource_providers/c56f2540-ca11-4dbc-bc05-30f85d4755f5/aggregates => generated 235 bytes in 16 msecs (HTTP/1.1 404) 5 headers in 202 bytes (1 switches on core 0)
2026-06-25 23:37:01.653 7 INFO placement.requestlog [None req-cc393b55-995d-4604-a60d-6383229f2a69 420cd27760f34920be6b26b13f4cadc3 09f9847f6c954d51aee4f7ccac8f7703 - - 32030298995a4f68b858402ad4c34d20 32030298995a4f68b858402ad4c34d20] 10.0.0.2 "GET /resource_providers/c56f2540-ca11-4dbc-bc05-30f85d4755f5/aggregates" status: 404 len: 235 microversion: 1.1 [pid: 7|app: 0|req: 497/984] 10.0.0.2 () {32 vars in 823 bytes} [Thu Jun 25 23:37:01 2026] GET /resource_providers/c56f2540-ca11-4dbc-bc05-30f85d4755f5/aggregates => generated 235 bytes in 17 msecs (HTTP/1.1 404) 5 headers in 202 bytes (1 switches on core 0)
2026-06-25 23:37:01.671 8 INFO placement.requestlog [None req-1e80f953-efe5-4baa-9914-47be5d0e0def 420cd27760f34920be6b26b13f4cadc3 09f9847f6c954d51aee4f7ccac8f7703 - - 32030298995a4f68b858402ad4c34d20 32030298995a4f68b858402ad4c34d20] 10.0.0.2 "DELETE /resource_providers/c56f2540-ca11-4dbc-bc05-30f85d4755f5" status: 404 len: 246 microversion: 1.1 [pid: 8|app: 0|req: 488/985] 10.0.0.2 () {34 vars in 823 bytes} [Thu Jun 25 23:37:01 2026] DELETE /resource_providers/c56f2540-ca11-4dbc-bc05-30f85d4755f5 => generated 246 bytes in 8 msecs (HTTP/1.1 404) 6 headers in 231 bytes (1 switches on core 0)
2026-06-25 23:37:01.681 7 INFO placement.requestlog [None req-a5841978-6fc9-4aec-998c-88e837ca8e63 420cd27760f34920be6b26b13f4cadc3 09f9847f6c954d51aee4f7ccac8f7703 - - 32030298995a4f68b858402ad4c34d20 32030298995a4f68b858402ad4c34d20] 10.0.0.2 "DELETE /resource_providers/c56f2540-ca11-4dbc-bc05-30f85d4755f5" status: 404 len: 246 microversion: 1.1 [pid: 7|app: 0|req: 498/986] 10.0.0.2 () {34 vars in 823 bytes} [Thu Jun 25 23:37:01 2026] DELETE /resource_providers/c56f2540-ca11-4dbc-bc05-30f85d4755f5 => generated 246 bytes in 17 msecs (HTTP/1.1 404) 6 headers in 231 bytes (1 switches on core 0)
2026-06-25 23:37:06.108 7 INFO placement.requestlog [None req-5babedae-2607-4748-a8e9-6e7d5e35d568 420cd27760f34920be6b26b13f4cadc3 09f9847f6c954d51aee4f7ccac8f7703 - - 32030298995a4f68b858402ad4c34d20 32030298995a4f68b858402ad4c34d20] 10.0.0.2 "GET /resource_providers/d26fc65b-dbb3-4fe9-9328-7b366a868671/aggregates" status: 404 len: 235 microversion: 1.1 [pid: 7|app: 0|req: 499/987] 10.0.0.2 () {32 vars in 823 bytes} [Thu Jun 25 23:37:06 2026] GET /resource_providers/d26fc65b-dbb3-4fe9-9328-7b366a868671/aggregates => generated 235 bytes in 9 msecs (HTTP/1.1 404) 5 headers in 202 bytes (1 switches on core 0)
2026-06-25 23:37:06.108 8 INFO placement.requestlog [None req-ff3b1a4f-096c-47b3-8f65-56b10725f77b 420cd27760f34920be6b26b13f4cadc3 09f9847f6c954d51aee4f7ccac8f7703 - - 32030298995a4f68b858402ad4c34d20 32030298995a4f68b858402ad4c34d20] 10.0.0.2 "GET /resource_providers/d26fc65b-dbb3-4fe9-9328-7b366a868671/aggregates" status: 404 len: 235 microversion: 1.1 [pid: 8|app: 0|req: 489/988] 10.0.0.2 () {32 vars in 823 bytes} [Thu Jun 25 23:37:06 2026] GET /resource_providers/d26fc65b-dbb3-4fe9-9328-7b366a868671/aggregates => generated 235 bytes in 14 msecs (HTTP/1.1 404) 5 headers in 202 bytes (1 switches on core 0)
2026-06-25 23:37:06.133 8 INFO placement.requestlog [None req-4e964690-f1f3-4230-8d08-e668c369fc2a 420cd27760f34920be6b26b13f4cadc3 09f9847f6c954d51aee4f7ccac8f7703 - - 32030298995a4f68b858402ad4c34d20 32030298995a4f68b858402ad4c34d20] 10.0.0.2 "DELETE /resource_providers/d26fc65b-dbb3-4fe9-9328-7b366a868671" status: 404 len: 246 microversion: 1.1 [pid: 8|app: 0|req: 490/989] 10.0.0.2 () {34 vars in 823 bytes} [Thu Jun 25 23:37:06 2026] DELETE /resource_providers/d26fc65b-dbb3-4fe9-9328-7b366a868671 => generated 246 bytes in 12 msecs (HTTP/1.1 404) 6 headers in 231 bytes (1 switches on core 0)
2026-06-25 23:37:06.139 7 INFO placement.requestlog [None req-0e876437-5f48-4580-90b1-765c71bc7ecb 420cd27760f34920be6b26b13f4cadc3 09f9847f6c954d51aee4f7ccac8f7703 - - 32030298995a4f68b858402ad4c34d20 32030298995a4f68b858402ad4c34d20] 10.0.0.2 "DELETE /resource_providers/d26fc65b-dbb3-4fe9-9328-7b366a868671" status: 404 len: 246 microversion: 1.1 [pid: 7|app: 0|req: 500/990] 10.0.0.2 () {34 vars in 823 bytes} [Thu Jun 25 23:37:06 2026] DELETE /resource_providers/d26fc65b-dbb3-4fe9-9328-7b366a868671 => generated 246 bytes in 17 msecs (HTTP/1.1 404) 6 headers in 231 bytes (1 switches on core 0)
2026-06-25 23:37:08.555 8 INFO placement.requestlog [None req-c07a4024-2850-4b36-9786-8257e8ee29c0 - - - - - -] 10.0.0.165 "GET /" status: 200 len: 136 microversion: 1.0
2026-06-25 23:37:08.556 7 INFO placement.requestlog [None req-4246ddd4-bdcf-457f-affc-5f2193706d91 - - - - - -] 10.0.0.165 "GET /" status: 200 len: 136 microversion: 1.0
2026-06-25 23:37:08.681 8 INFO placement.requestlog [req-e5087d97-5f7b-430b-bf92-3e0249b0a848 req-14e4bdf9-56a8-40e8-be41-ae5a1e3faf68 6f35424e53614847913a8f4ed4f11fba 09f9847f6c954d51aee4f7ccac8f7703 - - 32030298995a4f68b858402ad4c34d20 32030298995a4f68b858402ad4c34d20] 10.0.0.252 "GET /allocation_candidates?limit=1000&resources=DISK_GB%3A1%2CMEMORY_MB%3A512%2CVCPU%3A1&root_required=%21COMPUTE_STATUS_DISABLED" status: 200 len: 2217 microversion: 1.36 [pid: 8|app: 0|req: 492/993] 10.0.0.252 () {34 vars in 1012 bytes} [Thu Jun 25 23:37:08 2026] GET /allocation_candidates?limit=1000&resources=DISK_GB%3A1%2CMEMORY_MB%3A512%2CVCPU%3A1&root_required=%21COMPUTE_STATUS_DISABLED => generated 2217 bytes in 42 msecs (HTTP/1.1 200) 8 headers in 297 bytes (1 switches on core 0)
2026-06-25 23:37:08.721 7 INFO placement.requestlog [req-e5087d97-5f7b-430b-bf92-3e0249b0a848 req-d0bcad2a-e7c1-454c-a6d0-45cf3a83d50f 6f35424e53614847913a8f4ed4f11fba 09f9847f6c954d51aee4f7ccac8f7703 - - 32030298995a4f68b858402ad4c34d20 32030298995a4f68b858402ad4c34d20] 10.0.0.252 "GET /allocations/a37c159f-1540-40b3-a38d-e2906ef866a7" status: 200 len: 19 microversion: 1.28 [pid: 7|app: 0|req: 502/994] 10.0.0.252 () {34 vars in 861 bytes} [Thu Jun 25 23:37:08 2026] GET /allocations/a37c159f-1540-40b3-a38d-e2906ef866a7 => generated 19 bytes in 13 msecs (HTTP/1.1 200) 8 headers in 295 bytes (1 switches on core 0)
2026-06-25 23:37:08.805 8 INFO placement.requestlog [req-e5087d97-5f7b-430b-bf92-3e0249b0a848 req-d6e88dd7-cac8-456e-8a85-17d3ba6c8c21 6f35424e53614847913a8f4ed4f11fba 09f9847f6c954d51aee4f7ccac8f7703 - - 32030298995a4f68b858402ad4c34d20 32030298995a4f68b858402ad4c34d20] 10.0.0.252 "PUT /allocations/a37c159f-1540-40b3-a38d-e2906ef866a7" status: 204 len: 0 microversion: 1.36 [pid: 8|app: 0|req: 493/995] 10.0.0.252 () {38 vars in 914 bytes} [Thu Jun 25 23:37:08 2026] PUT /allocations/a37c159f-1540-40b3-a38d-e2906ef866a7 => generated 0 bytes in 78 msecs (HTTP/1.1 204) 5 headers in 199 bytes (1 switches on core 0)
2026-06-25 23:37:09.045 7 INFO placement.requestlog [req-e5087d97-5f7b-430b-bf92-3e0249b0a848 req-26807180-d619-475c-b49b-29690561e4ea 6f35424e53614847913a8f4ed4f11fba 09f9847f6c954d51aee4f7ccac8f7703 - - 32030298995a4f68b858402ad4c34d20 32030298995a4f68b858402ad4c34d20] 199.19.213.157 "GET /allocations/a37c159f-1540-40b3-a38d-e2906ef866a7" status: 200 len: 258 microversion: 1.28 [pid: 7|app: 0|req: 503/996] 199.19.213.157 () {34 vars in 863 bytes} [Thu Jun 25 23:37:09 2026] GET /allocations/a37c159f-1540-40b3-a38d-e2906ef866a7 => generated 258 bytes in 14 msecs (HTTP/1.1 200) 8 headers in 296 bytes (1 switches on core 0)
2026-06-25 23:37:09.166 8 INFO placement.requestlog [req-e5087d97-5f7b-430b-bf92-3e0249b0a848 req-694ba4f4-549f-4c14-8789-525db762e896 6f35424e53614847913a8f4ed4f11fba 09f9847f6c954d51aee4f7ccac8f7703 - - 32030298995a4f68b858402ad4c34d20 32030298995a4f68b858402ad4c34d20] 199.19.213.157 "GET /resource_providers/c645f60b-3b54-4e2e-9264-0b8264d62cb8/allocations" status: 200 len: 153 microversion: 1.0 [pid: 8|app: 0|req: 494/997] 199.19.213.157 () {32 vars in 857 bytes} [Thu Jun 25 23:37:09 2026] GET /resource_providers/c645f60b-3b54-4e2e-9264-0b8264d62cb8/allocations => generated 153 bytes in 27 msecs (HTTP/1.1 200) 6 headers in 224 bytes (1 switches on core 0)
2026-06-25 23:37:09.190 7 INFO placement.requestlog [req-e5087d97-5f7b-430b-bf92-3e0249b0a848 req-e642aacb-1ee4-4c00-ba48-3fc4198b5d14 6f35424e53614847913a8f4ed4f11fba 09f9847f6c954d51aee4f7ccac8f7703 - - 32030298995a4f68b858402ad4c34d20 32030298995a4f68b858402ad4c34d20] 199.19.213.157 "GET /allocations/a37c159f-1540-40b3-a38d-e2906ef866a7" status: 200 len: 258 microversion: 1.28 [pid: 7|app: 0|req: 504/998] 199.19.213.157 () {34 vars in 863 bytes} [Thu Jun 25 23:37:09 2026] GET /allocations/a37c159f-1540-40b3-a38d-e2906ef866a7 => generated 258 bytes in 14 msecs (HTTP/1.1 200) 8 headers in 296 bytes (1 switches on core 0)
2026-06-25 23:37:16.500 7 INFO placement.requestlog [None req-bcb86a2a-d71f-4c9f-8d8f-576df27c2531 420cd27760f34920be6b26b13f4cadc3 09f9847f6c954d51aee4f7ccac8f7703 - - 32030298995a4f68b858402ad4c34d20 32030298995a4f68b858402ad4c34d20] 10.0.0.2 "GET /resource_providers/57c5be0b-9179-48f0-9cba-47358769027e/aggregates" status: 404 len: 235 microversion: 1.1 [pid: 7|app: 0|req: 505/999] 10.0.0.2 () {32 vars in 823 bytes} [Thu Jun 25 23:37:16 2026] GET /resource_providers/57c5be0b-9179-48f0-9cba-47358769027e/aggregates => generated 235 bytes in 18 msecs (HTTP/1.1 404) 5 headers in 202 bytes (1 switches on core 0)
2026-06-25 23:37:16.509 8 INFO placement.requestlog [None req-a9e18b06-ff4f-45d6-a55b-0b8b5b4138e1 420cd27760f34920be6b26b13f4cadc3 09f9847f6c954d51aee4f7ccac8f7703 - - 32030298995a4f68b858402ad4c34d20 32030298995a4f68b858402ad4c34d20] 10.0.0.2 "GET /resource_providers/57c5be0b-9179-48f0-9cba-47358769027e/aggregates" status: 404 len: 235 microversion: 1.1 [pid: 8|app: 0|req: 495/1000] 10.0.0.2 () {32 vars in 823 bytes} [Thu Jun 25 23:37:16 2026] GET /resource_providers/57c5be0b-9179-48f0-9cba-47358769027e/aggregates => generated 235 bytes in 25 msecs (HTTP/1.1 404) 5 headers in 202 bytes (1 switches on core 0)
2026-06-25 23:37:16.541 7 INFO placement.requestlog [None req-33489c59-ecbf-4526-930c-9d830a656e16 420cd27760f34920be6b26b13f4cadc3 09f9847f6c954d51aee4f7ccac8f7703 - - 32030298995a4f68b858402ad4c34d20 32030298995a4f68b858402ad4c34d20] 10.0.0.2 "DELETE /resource_providers/57c5be0b-9179-48f0-9cba-47358769027e" status: 404 len: 246 microversion: 1.1 [pid: 7|app: 0|req: 506/1001] 10.0.0.2 () {34 vars in 823 bytes} [Thu Jun 25 23:37:16 2026] DELETE /resource_providers/57c5be0b-9179-48f0-9cba-47358769027e => generated 246 bytes in 13 msecs (HTTP/1.1 404) 6 headers in 231 bytes (1 switches on core 0)
2026-06-25 23:37:16.541 8 INFO placement.requestlog [None req-d803fb17-5936-4ff0-b875-a96ec0006306 420cd27760f34920be6b26b13f4cadc3 09f9847f6c954d51aee4f7ccac8f7703 - - 32030298995a4f68b858402ad4c34d20 32030298995a4f68b858402ad4c34d20] 10.0.0.2 "DELETE /resource_providers/57c5be0b-9179-48f0-9cba-47358769027e" status: 404 len: 246 microversion: 1.1 [pid: 8|app: 0|req: 496/1002] 10.0.0.2 () {34 vars in 823 bytes} [Thu Jun 25 23:37:16 2026] DELETE /resource_providers/57c5be0b-9179-48f0-9cba-47358769027e => generated 246 bytes in 14 msecs (HTTP/1.1 404) 6 headers in 231 bytes (1 switches on core 0)
2026-06-25 23:37:17.473 7 INFO placement.requestlog [None req-e0dbb922-9161-4c1e-b4a3-c7af8949dab6 420cd27760f34920be6b26b13f4cadc3 09f9847f6c954d51aee4f7ccac8f7703 - - 32030298995a4f68b858402ad4c34d20 32030298995a4f68b858402ad4c34d20] 10.0.0.2 "GET /resource_providers/f70458c0-8b5a-4249-9ab6-cb20bacf88e2/aggregates" status: 404 len: 235 microversion: 1.1 [pid: 7|app: 0|req: 507/1003] 10.0.0.2 () {32 vars in 823 bytes} [Thu Jun 25 23:37:17 2026] GET /resource_providers/f70458c0-8b5a-4249-9ab6-cb20bacf88e2/aggregates => generated 235 bytes in 10 msecs (HTTP/1.1 404) 5 headers in 202 bytes (1 switches on core 0)
2026-06-25 23:37:17.477 8 INFO placement.requestlog [None req-6ee84fa5-1769-47d0-a760-e6236bf23c6f 420cd27760f34920be6b26b13f4cadc3 09f9847f6c954d51aee4f7ccac8f7703 - - 32030298995a4f68b858402ad4c34d20 32030298995a4f68b858402ad4c34d20] 10.0.0.2 "GET /resource_providers/f70458c0-8b5a-4249-9ab6-cb20bacf88e2/aggregates" status: 404 len: 235 microversion: 1.1 [pid: 8|app: 0|req: 497/1004] 10.0.0.2 () {32 vars in 823 bytes} [Thu Jun 25 23:37:17 2026] GET /resource_providers/f70458c0-8b5a-4249-9ab6-cb20bacf88e2/aggregates => generated 235 bytes in 13 msecs (HTTP/1.1 404) 5 headers in 202 bytes (1 switches on core 0)
2026-06-25 23:37:17.492 7 INFO placement.requestlog [None req-a7037355-f1ef-4185-8919-d38e33abf4ea 420cd27760f34920be6b26b13f4cadc3 09f9847f6c954d51aee4f7ccac8f7703 - - 32030298995a4f68b858402ad4c34d20 32030298995a4f68b858402ad4c34d20] 10.0.0.2 "DELETE /resource_providers/f70458c0-8b5a-4249-9ab6-cb20bacf88e2" status: 404 len: 246 microversion: 1.1 [pid: 7|app: 0|req: 508/1005] 10.0.0.2 () {34 vars in 823 bytes} [Thu Jun 25 23:37:17 2026] DELETE /resource_providers/f70458c0-8b5a-4249-9ab6-cb20bacf88e2 => generated 246 bytes in 5 msecs (HTTP/1.1 404) 6 headers in 231 bytes (1 switches on core 0)
2026-06-25 23:37:17.524 8 INFO placement.requestlog [None req-4550a89e-e173-4bef-aafc-e245927a87f2 420cd27760f34920be6b26b13f4cadc3 09f9847f6c954d51aee4f7ccac8f7703 - - 32030298995a4f68b858402ad4c34d20 32030298995a4f68b858402ad4c34d20] 10.0.0.2 "DELETE /resource_providers/f70458c0-8b5a-4249-9ab6-cb20bacf88e2" status: 404 len: 246 microversion: 1.1 [pid: 8|app: 0|req: 498/1006] 10.0.0.2 () {34 vars in 823 bytes} [Thu Jun 25 23:37:17 2026] DELETE /resource_providers/f70458c0-8b5a-4249-9ab6-cb20bacf88e2 => generated 246 bytes in 21 msecs (HTTP/1.1 404) 6 headers in 231 bytes (1 switches on core 0)
2026-06-25 23:37:18.564 8 INFO placement.requestlog [None req-7e89f6cd-74e1-4b76-bc0f-6488e354cd25 420cd27760f34920be6b26b13f4cadc3 09f9847f6c954d51aee4f7ccac8f7703 - - 32030298995a4f68b858402ad4c34d20 32030298995a4f68b858402ad4c34d20] 10.0.0.2 "GET /resource_providers/c736b93d-eace-4f39-9c1d-9058d6b2e955/aggregates" status: 404 len: 235 microversion: 1.1 [pid: 8|app: 0|req: 499/1007] 10.0.0.2 () {32 vars in 823 bytes} [Thu Jun 25 23:37:18 2026] GET /resource_providers/c736b93d-eace-4f39-9c1d-9058d6b2e955/aggregates => generated 235 bytes in 12 msecs (HTTP/1.1 404) 5 headers in 202 bytes (1 switches on core 0)
2026-06-25 23:37:18.565 7 INFO placement.requestlog [None req-cf3cfd56-01a1-48f2-b172-5681ef4247bb 420cd27760f34920be6b26b13f4cadc3 09f9847f6c954d51aee4f7ccac8f7703 - - 32030298995a4f68b858402ad4c34d20 32030298995a4f68b858402ad4c34d20] 10.0.0.2 "GET /resource_providers/c736b93d-eace-4f39-9c1d-9058d6b2e955/aggregates" status: 404 len: 235 microversion: 1.1 [pid: 7|app: 0|req: 509/1008] 10.0.0.2 () {32 vars in 823 bytes} [Thu Jun 25 23:37:18 2026] GET /resource_providers/c736b93d-eace-4f39-9c1d-9058d6b2e955/aggregates => generated 235 bytes in 13 msecs (HTTP/1.1 404) 5 headers in 202 bytes (1 switches on core 0)
2026-06-25 23:37:18.566 8 INFO placement.requestlog [None req-bc7b9c52-beeb-48be-b98d-9f4e06cfe105 - - - - - -] 10.0.0.165 "GET /" status: 200 len: 136 microversion: 1.0
2026-06-25 23:37:18.566 7 INFO placement.requestlog [None req-556ce022-db33-4875-b37b-9a5245c9f3df - - - - - -] 10.0.0.165 "GET /" status: 200 len: 136 microversion: 1.0
2026-06-25 23:37:18.580 8 INFO placement.requestlog [None req-728abc87-57a9-4143-befe-db9f4cbd51db 420cd27760f34920be6b26b13f4cadc3 09f9847f6c954d51aee4f7ccac8f7703 - - 32030298995a4f68b858402ad4c34d20 32030298995a4f68b858402ad4c34d20] 10.0.0.2 "DELETE /resource_providers/c736b93d-eace-4f39-9c1d-9058d6b2e955" status: 404 len: 246 microversion: 1.1 [pid: 8|app: 0|req: 501/1011] 10.0.0.2 () {34 vars in 823 bytes} [Thu Jun 25 23:37:18 2026] DELETE /resource_providers/c736b93d-eace-4f39-9c1d-9058d6b2e955 => generated 246 bytes in 8 msecs (HTTP/1.1 404) 6 headers in 231 bytes (1 switches on core 0)
2026-06-25 23:37:18.582 7 INFO placement.requestlog [None req-f4c77cd8-60f3-4d85-8b80-464e8e8a968f 420cd27760f34920be6b26b13f4cadc3 09f9847f6c954d51aee4f7ccac8f7703 - - 32030298995a4f68b858402ad4c34d20 32030298995a4f68b858402ad4c34d20] 10.0.0.2 "DELETE /resource_providers/c736b93d-eace-4f39-9c1d-9058d6b2e955" status: 404 len: 246 microversion: 1.1 [pid: 7|app: 0|req: 511/1012] 10.0.0.2 () {34 vars in 823 bytes} [Thu Jun 25 23:37:18 2026] DELETE /resource_providers/c736b93d-eace-4f39-9c1d-9058d6b2e955 => generated 246 bytes in 9 msecs (HTTP/1.1 404) 6 headers in 231 bytes (1 switches on core 0)
2026-06-25 23:37:18.597 8 INFO placement.requestlog [None req-1ce63c47-4e02-4d33-8e04-fa536c4ac3a4 420cd27760f34920be6b26b13f4cadc3 09f9847f6c954d51aee4f7ccac8f7703 - - 32030298995a4f68b858402ad4c34d20 32030298995a4f68b858402ad4c34d20] 10.0.0.2 "GET /resource_providers/7988da2a-fe47-47e7-89e5-f7fd72cfad7b/aggregates" status: 404 len: 235 microversion: 1.1
2026-06-25 23:37:18.597 7 INFO placement.requestlog [None req-39d84b24-4e69-4e43-86de-c75dac70f8a9 420cd27760f34920be6b26b13f4cadc3 09f9847f6c954d51aee4f7ccac8f7703 - - 32030298995a4f68b858402ad4c34d20 32030298995a4f68b858402ad4c34d20] 10.0.0.2 "GET /resource_providers/7988da2a-fe47-47e7-89e5-f7fd72cfad7b/aggregates" status: 404 len: 235 microversion: 1.1 [pid: 7|app: 0|req: 512/1013] 10.0.0.2 () {32 vars in 823 bytes} [Thu Jun 25 23:37:18 2026] GET /resource_providers/7988da2a-fe47-47e7-89e5-f7fd72cfad7b/aggregates => generated 235 bytes in 7 msecs (HTTP/1.1 404) 5 headers in 202 bytes (1 switches on core 0) [pid: 8|app: 0|req: 502/1014] 10.0.0.2 () {32 vars in 823 bytes} [Thu Jun 25 23:37:18 2026] GET /resource_providers/7988da2a-fe47-47e7-89e5-f7fd72cfad7b/aggregates => generated 235 bytes in 9 msecs (HTTP/1.1 404) 5 headers in 202 bytes (1 switches on core 0)
2026-06-25 23:37:18.622 8 INFO placement.requestlog [None req-fb985b65-6214-4b2f-be09-0a6b96e596e9 420cd27760f34920be6b26b13f4cadc3 09f9847f6c954d51aee4f7ccac8f7703 - - 32030298995a4f68b858402ad4c34d20 32030298995a4f68b858402ad4c34d20] 10.0.0.2 "DELETE /resource_providers/7988da2a-fe47-47e7-89e5-f7fd72cfad7b" status: 404 len: 246 microversion: 1.1 [pid: 8|app: 0|req: 503/1015] 10.0.0.2 () {34 vars in 823 bytes} [Thu Jun 25 23:37:18 2026] DELETE /resource_providers/7988da2a-fe47-47e7-89e5-f7fd72cfad7b => generated 246 bytes in 7 msecs (HTTP/1.1 404) 6 headers in 231 bytes (1 switches on core 0)
2026-06-25 23:37:18.625 7 INFO placement.requestlog [None req-68715baa-f8ce-46bd-a966-339c55ffb5e5 420cd27760f34920be6b26b13f4cadc3 09f9847f6c954d51aee4f7ccac8f7703 - - 32030298995a4f68b858402ad4c34d20 32030298995a4f68b858402ad4c34d20] 10.0.0.2 "DELETE /resource_providers/7988da2a-fe47-47e7-89e5-f7fd72cfad7b" status: 404 len: 246 microversion: 1.1 [pid: 7|app: 0|req: 513/1016] 10.0.0.2 () {34 vars in 823 bytes} [Thu Jun 25 23:37:18 2026] DELETE /resource_providers/7988da2a-fe47-47e7-89e5-f7fd72cfad7b => generated 246 bytes in 11 msecs (HTTP/1.1 404) 6 headers in 231 bytes (1 switches on core 0)
2026-06-25 23:37:20.651 8 INFO placement.requestlog [None req-469c3140-6694-4bd3-9663-67daf787c043 420cd27760f34920be6b26b13f4cadc3 09f9847f6c954d51aee4f7ccac8f7703 - - 32030298995a4f68b858402ad4c34d20 32030298995a4f68b858402ad4c34d20] 10.0.0.2 "GET /resource_providers/c8c94628-948c-406c-a38d-84cc7dbdaf1f/aggregates" status: 404 len: 235 microversion: 1.1 [pid: 8|app: 0|req: 504/1017] 10.0.0.2 () {32 vars in 823 bytes} [Thu Jun 25 23:37:20 2026] GET /resource_providers/c8c94628-948c-406c-a38d-84cc7dbdaf1f/aggregates => generated 235 bytes in 13 msecs (HTTP/1.1 404) 5 headers in 202 bytes (1 switches on core 0)
2026-06-25 23:37:20.653 7 INFO placement.requestlog [None req-6029db16-3db1-48e2-abe7-eede9f409c41 420cd27760f34920be6b26b13f4cadc3 09f9847f6c954d51aee4f7ccac8f7703 - - 32030298995a4f68b858402ad4c34d20 32030298995a4f68b858402ad4c34d20] 10.0.0.2 "GET /resource_providers/c8c94628-948c-406c-a38d-84cc7dbdaf1f/aggregates" status: 404 len: 235 microversion: 1.1 [pid: 7|app: 0|req: 514/1018] 10.0.0.2 () {32 vars in 823 bytes} [Thu Jun 25 23:37:20 2026] GET /resource_providers/c8c94628-948c-406c-a38d-84cc7dbdaf1f/aggregates => generated 235 bytes in 13 msecs (HTTP/1.1 404) 5 headers in 202 bytes (1 switches on core 0)
2026-06-25 23:37:20.662 8 INFO placement.requestlog [None req-6ef5b1f4-835a-4e28-8ed4-cd93e2108f25 420cd27760f34920be6b26b13f4cadc3 09f9847f6c954d51aee4f7ccac8f7703 - - 32030298995a4f68b858402ad4c34d20 32030298995a4f68b858402ad4c34d20] 10.0.0.2 "DELETE /resource_providers/c8c94628-948c-406c-a38d-84cc7dbdaf1f" status: 404 len: 246 microversion: 1.1 [pid: 8|app: 0|req: 505/1019] 10.0.0.2 () {34 vars in 823 bytes} [Thu Jun 25 23:37:20 2026] DELETE /resource_providers/c8c94628-948c-406c-a38d-84cc7dbdaf1f => generated 246 bytes in 7 msecs (HTTP/1.1 404) 6 headers in 231 bytes (1 switches on core 0)
2026-06-25 23:37:20.668 7 INFO placement.requestlog [None req-26cfe942-b611-4aa1-a937-44d43fbd7c44 420cd27760f34920be6b26b13f4cadc3 09f9847f6c954d51aee4f7ccac8f7703 - - 32030298995a4f68b858402ad4c34d20 32030298995a4f68b858402ad4c34d20] 10.0.0.2 "DELETE /resource_providers/c8c94628-948c-406c-a38d-84cc7dbdaf1f" status: 404 len: 246 microversion: 1.1 [pid: 7|app: 0|req: 515/1020] 10.0.0.2 () {34 vars in 823 bytes} [Thu Jun 25 23:37:20 2026] DELETE /resource_providers/c8c94628-948c-406c-a38d-84cc7dbdaf1f => generated 246 bytes in 9 msecs (HTTP/1.1 404) 6 headers in 231 bytes (1 switches on core 0)
2026-06-25 23:37:20.673 8 INFO placement.requestlog [None req-ccb87786-40c0-4499-b746-af57374b0d54 420cd27760f34920be6b26b13f4cadc3 09f9847f6c954d51aee4f7ccac8f7703 - - 32030298995a4f68b858402ad4c34d20 32030298995a4f68b858402ad4c34d20] 10.0.0.2 "GET /resource_providers/b6b63042-690b-455e-884b-65efea107eaa/aggregates" status: 404 len: 235 microversion: 1.1 [pid: 8|app: 0|req: 506/1021] 10.0.0.2 () {32 vars in 823 bytes} [Thu Jun 25 23:37:20 2026] GET /resource_providers/b6b63042-690b-455e-884b-65efea107eaa/aggregates => generated 235 bytes in 7 msecs (HTTP/1.1 404) 5 headers in 202 bytes (1 switches on core 0)
2026-06-25 23:37:20.679 7 INFO placement.requestlog [None req-5b8a355d-c8c9-4241-9fbf-5fdbf6fa02e1 420cd27760f34920be6b26b13f4cadc3 09f9847f6c954d51aee4f7ccac8f7703 - - 32030298995a4f68b858402ad4c34d20 32030298995a4f68b858402ad4c34d20] 10.0.0.2 "GET /resource_providers/b6b63042-690b-455e-884b-65efea107eaa/aggregates" status: 404 len: 235 microversion: 1.1 [pid: 7|app: 0|req: 516/1022] 10.0.0.2 () {32 vars in 823 bytes} [Thu Jun 25 23:37:20 2026] GET /resource_providers/b6b63042-690b-455e-884b-65efea107eaa/aggregates => generated 235 bytes in 6 msecs (HTTP/1.1 404) 5 headers in 202 bytes (1 switches on core 0)
2026-06-25 23:37:20.696 7 INFO placement.requestlog [None req-8d93eb3d-23b0-48f0-b9b4-3d4a5cf42721 420cd27760f34920be6b26b13f4cadc3 09f9847f6c954d51aee4f7ccac8f7703 - - 32030298995a4f68b858402ad4c34d20 32030298995a4f68b858402ad4c34d20] 10.0.0.2 "DELETE /resource_providers/b6b63042-690b-455e-884b-65efea107eaa" status: 404 len: 246 microversion: 1.1 [pid: 7|app: 0|req: 517/1023] 10.0.0.2 () {34 vars in 823 bytes} [Thu Jun 25 23:37:20 2026] DELETE /resource_providers/b6b63042-690b-455e-884b-65efea107eaa => generated 246 bytes in 8 msecs (HTTP/1.1 404) 6 headers in 231 bytes (1 switches on core 0)
2026-06-25 23:37:20.700 8 INFO placement.requestlog [None req-40a75ab9-5c0f-416e-99c8-dfa749dc4c1f 420cd27760f34920be6b26b13f4cadc3 09f9847f6c954d51aee4f7ccac8f7703 - - 32030298995a4f68b858402ad4c34d20 32030298995a4f68b858402ad4c34d20] 10.0.0.2 "DELETE /resource_providers/b6b63042-690b-455e-884b-65efea107eaa" status: 404 len: 246 microversion: 1.1 [pid: 8|app: 0|req: 507/1024] 10.0.0.2 () {34 vars in 823 bytes} [Thu Jun 25 23:37:20 2026] DELETE /resource_providers/b6b63042-690b-455e-884b-65efea107eaa => generated 246 bytes in 13 msecs (HTTP/1.1 404) 6 headers in 231 bytes (1 switches on core 0)
2026-06-25 23:37:22.577 7 INFO placement.requestlog [req-bc3f2758-4e77-44ac-acd1-19d3621c1bc7 req-cd219919-46ac-4cba-8383-57dd71cab9fc 6f35424e53614847913a8f4ed4f11fba 09f9847f6c954d51aee4f7ccac8f7703 - - 32030298995a4f68b858402ad4c34d20 32030298995a4f68b858402ad4c34d20] 10.0.0.252 "GET /allocation_candidates?limit=1000&resources=DISK_GB%3A1%2CMEMORY_MB%3A512%2CVCPU%3A1&root_required=%21COMPUTE_STATUS_DISABLED" status: 200 len: 2219 microversion: 1.36 [pid: 7|app: 0|req: 518/1025] 10.0.0.252 () {34 vars in 1012 bytes} [Thu Jun 25 23:37:22 2026] GET /allocation_candidates?limit=1000&resources=DISK_GB%3A1%2CMEMORY_MB%3A512%2CVCPU%3A1&root_required=%21COMPUTE_STATUS_DISABLED => generated 2219 bytes in 62 msecs (HTTP/1.1 200) 8 headers in 297 bytes (1 switches on core 0)
2026-06-25 23:37:22.609 8 INFO placement.requestlog [req-bc3f2758-4e77-44ac-acd1-19d3621c1bc7 req-9e79a7f8-d0c8-409e-bcf9-923152e2c38d 6f35424e53614847913a8f4ed4f11fba 09f9847f6c954d51aee4f7ccac8f7703 - - 32030298995a4f68b858402ad4c34d20 32030298995a4f68b858402ad4c34d20] 10.0.0.252 "GET /allocations/ed2da6a5-211c-4354-8554-cde381f35ca9" status: 200 len: 19 microversion: 1.28 [pid: 8|app: 0|req: 508/1026] 10.0.0.252 () {34 vars in 861 bytes} [Thu Jun 25 23:37:22 2026] GET /allocations/ed2da6a5-211c-4354-8554-cde381f35ca9 => generated 19 bytes in 13 msecs (HTTP/1.1 200) 8 headers in 295 bytes (1 switches on core 0)
2026-06-25 23:37:22.673 7 INFO placement.requestlog [req-bc3f2758-4e77-44ac-acd1-19d3621c1bc7 req-7cbf3e8d-2f49-4949-bb59-f48f6fa04414 6f35424e53614847913a8f4ed4f11fba 09f9847f6c954d51aee4f7ccac8f7703 - - 32030298995a4f68b858402ad4c34d20 32030298995a4f68b858402ad4c34d20] 10.0.0.252 "PUT /allocations/ed2da6a5-211c-4354-8554-cde381f35ca9" status: 204 len: 0 microversion: 1.36 [pid: 7|app: 0|req: 519/1027] 10.0.0.252 () {38 vars in 914 bytes} [Thu Jun 25 23:37:22 2026] PUT /allocations/ed2da6a5-211c-4354-8554-cde381f35ca9 => generated 0 bytes in 58 msecs (HTTP/1.1 204) 5 headers in 199 bytes (1 switches on core 0)
2026-06-25 23:37:22.996 8 INFO placement.requestlog [req-bc3f2758-4e77-44ac-acd1-19d3621c1bc7 req-590ac0fd-3990-4417-b883-cd3269158921 6f35424e53614847913a8f4ed4f11fba 09f9847f6c954d51aee4f7ccac8f7703 - - 32030298995a4f68b858402ad4c34d20 32030298995a4f68b858402ad4c34d20] 199.19.213.157 "GET /allocations/ed2da6a5-211c-4354-8554-cde381f35ca9" status: 200 len: 258 microversion: 1.28 [pid: 8|app: 0|req: 509/1028] 199.19.213.157 () {34 vars in 863 bytes} [Thu Jun 25 23:37:22 2026] GET /allocations/ed2da6a5-211c-4354-8554-cde381f35ca9 => generated 258 bytes in 17 msecs (HTTP/1.1 200) 8 headers in 296 bytes (1 switches on core 0)
2026-06-25 23:37:23.114 7 INFO placement.requestlog [req-bc3f2758-4e77-44ac-acd1-19d3621c1bc7 req-b30c9660-d930-4df1-aaba-fa2ed4595919 6f35424e53614847913a8f4ed4f11fba 09f9847f6c954d51aee4f7ccac8f7703 - - 32030298995a4f68b858402ad4c34d20 32030298995a4f68b858402ad4c34d20] 199.19.213.157 "GET /resource_providers/c645f60b-3b54-4e2e-9264-0b8264d62cb8/allocations" status: 200 len: 253 microversion: 1.0 [pid: 7|app: 0|req: 520/1029] 199.19.213.157 () {32 vars in 857 bytes} [Thu Jun 25 23:37:23 2026] GET /resource_providers/c645f60b-3b54-4e2e-9264-0b8264d62cb8/allocations => generated 253 bytes in 21 msecs (HTTP/1.1 200) 6 headers in 224 bytes (1 switches on core 0)
2026-06-25 23:37:23.136 8 INFO placement.requestlog [req-bc3f2758-4e77-44ac-acd1-19d3621c1bc7 req-e6fdaebd-1e51-489f-9245-4cf62cfb1862 6f35424e53614847913a8f4ed4f11fba 09f9847f6c954d51aee4f7ccac8f7703 - - 32030298995a4f68b858402ad4c34d20 32030298995a4f68b858402ad4c34d20] 199.19.213.157 "GET /allocations/a37c159f-1540-40b3-a38d-e2906ef866a7" status: 200 len: 258 microversion: 1.28 [pid: 8|app: 0|req: 510/1030] 199.19.213.157 () {34 vars in 863 bytes} [Thu Jun 25 23:37:23 2026] GET /allocations/a37c159f-1540-40b3-a38d-e2906ef866a7 => generated 258 bytes in 15 msecs (HTTP/1.1 200) 8 headers in 296 bytes (1 switches on core 0)
2026-06-25 23:37:23.161 7 INFO placement.requestlog [req-bc3f2758-4e77-44ac-acd1-19d3621c1bc7 req-c654de09-b00e-4128-be78-9e449a718508 6f35424e53614847913a8f4ed4f11fba 09f9847f6c954d51aee4f7ccac8f7703 - - 32030298995a4f68b858402ad4c34d20 32030298995a4f68b858402ad4c34d20] 199.19.213.157 "GET /allocations/ed2da6a5-211c-4354-8554-cde381f35ca9" status: 200 len: 258 microversion: 1.28 [pid: 7|app: 0|req: 521/1031] 199.19.213.157 () {34 vars in 863 bytes} [Thu Jun 25 23:37:23 2026] GET /allocations/ed2da6a5-211c-4354-8554-cde381f35ca9 => generated 258 bytes in 15 msecs (HTTP/1.1 200) 8 headers in 296 bytes (1 switches on core 0)
2026-06-25 23:37:28.556 7 INFO placement.requestlog [None req-289e84ad-4585-4a3b-a6ee-0d96be4de633 - - - - - -] 10.0.0.165 "GET /" status: 200 len: 136 microversion: 1.0
2026-06-25 23:37:28.557 8 INFO placement.requestlog [None req-d763457b-21e4-4586-a914-0710d16dd154 - - - - - -] 10.0.0.165 "GET /" status: 200 len: 136 microversion: 1.0
2026-06-25 23:37:38.556 7 INFO placement.requestlog [None req-9fea98a0-3c00-454d-b1de-7b72a44f8dd4 - - - - - -] 10.0.0.165 "GET /" status: 200 len: 136 microversion: 1.0
2026-06-25 23:37:38.557 8 INFO placement.requestlog [None req-36ad8631-77b6-4461-ad09-bd6b1c1badb7 - - - - - -] 10.0.0.165 "GET /" status: 200 len: 136 microversion: 1.0
