2026-06-25 23:35:38.535 7 INFO placement.requestlog [req-f031fb76-5c19-4689-9766-a75fdf6763b3 req-2dc96d34-1ce4-4843-acfc-aeeab023bcb4 6f35424e53614847913a8f4ed4f11fba 09f9847f6c954d51aee4f7ccac8f7703 - - 32030298995a4f68b858402ad4c34d20 32030298995a4f68b858402ad4c34d20] 199.19.213.157 "GET /resource_providers/c645f60b-3b54-4e2e-9264-0b8264d62cb8/allocations" status: 200 len: 152 microversion: 1.0 [pid: 7|app: 0|req: 433/858] 199.19.213.157 () {32 vars in 857 bytes} [Thu Jun 25 23:35:38 2026] GET /resource_providers/c645f60b-3b54-4e2e-9264-0b8264d62cb8/allocations => generated 152 bytes in 21 msecs (HTTP/1.1 200) 6 headers in 224 bytes (1 switches on core 0)
2026-06-25 23:35:38.555 7 INFO placement.requestlog [None req-3980fef6-b2cb-46da-9001-74c7923cfa85 - - - - - -] 10.0.0.165 "GET /" status: 200 len: 136 microversion: 1.0
2026-06-25 23:35:38.556 7 INFO placement.requestlog [None req-ceafd4bc-2763-4dca-98e6-589a9847bde3 - - - - - -] 10.0.0.165 "GET /" status: 200 len: 136 microversion: 1.0
2026-06-25 23:35:38.560 8 INFO placement.requestlog [req-f031fb76-5c19-4689-9766-a75fdf6763b3 req-91930c0d-3f7c-4570-923a-b6afe0ff86b7 6f35424e53614847913a8f4ed4f11fba 09f9847f6c954d51aee4f7ccac8f7703 - - 32030298995a4f68b858402ad4c34d20 32030298995a4f68b858402ad4c34d20] 199.19.213.157 "GET /allocations/a1b83055-b09a-4e91-a607-585b6c2d478b" status: 200 len: 257 microversion: 1.28 [pid: 8|app: 0|req: 426/861] 199.19.213.157 () {34 vars in 863 bytes} [Thu Jun 25 23:35:38 2026] GET /allocations/a1b83055-b09a-4e91-a607-585b6c2d478b => generated 257 bytes in 17 msecs (HTTP/1.1 200) 8 headers in 296 bytes (1 switches on core 0)
2026-06-25 23:35:42.485 7 INFO placement.requestlog [req-71a01ce1-dfd8-46b4-a5e1-419e58fb910a req-ae7142fb-9572-4acb-bbbf-1d199517c9f6 6f35424e53614847913a8f4ed4f11fba 09f9847f6c954d51aee4f7ccac8f7703 - - 32030298995a4f68b858402ad4c34d20 32030298995a4f68b858402ad4c34d20] 10.0.0.252 "GET /allocation_candidates?limit=1000&resources=DISK_GB%3A1%2CMEMORY_MB%3A512%2CVCPU%3A1&root_required=%21COMPUTE_STATUS_DISABLED" status: 200 len: 2219 microversion: 1.36 [pid: 7|app: 0|req: 436/862] 10.0.0.252 () {34 vars in 1012 bytes} [Thu Jun 25 23:35:42 2026] GET /allocation_candidates?limit=1000&resources=DISK_GB%3A1%2CMEMORY_MB%3A512%2CVCPU%3A1&root_required=%21COMPUTE_STATUS_DISABLED => generated 2219 bytes in 59 msecs (HTTP/1.1 200) 8 headers in 297 bytes (1 switches on core 0)
2026-06-25 23:35:42.527 8 INFO placement.requestlog [req-71a01ce1-dfd8-46b4-a5e1-419e58fb910a req-fcc6b488-138d-4673-aee2-60710af1d4ce 6f35424e53614847913a8f4ed4f11fba 09f9847f6c954d51aee4f7ccac8f7703 - - 32030298995a4f68b858402ad4c34d20 32030298995a4f68b858402ad4c34d20] 10.0.0.252 "GET /allocations/d09a5850-d3cd-4f49-a4cf-9cb931e49437" status: 200 len: 19 microversion: 1.28 [pid: 8|app: 0|req: 427/863] 10.0.0.252 () {34 vars in 861 bytes} [Thu Jun 25 23:35:42 2026] GET /allocations/d09a5850-d3cd-4f49-a4cf-9cb931e49437 => generated 19 bytes in 17 msecs (HTTP/1.1 200) 8 headers in 295 bytes (1 switches on core 0)
2026-06-25 23:35:42.615 7 INFO placement.requestlog [req-71a01ce1-dfd8-46b4-a5e1-419e58fb910a req-1df5d224-b26c-4de6-bf09-6e4f8e818c97 6f35424e53614847913a8f4ed4f11fba 09f9847f6c954d51aee4f7ccac8f7703 - - 32030298995a4f68b858402ad4c34d20 32030298995a4f68b858402ad4c34d20] 10.0.0.252 "PUT /allocations/d09a5850-d3cd-4f49-a4cf-9cb931e49437" status: 204 len: 0 microversion: 1.36 [pid: 7|app: 0|req: 437/864] 10.0.0.252 () {38 vars in 914 bytes} [Thu Jun 25 23:35:42 2026] PUT /allocations/d09a5850-d3cd-4f49-a4cf-9cb931e49437 => generated 0 bytes in 78 msecs (HTTP/1.1 204) 5 headers in 199 bytes (1 switches on core 0)
2026-06-25 23:35:42.930 8 INFO placement.requestlog [req-71a01ce1-dfd8-46b4-a5e1-419e58fb910a req-7760dc9e-9e85-4284-8e14-8537fe3d2291 6f35424e53614847913a8f4ed4f11fba 09f9847f6c954d51aee4f7ccac8f7703 - - 32030298995a4f68b858402ad4c34d20 32030298995a4f68b858402ad4c34d20] 199.19.213.157 "GET /allocations/d09a5850-d3cd-4f49-a4cf-9cb931e49437" status: 200 len: 258 microversion: 1.28 [pid: 8|app: 0|req: 428/865] 199.19.213.157 () {34 vars in 863 bytes} [Thu Jun 25 23:35:42 2026] GET /allocations/d09a5850-d3cd-4f49-a4cf-9cb931e49437 => generated 258 bytes in 15 msecs (HTTP/1.1 200) 8 headers in 296 bytes (1 switches on core 0)
2026-06-25 23:35:43.025 7 INFO placement.requestlog [req-71a01ce1-dfd8-46b4-a5e1-419e58fb910a req-b86793b1-286d-4975-8531-0215f2197b74 6f35424e53614847913a8f4ed4f11fba 09f9847f6c954d51aee4f7ccac8f7703 - - 32030298995a4f68b858402ad4c34d20 32030298995a4f68b858402ad4c34d20] 199.19.213.157 "GET /resource_providers/c645f60b-3b54-4e2e-9264-0b8264d62cb8/allocations" status: 200 len: 253 microversion: 1.0 [pid: 7|app: 0|req: 438/866] 199.19.213.157 () {32 vars in 857 bytes} [Thu Jun 25 23:35:43 2026] GET /resource_providers/c645f60b-3b54-4e2e-9264-0b8264d62cb8/allocations => generated 253 bytes in 19 msecs (HTTP/1.1 200) 6 headers in 224 bytes (1 switches on core 0)
2026-06-25 23:35:43.047 8 INFO placement.requestlog [req-71a01ce1-dfd8-46b4-a5e1-419e58fb910a req-439a798e-fe22-43d1-a1bb-b06b6571b6d1 6f35424e53614847913a8f4ed4f11fba 09f9847f6c954d51aee4f7ccac8f7703 - - 32030298995a4f68b858402ad4c34d20 32030298995a4f68b858402ad4c34d20] 199.19.213.157 "GET /allocations/a1b83055-b09a-4e91-a607-585b6c2d478b" status: 200 len: 258 microversion: 1.28 [pid: 8|app: 0|req: 429/867] 199.19.213.157 () {34 vars in 863 bytes} [Thu Jun 25 23:35:43 2026] GET /allocations/a1b83055-b09a-4e91-a607-585b6c2d478b => generated 258 bytes in 14 msecs (HTTP/1.1 200) 8 headers in 296 bytes (1 switches on core 0)
2026-06-25 23:35:43.077 7 INFO placement.requestlog [req-71a01ce1-dfd8-46b4-a5e1-419e58fb910a req-593f6b3a-b03e-493f-9e29-fc13fb8616d0 6f35424e53614847913a8f4ed4f11fba 09f9847f6c954d51aee4f7ccac8f7703 - - 32030298995a4f68b858402ad4c34d20 32030298995a4f68b858402ad4c34d20] 199.19.213.157 "GET /allocations/d09a5850-d3cd-4f49-a4cf-9cb931e49437" status: 200 len: 258 microversion: 1.28 [pid: 7|app: 0|req: 439/868] 199.19.213.157 () {34 vars in 863 bytes} [Thu Jun 25 23:35:43 2026] GET /allocations/d09a5850-d3cd-4f49-a4cf-9cb931e49437 => generated 258 bytes in 20 msecs (HTTP/1.1 200) 8 headers in 296 bytes (1 switches on core 0)
2026-06-25 23:35:43.861 7 INFO placement.requestlog [None req-b05dac80-b929-4983-957c-cbed17f6c5c6 420cd27760f34920be6b26b13f4cadc3 09f9847f6c954d51aee4f7ccac8f7703 - - 32030298995a4f68b858402ad4c34d20 32030298995a4f68b858402ad4c34d20] 10.0.0.2 "GET /resource_providers/1c39a0b5-7c36-4db0-b412-6953889ffdfc/aggregates" status: 404 len: 235 microversion: 1.1 [pid: 7|app: 0|req: 440/869] 10.0.0.2 () {32 vars in 823 bytes} [Thu Jun 25 23:35:43 2026] GET /resource_providers/1c39a0b5-7c36-4db0-b412-6953889ffdfc/aggregates => generated 235 bytes in 11 msecs (HTTP/1.1 404) 5 headers in 202 bytes (1 switches on core 0)
2026-06-25 23:35:43.869 8 INFO placement.requestlog [None req-c7d351ff-c167-458e-90dc-a28a91956876 420cd27760f34920be6b26b13f4cadc3 09f9847f6c954d51aee4f7ccac8f7703 - - 32030298995a4f68b858402ad4c34d20 32030298995a4f68b858402ad4c34d20] 10.0.0.2 "GET /resource_providers/1c39a0b5-7c36-4db0-b412-6953889ffdfc/aggregates" status: 404 len: 235 microversion: 1.1 [pid: 8|app: 0|req: 430/870] 10.0.0.2 () {32 vars in 823 bytes} [Thu Jun 25 23:35:43 2026] GET /resource_providers/1c39a0b5-7c36-4db0-b412-6953889ffdfc/aggregates => generated 235 bytes in 21 msecs (HTTP/1.1 404) 5 headers in 202 bytes (1 switches on core 0)
2026-06-25 23:35:43.881 7 INFO placement.requestlog [None req-9fa8f923-6bbf-4bb4-8960-3cb208464f16 420cd27760f34920be6b26b13f4cadc3 09f9847f6c954d51aee4f7ccac8f7703 - - 32030298995a4f68b858402ad4c34d20 32030298995a4f68b858402ad4c34d20] 10.0.0.2 "DELETE /resource_providers/1c39a0b5-7c36-4db0-b412-6953889ffdfc" status: 404 len: 246 microversion: 1.1 [pid: 7|app: 0|req: 441/871] 10.0.0.2 () {34 vars in 823 bytes} [Thu Jun 25 23:35:43 2026] DELETE /resource_providers/1c39a0b5-7c36-4db0-b412-6953889ffdfc => generated 246 bytes in 9 msecs (HTTP/1.1 404) 6 headers in 231 bytes (1 switches on core 0)
2026-06-25 23:35:43.890 8 INFO placement.requestlog [None req-aa36aa45-30af-4bf1-9176-533b7a6dba3d 420cd27760f34920be6b26b13f4cadc3 09f9847f6c954d51aee4f7ccac8f7703 - - 32030298995a4f68b858402ad4c34d20 32030298995a4f68b858402ad4c34d20] 10.0.0.2 "DELETE /resource_providers/1c39a0b5-7c36-4db0-b412-6953889ffdfc" status: 404 len: 246 microversion: 1.1 [pid: 8|app: 0|req: 431/872] 10.0.0.2 () {34 vars in 823 bytes} [Thu Jun 25 23:35:43 2026] DELETE /resource_providers/1c39a0b5-7c36-4db0-b412-6953889ffdfc => generated 246 bytes in 13 msecs (HTTP/1.1 404) 6 headers in 231 bytes (1 switches on core 0)
2026-06-25 23:35:46.561 7 INFO placement.requestlog [None req-a7267f14-f99c-4967-be65-0c4b091158ac 420cd27760f34920be6b26b13f4cadc3 09f9847f6c954d51aee4f7ccac8f7703 - - 32030298995a4f68b858402ad4c34d20 32030298995a4f68b858402ad4c34d20] 10.0.0.2 "GET /resource_providers/2413cb53-c45c-404b-8254-1210304592ab/aggregates" status: 404 len: 235 microversion: 1.1 [pid: 7|app: 0|req: 442/873] 10.0.0.2 () {32 vars in 823 bytes} [Thu Jun 25 23:35:46 2026] GET /resource_providers/2413cb53-c45c-404b-8254-1210304592ab/aggregates => generated 235 bytes in 16 msecs (HTTP/1.1 404) 5 headers in 202 bytes (1 switches on core 0)
2026-06-25 23:35:46.562 8 INFO placement.requestlog [None req-8a041659-f58d-457b-bded-6cf6ab273d76 420cd27760f34920be6b26b13f4cadc3 09f9847f6c954d51aee4f7ccac8f7703 - - 32030298995a4f68b858402ad4c34d20 32030298995a4f68b858402ad4c34d20] 10.0.0.2 "GET /resource_providers/2413cb53-c45c-404b-8254-1210304592ab/aggregates" status: 404 len: 235 microversion: 1.1 [pid: 8|app: 0|req: 432/874] 10.0.0.2 () {32 vars in 823 bytes} [Thu Jun 25 23:35:46 2026] GET /resource_providers/2413cb53-c45c-404b-8254-1210304592ab/aggregates => generated 235 bytes in 13 msecs (HTTP/1.1 404) 5 headers in 202 bytes (1 switches on core 0)
2026-06-25 23:35:46.583 8 INFO placement.requestlog [None req-e0ed641e-442c-4c68-9b4d-69b32e59fdaa 420cd27760f34920be6b26b13f4cadc3 09f9847f6c954d51aee4f7ccac8f7703 - - 32030298995a4f68b858402ad4c34d20 32030298995a4f68b858402ad4c34d20] 10.0.0.2 "DELETE /resource_providers/2413cb53-c45c-404b-8254-1210304592ab" status: 404 len: 246 microversion: 1.1 [pid: 8|app: 0|req: 433/875] 10.0.0.2 () {34 vars in 823 bytes} [Thu Jun 25 23:35:46 2026] DELETE /resource_providers/2413cb53-c45c-404b-8254-1210304592ab => generated 246 bytes in 9 msecs (HTTP/1.1 404) 6 headers in 231 bytes (1 switches on core 0)
2026-06-25 23:35:46.586 7 INFO placement.requestlog [None req-32e34636-6220-4753-b552-82b4ceeb4ccb 420cd27760f34920be6b26b13f4cadc3 09f9847f6c954d51aee4f7ccac8f7703 - - 32030298995a4f68b858402ad4c34d20 32030298995a4f68b858402ad4c34d20] 10.0.0.2 "DELETE /resource_providers/2413cb53-c45c-404b-8254-1210304592ab" status: 404 len: 246 microversion: 1.1 [pid: 7|app: 0|req: 443/876] 10.0.0.2 () {34 vars in 823 bytes} [Thu Jun 25 23:35:46 2026] DELETE /resource_providers/2413cb53-c45c-404b-8254-1210304592ab => generated 246 bytes in 11 msecs (HTTP/1.1 404) 6 headers in 231 bytes (1 switches on core 0)
2026-06-25 23:35:48.124 8 INFO placement.requestlog [req-f9c84fc5-7a58-467b-9f0c-4738960bb86f req-542a12e8-d90e-4c82-8206-f7bfda15a9c8 6f35424e53614847913a8f4ed4f11fba 09f9847f6c954d51aee4f7ccac8f7703 - - 32030298995a4f68b858402ad4c34d20 32030298995a4f68b858402ad4c34d20] 199.19.213.157 "GET /resource_providers/c645f60b-3b54-4e2e-9264-0b8264d62cb8/allocations" status: 200 len: 253 microversion: 1.0 [pid: 8|app: 0|req: 434/877] 199.19.213.157 () {32 vars in 857 bytes} [Thu Jun 25 23:35:47 2026] GET /resource_providers/c645f60b-3b54-4e2e-9264-0b8264d62cb8/allocations => generated 253 bytes in 161 msecs (HTTP/1.1 200) 6 headers in 224 bytes (1 switches on core 0)
2026-06-25 23:35:48.157 7 INFO placement.requestlog [req-f9c84fc5-7a58-467b-9f0c-4738960bb86f req-192bd953-001d-41c6-9b46-e3286bd73b83 6f35424e53614847913a8f4ed4f11fba 09f9847f6c954d51aee4f7ccac8f7703 - - 32030298995a4f68b858402ad4c34d20 32030298995a4f68b858402ad4c34d20] 199.19.213.157 "GET /resource_providers?in_tree=c645f60b-3b54-4e2e-9264-0b8264d62cb8" status: 200 len: 798 microversion: 1.14 [pid: 7|app: 0|req: 444/878] 199.19.213.157 () {34 vars in 892 bytes} [Thu Jun 25 23:35:48 2026] GET /resource_providers?in_tree=c645f60b-3b54-4e2e-9264-0b8264d62cb8 => generated 798 bytes in 21 msecs (HTTP/1.1 200) 6 headers in 225 bytes (1 switches on core 0)
2026-06-25 23:35:48.186 8 INFO placement.requestlog [req-f9c84fc5-7a58-467b-9f0c-4738960bb86f req-9747ac09-8845-414b-86d8-754632b25a83 6f35424e53614847913a8f4ed4f11fba 09f9847f6c954d51aee4f7ccac8f7703 - - 32030298995a4f68b858402ad4c34d20 32030298995a4f68b858402ad4c34d20] 199.19.213.157 "GET /resource_providers/c645f60b-3b54-4e2e-9264-0b8264d62cb8/inventories" status: 200 len: 401 microversion: 1.0 [pid: 8|app: 0|req: 435/879] 199.19.213.157 () {32 vars in 857 bytes} [Thu Jun 25 23:35:48 2026] GET /resource_providers/c645f60b-3b54-4e2e-9264-0b8264d62cb8/inventories => generated 401 bytes in 18 msecs (HTTP/1.1 200) 6 headers in 224 bytes (1 switches on core 0)
2026-06-25 23:35:48.218 7 INFO placement.requestlog [req-f9c84fc5-7a58-467b-9f0c-4738960bb86f req-fd825214-9d4c-42d6-85a9-4b869a19ca19 6f35424e53614847913a8f4ed4f11fba 09f9847f6c954d51aee4f7ccac8f7703 - - 32030298995a4f68b858402ad4c34d20 32030298995a4f68b858402ad4c34d20] 199.19.213.157 "GET /resource_providers/c645f60b-3b54-4e2e-9264-0b8264d62cb8/aggregates" status: 200 len: 54 microversion: 1.19 [pid: 7|app: 0|req: 445/880] 199.19.213.157 () {34 vars in 899 bytes} [Thu Jun 25 23:35:48 2026] GET /resource_providers/c645f60b-3b54-4e2e-9264-0b8264d62cb8/aggregates => generated 54 bytes in 25 msecs (HTTP/1.1 200) 8 headers in 295 bytes (1 switches on core 0)
2026-06-25 23:35:48.268 8 INFO placement.requestlog [req-f9c84fc5-7a58-467b-9f0c-4738960bb86f req-beb65334-f3d9-4e83-977c-7eec4c86e274 6f35424e53614847913a8f4ed4f11fba 09f9847f6c954d51aee4f7ccac8f7703 - - 32030298995a4f68b858402ad4c34d20 32030298995a4f68b858402ad4c34d20] 199.19.213.157 "GET /resource_providers/c645f60b-3b54-4e2e-9264-0b8264d62cb8/traits" status: 200 len: 1753 microversion: 1.6 [pid: 8|app: 0|req: 436/881] 199.19.213.157 () {34 vars in 890 bytes} [Thu Jun 25 23:35:48 2026] GET /resource_providers/c645f60b-3b54-4e2e-9264-0b8264d62cb8/traits => generated 1753 bytes in 41 msecs (HTTP/1.1 200) 6 headers in 225 bytes (1 switches on core 0)
2026-06-25 23:35:48.304 7 INFO placement.requestlog [req-f9c84fc5-7a58-467b-9f0c-4738960bb86f req-57e69be4-c2f2-460e-85f8-91abd1557ec9 6f35424e53614847913a8f4ed4f11fba 09f9847f6c954d51aee4f7ccac8f7703 - - 32030298995a4f68b858402ad4c34d20 32030298995a4f68b858402ad4c34d20] 199.19.213.157 "GET /resource_providers/c645f60b-3b54-4e2e-9264-0b8264d62cb8/allocations" status: 200 len: 253 microversion: 1.0 [pid: 7|app: 0|req: 446/882] 199.19.213.157 () {32 vars in 857 bytes} [Thu Jun 25 23:35:48 2026] GET /resource_providers/c645f60b-3b54-4e2e-9264-0b8264d62cb8/allocations => generated 253 bytes in 26 msecs (HTTP/1.1 200) 6 headers in 224 bytes (1 switches on core 0)
2026-06-25 23:35:48.329 8 INFO placement.requestlog [req-f9c84fc5-7a58-467b-9f0c-4738960bb86f req-c992b1d1-fcff-4d9b-9dd5-e5f1a918b425 6f35424e53614847913a8f4ed4f11fba 09f9847f6c954d51aee4f7ccac8f7703 - - 32030298995a4f68b858402ad4c34d20 32030298995a4f68b858402ad4c34d20] 199.19.213.157 "GET /allocations/a1b83055-b09a-4e91-a607-585b6c2d478b" status: 200 len: 258 microversion: 1.28 [pid: 8|app: 0|req: 437/883] 199.19.213.157 () {34 vars in 863 bytes} [Thu Jun 25 23:35:48 2026] GET /allocations/a1b83055-b09a-4e91-a607-585b6c2d478b => generated 258 bytes in 22 msecs (HTTP/1.1 200) 8 headers in 296 bytes (1 switches on core 0)
2026-06-25 23:35:48.359 7 INFO placement.requestlog [req-f9c84fc5-7a58-467b-9f0c-4738960bb86f req-b0beb692-bccd-42a3-9f21-9ab77a207aa3 6f35424e53614847913a8f4ed4f11fba 09f9847f6c954d51aee4f7ccac8f7703 - - 32030298995a4f68b858402ad4c34d20 32030298995a4f68b858402ad4c34d20] 199.19.213.157 "GET /allocations/d09a5850-d3cd-4f49-a4cf-9cb931e49437" status: 200 len: 258 microversion: 1.28 [pid: 7|app: 0|req: 447/884] 199.19.213.157 () {34 vars in 863 bytes} [Thu Jun 25 23:35:48 2026] GET /allocations/d09a5850-d3cd-4f49-a4cf-9cb931e49437 => generated 258 bytes in 22 msecs (HTTP/1.1 200) 8 headers in 296 bytes (1 switches on core 0)
2026-06-25 23:35:48.555 8 INFO placement.requestlog [None req-8215aecc-504b-44a8-9e00-21106f6f6abf - - - - - -] 10.0.0.165 "GET /" status: 200 len: 136 microversion: 1.0
2026-06-25 23:35:48.558 7 INFO placement.requestlog [None req-efe61aa7-9707-4a4d-b4b6-0035e04cee2b - - - - - -] 10.0.0.165 "GET /" status: 200 len: 136 microversion: 1.0
2026-06-25 23:35:50.077 8 INFO placement.requestlog [req-80ba95d2-6b24-43e5-abdf-8c19db75798c req-8dbe8df0-8ee9-4728-a5c1-94bd45b7d718 6f35424e53614847913a8f4ed4f11fba 09f9847f6c954d51aee4f7ccac8f7703 - - 32030298995a4f68b858402ad4c34d20 32030298995a4f68b858402ad4c34d20] 199.19.213.157 "GET /resource_providers/c645f60b-3b54-4e2e-9264-0b8264d62cb8/allocations" status: 200 len: 253 microversion: 1.0 [pid: 8|app: 0|req: 439/887] 199.19.213.157 () {32 vars in 857 bytes} [Thu Jun 25 23:35:50 2026] GET /resource_providers/c645f60b-3b54-4e2e-9264-0b8264d62cb8/allocations => generated 253 bytes in 21 msecs (HTTP/1.1 200) 6 headers in 224 bytes (1 switches on core 0)
2026-06-25 23:35:50.119 7 INFO placement.requestlog [req-80ba95d2-6b24-43e5-abdf-8c19db75798c req-b41f80cd-2ff7-4b48-b3a6-74f3040cf100 6f35424e53614847913a8f4ed4f11fba 09f9847f6c954d51aee4f7ccac8f7703 - - 32030298995a4f68b858402ad4c34d20 32030298995a4f68b858402ad4c34d20] 199.19.213.157 "GET /allocations/a1b83055-b09a-4e91-a607-585b6c2d478b" status: 200 len: 258 microversion: 1.28 [pid: 7|app: 0|req: 449/888] 199.19.213.157 () {34 vars in 863 bytes} [Thu Jun 25 23:35:50 2026] GET /allocations/a1b83055-b09a-4e91-a607-585b6c2d478b => generated 258 bytes in 36 msecs (HTTP/1.1 200) 8 headers in 296 bytes (1 switches on core 0)
2026-06-25 23:35:50.141 8 INFO placement.requestlog [req-80ba95d2-6b24-43e5-abdf-8c19db75798c req-c510e228-7d83-4521-8e90-68caff92b4c1 6f35424e53614847913a8f4ed4f11fba 09f9847f6c954d51aee4f7ccac8f7703 - - 32030298995a4f68b858402ad4c34d20 32030298995a4f68b858402ad4c34d20] 199.19.213.157 "GET /allocations/d09a5850-d3cd-4f49-a4cf-9cb931e49437" status: 200 len: 258 microversion: 1.28 [pid: 8|app: 0|req: 440/889] 199.19.213.157 () {34 vars in 863 bytes} [Thu Jun 25 23:35:50 2026] GET /allocations/d09a5850-d3cd-4f49-a4cf-9cb931e49437 => generated 258 bytes in 15 msecs (HTTP/1.1 200) 8 headers in 296 bytes (1 switches on core 0)
2026-06-25 23:35:50.220 7 INFO placement.requestlog [req-80ba95d2-6b24-43e5-abdf-8c19db75798c req-4a83b571-51a6-4423-950c-38b1809f6cff 6f35424e53614847913a8f4ed4f11fba 09f9847f6c954d51aee4f7ccac8f7703 - - 32030298995a4f68b858402ad4c34d20 32030298995a4f68b858402ad4c34d20] 199.19.213.157 "DELETE /allocations/d09a5850-d3cd-4f49-a4cf-9cb931e49437" status: 204 len: 0 microversion: 1.0 [pid: 7|app: 0|req: 450/890] 199.19.213.157 () {34 vars in 841 bytes} [Thu Jun 25 23:35:50 2026] DELETE /allocations/d09a5850-d3cd-4f49-a4cf-9cb931e49437 => generated 0 bytes in 27 msecs (HTTP/1.1 204) 5 headers in 198 bytes (1 switches on core 0)
2026-06-25 23:35:51.023 8 INFO placement.requestlog [None req-840231c0-3d7b-44cb-9291-32f51b0ce154 420cd27760f34920be6b26b13f4cadc3 09f9847f6c954d51aee4f7ccac8f7703 - - 32030298995a4f68b858402ad4c34d20 32030298995a4f68b858402ad4c34d20] 10.0.0.2 "GET /resource_providers/d1942b90-e791-4bc3-99b7-0754a26f9a93/aggregates" status: 404 len: 235 microversion: 1.1 [pid: 8|app: 0|req: 441/891] 10.0.0.2 () {32 vars in 823 bytes} [Thu Jun 25 23:35:51 2026] GET /resource_providers/d1942b90-e791-4bc3-99b7-0754a26f9a93/aggregates => generated 235 bytes in 15 msecs (HTTP/1.1 404) 5 headers in 202 bytes (1 switches on core 0)
2026-06-25 23:35:51.024 7 INFO placement.requestlog [None req-d02c0c96-47bc-4506-957f-87faa23e8bef 420cd27760f34920be6b26b13f4cadc3 09f9847f6c954d51aee4f7ccac8f7703 - - 32030298995a4f68b858402ad4c34d20 32030298995a4f68b858402ad4c34d20] 10.0.0.2 "GET /resource_providers/d1942b90-e791-4bc3-99b7-0754a26f9a93/aggregates" status: 404 len: 235 microversion: 1.1 [pid: 7|app: 0|req: 451/892] 10.0.0.2 () {32 vars in 823 bytes} [Thu Jun 25 23:35:51 2026] GET /resource_providers/d1942b90-e791-4bc3-99b7-0754a26f9a93/aggregates => generated 235 bytes in 15 msecs (HTTP/1.1 404) 5 headers in 202 bytes (1 switches on core 0)
2026-06-25 23:35:51.052 7 INFO placement.requestlog [None req-cb29c25b-adf5-44ab-b02f-3fbc85a5b1ef 420cd27760f34920be6b26b13f4cadc3 09f9847f6c954d51aee4f7ccac8f7703 - - 32030298995a4f68b858402ad4c34d20 32030298995a4f68b858402ad4c34d20] 10.0.0.2 "DELETE /resource_providers/d1942b90-e791-4bc3-99b7-0754a26f9a93" status: 404 len: 246 microversion: 1.1 [pid: 7|app: 0|req: 452/893] 10.0.0.2 () {34 vars in 823 bytes} [Thu Jun 25 23:35:51 2026] DELETE /resource_providers/d1942b90-e791-4bc3-99b7-0754a26f9a93 => generated 246 bytes in 14 msecs (HTTP/1.1 404) 6 headers in 231 bytes (1 switches on core 0)
2026-06-25 23:35:51.053 8 INFO placement.requestlog [None req-ae8620b3-b804-4129-8f83-7e24110854c6 420cd27760f34920be6b26b13f4cadc3 09f9847f6c954d51aee4f7ccac8f7703 - - 32030298995a4f68b858402ad4c34d20 32030298995a4f68b858402ad4c34d20] 10.0.0.2 "DELETE /resource_providers/d1942b90-e791-4bc3-99b7-0754a26f9a93" status: 404 len: 246 microversion: 1.1 [pid: 8|app: 0|req: 442/894] 10.0.0.2 () {34 vars in 823 bytes} [Thu Jun 25 23:35:51 2026] DELETE /resource_providers/d1942b90-e791-4bc3-99b7-0754a26f9a93 => generated 246 bytes in 17 msecs (HTTP/1.1 404) 6 headers in 231 bytes (1 switches on core 0)
2026-06-25 23:35:55.200 8 INFO placement.requestlog [None req-34eea702-eec6-4c04-add9-e5299d8b85b9 420cd27760f34920be6b26b13f4cadc3 09f9847f6c954d51aee4f7ccac8f7703 - - 32030298995a4f68b858402ad4c34d20 32030298995a4f68b858402ad4c34d20] 10.0.0.2 "GET /resource_providers/75a90596-ceb9-4ffa-974d-2008a693979e/aggregates" status: 404 len: 235 microversion: 1.1
2026-06-25 23:35:55.200 7 INFO placement.requestlog [None req-dc14a062-4c00-4474-9960-35b79d287bcf 420cd27760f34920be6b26b13f4cadc3 09f9847f6c954d51aee4f7ccac8f7703 - - 32030298995a4f68b858402ad4c34d20 32030298995a4f68b858402ad4c34d20] 10.0.0.2 "GET /resource_providers/75a90596-ceb9-4ffa-974d-2008a693979e/aggregates" status: 404 len: 235 microversion: 1.1 [pid: 7|app: 0|req: 453/895] 10.0.0.2 () {32 vars in 823 bytes} [Thu Jun 25 23:35:55 2026] GET /resource_providers/75a90596-ceb9-4ffa-974d-2008a693979e/aggregates => generated 235 bytes in 14 msecs (HTTP/1.1 404) 5 headers in 202 bytes (1 switches on core 0) [pid: 8|app: 0|req: 443/896] 10.0.0.2 () {32 vars in 823 bytes} [Thu Jun 25 23:35:55 2026] GET /resource_providers/75a90596-ceb9-4ffa-974d-2008a693979e/aggregates => generated 235 bytes in 14 msecs (HTTP/1.1 404) 5 headers in 202 bytes (1 switches on core 0)
2026-06-25 23:35:55.218 8 INFO placement.requestlog [None req-dc8433f9-f249-4dc3-a421-54e0d3b0d7dd 420cd27760f34920be6b26b13f4cadc3 09f9847f6c954d51aee4f7ccac8f7703 - - 32030298995a4f68b858402ad4c34d20 32030298995a4f68b858402ad4c34d20] 10.0.0.2 "DELETE /resource_providers/75a90596-ceb9-4ffa-974d-2008a693979e" status: 404 len: 246 microversion: 1.1 [pid: 8|app: 0|req: 444/897] 10.0.0.2 () {34 vars in 823 bytes} [Thu Jun 25 23:35:55 2026] DELETE /resource_providers/75a90596-ceb9-4ffa-974d-2008a693979e => generated 246 bytes in 8 msecs (HTTP/1.1 404) 6 headers in 231 bytes (1 switches on core 0)
2026-06-25 23:35:55.221 7 INFO placement.requestlog [None req-051b81e4-fe68-43eb-b25e-cc22f45ce952 420cd27760f34920be6b26b13f4cadc3 09f9847f6c954d51aee4f7ccac8f7703 - - 32030298995a4f68b858402ad4c34d20 32030298995a4f68b858402ad4c34d20] 10.0.0.2 "DELETE /resource_providers/75a90596-ceb9-4ffa-974d-2008a693979e" status: 404 len: 246 microversion: 1.1 [pid: 7|app: 0|req: 454/898] 10.0.0.2 () {34 vars in 823 bytes} [Thu Jun 25 23:35:55 2026] DELETE /resource_providers/75a90596-ceb9-4ffa-974d-2008a693979e => generated 246 bytes in 12 msecs (HTTP/1.1 404) 6 headers in 231 bytes (1 switches on core 0)
2026-06-25 23:35:58.555 8 INFO placement.requestlog [None req-0850f8ef-2126-4a31-ae0e-b579b4073bf5 - - - - - -] 10.0.0.165 "GET /" status: 200 len: 136 microversion: 1.0
2026-06-25 23:35:58.556 7 INFO placement.requestlog [None req-f5ea02d2-c5a8-4a5e-875d-38e834be967f - - - - - -] 10.0.0.165 "GET /" status: 200 len: 136 microversion: 1.0
2026-06-25 23:36:04.832 8 INFO placement.requestlog [req-5ca9d196-2ae1-4765-8bbf-06b1bc8adf22 req-c2d1130c-9528-451a-bbaf-53f78e2bb773 6f35424e53614847913a8f4ed4f11fba 09f9847f6c954d51aee4f7ccac8f7703 - - 32030298995a4f68b858402ad4c34d20 32030298995a4f68b858402ad4c34d20] 10.0.0.252 "GET /allocation_candidates?limit=1000&resources=DISK_GB%3A1%2CMEMORY_MB%3A512%2CVCPU%3A1&root_required=%21COMPUTE_STATUS_DISABLED" status: 200 len: 2219 microversion: 1.36 [pid: 8|app: 0|req: 446/901] 10.0.0.252 () {34 vars in 1012 bytes} [Thu Jun 25 23:36:04 2026] GET /allocation_candidates?limit=1000&resources=DISK_GB%3A1%2CMEMORY_MB%3A512%2CVCPU%3A1&root_required=%21COMPUTE_STATUS_DISABLED => generated 2219 bytes in 41 msecs (HTTP/1.1 200) 8 headers in 297 bytes (1 switches on core 0)
2026-06-25 23:36:04.868 7 INFO placement.requestlog [req-5ca9d196-2ae1-4765-8bbf-06b1bc8adf22 req-8281a6cf-5cf5-4353-bfa0-32b7d0a02383 6f35424e53614847913a8f4ed4f11fba 09f9847f6c954d51aee4f7ccac8f7703 - - 32030298995a4f68b858402ad4c34d20 32030298995a4f68b858402ad4c34d20] 10.0.0.252 "GET /allocations/c84af70f-17d1-455d-9a2a-c4082936e9ae" status: 200 len: 19 microversion: 1.28 [pid: 7|app: 0|req: 456/902] 10.0.0.252 () {34 vars in 861 bytes} [Thu Jun 25 23:36:04 2026] GET /allocations/c84af70f-17d1-455d-9a2a-c4082936e9ae => generated 19 bytes in 16 msecs (HTTP/1.1 200) 8 headers in 295 bytes (1 switches on core 0)
2026-06-25 23:36:04.929 8 INFO placement.requestlog [req-5ca9d196-2ae1-4765-8bbf-06b1bc8adf22 req-9b092906-fcd7-4566-9ffd-3f968e74a869 6f35424e53614847913a8f4ed4f11fba 09f9847f6c954d51aee4f7ccac8f7703 - - 32030298995a4f68b858402ad4c34d20 32030298995a4f68b858402ad4c34d20] 10.0.0.252 "PUT /allocations/c84af70f-17d1-455d-9a2a-c4082936e9ae" status: 204 len: 0 microversion: 1.36 [pid: 8|app: 0|req: 447/903] 10.0.0.252 () {38 vars in 914 bytes} [Thu Jun 25 23:36:04 2026] PUT /allocations/c84af70f-17d1-455d-9a2a-c4082936e9ae => generated 0 bytes in 54 msecs (HTTP/1.1 204) 5 headers in 199 bytes (1 switches on core 0)
2026-06-25 23:36:05.216 7 INFO placement.requestlog [req-5ca9d196-2ae1-4765-8bbf-06b1bc8adf22 req-90325ece-466c-43d4-bf77-ee799923835b 6f35424e53614847913a8f4ed4f11fba 09f9847f6c954d51aee4f7ccac8f7703 - - 32030298995a4f68b858402ad4c34d20 32030298995a4f68b858402ad4c34d20] 199.19.213.157 "GET /allocations/c84af70f-17d1-455d-9a2a-c4082936e9ae" status: 200 len: 258 microversion: 1.28 [pid: 7|app: 0|req: 457/904] 199.19.213.157 () {34 vars in 863 bytes} [Thu Jun 25 23:36:05 2026] GET /allocations/c84af70f-17d1-455d-9a2a-c4082936e9ae => generated 258 bytes in 13 msecs (HTTP/1.1 200) 8 headers in 296 bytes (1 switches on core 0)
2026-06-25 23:36:05.337 8 INFO placement.requestlog [req-5ca9d196-2ae1-4765-8bbf-06b1bc8adf22 req-728b17dc-fa81-40b7-8303-75e4a68e8bf5 6f35424e53614847913a8f4ed4f11fba 09f9847f6c954d51aee4f7ccac8f7703 - - 32030298995a4f68b858402ad4c34d20 32030298995a4f68b858402ad4c34d20] 199.19.213.157 "GET /resource_providers/c645f60b-3b54-4e2e-9264-0b8264d62cb8/allocations" status: 200 len: 253 microversion: 1.0 [pid: 8|app: 0|req: 448/905] 199.19.213.157 () {32 vars in 857 bytes} [Thu Jun 25 23:36:05 2026] GET /resource_providers/c645f60b-3b54-4e2e-9264-0b8264d62cb8/allocations => generated 253 bytes in 21 msecs (HTTP/1.1 200) 6 headers in 224 bytes (1 switches on core 0)
2026-06-25 23:36:05.359 7 INFO placement.requestlog [req-5ca9d196-2ae1-4765-8bbf-06b1bc8adf22 req-9e2eedc7-9946-4d7f-b2c0-30ab30812bc7 6f35424e53614847913a8f4ed4f11fba 09f9847f6c954d51aee4f7ccac8f7703 - - 32030298995a4f68b858402ad4c34d20 32030298995a4f68b858402ad4c34d20] 199.19.213.157 "GET /allocations/a1b83055-b09a-4e91-a607-585b6c2d478b" status: 200 len: 258 microversion: 1.28 [pid: 7|app: 0|req: 458/906] 199.19.213.157 () {34 vars in 863 bytes} [Thu Jun 25 23:36:05 2026] GET /allocations/a1b83055-b09a-4e91-a607-585b6c2d478b => generated 258 bytes in 17 msecs (HTTP/1.1 200) 8 headers in 296 bytes (1 switches on core 0)
2026-06-25 23:36:05.384 8 INFO placement.requestlog [req-5ca9d196-2ae1-4765-8bbf-06b1bc8adf22 req-542fd861-9547-4501-8f9b-ce95b94846fd 6f35424e53614847913a8f4ed4f11fba 09f9847f6c954d51aee4f7ccac8f7703 - - 32030298995a4f68b858402ad4c34d20 32030298995a4f68b858402ad4c34d20] 199.19.213.157 "GET /allocations/c84af70f-17d1-455d-9a2a-c4082936e9ae" status: 200 len: 258 microversion: 1.28 [pid: 8|app: 0|req: 449/907] 199.19.213.157 () {34 vars in 863 bytes} [Thu Jun 25 23:36:05 2026] GET /allocations/c84af70f-17d1-455d-9a2a-c4082936e9ae => generated 258 bytes in 16 msecs (HTTP/1.1 200) 8 headers in 296 bytes (1 switches on core 0)
2026-06-25 23:36:08.558 7 INFO placement.requestlog [None req-f84b4bde-2ea0-4602-b5d5-2f38fe7a8401 - - - - - -] 10.0.0.165 "GET /" status: 200 len: 136 microversion: 1.0
2026-06-25 23:36:08.558 8 INFO placement.requestlog [None req-f8e61fef-e10c-4dae-a0b9-063e374f0fb2 - - - - - -] 10.0.0.165 "GET /" status: 200 len: 136 microversion: 1.0
2026-06-25 23:36:14.670 7 INFO placement.requestlog [None req-9ffc7116-030d-4351-9a0c-9f0b59061aca 420cd27760f34920be6b26b13f4cadc3 09f9847f6c954d51aee4f7ccac8f7703 - - 32030298995a4f68b858402ad4c34d20 32030298995a4f68b858402ad4c34d20] 10.0.0.2 "GET /resource_providers/138c3a8c-24ef-436d-b3cb-8681b8cb945b/aggregates" status: 404 len: 235 microversion: 1.1 [pid: 7|app: 0|req: 460/910] 10.0.0.2 () {32 vars in 823 bytes} [Thu Jun 25 23:36:14 2026] GET /resource_providers/138c3a8c-24ef-436d-b3cb-8681b8cb945b/aggregates => generated 235 bytes in 12 msecs (HTTP/1.1 404) 5 headers in 202 bytes (1 switches on core 0)
2026-06-25 23:36:14.674 8 INFO placement.requestlog [None req-4bf11bd7-d45c-43bc-839e-b3aeb4257f9e 420cd27760f34920be6b26b13f4cadc3 09f9847f6c954d51aee4f7ccac8f7703 - - 32030298995a4f68b858402ad4c34d20 32030298995a4f68b858402ad4c34d20] 10.0.0.2 "GET /resource_providers/138c3a8c-24ef-436d-b3cb-8681b8cb945b/aggregates" status: 404 len: 235 microversion: 1.1 [pid: 8|app: 0|req: 451/911] 10.0.0.2 () {32 vars in 823 bytes} [Thu Jun 25 23:36:14 2026] GET /resource_providers/138c3a8c-24ef-436d-b3cb-8681b8cb945b/aggregates => generated 235 bytes in 15 msecs (HTTP/1.1 404) 5 headers in 202 bytes (1 switches on core 0)
2026-06-25 23:36:14.688 7 INFO placement.requestlog [None req-f6f1564e-b24c-4218-afe1-05ebb9947bcf 420cd27760f34920be6b26b13f4cadc3 09f9847f6c954d51aee4f7ccac8f7703 - - 32030298995a4f68b858402ad4c34d20 32030298995a4f68b858402ad4c34d20] 10.0.0.2 "DELETE /resource_providers/138c3a8c-24ef-436d-b3cb-8681b8cb945b" status: 404 len: 246 microversion: 1.1 [pid: 7|app: 0|req: 461/912] 10.0.0.2 () {34 vars in 823 bytes} [Thu Jun 25 23:36:14 2026] DELETE /resource_providers/138c3a8c-24ef-436d-b3cb-8681b8cb945b => generated 246 bytes in 8 msecs (HTTP/1.1 404) 6 headers in 231 bytes (1 switches on core 0)
2026-06-25 23:36:14.692 8 INFO placement.requestlog [None req-4f730787-c797-4e4b-984d-d82fbbcd3f6b 420cd27760f34920be6b26b13f4cadc3 09f9847f6c954d51aee4f7ccac8f7703 - - 32030298995a4f68b858402ad4c34d20 32030298995a4f68b858402ad4c34d20] 10.0.0.2 "DELETE /resource_providers/138c3a8c-24ef-436d-b3cb-8681b8cb945b" status: 404 len: 246 microversion: 1.1 [pid: 8|app: 0|req: 452/913] 10.0.0.2 () {34 vars in 823 bytes} [Thu Jun 25 23:36:14 2026] DELETE /resource_providers/138c3a8c-24ef-436d-b3cb-8681b8cb945b => generated 246 bytes in 8 msecs (HTTP/1.1 404) 6 headers in 231 bytes (1 switches on core 0)
2026-06-25 23:36:15.527 7 INFO placement.requestlog [None req-78830525-73b7-474f-aa34-c302983e3c41 420cd27760f34920be6b26b13f4cadc3 09f9847f6c954d51aee4f7ccac8f7703 - - 32030298995a4f68b858402ad4c34d20 32030298995a4f68b858402ad4c34d20] 10.0.0.2 "GET /resource_providers/90f5bfc2-d697-45b9-ab9a-8d4792bbd9bd/aggregates" status: 404 len: 235 microversion: 1.1 [pid: 7|app: 0|req: 462/914] 10.0.0.2 () {32 vars in 823 bytes} [Thu Jun 25 23:36:15 2026] GET /resource_providers/90f5bfc2-d697-45b9-ab9a-8d4792bbd9bd/aggregates => generated 235 bytes in 11 msecs (HTTP/1.1 404) 5 headers in 202 bytes (1 switches on core 0)
2026-06-25 23:36:15.533 8 INFO placement.requestlog [None req-37406307-93de-4bab-b32f-19ee9a7e0636 420cd27760f34920be6b26b13f4cadc3 09f9847f6c954d51aee4f7ccac8f7703 - - 32030298995a4f68b858402ad4c34d20 32030298995a4f68b858402ad4c34d20] 10.0.0.2 "GET /resource_providers/90f5bfc2-d697-45b9-ab9a-8d4792bbd9bd/aggregates" status: 404 len: 235 microversion: 1.1 [pid: 8|app: 0|req: 453/915] 10.0.0.2 () {32 vars in 823 bytes} [Thu Jun 25 23:36:15 2026] GET /resource_providers/90f5bfc2-d697-45b9-ab9a-8d4792bbd9bd/aggregates => generated 235 bytes in 12 msecs (HTTP/1.1 404) 5 headers in 202 bytes (1 switches on core 0)
2026-06-25 23:36:15.559 8 INFO placement.requestlog [None req-f802ef8e-7ac0-4e74-830e-7906bff231e0 420cd27760f34920be6b26b13f4cadc3 09f9847f6c954d51aee4f7ccac8f7703 - - 32030298995a4f68b858402ad4c34d20 32030298995a4f68b858402ad4c34d20] 10.0.0.2 "DELETE /resource_providers/90f5bfc2-d697-45b9-ab9a-8d4792bbd9bd" status: 404 len: 246 microversion: 1.1 [pid: 8|app: 0|req: 454/916] 10.0.0.2 () {34 vars in 823 bytes} [Thu Jun 25 23:36:15 2026] DELETE /resource_providers/90f5bfc2-d697-45b9-ab9a-8d4792bbd9bd => generated 246 bytes in 8 msecs (HTTP/1.1 404) 6 headers in 231 bytes (1 switches on core 0)
2026-06-25 23:36:15.562 7 INFO placement.requestlog [None req-bf6e41dc-53de-49b5-b20e-21a257f85847 420cd27760f34920be6b26b13f4cadc3 09f9847f6c954d51aee4f7ccac8f7703 - - 32030298995a4f68b858402ad4c34d20 32030298995a4f68b858402ad4c34d20] 10.0.0.2 "DELETE /resource_providers/90f5bfc2-d697-45b9-ab9a-8d4792bbd9bd" status: 404 len: 246 microversion: 1.1 [pid: 7|app: 0|req: 463/917] 10.0.0.2 () {34 vars in 823 bytes} [Thu Jun 25 23:36:15 2026] DELETE /resource_providers/90f5bfc2-d697-45b9-ab9a-8d4792bbd9bd => generated 246 bytes in 14 msecs (HTTP/1.1 404) 6 headers in 231 bytes (1 switches on core 0)
2026-06-25 23:36:16.712 8 INFO placement.requestlog [None req-d8c63863-80ca-451e-b206-eaf4759a1fcc 420cd27760f34920be6b26b13f4cadc3 09f9847f6c954d51aee4f7ccac8f7703 - - 32030298995a4f68b858402ad4c34d20 32030298995a4f68b858402ad4c34d20] 10.0.0.2 "GET /resource_providers/3112c9bf-55d3-4f90-9558-aad29bb9d38f/aggregates" status: 404 len: 235 microversion: 1.1 [pid: 8|app: 0|req: 455/918] 10.0.0.2 () {32 vars in 823 bytes} [Thu Jun 25 23:36:16 2026] GET /resource_providers/3112c9bf-55d3-4f90-9558-aad29bb9d38f/aggregates => generated 235 bytes in 16 msecs (HTTP/1.1 404) 5 headers in 202 bytes (1 switches on core 0)
2026-06-25 23:36:16.716 7 INFO placement.requestlog [None req-c21ace63-11d4-4236-91d8-5e5d79b2f435 420cd27760f34920be6b26b13f4cadc3 09f9847f6c954d51aee4f7ccac8f7703 - - 32030298995a4f68b858402ad4c34d20 32030298995a4f68b858402ad4c34d20] 10.0.0.2 "GET /resource_providers/3112c9bf-55d3-4f90-9558-aad29bb9d38f/aggregates" status: 404 len: 235 microversion: 1.1 [pid: 7|app: 0|req: 464/919] 10.0.0.2 () {32 vars in 823 bytes} [Thu Jun 25 23:36:16 2026] GET /resource_providers/3112c9bf-55d3-4f90-9558-aad29bb9d38f/aggregates => generated 235 bytes in 16 msecs (HTTP/1.1 404) 5 headers in 202 bytes (1 switches on core 0)
2026-06-25 23:36:16.734 7 INFO placement.requestlog [None req-8e45012c-eb57-4ef0-96ed-97cca8c0b5f7 420cd27760f34920be6b26b13f4cadc3 09f9847f6c954d51aee4f7ccac8f7703 - - 32030298995a4f68b858402ad4c34d20 32030298995a4f68b858402ad4c34d20] 10.0.0.2 "DELETE /resource_providers/3112c9bf-55d3-4f90-9558-aad29bb9d38f" status: 404 len: 246 microversion: 1.1 [pid: 7|app: 0|req: 465/920] 10.0.0.2 () {34 vars in 823 bytes} [Thu Jun 25 23:36:16 2026] DELETE /resource_providers/3112c9bf-55d3-4f90-9558-aad29bb9d38f => generated 246 bytes in 11 msecs (HTTP/1.1 404) 6 headers in 231 bytes (1 switches on core 0)
2026-06-25 23:36:16.735 8 INFO placement.requestlog [None req-8293b173-52cf-4899-8578-006640885541 420cd27760f34920be6b26b13f4cadc3 09f9847f6c954d51aee4f7ccac8f7703 - - 32030298995a4f68b858402ad4c34d20 32030298995a4f68b858402ad4c34d20] 10.0.0.2 "DELETE /resource_providers/3112c9bf-55d3-4f90-9558-aad29bb9d38f" status: 404 len: 246 microversion: 1.1 [pid: 8|app: 0|req: 456/921] 10.0.0.2 () {34 vars in 823 bytes} [Thu Jun 25 23:36:16 2026] DELETE /resource_providers/3112c9bf-55d3-4f90-9558-aad29bb9d38f => generated 246 bytes in 12 msecs (HTTP/1.1 404) 6 headers in 231 bytes (1 switches on core 0)
2026-06-25 23:36:17.689 7 INFO placement.requestlog [None req-3d39bc0a-ba56-4097-a8a3-c70881aefcff 420cd27760f34920be6b26b13f4cadc3 09f9847f6c954d51aee4f7ccac8f7703 - - 32030298995a4f68b858402ad4c34d20 32030298995a4f68b858402ad4c34d20] 10.0.0.2 "GET /resource_providers/2568810c-5eda-43ba-828d-47e7eb786a24/aggregates" status: 404 len: 235 microversion: 1.1 [pid: 7|app: 0|req: 466/922] 10.0.0.2 () {32 vars in 823 bytes} [Thu Jun 25 23:36:17 2026] GET /resource_providers/2568810c-5eda-43ba-828d-47e7eb786a24/aggregates => generated 235 bytes in 14 msecs (HTTP/1.1 404) 5 headers in 202 bytes (1 switches on core 0)
2026-06-25 23:36:17.693 8 INFO placement.requestlog [None req-a276fc2b-6341-4d84-8ebe-88c751b05191 420cd27760f34920be6b26b13f4cadc3 09f9847f6c954d51aee4f7ccac8f7703 - - 32030298995a4f68b858402ad4c34d20 32030298995a4f68b858402ad4c34d20] 10.0.0.2 "GET /resource_providers/2568810c-5eda-43ba-828d-47e7eb786a24/aggregates" status: 404 len: 235 microversion: 1.1 [pid: 8|app: 0|req: 457/923] 10.0.0.2 () {32 vars in 823 bytes} [Thu Jun 25 23:36:17 2026] GET /resource_providers/2568810c-5eda-43ba-828d-47e7eb786a24/aggregates => generated 235 bytes in 19 msecs (HTTP/1.1 404) 5 headers in 202 bytes (1 switches on core 0)
2026-06-25 23:36:17.748 8 INFO placement.requestlog [None req-70c30acf-a2d0-4d75-91fc-5ba94f38fdf0 420cd27760f34920be6b26b13f4cadc3 09f9847f6c954d51aee4f7ccac8f7703 - - 32030298995a4f68b858402ad4c34d20 32030298995a4f68b858402ad4c34d20] 10.0.0.2 "DELETE /resource_providers/2568810c-5eda-43ba-828d-47e7eb786a24" status: 404 len: 246 microversion: 1.1 [pid: 8|app: 0|req: 458/924] 10.0.0.2 () {34 vars in 823 bytes} [Thu Jun 25 23:36:17 2026] DELETE /resource_providers/2568810c-5eda-43ba-828d-47e7eb786a24 => generated 246 bytes in 21 msecs (HTTP/1.1 404) 6 headers in 231 bytes (1 switches on core 0)
2026-06-25 23:36:17.750 7 INFO placement.requestlog [None req-c6054b7a-9950-41ae-925b-00045ffd9eb0 420cd27760f34920be6b26b13f4cadc3 09f9847f6c954d51aee4f7ccac8f7703 - - 32030298995a4f68b858402ad4c34d20 32030298995a4f68b858402ad4c34d20] 10.0.0.2 "DELETE /resource_providers/2568810c-5eda-43ba-828d-47e7eb786a24" status: 404 len: 246 microversion: 1.1 [pid: 7|app: 0|req: 467/925] 10.0.0.2 () {34 vars in 823 bytes} [Thu Jun 25 23:36:17 2026] DELETE /resource_providers/2568810c-5eda-43ba-828d-47e7eb786a24 => generated 246 bytes in 44 msecs (HTTP/1.1 404) 6 headers in 231 bytes (1 switches on core 0)
2026-06-25 23:36:18.555 7 INFO placement.requestlog [None req-e7c97081-b99b-437f-a180-93ec2fe94bb7 - - - - - -] 10.0.0.165 "GET /" status: 200 len: 136 microversion: 1.0
2026-06-25 23:36:18.556 8 INFO placement.requestlog [None req-212a02db-eb4c-4b89-bd64-6165b06db864 - - - - - -] 10.0.0.165 "GET /" status: 200 len: 136 microversion: 1.0
2026-06-25 23:36:18.758 7 INFO placement.requestlog [None req-c58fe28f-ae9e-4c59-9655-701649c4dcc9 420cd27760f34920be6b26b13f4cadc3 09f9847f6c954d51aee4f7ccac8f7703 - - 32030298995a4f68b858402ad4c34d20 32030298995a4f68b858402ad4c34d20] 10.0.0.2 "GET /resource_providers/43292ea2-ee6f-447e-a698-b917e6197a24/aggregates" status: 404 len: 235 microversion: 1.1 [pid: 7|app: 0|req: 469/928] 10.0.0.2 () {32 vars in 823 bytes} [Thu Jun 25 23:36:18 2026] GET /resource_providers/43292ea2-ee6f-447e-a698-b917e6197a24/aggregates => generated 235 bytes in 11 msecs (HTTP/1.1 404) 5 headers in 202 bytes (1 switches on core 0)
2026-06-25 23:36:18.763 8 INFO placement.requestlog [None req-b0e6c9bf-0006-4609-9d2b-4609b29ca6b3 420cd27760f34920be6b26b13f4cadc3 09f9847f6c954d51aee4f7ccac8f7703 - - 32030298995a4f68b858402ad4c34d20 32030298995a4f68b858402ad4c34d20] 10.0.0.2 "GET /resource_providers/43292ea2-ee6f-447e-a698-b917e6197a24/aggregates" status: 404 len: 235 microversion: 1.1 [pid: 8|app: 0|req: 460/929] 10.0.0.2 () {32 vars in 823 bytes} [Thu Jun 25 23:36:18 2026] GET /resource_providers/43292ea2-ee6f-447e-a698-b917e6197a24/aggregates => generated 235 bytes in 15 msecs (HTTP/1.1 404) 5 headers in 202 bytes (1 switches on core 0)
2026-06-25 23:36:18.771 7 INFO placement.requestlog [None req-8ee02dd0-de89-4c6c-8a6b-4574ef9b5c99 420cd27760f34920be6b26b13f4cadc3 09f9847f6c954d51aee4f7ccac8f7703 - - 32030298995a4f68b858402ad4c34d20 32030298995a4f68b858402ad4c34d20] 10.0.0.2 "DELETE /resource_providers/43292ea2-ee6f-447e-a698-b917e6197a24" status: 404 len: 246 microversion: 1.1 [pid: 7|app: 0|req: 470/930] 10.0.0.2 () {34 vars in 823 bytes} [Thu Jun 25 23:36:18 2026] DELETE /resource_providers/43292ea2-ee6f-447e-a698-b917e6197a24 => generated 246 bytes in 7 msecs (HTTP/1.1 404) 6 headers in 231 bytes (1 switches on core 0)
2026-06-25 23:36:18.779 8 INFO placement.requestlog [None req-525a36e1-8adc-4e27-a209-7610af5bbcf5 420cd27760f34920be6b26b13f4cadc3 09f9847f6c954d51aee4f7ccac8f7703 - - 32030298995a4f68b858402ad4c34d20 32030298995a4f68b858402ad4c34d20] 10.0.0.2 "DELETE /resource_providers/43292ea2-ee6f-447e-a698-b917e6197a24" status: 404 len: 246 microversion: 1.1 [pid: 8|app: 0|req: 461/931] 10.0.0.2 () {34 vars in 823 bytes} [Thu Jun 25 23:36:18 2026] DELETE /resource_providers/43292ea2-ee6f-447e-a698-b917e6197a24 => generated 246 bytes in 11 msecs (HTTP/1.1 404) 6 headers in 231 bytes (1 switches on core 0)
2026-06-25 23:36:21.723 7 INFO placement.requestlog [None req-8c906e64-22a4-4146-b29f-9ac043014f6a 420cd27760f34920be6b26b13f4cadc3 09f9847f6c954d51aee4f7ccac8f7703 - - 32030298995a4f68b858402ad4c34d20 32030298995a4f68b858402ad4c34d20] 10.0.0.2 "GET /resource_providers/05af8e4f-afd0-496a-ae49-8f4082e1ed48/aggregates" status: 404 len: 235 microversion: 1.1 [pid: 7|app: 0|req: 471/932] 10.0.0.2 () {32 vars in 823 bytes} [Thu Jun 25 23:36:21 2026] GET /resource_providers/05af8e4f-afd0-496a-ae49-8f4082e1ed48/aggregates => generated 235 bytes in 14 msecs (HTTP/1.1 404) 5 headers in 202 bytes (1 switches on core 0)
2026-06-25 23:36:21.725 8 INFO placement.requestlog [None req-776c1504-3561-422e-b44d-ed4fbabbb1dc 420cd27760f34920be6b26b13f4cadc3 09f9847f6c954d51aee4f7ccac8f7703 - - 32030298995a4f68b858402ad4c34d20 32030298995a4f68b858402ad4c34d20] 10.0.0.2 "GET /resource_providers/05af8e4f-afd0-496a-ae49-8f4082e1ed48/aggregates" status: 404 len: 235 microversion: 1.1 [pid: 8|app: 0|req: 462/933] 10.0.0.2 () {32 vars in 823 bytes} [Thu Jun 25 23:36:21 2026] GET /resource_providers/05af8e4f-afd0-496a-ae49-8f4082e1ed48/aggregates => generated 235 bytes in 14 msecs (HTTP/1.1 404) 5 headers in 202 bytes (1 switches on core 0)
2026-06-25 23:36:21.741 7 INFO placement.requestlog [None req-9ed2c2db-d265-4e6d-8402-d4bbdd442e25 420cd27760f34920be6b26b13f4cadc3 09f9847f6c954d51aee4f7ccac8f7703 - - 32030298995a4f68b858402ad4c34d20 32030298995a4f68b858402ad4c34d20] 10.0.0.2 "DELETE /resource_providers/05af8e4f-afd0-496a-ae49-8f4082e1ed48" status: 404 len: 246 microversion: 1.1 [pid: 7|app: 0|req: 472/934] 10.0.0.2 () {34 vars in 823 bytes} [Thu Jun 25 23:36:21 2026] DELETE /resource_providers/05af8e4f-afd0-496a-ae49-8f4082e1ed48 => generated 246 bytes in 8 msecs (HTTP/1.1 404) 6 headers in 231 bytes (1 switches on core 0)
2026-06-25 23:36:21.746 8 INFO placement.requestlog [None req-0a6edae0-daa1-4534-8022-158c34514173 420cd27760f34920be6b26b13f4cadc3 09f9847f6c954d51aee4f7ccac8f7703 - - 32030298995a4f68b858402ad4c34d20 32030298995a4f68b858402ad4c34d20] 10.0.0.2 "DELETE /resource_providers/05af8e4f-afd0-496a-ae49-8f4082e1ed48" status: 404 len: 246 microversion: 1.1 [pid: 8|app: 0|req: 463/935] 10.0.0.2 () {34 vars in 823 bytes} [Thu Jun 25 23:36:21 2026] DELETE /resource_providers/05af8e4f-afd0-496a-ae49-8f4082e1ed48 => generated 246 bytes in 9 msecs (HTTP/1.1 404) 6 headers in 231 bytes (1 switches on core 0)
2026-06-25 23:36:22.959 7 INFO placement.requestlog [None req-0d1e7070-6b2a-4e19-b57e-1426abd69f80 420cd27760f34920be6b26b13f4cadc3 09f9847f6c954d51aee4f7ccac8f7703 - - 32030298995a4f68b858402ad4c34d20 32030298995a4f68b858402ad4c34d20] 10.0.0.2 "GET /resource_providers/80f818c4-e80d-43f0-9676-36e549697dd3/aggregates" status: 404 len: 235 microversion: 1.1 [pid: 7|app: 0|req: 473/936] 10.0.0.2 () {32 vars in 823 bytes} [Thu Jun 25 23:36:22 2026] GET /resource_providers/80f818c4-e80d-43f0-9676-36e549697dd3/aggregates => generated 235 bytes in 11 msecs (HTTP/1.1 404) 5 headers in 202 bytes (1 switches on core 0)
2026-06-25 23:36:22.964 8 INFO placement.requestlog [None req-7568ab12-089c-4ef9-adf7-4f4ddef08f4b 420cd27760f34920be6b26b13f4cadc3 09f9847f6c954d51aee4f7ccac8f7703 - - 32030298995a4f68b858402ad4c34d20 32030298995a4f68b858402ad4c34d20] 10.0.0.2 "GET /resource_providers/80f818c4-e80d-43f0-9676-36e549697dd3/aggregates" status: 404 len: 235 microversion: 1.1 [pid: 8|app: 0|req: 464/937] 10.0.0.2 () {32 vars in 823 bytes} [Thu Jun 25 23:36:22 2026] GET /resource_providers/80f818c4-e80d-43f0-9676-36e549697dd3/aggregates => generated 235 bytes in 14 msecs (HTTP/1.1 404) 5 headers in 202 bytes (1 switches on core 0)
2026-06-25 23:36:22.980 7 INFO placement.requestlog [None req-5342bb8b-5a09-4cbf-815b-4fd9dc0d5cbe 420cd27760f34920be6b26b13f4cadc3 09f9847f6c954d51aee4f7ccac8f7703 - - 32030298995a4f68b858402ad4c34d20 32030298995a4f68b858402ad4c34d20] 10.0.0.2 "DELETE /resource_providers/80f818c4-e80d-43f0-9676-36e549697dd3" status: 404 len: 246 microversion: 1.1 [pid: 7|app: 0|req: 474/938] 10.0.0.2 () {34 vars in 823 bytes} [Thu Jun 25 23:36:22 2026] DELETE /resource_providers/80f818c4-e80d-43f0-9676-36e549697dd3 => generated 246 bytes in 8 msecs (HTTP/1.1 404) 6 headers in 231 bytes (1 switches on core 0)
2026-06-25 23:36:22.988 8 INFO placement.requestlog [None req-64a748e8-4a05-4535-bf75-14a33b50ebd3 420cd27760f34920be6b26b13f4cadc3 09f9847f6c954d51aee4f7ccac8f7703 - - 32030298995a4f68b858402ad4c34d20 32030298995a4f68b858402ad4c34d20] 10.0.0.2 "DELETE /resource_providers/80f818c4-e80d-43f0-9676-36e549697dd3" status: 404 len: 246 microversion: 1.1 [pid: 8|app: 0|req: 465/939] 10.0.0.2 () {34 vars in 823 bytes} [Thu Jun 25 23:36:22 2026] DELETE /resource_providers/80f818c4-e80d-43f0-9676-36e549697dd3 => generated 246 bytes in 11 msecs (HTTP/1.1 404) 6 headers in 231 bytes (1 switches on core 0)
2026-06-25 23:36:23.763 7 INFO placement.requestlog [None req-8e62d8aa-bfed-40c6-a444-28eca2cf71db 420cd27760f34920be6b26b13f4cadc3 09f9847f6c954d51aee4f7ccac8f7703 - - 32030298995a4f68b858402ad4c34d20 32030298995a4f68b858402ad4c34d20] 10.0.0.2 "GET /resource_providers/ba4c7f48-d43e-40ab-8e2e-adc66ab9d7ed/aggregates" status: 404 len: 235 microversion: 1.1 [pid: 7|app: 0|req: 475/940] 10.0.0.2 () {32 vars in 823 bytes} [Thu Jun 25 23:36:23 2026] GET /resource_providers/ba4c7f48-d43e-40ab-8e2e-adc66ab9d7ed/aggregates => generated 235 bytes in 10 msecs (HTTP/1.1 404) 5 headers in 202 bytes (1 switches on core 0)
2026-06-25 23:36:23.770 8 INFO placement.requestlog [None req-2ef0f326-961f-48f5-af2d-d5cd00b968ad 420cd27760f34920be6b26b13f4cadc3 09f9847f6c954d51aee4f7ccac8f7703 - - 32030298995a4f68b858402ad4c34d20 32030298995a4f68b858402ad4c34d20] 10.0.0.2 "GET /resource_providers/ba4c7f48-d43e-40ab-8e2e-adc66ab9d7ed/aggregates" status: 404 len: 235 microversion: 1.1 [pid: 8|app: 0|req: 466/941] 10.0.0.2 () {32 vars in 823 bytes} [Thu Jun 25 23:36:23 2026] GET /resource_providers/ba4c7f48-d43e-40ab-8e2e-adc66ab9d7ed/aggregates => generated 235 bytes in 17 msecs (HTTP/1.1 404) 5 headers in 202 bytes (1 switches on core 0)
2026-06-25 23:36:23.801 7 INFO placement.requestlog [None req-894084d1-69bc-4b50-bb09-50c2fa4cc8e1 420cd27760f34920be6b26b13f4cadc3 09f9847f6c954d51aee4f7ccac8f7703 - - 32030298995a4f68b858402ad4c34d20 32030298995a4f68b858402ad4c34d20] 10.0.0.2 "DELETE /resource_providers/ba4c7f48-d43e-40ab-8e2e-adc66ab9d7ed" status: 404 len: 246 microversion: 1.1 [pid: 7|app: 0|req: 476/942] 10.0.0.2 () {34 vars in 823 bytes} [Thu Jun 25 23:36:23 2026] DELETE /resource_providers/ba4c7f48-d43e-40ab-8e2e-adc66ab9d7ed => generated 246 bytes in 22 msecs (HTTP/1.1 404) 6 headers in 231 bytes (1 switches on core 0)
2026-06-25 23:36:23.810 8 INFO placement.requestlog [None req-1baba673-8a9a-41c7-a468-00909f860e2c 420cd27760f34920be6b26b13f4cadc3 09f9847f6c954d51aee4f7ccac8f7703 - - 32030298995a4f68b858402ad4c34d20 32030298995a4f68b858402ad4c34d20] 10.0.0.2 "DELETE /resource_providers/ba4c7f48-d43e-40ab-8e2e-adc66ab9d7ed" status: 404 len: 246 microversion: 1.1 [pid: 8|app: 0|req: 467/943] 10.0.0.2 () {34 vars in 823 bytes} [Thu Jun 25 23:36:23 2026] DELETE /resource_providers/ba4c7f48-d43e-40ab-8e2e-adc66ab9d7ed => generated 246 bytes in 13 msecs (HTTP/1.1 404) 6 headers in 231 bytes (1 switches on core 0)
2026-06-25 23:36:24.148 7 INFO placement.requestlog [req-ca959fca-d6a4-4bd8-ae4d-0af62a9ed4b6 req-d33f7456-b6ea-4abe-8b13-49cd9b9d1357 6f35424e53614847913a8f4ed4f11fba 09f9847f6c954d51aee4f7ccac8f7703 - - 32030298995a4f68b858402ad4c34d20 32030298995a4f68b858402ad4c34d20] 199.19.213.157 "GET /resource_providers/c645f60b-3b54-4e2e-9264-0b8264d62cb8/allocations" status: 200 len: 253 microversion: 1.0 [pid: 7|app: 0|req: 477/944] 199.19.213.157 () {32 vars in 857 bytes} [Thu Jun 25 23:36:24 2026] GET /resource_providers/c645f60b-3b54-4e2e-9264-0b8264d62cb8/allocations => generated 253 bytes in 21 msecs (HTTP/1.1 200) 6 headers in 224 bytes (1 switches on core 0)
