2026-06-25 23:36:07.451 9 WARNING neutron_lib.context [None req-78258cc3-d670-4caf-80c6-fbcbb284fed7 a3739eba7958404bacbe33194555bb6a fde290c90ec84a7cb91f3a259f20dc65 - - default default] Method 'is_advsvc' is deprecated since 2023.2 release (neutron-lib 3.8.0) and will be removed once support for the old RBAC API policies will be removed from Neutron. Please use method 'is_service_role' instead.
2026-06-25 23:36:07.492 10 INFO neutron.wsgi [req-5ca9d196-2ae1-4765-8bbf-06b1bc8adf22 req-3d223849-60b0-4d2d-bd50-8d5afb5e925f 420cd27760f34920be6b26b13f4cadc3 09f9847f6c954d51aee4f7ccac8f7703 - - 32030298995a4f68b858402ad4c34d20 32030298995a4f68b858402ad4c34d20] 199.19.213.157 "GET /v2.0/networks/56a4cafb-6303-492d-9d30-8fffe953efe7?fields=segments HTTP/1.1" status: 200 len: 212 time: 0.0769463
2026-06-25 23:36:07.564 10 INFO neutron.wsgi [req-5ca9d196-2ae1-4765-8bbf-06b1bc8adf22 req-8c9fe640-d659-4554-bd1c-0ab980007106 420cd27760f34920be6b26b13f4cadc3 09f9847f6c954d51aee4f7ccac8f7703 - - 32030298995a4f68b858402ad4c34d20 32030298995a4f68b858402ad4c34d20] 199.19.213.157 "GET /v2.0/networks/56a4cafb-6303-492d-9d30-8fffe953efe7?fields=provider%3Aphysical_network&fields=provider%3Anetwork_type HTTP/1.1" status: 200 len: 277 time: 0.0627317
2026-06-25 23:36:07.662 10 INFO neutron.wsgi [req-e6274c05-edae-4870-8b65-ba1e645a9523 req-eb91ecd1-e021-4b26-80fd-21ccf3aa7ca0 420cd27760f34920be6b26b13f4cadc3 09f9847f6c954d51aee4f7ccac8f7703 - - 32030298995a4f68b858402ad4c34d20 32030298995a4f68b858402ad4c34d20] 199.19.213.157 "GET /v2.0/ports?tenant_id=9261655c00ba4c4bb51817a1ad37b901&device_id=c84af70f-17d1-455d-9a2a-c4082936e9ae HTTP/1.1" status: 200 len: 1407 time: 0.0460775
2026-06-25 23:36:07.690 9 INFO neutron.wsgi [None req-78258cc3-d670-4caf-80c6-fbcbb284fed7 a3739eba7958404bacbe33194555bb6a fde290c90ec84a7cb91f3a259f20dc65 - - default default] 10.0.0.142 "POST /v2.0/trunks HTTP/1.1" status: 201 len: 608 time: 0.2449744
2026-06-25 23:36:07.703 9 WARNING neutron_lib.context [None req-b7a103fd-9ce7-43cd-b18d-924cfc41a7df a3739eba7958404bacbe33194555bb6a fde290c90ec84a7cb91f3a259f20dc65 - - default default] Method 'is_advsvc' is deprecated since 2023.2 release (neutron-lib 3.8.0) and will be removed once support for the old RBAC API policies will be removed from Neutron. Please use method 'is_service_role' instead.
2026-06-25 23:36:07.729 10 INFO neutron.wsgi [req-e6274c05-edae-4870-8b65-ba1e645a9523 req-fe6be29b-5dbe-48ad-a4c3-ec95f918b3d0 420cd27760f34920be6b26b13f4cadc3 09f9847f6c954d51aee4f7ccac8f7703 - - 32030298995a4f68b858402ad4c34d20 32030298995a4f68b858402ad4c34d20] 199.19.213.157 "GET /v2.0/networks?id=56a4cafb-6303-492d-9d30-8fffe953efe7 HTTP/1.1" status: 200 len: 959 time: 0.0615213
2026-06-25 23:36:07.767 10 INFO neutron.wsgi [req-e6274c05-edae-4870-8b65-ba1e645a9523 req-b7a606ae-94c9-4927-8277-699840ef800f 420cd27760f34920be6b26b13f4cadc3 09f9847f6c954d51aee4f7ccac8f7703 - - 32030298995a4f68b858402ad4c34d20 32030298995a4f68b858402ad4c34d20] 199.19.213.157 "GET /v2.0/floatingips?fixed_ip_address=10.100.0.9&port_id=346224d6-3afa-46d6-81d0-8d75ca32c201 HTTP/1.1" status: 200 len: 217 time: 0.0332165
2026-06-25 23:36:07.798 10 INFO neutron.plugins.ml2.drivers.ovn.mech_driver.mech_driver [None req-5102223b-5601-4f82-9a59-9d60c6d602c9 - - - - - -] OVN reports status up for port: 346224d6-3afa-46d6-81d0-8d75ca32c201
2026-06-25 23:36:07.806 9 INFO neutron.db.segments_db [None req-b7a103fd-9ce7-43cd-b18d-924cfc41a7df a3739eba7958404bacbe33194555bb6a fde290c90ec84a7cb91f3a259f20dc65 - - default default] Added segment 43292ea2-ee6f-447e-a698-b917e6197a24 of type geneve for network 5f2c573d-d53d-45b8-a1cc-5eb50d4f28d3
2026-06-25 23:36:07.815 10 INFO neutron.wsgi [req-e6274c05-edae-4870-8b65-ba1e645a9523 req-37a59027-5986-4666-a21f-0fcf3037e0fd 420cd27760f34920be6b26b13f4cadc3 09f9847f6c954d51aee4f7ccac8f7703 - - 32030298995a4f68b858402ad4c34d20 32030298995a4f68b858402ad4c34d20] 199.19.213.157 "GET /v2.0/subnets?id=a34999ef-6f15-4902-8b88-020dd826d626 HTTP/1.1" status: 200 len: 852 time: 0.0419536
2026-06-25 23:36:07.816 10 INFO neutron.plugins.ml2.plugin [None req-5102223b-5601-4f82-9a59-9d60c6d602c9 - - - - - -] Attempt 1 to provision port 346224d6-3afa-46d6-81d0-8d75ca32c201
2026-06-25 23:36:07.851 10 INFO neutron.wsgi [req-e6274c05-edae-4870-8b65-ba1e645a9523 req-19bed184-62ea-42c6-b873-fb6b7a3199b1 420cd27760f34920be6b26b13f4cadc3 09f9847f6c954d51aee4f7ccac8f7703 - - 32030298995a4f68b858402ad4c34d20 32030298995a4f68b858402ad4c34d20] 199.19.213.157 "GET /v2.0/ports?network_id=56a4cafb-6303-492d-9d30-8fffe953efe7&device_owner=network%3Adhcp HTTP/1.1" status: 200 len: 210 time: 0.0263977
2026-06-25 23:36:07.950 10 INFO neutron.wsgi [req-e6274c05-edae-4870-8b65-ba1e645a9523 req-60845384-97c6-4e9d-9f44-e21f5bde5ce6 420cd27760f34920be6b26b13f4cadc3 09f9847f6c954d51aee4f7ccac8f7703 - - 32030298995a4f68b858402ad4c34d20 32030298995a4f68b858402ad4c34d20] 199.19.213.157 "GET /v2.0/networks/56a4cafb-6303-492d-9d30-8fffe953efe7?fields=segments HTTP/1.1" status: 200 len: 212 time: 0.0935180
2026-06-25 23:36:07.959 9 INFO neutron.db.ovn_revision_numbers_db [None req-b7a103fd-9ce7-43cd-b18d-924cfc41a7df a3739eba7958404bacbe33194555bb6a fde290c90ec84a7cb91f3a259f20dc65 - - default default] Successfully bumped revision number for resource 5f2c573d-d53d-45b8-a1cc-5eb50d4f28d3 (type: networks) to 1
2026-06-25 23:36:08.058 10 INFO neutron.wsgi [req-e6274c05-edae-4870-8b65-ba1e645a9523 req-830a9399-9f82-4982-b7cd-bed5e62aea23 420cd27760f34920be6b26b13f4cadc3 09f9847f6c954d51aee4f7ccac8f7703 - - 32030298995a4f68b858402ad4c34d20 32030298995a4f68b858402ad4c34d20] 199.19.213.157 "GET /v2.0/networks/56a4cafb-6303-492d-9d30-8fffe953efe7?fields=provider%3Aphysical_network&fields=provider%3Anetwork_type HTTP/1.1" status: 200 len: 277 time: 0.1025028
2026-06-25 23:36:08.146 9 WARNING neutron.scheduler.dhcp_agent_scheduler [None req-b7a103fd-9ce7-43cd-b18d-924cfc41a7df a3739eba7958404bacbe33194555bb6a fde290c90ec84a7cb91f3a259f20dc65 - - default default] No more DHCP agents
2026-06-25 23:36:08.147 9 WARNING neutron.api.rpc.agentnotifiers.dhcp_rpc_agent_api [None req-b7a103fd-9ce7-43cd-b18d-924cfc41a7df a3739eba7958404bacbe33194555bb6a fde290c90ec84a7cb91f3a259f20dc65 - - default default] Unable to schedule network 5f2c573d-d53d-45b8-a1cc-5eb50d4f28d3: no agents available; will retry on subsequent port and subnet creation events.
2026-06-25 23:36:08.220 10 INFO neutron.db.ovn_revision_numbers_db [None req-5102223b-5601-4f82-9a59-9d60c6d602c9 - - - - - -] Successfully bumped revision number for resource 346224d6-3afa-46d6-81d0-8d75ca32c201 (type: ports) to 4
2026-06-25 23:36:08.224 10 INFO neutron.wsgi [-] 10.0.0.165 "GET / HTTP/1.1" status: 200 len: 245 time: 0.0017533
2026-06-25 23:36:08.226 10 INFO neutron.wsgi [-] 10.0.0.165 "GET / HTTP/1.1" status: 200 len: 245 time: 0.0011845
2026-06-25 23:36:08.496 9 INFO neutron.wsgi [req-b02798a2-0254-46c3-a878-a7ab3a4b6c30 req-ebd1f230-e623-4218-acd7-1d645c54752d 6a09bfc23e924a26900b712bb5521d95 9261655c00ba4c4bb51817a1ad37b901 - - default default] 10.0.0.235 "GET /v2.0/ports?device_id=c84af70f-17d1-455d-9a2a-c4082936e9ae HTTP/1.1" status: 200 len: 1170 time: 0.0504911
2026-06-25 23:36:08.547 9 INFO neutron.db.ovn_revision_numbers_db [None req-b7a103fd-9ce7-43cd-b18d-924cfc41a7df a3739eba7958404bacbe33194555bb6a fde290c90ec84a7cb91f3a259f20dc65 - - default default] Successfully bumped revision number for resource 66a631b1-3390-4368-a910-a0137f93eb19 (type: ports) to 1
2026-06-25 23:36:08.569 9 INFO neutron.wsgi [req-b02798a2-0254-46c3-a878-a7ab3a4b6c30 req-72d4de90-915f-4d29-9bd1-46183996155f 6a09bfc23e924a26900b712bb5521d95 9261655c00ba4c4bb51817a1ad37b901 - - default default] 10.0.0.235 "GET /v2.0/security-groups?id=538a40e9-3f0d-4648-a936-b58f4328a452&fields=id&fields=name HTTP/1.1" status: 200 len: 312 time: 0.0492404
2026-06-25 23:36:08.573 9 INFO neutron.wsgi [None req-b7a103fd-9ce7-43cd-b18d-924cfc41a7df a3739eba7958404bacbe33194555bb6a fde290c90ec84a7cb91f3a259f20dc65 - - default default] 10.0.0.142 "POST /v2.0/networks HTTP/1.1" status: 201 len: 830 time: 0.8746533
2026-06-25 23:36:08.586 9 WARNING neutron_lib.context [None req-e8e718d6-d5d6-4e0c-82e9-03ee7790bf37 a3739eba7958404bacbe33194555bb6a fde290c90ec84a7cb91f3a259f20dc65 - - default default] Method 'is_advsvc' is deprecated since 2023.2 release (neutron-lib 3.8.0) and will be removed once support for the old RBAC API policies will be removed from Neutron. Please use method 'is_service_role' instead. /var/lib/openstack/lib/python3.10/site-packages/pycadf/identifier.py:71: UserWarning: Invalid uuid: neutron. To ensure interoperability, identifiers should be a valid uuid. warnings.warn(('Invalid uuid: %s. To ensure interoperability, '
2026-06-25 23:36:08.879 9 WARNING neutron.scheduler.dhcp_agent_scheduler [None req-e8e718d6-d5d6-4e0c-82e9-03ee7790bf37 a3739eba7958404bacbe33194555bb6a fde290c90ec84a7cb91f3a259f20dc65 - - default default] No more DHCP agents
2026-06-25 23:36:08.882 9 WARNING neutron.api.rpc.agentnotifiers.dhcp_rpc_agent_api [None req-e8e718d6-d5d6-4e0c-82e9-03ee7790bf37 a3739eba7958404bacbe33194555bb6a fde290c90ec84a7cb91f3a259f20dc65 - - default default] Unable to schedule network 5f2c573d-d53d-45b8-a1cc-5eb50d4f28d3: no agents available; will retry on subsequent port and subnet creation events.
2026-06-25 23:36:08.988 9 INFO neutron.db.ovn_revision_numbers_db [None req-e8e718d6-d5d6-4e0c-82e9-03ee7790bf37 a3739eba7958404bacbe33194555bb6a fde290c90ec84a7cb91f3a259f20dc65 - - default default] Successfully bumped revision number for resource b9f57fcd-e2bf-47a0-bc5a-fda1b7f31ad2 (type: ports) to 1
2026-06-25 23:36:09.016 9 INFO neutron.wsgi [None req-e8e718d6-d5d6-4e0c-82e9-03ee7790bf37 a3739eba7958404bacbe33194555bb6a fde290c90ec84a7cb91f3a259f20dc65 - - default default] 10.0.0.142 "POST /v2.0/ports HTTP/1.1" status: 201 len: 942 time: 0.4379082 /var/lib/openstack/lib/python3.10/site-packages/pycadf/identifier.py:71: UserWarning: Invalid uuid: neutron. To ensure interoperability, identifiers should be a valid uuid. warnings.warn(('Invalid uuid: %s. To ensure interoperability, '
2026-06-25 23:36:09.030 9 WARNING neutron_lib.context [None req-5ecd5b82-c973-4dca-ba47-e5b561d4df6a a3739eba7958404bacbe33194555bb6a fde290c90ec84a7cb91f3a259f20dc65 - - default default] Method 'is_advsvc' is deprecated since 2023.2 release (neutron-lib 3.8.0) and will be removed once support for the old RBAC API policies will be removed from Neutron. Please use method 'is_service_role' instead.
2026-06-25 23:36:09.043 10 INFO neutron.db.ovn_revision_numbers_db [None req-cecd7766-78f2-49ce-af33-e3d05135eced 24ec6474ecc044e2ae41c0deeced700c 67966b601ed3482bad44ef025a8e5458 - - default default] Successfully bumped revision number for resource e9971373-21c9-4830-b29a-5243b5e5c977 (type: security_groups) to 1
2026-06-25 23:36:09.056 10 INFO neutron.db.ovn_revision_numbers_db [None req-cecd7766-78f2-49ce-af33-e3d05135eced 24ec6474ecc044e2ae41c0deeced700c 67966b601ed3482bad44ef025a8e5458 - - default default] Successfully bumped revision number for resource 37338ab7-76e0-4d9a-80e7-ee1963d335a2 (type: security_group_rules) to 0
2026-06-25 23:36:09.079 10 INFO neutron.db.ovn_revision_numbers_db [None req-cecd7766-78f2-49ce-af33-e3d05135eced 24ec6474ecc044e2ae41c0deeced700c 67966b601ed3482bad44ef025a8e5458 - - default default] Successfully bumped revision number for resource 79a5d695-4c87-42ec-bd58-4e5cf92d442f (type: security_group_rules) to 0
2026-06-25 23:36:09.098 10 INFO neutron.db.ovn_revision_numbers_db [None req-cecd7766-78f2-49ce-af33-e3d05135eced 24ec6474ecc044e2ae41c0deeced700c 67966b601ed3482bad44ef025a8e5458 - - default default] Successfully bumped revision number for resource b48d9d78-d63c-477a-9f64-5b4afb45083f (type: security_group_rules) to 0
2026-06-25 23:36:09.115 10 INFO neutron.db.ovn_revision_numbers_db [None req-cecd7766-78f2-49ce-af33-e3d05135eced 24ec6474ecc044e2ae41c0deeced700c 67966b601ed3482bad44ef025a8e5458 - - default default] Successfully bumped revision number for resource b529c8e4-b60f-4889-be42-090e14d679ec (type: security_group_rules) to 0
2026-06-25 23:36:09.166 10 INFO neutron.db.segments_db [None req-cecd7766-78f2-49ce-af33-e3d05135eced 24ec6474ecc044e2ae41c0deeced700c 67966b601ed3482bad44ef025a8e5458 - - default default] Added segment c56f2540-ca11-4dbc-bc05-30f85d4755f5 of type geneve for network a4ee0eb0-2ef4-4480-9064-4d1887005c97
2026-06-25 23:36:09.218 9 INFO neutron.wsgi [None req-5ecd5b82-c973-4dca-ba47-e5b561d4df6a a3739eba7958404bacbe33194555bb6a fde290c90ec84a7cb91f3a259f20dc65 - - default default] 10.0.0.142 "POST /v2.0/trunks HTTP/1.1" status: 201 len: 608 time: 0.1929529
2026-06-25 23:36:09.268 9 INFO neutron.wsgi [None req-2f14962a-3e37-44b0-933d-10aa9fd407b6 a3739eba7958404bacbe33194555bb6a fde290c90ec84a7cb91f3a259f20dc65 - - default default] 10.0.0.142 "PUT /v2.0/trunks/b2a305c2-e7d9-437e-88e8-245219fdf16f/tags HTTP/1.1" status: 200 len: 210 time: 0.0428085
2026-06-25 23:36:09.309 9 INFO neutron.wsgi [None req-5e8a86ab-ac0e-42a8-b246-7780c7a97507 a3739eba7958404bacbe33194555bb6a fde290c90ec84a7cb91f3a259f20dc65 - - default default] 10.0.0.142 "PUT /v2.0/trunks/f4903e96-189d-4a87-bfea-d1c8ed60fa51/tags HTTP/1.1" status: 200 len: 218 time: 0.0375543
2026-06-25 23:36:09.323 10 INFO neutron.notifiers.nova [-] Nova event matching ['req-c4252156-dc69-4b5e-92f5-2cbce2ec614a'] response: {'server_uuid': 'c84af70f-17d1-455d-9a2a-c4082936e9ae', 'name': 'network-vif-plugged', 'status': 'completed', 'tag': '346224d6-3afa-46d6-81d0-8d75ca32c201', 'code': 200}
2026-06-25 23:36:09.323 10 INFO neutron.notifiers.nova [-] Nova event matching ['req-c4252156-dc69-4b5e-92f5-2cbce2ec614a'] response: {'server_uuid': 'c84af70f-17d1-455d-9a2a-c4082936e9ae', 'name': 'network-vif-plugged', 'status': 'completed', 'tag': '346224d6-3afa-46d6-81d0-8d75ca32c201', 'code': 200}
2026-06-25 23:36:09.333 10 INFO neutron.db.ovn_revision_numbers_db [None req-cecd7766-78f2-49ce-af33-e3d05135eced 24ec6474ecc044e2ae41c0deeced700c 67966b601ed3482bad44ef025a8e5458 - - default default] Successfully bumped revision number for resource a4ee0eb0-2ef4-4480-9064-4d1887005c97 (type: networks) to 1
2026-06-25 23:36:09.356 9 INFO neutron.wsgi [None req-9161abfc-317b-4454-8d2e-19172d4d7bf5 a3739eba7958404bacbe33194555bb6a fde290c90ec84a7cb91f3a259f20dc65 - - default default] 10.0.0.142 "PUT /v2.0/trunks/2859b7b7-18f2-49dc-80a1-f468f3c35567/tags HTTP/1.1" status: 200 len: 227 time: 0.0389044
2026-06-25 23:36:09.394 9 INFO neutron.wsgi [None req-f52885b8-55c8-4d51-9b80-0b43cfe79b2b a3739eba7958404bacbe33194555bb6a fde290c90ec84a7cb91f3a259f20dc65 - - default default] 10.0.0.142 "PUT /v2.0/trunks/090a280a-1bca-4206-9767-789e5b065fd4/tags HTTP/1.1" status: 200 len: 212 time: 0.0292807
2026-06-25 23:36:09.430 9 INFO neutron.wsgi [None req-dc809597-e8b3-40bb-bed3-62f9f0189075 a3739eba7958404bacbe33194555bb6a fde290c90ec84a7cb91f3a259f20dc65 - - default default] 10.0.0.142 "GET /v2.0/trunks?tags=red HTTP/1.1" status: 200 len: 1447 time: 0.0288842
2026-06-25 23:36:09.466 9 INFO neutron.wsgi [None req-756c107f-7cf1-4776-bb6f-71eff7d66970 a3739eba7958404bacbe33194555bb6a fde290c90ec84a7cb91f3a259f20dc65 - - default default] 10.0.0.142 "GET /v2.0/trunks?tags=red%2Cblue HTTP/1.1" status: 200 len: 1041 time: 0.0307975
2026-06-25 23:36:09.499 9 INFO neutron.wsgi [None req-c1e116ac-ff54-49f9-a660-7fb1a1433b54 a3739eba7958404bacbe33194555bb6a fde290c90ec84a7cb91f3a259f20dc65 - - default default] 10.0.0.142 "GET /v2.0/trunks?tags-any=blue HTTP/1.1" status: 200 len: 1041 time: 0.0241246
2026-06-25 23:36:09.530 9 INFO neutron.wsgi [None req-68530ef0-06c2-4747-8af4-a54b0a428d43 a3739eba7958404bacbe33194555bb6a fde290c90ec84a7cb91f3a259f20dc65 - - default default] 10.0.0.142 "GET /v2.0/trunks?tags-any=red%2Cblue HTTP/1.1" status: 200 len: 1447 time: 0.0239067
2026-06-25 23:36:09.555 10 WARNING neutron.scheduler.dhcp_agent_scheduler [None req-cecd7766-78f2-49ce-af33-e3d05135eced 24ec6474ecc044e2ae41c0deeced700c 67966b601ed3482bad44ef025a8e5458 - - default default] No more DHCP agents
2026-06-25 23:36:09.557 10 WARNING neutron.api.rpc.agentnotifiers.dhcp_rpc_agent_api [None req-cecd7766-78f2-49ce-af33-e3d05135eced 24ec6474ecc044e2ae41c0deeced700c 67966b601ed3482bad44ef025a8e5458 - - default default] Unable to schedule network a4ee0eb0-2ef4-4480-9064-4d1887005c97: no agents available; will retry on subsequent port and subnet creation events.
2026-06-25 23:36:09.561 9 INFO neutron.wsgi [None req-2cdc2039-c86c-4331-8bdc-9b7dc0998cd1 a3739eba7958404bacbe33194555bb6a fde290c90ec84a7cb91f3a259f20dc65 - - default default] 10.0.0.142 "GET /v2.0/trunks?not-tags=red HTTP/1.1" status: 200 len: 1013 time: 0.0240748
2026-06-25 23:36:09.605 10 INFO neutron.wsgi [None req-f322becd-c152-4c44-9851-184fac3f85db a3739eba7958404bacbe33194555bb6a fde290c90ec84a7cb91f3a259f20dc65 - - default default] 10.0.0.142 "GET /v2.0/trunks?not-tags=red%2Cblue HTTP/1.1" status: 200 len: 1419 time: 0.0391078
2026-06-25 23:36:09.652 10 INFO neutron.wsgi [None req-715b9200-23c5-4e90-9f4f-d91b00470310 a3739eba7958404bacbe33194555bb6a fde290c90ec84a7cb91f3a259f20dc65 - - default default] 10.0.0.142 "GET /v2.0/trunks?not-tags-any=blue HTTP/1.1" status: 200 len: 1419 time: 0.0389557
2026-06-25 23:36:09.672 10 INFO neutron.db.ovn_revision_numbers_db [None req-cecd7766-78f2-49ce-af33-e3d05135eced 24ec6474ecc044e2ae41c0deeced700c 67966b601ed3482bad44ef025a8e5458 - - default default] Successfully bumped revision number for resource 9181eff6-28f3-4b00-a787-3e47f34e81a8 (type: ports) to 1
2026-06-25 23:36:09.677 10 INFO neutron.wsgi [None req-f95160a3-71b8-469a-9651-773b6eb6ebc0 a3739eba7958404bacbe33194555bb6a fde290c90ec84a7cb91f3a259f20dc65 - - default default] 10.0.0.142 "GET /v2.0/trunks?not-tags-any=red%2Cblue HTTP/1.1" status: 200 len: 1013 time: 0.0193777
2026-06-25 23:36:09.697 10 INFO neutron.wsgi [None req-cecd7766-78f2-49ce-af33-e3d05135eced 24ec6474ecc044e2ae41c0deeced700c 67966b601ed3482bad44ef025a8e5458 - - default default] 10.0.0.142 "POST /v2.0/networks HTTP/1.1" status: 201 len: 942 time: 1.1116297
2026-06-25 23:36:09.698 9 INFO neutron.wsgi [req-21feb25d-c114-4593-bf97-51e09d90205c req-a92fba4a-08d1-43cf-ae78-9f8b3cf86567 6a09bfc23e924a26900b712bb5521d95 9261655c00ba4c4bb51817a1ad37b901 - - default default] 10.0.0.235 "GET /v2.0/ports?device_id=c84af70f-17d1-455d-9a2a-c4082936e9ae HTTP/1.1" status: 200 len: 1170 time: 0.0473728
2026-06-25 23:36:09.707 9 INFO neutron.wsgi [None req-d942ad21-2d63-41e0-a019-8367b6f77f6e a3739eba7958404bacbe33194555bb6a fde290c90ec84a7cb91f3a259f20dc65 - - default default] 10.0.0.142 "GET /v2.0/trunks/b2a305c2-e7d9-437e-88e8-245219fdf16f HTTP/1.1" status: 200 len: 608 time: 0.0225017
2026-06-25 23:36:09.744 9 INFO neutron.wsgi [req-21feb25d-c114-4593-bf97-51e09d90205c req-bb0cffc4-61de-4e6a-b694-6e2724c8f501 6a09bfc23e924a26900b712bb5521d95 9261655c00ba4c4bb51817a1ad37b901 - - default default] 10.0.0.235 "GET /v2.0/security-groups?id=538a40e9-3f0d-4648-a936-b58f4328a452&fields=id&fields=name HTTP/1.1" status: 200 len: 312 time: 0.0362799
2026-06-25 23:36:10.088 9 WARNING neutron_lib.context [None req-1827a684-7c19-4aba-bb68-2bfc69fc5a07 314112312c8b4200802587aa987c2ca6 30345bc2e98b45969fba0515bcd83bc5 - - default default] Method 'is_advsvc' is deprecated since 2023.2 release (neutron-lib 3.8.0) and will be removed once support for the old RBAC API policies will be removed from Neutron. Please use method 'is_service_role' instead.
2026-06-25 23:36:10.095 10 INFO neutron.wsgi [None req-129dd51e-36db-4699-badc-ab088404188e a3739eba7958404bacbe33194555bb6a fde290c90ec84a7cb91f3a259f20dc65 - - default default] 10.0.0.142 "GET /v2.0/ports/98c376d3-8857-4368-94d8-f1378f53d363 HTTP/1.1" status: 200 len: 1020 time: 0.3834209
2026-06-25 23:36:10.143 10 INFO neutron.wsgi [req-4f5a8851-195a-49b8-968b-359f569ad976 req-1f42f4eb-6fa2-46dd-addb-6e2da316eb39 6a09bfc23e924a26900b712bb5521d95 9261655c00ba4c4bb51817a1ad37b901 - - default default] 10.0.0.235 "GET /v2.0/ports?device_id=c84af70f-17d1-455d-9a2a-c4082936e9ae HTTP/1.1" status: 200 len: 1170 time: 0.1446636
2026-06-25 23:36:10.180 10 WARNING neutron.scheduler.dhcp_agent_scheduler [None req-586dffb5-5ff1-414e-a6d8-a30c663d8948 24ec6474ecc044e2ae41c0deeced700c 67966b601ed3482bad44ef025a8e5458 - - default default] No more DHCP agents
2026-06-25 23:36:10.183 10 WARNING neutron.api.rpc.agentnotifiers.dhcp_rpc_agent_api [None req-586dffb5-5ff1-414e-a6d8-a30c663d8948 24ec6474ecc044e2ae41c0deeced700c 67966b601ed3482bad44ef025a8e5458 - - default default] Unable to schedule network a4ee0eb0-2ef4-4480-9064-4d1887005c97: no agents available; will retry on subsequent port and subnet creation events.
2026-06-25 23:36:10.209 10 INFO neutron.wsgi [req-4f5a8851-195a-49b8-968b-359f569ad976 req-e1581617-a826-4584-9bcd-08f4cdd0061d 6a09bfc23e924a26900b712bb5521d95 9261655c00ba4c4bb51817a1ad37b901 - - default default] 10.0.0.235 "GET /v2.0/security-groups?id=538a40e9-3f0d-4648-a936-b58f4328a452&fields=id&fields=name HTTP/1.1" status: 200 len: 312 time: 0.0567448
2026-06-25 23:36:10.224 9 INFO neutron.wsgi [None req-7a3c1541-e8ee-44e6-9266-822ea46e2a1b a3739eba7958404bacbe33194555bb6a fde290c90ec84a7cb91f3a259f20dc65 - - default default] 10.0.0.142 "DELETE /v2.0/trunks/b2a305c2-e7d9-437e-88e8-245219fdf16f HTTP/1.1" status: 204 len: 168 time: 0.1233380
2026-06-25 23:36:10.257 10 INFO neutron.wsgi [None req-e5aca3dd-819f-4668-9ebf-e1294e8a2126 a3739eba7958404bacbe33194555bb6a fde290c90ec84a7cb91f3a259f20dc65 - - default default] 10.0.0.142 "GET /v2.0/trunks/f4903e96-189d-4a87-bfea-d1c8ed60fa51 HTTP/1.1" status: 200 len: 616 time: 0.0199089
2026-06-25 23:36:10.287 9 INFO neutron.wsgi [None req-e367adb9-9148-471a-93dc-74c1aca8a8e1 7182dafdcd10484ba28efb8a1ddf7c78 d68a6758c8c042bba6b21312b01b0e04 - - default default] 10.0.0.142 "GET /v2.0/ports?device_id=c84af70f-17d1-455d-9a2a-c4082936e9ae HTTP/1.1" status: 200 len: 1404 time: 0.0466290
2026-06-25 23:36:10.296 9 INFO neutron.db.ovn_revision_numbers_db [None req-1827a684-7c19-4aba-bb68-2bfc69fc5a07 314112312c8b4200802587aa987c2ca6 30345bc2e98b45969fba0515bcd83bc5 - - default default] Successfully bumped revision number for resource 26e74f52-10b4-4194-b3b0-1a2ff3e8bc12 (type: security_groups) to 1
2026-06-25 23:36:10.322 9 INFO neutron.db.ovn_revision_numbers_db [None req-1827a684-7c19-4aba-bb68-2bfc69fc5a07 314112312c8b4200802587aa987c2ca6 30345bc2e98b45969fba0515bcd83bc5 - - default default] Successfully bumped revision number for resource 451e5833-0ecd-4d05-a5b6-d879fb6fd79d (type: security_group_rules) to 0
2026-06-25 23:36:10.352 9 INFO neutron.db.ovn_revision_numbers_db [None req-1827a684-7c19-4aba-bb68-2bfc69fc5a07 314112312c8b4200802587aa987c2ca6 30345bc2e98b45969fba0515bcd83bc5 - - default default] Successfully bumped revision number for resource 94650493-7896-472e-862a-845393152b50 (type: security_group_rules) to 0
2026-06-25 23:36:10.372 9 INFO neutron.db.ovn_revision_numbers_db [None req-1827a684-7c19-4aba-bb68-2bfc69fc5a07 314112312c8b4200802587aa987c2ca6 30345bc2e98b45969fba0515bcd83bc5 - - default default] Successfully bumped revision number for resource f1026cfa-ae63-49da-92ac-b697bcebedd4 (type: security_group_rules) to 0
2026-06-25 23:36:10.374 10 INFO neutron.wsgi [None req-8011f9cf-904c-417e-a1e2-064c4ff956bc a3739eba7958404bacbe33194555bb6a fde290c90ec84a7cb91f3a259f20dc65 - - default default] 10.0.0.142 "GET /v2.0/ports/08c5b366-9fa0-4e46-b3b8-b057d2665fe4 HTTP/1.1" status: 200 len: 1020 time: 0.1122441
2026-06-25 23:36:10.424 9 INFO neutron.db.ovn_revision_numbers_db [None req-1827a684-7c19-4aba-bb68-2bfc69fc5a07 314112312c8b4200802587aa987c2ca6 30345bc2e98b45969fba0515bcd83bc5 - - default default] Successfully bumped revision number for resource fed22345-e9c8-4df7-9a63-79658efaab19 (type: security_group_rules) to 0
2026-06-25 23:36:10.516 9 INFO neutron.db.segments_db [None req-1827a684-7c19-4aba-bb68-2bfc69fc5a07 314112312c8b4200802587aa987c2ca6 30345bc2e98b45969fba0515bcd83bc5 - - default default] Added segment 05af8e4f-afd0-496a-ae49-8f4082e1ed48 of type geneve for network 5b30b887-bc67-4efa-981b-226bf4d187c3
2026-06-25 23:36:10.520 10 INFO neutron.wsgi [None req-ee323b45-f172-4d77-afbb-a6407897f787 a3739eba7958404bacbe33194555bb6a fde290c90ec84a7cb91f3a259f20dc65 - - default default] 10.0.0.142 "DELETE /v2.0/trunks/f4903e96-189d-4a87-bfea-d1c8ed60fa51 HTTP/1.1" status: 204 len: 168 time: 0.1403804
2026-06-25 23:36:10.555 9 INFO neutron.wsgi [None req-52020c20-63e7-4f98-b7ac-44866711a696 a3739eba7958404bacbe33194555bb6a fde290c90ec84a7cb91f3a259f20dc65 - - default default] 10.0.0.142 "GET /v2.0/trunks/2859b7b7-18f2-49dc-80a1-f468f3c35567 HTTP/1.1" status: 200 len: 625 time: 0.0304005
2026-06-25 23:36:10.735 9 INFO neutron.wsgi [None req-cd979f49-d336-4f00-a2bc-69bc686ee128 a3739eba7958404bacbe33194555bb6a fde290c90ec84a7cb91f3a259f20dc65 - - default default] 10.0.0.142 "GET /v2.0/ports/45c8536d-a09f-4dd1-a806-2b953f0eba24 HTTP/1.1" status: 200 len: 1020 time: 0.1727889
2026-06-25 23:36:10.790 9 INFO neutron.db.ovn_revision_numbers_db [None req-1827a684-7c19-4aba-bb68-2bfc69fc5a07 314112312c8b4200802587aa987c2ca6 30345bc2e98b45969fba0515bcd83bc5 - - default default] Successfully bumped revision number for resource 5b30b887-bc67-4efa-981b-226bf4d187c3 (type: networks) to 1
2026-06-25 23:36:10.827 10 INFO neutron.db.ovn_revision_numbers_db [None req-586dffb5-5ff1-414e-a6d8-a30c663d8948 24ec6474ecc044e2ae41c0deeced700c 67966b601ed3482bad44ef025a8e5458 - - default default] Successfully bumped revision number for resource 9181eff6-28f3-4b00-a787-3e47f34e81a8 (type: ports) to 2
2026-06-25 23:36:10.852 10 INFO neutron.wsgi [None req-c2c6926c-2716-4b1c-9440-6fd3dd28419c a3739eba7958404bacbe33194555bb6a fde290c90ec84a7cb91f3a259f20dc65 - - default default] 10.0.0.142 "DELETE /v2.0/trunks/2859b7b7-18f2-49dc-80a1-f468f3c35567 HTTP/1.1" status: 204 len: 168 time: 0.1067970
2026-06-25 23:36:10.876 10 INFO neutron.wsgi [None req-4d474671-0953-4796-92b0-d6f3b97dc02b a3739eba7958404bacbe33194555bb6a fde290c90ec84a7cb91f3a259f20dc65 - - default default] 10.0.0.142 "GET /v2.0/trunks/090a280a-1bca-4206-9767-789e5b065fd4 HTTP/1.1" status: 200 len: 610 time: 0.0189412
2026-06-25 23:36:10.877 10 INFO neutron.db.ovn_revision_numbers_db [None req-586dffb5-5ff1-414e-a6d8-a30c663d8948 24ec6474ecc044e2ae41c0deeced700c 67966b601ed3482bad44ef025a8e5458 - - default default] Successfully bumped revision number for resource 15d10fce-5947-478e-a363-715393394d48 (type: subnets) to 0
2026-06-25 23:36:10.907 10 INFO neutron.wsgi [None req-586dffb5-5ff1-414e-a6d8-a30c663d8948 24ec6474ecc044e2ae41c0deeced700c 67966b601ed3482bad44ef025a8e5458 - - default default] 10.0.0.142 "POST /v2.0/subnets HTTP/1.1" status: 201 len: 862 time: 1.2034848
2026-06-25 23:36:11.013 9 WARNING neutron.scheduler.dhcp_agent_scheduler [None req-1827a684-7c19-4aba-bb68-2bfc69fc5a07 314112312c8b4200802587aa987c2ca6 30345bc2e98b45969fba0515bcd83bc5 - - default default] No more DHCP agents
2026-06-25 23:36:11.028 10 INFO neutron.wsgi [None req-9c64dcd4-e2ed-4526-9fa3-18fbb21538d0 a3739eba7958404bacbe33194555bb6a fde290c90ec84a7cb91f3a259f20dc65 - - default default] 10.0.0.142 "GET /v2.0/ports/34ddca2a-66bd-4e4d-9b76-970bdef7fcd5 HTTP/1.1" status: 200 len: 1020 time: 0.1467884
2026-06-25 23:36:11.060 9 WARNING neutron.api.rpc.agentnotifiers.dhcp_rpc_agent_api [None req-1827a684-7c19-4aba-bb68-2bfc69fc5a07 314112312c8b4200802587aa987c2ca6 30345bc2e98b45969fba0515bcd83bc5 - - default default] Unable to schedule network 5b30b887-bc67-4efa-981b-226bf4d187c3: no agents available; will retry on subsequent port and subnet creation events.
2026-06-25 23:36:11.134 9 INFO neutron.db.ovn_revision_numbers_db [None req-b0244559-01fa-4554-bbd9-f9983596d3f3 6a09bfc23e924a26900b712bb5521d95 9261655c00ba4c4bb51817a1ad37b901 - - default default] Successfully bumped revision number for resource f74c2b42-543a-4341-ad0d-081a69128918 (type: floatingips) to 4
2026-06-25 23:36:11.185 9 INFO neutron.db.ovn_revision_numbers_db [None req-1827a684-7c19-4aba-bb68-2bfc69fc5a07 314112312c8b4200802587aa987c2ca6 30345bc2e98b45969fba0515bcd83bc5 - - default default] Successfully bumped revision number for resource 7df718f7-75a5-4485-8c84-f99b281b0d36 (type: ports) to 1
2026-06-25 23:36:11.187 10 INFO neutron.wsgi [None req-5f975993-bcd3-423a-9ea8-38f242cf75d5 a3739eba7958404bacbe33194555bb6a fde290c90ec84a7cb91f3a259f20dc65 - - default default] 10.0.0.142 "DELETE /v2.0/trunks/090a280a-1bca-4206-9767-789e5b065fd4 HTTP/1.1" status: 204 len: 168 time: 0.1454308
2026-06-25 23:36:11.220 9 INFO neutron.wsgi [None req-1827a684-7c19-4aba-bb68-2bfc69fc5a07 314112312c8b4200802587aa987c2ca6 30345bc2e98b45969fba0515bcd83bc5 - - default default] 10.0.0.142 "POST /v2.0/networks HTTP/1.1" status: 201 len: 830 time: 1.3008838 /var/lib/openstack/lib/python3.10/site-packages/pycadf/identifier.py:71: UserWarning: Invalid uuid: neutron. To ensure interoperability, identifiers should be a valid uuid. warnings.warn(('Invalid uuid: %s. To ensure interoperability, '
2026-06-25 23:36:11.234 9 WARNING neutron_lib.context [None req-ea133fe6-650a-4432-b41f-ecfc689a7b1e 314112312c8b4200802587aa987c2ca6 30345bc2e98b45969fba0515bcd83bc5 - - default default] Method 'is_advsvc' is deprecated since 2023.2 release (neutron-lib 3.8.0) and will be removed once support for the old RBAC API policies will be removed from Neutron. Please use method 'is_service_role' instead.
2026-06-25 23:36:11.237 10 INFO neutron.wsgi [None req-8eccf816-dded-421b-8e5c-9022be79e6dc a3739eba7958404bacbe33194555bb6a fde290c90ec84a7cb91f3a259f20dc65 - - default default] 10.0.0.142 "GET /v2.0/trunks/b041d2b6-2e7e-4ba8-b193-7f73b40a5f7f HTTP/1.1" status: 200 len: 603 time: 0.0441713
2026-06-25 23:36:11.298 9 INFO neutron.db.ovn_revision_numbers_db [None req-b0244559-01fa-4554-bbd9-f9983596d3f3 6a09bfc23e924a26900b712bb5521d95 9261655c00ba4c4bb51817a1ad37b901 - - default default] Successfully bumped revision number for resource f74c2b42-543a-4341-ad0d-081a69128918 (type: floatingips) to 5
2026-06-25 23:36:11.298 9 INFO neutron.db.l3_db [None req-b0244559-01fa-4554-bbd9-f9983596d3f3 6a09bfc23e924a26900b712bb5521d95 9261655c00ba4c4bb51817a1ad37b901 - - default default] Floating IP f74c2b42-543a-4341-ad0d-081a69128918 associated. External IP: 10.96.250.211, port: 346224d6-3afa-46d6-81d0-8d75ca32c201.
2026-06-25 23:36:11.342 9 INFO neutron.wsgi [None req-b0244559-01fa-4554-bbd9-f9983596d3f3 6a09bfc23e924a26900b712bb5521d95 9261655c00ba4c4bb51817a1ad37b901 - - default default] 10.0.0.142 "PUT /v2.0/floatingips/f74c2b42-543a-4341-ad0d-081a69128918 HTTP/1.1" status: 200 len: 1049 time: 1.0505106
2026-06-25 23:36:11.360 10 INFO neutron.wsgi [None req-b219245c-c96d-423f-9b46-7f3475878c66 a3739eba7958404bacbe33194555bb6a fde290c90ec84a7cb91f3a259f20dc65 - - default default] 10.0.0.142 "GET /v2.0/ports/b9f57fcd-e2bf-47a0-bc5a-fda1b7f31ad2 HTTP/1.1" status: 200 len: 1020 time: 0.1178250
2026-06-25 23:36:11.411 9 INFO neutron.notifiers.nova [-] Nova event matching ['req-410b34c6-ea80-45ae-b770-45cc18b55a38'] response: {'name': 'network-changed', 'server_uuid': 'c84af70f-17d1-455d-9a2a-c4082936e9ae', 'tag': '346224d6-3afa-46d6-81d0-8d75ca32c201', 'status': 'completed', 'code': 200}
2026-06-25 23:36:11.430 9 INFO neutron.wsgi [None req-891a1744-c5b2-43d0-bf35-cb398f0e974e 6a09bfc23e924a26900b712bb5521d95 9261655c00ba4c4bb51817a1ad37b901 - - default default] 10.0.0.142 "GET /v2.0/floatingips/f74c2b42-543a-4341-ad0d-081a69128918 HTTP/1.1" status: 200 len: 1051 time: 0.0790117
2026-06-25 23:36:11.513 10 INFO neutron.wsgi [req-3d288e6e-70ae-4b1e-8a1d-cfc2a2996868 req-cdb5d709-4386-4052-9648-cd253466aa7e 420cd27760f34920be6b26b13f4cadc3 09f9847f6c954d51aee4f7ccac8f7703 - - 32030298995a4f68b858402ad4c34d20 32030298995a4f68b858402ad4c34d20] 199.19.213.157 "GET /v2.0/ports?tenant_id=9261655c00ba4c4bb51817a1ad37b901&device_id=c84af70f-17d1-455d-9a2a-c4082936e9ae HTTP/1.1" status: 200 len: 1409 time: 0.0777869
2026-06-25 23:36:11.537 9 WARNING neutron.scheduler.dhcp_agent_scheduler [None req-ea133fe6-650a-4432-b41f-ecfc689a7b1e 314112312c8b4200802587aa987c2ca6 30345bc2e98b45969fba0515bcd83bc5 - - default default] No more DHCP agents
2026-06-25 23:36:11.538 9 WARNING neutron.api.rpc.agentnotifiers.dhcp_rpc_agent_api [None req-ea133fe6-650a-4432-b41f-ecfc689a7b1e 314112312c8b4200802587aa987c2ca6 30345bc2e98b45969fba0515bcd83bc5 - - default default] Unable to schedule network 5b30b887-bc67-4efa-981b-226bf4d187c3: no agents available; will retry on subsequent port and subnet creation events.
2026-06-25 23:36:11.570 10 INFO neutron.wsgi [None req-a951f0e0-f74c-4598-89b9-1c121570afbd a3739eba7958404bacbe33194555bb6a fde290c90ec84a7cb91f3a259f20dc65 - - default default] 10.0.0.142 "DELETE /v2.0/trunks/b041d2b6-2e7e-4ba8-b193-7f73b40a5f7f HTTP/1.1" status: 204 len: 168 time: 0.2042191
2026-06-25 23:36:11.690 10 INFO neutron.wsgi [req-3d288e6e-70ae-4b1e-8a1d-cfc2a2996868 req-b376d58b-d466-44a4-838d-10be1fa17e11 420cd27760f34920be6b26b13f4cadc3 09f9847f6c954d51aee4f7ccac8f7703 - - 32030298995a4f68b858402ad4c34d20 32030298995a4f68b858402ad4c34d20] 199.19.213.157 "GET /v2.0/networks?id=56a4cafb-6303-492d-9d30-8fffe953efe7 HTTP/1.1" status: 200 len: 959 time: 0.1666532
2026-06-25 23:36:11.746 10 WARNING neutron.scheduler.dhcp_agent_scheduler [None req-6ac94a75-fde7-415d-af22-7087737d6cd9 24ec6474ecc044e2ae41c0deeced700c 67966b601ed3482bad44ef025a8e5458 - - default default] No more DHCP agents
2026-06-25 23:36:11.751 10 WARNING neutron.api.rpc.agentnotifiers.dhcp_rpc_agent_api [None req-6ac94a75-fde7-415d-af22-7087737d6cd9 24ec6474ecc044e2ae41c0deeced700c 67966b601ed3482bad44ef025a8e5458 - - default default] Unable to schedule network 604b617c-b2ac-48c8-a9c7-6331801b22b8: no agents available; will retry on subsequent port and subnet creation events.
2026-06-25 23:36:11.775 10 INFO neutron.wsgi [req-3d288e6e-70ae-4b1e-8a1d-cfc2a2996868 req-21b37d71-20dc-4323-9b4f-0b1dc454b39e 420cd27760f34920be6b26b13f4cadc3 09f9847f6c954d51aee4f7ccac8f7703 - - 32030298995a4f68b858402ad4c34d20 32030298995a4f68b858402ad4c34d20] 199.19.213.157 "GET /v2.0/floatingips?fixed_ip_address=10.100.0.9&port_id=346224d6-3afa-46d6-81d0-8d75ca32c201 HTTP/1.1" status: 200 len: 1059 time: 0.0778418
2026-06-25 23:36:11.825 10 INFO neutron.wsgi [req-3d288e6e-70ae-4b1e-8a1d-cfc2a2996868 req-8cbd0c04-bf6e-4a08-bef5-43cd0bfa114a 420cd27760f34920be6b26b13f4cadc3 09f9847f6c954d51aee4f7ccac8f7703 - - 32030298995a4f68b858402ad4c34d20 32030298995a4f68b858402ad4c34d20] 199.19.213.157 "GET /v2.0/subnets?id=a34999ef-6f15-4902-8b88-020dd826d626 HTTP/1.1" status: 200 len: 852 time: 0.0384314
2026-06-25 23:36:11.885 10 INFO neutron.wsgi [req-3d288e6e-70ae-4b1e-8a1d-cfc2a2996868 req-64136363-9ac9-4cbc-8ad8-0de63e60130d 420cd27760f34920be6b26b13f4cadc3 09f9847f6c954d51aee4f7ccac8f7703 - - 32030298995a4f68b858402ad4c34d20 32030298995a4f68b858402ad4c34d20] 199.19.213.157 "GET /v2.0/ports?network_id=56a4cafb-6303-492d-9d30-8fffe953efe7&device_owner=network%3Adhcp HTTP/1.1" status: 200 len: 210 time: 0.0513172
2026-06-25 23:36:11.998 10 INFO neutron.wsgi [req-3d288e6e-70ae-4b1e-8a1d-cfc2a2996868 req-5d0f183a-ef91-4dcc-ad84-5aebba5185dc 420cd27760f34920be6b26b13f4cadc3 09f9847f6c954d51aee4f7ccac8f7703 - - 32030298995a4f68b858402ad4c34d20 32030298995a4f68b858402ad4c34d20] 199.19.213.157 "GET /v2.0/networks/56a4cafb-6303-492d-9d30-8fffe953efe7?fields=segments HTTP/1.1" status: 200 len: 212 time: 0.0983634
2026-06-25 23:36:12.054 10 INFO neutron.db.ovn_revision_numbers_db [None req-6ac94a75-fde7-415d-af22-7087737d6cd9 24ec6474ecc044e2ae41c0deeced700c 67966b601ed3482bad44ef025a8e5458 - - default default] Successfully bumped revision number for resource 14c334d1-a008-40c6-b769-92e8add7e6e0 (type: ports) to 1
2026-06-25 23:36:12.092 9 INFO neutron.db.ovn_revision_numbers_db [None req-ea133fe6-650a-4432-b41f-ecfc689a7b1e 314112312c8b4200802587aa987c2ca6 30345bc2e98b45969fba0515bcd83bc5 - - default default] Successfully bumped revision number for resource 7df718f7-75a5-4485-8c84-f99b281b0d36 (type: ports) to 2
2026-06-25 23:36:12.116 10 INFO neutron.wsgi [req-3d288e6e-70ae-4b1e-8a1d-cfc2a2996868 req-ee57a7f6-c84f-4cfe-86dc-ccc7939caf59 420cd27760f34920be6b26b13f4cadc3 09f9847f6c954d51aee4f7ccac8f7703 - - 32030298995a4f68b858402ad4c34d20 32030298995a4f68b858402ad4c34d20] 199.19.213.157 "GET /v2.0/networks/56a4cafb-6303-492d-9d30-8fffe953efe7?fields=provider%3Aphysical_network&fields=provider%3Anetwork_type HTTP/1.1" status: 200 len: 277 time: 0.1095297
2026-06-25 23:36:12.122 10 INFO neutron.wsgi [None req-fad60149-f454-405f-8651-04fee6608f8c a3739eba7958404bacbe33194555bb6a fde290c90ec84a7cb91f3a259f20dc65 - - default default] 10.0.0.142 "DELETE /v2.0/ports/98c376d3-8857-4368-94d8-f1378f53d363 HTTP/1.1" status: 204 len: 168 time: 0.5335090
2026-06-25 23:36:12.130 9 INFO neutron.db.ovn_revision_numbers_db [None req-ea133fe6-650a-4432-b41f-ecfc689a7b1e 314112312c8b4200802587aa987c2ca6 30345bc2e98b45969fba0515bcd83bc5 - - default default] Successfully bumped revision number for resource c7dcc597-9b8a-4407-b770-a8238becfc34 (type: subnets) to 0
2026-06-25 23:36:12.147 9 INFO neutron.wsgi [None req-ea133fe6-650a-4432-b41f-ecfc689a7b1e 314112312c8b4200802587aa987c2ca6 30345bc2e98b45969fba0515bcd83bc5 - - default default] 10.0.0.142 "POST /v2.0/subnets HTTP/1.1" status: 201 len: 801 time: 0.9178166
2026-06-25 23:36:12.156 9 WARNING neutron_lib.context [None req-6f29df16-2cff-4f2b-b371-06435e0d4d0e 314112312c8b4200802587aa987c2ca6 30345bc2e98b45969fba0515bcd83bc5 - - default default] Method 'is_advsvc' is deprecated since 2023.2 release (neutron-lib 3.8.0) and will be removed once support for the old RBAC API policies will be removed from Neutron. Please use method 'is_service_role' instead.
2026-06-25 23:36:12.238 9 INFO neutron.db.segments_db [None req-6f29df16-2cff-4f2b-b371-06435e0d4d0e 314112312c8b4200802587aa987c2ca6 30345bc2e98b45969fba0515bcd83bc5 - - default default] Added segment ba4c7f48-d43e-40ab-8e2e-adc66ab9d7ed of type geneve for network 079c96d8-879c-49c7-9a6a-33ef912c68f1
2026-06-25 23:36:12.428 9 INFO neutron.db.ovn_revision_numbers_db [None req-6f29df16-2cff-4f2b-b371-06435e0d4d0e 314112312c8b4200802587aa987c2ca6 30345bc2e98b45969fba0515bcd83bc5 - - default default] Successfully bumped revision number for resource 079c96d8-879c-49c7-9a6a-33ef912c68f1 (type: networks) to 1
2026-06-25 23:36:12.652 9 WARNING neutron.scheduler.dhcp_agent_scheduler [None req-6f29df16-2cff-4f2b-b371-06435e0d4d0e 314112312c8b4200802587aa987c2ca6 30345bc2e98b45969fba0515bcd83bc5 - - default default] No more DHCP agents
2026-06-25 23:36:12.655 9 WARNING neutron.api.rpc.agentnotifiers.dhcp_rpc_agent_api [None req-6f29df16-2cff-4f2b-b371-06435e0d4d0e 314112312c8b4200802587aa987c2ca6 30345bc2e98b45969fba0515bcd83bc5 - - default default] Unable to schedule network 079c96d8-879c-49c7-9a6a-33ef912c68f1: no agents available; will retry on subsequent port and subnet creation events.
2026-06-25 23:36:12.743 9 INFO neutron.db.ovn_revision_numbers_db [None req-6f29df16-2cff-4f2b-b371-06435e0d4d0e 314112312c8b4200802587aa987c2ca6 30345bc2e98b45969fba0515bcd83bc5 - - default default] Successfully bumped revision number for resource 871f7014-b7e0-4e90-bfa9-61211ecb524e (type: ports) to 1
2026-06-25 23:36:12.766 9 INFO neutron.wsgi [None req-6f29df16-2cff-4f2b-b371-06435e0d4d0e 314112312c8b4200802587aa987c2ca6 30345bc2e98b45969fba0515bcd83bc5 - - default default] 10.0.0.142 "POST /v2.0/networks HTTP/1.1" status: 201 len: 830 time: 0.6150098
2026-06-25 23:36:12.780 9 WARNING neutron_lib.context [None req-6fd5bf9a-12a2-4574-89ee-1076b2d98f51 314112312c8b4200802587aa987c2ca6 30345bc2e98b45969fba0515bcd83bc5 - - default default] Method 'is_advsvc' is deprecated since 2023.2 release (neutron-lib 3.8.0) and will be removed once support for the old RBAC API policies will be removed from Neutron. Please use method 'is_service_role' instead.
2026-06-25 23:36:12.799 10 INFO neutron.wsgi [None req-fcf82ca2-4d7c-4d20-95c5-760884881b75 a3739eba7958404bacbe33194555bb6a fde290c90ec84a7cb91f3a259f20dc65 - - default default] 10.0.0.142 "DELETE /v2.0/ports/08c5b366-9fa0-4e46-b3b8-b057d2665fe4 HTTP/1.1" status: 204 len: 168 time: 0.6711562
2026-06-25 23:36:13.232 9 WARNING neutron.scheduler.dhcp_agent_scheduler [None req-6fd5bf9a-12a2-4574-89ee-1076b2d98f51 314112312c8b4200802587aa987c2ca6 30345bc2e98b45969fba0515bcd83bc5 - - default default] No more DHCP agents
2026-06-25 23:36:13.234 10 INFO neutron.wsgi [None req-834bc268-a963-4ef6-8150-a81a379a9f80 a3739eba7958404bacbe33194555bb6a fde290c90ec84a7cb91f3a259f20dc65 - - default default] 10.0.0.142 "DELETE /v2.0/ports/45c8536d-a09f-4dd1-a806-2b953f0eba24 HTTP/1.1" status: 204 len: 168 time: 0.4241476
2026-06-25 23:36:13.234 9 WARNING neutron.api.rpc.agentnotifiers.dhcp_rpc_agent_api [None req-6fd5bf9a-12a2-4574-89ee-1076b2d98f51 314112312c8b4200802587aa987c2ca6 30345bc2e98b45969fba0515bcd83bc5 - - default default] Unable to schedule network 079c96d8-879c-49c7-9a6a-33ef912c68f1: no agents available; will retry on subsequent port and subnet creation events.
2026-06-25 23:36:13.264 10 INFO neutron.plugins.ml2.drivers.ovn.mech_driver.ovsdb.commands [None req-dc2d17eb-18fa-42b3-8636-40528cde44f7 - - - - - -] Schedule LRP lrp-14c334d1-a008-40c6-b769-92e8add7e6e0 on gateway aacb0e27-5e1d-4d13-b3e3-8beaeac8576a with priority 1
2026-06-25 23:36:13.277 10 INFO neutron.plugins.ml2.drivers.ovn.mech_driver.mech_driver [None req-5102223b-5601-4f82-9a59-9d60c6d602c9 - - - - - -] OVN reports status up for port: 14c334d1-a008-40c6-b769-92e8add7e6e0
2026-06-25 23:36:13.314 10 INFO neutron.plugins.ml2.drivers.ovn.mech_driver.ovsdb.ovsdb_monitor [None req-19361175-1609-4147-9455-9269a56f38ba - - - - - -] Router c51611ed-0cf1-46cc-a483-3172ea0fecfe is bound to host instance
2026-06-25 23:36:13.317 10 INFO neutron.plugins.ml2.plugin [None req-5102223b-5601-4f82-9a59-9d60c6d602c9 - - - - - -] Attempt 1 to provision port 14c334d1-a008-40c6-b769-92e8add7e6e0
2026-06-25 23:36:13.354 10 INFO neutron.db.ovn_revision_numbers_db [None req-6ac94a75-fde7-415d-af22-7087737d6cd9 24ec6474ecc044e2ae41c0deeced700c 67966b601ed3482bad44ef025a8e5458 - - default default] Successfully bumped revision number for resource 14c334d1-a008-40c6-b769-92e8add7e6e0 (type: router_ports) to 1
2026-06-25 23:36:13.497 10 INFO neutron.db.ovn_revision_numbers_db [None req-6ac94a75-fde7-415d-af22-7087737d6cd9 24ec6474ecc044e2ae41c0deeced700c 67966b601ed3482bad44ef025a8e5458 - - default default] Successfully bumped revision number for resource c51611ed-0cf1-46cc-a483-3172ea0fecfe (type: routers) to 2
2026-06-25 23:36:13.532 10 INFO neutron.wsgi [None req-6ac94a75-fde7-415d-af22-7087737d6cd9 24ec6474ecc044e2ae41c0deeced700c 67966b601ed3482bad44ef025a8e5458 - - default default] 10.0.0.142 "POST /v2.0/routers HTTP/1.1" status: 201 len: 1164 time: 2.6176550
2026-06-25 23:36:13.682 9 INFO neutron.wsgi [None req-d6e09b2b-78e9-4cc9-98bd-4d25ad88d30f a3739eba7958404bacbe33194555bb6a fde290c90ec84a7cb91f3a259f20dc65 - - default default] 10.0.0.142 "DELETE /v2.0/ports/34ddca2a-66bd-4e4d-9b76-970bdef7fcd5 HTTP/1.1" status: 204 len: 168 time: 0.4370003
2026-06-25 23:36:13.939 9 INFO neutron.db.ovn_revision_numbers_db [None req-6fd5bf9a-12a2-4574-89ee-1076b2d98f51 314112312c8b4200802587aa987c2ca6 30345bc2e98b45969fba0515bcd83bc5 - - default default] Successfully bumped revision number for resource 871f7014-b7e0-4e90-bfa9-61211ecb524e (type: ports) to 2
2026-06-25 23:36:13.978 9 INFO neutron.db.ovn_revision_numbers_db [None req-6fd5bf9a-12a2-4574-89ee-1076b2d98f51 314112312c8b4200802587aa987c2ca6 30345bc2e98b45969fba0515bcd83bc5 - - default default] Successfully bumped revision number for resource 84e989d1-8d01-4043-8700-4182714c9a41 (type: subnets) to 0
2026-06-25 23:36:14.005 9 INFO neutron.wsgi [None req-6fd5bf9a-12a2-4574-89ee-1076b2d98f51 314112312c8b4200802587aa987c2ca6 30345bc2e98b45969fba0515bcd83bc5 - - default default] 10.0.0.142 "POST /v2.0/subnets HTTP/1.1" status: 201 len: 804 time: 1.2298925
2026-06-25 23:36:14.017 9 WARNING neutron_lib.context [None req-c4385f17-cf99-4a16-b630-2beba985f781 314112312c8b4200802587aa987c2ca6 30345bc2e98b45969fba0515bcd83bc5 - - default default] Method 'is_advsvc' is deprecated since 2023.2 release (neutron-lib 3.8.0) and will be removed once support for the old RBAC API policies will be removed from Neutron. Please use method 'is_service_role' instead.
2026-06-25 23:36:14.107 9 INFO neutron.wsgi [None req-140b1e96-9d49-4956-a92d-9a894fd296cb a3739eba7958404bacbe33194555bb6a fde290c90ec84a7cb91f3a259f20dc65 - - default default] 10.0.0.142 "DELETE /v2.0/ports/b9f57fcd-e2bf-47a0-bc5a-fda1b7f31ad2 HTTP/1.1" status: 204 len: 168 time: 0.4157665
2026-06-25 23:36:14.142 9 INFO neutron.db.segments_db [None req-c4385f17-cf99-4a16-b630-2beba985f781 314112312c8b4200802587aa987c2ca6 30345bc2e98b45969fba0515bcd83bc5 - - default default] Added segment 80f818c4-e80d-43f0-9676-36e549697dd3 of type geneve for network 910d0313-ef65-4421-b4ba-38a0ff1f0f14
2026-06-25 23:36:14.308 9 INFO neutron.db.ovn_revision_numbers_db [None req-c4385f17-cf99-4a16-b630-2beba985f781 314112312c8b4200802587aa987c2ca6 30345bc2e98b45969fba0515bcd83bc5 - - default default] Successfully bumped revision number for resource 910d0313-ef65-4421-b4ba-38a0ff1f0f14 (type: networks) to 1
2026-06-25 23:36:14.557 10 WARNING neutron.scheduler.dhcp_agent_scheduler [None req-5e4e3622-3d8b-4200-b7e4-fdf4b0199e08 24ec6474ecc044e2ae41c0deeced700c 67966b601ed3482bad44ef025a8e5458 - - default default] No more DHCP agents
2026-06-25 23:36:14.562 10 WARNING neutron.api.rpc.agentnotifiers.dhcp_rpc_agent_api [None req-5e4e3622-3d8b-4200-b7e4-fdf4b0199e08 24ec6474ecc044e2ae41c0deeced700c 67966b601ed3482bad44ef025a8e5458 - - default default] Unable to schedule network a4ee0eb0-2ef4-4480-9064-4d1887005c97: no agents available; will retry on subsequent port and subnet creation events.
2026-06-25 23:36:14.605 9 WARNING neutron.scheduler.dhcp_agent_scheduler [None req-c4385f17-cf99-4a16-b630-2beba985f781 314112312c8b4200802587aa987c2ca6 30345bc2e98b45969fba0515bcd83bc5 - - default default] No more DHCP agents
2026-06-25 23:36:14.618 9 WARNING neutron.api.rpc.agentnotifiers.dhcp_rpc_agent_api [None req-c4385f17-cf99-4a16-b630-2beba985f781 314112312c8b4200802587aa987c2ca6 30345bc2e98b45969fba0515bcd83bc5 - - default default] Unable to schedule network 910d0313-ef65-4421-b4ba-38a0ff1f0f14: no agents available; will retry on subsequent port and subnet creation events.
2026-06-25 23:36:14.645 10 INFO neutron.db.ovn_revision_numbers_db [None req-19361175-1609-4147-9455-9269a56f38ba - - - - - -] Successfully bumped revision number for resource 14c334d1-a008-40c6-b769-92e8add7e6e0 (type: ports) to 1
2026-06-25 23:36:14.674 9 INFO neutron.services.segments.plugin [-] Segment 138c3a8c-24ef-436d-b3cb-8681b8cb945b resource provider aggregate not found
2026-06-25 23:36:14.680 9 INFO neutron.services.segments.plugin [-] Segment 138c3a8c-24ef-436d-b3cb-8681b8cb945b resource provider aggregate not found
2026-06-25 23:36:14.690 9 INFO neutron.services.segments.plugin [-] Segment 138c3a8c-24ef-436d-b3cb-8681b8cb945b resource provider not found; error: Placement Client Error (4xx): {"errors": [{"status": 404, "title": "Not Found", "detail": "The resource could not be found.\n\n No resource provider with uuid 138c3a8c-24ef-436d-b3cb-8681b8cb945b found for delete ", "request_id": "req-f6f1564e-b24c-4218-afe1-05ebb9947bcf"}]}
2026-06-25 23:36:14.693 9 INFO neutron.services.segments.plugin [-] Segment 138c3a8c-24ef-436d-b3cb-8681b8cb945b resource provider not found; error: Placement Client Error (4xx): {"errors": [{"status": 404, "title": "Not Found", "detail": "The resource could not be found.\n\n No resource provider with uuid 138c3a8c-24ef-436d-b3cb-8681b8cb945b found for delete ", "request_id": "req-4f730787-c797-4e4b-984d-d82fbbcd3f6b"}]}
2026-06-25 23:36:14.716 9 INFO neutron.wsgi [None req-4bb282bd-4c6c-4854-88b4-7fbe1cf65c6f a3739eba7958404bacbe33194555bb6a fde290c90ec84a7cb91f3a259f20dc65 - - default default] 10.0.0.142 "DELETE /v2.0/networks/2af43b1b-f488-47ff-a3d7-547bcb0aaa15 HTTP/1.1" status: 204 len: 168 time: 0.6018438
2026-06-25 23:36:14.777 9 INFO neutron.db.ovn_revision_numbers_db [None req-c4385f17-cf99-4a16-b630-2beba985f781 314112312c8b4200802587aa987c2ca6 30345bc2e98b45969fba0515bcd83bc5 - - default default] Successfully bumped revision number for resource 800f7c95-8320-46b0-84de-76ac496e5ff0 (type: ports) to 1
2026-06-25 23:36:14.830 10 INFO neutron.db.ovn_revision_numbers_db [None req-5e4e3622-3d8b-4200-b7e4-fdf4b0199e08 24ec6474ecc044e2ae41c0deeced700c 67966b601ed3482bad44ef025a8e5458 - - default default] Successfully bumped revision number for resource f5d2249e-a780-4b10-9990-cdbd1ce2fde4 (type: ports) to 1
2026-06-25 23:36:14.836 9 INFO neutron.wsgi [None req-c4385f17-cf99-4a16-b630-2beba985f781 314112312c8b4200802587aa987c2ca6 30345bc2e98b45969fba0515bcd83bc5 - - default default] 10.0.0.142 "POST /v2.0/networks HTTP/1.1" status: 201 len: 830 time: 0.8259985
2026-06-25 23:36:14.848 9 WARNING neutron_lib.context [None req-c2f4b139-af29-45ef-a1d6-c72e327923a3 314112312c8b4200802587aa987c2ca6 30345bc2e98b45969fba0515bcd83bc5 - - default default] Method 'is_advsvc' is deprecated since 2023.2 release (neutron-lib 3.8.0) and will be removed once support for the old RBAC API policies will be removed from Neutron. Please use method 'is_service_role' instead.
2026-06-25 23:36:15.079 9 WARNING neutron.scheduler.dhcp_agent_scheduler [None req-c2f4b139-af29-45ef-a1d6-c72e327923a3 314112312c8b4200802587aa987c2ca6 30345bc2e98b45969fba0515bcd83bc5 - - default default] No more DHCP agents
