2026-06-25 23:35:49.522 9 INFO neutron.wsgi [None req-183f6c73-5dd6-4ed6-afde-095bd536d522 332393fe5e164dfc9bf8ce3b9c4c6d6c 13259da53bc9419fa1e64431162daf77 - - default default] 10.0.0.142 "POST /v2.0/floatingips HTTP/1.1" status: 201 len: 751 time: 0.8674915
2026-06-25 23:35:49.531 9 INFO neutron.wsgi [req-046e195e-92cc-417c-9b11-0ddc14f38408 req-630b680c-7e31-48be-9e65-280b8f08ffd6 1f1fed2c5bd94ef18968bd58c8768cc6 b483b4b91bea4e60be4825fb1f2390bd - - default default] 10.0.0.235 "GET /v2.0/ports?device_id=d09a5850-d3cd-4f49-a4cf-9cb931e49437 HTTP/1.1" status: 200 len: 1172 time: 0.0717075 /var/lib/openstack/lib/python3.10/site-packages/pycadf/identifier.py:71: UserWarning: Invalid uuid: neutron. To ensure interoperability, identifiers should be a valid uuid. warnings.warn(('Invalid uuid: %s. To ensure interoperability, '
2026-06-25 23:35:49.539 10 WARNING neutron_lib.context [None req-a63ac18f-9ccb-46ff-8a4d-9a83141603a2 332393fe5e164dfc9bf8ce3b9c4c6d6c 13259da53bc9419fa1e64431162daf77 - - default default] Method 'is_advsvc' is deprecated since 2023.2 release (neutron-lib 3.8.0) and will be removed once support for the old RBAC API policies will be removed from Neutron. Please use method 'is_service_role' instead.
2026-06-25 23:35:49.577 9 INFO neutron.wsgi [req-046e195e-92cc-417c-9b11-0ddc14f38408 req-987f079e-97d0-4c1f-960c-4cc6df8c3435 1f1fed2c5bd94ef18968bd58c8768cc6 b483b4b91bea4e60be4825fb1f2390bd - - default default] 10.0.0.235 "GET /v2.0/security-groups?id=a87951af-e3f8-4247-9419-2934a090e6ea&fields=id&fields=name HTTP/1.1" status: 200 len: 286 time: 0.0383308
2026-06-25 23:35:49.613 9 INFO neutron.notifiers.nova [-] Nova event matching ['req-503ef7ef-b6a7-4e1d-ab0e-404578abd9c5'] response: {'name': 'network-changed', 'server_uuid': 'a1b83055-b09a-4e91-a607-585b6c2d478b', 'tag': 'adc68100-f78e-4609-98d1-5237568c80a2', 'status': 'completed', 'code': 200}
2026-06-25 23:35:49.721 10 INFO neutron.wsgi [req-986ead07-6e23-4b10-a822-dac923e657bd req-c672ecb1-46a6-4c8d-9234-aafd47e90ef6 420cd27760f34920be6b26b13f4cadc3 09f9847f6c954d51aee4f7ccac8f7703 - - 32030298995a4f68b858402ad4c34d20 32030298995a4f68b858402ad4c34d20] 199.19.213.157 "GET /v2.0/ports?tenant_id=9261655c00ba4c4bb51817a1ad37b901&device_id=a1b83055-b09a-4e91-a607-585b6c2d478b HTTP/1.1" status: 200 len: 1413 time: 0.0711067
2026-06-25 23:35:49.878 10 INFO neutron.wsgi [req-986ead07-6e23-4b10-a822-dac923e657bd req-2401bb26-b103-4d9e-b6c6-967790d446fb 420cd27760f34920be6b26b13f4cadc3 09f9847f6c954d51aee4f7ccac8f7703 - - 32030298995a4f68b858402ad4c34d20 32030298995a4f68b858402ad4c34d20] 199.19.213.157 "GET /v2.0/networks?id=56a4cafb-6303-492d-9d30-8fffe953efe7 HTTP/1.1" status: 200 len: 959 time: 0.1499176
2026-06-25 23:35:49.934 10 INFO neutron.wsgi [req-80ba95d2-6b24-43e5-abdf-8c19db75798c req-b8284084-6023-4d9d-ba96-6b56db7935af 1f1fed2c5bd94ef18968bd58c8768cc6 b483b4b91bea4e60be4825fb1f2390bd - - default default] 199.19.213.157 "DELETE /v2.0/ports/bb3a7ae3-0718-4e17-bdda-ebf59f1c7042 HTTP/1.1" status: 204 len: 173 time: 0.6565104
2026-06-25 23:35:49.961 10 INFO neutron.wsgi [req-986ead07-6e23-4b10-a822-dac923e657bd req-9e36e1e1-da98-4c0a-a2b6-b25a9e1c1413 420cd27760f34920be6b26b13f4cadc3 09f9847f6c954d51aee4f7ccac8f7703 - - 32030298995a4f68b858402ad4c34d20 32030298995a4f68b858402ad4c34d20] 199.19.213.157 "GET /v2.0/floatingips?fixed_ip_address=10.100.0.13&port_id=adc68100-f78e-4609-98d1-5237568c80a2 HTTP/1.1" status: 200 len: 1060 time: 0.0774157
2026-06-25 23:35:49.968 9 INFO neutron.wsgi [None req-4e408266-8e78-4256-a860-8f603013251f 746b02b925e8440a8268d39d6f002ec0 2b42eda78aa4403a8967c4378e7a7501 - - default default] 10.0.0.142 "GET /v2.0/networks/66ac5a2b-0cab-4c7b-8068-3ac79e1547fb HTTP/1.1" status: 200 len: 848 time: 0.2006226
2026-06-25 23:35:50.045 10 INFO neutron.wsgi [req-986ead07-6e23-4b10-a822-dac923e657bd req-aae6a9fe-74c8-43d5-a85e-2a436c416410 420cd27760f34920be6b26b13f4cadc3 09f9847f6c954d51aee4f7ccac8f7703 - - 32030298995a4f68b858402ad4c34d20 32030298995a4f68b858402ad4c34d20] 199.19.213.157 "GET /v2.0/subnets?id=a34999ef-6f15-4902-8b88-020dd826d626 HTTP/1.1" status: 200 len: 852 time: 0.0716977
2026-06-25 23:35:50.054 10 WARNING neutron.scheduler.dhcp_agent_scheduler [None req-a63ac18f-9ccb-46ff-8a4d-9a83141603a2 332393fe5e164dfc9bf8ce3b9c4c6d6c 13259da53bc9419fa1e64431162daf77 - - default default] No more DHCP agents
2026-06-25 23:35:50.057 10 WARNING neutron.api.rpc.agentnotifiers.dhcp_rpc_agent_api [None req-a63ac18f-9ccb-46ff-8a4d-9a83141603a2 332393fe5e164dfc9bf8ce3b9c4c6d6c 13259da53bc9419fa1e64431162daf77 - - default default] Unable to schedule network 604b617c-b2ac-48c8-a9c7-6331801b22b8: no agents available; will retry on subsequent port and subnet creation events.
2026-06-25 23:35:50.090 10 INFO neutron.wsgi [req-986ead07-6e23-4b10-a822-dac923e657bd req-96b655f1-299c-4a91-a488-911793a80063 420cd27760f34920be6b26b13f4cadc3 09f9847f6c954d51aee4f7ccac8f7703 - - 32030298995a4f68b858402ad4c34d20 32030298995a4f68b858402ad4c34d20] 199.19.213.157 "GET /v2.0/ports?network_id=56a4cafb-6303-492d-9d30-8fffe953efe7&device_owner=network%3Adhcp HTTP/1.1" status: 200 len: 210 time: 0.0301785
2026-06-25 23:35:50.178 10 INFO neutron.wsgi [req-986ead07-6e23-4b10-a822-dac923e657bd req-993357da-5524-4061-9fe1-41a1dd06dade 420cd27760f34920be6b26b13f4cadc3 09f9847f6c954d51aee4f7ccac8f7703 - - 32030298995a4f68b858402ad4c34d20 32030298995a4f68b858402ad4c34d20] 199.19.213.157 "GET /v2.0/networks/56a4cafb-6303-492d-9d30-8fffe953efe7?fields=segments HTTP/1.1" status: 200 len: 212 time: 0.0835922
2026-06-25 23:35:50.250 10 INFO neutron.wsgi [req-986ead07-6e23-4b10-a822-dac923e657bd req-480407ba-21a5-4770-9ba9-c35ab7a469e2 420cd27760f34920be6b26b13f4cadc3 09f9847f6c954d51aee4f7ccac8f7703 - - 32030298995a4f68b858402ad4c34d20 32030298995a4f68b858402ad4c34d20] 199.19.213.157 "GET /v2.0/networks/56a4cafb-6303-492d-9d30-8fffe953efe7?fields=provider%3Aphysical_network&fields=provider%3Anetwork_type HTTP/1.1" status: 200 len: 277 time: 0.0675831
2026-06-25 23:35:50.395 9 INFO neutron.pecan_wsgi.hooks.translation [None req-55884a31-2f32-431d-97ee-5c349b5c0ae3 bed0216dc3b94934a42818342c0adf94 5637ab7e254c4576bbd5c5e8136b5ea6 - - default default] GET failed (client error): The resource could not be found.
2026-06-25 23:35:50.397 9 INFO neutron.wsgi [None req-55884a31-2f32-431d-97ee-5c349b5c0ae3 bed0216dc3b94934a42818342c0adf94 5637ab7e254c4576bbd5c5e8136b5ea6 - - default default] 10.0.0.142 "GET /v2.0/networks/66ac5a2b-0cab-4c7b-8068-3ac79e1547fb HTTP/1.1" status: 404 len: 339 time: 0.0569093
2026-06-25 23:35:50.496 10 INFO neutron.wsgi [None req-a63ac18f-9ccb-46ff-8a4d-9a83141603a2 332393fe5e164dfc9bf8ce3b9c4c6d6c 13259da53bc9419fa1e64431162daf77 - - default default] 10.0.0.142 "POST /v2.0/floatingips HTTP/1.1" status: 201 len: 751 time: 0.9655921
2026-06-25 23:35:50.574 10 INFO neutron.wsgi [None req-bf37c34d-7efa-427a-94bf-84c0e4bafadf 332393fe5e164dfc9bf8ce3b9c4c6d6c 13259da53bc9419fa1e64431162daf77 - - default default] 10.0.0.142 "PUT /v2.0/floatingips/60a5dc2a-a7a4-4760-ad71-149b250bd64d/tags HTTP/1.1" status: 200 len: 210 time: 0.0702069
2026-06-25 23:35:50.628 10 INFO neutron.wsgi [None req-65c98d4d-1ad9-4fd7-821e-e16de87fb019 332393fe5e164dfc9bf8ce3b9c4c6d6c 13259da53bc9419fa1e64431162daf77 - - default default] 10.0.0.142 "PUT /v2.0/floatingips/19cbf93d-7418-47b6-aa2c-c9268043144f/tags HTTP/1.1" status: 200 len: 218 time: 0.0485303
2026-06-25 23:35:50.701 9 INFO neutron.wsgi [None req-cb31f60f-8332-4634-9632-96a1b73848a9 332393fe5e164dfc9bf8ce3b9c4c6d6c 13259da53bc9419fa1e64431162daf77 - - default default] 10.0.0.142 "PUT /v2.0/floatingips/d4214a3f-0d12-4000-81ae-2bf28aeaacf5/tags HTTP/1.1" status: 200 len: 227 time: 0.0685024
2026-06-25 23:35:50.753 10 INFO neutron.wsgi [None req-aa34bd46-31ce-460e-a333-bafd55f68902 332393fe5e164dfc9bf8ce3b9c4c6d6c 13259da53bc9419fa1e64431162daf77 - - default default] 10.0.0.142 "PUT /v2.0/floatingips/98abdb79-de13-4eb4-b156-cda220e18be7/tags HTTP/1.1" status: 200 len: 212 time: 0.0476377
2026-06-25 23:35:50.796 10 INFO neutron.wsgi [None req-17397c44-36bb-4063-800f-1b6ac3fb6e12 332393fe5e164dfc9bf8ce3b9c4c6d6c 13259da53bc9419fa1e64431162daf77 - - default default] 10.0.0.142 "GET /v2.0/floatingips?tags=red HTTP/1.1" status: 200 len: 1866 time: 0.0376267
2026-06-25 23:35:50.842 10 INFO neutron.wsgi [None req-720869e7-32b0-4ebe-9fdf-415a7bc182cc 332393fe5e164dfc9bf8ce3b9c4c6d6c 13259da53bc9419fa1e64431162daf77 - - default default] 10.0.0.142 "GET /v2.0/floatingips?tags=red%2Cblue HTTP/1.1" status: 200 len: 1323 time: 0.0415800
2026-06-25 23:35:50.888 10 INFO neutron.wsgi [None req-15838b8b-9724-4a8f-850a-0a8cdaa573c0 332393fe5e164dfc9bf8ce3b9c4c6d6c 13259da53bc9419fa1e64431162daf77 - - default default] 10.0.0.142 "GET /v2.0/floatingips?tags-any=blue HTTP/1.1" status: 200 len: 1323 time: 0.0396104
2026-06-25 23:35:50.926 10 INFO neutron.wsgi [None req-1f34d2d0-acb6-4d32-b86d-52b771eff9b6 332393fe5e164dfc9bf8ce3b9c4c6d6c 13259da53bc9419fa1e64431162daf77 - - default default] 10.0.0.142 "GET /v2.0/floatingips?tags-any=red%2Cblue HTTP/1.1" status: 200 len: 1866 time: 0.0336556
2026-06-25 23:35:50.968 10 INFO neutron.wsgi [None req-b2472996-ea8d-4f12-883e-e5ba494baeaf 332393fe5e164dfc9bf8ce3b9c4c6d6c 13259da53bc9419fa1e64431162daf77 - - default default] 10.0.0.142 "GET /v2.0/floatingips?not-tags=red HTTP/1.1" status: 200 len: 1295 time: 0.0373487
2026-06-25 23:35:51.023 10 INFO neutron.wsgi [None req-cb2e56bf-4ce4-4ae9-aefd-969f2770de66 332393fe5e164dfc9bf8ce3b9c4c6d6c 13259da53bc9419fa1e64431162daf77 - - default default] 10.0.0.142 "GET /v2.0/floatingips?not-tags=red%2Cblue HTTP/1.1" status: 200 len: 1838 time: 0.0509350
2026-06-25 23:35:51.027 9 INFO neutron.services.segments.plugin [-] Segment d1942b90-e791-4bc3-99b7-0754a26f9a93 resource provider aggregate not found
2026-06-25 23:35:51.034 9 INFO neutron.services.segments.plugin [-] Segment d1942b90-e791-4bc3-99b7-0754a26f9a93 resource provider aggregate not found
2026-06-25 23:35:51.054 9 INFO neutron.services.segments.plugin [-] Segment d1942b90-e791-4bc3-99b7-0754a26f9a93 resource provider not found; error: Placement Client Error (4xx): {"errors": [{"status": 404, "title": "Not Found", "detail": "The resource could not be found.\n\n No resource provider with uuid d1942b90-e791-4bc3-99b7-0754a26f9a93 found for delete ", "request_id": "req-cb29c25b-adf5-44ab-b02f-3fbc85a5b1ef"}]}
2026-06-25 23:35:51.056 9 INFO neutron.services.segments.plugin [-] Segment d1942b90-e791-4bc3-99b7-0754a26f9a93 resource provider not found; error: Placement Client Error (4xx): {"errors": [{"status": 404, "title": "Not Found", "detail": "The resource could not be found.\n\n No resource provider with uuid d1942b90-e791-4bc3-99b7-0754a26f9a93 found for delete ", "request_id": "req-ae8620b3-b804-4129-8f83-7e24110854c6"}]}
2026-06-25 23:35:51.070 9 INFO neutron.wsgi [None req-14fa0c9b-5404-464f-a2b5-c4574d9b3732 142e9bac358c4c41ae6b9e3c269d61e7 b3005505919a4184b0e7ec1a12962ed6 - - default default] 10.0.0.142 "DELETE /v2.0/networks/66ac5a2b-0cab-4c7b-8068-3ac79e1547fb HTTP/1.1" status: 204 len: 168 time: 0.6674395
2026-06-25 23:35:51.080 10 INFO neutron.wsgi [None req-db10b720-645d-4e70-b345-7dd543df8140 332393fe5e164dfc9bf8ce3b9c4c6d6c 13259da53bc9419fa1e64431162daf77 - - default default] 10.0.0.142 "GET /v2.0/floatingips?not-tags-any=blue HTTP/1.1" status: 200 len: 1838 time: 0.0506930
2026-06-25 23:35:51.096 9 INFO neutron.pecan_wsgi.hooks.translation [None req-c4b31788-e7c5-472c-b035-dcc4d682018e 142e9bac358c4c41ae6b9e3c269d61e7 b3005505919a4184b0e7ec1a12962ed6 - - default default] DELETE failed (client error): The resource could not be found.
2026-06-25 23:35:51.099 9 INFO neutron.wsgi [None req-c4b31788-e7c5-472c-b035-dcc4d682018e 142e9bac358c4c41ae6b9e3c269d61e7 b3005505919a4184b0e7ec1a12962ed6 - - default default] 10.0.0.142 "DELETE /v2.0/subnets/d43a6e66-122e-4a5d-8c37-d8331137ed38 HTTP/1.1" status: 404 len: 337 time: 0.0204945
2026-06-25 23:35:51.119 9 INFO neutron.pecan_wsgi.hooks.translation [None req-d8a0f62b-be40-4580-9eef-99314c7941b6 142e9bac358c4c41ae6b9e3c269d61e7 b3005505919a4184b0e7ec1a12962ed6 - - default default] DELETE failed (client error): The resource could not be found.
2026-06-25 23:35:51.121 9 INFO neutron.wsgi [None req-d8a0f62b-be40-4580-9eef-99314c7941b6 142e9bac358c4c41ae6b9e3c269d61e7 b3005505919a4184b0e7ec1a12962ed6 - - default default] 10.0.0.142 "DELETE /v2.0/subnets/83a47196-2ba8-4090-9a80-7917c31da739 HTTP/1.1" status: 404 len: 337 time: 0.0173535
2026-06-25 23:35:51.135 10 INFO neutron.wsgi [None req-742ff3a6-ea07-4a49-bed1-2afe97bdf3f2 332393fe5e164dfc9bf8ce3b9c4c6d6c 13259da53bc9419fa1e64431162daf77 - - default default] 10.0.0.142 "GET /v2.0/floatingips?not-tags-any=red%2Cblue HTTP/1.1" status: 200 len: 1295 time: 0.0497780
2026-06-25 23:35:51.147 9 INFO neutron.pecan_wsgi.hooks.translation [None req-cd1cff19-ef21-4d9d-beba-522d3b11b5e9 142e9bac358c4c41ae6b9e3c269d61e7 b3005505919a4184b0e7ec1a12962ed6 - - default default] DELETE failed (client error): The resource could not be found.
2026-06-25 23:35:51.150 9 INFO neutron.wsgi [None req-cd1cff19-ef21-4d9d-beba-522d3b11b5e9 142e9bac358c4c41ae6b9e3c269d61e7 b3005505919a4184b0e7ec1a12962ed6 - - default default] 10.0.0.142 "DELETE /v2.0/subnets/4d1543a1-3b37-471c-ab0a-36a1222bff89 HTTP/1.1" status: 404 len: 337 time: 0.0201895
2026-06-25 23:35:51.216 10 INFO neutron.notifiers.nova [-] Nova event matching ['req-b122f885-2afc-44ae-aa7d-94538e31ffbe'] response: {'server_uuid': 'd09a5850-d3cd-4f49-a4cf-9cb931e49437', 'name': 'network-vif-unplugged', 'status': 'completed', 'tag': 'bb3a7ae3-0718-4e17-bdda-ebf59f1c7042', 'code': 200}
2026-06-25 23:35:51.217 10 INFO neutron.notifiers.nova [-] Nova event matching ['req-b122f885-2afc-44ae-aa7d-94538e31ffbe'] response: {'server_uuid': 'd09a5850-d3cd-4f49-a4cf-9cb931e49437', 'name': 'network-vif-deleted', 'tag': 'bb3a7ae3-0718-4e17-bdda-ebf59f1c7042', 'status': 'completed', 'code': 200}
2026-06-25 23:35:51.590 10 INFO neutron.wsgi [None req-805050d5-e637-4505-ae85-203801b8428d 332393fe5e164dfc9bf8ce3b9c4c6d6c 13259da53bc9419fa1e64431162daf77 - - default default] 10.0.0.142 "DELETE /v2.0/floatingips/60a5dc2a-a7a4-4760-ad71-149b250bd64d HTTP/1.1" status: 204 len: 168 time: 0.4464183
2026-06-25 23:35:51.949 10 INFO neutron.wsgi [None req-8965123c-2ab2-41fb-948b-c64256b4aed3 332393fe5e164dfc9bf8ce3b9c4c6d6c 13259da53bc9419fa1e64431162daf77 - - default default] 10.0.0.142 "DELETE /v2.0/floatingips/19cbf93d-7418-47b6-aa2c-c9268043144f HTTP/1.1" status: 204 len: 168 time: 0.3546445
2026-06-25 23:35:52.326 9 INFO neutron.db.ovn_revision_numbers_db [None req-f5210d1f-82ba-4f53-ab05-0f79b7d0e58a 24ec6474ecc044e2ae41c0deeced700c 67966b601ed3482bad44ef025a8e5458 - - default default] Successfully bumped revision number for resource c1043081-fd70-4760-9873-b5a11b54a145 (type: security_groups) to 1
2026-06-25 23:35:52.351 9 INFO neutron.db.ovn_revision_numbers_db [None req-f5210d1f-82ba-4f53-ab05-0f79b7d0e58a 24ec6474ecc044e2ae41c0deeced700c 67966b601ed3482bad44ef025a8e5458 - - default default] Successfully bumped revision number for resource 371a8cef-1be8-4be8-8a8d-b4e94e1ced2b (type: security_group_rules) to 0
2026-06-25 23:35:52.379 9 INFO neutron.db.ovn_revision_numbers_db [None req-f5210d1f-82ba-4f53-ab05-0f79b7d0e58a 24ec6474ecc044e2ae41c0deeced700c 67966b601ed3482bad44ef025a8e5458 - - default default] Successfully bumped revision number for resource 4c9d322a-ce6d-4063-9dad-6efd3504a144 (type: security_group_rules) to 0
2026-06-25 23:35:52.412 9 INFO neutron.db.ovn_revision_numbers_db [None req-f5210d1f-82ba-4f53-ab05-0f79b7d0e58a 24ec6474ecc044e2ae41c0deeced700c 67966b601ed3482bad44ef025a8e5458 - - default default] Successfully bumped revision number for resource 61975f14-2754-4299-b4eb-3e8d95ae39db (type: security_group_rules) to 0
2026-06-25 23:35:52.445 9 INFO neutron.db.ovn_revision_numbers_db [None req-f5210d1f-82ba-4f53-ab05-0f79b7d0e58a 24ec6474ecc044e2ae41c0deeced700c 67966b601ed3482bad44ef025a8e5458 - - default default] Successfully bumped revision number for resource 739cf31b-8929-4007-adab-3d96116b725f (type: security_group_rules) to 0
2026-06-25 23:35:52.477 9 INFO neutron.wsgi [None req-f5210d1f-82ba-4f53-ab05-0f79b7d0e58a 24ec6474ecc044e2ae41c0deeced700c 67966b601ed3482bad44ef025a8e5458 - - default default] 10.0.0.142 "GET /v2.0/security-groups?tenant_id=2b42eda78aa4403a8967c4378e7a7501&name=default HTTP/1.1" status: 200 len: 3120 time: 0.5466666
2026-06-25 23:35:52.546 9 INFO neutron.wsgi [None req-de8e1af5-75e9-4b20-9482-958b7c4733b0 332393fe5e164dfc9bf8ce3b9c4c6d6c 13259da53bc9419fa1e64431162daf77 - - default default] 10.0.0.142 "DELETE /v2.0/floatingips/d4214a3f-0d12-4000-81ae-2bf28aeaacf5 HTTP/1.1" status: 204 len: 168 time: 0.5904429
2026-06-25 23:35:53.224 10 INFO neutron.wsgi [-] 10.0.0.165 "GET / HTTP/1.1" status: 200 len: 245 time: 0.0021584
2026-06-25 23:35:53.227 10 INFO neutron.wsgi [-] 10.0.0.165 "GET / HTTP/1.1" status: 200 len: 245 time: 0.0012097
2026-06-25 23:35:53.354 10 INFO neutron.wsgi [None req-84848a03-c55e-4b7e-8305-04f0a4b58c99 24ec6474ecc044e2ae41c0deeced700c 67966b601ed3482bad44ef025a8e5458 - - default default] 10.0.0.142 "DELETE /v2.0/security-groups/c1043081-fd70-4760-9873-b5a11b54a145 HTTP/1.1" status: 204 len: 168 time: 0.8688202
2026-06-25 23:35:53.374 9 INFO neutron.wsgi [None req-b1b3f5e3-55ab-49d0-9b92-e34a32bbc8a5 24ec6474ecc044e2ae41c0deeced700c 67966b601ed3482bad44ef025a8e5458 - - default default] 10.0.0.142 "PUT /v2.0/routers/06029335-adc1-427a-8231-c8b92c1a608c/remove_router_interface HTTP/1.1" status: 200 len: 503 time: 1.5704384 /var/lib/openstack/lib/python3.10/site-packages/pycadf/identifier.py:71: UserWarning: Invalid uuid: neutron. To ensure interoperability, identifiers should be a valid uuid. warnings.warn(('Invalid uuid: %s. To ensure interoperability, '
2026-06-25 23:35:53.548 10 INFO neutron.wsgi [None req-ccf19f77-d093-4427-a57c-0914549e8237 332393fe5e164dfc9bf8ce3b9c4c6d6c 13259da53bc9419fa1e64431162daf77 - - default default] 10.0.0.142 "DELETE /v2.0/floatingips/98abdb79-de13-4eb4-b156-cda220e18be7 HTTP/1.1" status: 204 len: 168 time: 0.9940472
2026-06-25 23:35:53.677 10 INFO neutron.db.ovn_revision_numbers_db [None req-32ad4d6d-ddc1-4826-87e6-4ba55089ec78 24ec6474ecc044e2ae41c0deeced700c 67966b601ed3482bad44ef025a8e5458 - - default default] Successfully bumped revision number for resource c56b2119-3f1e-4234-a6e9-bcc47cadcb0a (type: security_groups) to 1
2026-06-25 23:35:53.697 10 INFO neutron.db.ovn_revision_numbers_db [None req-32ad4d6d-ddc1-4826-87e6-4ba55089ec78 24ec6474ecc044e2ae41c0deeced700c 67966b601ed3482bad44ef025a8e5458 - - default default] Successfully bumped revision number for resource 418c7d30-360e-46c0-bfed-2e493502c79b (type: security_group_rules) to 0
2026-06-25 23:35:53.723 10 INFO neutron.db.ovn_revision_numbers_db [None req-32ad4d6d-ddc1-4826-87e6-4ba55089ec78 24ec6474ecc044e2ae41c0deeced700c 67966b601ed3482bad44ef025a8e5458 - - default default] Successfully bumped revision number for resource 646d0739-07c6-4770-a4bc-d929c30e34b9 (type: security_group_rules) to 0
2026-06-25 23:35:53.749 10 INFO neutron.db.ovn_revision_numbers_db [None req-32ad4d6d-ddc1-4826-87e6-4ba55089ec78 24ec6474ecc044e2ae41c0deeced700c 67966b601ed3482bad44ef025a8e5458 - - default default] Successfully bumped revision number for resource f374387a-ce8a-4a1a-b56a-fb90c131a786 (type: security_group_rules) to 0
2026-06-25 23:35:53.789 10 INFO neutron.db.ovn_revision_numbers_db [None req-32ad4d6d-ddc1-4826-87e6-4ba55089ec78 24ec6474ecc044e2ae41c0deeced700c 67966b601ed3482bad44ef025a8e5458 - - default default] Successfully bumped revision number for resource fd7fe7c1-5451-467d-abb0-9b3c9c74c6a3 (type: security_group_rules) to 0
2026-06-25 23:35:53.820 10 INFO neutron.wsgi [None req-32ad4d6d-ddc1-4826-87e6-4ba55089ec78 24ec6474ecc044e2ae41c0deeced700c 67966b601ed3482bad44ef025a8e5458 - - default default] 10.0.0.142 "GET /v2.0/security-groups?tenant_id=5637ab7e254c4576bbd5c5e8136b5ea6&name=default HTTP/1.1" status: 200 len: 3120 time: 0.3483586
2026-06-25 23:35:54.034 10 INFO neutron.wsgi [None req-7f7ace32-d0d7-4cad-a78d-478b13d7d52e 332393fe5e164dfc9bf8ce3b9c4c6d6c 13259da53bc9419fa1e64431162daf77 - - default default] 10.0.0.142 "DELETE /v2.0/floatingips/d8097803-bf77-410d-b740-a643b5ce378a HTTP/1.1" status: 204 len: 168 time: 0.4790251
2026-06-25 23:35:54.117 10 INFO neutron.wsgi [None req-e8d6c4b1-bd4f-4ab4-9da1-5b7b809a6300 24ec6474ecc044e2ae41c0deeced700c 67966b601ed3482bad44ef025a8e5458 - - default default] 10.0.0.142 "DELETE /v2.0/security-groups/c56b2119-3f1e-4234-a6e9-bcc47cadcb0a HTTP/1.1" status: 204 len: 168 time: 0.2888370
2026-06-25 23:35:54.272 10 INFO neutron.wsgi [None req-16c77dc0-83e1-4617-b2b7-ef4944e739c4 24ec6474ecc044e2ae41c0deeced700c 67966b601ed3482bad44ef025a8e5458 - - default default] 10.0.0.142 "GET /v2.0/security-groups?tenant_id=b3005505919a4184b0e7ec1a12962ed6&name=default HTTP/1.1" status: 200 len: 3120 time: 0.0385752
2026-06-25 23:35:54.522 10 INFO neutron.wsgi [None req-1594deeb-4d4e-41cd-98c5-9901968532d7 24ec6474ecc044e2ae41c0deeced700c 67966b601ed3482bad44ef025a8e5458 - - default default] 10.0.0.142 "DELETE /v2.0/security-groups/60731bce-dd62-40d7-b777-bfde682e6cb7 HTTP/1.1" status: 204 len: 168 time: 0.2431285
2026-06-25 23:35:54.618 9 INFO neutron.wsgi [None req-afae4269-e10f-4cae-b053-22d43806bb00 24ec6474ecc044e2ae41c0deeced700c 67966b601ed3482bad44ef025a8e5458 - - default default] 10.0.0.142 "DELETE /v2.0/routers/06029335-adc1-427a-8231-c8b92c1a608c HTTP/1.1" status: 204 len: 168 time: 1.2378821
2026-06-25 23:35:54.841 9 INFO neutron.wsgi [None req-9ad8ec8a-8d5d-4324-9a4a-c78cfcba0eac 24ec6474ecc044e2ae41c0deeced700c 67966b601ed3482bad44ef025a8e5458 - - default default] 10.0.0.142 "DELETE /v2.0/subnets/f77be1f8-c5b6-49b1-8309-f5e80c3919fe HTTP/1.1" status: 204 len: 168 time: 0.2175679
2026-06-25 23:35:55.184 10 INFO neutron.db.ovn_revision_numbers_db [None req-390361f1-f744-4da9-aeca-d462238f8627 24ec6474ecc044e2ae41c0deeced700c 67966b601ed3482bad44ef025a8e5458 - - default default] Successfully bumped revision number for resource 061936c5-fe5f-409d-a936-fc52f0053309 (type: security_groups) to 1
2026-06-25 23:35:55.202 9 INFO neutron.services.segments.plugin [-] Segment 75a90596-ceb9-4ffa-974d-2008a693979e resource provider aggregate not found
2026-06-25 23:35:55.206 9 INFO neutron.services.segments.plugin [-] Segment 75a90596-ceb9-4ffa-974d-2008a693979e resource provider aggregate not found
2026-06-25 23:35:55.219 9 INFO neutron.services.segments.plugin [-] Segment 75a90596-ceb9-4ffa-974d-2008a693979e resource provider not found; error: Placement Client Error (4xx): {"errors": [{"status": 404, "title": "Not Found", "detail": "The resource could not be found.\n\n No resource provider with uuid 75a90596-ceb9-4ffa-974d-2008a693979e found for delete ", "request_id": "req-dc8433f9-f249-4dc3-a421-54e0d3b0d7dd"}]}
2026-06-25 23:35:55.219 10 INFO neutron.db.ovn_revision_numbers_db [None req-390361f1-f744-4da9-aeca-d462238f8627 24ec6474ecc044e2ae41c0deeced700c 67966b601ed3482bad44ef025a8e5458 - - default default] Successfully bumped revision number for resource 2ef89369-333b-49d8-a3f3-4d3261fb8b34 (type: security_group_rules) to 0
2026-06-25 23:35:55.222 9 INFO neutron.services.segments.plugin [-] Segment 75a90596-ceb9-4ffa-974d-2008a693979e resource provider not found; error: Placement Client Error (4xx): {"errors": [{"status": 404, "title": "Not Found", "detail": "The resource could not be found.\n\n No resource provider with uuid 75a90596-ceb9-4ffa-974d-2008a693979e found for delete ", "request_id": "req-051b81e4-fe68-43eb-b25e-cc22f45ce952"}]}
2026-06-25 23:35:55.241 10 INFO neutron.db.ovn_revision_numbers_db [None req-390361f1-f744-4da9-aeca-d462238f8627 24ec6474ecc044e2ae41c0deeced700c 67966b601ed3482bad44ef025a8e5458 - - default default] Successfully bumped revision number for resource b190fe4d-d44e-4a1e-8c35-dec0bf3be69c (type: security_group_rules) to 0
2026-06-25 23:35:55.253 9 INFO neutron.wsgi [None req-fb2477fe-163e-46fb-b579-eff64ab46e05 24ec6474ecc044e2ae41c0deeced700c 67966b601ed3482bad44ef025a8e5458 - - default default] 10.0.0.142 "DELETE /v2.0/networks/81a26c7f-bde3-4047-8066-79cddb19116a HTTP/1.1" status: 204 len: 168 time: 0.4051874
2026-06-25 23:35:55.258 10 INFO neutron.db.ovn_revision_numbers_db [None req-390361f1-f744-4da9-aeca-d462238f8627 24ec6474ecc044e2ae41c0deeced700c 67966b601ed3482bad44ef025a8e5458 - - default default] Successfully bumped revision number for resource d6f4b852-53a3-4d4c-a5e0-b2f6e11c70b2 (type: security_group_rules) to 0
2026-06-25 23:35:55.286 10 INFO neutron.db.ovn_revision_numbers_db [None req-390361f1-f744-4da9-aeca-d462238f8627 24ec6474ecc044e2ae41c0deeced700c 67966b601ed3482bad44ef025a8e5458 - - default default] Successfully bumped revision number for resource daf03f8e-1a44-48f0-861e-201b7ef9ea36 (type: security_group_rules) to 0
2026-06-25 23:35:55.309 10 INFO neutron.wsgi [None req-390361f1-f744-4da9-aeca-d462238f8627 24ec6474ecc044e2ae41c0deeced700c 67966b601ed3482bad44ef025a8e5458 - - default default] 10.0.0.142 "GET /v2.0/security-groups?tenant_id=03886c804e7643fd81ca21fd2938688e&name=default HTTP/1.1" status: 200 len: 3120 time: 0.3947198
2026-06-25 23:35:55.411 10 INFO neutron.wsgi [None req-36f6c4cc-c3c1-45ee-9a08-f3eeb5309b83 24ec6474ecc044e2ae41c0deeced700c 67966b601ed3482bad44ef025a8e5458 - - default default] 10.0.0.142 "GET /v2.0/security-groups?tenant_id=b483b4b91bea4e60be4825fb1f2390bd&name=default HTTP/1.1" status: 200 len: 3120 time: 0.0533979
2026-06-25 23:35:55.587 9 INFO neutron.wsgi [None req-6d2ad1b2-1ede-4c45-bb45-3852b755b8a9 24ec6474ecc044e2ae41c0deeced700c 67966b601ed3482bad44ef025a8e5458 - - default default] 10.0.0.142 "DELETE /v2.0/security-groups/061936c5-fe5f-409d-a936-fc52f0053309 HTTP/1.1" status: 204 len: 168 time: 0.2702703
2026-06-25 23:35:55.666 10 INFO neutron.wsgi [None req-84ce2331-e370-4ba8-b5c7-b1c8ba6e41fc 24ec6474ecc044e2ae41c0deeced700c 67966b601ed3482bad44ef025a8e5458 - - default default] 10.0.0.142 "DELETE /v2.0/security-groups/a87951af-e3f8-4247-9419-2934a090e6ea HTTP/1.1" status: 204 len: 168 time: 0.2511649
2026-06-25 23:35:55.807 10 INFO neutron.db.ovn_revision_numbers_db [None req-89bb8017-04b3-4dd2-adf0-c9f43aba8609 24ec6474ecc044e2ae41c0deeced700c 67966b601ed3482bad44ef025a8e5458 - - default default] Successfully bumped revision number for resource 220ae32b-aea7-4390-b43e-7337da1daa3a (type: security_groups) to 1
2026-06-25 23:35:55.821 10 INFO neutron.db.ovn_revision_numbers_db [None req-89bb8017-04b3-4dd2-adf0-c9f43aba8609 24ec6474ecc044e2ae41c0deeced700c 67966b601ed3482bad44ef025a8e5458 - - default default] Successfully bumped revision number for resource 051af411-3f4d-46b3-909d-8eac477c9c09 (type: security_group_rules) to 0
2026-06-25 23:35:55.834 10 INFO neutron.db.ovn_revision_numbers_db [None req-89bb8017-04b3-4dd2-adf0-c9f43aba8609 24ec6474ecc044e2ae41c0deeced700c 67966b601ed3482bad44ef025a8e5458 - - default default] Successfully bumped revision number for resource 0bae21a0-d788-4639-93f7-21c9933dda37 (type: security_group_rules) to 0
2026-06-25 23:35:55.850 10 INFO neutron.db.ovn_revision_numbers_db [None req-89bb8017-04b3-4dd2-adf0-c9f43aba8609 24ec6474ecc044e2ae41c0deeced700c 67966b601ed3482bad44ef025a8e5458 - - default default] Successfully bumped revision number for resource 15f5ff17-d345-4089-be9a-70a0c7a16f84 (type: security_group_rules) to 0
2026-06-25 23:35:55.865 10 INFO neutron.db.ovn_revision_numbers_db [None req-89bb8017-04b3-4dd2-adf0-c9f43aba8609 24ec6474ecc044e2ae41c0deeced700c 67966b601ed3482bad44ef025a8e5458 - - default default] Successfully bumped revision number for resource 8549c150-a9cd-4cc4-a211-f7010e40bf9b (type: security_group_rules) to 0
2026-06-25 23:35:55.894 10 INFO neutron.wsgi [None req-89bb8017-04b3-4dd2-adf0-c9f43aba8609 24ec6474ecc044e2ae41c0deeced700c 67966b601ed3482bad44ef025a8e5458 - - default default] 10.0.0.142 "GET /v2.0/security-groups?tenant_id=13259da53bc9419fa1e64431162daf77&name=default HTTP/1.1" status: 200 len: 3120 time: 0.2134309
2026-06-25 23:35:56.117 9 INFO neutron.wsgi [None req-b70bbb22-f889-4a39-8088-140b2343a48e 24ec6474ecc044e2ae41c0deeced700c 67966b601ed3482bad44ef025a8e5458 - - default default] 10.0.0.142 "DELETE /v2.0/security-groups/220ae32b-aea7-4390-b43e-7337da1daa3a HTTP/1.1" status: 204 len: 168 time: 0.2172461
2026-06-25 23:35:56.431 9 INFO neutron.db.ovn_revision_numbers_db [None req-27829db2-efc1-4d45-b487-d15cf753e7c3 24ec6474ecc044e2ae41c0deeced700c 67966b601ed3482bad44ef025a8e5458 - - default default] Successfully bumped revision number for resource b8081eca-a066-4499-95fd-11cecc0159ff (type: security_groups) to 1
2026-06-25 23:35:56.451 9 INFO neutron.db.ovn_revision_numbers_db [None req-27829db2-efc1-4d45-b487-d15cf753e7c3 24ec6474ecc044e2ae41c0deeced700c 67966b601ed3482bad44ef025a8e5458 - - default default] Successfully bumped revision number for resource 5b5a8703-eb95-4471-8693-a5bf3e12930e (type: security_group_rules) to 0
2026-06-25 23:35:56.467 9 INFO neutron.db.ovn_revision_numbers_db [None req-27829db2-efc1-4d45-b487-d15cf753e7c3 24ec6474ecc044e2ae41c0deeced700c 67966b601ed3482bad44ef025a8e5458 - - default default] Successfully bumped revision number for resource 7790b69c-fc3e-429c-b5ba-eae7a68ad4d7 (type: security_group_rules) to 0
2026-06-25 23:35:56.483 9 INFO neutron.db.ovn_revision_numbers_db [None req-27829db2-efc1-4d45-b487-d15cf753e7c3 24ec6474ecc044e2ae41c0deeced700c 67966b601ed3482bad44ef025a8e5458 - - default default] Successfully bumped revision number for resource a1cb7174-86fa-45d4-b244-0408e263c264 (type: security_group_rules) to 0
2026-06-25 23:35:56.498 9 INFO neutron.db.ovn_revision_numbers_db [None req-27829db2-efc1-4d45-b487-d15cf753e7c3 24ec6474ecc044e2ae41c0deeced700c 67966b601ed3482bad44ef025a8e5458 - - default default] Successfully bumped revision number for resource f451f064-de4b-4f39-87ea-afc16e24150c (type: security_group_rules) to 0
2026-06-25 23:35:56.529 9 INFO neutron.wsgi [None req-27829db2-efc1-4d45-b487-d15cf753e7c3 24ec6474ecc044e2ae41c0deeced700c 67966b601ed3482bad44ef025a8e5458 - - default default] 10.0.0.142 "GET /v2.0/security-groups?tenant_id=f0f32fd756684f4f92f34476de236ab4&name=default HTTP/1.1" status: 200 len: 3120 time: 0.2405245
2026-06-25 23:35:56.784 10 INFO neutron.wsgi [None req-304a385f-ebfa-4fe9-8a5e-995970620873 24ec6474ecc044e2ae41c0deeced700c 67966b601ed3482bad44ef025a8e5458 - - default default] 10.0.0.142 "DELETE /v2.0/security-groups/b8081eca-a066-4499-95fd-11cecc0159ff HTTP/1.1" status: 204 len: 168 time: 0.2506146
2026-06-25 23:35:58.624 10 INFO neutron.wsgi [req-07583fba-30c7-43a6-bab6-bfdcb25cbc63 req-609380ac-e981-4c43-b644-d8a9d83433ec 420cd27760f34920be6b26b13f4cadc3 09f9847f6c954d51aee4f7ccac8f7703 - - 32030298995a4f68b858402ad4c34d20 32030298995a4f68b858402ad4c34d20] 10.0.0.98 "GET /v2.0/ports?device_id=a1b83055-b09a-4e91-a607-585b6c2d478b HTTP/1.1" status: 200 len: 1413 time: 0.3754098
2026-06-25 23:35:58.698 10 INFO neutron.wsgi [req-07583fba-30c7-43a6-bab6-bfdcb25cbc63 req-3320ab48-1217-42c6-9282-116b0805d5df 420cd27760f34920be6b26b13f4cadc3 09f9847f6c954d51aee4f7ccac8f7703 - - 32030298995a4f68b858402ad4c34d20 32030298995a4f68b858402ad4c34d20] 10.0.0.98 "GET /v2.0/security-groups?id=645d46e5-2cf5-4a5a-b00a-e4dfa8d48b76&fields=id&fields=name HTTP/1.1" status: 200 len: 313 time: 0.0630157
2026-06-25 23:35:58.707 10 INFO neutron.wsgi [req-1633c067-b05a-4c97-b64e-9cfac6e16aa6 req-d15bfd38-fac5-471a-b2c2-1902919ef8b7 420cd27760f34920be6b26b13f4cadc3 09f9847f6c954d51aee4f7ccac8f7703 - - 32030298995a4f68b858402ad4c34d20 32030298995a4f68b858402ad4c34d20] 199.19.213.157 "GET /v2.0/ports?device_id=a1b83055-b09a-4e91-a607-585b6c2d478b&fields=binding%3Ahost_id&fields=binding%3Avif_type HTTP/1.1" status: 200 len: 265 time: 0.0449996
2026-06-25 23:35:58.818 10 INFO neutron.wsgi [req-1633c067-b05a-4c97-b64e-9cfac6e16aa6 req-7ccd58b7-9810-457c-8867-d632a9ebd5dc 420cd27760f34920be6b26b13f4cadc3 09f9847f6c954d51aee4f7ccac8f7703 - - 32030298995a4f68b858402ad4c34d20 32030298995a4f68b858402ad4c34d20] 199.19.213.157 "GET /v2.0/ports?tenant_id=9261655c00ba4c4bb51817a1ad37b901&device_id=a1b83055-b09a-4e91-a607-585b6c2d478b HTTP/1.1" status: 200 len: 1413 time: 0.0493519
2026-06-25 23:35:58.922 10 INFO neutron.wsgi [req-1633c067-b05a-4c97-b64e-9cfac6e16aa6 req-d813a726-55f3-41b1-9a21-ff0c4883ae47 420cd27760f34920be6b26b13f4cadc3 09f9847f6c954d51aee4f7ccac8f7703 - - 32030298995a4f68b858402ad4c34d20 32030298995a4f68b858402ad4c34d20] 199.19.213.157 "GET /v2.0/networks?id=56a4cafb-6303-492d-9d30-8fffe953efe7 HTTP/1.1" status: 200 len: 959 time: 0.0731440
2026-06-25 23:35:58.972 10 INFO neutron.wsgi [req-1633c067-b05a-4c97-b64e-9cfac6e16aa6 req-71cb54ed-ea56-429a-9241-6a3b27dbb6bf 420cd27760f34920be6b26b13f4cadc3 09f9847f6c954d51aee4f7ccac8f7703 - - 32030298995a4f68b858402ad4c34d20 32030298995a4f68b858402ad4c34d20] 199.19.213.157 "GET /v2.0/floatingips?fixed_ip_address=10.100.0.13&port_id=adc68100-f78e-4609-98d1-5237568c80a2 HTTP/1.1" status: 200 len: 1060 time: 0.0417838
2026-06-25 23:35:59.006 10 INFO neutron.wsgi [req-1633c067-b05a-4c97-b64e-9cfac6e16aa6 req-d69f9db1-4612-4229-b9a4-d83645af70b2 420cd27760f34920be6b26b13f4cadc3 09f9847f6c954d51aee4f7ccac8f7703 - - 32030298995a4f68b858402ad4c34d20 32030298995a4f68b858402ad4c34d20] 199.19.213.157 "GET /v2.0/subnets?id=a34999ef-6f15-4902-8b88-020dd826d626 HTTP/1.1" status: 200 len: 852 time: 0.0258787
2026-06-25 23:35:59.036 10 INFO neutron.wsgi [req-1633c067-b05a-4c97-b64e-9cfac6e16aa6 req-935e87fc-b140-4ce7-bea3-5f61a1a18b37 420cd27760f34920be6b26b13f4cadc3 09f9847f6c954d51aee4f7ccac8f7703 - - 32030298995a4f68b858402ad4c34d20 32030298995a4f68b858402ad4c34d20] 199.19.213.157 "GET /v2.0/ports?network_id=56a4cafb-6303-492d-9d30-8fffe953efe7&device_owner=network%3Adhcp HTTP/1.1" status: 200 len: 210 time: 0.0215027
2026-06-25 23:35:59.093 10 INFO neutron.wsgi [req-1633c067-b05a-4c97-b64e-9cfac6e16aa6 req-8ca02279-223e-42af-bda1-f21f2c5eee8f 420cd27760f34920be6b26b13f4cadc3 09f9847f6c954d51aee4f7ccac8f7703 - - 32030298995a4f68b858402ad4c34d20 32030298995a4f68b858402ad4c34d20] 199.19.213.157 "GET /v2.0/networks/56a4cafb-6303-492d-9d30-8fffe953efe7?fields=segments HTTP/1.1" status: 200 len: 212 time: 0.0490456
2026-06-25 23:35:59.150 10 INFO neutron.wsgi [req-1633c067-b05a-4c97-b64e-9cfac6e16aa6 req-21afe10a-a48c-4655-add3-750275787a03 420cd27760f34920be6b26b13f4cadc3 09f9847f6c954d51aee4f7ccac8f7703 - - 32030298995a4f68b858402ad4c34d20 32030298995a4f68b858402ad4c34d20] 199.19.213.157 "GET /v2.0/networks/56a4cafb-6303-492d-9d30-8fffe953efe7?fields=provider%3Aphysical_network&fields=provider%3Anetwork_type HTTP/1.1" status: 200 len: 277 time: 0.0510504
2026-06-25 23:35:59.385 9 WARNING neutron_lib.context [None req-45c3d9ec-5e02-49cf-a436-90822c21f6e5 e9749bc1a5fa4d7a89ca48db033296bb 462c0c671f3c43bbb95a4a9c34b507bd - - default default] Method 'is_advsvc' is deprecated since 2023.2 release (neutron-lib 3.8.0) and will be removed once support for the old RBAC API policies will be removed from Neutron. Please use method 'is_service_role' instead.
2026-06-25 23:35:59.566 9 INFO neutron.db.ovn_revision_numbers_db [None req-45c3d9ec-5e02-49cf-a436-90822c21f6e5 e9749bc1a5fa4d7a89ca48db033296bb 462c0c671f3c43bbb95a4a9c34b507bd - - default default] Successfully bumped revision number for resource acb3d896-3741-4459-b4f3-1fda028ae090 (type: security_groups) to 1
2026-06-25 23:35:59.581 9 INFO neutron.db.ovn_revision_numbers_db [None req-45c3d9ec-5e02-49cf-a436-90822c21f6e5 e9749bc1a5fa4d7a89ca48db033296bb 462c0c671f3c43bbb95a4a9c34b507bd - - default default] Successfully bumped revision number for resource 3b7f0587-f778-4620-bbd2-d643d9c5bfab (type: security_group_rules) to 0
2026-06-25 23:35:59.603 9 INFO neutron.db.ovn_revision_numbers_db [None req-45c3d9ec-5e02-49cf-a436-90822c21f6e5 e9749bc1a5fa4d7a89ca48db033296bb 462c0c671f3c43bbb95a4a9c34b507bd - - default default] Successfully bumped revision number for resource 5013f84a-9a6c-42b6-972b-866d3db2be93 (type: security_group_rules) to 0
2026-06-25 23:35:59.627 9 INFO neutron.db.ovn_revision_numbers_db [None req-45c3d9ec-5e02-49cf-a436-90822c21f6e5 e9749bc1a5fa4d7a89ca48db033296bb 462c0c671f3c43bbb95a4a9c34b507bd - - default default] Successfully bumped revision number for resource 5530c20a-f895-4706-8602-ed3fcb34eda1 (type: security_group_rules) to 0
2026-06-25 23:35:59.647 9 INFO neutron.db.ovn_revision_numbers_db [None req-45c3d9ec-5e02-49cf-a436-90822c21f6e5 e9749bc1a5fa4d7a89ca48db033296bb 462c0c671f3c43bbb95a4a9c34b507bd - - default default] Successfully bumped revision number for resource b7646370-e536-4633-9ec2-9d3847827ecf (type: security_group_rules) to 0
2026-06-25 23:35:59.743 9 INFO neutron.db.ovn_revision_numbers_db [None req-45c3d9ec-5e02-49cf-a436-90822c21f6e5 e9749bc1a5fa4d7a89ca48db033296bb 462c0c671f3c43bbb95a4a9c34b507bd - - default default] Successfully bumped revision number for resource 39a28165-08ab-45c7-a6c7-0e5cc46581c0 (type: security_groups) to 1
2026-06-25 23:35:59.755 9 INFO neutron.db.ovn_revision_numbers_db [None req-45c3d9ec-5e02-49cf-a436-90822c21f6e5 e9749bc1a5fa4d7a89ca48db033296bb 462c0c671f3c43bbb95a4a9c34b507bd - - default default] Successfully bumped revision number for resource 14782034-c8c8-4d7d-bd2f-c2389c0897f7 (type: security_group_rules) to 0
2026-06-25 23:35:59.767 9 INFO neutron.db.ovn_revision_numbers_db [None req-45c3d9ec-5e02-49cf-a436-90822c21f6e5 e9749bc1a5fa4d7a89ca48db033296bb 462c0c671f3c43bbb95a4a9c34b507bd - - default default] Successfully bumped revision number for resource a75fa241-e21d-4ac7-ab07-29b983cb0e81 (type: security_group_rules) to 0
2026-06-25 23:35:59.788 9 INFO neutron.wsgi [None req-45c3d9ec-5e02-49cf-a436-90822c21f6e5 e9749bc1a5fa4d7a89ca48db033296bb 462c0c671f3c43bbb95a4a9c34b507bd - - default default] 10.0.0.142 "POST /v2.0/security-groups HTTP/1.1" status: 201 len: 1801 time: 0.6480296
2026-06-25 23:35:59.797 10 WARNING neutron_lib.context [None req-12d0adcf-3d4a-4812-a59c-250fa1295d83 e9749bc1a5fa4d7a89ca48db033296bb 462c0c671f3c43bbb95a4a9c34b507bd - - default default] Method 'is_advsvc' is deprecated since 2023.2 release (neutron-lib 3.8.0) and will be removed once support for the old RBAC API policies will be removed from Neutron. Please use method 'is_service_role' instead.
2026-06-25 23:35:59.874 10 INFO neutron.wsgi [None req-d36463d3-d73c-4e78-8f27-5f3e35f2d165 7182dafdcd10484ba28efb8a1ddf7c78 d68a6758c8c042bba6b21312b01b0e04 - - default default] 10.0.0.142 "GET /v2.0/ports?project_id=9261655c00ba4c4bb51817a1ad37b901&network_id=56a4cafb-6303-492d-9d30-8fffe953efe7 HTTP/1.1" status: 200 len: 3514 time: 0.0653625
2026-06-25 23:35:59.966 10 INFO neutron.db.ovn_revision_numbers_db [None req-12d0adcf-3d4a-4812-a59c-250fa1295d83 e9749bc1a5fa4d7a89ca48db033296bb 462c0c671f3c43bbb95a4a9c34b507bd - - default default] Successfully bumped revision number for resource d50a55fa-792e-470d-80a2-e77d9fe841ae (type: security_groups) to 1
2026-06-25 23:35:59.981 10 INFO neutron.db.ovn_revision_numbers_db [None req-12d0adcf-3d4a-4812-a59c-250fa1295d83 e9749bc1a5fa4d7a89ca48db033296bb 462c0c671f3c43bbb95a4a9c34b507bd - - default default] Successfully bumped revision number for resource 4c20f3a2-07c6-447d-97d7-3d72169f237b (type: security_group_rules) to 0
2026-06-25 23:36:00.009 10 INFO neutron.db.ovn_revision_numbers_db [None req-12d0adcf-3d4a-4812-a59c-250fa1295d83 e9749bc1a5fa4d7a89ca48db033296bb 462c0c671f3c43bbb95a4a9c34b507bd - - default default] Successfully bumped revision number for resource 82a4e819-a6c0-463c-8dc7-2694f3af7908 (type: security_group_rules) to 0
2026-06-25 23:36:00.032 10 INFO neutron.wsgi [None req-12d0adcf-3d4a-4812-a59c-250fa1295d83 e9749bc1a5fa4d7a89ca48db033296bb 462c0c671f3c43bbb95a4a9c34b507bd - - default default] 10.0.0.142 "POST /v2.0/security-groups HTTP/1.1" status: 201 len: 1801 time: 0.2401361
2026-06-25 23:36:00.041 10 WARNING neutron_lib.context [None req-b3b19c94-5dcc-4b4c-91cb-9741c176eb6d e9749bc1a5fa4d7a89ca48db033296bb 462c0c671f3c43bbb95a4a9c34b507bd - - default default] Method 'is_advsvc' is deprecated since 2023.2 release (neutron-lib 3.8.0) and will be removed once support for the old RBAC API policies will be removed from Neutron. Please use method 'is_service_role' instead.
2026-06-25 23:36:00.162 10 INFO neutron.wsgi [None req-36b82345-4d32-42f1-b51a-aa09af297927 7182dafdcd10484ba28efb8a1ddf7c78 d68a6758c8c042bba6b21312b01b0e04 - - default default] 10.0.0.142 "GET /v2.0/subnets?network_id=604b617c-b2ac-48c8-a9c7-6331801b22b8 HTTP/1.1" status: 200 len: 838 time: 0.0417941
2026-06-25 23:36:00.186 10 INFO neutron.db.ovn_revision_numbers_db [None req-b3b19c94-5dcc-4b4c-91cb-9741c176eb6d e9749bc1a5fa4d7a89ca48db033296bb 462c0c671f3c43bbb95a4a9c34b507bd - - default default] Successfully bumped revision number for resource 1583b889-3a07-48a1-bdd8-4b7379ad30ba (type: security_groups) to 1
2026-06-25 23:36:00.200 10 INFO neutron.db.ovn_revision_numbers_db [None req-b3b19c94-5dcc-4b4c-91cb-9741c176eb6d e9749bc1a5fa4d7a89ca48db033296bb 462c0c671f3c43bbb95a4a9c34b507bd - - default default] Successfully bumped revision number for resource 19756f8c-6d05-4fa0-a29f-25ed68f87586 (type: security_group_rules) to 0
2026-06-25 23:36:00.216 10 INFO neutron.db.ovn_revision_numbers_db [None req-b3b19c94-5dcc-4b4c-91cb-9741c176eb6d e9749bc1a5fa4d7a89ca48db033296bb 462c0c671f3c43bbb95a4a9c34b507bd - - default default] Successfully bumped revision number for resource 51f22498-0f61-4600-8c33-af2ad018ef29 (type: security_group_rules) to 0
2026-06-25 23:36:00.243 10 INFO neutron.wsgi [None req-b3b19c94-5dcc-4b4c-91cb-9741c176eb6d e9749bc1a5fa4d7a89ca48db033296bb 462c0c671f3c43bbb95a4a9c34b507bd - - default default] 10.0.0.142 "POST /v2.0/security-groups HTTP/1.1" status: 201 len: 1801 time: 0.2063100
2026-06-25 23:36:00.259 9 WARNING neutron_lib.context [None req-4dba3d56-a5fa-430f-a771-0e8829fa9a1f e9749bc1a5fa4d7a89ca48db033296bb 462c0c671f3c43bbb95a4a9c34b507bd - - default default] Method 'is_advsvc' is deprecated since 2023.2 release (neutron-lib 3.8.0) and will be removed once support for the old RBAC API policies will be removed from Neutron. Please use method 'is_service_role' instead.
2026-06-25 23:36:00.385 9 INFO neutron.db.ovn_revision_numbers_db [None req-4dba3d56-a5fa-430f-a771-0e8829fa9a1f e9749bc1a5fa4d7a89ca48db033296bb 462c0c671f3c43bbb95a4a9c34b507bd - - default default] Successfully bumped revision number for resource 27417170-07ef-48c5-ba9f-c1a938156e3d (type: security_groups) to 1
2026-06-25 23:36:00.404 9 INFO neutron.db.ovn_revision_numbers_db [None req-4dba3d56-a5fa-430f-a771-0e8829fa9a1f e9749bc1a5fa4d7a89ca48db033296bb 462c0c671f3c43bbb95a4a9c34b507bd - - default default] Successfully bumped revision number for resource 15a5d17e-82f0-447d-a806-bccc3bd6fa4d (type: security_group_rules) to 0
2026-06-25 23:36:00.422 9 INFO neutron.db.ovn_revision_numbers_db [None req-4dba3d56-a5fa-430f-a771-0e8829fa9a1f e9749bc1a5fa4d7a89ca48db033296bb 462c0c671f3c43bbb95a4a9c34b507bd - - default default] Successfully bumped revision number for resource 331adf92-9476-4169-bf72-d897bcdedf7b (type: security_group_rules) to 0
2026-06-25 23:36:00.455 9 INFO neutron.wsgi [None req-4dba3d56-a5fa-430f-a771-0e8829fa9a1f e9749bc1a5fa4d7a89ca48db033296bb 462c0c671f3c43bbb95a4a9c34b507bd - - default default] 10.0.0.142 "POST /v2.0/security-groups HTTP/1.1" status: 201 len: 1801 time: 0.2054167
2026-06-25 23:36:00.486 10 WARNING neutron_lib.context [None req-6218a277-8ded-48cd-8753-258012d902b4 e9749bc1a5fa4d7a89ca48db033296bb 462c0c671f3c43bbb95a4a9c34b507bd - - default default] Method 'is_advsvc' is deprecated since 2023.2 release (neutron-lib 3.8.0) and will be removed once support for the old RBAC API policies will be removed from Neutron. Please use method 'is_service_role' instead.
2026-06-25 23:36:00.571 10 INFO neutron.db.ovn_revision_numbers_db [None req-4116ffdc-16b6-4378-a87d-0123bb2bdbd8 6a09bfc23e924a26900b712bb5521d95 9261655c00ba4c4bb51817a1ad37b901 - - default default] Successfully bumped revision number for resource f74c2b42-543a-4341-ad0d-081a69128918 (type: floatingips) to 2
2026-06-25 23:36:00.643 10 INFO neutron.db.l3_db [None req-4116ffdc-16b6-4378-a87d-0123bb2bdbd8 6a09bfc23e924a26900b712bb5521d95 9261655c00ba4c4bb51817a1ad37b901 - - default default] Floating IP f74c2b42-543a-4341-ad0d-081a69128918 disassociated. External IP: 10.96.250.211, port: adc68100-f78e-4609-98d1-5237568c80a2.
2026-06-25 23:36:00.677 10 INFO neutron.wsgi [None req-4116ffdc-16b6-4378-a87d-0123bb2bdbd8 6a09bfc23e924a26900b712bb5521d95 9261655c00ba4c4bb51817a1ad37b901 - - default default] 10.0.0.142 "PUT /v2.0/floatingips/f74c2b42-543a-4341-ad0d-081a69128918 HTTP/1.1" status: 200 len: 748 time: 0.3770211 /var/lib/openstack/lib/python3.10/site-packages/pycadf/identifier.py:71: UserWarning: Invalid uuid: neutron. To ensure interoperability, identifiers should be a valid uuid. warnings.warn(('Invalid uuid: %s. To ensure interoperability, '
2026-06-25 23:36:00.695 10 INFO neutron.db.ovn_revision_numbers_db [None req-6218a277-8ded-48cd-8753-258012d902b4 e9749bc1a5fa4d7a89ca48db033296bb 462c0c671f3c43bbb95a4a9c34b507bd - - default default] Successfully bumped revision number for resource 2f224dbe-0619-4748-8de0-8aae0b1aefc9 (type: security_groups) to 1
2026-06-25 23:36:00.709 10 INFO neutron.db.ovn_revision_numbers_db [None req-6218a277-8ded-48cd-8753-258012d902b4 e9749bc1a5fa4d7a89ca48db033296bb 462c0c671f3c43bbb95a4a9c34b507bd - - default default] Successfully bumped revision number for resource 4907e028-0790-42cb-8fff-d57edb379c0d (type: security_group_rules) to 0
2026-06-25 23:36:00.713 10 INFO neutron.notifiers.nova [-] Nova event matching ['req-37e08b4a-3888-4afb-bc7a-f1067067e8a0'] response: {'name': 'network-changed', 'server_uuid': 'a1b83055-b09a-4e91-a607-585b6c2d478b', 'tag': 'adc68100-f78e-4609-98d1-5237568c80a2', 'status': 'completed', 'code': 200}
2026-06-25 23:36:00.725 10 INFO neutron.db.ovn_revision_numbers_db [None req-6218a277-8ded-48cd-8753-258012d902b4 e9749bc1a5fa4d7a89ca48db033296bb 462c0c671f3c43bbb95a4a9c34b507bd - - default default] Successfully bumped revision number for resource 62be00fd-ec1d-45b1-b8a4-89417af75429 (type: security_group_rules) to 0
2026-06-25 23:36:00.737 9 INFO neutron.wsgi [None req-b5f5ef38-d22f-4667-b4cd-80c90b047dc6 6a09bfc23e924a26900b712bb5521d95 9261655c00ba4c4bb51817a1ad37b901 - - default default] 10.0.0.142 "GET /v2.0/floatingips/f74c2b42-543a-4341-ad0d-081a69128918 HTTP/1.1" status: 200 len: 746 time: 0.0538833
2026-06-25 23:36:00.762 10 INFO neutron.wsgi [None req-6218a277-8ded-48cd-8753-258012d902b4 e9749bc1a5fa4d7a89ca48db033296bb 462c0c671f3c43bbb95a4a9c34b507bd - - default default] 10.0.0.142 "POST /v2.0/security-groups HTTP/1.1" status: 201 len: 1801 time: 0.2983882
2026-06-25 23:36:00.808 10 INFO neutron.wsgi [req-6d175f41-b4d4-41fa-a143-1763955ac27b req-bebf1396-fbcd-48b1-ba43-4643764bfe1f 420cd27760f34920be6b26b13f4cadc3 09f9847f6c954d51aee4f7ccac8f7703 - - 32030298995a4f68b858402ad4c34d20 32030298995a4f68b858402ad4c34d20] 199.19.213.157 "GET /v2.0/ports?tenant_id=9261655c00ba4c4bb51817a1ad37b901&device_id=a1b83055-b09a-4e91-a607-585b6c2d478b HTTP/1.1" status: 200 len: 1413 time: 0.0606921
2026-06-25 23:36:00.825 9 INFO neutron.wsgi [None req-9104712b-eca5-40a5-86e7-c5460377ea72 e9749bc1a5fa4d7a89ca48db033296bb 462c0c671f3c43bbb95a4a9c34b507bd - - default default] 10.0.0.142 "PUT /v2.0/security-groups/39a28165-08ab-45c7-a6c7-0e5cc46581c0/tags HTTP/1.1" status: 200 len: 210 time: 0.0548131
2026-06-25 23:36:00.875 9 INFO neutron.wsgi [None req-31f63598-8b16-4bb3-9124-15d7d8314de0 e9749bc1a5fa4d7a89ca48db033296bb 462c0c671f3c43bbb95a4a9c34b507bd - - default default] 10.0.0.142 "PUT /v2.0/security-groups/d50a55fa-792e-470d-80a2-e77d9fe841ae/tags HTTP/1.1" status: 200 len: 218 time: 0.0439074
2026-06-25 23:36:00.897 10 INFO neutron.wsgi [req-6d175f41-b4d4-41fa-a143-1763955ac27b req-5cbacd28-f810-4ae8-8ad2-8566fab3a309 420cd27760f34920be6b26b13f4cadc3 09f9847f6c954d51aee4f7ccac8f7703 - - 32030298995a4f68b858402ad4c34d20 32030298995a4f68b858402ad4c34d20] 199.19.213.157 "GET /v2.0/networks?id=56a4cafb-6303-492d-9d30-8fffe953efe7 HTTP/1.1" status: 200 len: 959 time: 0.0817454
2026-06-25 23:36:00.944 10 INFO neutron.wsgi [req-6d175f41-b4d4-41fa-a143-1763955ac27b req-aff86efb-aa47-49bf-939a-04a8de59b769 420cd27760f34920be6b26b13f4cadc3 09f9847f6c954d51aee4f7ccac8f7703 - - 32030298995a4f68b858402ad4c34d20 32030298995a4f68b858402ad4c34d20] 199.19.213.157 "GET /v2.0/floatingips?fixed_ip_address=10.100.0.13&port_id=adc68100-f78e-4609-98d1-5237568c80a2 HTTP/1.1" status: 200 len: 217 time: 0.0383148
2026-06-25 23:36:00.974 10 INFO neutron.wsgi [None req-33a0b90e-7e72-4561-858c-083324e32621 e9749bc1a5fa4d7a89ca48db033296bb 462c0c671f3c43bbb95a4a9c34b507bd - - default default] 10.0.0.142 "PUT /v2.0/security-groups/1583b889-3a07-48a1-bdd8-4b7379ad30ba/tags HTTP/1.1" status: 200 len: 227 time: 0.0919068
2026-06-25 23:36:00.996 10 INFO neutron.wsgi [req-6d175f41-b4d4-41fa-a143-1763955ac27b req-ac8f1fa0-e468-4bd5-b627-b9f9df74011e 420cd27760f34920be6b26b13f4cadc3 09f9847f6c954d51aee4f7ccac8f7703 - - 32030298995a4f68b858402ad4c34d20 32030298995a4f68b858402ad4c34d20] 199.19.213.157 "GET /v2.0/subnets?id=a34999ef-6f15-4902-8b88-020dd826d626 HTTP/1.1" status: 200 len: 852 time: 0.0439625
2026-06-25 23:36:01.032 10 INFO neutron.wsgi [req-6d175f41-b4d4-41fa-a143-1763955ac27b req-587a9abb-d7f0-4ebe-b2b0-b8ec0d22240a 420cd27760f34920be6b26b13f4cadc3 09f9847f6c954d51aee4f7ccac8f7703 - - 32030298995a4f68b858402ad4c34d20 32030298995a4f68b858402ad4c34d20] 199.19.213.157 "GET /v2.0/ports?network_id=56a4cafb-6303-492d-9d30-8fffe953efe7&device_owner=network%3Adhcp HTTP/1.1" status: 200 len: 210 time: 0.0303833
