2026-06-25 23:36:01.049 9 INFO neutron.wsgi [None req-d8bee0ba-d875-4894-ad9d-bc1a87b28d65 e9749bc1a5fa4d7a89ca48db033296bb 462c0c671f3c43bbb95a4a9c34b507bd - - default default] 10.0.0.142 "PUT /v2.0/security-groups/27417170-07ef-48c5-ba9f-c1a938156e3d/tags HTTP/1.1" status: 200 len: 212 time: 0.0674214
2026-06-25 23:36:01.104 10 INFO neutron.wsgi [req-6d175f41-b4d4-41fa-a143-1763955ac27b req-2b8a724b-9cf6-4cde-b8ab-73967cbd163b 420cd27760f34920be6b26b13f4cadc3 09f9847f6c954d51aee4f7ccac8f7703 - - 32030298995a4f68b858402ad4c34d20 32030298995a4f68b858402ad4c34d20] 199.19.213.157 "GET /v2.0/networks/56a4cafb-6303-492d-9d30-8fffe953efe7?fields=segments HTTP/1.1" status: 200 len: 212 time: 0.0674939
2026-06-25 23:36:01.118 9 INFO neutron.wsgi [None req-385527d1-f312-4378-a714-ba453273cf65 e9749bc1a5fa4d7a89ca48db033296bb 462c0c671f3c43bbb95a4a9c34b507bd - - default default] 10.0.0.142 "GET /v2.0/security-groups?tags=red HTTP/1.1" status: 200 len: 4999 time: 0.0582578
2026-06-25 23:36:01.165 9 WARNING neutron_lib.context [None req-60a6f7a7-f851-4eee-ab68-6b8323cea09a a3739eba7958404bacbe33194555bb6a fde290c90ec84a7cb91f3a259f20dc65 - - default default] Method 'is_advsvc' is deprecated since 2023.2 release (neutron-lib 3.8.0) and will be removed once support for the old RBAC API policies will be removed from Neutron. Please use method 'is_service_role' instead.
2026-06-25 23:36:01.171 9 INFO neutron.wsgi [None req-c10576d9-dd8d-4155-8f32-a43693d7e4f4 e9749bc1a5fa4d7a89ca48db033296bb 462c0c671f3c43bbb95a4a9c34b507bd - - default default] 10.0.0.142 "GET /v2.0/security-groups?tags=red%2Cblue HTTP/1.1" status: 200 len: 3413 time: 0.0479808
2026-06-25 23:36:01.175 10 INFO neutron.wsgi [req-6d175f41-b4d4-41fa-a143-1763955ac27b req-40fd7315-60bd-41cf-99b6-479d3ffdeb47 420cd27760f34920be6b26b13f4cadc3 09f9847f6c954d51aee4f7ccac8f7703 - - 32030298995a4f68b858402ad4c34d20 32030298995a4f68b858402ad4c34d20] 199.19.213.157 "GET /v2.0/networks/56a4cafb-6303-492d-9d30-8fffe953efe7?fields=provider%3Aphysical_network&fields=provider%3Anetwork_type HTTP/1.1" status: 200 len: 277 time: 0.0640757
2026-06-25 23:36:01.228 9 INFO neutron.wsgi [None req-116caaef-55c7-4154-a15d-d3b20ba9ae1f e9749bc1a5fa4d7a89ca48db033296bb 462c0c671f3c43bbb95a4a9c34b507bd - - default default] 10.0.0.142 "GET /v2.0/security-groups?tags-any=blue HTTP/1.1" status: 200 len: 3413 time: 0.0518901
2026-06-25 23:36:01.291 10 INFO neutron.wsgi [None req-b09c65ed-89e6-43d7-88d8-5a42e3f49801 e9749bc1a5fa4d7a89ca48db033296bb 462c0c671f3c43bbb95a4a9c34b507bd - - default default] 10.0.0.142 "GET /v2.0/security-groups?tags-any=red%2Cblue HTTP/1.1" status: 200 len: 4999 time: 0.0570319
2026-06-25 23:36:01.329 9 INFO neutron.db.ovn_revision_numbers_db [None req-60a6f7a7-f851-4eee-ab68-6b8323cea09a a3739eba7958404bacbe33194555bb6a fde290c90ec84a7cb91f3a259f20dc65 - - default default] Successfully bumped revision number for resource 8073ed1b-3c5d-4808-bb1b-cbddc01c7b30 (type: security_groups) to 1
2026-06-25 23:36:01.345 9 INFO neutron.wsgi [None req-d9c821d2-fd79-4569-8148-395bd57d3b0f e9749bc1a5fa4d7a89ca48db033296bb 462c0c671f3c43bbb95a4a9c34b507bd - - default default] 10.0.0.142 "GET /v2.0/security-groups?not-tags=red HTTP/1.1" status: 200 len: 6289 time: 0.0480673
2026-06-25 23:36:01.351 9 INFO neutron.db.ovn_revision_numbers_db [None req-60a6f7a7-f851-4eee-ab68-6b8323cea09a a3739eba7958404bacbe33194555bb6a fde290c90ec84a7cb91f3a259f20dc65 - - default default] Successfully bumped revision number for resource 0227f374-3d87-4f8d-9482-76c73a3bc28a (type: security_group_rules) to 0
2026-06-25 23:36:01.363 9 INFO neutron.db.ovn_revision_numbers_db [None req-60a6f7a7-f851-4eee-ab68-6b8323cea09a a3739eba7958404bacbe33194555bb6a fde290c90ec84a7cb91f3a259f20dc65 - - default default] Successfully bumped revision number for resource 744f1884-ce0f-4222-9eb7-ca8ff380c053 (type: security_group_rules) to 0
2026-06-25 23:36:01.377 9 INFO neutron.db.ovn_revision_numbers_db [None req-60a6f7a7-f851-4eee-ab68-6b8323cea09a a3739eba7958404bacbe33194555bb6a fde290c90ec84a7cb91f3a259f20dc65 - - default default] Successfully bumped revision number for resource dcc465e8-61a4-41a7-93a5-c0ad141c857e (type: security_group_rules) to 0
2026-06-25 23:36:01.395 9 INFO neutron.db.ovn_revision_numbers_db [None req-60a6f7a7-f851-4eee-ab68-6b8323cea09a a3739eba7958404bacbe33194555bb6a fde290c90ec84a7cb91f3a259f20dc65 - - default default] Successfully bumped revision number for resource ea079cc4-cfbb-46cc-8856-1f923d99d52f (type: security_group_rules) to 0
2026-06-25 23:36:01.409 10 INFO neutron.wsgi [None req-c53a5b0d-1b75-43a9-afd9-fad2b257f190 e9749bc1a5fa4d7a89ca48db033296bb 462c0c671f3c43bbb95a4a9c34b507bd - - default default] 10.0.0.142 "GET /v2.0/security-groups?not-tags=red%2Cblue HTTP/1.1" status: 200 len: 7875 time: 0.0559433
2026-06-25 23:36:01.458 10 INFO neutron.wsgi [None req-066c9b22-be07-4429-ab36-c5caeb966f8a e9749bc1a5fa4d7a89ca48db033296bb 462c0c671f3c43bbb95a4a9c34b507bd - - default default] 10.0.0.142 "GET /v2.0/security-groups?not-tags-any=blue HTTP/1.1" status: 200 len: 7875 time: 0.0457029
2026-06-25 23:36:01.459 9 INFO neutron.db.segments_db [None req-60a6f7a7-f851-4eee-ab68-6b8323cea09a a3739eba7958404bacbe33194555bb6a fde290c90ec84a7cb91f3a259f20dc65 - - default default] Added segment 138c3a8c-24ef-436d-b3cb-8681b8cb945b of type geneve for network 2af43b1b-f488-47ff-a3d7-547bcb0aaa15
2026-06-25 23:36:01.528 10 INFO neutron.wsgi [None req-e02e8224-0447-4292-b62f-35277ba95273 e9749bc1a5fa4d7a89ca48db033296bb 462c0c671f3c43bbb95a4a9c34b507bd - - default default] 10.0.0.142 "GET /v2.0/security-groups?not-tags-any=red%2Cblue HTTP/1.1" status: 200 len: 6289 time: 0.0637636
2026-06-25 23:36:01.660 10 INFO neutron.wsgi [None req-db244501-102a-4fe6-a22d-79e08bffa0a8 e9749bc1a5fa4d7a89ca48db033296bb 462c0c671f3c43bbb95a4a9c34b507bd - - default default] 10.0.0.142 "DELETE /v2.0/security-groups/39a28165-08ab-45c7-a6c7-0e5cc46581c0 HTTP/1.1" status: 204 len: 168 time: 0.1208894
2026-06-25 23:36:01.799 10 INFO neutron.wsgi [None req-b1cf0aee-f174-4643-8e58-51064f1a685a e9749bc1a5fa4d7a89ca48db033296bb 462c0c671f3c43bbb95a4a9c34b507bd - - default default] 10.0.0.142 "DELETE /v2.0/security-groups/d50a55fa-792e-470d-80a2-e77d9fe841ae HTTP/1.1" status: 204 len: 168 time: 0.1300924
2026-06-25 23:36:01.816 10 WARNING neutron_lib.context [None req-e1c7afec-0925-40b7-a067-0f61e33660fb 6a09bfc23e924a26900b712bb5521d95 9261655c00ba4c4bb51817a1ad37b901 - - default default] Method 'is_advsvc' is deprecated since 2023.2 release (neutron-lib 3.8.0) and will be removed once support for the old RBAC API policies will be removed from Neutron. Please use method 'is_service_role' instead.
2026-06-25 23:36:01.937 10 INFO neutron.wsgi [None req-3ec35b2e-c4c0-45dd-9e48-5e833e1d7210 e9749bc1a5fa4d7a89ca48db033296bb 462c0c671f3c43bbb95a4a9c34b507bd - - default default] 10.0.0.142 "DELETE /v2.0/security-groups/1583b889-3a07-48a1-bdd8-4b7379ad30ba HTTP/1.1" status: 204 len: 168 time: 0.1312640
2026-06-25 23:36:01.968 9 INFO neutron.db.ovn_revision_numbers_db [None req-60a6f7a7-f851-4eee-ab68-6b8323cea09a a3739eba7958404bacbe33194555bb6a fde290c90ec84a7cb91f3a259f20dc65 - - default default] Successfully bumped revision number for resource 2af43b1b-f488-47ff-a3d7-547bcb0aaa15 (type: networks) to 1
2026-06-25 23:36:01.983 10 INFO neutron.db.ovn_revision_numbers_db [None req-e1c7afec-0925-40b7-a067-0f61e33660fb 6a09bfc23e924a26900b712bb5521d95 9261655c00ba4c4bb51817a1ad37b901 - - default default] Successfully bumped revision number for resource 538a40e9-3f0d-4648-a936-b58f4328a452 (type: security_groups) to 1
2026-06-25 23:36:01.997 10 INFO neutron.db.ovn_revision_numbers_db [None req-e1c7afec-0925-40b7-a067-0f61e33660fb 6a09bfc23e924a26900b712bb5521d95 9261655c00ba4c4bb51817a1ad37b901 - - default default] Successfully bumped revision number for resource a3667890-6ae3-4fd2-8964-0b95b17e83c6 (type: security_group_rules) to 0
2026-06-25 23:36:02.016 10 INFO neutron.db.ovn_revision_numbers_db [None req-e1c7afec-0925-40b7-a067-0f61e33660fb 6a09bfc23e924a26900b712bb5521d95 9261655c00ba4c4bb51817a1ad37b901 - - default default] Successfully bumped revision number for resource dbef2533-b4ac-4c61-97b0-ca2b4afbd51b (type: security_group_rules) to 0
2026-06-25 23:36:02.038 10 INFO neutron.wsgi [None req-e1c7afec-0925-40b7-a067-0f61e33660fb 6a09bfc23e924a26900b712bb5521d95 9261655c00ba4c4bb51817a1ad37b901 - - default default] 10.0.0.142 "POST /v2.0/security-groups HTTP/1.1" status: 201 len: 1873 time: 0.2336442
2026-06-25 23:36:02.051 10 WARNING neutron_lib.context [None req-38525864-9cc9-4824-8284-29531f8d7319 6a09bfc23e924a26900b712bb5521d95 9261655c00ba4c4bb51817a1ad37b901 - - default default] Method 'is_advsvc' is deprecated since 2023.2 release (neutron-lib 3.8.0) and will be removed once support for the old RBAC API policies will be removed from Neutron. Please use method 'is_service_role' instead.
2026-06-25 23:36:02.090 10 INFO neutron.wsgi [None req-4105364e-6d1f-4588-8fe8-b3018598896c e9749bc1a5fa4d7a89ca48db033296bb 462c0c671f3c43bbb95a4a9c34b507bd - - default default] 10.0.0.142 "DELETE /v2.0/security-groups/27417170-07ef-48c5-ba9f-c1a938156e3d HTTP/1.1" status: 204 len: 168 time: 0.1433480
2026-06-25 23:36:02.190 9 WARNING neutron.scheduler.dhcp_agent_scheduler [None req-60a6f7a7-f851-4eee-ab68-6b8323cea09a a3739eba7958404bacbe33194555bb6a fde290c90ec84a7cb91f3a259f20dc65 - - default default] No more DHCP agents
2026-06-25 23:36:02.193 9 WARNING neutron.api.rpc.agentnotifiers.dhcp_rpc_agent_api [None req-60a6f7a7-f851-4eee-ab68-6b8323cea09a a3739eba7958404bacbe33194555bb6a fde290c90ec84a7cb91f3a259f20dc65 - - default default] Unable to schedule network 2af43b1b-f488-47ff-a3d7-547bcb0aaa15: no agents available; will retry on subsequent port and subnet creation events.
2026-06-25 23:36:02.209 10 INFO neutron.db.ovn_revision_numbers_db [None req-38525864-9cc9-4824-8284-29531f8d7319 6a09bfc23e924a26900b712bb5521d95 9261655c00ba4c4bb51817a1ad37b901 - - default default] Successfully bumped revision number for resource 10f2bcd7-5c52-4833-8666-b66ca64c6293 (type: security_group_rules) to 0
2026-06-25 23:36:02.229 10 INFO neutron.wsgi [None req-5d6ec849-3a88-430f-a01d-c0672344901f e9749bc1a5fa4d7a89ca48db033296bb 462c0c671f3c43bbb95a4a9c34b507bd - - default default] 10.0.0.142 "DELETE /v2.0/security-groups/2f224dbe-0619-4748-8de0-8aae0b1aefc9 HTTP/1.1" status: 204 len: 168 time: 0.1312559
2026-06-25 23:36:02.242 10 INFO neutron.wsgi [None req-38525864-9cc9-4824-8284-29531f8d7319 6a09bfc23e924a26900b712bb5521d95 9261655c00ba4c4bb51817a1ad37b901 - - default default] 10.0.0.142 "POST /v2.0/security-group-rules HTTP/1.1" status: 201 len: 796 time: 0.1977937
2026-06-25 23:36:02.255 10 WARNING neutron_lib.context [None req-89da79dd-e85f-4d61-b6cd-88f8b68385c7 6a09bfc23e924a26900b712bb5521d95 9261655c00ba4c4bb51817a1ad37b901 - - default default] Method 'is_advsvc' is deprecated since 2023.2 release (neutron-lib 3.8.0) and will be removed once support for the old RBAC API policies will be removed from Neutron. Please use method 'is_service_role' instead.
2026-06-25 23:36:02.280 9 INFO neutron.db.ovn_revision_numbers_db [None req-60a6f7a7-f851-4eee-ab68-6b8323cea09a a3739eba7958404bacbe33194555bb6a fde290c90ec84a7cb91f3a259f20dc65 - - default default] Successfully bumped revision number for resource 140b7d98-7f4f-4c04-a13b-87d81e178cc3 (type: ports) to 1
2026-06-25 23:36:02.305 9 INFO neutron.wsgi [None req-60a6f7a7-f851-4eee-ab68-6b8323cea09a a3739eba7958404bacbe33194555bb6a fde290c90ec84a7cb91f3a259f20dc65 - - default default] 10.0.0.142 "POST /v2.0/networks HTTP/1.1" status: 201 len: 831 time: 1.2819986
2026-06-25 23:36:02.318 9 WARNING neutron_lib.context [None req-be0ec351-546a-4d35-81d3-3f06830e9c21 a3739eba7958404bacbe33194555bb6a fde290c90ec84a7cb91f3a259f20dc65 - - default default] Method 'is_advsvc' is deprecated since 2023.2 release (neutron-lib 3.8.0) and will be removed once support for the old RBAC API policies will be removed from Neutron. Please use method 'is_service_role' instead.
2026-06-25 23:36:02.386 10 INFO neutron.db.ovn_revision_numbers_db [None req-89da79dd-e85f-4d61-b6cd-88f8b68385c7 6a09bfc23e924a26900b712bb5521d95 9261655c00ba4c4bb51817a1ad37b901 - - default default] Successfully bumped revision number for resource fb362192-c818-42f5-a491-906d7ba0aea9 (type: security_group_rules) to 0
2026-06-25 23:36:02.423 10 INFO neutron.wsgi [None req-89da79dd-e85f-4d61-b6cd-88f8b68385c7 6a09bfc23e924a26900b712bb5521d95 9261655c00ba4c4bb51817a1ad37b901 - - default default] 10.0.0.142 "POST /v2.0/security-group-rules HTTP/1.1" status: 201 len: 795 time: 0.1727438
2026-06-25 23:36:02.437 10 WARNING neutron_lib.context [None req-c1c1386e-2bc8-4308-a92f-d8030d77246d 6a09bfc23e924a26900b712bb5521d95 9261655c00ba4c4bb51817a1ad37b901 - - default default] Method 'is_advsvc' is deprecated since 2023.2 release (neutron-lib 3.8.0) and will be removed once support for the old RBAC API policies will be removed from Neutron. Please use method 'is_service_role' instead.
2026-06-25 23:36:02.621 10 INFO neutron.db.ovn_revision_numbers_db [None req-c1c1386e-2bc8-4308-a92f-d8030d77246d 6a09bfc23e924a26900b712bb5521d95 9261655c00ba4c4bb51817a1ad37b901 - - default default] Successfully bumped revision number for resource 9f0e72ef-7f91-4551-abe2-f08d45e29266 (type: security_group_rules) to 0
2026-06-25 23:36:02.654 10 INFO neutron.wsgi [None req-c1c1386e-2bc8-4308-a92f-d8030d77246d 6a09bfc23e924a26900b712bb5521d95 9261655c00ba4c4bb51817a1ad37b901 - - default default] 10.0.0.142 "POST /v2.0/security-group-rules HTTP/1.1" status: 201 len: 801 time: 0.2256958
2026-06-25 23:36:02.668 10 WARNING neutron_lib.context [None req-90daf83f-eb1d-4577-ab54-baa6f020baba 6a09bfc23e924a26900b712bb5521d95 9261655c00ba4c4bb51817a1ad37b901 - - default default] Method 'is_advsvc' is deprecated since 2023.2 release (neutron-lib 3.8.0) and will be removed once support for the old RBAC API policies will be removed from Neutron. Please use method 'is_service_role' instead.
2026-06-25 23:36:02.674 9 WARNING neutron.scheduler.dhcp_agent_scheduler [None req-be0ec351-546a-4d35-81d3-3f06830e9c21 a3739eba7958404bacbe33194555bb6a fde290c90ec84a7cb91f3a259f20dc65 - - default default] No more DHCP agents
2026-06-25 23:36:02.676 9 WARNING neutron.api.rpc.agentnotifiers.dhcp_rpc_agent_api [None req-be0ec351-546a-4d35-81d3-3f06830e9c21 a3739eba7958404bacbe33194555bb6a fde290c90ec84a7cb91f3a259f20dc65 - - default default] Unable to schedule network 2af43b1b-f488-47ff-a3d7-547bcb0aaa15: no agents available; will retry on subsequent port and subnet creation events.
2026-06-25 23:36:02.776 9 INFO neutron.db.ovn_revision_numbers_db [None req-be0ec351-546a-4d35-81d3-3f06830e9c21 a3739eba7958404bacbe33194555bb6a fde290c90ec84a7cb91f3a259f20dc65 - - default default] Successfully bumped revision number for resource 98c376d3-8857-4368-94d8-f1378f53d363 (type: ports) to 1
2026-06-25 23:36:02.838 9 INFO neutron.wsgi [None req-be0ec351-546a-4d35-81d3-3f06830e9c21 a3739eba7958404bacbe33194555bb6a fde290c90ec84a7cb91f3a259f20dc65 - - default default] 10.0.0.142 "POST /v2.0/ports HTTP/1.1" status: 201 len: 942 time: 0.5249653 /var/lib/openstack/lib/python3.10/site-packages/pycadf/identifier.py:71: UserWarning: Invalid uuid: neutron. To ensure interoperability, identifiers should be a valid uuid. warnings.warn(('Invalid uuid: %s. To ensure interoperability, '
2026-06-25 23:36:02.846 10 INFO neutron.db.ovn_revision_numbers_db [None req-90daf83f-eb1d-4577-ab54-baa6f020baba 6a09bfc23e924a26900b712bb5521d95 9261655c00ba4c4bb51817a1ad37b901 - - default default] Successfully bumped revision number for resource 1e63ff7b-7203-4f5f-8874-a2ba345e213c (type: security_group_rules) to 0
2026-06-25 23:36:02.848 9 WARNING neutron_lib.context [None req-675949ba-f3b8-4af5-85a7-4b9bfb73a8a4 a3739eba7958404bacbe33194555bb6a fde290c90ec84a7cb91f3a259f20dc65 - - default default] Method 'is_advsvc' is deprecated since 2023.2 release (neutron-lib 3.8.0) and will be removed once support for the old RBAC API policies will be removed from Neutron. Please use method 'is_service_role' instead.
2026-06-25 23:36:02.874 10 INFO neutron.wsgi [None req-90daf83f-eb1d-4577-ab54-baa6f020baba 6a09bfc23e924a26900b712bb5521d95 9261655c00ba4c4bb51817a1ad37b901 - - default default] 10.0.0.142 "POST /v2.0/security-group-rules HTTP/1.1" status: 201 len: 800 time: 0.2126741
2026-06-25 23:36:02.884 10 WARNING neutron_lib.context [None req-d76aa6de-f2b5-4303-baa9-b4d306d765bf 6a09bfc23e924a26900b712bb5521d95 9261655c00ba4c4bb51817a1ad37b901 - - default default] Method 'is_advsvc' is deprecated since 2023.2 release (neutron-lib 3.8.0) and will be removed once support for the old RBAC API policies will be removed from Neutron. Please use method 'is_service_role' instead.
2026-06-25 23:36:02.918 10 INFO neutron.db.securitygroups_db [None req-d76aa6de-f2b5-4303-baa9-b4d306d765bf 6a09bfc23e924a26900b712bb5521d95 9261655c00ba4c4bb51817a1ad37b901 - - default default] Project 9261655c00ba4c4bb51817a1ad37b901 added a security group rule with legacy IPv6 ICMP protocol name icmp, ipv6-icmp should be used instead. It was automatically converted.
2026-06-25 23:36:03.039 10 INFO neutron.db.ovn_revision_numbers_db [None req-d76aa6de-f2b5-4303-baa9-b4d306d765bf 6a09bfc23e924a26900b712bb5521d95 9261655c00ba4c4bb51817a1ad37b901 - - default default] Successfully bumped revision number for resource 72b8100b-8332-4c9f-9c59-814f95496c91 (type: security_group_rules) to 0
2026-06-25 23:36:03.068 10 INFO neutron.wsgi [None req-d76aa6de-f2b5-4303-baa9-b4d306d765bf 6a09bfc23e924a26900b712bb5521d95 9261655c00ba4c4bb51817a1ad37b901 - - default default] 10.0.0.142 "POST /v2.0/security-group-rules HTTP/1.1" status: 201 len: 806 time: 0.1888433
2026-06-25 23:36:03.088 10 WARNING neutron_lib.context [None req-4f7b3ed7-1db7-4ebd-afe3-d81ddc48786d 6a09bfc23e924a26900b712bb5521d95 9261655c00ba4c4bb51817a1ad37b901 - - default default] Method 'is_advsvc' is deprecated since 2023.2 release (neutron-lib 3.8.0) and will be removed once support for the old RBAC API policies will be removed from Neutron. Please use method 'is_service_role' instead.
2026-06-25 23:36:03.119 9 INFO neutron.wsgi [None req-675949ba-f3b8-4af5-85a7-4b9bfb73a8a4 a3739eba7958404bacbe33194555bb6a fde290c90ec84a7cb91f3a259f20dc65 - - default default] 10.0.0.142 "POST /v2.0/trunks HTTP/1.1" status: 201 len: 608 time: 0.2768106
2026-06-25 23:36:03.122 10 INFO neutron.db.securitygroups_db [None req-4f7b3ed7-1db7-4ebd-afe3-d81ddc48786d 6a09bfc23e924a26900b712bb5521d95 9261655c00ba4c4bb51817a1ad37b901 - - default default] Project 9261655c00ba4c4bb51817a1ad37b901 added a security group rule with legacy IPv6 ICMP protocol name icmp, ipv6-icmp should be used instead. It was automatically converted.
2026-06-25 23:36:03.130 10 WARNING neutron_lib.context [None req-ce135096-ff23-4293-8601-e5f945e88f3e a3739eba7958404bacbe33194555bb6a fde290c90ec84a7cb91f3a259f20dc65 - - default default] Method 'is_advsvc' is deprecated since 2023.2 release (neutron-lib 3.8.0) and will be removed once support for the old RBAC API policies will be removed from Neutron. Please use method 'is_service_role' instead.
2026-06-25 23:36:03.252 10 INFO neutron.db.segments_db [None req-ce135096-ff23-4293-8601-e5f945e88f3e a3739eba7958404bacbe33194555bb6a fde290c90ec84a7cb91f3a259f20dc65 - - default default] Added segment 90f5bfc2-d697-45b9-ab9a-8d4792bbd9bd of type geneve for network e61180b0-1604-4e85-b78b-a79d9757980c
2026-06-25 23:36:03.341 10 INFO neutron.db.ovn_revision_numbers_db [None req-4f7b3ed7-1db7-4ebd-afe3-d81ddc48786d 6a09bfc23e924a26900b712bb5521d95 9261655c00ba4c4bb51817a1ad37b901 - - default default] Successfully bumped revision number for resource 72ca3ad9-c3ce-4cfa-97f3-387e815b4ae9 (type: security_group_rules) to 0
2026-06-25 23:36:03.384 10 INFO neutron.wsgi [None req-4f7b3ed7-1db7-4ebd-afe3-d81ddc48786d 6a09bfc23e924a26900b712bb5521d95 9261655c00ba4c4bb51817a1ad37b901 - - default default] 10.0.0.142 "POST /v2.0/security-group-rules HTTP/1.1" status: 201 len: 805 time: 0.3045897
2026-06-25 23:36:03.442 9 INFO neutron.wsgi [None req-924c0ac9-f5d5-4156-99c2-6527bb93f20d 24ec6474ecc044e2ae41c0deeced700c 67966b601ed3482bad44ef025a8e5458 - - default default] 10.0.0.142 "GET /v2.0/security-groups?tenant_id=462c0c671f3c43bbb95a4a9c34b507bd&name=default HTTP/1.1" status: 200 len: 3120 time: 0.2288511
2026-06-25 23:36:03.476 10 INFO neutron.db.ovn_revision_numbers_db [None req-ce135096-ff23-4293-8601-e5f945e88f3e a3739eba7958404bacbe33194555bb6a fde290c90ec84a7cb91f3a259f20dc65 - - default default] Successfully bumped revision number for resource e61180b0-1604-4e85-b78b-a79d9757980c (type: networks) to 1
2026-06-25 23:36:03.720 9 INFO neutron.wsgi [None req-1ee567b4-3703-49ac-b9c1-18a59dc3b949 24ec6474ecc044e2ae41c0deeced700c 67966b601ed3482bad44ef025a8e5458 - - default default] 10.0.0.142 "DELETE /v2.0/security-groups/acb3d896-3741-4459-b4f3-1fda028ae090 HTTP/1.1" status: 204 len: 168 time: 0.2701573
2026-06-25 23:36:03.993 9 INFO neutron.db.ovn_revision_numbers_db [None req-03267e4b-88a9-4584-aa56-d635403d4703 24ec6474ecc044e2ae41c0deeced700c 67966b601ed3482bad44ef025a8e5458 - - default default] Successfully bumped revision number for resource 29951ad3-6bb2-4639-a9c1-a08c463f319d (type: security_groups) to 1
2026-06-25 23:36:04.024 9 INFO neutron.db.ovn_revision_numbers_db [None req-03267e4b-88a9-4584-aa56-d635403d4703 24ec6474ecc044e2ae41c0deeced700c 67966b601ed3482bad44ef025a8e5458 - - default default] Successfully bumped revision number for resource 0ed8fe50-698f-4554-add8-fbf2eb3b6b9f (type: security_group_rules) to 0
2026-06-25 23:36:04.038 10 WARNING neutron.scheduler.dhcp_agent_scheduler [None req-ce135096-ff23-4293-8601-e5f945e88f3e a3739eba7958404bacbe33194555bb6a fde290c90ec84a7cb91f3a259f20dc65 - - default default] No more DHCP agents
2026-06-25 23:36:04.039 10 WARNING neutron.api.rpc.agentnotifiers.dhcp_rpc_agent_api [None req-ce135096-ff23-4293-8601-e5f945e88f3e a3739eba7958404bacbe33194555bb6a fde290c90ec84a7cb91f3a259f20dc65 - - default default] Unable to schedule network e61180b0-1604-4e85-b78b-a79d9757980c: no agents available; will retry on subsequent port and subnet creation events.
2026-06-25 23:36:04.048 9 INFO neutron.wsgi [None req-1d0623c9-64b6-49a8-9fbd-ff18f661ac42 6a09bfc23e924a26900b712bb5521d95 9261655c00ba4c4bb51817a1ad37b901 - - default default] 10.0.0.142 "GET /v2.0/networks HTTP/1.1" status: 200 len: 1493 time: 0.2513862
2026-06-25 23:36:04.049 9 INFO neutron.db.ovn_revision_numbers_db [None req-03267e4b-88a9-4584-aa56-d635403d4703 24ec6474ecc044e2ae41c0deeced700c 67966b601ed3482bad44ef025a8e5458 - - default default] Successfully bumped revision number for resource cd4df48f-3121-4b92-959b-81a139a25d2f (type: security_group_rules) to 0
2026-06-25 23:36:04.062 9 INFO neutron.db.ovn_revision_numbers_db [None req-03267e4b-88a9-4584-aa56-d635403d4703 24ec6474ecc044e2ae41c0deeced700c 67966b601ed3482bad44ef025a8e5458 - - default default] Successfully bumped revision number for resource ce81a77a-b275-42a0-bf6f-038da3600a4f (type: security_group_rules) to 0
2026-06-25 23:36:04.076 9 INFO neutron.db.ovn_revision_numbers_db [None req-03267e4b-88a9-4584-aa56-d635403d4703 24ec6474ecc044e2ae41c0deeced700c 67966b601ed3482bad44ef025a8e5458 - - default default] Successfully bumped revision number for resource fa8dba73-91f0-43ee-aa64-af72fe6009ba (type: security_group_rules) to 0
2026-06-25 23:36:04.108 9 INFO neutron.wsgi [None req-03267e4b-88a9-4584-aa56-d635403d4703 24ec6474ecc044e2ae41c0deeced700c 67966b601ed3482bad44ef025a8e5458 - - default default] 10.0.0.142 "GET /v2.0/security-groups?tenant_id=d502d9654b464134bbb46b098a0ec4ba&name=default HTTP/1.1" status: 200 len: 3120 time: 0.2805555
2026-06-25 23:36:04.144 10 INFO neutron.db.ovn_revision_numbers_db [None req-ce135096-ff23-4293-8601-e5f945e88f3e a3739eba7958404bacbe33194555bb6a fde290c90ec84a7cb91f3a259f20dc65 - - default default] Successfully bumped revision number for resource f059a7b9-5ab6-4774-866f-6ae09d877856 (type: ports) to 1
2026-06-25 23:36:04.186 10 INFO neutron.wsgi [None req-ce135096-ff23-4293-8601-e5f945e88f3e a3739eba7958404bacbe33194555bb6a fde290c90ec84a7cb91f3a259f20dc65 - - default default] 10.0.0.142 "POST /v2.0/networks HTTP/1.1" status: 201 len: 831 time: 1.0621653
2026-06-25 23:36:04.200 9 WARNING neutron_lib.context [None req-8fbe42b0-4f07-4add-8a6a-9ef460fbab11 a3739eba7958404bacbe33194555bb6a fde290c90ec84a7cb91f3a259f20dc65 - - default default] Method 'is_advsvc' is deprecated since 2023.2 release (neutron-lib 3.8.0) and will be removed once support for the old RBAC API policies will be removed from Neutron. Please use method 'is_service_role' instead.
2026-06-25 23:36:04.215 10 INFO neutron.wsgi [req-5ca9d196-2ae1-4765-8bbf-06b1bc8adf22 req-447fe01d-7f18-44c5-b849-3fc81f5ac2bb 6a09bfc23e924a26900b712bb5521d95 9261655c00ba4c4bb51817a1ad37b901 - - default default] 10.0.0.235 "GET /v2.0/security-groups?name=tempest-secgroup-smoke-637534537&fields=id&tenant_id=9261655c00ba4c4bb51817a1ad37b901 HTTP/1.1" status: 200 len: 267 time: 0.0736463
2026-06-25 23:36:04.316 10 INFO neutron.wsgi [req-5ca9d196-2ae1-4765-8bbf-06b1bc8adf22 req-0da15cbe-41d5-43b8-9560-d8945a5ec853 6a09bfc23e924a26900b712bb5521d95 9261655c00ba4c4bb51817a1ad37b901 - - default default] 10.0.0.235 "GET /v2.0/networks?id=56a4cafb-6303-492d-9d30-8fffe953efe7 HTTP/1.1" status: 200 len: 860 time: 0.0919781
2026-06-25 23:36:04.334 10 INFO neutron.wsgi [req-5ca9d196-2ae1-4765-8bbf-06b1bc8adf22 req-107db4e3-bf2d-43b4-8765-f64ec4eb16e8 6a09bfc23e924a26900b712bb5521d95 9261655c00ba4c4bb51817a1ad37b901 - - default default] 10.0.0.235 "GET /v2.0/quotas/9261655c00ba4c4bb51817a1ad37b901 HTTP/1.1" status: 200 len: 491 time: 0.0122688
2026-06-25 23:36:04.454 10 INFO neutron.wsgi [req-5ca9d196-2ae1-4765-8bbf-06b1bc8adf22 req-69a2032f-dfe7-4c31-8f4f-8bafca1c85c1 6a09bfc23e924a26900b712bb5521d95 9261655c00ba4c4bb51817a1ad37b901 - - default default] 10.0.0.235 "GET /v2.0/ports?tenant_id=9261655c00ba4c4bb51817a1ad37b901&fields=id HTTP/1.1" status: 200 len: 348 time: 0.1145232
2026-06-25 23:36:04.495 10 INFO neutron.wsgi [None req-29f5790c-523d-414a-b632-6a9513adc008 24ec6474ecc044e2ae41c0deeced700c 67966b601ed3482bad44ef025a8e5458 - - default default] 10.0.0.142 "DELETE /v2.0/security-groups/29951ad3-6bb2-4639-a9c1-a08c463f319d HTTP/1.1" status: 204 len: 168 time: 0.3796287
2026-06-25 23:36:04.495 9 WARNING neutron.scheduler.dhcp_agent_scheduler [None req-8fbe42b0-4f07-4add-8a6a-9ef460fbab11 a3739eba7958404bacbe33194555bb6a fde290c90ec84a7cb91f3a259f20dc65 - - default default] No more DHCP agents
2026-06-25 23:36:04.497 9 WARNING neutron.api.rpc.agentnotifiers.dhcp_rpc_agent_api [None req-8fbe42b0-4f07-4add-8a6a-9ef460fbab11 a3739eba7958404bacbe33194555bb6a fde290c90ec84a7cb91f3a259f20dc65 - - default default] Unable to schedule network e61180b0-1604-4e85-b78b-a79d9757980c: no agents available; will retry on subsequent port and subnet creation events.
2026-06-25 23:36:04.551 10 INFO neutron.wsgi [req-5ca9d196-2ae1-4765-8bbf-06b1bc8adf22 req-23d88c24-b855-4eb6-bc3f-07a21d2f548b 420cd27760f34920be6b26b13f4cadc3 09f9847f6c954d51aee4f7ccac8f7703 - - 32030298995a4f68b858402ad4c34d20 32030298995a4f68b858402ad4c34d20] 10.0.0.235 "GET /v2.0/networks/56a4cafb-6303-492d-9d30-8fffe953efe7?fields=segments HTTP/1.1" status: 200 len: 212 time: 0.0871406
2026-06-25 23:36:04.610 9 INFO neutron.db.ovn_revision_numbers_db [None req-8fbe42b0-4f07-4add-8a6a-9ef460fbab11 a3739eba7958404bacbe33194555bb6a fde290c90ec84a7cb91f3a259f20dc65 - - default default] Successfully bumped revision number for resource 08c5b366-9fa0-4e46-b3b8-b057d2665fe4 (type: ports) to 1
2026-06-25 23:36:04.617 10 INFO neutron.wsgi [req-5ca9d196-2ae1-4765-8bbf-06b1bc8adf22 req-6aeb5ae1-4d76-444f-9cc1-9b0e896fd91d 420cd27760f34920be6b26b13f4cadc3 09f9847f6c954d51aee4f7ccac8f7703 - - 32030298995a4f68b858402ad4c34d20 32030298995a4f68b858402ad4c34d20] 10.0.0.235 "GET /v2.0/networks/56a4cafb-6303-492d-9d30-8fffe953efe7?fields=provider%3Aphysical_network&fields=provider%3Anetwork_type HTTP/1.1" status: 200 len: 277 time: 0.0614440
2026-06-25 23:36:04.636 9 INFO neutron.wsgi [None req-8fbe42b0-4f07-4add-8a6a-9ef460fbab11 a3739eba7958404bacbe33194555bb6a fde290c90ec84a7cb91f3a259f20dc65 - - default default] 10.0.0.142 "POST /v2.0/ports HTTP/1.1" status: 201 len: 942 time: 0.4438438
2026-06-25 23:36:04.661 10 WARNING neutron_lib.context [None req-336aa548-c74a-4a8c-aa3a-6ee8044de16d a3739eba7958404bacbe33194555bb6a fde290c90ec84a7cb91f3a259f20dc65 - - default default] Method 'is_advsvc' is deprecated since 2023.2 release (neutron-lib 3.8.0) and will be removed once support for the old RBAC API policies will be removed from Neutron. Please use method 'is_service_role' instead. /var/lib/openstack/lib/python3.10/site-packages/pycadf/identifier.py:71: UserWarning: Invalid uuid: neutron. To ensure interoperability, identifiers should be a valid uuid. warnings.warn(('Invalid uuid: %s. To ensure interoperability, '
2026-06-25 23:36:04.827 9 INFO neutron.wsgi [req-a4e69a65-17e1-4af0-9fd6-47b651e77036 req-596d5430-9766-47e7-b5c3-116355799f93 6a09bfc23e924a26900b712bb5521d95 9261655c00ba4c4bb51817a1ad37b901 - - default default] 10.0.0.235 "GET /v2.0/ports?device_id=c84af70f-17d1-455d-9a2a-c4082936e9ae HTTP/1.1" status: 200 len: 210 time: 0.0351524
2026-06-25 23:36:04.895 10 INFO neutron.db.ovn_revision_numbers_db [None req-5032c85e-3b9a-4345-b387-aaef32a6df39 24ec6474ecc044e2ae41c0deeced700c 67966b601ed3482bad44ef025a8e5458 - - default default] Successfully bumped revision number for resource 6d856660-d0c7-4b31-afe4-96a26f449346 (type: security_groups) to 1
2026-06-25 23:36:04.940 10 INFO neutron.db.ovn_revision_numbers_db [None req-5032c85e-3b9a-4345-b387-aaef32a6df39 24ec6474ecc044e2ae41c0deeced700c 67966b601ed3482bad44ef025a8e5458 - - default default] Successfully bumped revision number for resource 16142989-c2b1-45a2-8d73-2182e41cc7a5 (type: security_group_rules) to 0
2026-06-25 23:36:04.968 10 INFO neutron.db.ovn_revision_numbers_db [None req-5032c85e-3b9a-4345-b387-aaef32a6df39 24ec6474ecc044e2ae41c0deeced700c 67966b601ed3482bad44ef025a8e5458 - - default default] Successfully bumped revision number for resource 853fa945-afc7-4c2a-b33b-d204b0c21297 (type: security_group_rules) to 0
2026-06-25 23:36:04.979 10 INFO neutron.wsgi [None req-336aa548-c74a-4a8c-aa3a-6ee8044de16d a3739eba7958404bacbe33194555bb6a fde290c90ec84a7cb91f3a259f20dc65 - - default default] 10.0.0.142 "POST /v2.0/trunks HTTP/1.1" status: 201 len: 608 time: 0.3237171
2026-06-25 23:36:04.987 10 INFO neutron.db.ovn_revision_numbers_db [None req-5032c85e-3b9a-4345-b387-aaef32a6df39 24ec6474ecc044e2ae41c0deeced700c 67966b601ed3482bad44ef025a8e5458 - - default default] Successfully bumped revision number for resource aa9f4ce8-ccfa-4658-b0ae-5c6cab7c1a61 (type: security_group_rules) to 0
2026-06-25 23:36:04.995 9 WARNING neutron_lib.context [None req-69fa62e9-dbe6-415c-8bad-83e6e33697b9 a3739eba7958404bacbe33194555bb6a fde290c90ec84a7cb91f3a259f20dc65 - - default default] Method 'is_advsvc' is deprecated since 2023.2 release (neutron-lib 3.8.0) and will be removed once support for the old RBAC API policies will be removed from Neutron. Please use method 'is_service_role' instead.
2026-06-25 23:36:05.011 10 INFO neutron.db.ovn_revision_numbers_db [None req-5032c85e-3b9a-4345-b387-aaef32a6df39 24ec6474ecc044e2ae41c0deeced700c 67966b601ed3482bad44ef025a8e5458 - - default default] Successfully bumped revision number for resource eb69b88a-aef4-4e8d-92df-cf7e626685e3 (type: security_group_rules) to 0
2026-06-25 23:36:05.054 10 INFO neutron.wsgi [None req-5032c85e-3b9a-4345-b387-aaef32a6df39 24ec6474ecc044e2ae41c0deeced700c 67966b601ed3482bad44ef025a8e5458 - - default default] 10.0.0.142 "GET /v2.0/security-groups?tenant_id=9910edfacf3241b28148267beb659891&name=default HTTP/1.1" status: 200 len: 3120 time: 0.3768909
2026-06-25 23:36:05.135 9 INFO neutron.db.segments_db [None req-69fa62e9-dbe6-415c-8bad-83e6e33697b9 a3739eba7958404bacbe33194555bb6a fde290c90ec84a7cb91f3a259f20dc65 - - default default] Added segment 3112c9bf-55d3-4f90-9558-aad29bb9d38f of type geneve for network 3ca1a1fe-83fc-442f-a975-9f722979658a
2026-06-25 23:36:05.283 9 INFO neutron.db.ovn_revision_numbers_db [None req-69fa62e9-dbe6-415c-8bad-83e6e33697b9 a3739eba7958404bacbe33194555bb6a fde290c90ec84a7cb91f3a259f20dc65 - - default default] Successfully bumped revision number for resource 3ca1a1fe-83fc-442f-a975-9f722979658a (type: networks) to 1
2026-06-25 23:36:05.390 9 INFO neutron.wsgi [None req-667505e2-9f7a-45a1-9be0-1a4c4b79b626 24ec6474ecc044e2ae41c0deeced700c 67966b601ed3482bad44ef025a8e5458 - - default default] 10.0.0.142 "DELETE /v2.0/security-groups/6d856660-d0c7-4b31-afe4-96a26f449346 HTTP/1.1" status: 204 len: 168 time: 0.3270669
2026-06-25 23:36:05.503 9 WARNING neutron.scheduler.dhcp_agent_scheduler [None req-69fa62e9-dbe6-415c-8bad-83e6e33697b9 a3739eba7958404bacbe33194555bb6a fde290c90ec84a7cb91f3a259f20dc65 - - default default] No more DHCP agents
2026-06-25 23:36:05.505 9 WARNING neutron.api.rpc.agentnotifiers.dhcp_rpc_agent_api [None req-69fa62e9-dbe6-415c-8bad-83e6e33697b9 a3739eba7958404bacbe33194555bb6a fde290c90ec84a7cb91f3a259f20dc65 - - default default] Unable to schedule network 3ca1a1fe-83fc-442f-a975-9f722979658a: no agents available; will retry on subsequent port and subnet creation events.
2026-06-25 23:36:05.612 10 INFO neutron.wsgi [req-5ca9d196-2ae1-4765-8bbf-06b1bc8adf22 req-9f626752-b771-4c3c-92c2-6c8986e15d2a 6a09bfc23e924a26900b712bb5521d95 9261655c00ba4c4bb51817a1ad37b901 - - default default] 199.19.213.157 "GET /v2.0/networks?id=56a4cafb-6303-492d-9d30-8fffe953efe7 HTTP/1.1" status: 200 len: 860 time: 0.0969799
2026-06-25 23:36:05.622 9 INFO neutron.db.ovn_revision_numbers_db [None req-69fa62e9-dbe6-415c-8bad-83e6e33697b9 a3739eba7958404bacbe33194555bb6a fde290c90ec84a7cb91f3a259f20dc65 - - default default] Successfully bumped revision number for resource e4efb952-6869-43e2-ac12-b5729f6fa758 (type: ports) to 1
2026-06-25 23:36:05.645 9 INFO neutron.wsgi [None req-69fa62e9-dbe6-415c-8bad-83e6e33697b9 a3739eba7958404bacbe33194555bb6a fde290c90ec84a7cb91f3a259f20dc65 - - default default] 10.0.0.142 "POST /v2.0/networks HTTP/1.1" status: 201 len: 830 time: 0.6612277
2026-06-25 23:36:05.656 9 WARNING neutron_lib.context [None req-0df33087-c8ab-44d7-929c-c8afda4d56da a3739eba7958404bacbe33194555bb6a fde290c90ec84a7cb91f3a259f20dc65 - - default default] Method 'is_advsvc' is deprecated since 2023.2 release (neutron-lib 3.8.0) and will be removed once support for the old RBAC API policies will be removed from Neutron. Please use method 'is_service_role' instead.
2026-06-25 23:36:05.692 10 INFO neutron.wsgi [req-5ca9d196-2ae1-4765-8bbf-06b1bc8adf22 req-091ab704-2277-408a-811e-905f305cc453 6a09bfc23e924a26900b712bb5521d95 9261655c00ba4c4bb51817a1ad37b901 - - default default] 199.19.213.157 "GET /v2.0/security-groups?fields=id&fields=name&tenant_id=9261655c00ba4c4bb51817a1ad37b901 HTTP/1.1" status: 200 len: 472 time: 0.0665381
2026-06-25 23:36:05.727 10 WARNING neutron_lib.context [req-5ca9d196-2ae1-4765-8bbf-06b1bc8adf22 req-e0975381-20b7-43f7-86d9-fbb48a664aa2 6a09bfc23e924a26900b712bb5521d95 9261655c00ba4c4bb51817a1ad37b901 - - default default] Method 'is_advsvc' is deprecated since 2023.2 release (neutron-lib 3.8.0) and will be removed once support for the old RBAC API policies will be removed from Neutron. Please use method 'is_service_role' instead.
2026-06-25 23:36:05.919 9 WARNING neutron.scheduler.dhcp_agent_scheduler [None req-0df33087-c8ab-44d7-929c-c8afda4d56da a3739eba7958404bacbe33194555bb6a fde290c90ec84a7cb91f3a259f20dc65 - - default default] No more DHCP agents
2026-06-25 23:36:05.921 9 WARNING neutron.api.rpc.agentnotifiers.dhcp_rpc_agent_api [None req-0df33087-c8ab-44d7-929c-c8afda4d56da a3739eba7958404bacbe33194555bb6a fde290c90ec84a7cb91f3a259f20dc65 - - default default] Unable to schedule network 3ca1a1fe-83fc-442f-a975-9f722979658a: no agents available; will retry on subsequent port and subnet creation events.
2026-06-25 23:36:05.962 10 INFO neutron.wsgi [req-65e5b0bd-bdb1-439d-890c-5e9f1a0f901b req-69118997-b114-492d-9fb7-f33570867b79 6a09bfc23e924a26900b712bb5521d95 9261655c00ba4c4bb51817a1ad37b901 - - default default] 10.0.0.235 "GET /v2.0/ports?device_id=c84af70f-17d1-455d-9a2a-c4082936e9ae HTTP/1.1" status: 200 len: 210 time: 0.0295784
2026-06-25 23:36:06.007 9 INFO neutron.db.ovn_revision_numbers_db [None req-0df33087-c8ab-44d7-929c-c8afda4d56da a3739eba7958404bacbe33194555bb6a fde290c90ec84a7cb91f3a259f20dc65 - - default default] Successfully bumped revision number for resource 45c8536d-a09f-4dd1-a806-2b953f0eba24 (type: ports) to 1
2026-06-25 23:36:06.031 9 INFO neutron.wsgi [None req-0df33087-c8ab-44d7-929c-c8afda4d56da a3739eba7958404bacbe33194555bb6a fde290c90ec84a7cb91f3a259f20dc65 - - default default] 10.0.0.142 "POST /v2.0/ports HTTP/1.1" status: 201 len: 942 time: 0.3806739 /var/lib/openstack/lib/python3.10/site-packages/pycadf/identifier.py:71: UserWarning: Invalid uuid: neutron. To ensure interoperability, identifiers should be a valid uuid. warnings.warn(('Invalid uuid: %s. To ensure interoperability, '
2026-06-25 23:36:06.044 9 WARNING neutron_lib.context [None req-12189fbb-e1ea-4099-9dd1-ad1192970738 a3739eba7958404bacbe33194555bb6a fde290c90ec84a7cb91f3a259f20dc65 - - default default] Method 'is_advsvc' is deprecated since 2023.2 release (neutron-lib 3.8.0) and will be removed once support for the old RBAC API policies will be removed from Neutron. Please use method 'is_service_role' instead.
2026-06-25 23:36:06.083 10 WARNING neutron.scheduler.dhcp_agent_scheduler [req-5ca9d196-2ae1-4765-8bbf-06b1bc8adf22 req-e0975381-20b7-43f7-86d9-fbb48a664aa2 6a09bfc23e924a26900b712bb5521d95 9261655c00ba4c4bb51817a1ad37b901 - - default default] No more DHCP agents
2026-06-25 23:36:06.085 10 WARNING neutron.api.rpc.agentnotifiers.dhcp_rpc_agent_api [req-5ca9d196-2ae1-4765-8bbf-06b1bc8adf22 req-e0975381-20b7-43f7-86d9-fbb48a664aa2 6a09bfc23e924a26900b712bb5521d95 9261655c00ba4c4bb51817a1ad37b901 - - default default] Unable to schedule network 56a4cafb-6303-492d-9d30-8fffe953efe7: no agents available; will retry on subsequent port and subnet creation events.
2026-06-25 23:36:06.247 10 INFO neutron.db.ovn_revision_numbers_db [req-5ca9d196-2ae1-4765-8bbf-06b1bc8adf22 req-e0975381-20b7-43f7-86d9-fbb48a664aa2 6a09bfc23e924a26900b712bb5521d95 9261655c00ba4c4bb51817a1ad37b901 - - default default] Successfully bumped revision number for resource 346224d6-3afa-46d6-81d0-8d75ca32c201 (type: ports) to 1
2026-06-25 23:36:06.272 10 INFO neutron.wsgi [req-5ca9d196-2ae1-4765-8bbf-06b1bc8adf22 req-e0975381-20b7-43f7-86d9-fbb48a664aa2 6a09bfc23e924a26900b712bb5521d95 9261655c00ba4c4bb51817a1ad37b901 - - default default] 199.19.213.157 "POST /v2.0/ports HTTP/1.1" status: 201 len: 1158 time: 0.5550463
2026-06-25 23:36:06.273 9 INFO neutron.wsgi [None req-12189fbb-e1ea-4099-9dd1-ad1192970738 a3739eba7958404bacbe33194555bb6a fde290c90ec84a7cb91f3a259f20dc65 - - default default] 10.0.0.142 "POST /v2.0/trunks HTTP/1.1" status: 201 len: 608 time: 0.2350969 /var/lib/openstack/lib/python3.10/site-packages/pycadf/identifier.py:71: UserWarning: Invalid uuid: neutron. To ensure interoperability, identifiers should be a valid uuid. warnings.warn(('Invalid uuid: %s. To ensure interoperability, '
2026-06-25 23:36:06.285 10 WARNING neutron_lib.context [None req-2e38055f-842b-4861-aa04-c8addb26da95 a3739eba7958404bacbe33194555bb6a fde290c90ec84a7cb91f3a259f20dc65 - - default default] Method 'is_advsvc' is deprecated since 2023.2 release (neutron-lib 3.8.0) and will be removed once support for the old RBAC API policies will be removed from Neutron. Please use method 'is_service_role' instead.
2026-06-25 23:36:06.305 9 INFO neutron.db.ovn_revision_numbers_db [None req-0329a85b-702a-4737-a04c-5c076cf9431f 24ec6474ecc044e2ae41c0deeced700c 67966b601ed3482bad44ef025a8e5458 - - default default] Successfully bumped revision number for resource 118abc95-4c13-459f-b5aa-996db91e13e2 (type: security_groups) to 1
2026-06-25 23:36:06.323 9 INFO neutron.db.ovn_revision_numbers_db [None req-0329a85b-702a-4737-a04c-5c076cf9431f 24ec6474ecc044e2ae41c0deeced700c 67966b601ed3482bad44ef025a8e5458 - - default default] Successfully bumped revision number for resource 2e947ed9-6838-4b5a-abb3-d9e90993c40c (type: security_group_rules) to 0
2026-06-25 23:36:06.340 9 INFO neutron.db.ovn_revision_numbers_db [None req-0329a85b-702a-4737-a04c-5c076cf9431f 24ec6474ecc044e2ae41c0deeced700c 67966b601ed3482bad44ef025a8e5458 - - default default] Successfully bumped revision number for resource 4146f432-3210-4d26-9e1c-5382bfd87388 (type: security_group_rules) to 0
2026-06-25 23:36:06.357 9 INFO neutron.db.ovn_revision_numbers_db [None req-0329a85b-702a-4737-a04c-5c076cf9431f 24ec6474ecc044e2ae41c0deeced700c 67966b601ed3482bad44ef025a8e5458 - - default default] Successfully bumped revision number for resource c09e360b-3470-4409-9acf-4ae0a629b211 (type: security_group_rules) to 0
2026-06-25 23:36:06.372 9 INFO neutron.db.ovn_revision_numbers_db [None req-0329a85b-702a-4737-a04c-5c076cf9431f 24ec6474ecc044e2ae41c0deeced700c 67966b601ed3482bad44ef025a8e5458 - - default default] Successfully bumped revision number for resource db86da33-c9ec-4159-9b91-3fbe986e62b6 (type: security_group_rules) to 0
2026-06-25 23:36:06.397 9 INFO neutron.wsgi [None req-0329a85b-702a-4737-a04c-5c076cf9431f 24ec6474ecc044e2ae41c0deeced700c 67966b601ed3482bad44ef025a8e5458 - - default default] 10.0.0.142 "GET /v2.0/security-groups?tenant_id=b1ccd9c154d8475098b56a20eca782c0&name=default HTTP/1.1" status: 200 len: 3120 time: 0.3379571
2026-06-25 23:36:06.428 10 INFO neutron.db.segments_db [None req-2e38055f-842b-4861-aa04-c8addb26da95 a3739eba7958404bacbe33194555bb6a fde290c90ec84a7cb91f3a259f20dc65 - - default default] Added segment 2568810c-5eda-43ba-828d-47e7eb786a24 of type geneve for network ad797315-10b1-4ef3-aaab-97acf043991b
2026-06-25 23:36:06.658 9 INFO neutron.wsgi [None req-0db68669-f475-4cb9-b473-291a462dcc03 24ec6474ecc044e2ae41c0deeced700c 67966b601ed3482bad44ef025a8e5458 - - default default] 10.0.0.142 "DELETE /v2.0/security-groups/118abc95-4c13-459f-b5aa-996db91e13e2 HTTP/1.1" status: 204 len: 168 time: 0.2507734
2026-06-25 23:36:06.668 10 INFO neutron.db.ovn_revision_numbers_db [None req-2e38055f-842b-4861-aa04-c8addb26da95 a3739eba7958404bacbe33194555bb6a fde290c90ec84a7cb91f3a259f20dc65 - - default default] Successfully bumped revision number for resource ad797315-10b1-4ef3-aaab-97acf043991b (type: networks) to 1
2026-06-25 23:36:06.889 10 WARNING neutron.scheduler.dhcp_agent_scheduler [None req-2e38055f-842b-4861-aa04-c8addb26da95 a3739eba7958404bacbe33194555bb6a fde290c90ec84a7cb91f3a259f20dc65 - - default default] No more DHCP agents
2026-06-25 23:36:06.898 10 WARNING neutron.api.rpc.agentnotifiers.dhcp_rpc_agent_api [None req-2e38055f-842b-4861-aa04-c8addb26da95 a3739eba7958404bacbe33194555bb6a fde290c90ec84a7cb91f3a259f20dc65 - - default default] Unable to schedule network ad797315-10b1-4ef3-aaab-97acf043991b: no agents available; will retry on subsequent port and subnet creation events.
2026-06-25 23:36:06.956 10 INFO neutron.db.ovn_revision_numbers_db [req-5ca9d196-2ae1-4765-8bbf-06b1bc8adf22 req-a1858d49-7d80-4f84-b4e2-ac3f47e79924 420cd27760f34920be6b26b13f4cadc3 09f9847f6c954d51aee4f7ccac8f7703 - - 32030298995a4f68b858402ad4c34d20 32030298995a4f68b858402ad4c34d20] Successfully bumped revision number for resource 346224d6-3afa-46d6-81d0-8d75ca32c201 (type: ports) to 2
2026-06-25 23:36:07.007 10 INFO neutron.db.ovn_revision_numbers_db [None req-2e38055f-842b-4861-aa04-c8addb26da95 a3739eba7958404bacbe33194555bb6a fde290c90ec84a7cb91f3a259f20dc65 - - default default] Successfully bumped revision number for resource 567b9e69-c904-4332-bb30-da2cde4da7f0 (type: ports) to 1
2026-06-25 23:36:07.038 10 INFO neutron.wsgi [None req-2e38055f-842b-4861-aa04-c8addb26da95 a3739eba7958404bacbe33194555bb6a fde290c90ec84a7cb91f3a259f20dc65 - - default default] 10.0.0.142 "POST /v2.0/networks HTTP/1.1" status: 201 len: 831 time: 0.7571425
2026-06-25 23:36:07.046 9 WARNING neutron_lib.context [None req-1fb32edc-2dac-4747-abb5-ec12a41b7914 a3739eba7958404bacbe33194555bb6a fde290c90ec84a7cb91f3a259f20dc65 - - default default] Method 'is_advsvc' is deprecated since 2023.2 release (neutron-lib 3.8.0) and will be removed once support for the old RBAC API policies will be removed from Neutron. Please use method 'is_service_role' instead.
2026-06-25 23:36:07.127 9 INFO neutron.wsgi [req-660fe476-e9d7-4664-a53d-b1747f112dbc req-8d8b0550-77d3-4a24-887b-3b212da7f2f3 6a09bfc23e924a26900b712bb5521d95 9261655c00ba4c4bb51817a1ad37b901 - - default default] 10.0.0.235 "GET /v2.0/ports?device_id=c84af70f-17d1-455d-9a2a-c4082936e9ae HTTP/1.1" status: 200 len: 1168 time: 0.1068673
2026-06-25 23:36:07.176 10 INFO neutron.db.ovn_revision_numbers_db [req-5ca9d196-2ae1-4765-8bbf-06b1bc8adf22 req-a1858d49-7d80-4f84-b4e2-ac3f47e79924 420cd27760f34920be6b26b13f4cadc3 09f9847f6c954d51aee4f7ccac8f7703 - - 32030298995a4f68b858402ad4c34d20 32030298995a4f68b858402ad4c34d20] Successfully bumped revision number for resource 346224d6-3afa-46d6-81d0-8d75ca32c201 (type: ports) to 2
2026-06-25 23:36:07.184 9 INFO neutron.wsgi [req-660fe476-e9d7-4664-a53d-b1747f112dbc req-6b4b9333-24bd-4523-a7dc-6cb83a3d9ed4 6a09bfc23e924a26900b712bb5521d95 9261655c00ba4c4bb51817a1ad37b901 - - default default] 10.0.0.235 "GET /v2.0/security-groups?id=538a40e9-3f0d-4648-a936-b58f4328a452&fields=id&fields=name HTTP/1.1" status: 200 len: 312 time: 0.0513570
2026-06-25 23:36:07.213 10 INFO neutron.wsgi [req-5ca9d196-2ae1-4765-8bbf-06b1bc8adf22 req-a1858d49-7d80-4f84-b4e2-ac3f47e79924 420cd27760f34920be6b26b13f4cadc3 09f9847f6c954d51aee4f7ccac8f7703 - - 32030298995a4f68b858402ad4c34d20 32030298995a4f68b858402ad4c34d20] 199.19.213.157 "PUT /v2.0/ports/346224d6-3afa-46d6-81d0-8d75ca32c201 HTTP/1.1" status: 200 len: 1376 time: 0.9220631 /var/lib/openstack/lib/python3.10/site-packages/pycadf/identifier.py:71: UserWarning: Invalid uuid: neutron. To ensure interoperability, identifiers should be a valid uuid. warnings.warn(('Invalid uuid: %s. To ensure interoperability, '
2026-06-25 23:36:07.263 10 INFO neutron.notifiers.nova [-] Nova event matching ['req-f0aff093-602e-457b-acf9-c64e47cd7170'] response: {'name': 'network-changed', 'server_uuid': 'c84af70f-17d1-455d-9a2a-c4082936e9ae', 'tag': '346224d6-3afa-46d6-81d0-8d75ca32c201', 'status': 'completed', 'code': 200}
2026-06-25 23:36:07.294 10 INFO neutron.wsgi [req-5ca9d196-2ae1-4765-8bbf-06b1bc8adf22 req-5c19537a-11d7-4bc1-ad56-65afbfe08d73 420cd27760f34920be6b26b13f4cadc3 09f9847f6c954d51aee4f7ccac8f7703 - - 32030298995a4f68b858402ad4c34d20 32030298995a4f68b858402ad4c34d20] 199.19.213.157 "GET /v2.0/ports?tenant_id=9261655c00ba4c4bb51817a1ad37b901&device_id=c84af70f-17d1-455d-9a2a-c4082936e9ae HTTP/1.1" status: 200 len: 1407 time: 0.0440423
2026-06-25 23:36:07.312 9 WARNING neutron.scheduler.dhcp_agent_scheduler [None req-1fb32edc-2dac-4747-abb5-ec12a41b7914 a3739eba7958404bacbe33194555bb6a fde290c90ec84a7cb91f3a259f20dc65 - - default default] No more DHCP agents
2026-06-25 23:36:07.316 9 WARNING neutron.api.rpc.agentnotifiers.dhcp_rpc_agent_api [None req-1fb32edc-2dac-4747-abb5-ec12a41b7914 a3739eba7958404bacbe33194555bb6a fde290c90ec84a7cb91f3a259f20dc65 - - default default] Unable to schedule network ad797315-10b1-4ef3-aaab-97acf043991b: no agents available; will retry on subsequent port and subnet creation events.
2026-06-25 23:36:07.329 10 INFO neutron.wsgi [req-5ca9d196-2ae1-4765-8bbf-06b1bc8adf22 req-94b01658-f270-4997-b02d-63c0e35c2f14 420cd27760f34920be6b26b13f4cadc3 09f9847f6c954d51aee4f7ccac8f7703 - - 32030298995a4f68b858402ad4c34d20 32030298995a4f68b858402ad4c34d20] 199.19.213.157 "GET /v2.0/floatingips?fixed_ip_address=10.100.0.9&port_id=346224d6-3afa-46d6-81d0-8d75ca32c201 HTTP/1.1" status: 200 len: 217 time: 0.0260222
2026-06-25 23:36:07.367 10 INFO neutron.wsgi [req-5ca9d196-2ae1-4765-8bbf-06b1bc8adf22 req-fe469271-12b8-47c0-8397-c996b6b53b93 420cd27760f34920be6b26b13f4cadc3 09f9847f6c954d51aee4f7ccac8f7703 - - 32030298995a4f68b858402ad4c34d20 32030298995a4f68b858402ad4c34d20] 199.19.213.157 "GET /v2.0/subnets?id=a34999ef-6f15-4902-8b88-020dd826d626 HTTP/1.1" status: 200 len: 852 time: 0.0335374
2026-06-25 23:36:07.408 10 INFO neutron.wsgi [req-5ca9d196-2ae1-4765-8bbf-06b1bc8adf22 req-f48843e9-9105-4d32-bd58-166df17b12b9 420cd27760f34920be6b26b13f4cadc3 09f9847f6c954d51aee4f7ccac8f7703 - - 32030298995a4f68b858402ad4c34d20 32030298995a4f68b858402ad4c34d20] 199.19.213.157 "GET /v2.0/ports?network_id=56a4cafb-6303-492d-9d30-8fffe953efe7&device_owner=network%3Adhcp HTTP/1.1" status: 200 len: 210 time: 0.0328839
2026-06-25 23:36:07.415 9 INFO neutron.db.ovn_revision_numbers_db [None req-1fb32edc-2dac-4747-abb5-ec12a41b7914 a3739eba7958404bacbe33194555bb6a fde290c90ec84a7cb91f3a259f20dc65 - - default default] Successfully bumped revision number for resource 34ddca2a-66bd-4e4d-9b76-970bdef7fcd5 (type: ports) to 1
2026-06-25 23:36:07.440 9 INFO neutron.wsgi [None req-1fb32edc-2dac-4747-abb5-ec12a41b7914 a3739eba7958404bacbe33194555bb6a fde290c90ec84a7cb91f3a259f20dc65 - - default default] 10.0.0.142 "POST /v2.0/ports HTTP/1.1" status: 201 len: 942 time: 0.3975093 /var/lib/openstack/lib/python3.10/site-packages/pycadf/identifier.py:71: UserWarning: Invalid uuid: neutron. To ensure interoperability, identifiers should be a valid uuid. warnings.warn(('Invalid uuid: %s. To ensure interoperability, '
