2026-06-25 23:35:41.202 9 INFO neutron.wsgi [None req-114641fa-608c-4780-8e52-357937c73b1a 24ec6474ecc044e2ae41c0deeced700c 67966b601ed3482bad44ef025a8e5458 - - default default] 10.0.0.142 "GET /v2.0/security-groups?tenant_id=b7bf592d15ad4ebebfb29dcc21158634&name=default HTTP/1.1" status: 200 len: 3120 time: 0.3437321
2026-06-25 23:35:41.349 9 WARNING neutron.scheduler.dhcp_agent_scheduler [None req-576bd67e-2b91-4b37-a54f-fd0f4962cbcf 142e9bac358c4c41ae6b9e3c269d61e7 b3005505919a4184b0e7ec1a12962ed6 - - default default] No more DHCP agents
2026-06-25 23:35:41.352 9 WARNING neutron.api.rpc.agentnotifiers.dhcp_rpc_agent_api [None req-576bd67e-2b91-4b37-a54f-fd0f4962cbcf 142e9bac358c4c41ae6b9e3c269d61e7 b3005505919a4184b0e7ec1a12962ed6 - - default default] Unable to schedule network 45d57e8d-9a27-4370-b35f-9e26e9861753: no agents available; will retry on subsequent port and subnet creation events.
2026-06-25 23:35:41.438 10 INFO neutron.wsgi [None req-9e7f5f85-4e06-4531-bbf2-075010ac32bb 24ec6474ecc044e2ae41c0deeced700c 67966b601ed3482bad44ef025a8e5458 - - default default] 10.0.0.142 "DELETE /v2.0/security-groups/40b476d3-9462-4c71-aa93-b297292b67b0 HTTP/1.1" status: 204 len: 168 time: 0.2312195
2026-06-25 23:35:41.470 9 INFO neutron.wsgi [req-07c266c6-f6ac-4030-a143-37616e1a514b req-2935d5f8-094a-4d59-b5ed-94317ab549bd 6a09bfc23e924a26900b712bb5521d95 9261655c00ba4c4bb51817a1ad37b901 - - default default] 10.0.0.235 "GET /v2.0/ports?device_id=a1b83055-b09a-4e91-a607-585b6c2d478b HTTP/1.1" status: 200 len: 1172 time: 0.0454404
2026-06-25 23:35:41.471 9 INFO neutron.db.ovn_revision_numbers_db [None req-576bd67e-2b91-4b37-a54f-fd0f4962cbcf 142e9bac358c4c41ae6b9e3c269d61e7 b3005505919a4184b0e7ec1a12962ed6 - - default default] Successfully bumped revision number for resource 65b0ccbf-668d-48e0-a4a4-041a5d060322 (type: ports) to 1
2026-06-25 23:35:41.502 9 INFO neutron.wsgi [None req-576bd67e-2b91-4b37-a54f-fd0f4962cbcf 142e9bac358c4c41ae6b9e3c269d61e7 b3005505919a4184b0e7ec1a12962ed6 - - default default] 10.0.0.142 "POST /v2.0/networks HTTP/1.1" status: 201 len: 928 time: 0.9695837
2026-06-25 23:35:41.525 9 INFO neutron.wsgi [req-07c266c6-f6ac-4030-a143-37616e1a514b req-ffc32801-3197-4719-b3f6-a67b4e9f7ed2 6a09bfc23e924a26900b712bb5521d95 9261655c00ba4c4bb51817a1ad37b901 - - default default] 10.0.0.235 "GET /v2.0/security-groups?id=645d46e5-2cf5-4a5a-b00a-e4dfa8d48b76&fields=id&fields=name HTTP/1.1" status: 200 len: 313 time: 0.0460994
2026-06-25 23:35:41.949 10 WARNING neutron.scheduler.dhcp_agent_scheduler [None req-66570ff5-deef-42ce-a48d-ce68fcedf94b 142e9bac358c4c41ae6b9e3c269d61e7 b3005505919a4184b0e7ec1a12962ed6 - - default default] No more DHCP agents
2026-06-25 23:35:41.953 10 WARNING neutron.api.rpc.agentnotifiers.dhcp_rpc_agent_api [None req-66570ff5-deef-42ce-a48d-ce68fcedf94b 142e9bac358c4c41ae6b9e3c269d61e7 b3005505919a4184b0e7ec1a12962ed6 - - default default] Unable to schedule network 45d57e8d-9a27-4370-b35f-9e26e9861753: no agents available; will retry on subsequent port and subnet creation events.
2026-06-25 23:35:41.990 10 INFO neutron.wsgi [req-71a01ce1-dfd8-46b4-a5e1-419e58fb910a req-74b02f00-cecd-4a2d-bdf1-7d171a317ad8 1f1fed2c5bd94ef18968bd58c8768cc6 b483b4b91bea4e60be4825fb1f2390bd - - default default] 10.0.0.235 "GET /v2.0/networks?id=81a26c7f-bde3-4047-8066-79cddb19116a HTTP/1.1" status: 200 len: 872 time: 0.0839794
2026-06-25 23:35:42.012 10 INFO neutron.wsgi [req-71a01ce1-dfd8-46b4-a5e1-419e58fb910a req-41c0e9f6-4705-4929-95f7-094f5f64abb1 1f1fed2c5bd94ef18968bd58c8768cc6 b483b4b91bea4e60be4825fb1f2390bd - - default default] 10.0.0.235 "GET /v2.0/quotas/b483b4b91bea4e60be4825fb1f2390bd HTTP/1.1" status: 200 len: 491 time: 0.0128899
2026-06-25 23:35:42.138 10 INFO neutron.wsgi [req-71a01ce1-dfd8-46b4-a5e1-419e58fb910a req-d2dc0681-070c-4619-8777-5e758bdfb4e2 1f1fed2c5bd94ef18968bd58c8768cc6 b483b4b91bea4e60be4825fb1f2390bd - - default default] 10.0.0.235 "GET /v2.0/ports?tenant_id=b483b4b91bea4e60be4825fb1f2390bd&fields=id HTTP/1.1" status: 200 len: 302 time: 0.1228783
2026-06-25 23:35:42.219 10 INFO neutron.wsgi [req-71a01ce1-dfd8-46b4-a5e1-419e58fb910a req-9654a4c5-2bc9-441f-92b9-714ff87db729 420cd27760f34920be6b26b13f4cadc3 09f9847f6c954d51aee4f7ccac8f7703 - - 32030298995a4f68b858402ad4c34d20 32030298995a4f68b858402ad4c34d20] 10.0.0.235 "GET /v2.0/networks/81a26c7f-bde3-4047-8066-79cddb19116a?fields=segments HTTP/1.1" status: 200 len: 212 time: 0.0713246
2026-06-25 23:35:42.302 10 INFO neutron.wsgi [req-71a01ce1-dfd8-46b4-a5e1-419e58fb910a req-641b93dd-33a6-40b2-94de-cad20b0105cc 420cd27760f34920be6b26b13f4cadc3 09f9847f6c954d51aee4f7ccac8f7703 - - 32030298995a4f68b858402ad4c34d20 32030298995a4f68b858402ad4c34d20] 10.0.0.235 "GET /v2.0/networks/81a26c7f-bde3-4047-8066-79cddb19116a?fields=provider%3Aphysical_network&fields=provider%3Anetwork_type HTTP/1.1" status: 200 len: 277 time: 0.0739706
2026-06-25 23:35:42.458 9 INFO neutron.wsgi [req-caeac99a-0168-4d4f-bace-ad9973ea357b req-4593750f-5f7c-496c-8f48-e9eebc54c98e 1f1fed2c5bd94ef18968bd58c8768cc6 b483b4b91bea4e60be4825fb1f2390bd - - default default] 10.0.0.235 "GET /v2.0/ports?device_id=d09a5850-d3cd-4f49-a4cf-9cb931e49437 HTTP/1.1" status: 200 len: 210 time: 0.0301092
2026-06-25 23:35:42.578 10 INFO neutron.db.ovn_revision_numbers_db [None req-66570ff5-deef-42ce-a48d-ce68fcedf94b 142e9bac358c4c41ae6b9e3c269d61e7 b3005505919a4184b0e7ec1a12962ed6 - - default default] Successfully bumped revision number for resource 65b0ccbf-668d-48e0-a4a4-041a5d060322 (type: ports) to 2
2026-06-25 23:35:42.626 10 INFO neutron.db.ovn_revision_numbers_db [None req-66570ff5-deef-42ce-a48d-ce68fcedf94b 142e9bac358c4c41ae6b9e3c269d61e7 b3005505919a4184b0e7ec1a12962ed6 - - default default] Successfully bumped revision number for resource d43a6e66-122e-4a5d-8c37-d8331137ed38 (type: subnets) to 0
2026-06-25 23:35:42.643 10 INFO neutron.wsgi [req-0f78976c-03a9-4c53-85f5-ca26f2c24e0b req-cea35e8b-3993-4577-8875-8b257cf2595a 6a09bfc23e924a26900b712bb5521d95 9261655c00ba4c4bb51817a1ad37b901 - - default default] 10.0.0.235 "GET /v2.0/ports?device_id=a1b83055-b09a-4e91-a607-585b6c2d478b HTTP/1.1" status: 200 len: 1172 time: 0.0513401
2026-06-25 23:35:42.665 10 INFO neutron.wsgi [None req-66570ff5-deef-42ce-a48d-ce68fcedf94b 142e9bac358c4c41ae6b9e3c269d61e7 b3005505919a4184b0e7ec1a12962ed6 - - default default] 10.0.0.142 "POST /v2.0/subnets HTTP/1.1" status: 201 len: 819 time: 1.1567218
2026-06-25 23:35:42.676 10 WARNING neutron.api.v2.base [None req-8e1ba96f-849a-4ced-8367-4405bdc8f29c 142e9bac358c4c41ae6b9e3c269d61e7 b3005505919a4184b0e7ec1a12962ed6 - - default default] An exception happened while processing the request body. The exception message is [Invalid input for target_tenant. Reason: 'None' is not a valid string.].: webob.exc.HTTPBadRequest: Invalid input for target_tenant. Reason: 'None' is not a valid string.
2026-06-25 23:35:42.677 10 INFO neutron.api.v2.resource [None req-8e1ba96f-849a-4ced-8367-4405bdc8f29c 142e9bac358c4c41ae6b9e3c269d61e7 b3005505919a4184b0e7ec1a12962ed6 - - default default] create failed (client error): Invalid input for target_tenant. Reason: 'None' is not a valid string.
2026-06-25 23:35:42.678 10 INFO neutron.wsgi [None req-8e1ba96f-849a-4ced-8367-4405bdc8f29c 142e9bac358c4c41ae6b9e3c269d61e7 b3005505919a4184b0e7ec1a12962ed6 - - default default] 10.0.0.142 "POST /v2.0/rbac-policies HTTP/1.1" status: 400 len: 346 time: 0.0050826
2026-06-25 23:35:42.709 10 INFO neutron.wsgi [req-0f78976c-03a9-4c53-85f5-ca26f2c24e0b req-a7099854-be25-4215-aab8-2369fd6505e5 6a09bfc23e924a26900b712bb5521d95 9261655c00ba4c4bb51817a1ad37b901 - - default default] 10.0.0.235 "GET /v2.0/security-groups?id=645d46e5-2cf5-4a5a-b00a-e4dfa8d48b76&fields=id&fields=name HTTP/1.1" status: 200 len: 313 time: 0.0578618
2026-06-25 23:35:43.259 10 INFO neutron.wsgi [req-71a01ce1-dfd8-46b4-a5e1-419e58fb910a req-5f2b84e9-99ff-42dc-9226-bc96306eb480 1f1fed2c5bd94ef18968bd58c8768cc6 b483b4b91bea4e60be4825fb1f2390bd - - default default] 199.19.213.157 "GET /v2.0/networks?id=81a26c7f-bde3-4047-8066-79cddb19116a HTTP/1.1" status: 200 len: 872 time: 0.0663195
2026-06-25 23:35:43.272 10 WARNING neutron_lib.context [req-71a01ce1-dfd8-46b4-a5e1-419e58fb910a req-0a5cb805-e817-4742-9702-5f97045d8cb6 1f1fed2c5bd94ef18968bd58c8768cc6 b483b4b91bea4e60be4825fb1f2390bd - - default default] Method 'is_advsvc' is deprecated since 2023.2 release (neutron-lib 3.8.0) and will be removed once support for the old RBAC API policies will be removed from Neutron. Please use method 'is_service_role' instead.
2026-06-25 23:35:43.544 9 INFO neutron.wsgi [req-2757d999-697d-4ee2-a494-197cf3b02ef8 req-32834e82-67f9-4ab2-95c1-0915bdcbd46d 1f1fed2c5bd94ef18968bd58c8768cc6 b483b4b91bea4e60be4825fb1f2390bd - - default default] 10.0.0.235 "GET /v2.0/ports?device_id=d09a5850-d3cd-4f49-a4cf-9cb931e49437 HTTP/1.1" status: 200 len: 210 time: 0.0236766
2026-06-25 23:35:43.613 10 WARNING neutron.scheduler.dhcp_agent_scheduler [req-71a01ce1-dfd8-46b4-a5e1-419e58fb910a req-0a5cb805-e817-4742-9702-5f97045d8cb6 1f1fed2c5bd94ef18968bd58c8768cc6 b483b4b91bea4e60be4825fb1f2390bd - - default default] No more DHCP agents
2026-06-25 23:35:43.616 10 WARNING neutron.api.rpc.agentnotifiers.dhcp_rpc_agent_api [req-71a01ce1-dfd8-46b4-a5e1-419e58fb910a req-0a5cb805-e817-4742-9702-5f97045d8cb6 1f1fed2c5bd94ef18968bd58c8768cc6 b483b4b91bea4e60be4825fb1f2390bd - - default default] Unable to schedule network 81a26c7f-bde3-4047-8066-79cddb19116a: no agents available; will retry on subsequent port and subnet creation events. /var/lib/openstack/lib/python3.10/site-packages/pycadf/identifier.py:71: UserWarning: Invalid uuid: neutron. To ensure interoperability, identifiers should be a valid uuid. warnings.warn(('Invalid uuid: %s. To ensure interoperability, '
2026-06-25 23:35:43.845 10 INFO neutron.wsgi [req-4238207c-2b2b-4bc2-b4d4-97fcadddb515 req-0ac1bbae-8652-4d8b-b81a-7f6391e72d05 6a09bfc23e924a26900b712bb5521d95 9261655c00ba4c4bb51817a1ad37b901 - - default default] 10.0.0.235 "GET /v2.0/ports?device_id=a1b83055-b09a-4e91-a607-585b6c2d478b HTTP/1.1" status: 200 len: 1172 time: 0.0767896
2026-06-25 23:35:43.845 10 INFO neutron.db.ovn_revision_numbers_db [req-71a01ce1-dfd8-46b4-a5e1-419e58fb910a req-0a5cb805-e817-4742-9702-5f97045d8cb6 1f1fed2c5bd94ef18968bd58c8768cc6 b483b4b91bea4e60be4825fb1f2390bd - - default default] Successfully bumped revision number for resource bb3a7ae3-0718-4e17-bdda-ebf59f1c7042 (type: ports) to 1
2026-06-25 23:35:43.862 9 INFO neutron.services.segments.plugin [-] Segment 1c39a0b5-7c36-4db0-b412-6953889ffdfc resource provider aggregate not found
2026-06-25 23:35:43.872 9 INFO neutron.services.segments.plugin [-] Segment 1c39a0b5-7c36-4db0-b412-6953889ffdfc resource provider aggregate not found
2026-06-25 23:35:43.884 9 INFO neutron.services.segments.plugin [-] Segment 1c39a0b5-7c36-4db0-b412-6953889ffdfc resource provider not found; error: Placement Client Error (4xx): {"errors": [{"status": 404, "title": "Not Found", "detail": "The resource could not be found.\n\n No resource provider with uuid 1c39a0b5-7c36-4db0-b412-6953889ffdfc found for delete ", "request_id": "req-9fa8f923-6bbf-4bb4-8960-3cb208464f16"}]}
2026-06-25 23:35:43.886 10 INFO neutron.wsgi [req-71a01ce1-dfd8-46b4-a5e1-419e58fb910a req-0a5cb805-e817-4742-9702-5f97045d8cb6 1f1fed2c5bd94ef18968bd58c8768cc6 b483b4b91bea4e60be4825fb1f2390bd - - default default] 199.19.213.157 "POST /v2.0/ports HTTP/1.1" status: 201 len: 1162 time: 0.6192262
2026-06-25 23:35:43.891 9 INFO neutron.services.segments.plugin [-] Segment 1c39a0b5-7c36-4db0-b412-6953889ffdfc resource provider not found; error: Placement Client Error (4xx): {"errors": [{"status": 404, "title": "Not Found", "detail": "The resource could not be found.\n\n No resource provider with uuid 1c39a0b5-7c36-4db0-b412-6953889ffdfc found for delete ", "request_id": "req-aa36aa45-30af-4bf1-9176-533b7a6dba3d"}]}
2026-06-25 23:35:43.912 9 INFO neutron.wsgi [None req-506287d8-7145-4ecd-b323-cb8f79ef5f90 142e9bac358c4c41ae6b9e3c269d61e7 b3005505919a4184b0e7ec1a12962ed6 - - default default] 10.0.0.142 "DELETE /v2.0/networks/45d57e8d-9a27-4370-b35f-9e26e9861753 HTTP/1.1" status: 204 len: 168 time: 1.2312064
2026-06-25 23:35:43.931 10 INFO neutron.wsgi [req-4238207c-2b2b-4bc2-b4d4-97fcadddb515 req-d66997d3-6eb2-49bb-afd4-be4a39ee8a2a 6a09bfc23e924a26900b712bb5521d95 9261655c00ba4c4bb51817a1ad37b901 - - default default] 10.0.0.235 "GET /v2.0/security-groups?id=645d46e5-2cf5-4a5a-b00a-e4dfa8d48b76&fields=id&fields=name HTTP/1.1" status: 200 len: 313 time: 0.0747793
2026-06-25 23:35:44.025 9 INFO neutron.db.segments_db [None req-e3b751ab-3305-4135-ac82-a4634cbc3d72 142e9bac358c4c41ae6b9e3c269d61e7 b3005505919a4184b0e7ec1a12962ed6 - - default default] Added segment 2413cb53-c45c-404b-8254-1210304592ab of type geneve for network c7001e26-4da9-42c2-8bc9-5f1f9b88e85b
2026-06-25 23:35:44.176 9 INFO neutron.db.ovn_revision_numbers_db [None req-e3b751ab-3305-4135-ac82-a4634cbc3d72 142e9bac358c4c41ae6b9e3c269d61e7 b3005505919a4184b0e7ec1a12962ed6 - - default default] Successfully bumped revision number for resource c7001e26-4da9-42c2-8bc9-5f1f9b88e85b (type: networks) to 1
2026-06-25 23:35:44.367 10 INFO neutron.db.ovn_revision_numbers_db [req-71a01ce1-dfd8-46b4-a5e1-419e58fb910a req-7a1ab5f4-937f-4877-807d-f4d298285d0a 420cd27760f34920be6b26b13f4cadc3 09f9847f6c954d51aee4f7ccac8f7703 - - 32030298995a4f68b858402ad4c34d20 32030298995a4f68b858402ad4c34d20] Successfully bumped revision number for resource bb3a7ae3-0718-4e17-bdda-ebf59f1c7042 (type: ports) to 2
2026-06-25 23:35:44.382 9 WARNING neutron.scheduler.dhcp_agent_scheduler [None req-e3b751ab-3305-4135-ac82-a4634cbc3d72 142e9bac358c4c41ae6b9e3c269d61e7 b3005505919a4184b0e7ec1a12962ed6 - - default default] No more DHCP agents
2026-06-25 23:35:44.384 9 WARNING neutron.api.rpc.agentnotifiers.dhcp_rpc_agent_api [None req-e3b751ab-3305-4135-ac82-a4634cbc3d72 142e9bac358c4c41ae6b9e3c269d61e7 b3005505919a4184b0e7ec1a12962ed6 - - default default] Unable to schedule network c7001e26-4da9-42c2-8bc9-5f1f9b88e85b: no agents available; will retry on subsequent port and subnet creation events.
2026-06-25 23:35:44.500 9 INFO neutron.db.ovn_revision_numbers_db [None req-e3b751ab-3305-4135-ac82-a4634cbc3d72 142e9bac358c4c41ae6b9e3c269d61e7 b3005505919a4184b0e7ec1a12962ed6 - - default default] Successfully bumped revision number for resource a9741a7a-8415-44ea-bbe4-dd29ba1b9472 (type: ports) to 1
2026-06-25 23:35:44.534 9 INFO neutron.wsgi [None req-e3b751ab-3305-4135-ac82-a4634cbc3d72 142e9bac358c4c41ae6b9e3c269d61e7 b3005505919a4184b0e7ec1a12962ed6 - - default default] 10.0.0.142 "POST /v2.0/networks HTTP/1.1" status: 201 len: 929 time: 0.6133888
2026-06-25 23:35:44.593 10 INFO neutron.db.ovn_revision_numbers_db [req-71a01ce1-dfd8-46b4-a5e1-419e58fb910a req-7a1ab5f4-937f-4877-807d-f4d298285d0a 420cd27760f34920be6b26b13f4cadc3 09f9847f6c954d51aee4f7ccac8f7703 - - 32030298995a4f68b858402ad4c34d20 32030298995a4f68b858402ad4c34d20] Successfully bumped revision number for resource bb3a7ae3-0718-4e17-bdda-ebf59f1c7042 (type: ports) to 2
2026-06-25 23:35:44.615 10 INFO neutron.wsgi [req-71a01ce1-dfd8-46b4-a5e1-419e58fb910a req-7a1ab5f4-937f-4877-807d-f4d298285d0a 420cd27760f34920be6b26b13f4cadc3 09f9847f6c954d51aee4f7ccac8f7703 - - 32030298995a4f68b858402ad4c34d20 32030298995a4f68b858402ad4c34d20] 199.19.213.157 "PUT /v2.0/ports/bb3a7ae3-0718-4e17-bdda-ebf59f1c7042 HTTP/1.1" status: 200 len: 1380 time: 0.7184801
2026-06-25 23:35:44.661 10 INFO neutron.notifiers.nova [-] Nova event matching ['req-6bdeb0dd-1e2a-4de0-8326-859a650644dd'] response: {'name': 'network-changed', 'server_uuid': 'd09a5850-d3cd-4f49-a4cf-9cb931e49437', 'tag': 'bb3a7ae3-0718-4e17-bdda-ebf59f1c7042', 'status': 'completed', 'code': 200} /var/lib/openstack/lib/python3.10/site-packages/pycadf/identifier.py:71: UserWarning: Invalid uuid: neutron. To ensure interoperability, identifiers should be a valid uuid. warnings.warn(('Invalid uuid: %s. To ensure interoperability, '
2026-06-25 23:35:44.701 10 INFO neutron.wsgi [req-71a01ce1-dfd8-46b4-a5e1-419e58fb910a req-dd8730bc-d13a-40f9-b873-c26e83f50d72 420cd27760f34920be6b26b13f4cadc3 09f9847f6c954d51aee4f7ccac8f7703 - - 32030298995a4f68b858402ad4c34d20 32030298995a4f68b858402ad4c34d20] 199.19.213.157 "GET /v2.0/ports?tenant_id=b483b4b91bea4e60be4825fb1f2390bd&device_id=d09a5850-d3cd-4f49-a4cf-9cb931e49437 HTTP/1.1" status: 200 len: 1411 time: 0.0381479
2026-06-25 23:35:44.726 9 INFO neutron.wsgi [req-385a1611-9b3b-4b7d-975b-73c30bad172c req-ff3a5507-291a-460b-ae3e-f9c47b59ea58 1f1fed2c5bd94ef18968bd58c8768cc6 b483b4b91bea4e60be4825fb1f2390bd - - default default] 10.0.0.235 "GET /v2.0/ports?device_id=d09a5850-d3cd-4f49-a4cf-9cb931e49437 HTTP/1.1" status: 200 len: 1172 time: 0.1202333
2026-06-25 23:35:44.734 10 INFO neutron.wsgi [req-71a01ce1-dfd8-46b4-a5e1-419e58fb910a req-abc26546-7d1b-49b2-930b-2fe6238b6304 420cd27760f34920be6b26b13f4cadc3 09f9847f6c954d51aee4f7ccac8f7703 - - 32030298995a4f68b858402ad4c34d20 32030298995a4f68b858402ad4c34d20] 199.19.213.157 "GET /v2.0/floatingips?fixed_ip_address=10.100.0.13&port_id=bb3a7ae3-0718-4e17-bdda-ebf59f1c7042 HTTP/1.1" status: 200 len: 217 time: 0.0269628
2026-06-25 23:35:44.761 9 WARNING neutron.scheduler.dhcp_agent_scheduler [None req-b2d5eab0-9b43-4b4f-8b2a-1cdae0619d5b 142e9bac358c4c41ae6b9e3c269d61e7 b3005505919a4184b0e7ec1a12962ed6 - - default default] No more DHCP agents
2026-06-25 23:35:44.765 9 WARNING neutron.api.rpc.agentnotifiers.dhcp_rpc_agent_api [None req-b2d5eab0-9b43-4b4f-8b2a-1cdae0619d5b 142e9bac358c4c41ae6b9e3c269d61e7 b3005505919a4184b0e7ec1a12962ed6 - - default default] Unable to schedule network c7001e26-4da9-42c2-8bc9-5f1f9b88e85b: no agents available; will retry on subsequent port and subnet creation events.
2026-06-25 23:35:44.770 10 INFO neutron.wsgi [req-71a01ce1-dfd8-46b4-a5e1-419e58fb910a req-7518fa62-ce29-4982-a82b-51819208312c 420cd27760f34920be6b26b13f4cadc3 09f9847f6c954d51aee4f7ccac8f7703 - - 32030298995a4f68b858402ad4c34d20 32030298995a4f68b858402ad4c34d20] 199.19.213.157 "GET /v2.0/subnets?id=f77be1f8-c5b6-49b1-8309-f5e80c3919fe HTTP/1.1" status: 200 len: 866 time: 0.0317039
2026-06-25 23:35:44.798 10 INFO neutron.wsgi [req-71a01ce1-dfd8-46b4-a5e1-419e58fb910a req-4be94dde-53e9-4334-a28f-bd70fc306cdf 420cd27760f34920be6b26b13f4cadc3 09f9847f6c954d51aee4f7ccac8f7703 - - 32030298995a4f68b858402ad4c34d20 32030298995a4f68b858402ad4c34d20] 199.19.213.157 "GET /v2.0/ports?network_id=81a26c7f-bde3-4047-8066-79cddb19116a&device_owner=network%3Adhcp HTTP/1.1" status: 200 len: 210 time: 0.0193067
2026-06-25 23:35:44.799 9 INFO neutron.wsgi [req-385a1611-9b3b-4b7d-975b-73c30bad172c req-32f72748-8100-4d80-9867-a692baba82a9 1f1fed2c5bd94ef18968bd58c8768cc6 b483b4b91bea4e60be4825fb1f2390bd - - default default] 10.0.0.235 "GET /v2.0/security-groups?id=a87951af-e3f8-4247-9419-2934a090e6ea&fields=id&fields=name HTTP/1.1" status: 200 len: 286 time: 0.0674851
2026-06-25 23:35:44.855 10 INFO neutron.wsgi [req-71a01ce1-dfd8-46b4-a5e1-419e58fb910a req-9b2eb922-8767-41f1-8518-28cea95a9446 420cd27760f34920be6b26b13f4cadc3 09f9847f6c954d51aee4f7ccac8f7703 - - 32030298995a4f68b858402ad4c34d20 32030298995a4f68b858402ad4c34d20] 199.19.213.157 "GET /v2.0/networks/81a26c7f-bde3-4047-8066-79cddb19116a?fields=segments HTTP/1.1" status: 200 len: 212 time: 0.0496693
2026-06-25 23:35:44.922 10 INFO neutron.wsgi [req-71a01ce1-dfd8-46b4-a5e1-419e58fb910a req-b2af1a75-6e91-4ce6-8934-7c9263693624 420cd27760f34920be6b26b13f4cadc3 09f9847f6c954d51aee4f7ccac8f7703 - - 32030298995a4f68b858402ad4c34d20 32030298995a4f68b858402ad4c34d20] 199.19.213.157 "GET /v2.0/networks/81a26c7f-bde3-4047-8066-79cddb19116a?fields=provider%3Aphysical_network&fields=provider%3Anetwork_type HTTP/1.1" status: 200 len: 277 time: 0.0587626
2026-06-25 23:35:45.010 10 INFO neutron.wsgi [req-99c3651d-1f7f-442b-9b61-102cccfb6ad2 req-b3cc82cc-1910-4217-bf92-5c3d99c9e7e4 420cd27760f34920be6b26b13f4cadc3 09f9847f6c954d51aee4f7ccac8f7703 - - 32030298995a4f68b858402ad4c34d20 32030298995a4f68b858402ad4c34d20] 199.19.213.157 "GET /v2.0/ports?tenant_id=b483b4b91bea4e60be4825fb1f2390bd&device_id=d09a5850-d3cd-4f49-a4cf-9cb931e49437 HTTP/1.1" status: 200 len: 1411 time: 0.0531788
2026-06-25 23:35:45.026 9 WARNING neutron.plugins.ml2.drivers.ovn.mech_driver.ovsdb.ovn_client [None req-6e2e24ea-f118-4e62-a41f-bc4c5e49f81c - - - - - -] No hosting information found for port e3fb53b7-a5ed-4848-a28c-f897058b3d3d: RuntimeError: No hosting information found for port e3fb53b7-a5ed-4848-a28c-f897058b3d3d
2026-06-25 23:35:45.027 9 INFO neutron.plugins.ml2.drivers.ovn.mech_driver.mech_driver [None req-6e2e24ea-f118-4e62-a41f-bc4c5e49f81c - - - - - -] OVN reports status up for port: adc68100-f78e-4609-98d1-5237568c80a2
2026-06-25 23:35:45.056 9 INFO neutron.plugins.ml2.plugin [None req-6e2e24ea-f118-4e62-a41f-bc4c5e49f81c - - - - - -] Attempt 1 to provision port adc68100-f78e-4609-98d1-5237568c80a2
2026-06-25 23:35:45.065 10 INFO neutron.wsgi [req-7abf39b3-49fc-4738-8682-64594efeb772 req-77d45e9f-c5b7-4188-8611-5dae614bb200 6a09bfc23e924a26900b712bb5521d95 9261655c00ba4c4bb51817a1ad37b901 - - default default] 10.0.0.235 "GET /v2.0/ports?device_id=a1b83055-b09a-4e91-a607-585b6c2d478b HTTP/1.1" status: 200 len: 1172 time: 0.0451009
2026-06-25 23:35:45.102 10 INFO neutron.wsgi [req-99c3651d-1f7f-442b-9b61-102cccfb6ad2 req-d869cb3f-f527-4d5d-bfd3-610b8d6d2654 420cd27760f34920be6b26b13f4cadc3 09f9847f6c954d51aee4f7ccac8f7703 - - 32030298995a4f68b858402ad4c34d20 32030298995a4f68b858402ad4c34d20] 199.19.213.157 "GET /v2.0/networks?id=81a26c7f-bde3-4047-8066-79cddb19116a HTTP/1.1" status: 200 len: 971 time: 0.0877898
2026-06-25 23:35:45.128 10 INFO neutron.wsgi [req-7abf39b3-49fc-4738-8682-64594efeb772 req-e87a0aa8-c75e-487a-9bad-cf64807c8cec 6a09bfc23e924a26900b712bb5521d95 9261655c00ba4c4bb51817a1ad37b901 - - default default] 10.0.0.235 "GET /v2.0/security-groups?id=645d46e5-2cf5-4a5a-b00a-e4dfa8d48b76&fields=id&fields=name HTTP/1.1" status: 200 len: 313 time: 0.0554919
2026-06-25 23:35:45.173 10 INFO neutron.plugins.ml2.drivers.ovn.mech_driver.mech_driver [None req-5102223b-5601-4f82-9a59-9d60c6d602c9 - - - - - -] OVN reports status up for port: bb3a7ae3-0718-4e17-bdda-ebf59f1c7042
2026-06-25 23:35:45.177 10 INFO neutron.wsgi [req-99c3651d-1f7f-442b-9b61-102cccfb6ad2 req-d357e44f-d8c0-4390-81ff-e57cd0acc8d1 420cd27760f34920be6b26b13f4cadc3 09f9847f6c954d51aee4f7ccac8f7703 - - 32030298995a4f68b858402ad4c34d20 32030298995a4f68b858402ad4c34d20] 199.19.213.157 "GET /v2.0/floatingips?fixed_ip_address=10.100.0.13&port_id=bb3a7ae3-0718-4e17-bdda-ebf59f1c7042 HTTP/1.1" status: 200 len: 217 time: 0.0649118
2026-06-25 23:35:45.189 10 INFO neutron.plugins.ml2.plugin [None req-5102223b-5601-4f82-9a59-9d60c6d602c9 - - - - - -] Attempt 1 to provision port bb3a7ae3-0718-4e17-bdda-ebf59f1c7042
2026-06-25 23:35:45.275 9 INFO neutron.notifiers.nova [-] Nova event matching ['req-28676713-1599-422a-af4e-ef9728df3e25'] response: {'server_uuid': 'a1b83055-b09a-4e91-a607-585b6c2d478b', 'name': 'network-vif-plugged', 'status': 'completed', 'tag': 'adc68100-f78e-4609-98d1-5237568c80a2', 'code': 200}
2026-06-25 23:35:45.290 10 INFO neutron.wsgi [req-99c3651d-1f7f-442b-9b61-102cccfb6ad2 req-cbf8b6d7-d4cb-4ba1-8ea1-ccbe8ca5bac5 420cd27760f34920be6b26b13f4cadc3 09f9847f6c954d51aee4f7ccac8f7703 - - 32030298995a4f68b858402ad4c34d20 32030298995a4f68b858402ad4c34d20] 199.19.213.157 "GET /v2.0/subnets?id=f77be1f8-c5b6-49b1-8309-f5e80c3919fe HTTP/1.1" status: 200 len: 866 time: 0.1033368
2026-06-25 23:35:45.332 10 INFO neutron.wsgi [req-99c3651d-1f7f-442b-9b61-102cccfb6ad2 req-3b5b2bae-df81-4169-8e55-e2523b80a38c 420cd27760f34920be6b26b13f4cadc3 09f9847f6c954d51aee4f7ccac8f7703 - - 32030298995a4f68b858402ad4c34d20 32030298995a4f68b858402ad4c34d20] 199.19.213.157 "GET /v2.0/ports?network_id=81a26c7f-bde3-4047-8066-79cddb19116a&device_owner=network%3Adhcp HTTP/1.1" status: 200 len: 210 time: 0.0336742
2026-06-25 23:35:45.442 10 INFO neutron.wsgi [req-99c3651d-1f7f-442b-9b61-102cccfb6ad2 req-9fea50d2-5571-42fd-8c47-fb390a4ef3e2 420cd27760f34920be6b26b13f4cadc3 09f9847f6c954d51aee4f7ccac8f7703 - - 32030298995a4f68b858402ad4c34d20 32030298995a4f68b858402ad4c34d20] 199.19.213.157 "GET /v2.0/networks/81a26c7f-bde3-4047-8066-79cddb19116a?fields=segments HTTP/1.1" status: 200 len: 212 time: 0.0907400
2026-06-25 23:35:45.534 9 INFO neutron.db.ovn_revision_numbers_db [None req-b2d5eab0-9b43-4b4f-8b2a-1cdae0619d5b 142e9bac358c4c41ae6b9e3c269d61e7 b3005505919a4184b0e7ec1a12962ed6 - - default default] Successfully bumped revision number for resource a9741a7a-8415-44ea-bbe4-dd29ba1b9472 (type: ports) to 2
2026-06-25 23:35:45.548 10 INFO neutron.wsgi [None req-1fc0b241-5465-4402-af02-854f43c0fd09 24ec6474ecc044e2ae41c0deeced700c 67966b601ed3482bad44ef025a8e5458 - - default default] 10.0.0.230 "GET /v2.0/network-ip-availabilities HTTP/1.1" status: 200 len: 2613 time: 0.3280909
2026-06-25 23:35:45.563 9 INFO neutron.db.ovn_revision_numbers_db [None req-6e2e24ea-f118-4e62-a41f-bc4c5e49f81c - - - - - -] Successfully bumped revision number for resource adc68100-f78e-4609-98d1-5237568c80a2 (type: ports) to 4
2026-06-25 23:35:45.581 9 INFO neutron.db.ovn_revision_numbers_db [None req-b2d5eab0-9b43-4b4f-8b2a-1cdae0619d5b 142e9bac358c4c41ae6b9e3c269d61e7 b3005505919a4184b0e7ec1a12962ed6 - - default default] Successfully bumped revision number for resource 83a47196-2ba8-4090-9a80-7917c31da739 (type: subnets) to 0
2026-06-25 23:35:45.593 10 INFO neutron.wsgi [None req-d12cb808-abca-473f-a96e-bdd87b842b0a 24ec6474ecc044e2ae41c0deeced700c 67966b601ed3482bad44ef025a8e5458 - - default default] 10.0.0.230 "GET /v2.0/floatingips HTTP/1.1" status: 200 len: 193 time: 0.0409346
2026-06-25 23:35:45.622 9 INFO neutron.wsgi [None req-b2d5eab0-9b43-4b4f-8b2a-1cdae0619d5b 142e9bac358c4c41ae6b9e3c269d61e7 b3005505919a4184b0e7ec1a12962ed6 - - default default] 10.0.0.142 "POST /v2.0/subnets HTTP/1.1" status: 201 len: 822 time: 1.0788834
2026-06-25 23:35:45.638 9 WARNING neutron.api.v2.base [None req-c13843f8-c71d-4a46-8ebf-88e76ce38c03 142e9bac358c4c41ae6b9e3c269d61e7 b3005505919a4184b0e7ec1a12962ed6 - - default default] An exception happened while processing the request body. The exception message is [Invalid input for target_tenant. Reason: '1234123412341234123412341234123412341234123412341234123412341234123412341234123412341234123412341234123412341234123412341234123412341234123412341234123412341234123412341234123412341234123412341234123412341234123412341234123412341234123412341234123412341234123412341234123412341234123412341234123412341234123412341234123412341234123412341234123412341234123412341234123412341234123412341234123412341234' exceeds maximum length of 255.].: webob.exc.HTTPBadRequest: Invalid input for target_tenant. Reason: '1234123412341234123412341234123412341234123412341234123412341234123412341234123412341234123412341234123412341234123412341234123412341234123412341234123412341234123412341234123412341234123412341234123412341234123412341234123412341234123412341234123412341234123412341234123412341234123412341234123412341234123412341234123412341234123412341234123412341234123412341234123412341234123412341234123412341234' exceeds maximum length of 255.
2026-06-25 23:35:45.639 9 INFO neutron.api.v2.resource [None req-c13843f8-c71d-4a46-8ebf-88e76ce38c03 142e9bac358c4c41ae6b9e3c269d61e7 b3005505919a4184b0e7ec1a12962ed6 - - default default] create failed (client error): Invalid input for target_tenant. Reason: '1234123412341234123412341234123412341234123412341234123412341234123412341234123412341234123412341234123412341234123412341234123412341234123412341234123412341234123412341234123412341234123412341234123412341234123412341234123412341234123412341234123412341234123412341234123412341234123412341234123412341234123412341234123412341234123412341234123412341234123412341234123412341234123412341234123412341234' exceeds maximum length of 255.
2026-06-25 23:35:45.640 9 INFO neutron.wsgi [None req-c13843f8-c71d-4a46-8ebf-88e76ce38c03 142e9bac358c4c41ae6b9e3c269d61e7 b3005505919a4184b0e7ec1a12962ed6 - - default default] 10.0.0.142 "POST /v2.0/rbac-policies HTTP/1.1" status: 400 len: 750 time: 0.0072863 /var/lib/openstack/lib/python3.10/site-packages/pycadf/identifier.py:71: UserWarning: Invalid uuid: neutron. To ensure interoperability, identifiers should be a valid uuid. warnings.warn(('Invalid uuid: %s. To ensure interoperability, '
2026-06-25 23:35:45.649 10 INFO neutron.wsgi [req-99c3651d-1f7f-442b-9b61-102cccfb6ad2 req-62971191-600c-43cf-a091-3f3f71e3a59a 420cd27760f34920be6b26b13f4cadc3 09f9847f6c954d51aee4f7ccac8f7703 - - 32030298995a4f68b858402ad4c34d20 32030298995a4f68b858402ad4c34d20] 199.19.213.157 "GET /v2.0/networks/81a26c7f-bde3-4047-8066-79cddb19116a?fields=provider%3Aphysical_network&fields=provider%3Anetwork_type HTTP/1.1" status: 200 len: 277 time: 0.1916201
2026-06-25 23:35:45.747 10 INFO neutron.wsgi [None req-b4347d36-68f9-4bee-8e5a-4ac1b812c49e 24ec6474ecc044e2ae41c0deeced700c 67966b601ed3482bad44ef025a8e5458 - - default default] 10.0.0.230 "GET /v2.0/networks HTTP/1.1" status: 200 len: 4598 time: 0.1501718
2026-06-25 23:35:45.765 9 WARNING neutron_lib.context [None req-1155c0eb-a3a5-45e0-83eb-550d9976c468 332393fe5e164dfc9bf8ce3b9c4c6d6c 13259da53bc9419fa1e64431162daf77 - - default default] Method 'is_advsvc' is deprecated since 2023.2 release (neutron-lib 3.8.0) and will be removed once support for the old RBAC API policies will be removed from Neutron. Please use method 'is_service_role' instead.
2026-06-25 23:35:45.868 10 INFO neutron.wsgi [None req-49972b12-aef4-4951-bcb2-5b0bb3b29c03 24ec6474ecc044e2ae41c0deeced700c 67966b601ed3482bad44ef025a8e5458 - - default default] 10.0.0.230 "GET /v2.0/ports HTTP/1.1" status: 200 len: 15261 time: 0.1132319
2026-06-25 23:35:46.105 9 WARNING neutron.scheduler.dhcp_agent_scheduler [None req-1155c0eb-a3a5-45e0-83eb-550d9976c468 332393fe5e164dfc9bf8ce3b9c4c6d6c 13259da53bc9419fa1e64431162daf77 - - default default] No more DHCP agents
2026-06-25 23:35:46.109 9 WARNING neutron.api.rpc.agentnotifiers.dhcp_rpc_agent_api [None req-1155c0eb-a3a5-45e0-83eb-550d9976c468 332393fe5e164dfc9bf8ce3b9c4c6d6c 13259da53bc9419fa1e64431162daf77 - - default default] Unable to schedule network 604b617c-b2ac-48c8-a9c7-6331801b22b8: no agents available; will retry on subsequent port and subnet creation events.
2026-06-25 23:35:46.338 9 INFO neutron.wsgi [req-2a7d7d6a-6dc2-4dd5-b578-c0ed4d547c2e req-1b060eef-64bc-4b40-a990-9e6667d2acdf 6a09bfc23e924a26900b712bb5521d95 9261655c00ba4c4bb51817a1ad37b901 - - default default] 10.0.0.235 "GET /v2.0/ports?device_id=a1b83055-b09a-4e91-a607-585b6c2d478b HTTP/1.1" status: 200 len: 1174 time: 0.1476071
2026-06-25 23:35:46.375 10 INFO neutron.wsgi [req-71b4a976-4af6-4657-8eb5-15f46fe1d0e0 req-4df9b7a8-2055-4a00-be27-1c5b9f3d5c22 1f1fed2c5bd94ef18968bd58c8768cc6 b483b4b91bea4e60be4825fb1f2390bd - - default default] 10.0.0.235 "GET /v2.0/ports?device_id=d09a5850-d3cd-4f49-a4cf-9cb931e49437 HTTP/1.1" status: 200 len: 1174 time: 0.5053427
2026-06-25 23:35:46.390 10 INFO neutron.wsgi [None req-8c52999b-4126-4cdd-b981-92fe94369337 24ec6474ecc044e2ae41c0deeced700c 67966b601ed3482bad44ef025a8e5458 - - default default] 10.0.0.230 "GET /v2.0/subnets HTTP/1.1" status: 200 len: 3344 time: 0.5025480
2026-06-25 23:35:46.419 10 INFO neutron.wsgi [None req-c044acfa-5e42-4d42-afcc-174f8a75e9c5 24ec6474ecc044e2ae41c0deeced700c 67966b601ed3482bad44ef025a8e5458 - - default default] 10.0.0.230 "GET /v2.0/subnetpools HTTP/1.1" status: 200 len: 193 time: 0.0263844
2026-06-25 23:35:46.432 9 INFO neutron.wsgi [req-2a7d7d6a-6dc2-4dd5-b578-c0ed4d547c2e req-45c40a17-fc96-4c95-b32d-e53a22d383e6 6a09bfc23e924a26900b712bb5521d95 9261655c00ba4c4bb51817a1ad37b901 - - default default] 10.0.0.235 "GET /v2.0/security-groups?id=645d46e5-2cf5-4a5a-b00a-e4dfa8d48b76&fields=id&fields=name HTTP/1.1" status: 200 len: 313 time: 0.0852141
2026-06-25 23:35:46.464 10 INFO neutron.wsgi [req-71b4a976-4af6-4657-8eb5-15f46fe1d0e0 req-ab170787-31c9-4030-a42a-ff52b598776e 1f1fed2c5bd94ef18968bd58c8768cc6 b483b4b91bea4e60be4825fb1f2390bd - - default default] 10.0.0.235 "GET /v2.0/security-groups?id=a87951af-e3f8-4247-9419-2934a090e6ea&fields=id&fields=name HTTP/1.1" status: 200 len: 286 time: 0.0829778
2026-06-25 23:35:46.497 10 INFO neutron.wsgi [None req-2ae5c4ea-4e77-419a-8f66-02539bad6108 24ec6474ecc044e2ae41c0deeced700c 67966b601ed3482bad44ef025a8e5458 - - default default] 10.0.0.230 "GET /v2.0/security-groups HTTP/1.1" status: 200 len: 31632 time: 0.0764680
2026-06-25 23:35:46.499 10 INFO neutron.db.ovn_revision_numbers_db [None req-5102223b-5601-4f82-9a59-9d60c6d602c9 - - - - - -] Successfully bumped revision number for resource bb3a7ae3-0718-4e17-bdda-ebf59f1c7042 (type: ports) to 4
2026-06-25 23:35:46.565 9 INFO neutron.services.segments.plugin [-] Segment 2413cb53-c45c-404b-8254-1210304592ab resource provider aggregate not found
2026-06-25 23:35:46.569 9 INFO neutron.services.segments.plugin [-] Segment 2413cb53-c45c-404b-8254-1210304592ab resource provider aggregate not found
2026-06-25 23:35:46.586 9 INFO neutron.services.segments.plugin [-] Segment 2413cb53-c45c-404b-8254-1210304592ab resource provider not found; error: Placement Client Error (4xx): {"errors": [{"status": 404, "title": "Not Found", "detail": "The resource could not be found.\n\n No resource provider with uuid 2413cb53-c45c-404b-8254-1210304592ab found for delete ", "request_id": "req-e0ed641e-442c-4c68-9b4d-69b32e59fdaa"}]}
2026-06-25 23:35:46.589 9 INFO neutron.services.segments.plugin [-] Segment 2413cb53-c45c-404b-8254-1210304592ab resource provider not found; error: Placement Client Error (4xx): {"errors": [{"status": 404, "title": "Not Found", "detail": "The resource could not be found.\n\n No resource provider with uuid 2413cb53-c45c-404b-8254-1210304592ab found for delete ", "request_id": "req-32e34636-6220-4753-b552-82b4ceeb4ccb"}]}
2026-06-25 23:35:46.596 9 INFO neutron.wsgi [req-a12cf822-67e5-4058-9738-d4eacd133dbe req-d9deff75-cbb6-4f30-ba1f-e53a5a424195 6a09bfc23e924a26900b712bb5521d95 9261655c00ba4c4bb51817a1ad37b901 - - default default] 10.0.0.235 "GET /v2.0/ports?device_id=a1b83055-b09a-4e91-a607-585b6c2d478b HTTP/1.1" status: 200 len: 1174 time: 0.0843134
2026-06-25 23:35:46.639 9 INFO neutron.wsgi [None req-a5cb77cc-49d8-46f7-9f15-34eb49cae593 142e9bac358c4c41ae6b9e3c269d61e7 b3005505919a4184b0e7ec1a12962ed6 - - default default] 10.0.0.142 "DELETE /v2.0/networks/c7001e26-4da9-42c2-8bc9-5f1f9b88e85b HTTP/1.1" status: 204 len: 168 time: 0.9928794
2026-06-25 23:35:46.644 9 INFO neutron.wsgi [None req-1155c0eb-a3a5-45e0-83eb-550d9976c468 332393fe5e164dfc9bf8ce3b9c4c6d6c 13259da53bc9419fa1e64431162daf77 - - default default] 10.0.0.142 "POST /v2.0/floatingips HTTP/1.1" status: 201 len: 751 time: 0.9407916 /var/lib/openstack/lib/python3.10/site-packages/pycadf/identifier.py:71: UserWarning: Invalid uuid: neutron. To ensure interoperability, identifiers should be a valid uuid. warnings.warn(('Invalid uuid: %s. To ensure interoperability, '
2026-06-25 23:35:46.658 9 INFO neutron.wsgi [req-a12cf822-67e5-4058-9738-d4eacd133dbe req-0b39e80b-8589-4982-b672-d8a4f68f75b7 6a09bfc23e924a26900b712bb5521d95 9261655c00ba4c4bb51817a1ad37b901 - - default default] 10.0.0.235 "GET /v2.0/security-groups?id=645d46e5-2cf5-4a5a-b00a-e4dfa8d48b76&fields=id&fields=name HTTP/1.1" status: 200 len: 313 time: 0.0528934
2026-06-25 23:35:46.672 10 WARNING neutron_lib.context [None req-e667ef72-c409-4d11-8909-8d5a88ec7a7a 332393fe5e164dfc9bf8ce3b9c4c6d6c 13259da53bc9419fa1e64431162daf77 - - default default] Method 'is_advsvc' is deprecated since 2023.2 release (neutron-lib 3.8.0) and will be removed once support for the old RBAC API policies will be removed from Neutron. Please use method 'is_service_role' instead.
2026-06-25 23:35:46.680 10 INFO neutron.wsgi [None req-693f7b51-8724-41ff-9b19-28835faae2e3 24ec6474ecc044e2ae41c0deeced700c 67966b601ed3482bad44ef025a8e5458 - - default default] 10.0.0.230 "GET /v2.0/routers HTTP/1.1" status: 200 len: 2114 time: 0.1727219
2026-06-25 23:35:46.711 10 INFO neutron.wsgi [None req-e33017a6-c0b3-472e-acc2-fd4d3c1fcde2 24ec6474ecc044e2ae41c0deeced700c 67966b601ed3482bad44ef025a8e5458 - - default default] 10.0.0.230 "GET /v2.0/agents?binary=ovn-controller HTTP/1.1" status: 200 len: 591 time: 0.0263040
2026-06-25 23:35:46.712 10 INFO neutron.notifiers.nova [-] Nova event matching ['req-bac03446-541f-41f6-a0ba-7471798cf070'] response: {'server_uuid': 'd09a5850-d3cd-4f49-a4cf-9cb931e49437', 'name': 'network-vif-plugged', 'status': 'completed', 'tag': 'bb3a7ae3-0718-4e17-bdda-ebf59f1c7042', 'code': 200}
2026-06-25 23:35:46.712 10 INFO neutron.notifiers.nova [-] Nova event matching ['req-bac03446-541f-41f6-a0ba-7471798cf070'] response: {'server_uuid': 'd09a5850-d3cd-4f49-a4cf-9cb931e49437', 'name': 'network-vif-plugged', 'status': 'completed', 'tag': 'bb3a7ae3-0718-4e17-bdda-ebf59f1c7042', 'code': 200}
2026-06-25 23:35:46.763 9 INFO neutron.wsgi [None req-0d1cbe68-9319-464e-bb2f-715e936d0c20 7182dafdcd10484ba28efb8a1ddf7c78 d68a6758c8c042bba6b21312b01b0e04 - - default default] 10.0.0.142 "GET /v2.0/ports?device_id=a1b83055-b09a-4e91-a607-585b6c2d478b HTTP/1.1" status: 200 len: 1408 time: 0.0771334
2026-06-25 23:35:46.773 9 WARNING neutron_lib.context [None req-b3af762d-6b9a-45a1-a90f-cd99d1cb7fc7 6a09bfc23e924a26900b712bb5521d95 9261655c00ba4c4bb51817a1ad37b901 - - default default] Method 'is_advsvc' is deprecated since 2023.2 release (neutron-lib 3.8.0) and will be removed once support for the old RBAC API policies will be removed from Neutron. Please use method 'is_service_role' instead.
2026-06-25 23:35:46.791 10 INFO neutron.wsgi [None req-d832e2ac-f75a-431c-9cd9-adb21ec5d37b 24ec6474ecc044e2ae41c0deeced700c 67966b601ed3482bad44ef025a8e5458 - - default default] 10.0.0.230 "GET /v2.0/subnets HTTP/1.1" status: 200 len: 2731 time: 0.0757806
2026-06-25 23:35:46.828 10 INFO neutron.wsgi [None req-626c77d3-8ec5-4d02-9919-11ddc147b188 24ec6474ecc044e2ae41c0deeced700c 67966b601ed3482bad44ef025a8e5458 - - default default] 10.0.0.230 "GET /v2.0/agents HTTP/1.1" status: 200 len: 1390 time: 0.0331609
2026-06-25 23:35:46.838 10 INFO neutron.db.segments_db [None req-321b3c89-43f3-4794-8ea2-dee75639cbdf 142e9bac358c4c41ae6b9e3c269d61e7 b3005505919a4184b0e7ec1a12962ed6 - - default default] Added segment d1942b90-e791-4bc3-99b7-0754a26f9a93 of type geneve for network 66ac5a2b-0cab-4c7b-8068-3ac79e1547fb
2026-06-25 23:35:47.037 9 WARNING neutron.scheduler.dhcp_agent_scheduler [None req-b3af762d-6b9a-45a1-a90f-cd99d1cb7fc7 6a09bfc23e924a26900b712bb5521d95 9261655c00ba4c4bb51817a1ad37b901 - - default default] No more DHCP agents
2026-06-25 23:35:47.038 9 WARNING neutron.api.rpc.agentnotifiers.dhcp_rpc_agent_api [None req-b3af762d-6b9a-45a1-a90f-cd99d1cb7fc7 6a09bfc23e924a26900b712bb5521d95 9261655c00ba4c4bb51817a1ad37b901 - - default default] Unable to schedule network 604b617c-b2ac-48c8-a9c7-6331801b22b8: no agents available; will retry on subsequent port and subnet creation events.
2026-06-25 23:35:47.057 10 INFO neutron.db.ovn_revision_numbers_db [None req-321b3c89-43f3-4794-8ea2-dee75639cbdf 142e9bac358c4c41ae6b9e3c269d61e7 b3005505919a4184b0e7ec1a12962ed6 - - default default] Successfully bumped revision number for resource 66ac5a2b-0cab-4c7b-8068-3ac79e1547fb (type: networks) to 1
2026-06-25 23:35:47.101 10 WARNING neutron.scheduler.dhcp_agent_scheduler [None req-e667ef72-c409-4d11-8909-8d5a88ec7a7a 332393fe5e164dfc9bf8ce3b9c4c6d6c 13259da53bc9419fa1e64431162daf77 - - default default] No more DHCP agents
2026-06-25 23:35:47.107 10 WARNING neutron.api.rpc.agentnotifiers.dhcp_rpc_agent_api [None req-e667ef72-c409-4d11-8909-8d5a88ec7a7a 332393fe5e164dfc9bf8ce3b9c4c6d6c 13259da53bc9419fa1e64431162daf77 - - default default] Unable to schedule network 604b617c-b2ac-48c8-a9c7-6331801b22b8: no agents available; will retry on subsequent port and subnet creation events.
2026-06-25 23:35:47.300 10 WARNING neutron.scheduler.dhcp_agent_scheduler [None req-321b3c89-43f3-4794-8ea2-dee75639cbdf 142e9bac358c4c41ae6b9e3c269d61e7 b3005505919a4184b0e7ec1a12962ed6 - - default default] No more DHCP agents
2026-06-25 23:35:47.305 10 WARNING neutron.api.rpc.agentnotifiers.dhcp_rpc_agent_api [None req-321b3c89-43f3-4794-8ea2-dee75639cbdf 142e9bac358c4c41ae6b9e3c269d61e7 b3005505919a4184b0e7ec1a12962ed6 - - default default] Unable to schedule network 66ac5a2b-0cab-4c7b-8068-3ac79e1547fb: no agents available; will retry on subsequent port and subnet creation events.
2026-06-25 23:35:47.416 10 INFO neutron.db.ovn_revision_numbers_db [None req-321b3c89-43f3-4794-8ea2-dee75639cbdf 142e9bac358c4c41ae6b9e3c269d61e7 b3005505919a4184b0e7ec1a12962ed6 - - default default] Successfully bumped revision number for resource ec8300e3-2e9e-4f69-bd51-66c8182c1a30 (type: ports) to 1
2026-06-25 23:35:47.442 10 INFO neutron.wsgi [None req-321b3c89-43f3-4794-8ea2-dee75639cbdf 142e9bac358c4c41ae6b9e3c269d61e7 b3005505919a4184b0e7ec1a12962ed6 - - default default] 10.0.0.142 "POST /v2.0/networks HTTP/1.1" status: 201 len: 928 time: 0.7895610
2026-06-25 23:35:47.579 9 INFO neutron.notifiers.nova [-] Nova event matching ['req-ac103fd6-868c-4cb4-9726-0fc8fcca6fae'] response: {'server_uuid': 'a1b83055-b09a-4e91-a607-585b6c2d478b', 'name': 'network-vif-plugged', 'status': 'completed', 'tag': 'adc68100-f78e-4609-98d1-5237568c80a2', 'code': 200}
2026-06-25 23:35:47.585 10 INFO neutron.wsgi [None req-e667ef72-c409-4d11-8909-8d5a88ec7a7a 332393fe5e164dfc9bf8ce3b9c4c6d6c 13259da53bc9419fa1e64431162daf77 - - default default] 10.0.0.142 "POST /v2.0/floatingips HTTP/1.1" status: 201 len: 751 time: 0.9306681
2026-06-25 23:35:47.596 9 INFO neutron.wsgi [req-2147dfa4-4ea3-405b-8680-b2eb3a45c6f7 req-92794cf5-1b84-4c81-a88f-356bda0f6c99 1f1fed2c5bd94ef18968bd58c8768cc6 b483b4b91bea4e60be4825fb1f2390bd - - default default] 10.0.0.235 "GET /v2.0/ports?device_id=d09a5850-d3cd-4f49-a4cf-9cb931e49437 HTTP/1.1" status: 200 len: 1174 time: 0.0594919
2026-06-25 23:35:47.600 9 WARNING neutron_lib.context [None req-a74791c1-ec04-4cc4-8cf2-4711299c698c 332393fe5e164dfc9bf8ce3b9c4c6d6c 13259da53bc9419fa1e64431162daf77 - - default default] Method 'is_advsvc' is deprecated since 2023.2 release (neutron-lib 3.8.0) and will be removed once support for the old RBAC API policies will be removed from Neutron. Please use method 'is_service_role' instead.
2026-06-25 23:35:47.647 10 WARNING neutron.scheduler.dhcp_agent_scheduler [None req-89adf0b3-5e28-45da-a935-c13c013f7a36 142e9bac358c4c41ae6b9e3c269d61e7 b3005505919a4184b0e7ec1a12962ed6 - - default default] No more DHCP agents
2026-06-25 23:35:47.649 10 WARNING neutron.api.rpc.agentnotifiers.dhcp_rpc_agent_api [None req-89adf0b3-5e28-45da-a935-c13c013f7a36 142e9bac358c4c41ae6b9e3c269d61e7 b3005505919a4184b0e7ec1a12962ed6 - - default default] Unable to schedule network 66ac5a2b-0cab-4c7b-8068-3ac79e1547fb: no agents available; will retry on subsequent port and subnet creation events.
2026-06-25 23:35:47.696 9 INFO neutron.wsgi [req-2147dfa4-4ea3-405b-8680-b2eb3a45c6f7 req-4ad64e46-1e43-459b-bef9-01035f877efb 1f1fed2c5bd94ef18968bd58c8768cc6 b483b4b91bea4e60be4825fb1f2390bd - - default default] 10.0.0.235 "GET /v2.0/security-groups?id=a87951af-e3f8-4247-9419-2934a090e6ea&fields=id&fields=name HTTP/1.1" status: 200 len: 286 time: 0.0928929
2026-06-25 23:35:48.005 9 WARNING neutron.scheduler.dhcp_agent_scheduler [None req-a74791c1-ec04-4cc4-8cf2-4711299c698c 332393fe5e164dfc9bf8ce3b9c4c6d6c 13259da53bc9419fa1e64431162daf77 - - default default] No more DHCP agents
2026-06-25 23:35:48.012 9 WARNING neutron.api.rpc.agentnotifiers.dhcp_rpc_agent_api [None req-a74791c1-ec04-4cc4-8cf2-4711299c698c 332393fe5e164dfc9bf8ce3b9c4c6d6c 13259da53bc9419fa1e64431162daf77 - - default default] Unable to schedule network 604b617c-b2ac-48c8-a9c7-6331801b22b8: no agents available; will retry on subsequent port and subnet creation events.
2026-06-25 23:35:48.221 10 INFO neutron.db.ovn_revision_numbers_db [None req-89adf0b3-5e28-45da-a935-c13c013f7a36 142e9bac358c4c41ae6b9e3c269d61e7 b3005505919a4184b0e7ec1a12962ed6 - - default default] Successfully bumped revision number for resource ec8300e3-2e9e-4f69-bd51-66c8182c1a30 (type: ports) to 2
2026-06-25 23:35:48.260 10 INFO neutron.plugins.ml2.drivers.ovn.mech_driver.mech_driver [None req-5102223b-5601-4f82-9a59-9d60c6d602c9 - - - - - -] OVN reports status down for port: bb3a7ae3-0718-4e17-bdda-ebf59f1c7042
2026-06-25 23:35:48.261 9 INFO neutron.wsgi [req-05d9e51c-2f4e-4496-b84d-5337179f54a1 req-87d1e211-a8d5-4dd0-a586-1890e35d6861 1f1fed2c5bd94ef18968bd58c8768cc6 b483b4b91bea4e60be4825fb1f2390bd - - default default] 10.0.0.235 "GET /v2.0/ports?device_id=d09a5850-d3cd-4f49-a4cf-9cb931e49437 HTTP/1.1" status: 200 len: 1174 time: 0.0805149
2026-06-25 23:35:48.268 10 INFO neutron.db.ovn_revision_numbers_db [None req-89adf0b3-5e28-45da-a935-c13c013f7a36 142e9bac358c4c41ae6b9e3c269d61e7 b3005505919a4184b0e7ec1a12962ed6 - - default default] Successfully bumped revision number for resource 4d1543a1-3b37-471c-ab0a-36a1222bff89 (type: subnets) to 0
2026-06-25 23:35:48.296 10 INFO neutron.wsgi [None req-89adf0b3-5e28-45da-a935-c13c013f7a36 142e9bac358c4c41ae6b9e3c269d61e7 b3005505919a4184b0e7ec1a12962ed6 - - default default] 10.0.0.142 "POST /v2.0/subnets HTTP/1.1" status: 201 len: 822 time: 0.8480110
2026-06-25 23:35:48.380 9 INFO neutron.wsgi [req-05d9e51c-2f4e-4496-b84d-5337179f54a1 req-681f2776-473c-4cdb-ab9b-c74c626b8154 1f1fed2c5bd94ef18968bd58c8768cc6 b483b4b91bea4e60be4825fb1f2390bd - - default default] 10.0.0.235 "GET /v2.0/security-groups?id=a87951af-e3f8-4247-9419-2934a090e6ea&fields=id&fields=name HTTP/1.1" status: 200 len: 286 time: 0.1130521
2026-06-25 23:35:48.458 9 INFO neutron.db.ovn_revision_numbers_db [None req-b3af762d-6b9a-45a1-a90f-cd99d1cb7fc7 6a09bfc23e924a26900b712bb5521d95 9261655c00ba4c4bb51817a1ad37b901 - - default default] Successfully bumped revision number for resource f74c2b42-543a-4341-ad0d-081a69128918 (type: floatingips) to -1
2026-06-25 23:35:48.639 9 INFO neutron.db.ovn_revision_numbers_db [None req-b3af762d-6b9a-45a1-a90f-cd99d1cb7fc7 6a09bfc23e924a26900b712bb5521d95 9261655c00ba4c4bb51817a1ad37b901 - - default default] Successfully bumped revision number for resource f74c2b42-543a-4341-ad0d-081a69128918 (type: floatingips) to 1
2026-06-25 23:35:48.639 9 INFO neutron.db.l3_db [None req-b3af762d-6b9a-45a1-a90f-cd99d1cb7fc7 6a09bfc23e924a26900b712bb5521d95 9261655c00ba4c4bb51817a1ad37b901 - - default default] Floating IP f74c2b42-543a-4341-ad0d-081a69128918 associated. External IP: 10.96.250.211, port: adc68100-f78e-4609-98d1-5237568c80a2.
2026-06-25 23:35:48.650 9 INFO neutron.wsgi [None req-a74791c1-ec04-4cc4-8cf2-4711299c698c 332393fe5e164dfc9bf8ce3b9c4c6d6c 13259da53bc9419fa1e64431162daf77 - - default default] 10.0.0.142 "POST /v2.0/floatingips HTTP/1.1" status: 201 len: 751 time: 1.0597296 /var/lib/openstack/lib/python3.10/site-packages/pycadf/identifier.py:71: UserWarning: Invalid uuid: neutron. To ensure interoperability, identifiers should be a valid uuid. warnings.warn(('Invalid uuid: %s. To ensure interoperability, '
2026-06-25 23:35:48.663 9 WARNING neutron_lib.context [None req-183f6c73-5dd6-4ed6-afde-095bd536d522 332393fe5e164dfc9bf8ce3b9c4c6d6c 13259da53bc9419fa1e64431162daf77 - - default default] Method 'is_advsvc' is deprecated since 2023.2 release (neutron-lib 3.8.0) and will be removed once support for the old RBAC API policies will be removed from Neutron. Please use method 'is_service_role' instead.
2026-06-25 23:35:48.691 9 INFO neutron.wsgi [None req-b3af762d-6b9a-45a1-a90f-cd99d1cb7fc7 6a09bfc23e924a26900b712bb5521d95 9261655c00ba4c4bb51817a1ad37b901 - - default default] 10.0.0.142 "POST /v2.0/floatingips HTTP/1.1" status: 201 len: 1055 time: 1.9225676
2026-06-25 23:35:48.958 9 INFO neutron.wsgi [None req-44d1f71f-c783-463c-b31e-247c4d92201a 6a09bfc23e924a26900b712bb5521d95 9261655c00ba4c4bb51817a1ad37b901 - - default default] 10.0.0.142 "GET /v2.0/floatingips/f74c2b42-543a-4341-ad0d-081a69128918 HTTP/1.1" status: 200 len: 1052 time: 0.2486384
2026-06-25 23:35:49.158 10 INFO neutron.notifiers.nova [-] Nova event matching ['req-8f920fee-dc82-437b-bfcd-711bf7ae7051'] response: {'server_uuid': 'd09a5850-d3cd-4f49-a4cf-9cb931e49437', 'name': 'network-vif-unplugged', 'status': 'completed', 'tag': 'bb3a7ae3-0718-4e17-bdda-ebf59f1c7042', 'code': 200}
2026-06-25 23:35:49.166 9 WARNING neutron.scheduler.dhcp_agent_scheduler [None req-183f6c73-5dd6-4ed6-afde-095bd536d522 332393fe5e164dfc9bf8ce3b9c4c6d6c 13259da53bc9419fa1e64431162daf77 - - default default] No more DHCP agents
2026-06-25 23:35:49.167 9 WARNING neutron.api.rpc.agentnotifiers.dhcp_rpc_agent_api [None req-183f6c73-5dd6-4ed6-afde-095bd536d522 332393fe5e164dfc9bf8ce3b9c4c6d6c 13259da53bc9419fa1e64431162daf77 - - default default] Unable to schedule network 604b617c-b2ac-48c8-a9c7-6331801b22b8: no agents available; will retry on subsequent port and subnet creation events.
2026-06-25 23:35:49.269 10 INFO neutron.wsgi [req-80ba95d2-6b24-43e5-abdf-8c19db75798c req-c53de56d-b0e4-4991-9fbd-3b6d60b71150 1f1fed2c5bd94ef18968bd58c8768cc6 b483b4b91bea4e60be4825fb1f2390bd - - default default] 199.19.213.157 "GET /v2.0/ports?device_id=d09a5850-d3cd-4f49-a4cf-9cb931e49437 HTTP/1.1" status: 200 len: 1172 time: 0.7037008
2026-06-25 23:35:49.295 10 INFO neutron.db.ovn_revision_numbers_db [None req-5102223b-5601-4f82-9a59-9d60c6d602c9 - - - - - -] Successfully bumped revision number for resource bb3a7ae3-0718-4e17-bdda-ebf59f1c7042 (type: ports) to 5
2026-06-25 23:35:49.369 10 INFO neutron.wsgi [None req-4e3967b6-0b60-4ebd-aba8-4731b9203193 142e9bac358c4c41ae6b9e3c269d61e7 b3005505919a4184b0e7ec1a12962ed6 - - default default] 10.0.0.142 "POST /v2.0/rbac-policies HTTP/1.1" status: 201 len: 523 time: 1.0664566
