2026-06-25 23:37:21.684 10 INFO neutron.notifiers.nova [-] Nova event matching ['req-be60c5dd-202e-4646-8a37-af5e167b7520'] response: {'name': 'network-changed', 'server_uuid': 'a37c159f-1540-40b3-a38d-e2906ef866a7', 'tag': '338665a7-42d6-41d0-81ce-f77c25978f75', 'status': 'completed', 'code': 200}
2026-06-25 23:37:21.765 10 INFO neutron.wsgi [req-07247083-8e4e-4e11-b1e3-6f75f533b872 req-fbe22f78-eb5f-4dfd-9422-b203c90c1109 420cd27760f34920be6b26b13f4cadc3 09f9847f6c954d51aee4f7ccac8f7703 - - 32030298995a4f68b858402ad4c34d20 32030298995a4f68b858402ad4c34d20] 199.19.213.157 "GET /v2.0/ports?tenant_id=21c53d33ebc5429191ac51f3857bf795&device_id=a37c159f-1540-40b3-a38d-e2906ef866a7 HTTP/1.1" status: 200 len: 1638 time: 0.0418172
2026-06-25 23:37:21.826 9 INFO neutron.wsgi [req-bc3f2758-4e77-44ac-acd1-19d3621c1bc7 req-7bd62915-6429-4332-a7ca-605aec3dc142 092c2722f36a4373a56f9c3c967f8bd1 21c53d33ebc5429191ac51f3857bf795 - - default default] 10.0.0.235 "GET /v2.0/security-groups?name=tempest-lb_member_SG-995575853&fields=id&tenant_id=21c53d33ebc5429191ac51f3857bf795 HTTP/1.1" status: 200 len: 267 time: 0.0689268
2026-06-25 23:37:21.848 10 INFO neutron.wsgi [req-07247083-8e4e-4e11-b1e3-6f75f533b872 req-a80becf3-430f-429b-b077-6e072dfd39da 420cd27760f34920be6b26b13f4cadc3 09f9847f6c954d51aee4f7ccac8f7703 - - 32030298995a4f68b858402ad4c34d20 32030298995a4f68b858402ad4c34d20] 199.19.213.157 "GET /v2.0/networks?id=eb597ae4-adbe-48c7-9315-0810cec0dfd9 HTTP/1.1" status: 200 len: 1001 time: 0.0715146
2026-06-25 23:37:21.924 10 INFO neutron.wsgi [req-07247083-8e4e-4e11-b1e3-6f75f533b872 req-6dae6834-4ea7-4978-bb53-f091cdb3bfb2 420cd27760f34920be6b26b13f4cadc3 09f9847f6c954d51aee4f7ccac8f7703 - - 32030298995a4f68b858402ad4c34d20 32030298995a4f68b858402ad4c34d20] 199.19.213.157 "GET /v2.0/floatingips?fixed_ip_address=10.2.1.207&port_id=338665a7-42d6-41d0-81ce-f77c25978f75 HTTP/1.1" status: 200 len: 1059 time: 0.0676448
2026-06-25 23:37:21.929 9 INFO neutron.wsgi [req-bc3f2758-4e77-44ac-acd1-19d3621c1bc7 req-6ab606dd-ef25-483d-890c-f8008722e823 092c2722f36a4373a56f9c3c967f8bd1 21c53d33ebc5429191ac51f3857bf795 - - default default] 10.0.0.235 "GET /v2.0/networks?id=db04bd96-c29c-4201-95a4-cdb45fc53f47 HTTP/1.1" status: 200 len: 904 time: 0.0953584
2026-06-25 23:37:21.955 9 INFO neutron.wsgi [req-bc3f2758-4e77-44ac-acd1-19d3621c1bc7 req-7b176568-c43c-4e51-92b0-e6fa2dcd4039 092c2722f36a4373a56f9c3c967f8bd1 21c53d33ebc5429191ac51f3857bf795 - - default default] 10.0.0.235 "GET /v2.0/quotas/21c53d33ebc5429191ac51f3857bf795 HTTP/1.1" status: 200 len: 491 time: 0.0101349
2026-06-25 23:37:21.967 10 INFO neutron.wsgi [req-07247083-8e4e-4e11-b1e3-6f75f533b872 req-194ed143-eaa8-4b9c-af77-391f099a49e6 420cd27760f34920be6b26b13f4cadc3 09f9847f6c954d51aee4f7ccac8f7703 - - 32030298995a4f68b858402ad4c34d20 32030298995a4f68b858402ad4c34d20] 199.19.213.157 "GET /v2.0/floatingips?fixed_ip_address=fd7b%3Af9f7%3Afff%3A4eca%3A%3A203&port_id=338665a7-42d6-41d0-81ce-f77c25978f75 HTTP/1.1" status: 200 len: 217 time: 0.0344296
2026-06-25 23:37:22.009 10 INFO neutron.wsgi [req-07247083-8e4e-4e11-b1e3-6f75f533b872 req-26e5ff9c-fd8a-4ac7-9749-f41412f1f59f 420cd27760f34920be6b26b13f4cadc3 09f9847f6c954d51aee4f7ccac8f7703 - - 32030298995a4f68b858402ad4c34d20 32030298995a4f68b858402ad4c34d20] 199.19.213.157 "GET /v2.0/subnets?id=5f3c7a0e-0660-4e08-8b8e-bc449397ca16&id=0ddca979-0cde-482a-8e0d-3e63c15f7412 HTTP/1.1" status: 200 len: 1562 time: 0.0349646
2026-06-25 23:37:22.042 10 INFO neutron.wsgi [req-07247083-8e4e-4e11-b1e3-6f75f533b872 req-a2d79060-c753-434e-b3a3-b0b1f21e6d40 420cd27760f34920be6b26b13f4cadc3 09f9847f6c954d51aee4f7ccac8f7703 - - 32030298995a4f68b858402ad4c34d20 32030298995a4f68b858402ad4c34d20] 199.19.213.157 "GET /v2.0/ports?network_id=eb597ae4-adbe-48c7-9315-0810cec0dfd9&device_owner=network%3Adhcp HTTP/1.1" status: 200 len: 210 time: 0.0251420
2026-06-25 23:37:22.045 10 INFO neutron.wsgi [None req-1730857a-6106-4665-968d-fb7da03f812f 24ec6474ecc044e2ae41c0deeced700c 67966b601ed3482bad44ef025a8e5458 - - default default] 10.0.0.142 "DELETE /v2.0/security-groups/7ec4cd5c-e8d9-43be-9d36-a131362d8398 HTTP/1.1" status: 204 len: 168 time: 0.3754921
2026-06-25 23:37:22.050 9 INFO neutron.db.ovn_revision_numbers_db [None req-db608ed3-61ae-4e44-959b-d28aa97b6461 ad31a8f2b7a94fe28ac573e398f4a3d3 4f8ce65f3ae448ca99c75fde911e281a - - default default] Successfully bumped revision number for resource ed3cac1c-2ef2-407e-8983-2984f30df573 (type: routers) to 9
2026-06-25 23:37:22.079 10 INFO neutron.wsgi [req-07247083-8e4e-4e11-b1e3-6f75f533b872 req-b2960b83-bf13-461b-8fe1-ab6fc232ea24 420cd27760f34920be6b26b13f4cadc3 09f9847f6c954d51aee4f7ccac8f7703 - - 32030298995a4f68b858402ad4c34d20 32030298995a4f68b858402ad4c34d20] 199.19.213.157 "GET /v2.0/ports?network_id=eb597ae4-adbe-48c7-9315-0810cec0dfd9&device_owner=network%3Adhcp HTTP/1.1" status: 200 len: 210 time: 0.0292237
2026-06-25 23:37:22.082 9 INFO neutron.wsgi [None req-db608ed3-61ae-4e44-959b-d28aa97b6461 ad31a8f2b7a94fe28ac573e398f4a3d3 4f8ce65f3ae448ca99c75fde911e281a - - default default] 10.0.0.142 "DELETE /v2.0/vpn/ipsec-site-connections/4aed8e08-7c5e-4841-9d53-4729dc4f2a2f HTTP/1.1" status: 204 len: 168 time: 0.8947916
2026-06-25 23:37:22.102 9 INFO neutron.wsgi [None req-b4d11922-06d7-4501-86f0-4dd0ea65333b ad31a8f2b7a94fe28ac573e398f4a3d3 4f8ce65f3ae448ca99c75fde911e281a - - default default] 10.0.0.142 "GET /v2.0/vpn/ipsec-site-connections HTTP/1.1" status: 200 len: 990 time: 0.0136712
2026-06-25 23:37:22.119 9 INFO neutron.api.v2.resource [None req-4aa12ea1-727e-459d-b083-6d549cf5b792 ad31a8f2b7a94fe28ac573e398f4a3d3 4f8ce65f3ae448ca99c75fde911e281a - - default default] delete failed (client error): The resource could not be found.
2026-06-25 23:37:22.119 9 INFO neutron.wsgi [None req-4aa12ea1-727e-459d-b083-6d549cf5b792 ad31a8f2b7a94fe28ac573e398f4a3d3 4f8ce65f3ae448ca99c75fde911e281a - - default default] 10.0.0.142 "DELETE /v2.0/vpn/ipsec-site-connections/4aed8e08-7c5e-4841-9d53-4729dc4f2a2f HTTP/1.1" status: 404 len: 355 time: 0.0088489
2026-06-25 23:37:22.131 10 WARNING neutron_lib.context [None req-bc6bb8bd-4a75-44c2-af4a-8f8c676b9dd6 ad31a8f2b7a94fe28ac573e398f4a3d3 4f8ce65f3ae448ca99c75fde911e281a - - default default] Method 'is_advsvc' is deprecated since 2023.2 release (neutron-lib 3.8.0) and will be removed once support for the old RBAC API policies will be removed from Neutron. Please use method 'is_service_role' instead.
2026-06-25 23:37:22.165 10 INFO neutron.wsgi [req-07247083-8e4e-4e11-b1e3-6f75f533b872 req-4a86efa7-01b7-4565-9229-d668bab64d03 420cd27760f34920be6b26b13f4cadc3 09f9847f6c954d51aee4f7ccac8f7703 - - 32030298995a4f68b858402ad4c34d20 32030298995a4f68b858402ad4c34d20] 199.19.213.157 "GET /v2.0/networks/eb597ae4-adbe-48c7-9315-0810cec0dfd9?fields=segments HTTP/1.1" status: 200 len: 212 time: 0.0787475
2026-06-25 23:37:22.207 9 INFO neutron.wsgi [req-bc3f2758-4e77-44ac-acd1-19d3621c1bc7 req-79611f84-f979-40b8-939e-7b5f7eddd089 092c2722f36a4373a56f9c3c967f8bd1 21c53d33ebc5429191ac51f3857bf795 - - default default] 10.0.0.235 "GET /v2.0/ports?tenant_id=21c53d33ebc5429191ac51f3857bf795&fields=id HTTP/1.1" status: 200 len: 532 time: 0.2489319
2026-06-25 23:37:22.211 10 INFO neutron.wsgi [None req-bc6bb8bd-4a75-44c2-af4a-8f8c676b9dd6 ad31a8f2b7a94fe28ac573e398f4a3d3 4f8ce65f3ae448ca99c75fde911e281a - - default default] 10.0.0.142 "POST /v2.0/vpn/endpoint-groups HTTP/1.1" status: 201 len: 487 time: 0.0863416
2026-06-25 23:37:22.242 10 INFO neutron.wsgi [None req-ffae4df6-3b92-4416-9bd0-817ebb51c613 24ec6474ecc044e2ae41c0deeced700c 67966b601ed3482bad44ef025a8e5458 - - default default] 10.0.0.142 "GET /v2.0/security-groups?tenant_id=48a9606e6563422a9805613004b04322&name=default HTTP/1.1" status: 200 len: 3120 time: 0.0755663
2026-06-25 23:37:22.252 10 INFO neutron.wsgi [None req-9a4a6481-c0db-4770-a789-af4297e674b4 ad31a8f2b7a94fe28ac573e398f4a3d3 4f8ce65f3ae448ca99c75fde911e281a - - default default] 10.0.0.142 "PUT /v2.0/vpn/endpoint-groups/14366718-f1d2-49ad-8b71-f9de5f52334e HTTP/1.1" status: 200 len: 482 time: 0.0332513
2026-06-25 23:37:22.271 9 INFO neutron.wsgi [None req-01947190-e456-4c6e-b4c6-cfb6e8241164 ad31a8f2b7a94fe28ac573e398f4a3d3 4f8ce65f3ae448ca99c75fde911e281a - - default default] 10.0.0.142 "GET /v2.0/vpn/endpoint-groups/14366718-f1d2-49ad-8b71-f9de5f52334e HTTP/1.1" status: 200 len: 482 time: 0.0141444
2026-06-25 23:37:22.273 10 INFO neutron.wsgi [req-07247083-8e4e-4e11-b1e3-6f75f533b872 req-c9af5a0f-cfd0-45b5-994d-259879de7be9 420cd27760f34920be6b26b13f4cadc3 09f9847f6c954d51aee4f7ccac8f7703 - - 32030298995a4f68b858402ad4c34d20 32030298995a4f68b858402ad4c34d20] 199.19.213.157 "GET /v2.0/networks/eb597ae4-adbe-48c7-9315-0810cec0dfd9?fields=provider%3Aphysical_network&fields=provider%3Anetwork_type HTTP/1.1" status: 200 len: 277 time: 0.0992193
2026-06-25 23:37:22.289 9 INFO neutron.wsgi [req-bc3f2758-4e77-44ac-acd1-19d3621c1bc7 req-a082caf9-dda1-4f10-a858-7d99ea57ab18 420cd27760f34920be6b26b13f4cadc3 09f9847f6c954d51aee4f7ccac8f7703 - - 32030298995a4f68b858402ad4c34d20 32030298995a4f68b858402ad4c34d20] 10.0.0.235 "GET /v2.0/networks/db04bd96-c29c-4201-95a4-cdb45fc53f47?fields=segments HTTP/1.1" status: 200 len: 212 time: 0.0665860
2026-06-25 23:37:22.325 9 INFO neutron.wsgi [None req-2cbe2fbb-3ee2-450f-bfda-d155aa60f24e ad31a8f2b7a94fe28ac573e398f4a3d3 4f8ce65f3ae448ca99c75fde911e281a - - default default] 10.0.0.142 "DELETE /v2.0/vpn/endpoint-groups/14366718-f1d2-49ad-8b71-f9de5f52334e HTTP/1.1" status: 204 len: 168 time: 0.0488474
2026-06-25 23:37:22.342 9 INFO neutron.wsgi [None req-2587052b-9b7c-44a6-9745-1001df81c798 ad31a8f2b7a94fe28ac573e398f4a3d3 4f8ce65f3ae448ca99c75fde911e281a - - default default] 10.0.0.142 "GET /v2.0/vpn/endpoint-groups HTTP/1.1" status: 200 len: 828 time: 0.0116613
2026-06-25 23:37:22.361 10 INFO neutron.wsgi [None req-5db42bf2-5049-4a2e-bb52-c6251d166e3d ad31a8f2b7a94fe28ac573e398f4a3d3 4f8ce65f3ae448ca99c75fde911e281a - - default default] 10.0.0.142 "GET /v2.0/vpn/endpoint-groups HTTP/1.1" status: 200 len: 828 time: 0.0151625
2026-06-25 23:37:22.368 9 INFO neutron.wsgi [req-bc3f2758-4e77-44ac-acd1-19d3621c1bc7 req-76f263b4-afca-462d-8dbb-aaef4a41d8ae 420cd27760f34920be6b26b13f4cadc3 09f9847f6c954d51aee4f7ccac8f7703 - - 32030298995a4f68b858402ad4c34d20 32030298995a4f68b858402ad4c34d20] 10.0.0.235 "GET /v2.0/networks/db04bd96-c29c-4201-95a4-cdb45fc53f47?fields=provider%3Aphysical_network&fields=provider%3Anetwork_type HTTP/1.1" status: 200 len: 277 time: 0.0704012
2026-06-25 23:37:22.374 9 WARNING neutron_lib.context [None req-00a05f6e-f0af-4f6c-8c90-d82f140284b8 ad31a8f2b7a94fe28ac573e398f4a3d3 4f8ce65f3ae448ca99c75fde911e281a - - default default] Method 'is_advsvc' is deprecated since 2023.2 release (neutron-lib 3.8.0) and will be removed once support for the old RBAC API policies will be removed from Neutron. Please use method 'is_service_role' instead.
2026-06-25 23:37:22.417 9 INFO neutron.wsgi [None req-00a05f6e-f0af-4f6c-8c90-d82f140284b8 ad31a8f2b7a94fe28ac573e398f4a3d3 4f8ce65f3ae448ca99c75fde911e281a - - default default] 10.0.0.142 "POST /v2.0/vpn/ikepolicies HTTP/1.1" status: 201 len: 602 time: 0.0476122
2026-06-25 23:37:22.480 10 INFO neutron.wsgi [None req-a6757d2e-c439-4ed5-a517-b483cc9fd56a ad31a8f2b7a94fe28ac573e398f4a3d3 4f8ce65f3ae448ca99c75fde911e281a - - default default] 10.0.0.142 "PUT /v2.0/vpn/ikepolicies/e36d3160-35f2-480a-9615-b80368d61f6a HTTP/1.1" status: 200 len: 613 time: 0.0526206
2026-06-25 23:37:22.508 9 INFO neutron.wsgi [None req-13be8136-8c1f-4f0a-8247-880e1d36a40e ad31a8f2b7a94fe28ac573e398f4a3d3 4f8ce65f3ae448ca99c75fde911e281a - - default default] 10.0.0.142 "GET /v2.0/vpn/ikepolicies/e36d3160-35f2-480a-9615-b80368d61f6a HTTP/1.1" status: 200 len: 613 time: 0.0203359
2026-06-25 23:37:22.526 10 INFO neutron.wsgi [None req-0c3282aa-a2d5-494f-a34b-10576f266f5c 24ec6474ecc044e2ae41c0deeced700c 67966b601ed3482bad44ef025a8e5458 - - default default] 10.0.0.142 "DELETE /v2.0/security-groups/924b0b89-1914-4d0d-a090-85d0964ab1a3 HTTP/1.1" status: 204 len: 168 time: 0.2786729
2026-06-25 23:37:22.549 10 INFO neutron.wsgi [req-825f5669-0e57-44c5-ab47-6e90b74e58bf req-1756fafc-3819-4fe7-9edd-c5650aa552b8 092c2722f36a4373a56f9c3c967f8bd1 21c53d33ebc5429191ac51f3857bf795 - - default default] 10.0.0.235 "GET /v2.0/ports?device_id=ed2da6a5-211c-4354-8554-cde381f35ca9 HTTP/1.1" status: 200 len: 210 time: 0.0212350
2026-06-25 23:37:22.555 9 INFO neutron.wsgi [None req-63594292-b2ac-4bc8-b4ec-b0aa66177055 ad31a8f2b7a94fe28ac573e398f4a3d3 4f8ce65f3ae448ca99c75fde911e281a - - default default] 10.0.0.142 "DELETE /v2.0/vpn/ikepolicies/e36d3160-35f2-480a-9615-b80368d61f6a HTTP/1.1" status: 204 len: 168 time: 0.0377693
2026-06-25 23:37:22.578 9 INFO neutron.wsgi [None req-fee53f81-6e29-4a93-b082-6397ffad1742 ad31a8f2b7a94fe28ac573e398f4a3d3 4f8ce65f3ae448ca99c75fde911e281a - - default default] 10.0.0.142 "GET /v2.0/vpn/ikepolicies HTTP/1.1" status: 200 len: 601 time: 0.0148518
2026-06-25 23:37:22.591 9 INFO neutron.wsgi [None req-aaed16e1-a1af-4e66-a95d-b6bcc69a4790 ad31a8f2b7a94fe28ac573e398f4a3d3 4f8ce65f3ae448ca99c75fde911e281a - - default default] 10.0.0.142 "GET /v2.0/vpn/ikepolicies HTTP/1.1" status: 200 len: 601 time: 0.0088737
2026-06-25 23:37:22.601 9 WARNING neutron_lib.context [None req-5eacf4c9-f376-46e5-89fb-8c5f21680248 ad31a8f2b7a94fe28ac573e398f4a3d3 4f8ce65f3ae448ca99c75fde911e281a - - default default] Method 'is_advsvc' is deprecated since 2023.2 release (neutron-lib 3.8.0) and will be removed once support for the old RBAC API policies will be removed from Neutron. Please use method 'is_service_role' instead.
2026-06-25 23:37:22.654 9 INFO neutron.wsgi [None req-5eacf4c9-f376-46e5-89fb-8c5f21680248 ad31a8f2b7a94fe28ac573e398f4a3d3 4f8ce65f3ae448ca99c75fde911e281a - - default default] 10.0.0.142 "POST /v2.0/vpn/ipsecpolicies HTTP/1.1" status: 201 len: 611 time: 0.0572610
2026-06-25 23:37:22.691 9 INFO neutron.wsgi [None req-019a1be9-b3a3-4f70-8618-3748f6a03afa ad31a8f2b7a94fe28ac573e398f4a3d3 4f8ce65f3ae448ca99c75fde911e281a - - default default] 10.0.0.142 "PUT /v2.0/vpn/ipsecpolicies/a66faed7-daf0-4f1e-811e-e7a8dcd7e0ec HTTP/1.1" status: 200 len: 624 time: 0.0310578
2026-06-25 23:37:22.739 9 INFO neutron.wsgi [None req-77ed8016-9336-46f0-9dde-2e9d5b7b5c1a ad31a8f2b7a94fe28ac573e398f4a3d3 4f8ce65f3ae448ca99c75fde911e281a - - default default] 10.0.0.142 "DELETE /v2.0/vpn/ipsecpolicies/a66faed7-daf0-4f1e-811e-e7a8dcd7e0ec HTTP/1.1" status: 204 len: 168 time: 0.0452609
2026-06-25 23:37:22.756 9 INFO neutron.api.v2.resource [None req-13791668-5c7a-4a37-a0d8-f1ccc90d1ef5 ad31a8f2b7a94fe28ac573e398f4a3d3 4f8ce65f3ae448ca99c75fde911e281a - - default default] delete failed (client error): The resource could not be found.
2026-06-25 23:37:22.758 9 INFO neutron.wsgi [None req-13791668-5c7a-4a37-a0d8-f1ccc90d1ef5 ad31a8f2b7a94fe28ac573e398f4a3d3 4f8ce65f3ae448ca99c75fde911e281a - - default default] 10.0.0.142 "DELETE /v2.0/vpn/ipsecpolicies/a66faed7-daf0-4f1e-811e-e7a8dcd7e0ec HTTP/1.1" status: 404 len: 346 time: 0.0134819
2026-06-25 23:37:22.777 10 INFO neutron.api.v2.resource [None req-2a0c1577-2821-4ea5-96df-39ad88e707d9 ad31a8f2b7a94fe28ac573e398f4a3d3 4f8ce65f3ae448ca99c75fde911e281a - - default default] delete failed (client error): The resource could not be found.
2026-06-25 23:37:22.779 10 INFO neutron.wsgi [None req-2a0c1577-2821-4ea5-96df-39ad88e707d9 ad31a8f2b7a94fe28ac573e398f4a3d3 4f8ce65f3ae448ca99c75fde911e281a - - default default] 10.0.0.142 "DELETE /v2.0/vpn/ipsecpolicies/a66faed7-daf0-4f1e-811e-e7a8dcd7e0ec HTTP/1.1" status: 404 len: 346 time: 0.0153570
2026-06-25 23:37:22.789 10 WARNING neutron_lib.context [None req-e032be3c-5d5d-409a-a125-891ee04244d9 ad31a8f2b7a94fe28ac573e398f4a3d3 4f8ce65f3ae448ca99c75fde911e281a - - default default] Method 'is_advsvc' is deprecated since 2023.2 release (neutron-lib 3.8.0) and will be removed once support for the old RBAC API policies will be removed from Neutron. Please use method 'is_service_role' instead.
2026-06-25 23:37:22.876 9 INFO neutron.db.ovn_revision_numbers_db [None req-69517ef6-af99-45fa-b642-b8e1ce8a1137 24ec6474ecc044e2ae41c0deeced700c 67966b601ed3482bad44ef025a8e5458 - - default default] Successfully bumped revision number for resource 6d09b04e-5156-4419-981a-e63f11645495 (type: security_groups) to 1
2026-06-25 23:37:22.879 10 INFO neutron.db.segments_db [None req-e032be3c-5d5d-409a-a125-891ee04244d9 ad31a8f2b7a94fe28ac573e398f4a3d3 4f8ce65f3ae448ca99c75fde911e281a - - default default] Added segment b4927473-3124-4bb9-a5e7-a5881da810b5 of type geneve for network 901ad12d-50eb-4e90-9a35-9b935e00cee0
2026-06-25 23:37:22.894 9 INFO neutron.db.ovn_revision_numbers_db [None req-69517ef6-af99-45fa-b642-b8e1ce8a1137 24ec6474ecc044e2ae41c0deeced700c 67966b601ed3482bad44ef025a8e5458 - - default default] Successfully bumped revision number for resource 17b573fb-0ef4-4358-8a89-3ce998573d44 (type: security_group_rules) to 0
2026-06-25 23:37:22.915 9 INFO neutron.db.ovn_revision_numbers_db [None req-69517ef6-af99-45fa-b642-b8e1ce8a1137 24ec6474ecc044e2ae41c0deeced700c 67966b601ed3482bad44ef025a8e5458 - - default default] Successfully bumped revision number for resource 1d9e9c3f-6cdd-40c9-88c4-80e8a96cd5ad (type: security_group_rules) to 0
2026-06-25 23:37:22.939 9 INFO neutron.db.ovn_revision_numbers_db [None req-69517ef6-af99-45fa-b642-b8e1ce8a1137 24ec6474ecc044e2ae41c0deeced700c 67966b601ed3482bad44ef025a8e5458 - - default default] Successfully bumped revision number for resource 3881d234-56b9-41c9-a96b-f66c6cd4a1e6 (type: security_group_rules) to 0
2026-06-25 23:37:22.958 9 INFO neutron.db.ovn_revision_numbers_db [None req-69517ef6-af99-45fa-b642-b8e1ce8a1137 24ec6474ecc044e2ae41c0deeced700c 67966b601ed3482bad44ef025a8e5458 - - default default] Successfully bumped revision number for resource e6821ae4-f177-4382-9fbf-a9dca6ef8e89 (type: security_group_rules) to 0
2026-06-25 23:37:22.997 9 INFO neutron.wsgi [None req-69517ef6-af99-45fa-b642-b8e1ce8a1137 24ec6474ecc044e2ae41c0deeced700c 67966b601ed3482bad44ef025a8e5458 - - default default] 10.0.0.142 "GET /v2.0/security-groups?tenant_id=ee82dab49b7842b8a1e66ab109d1eed3&name=default HTTP/1.1" status: 200 len: 3124 time: 0.2829926
2026-06-25 23:37:23.031 10 INFO neutron.db.ovn_revision_numbers_db [None req-e032be3c-5d5d-409a-a125-891ee04244d9 ad31a8f2b7a94fe28ac573e398f4a3d3 4f8ce65f3ae448ca99c75fde911e281a - - default default] Successfully bumped revision number for resource 901ad12d-50eb-4e90-9a35-9b935e00cee0 (type: networks) to 1
2026-06-25 23:37:23.210 10 WARNING neutron.scheduler.dhcp_agent_scheduler [None req-e032be3c-5d5d-409a-a125-891ee04244d9 ad31a8f2b7a94fe28ac573e398f4a3d3 4f8ce65f3ae448ca99c75fde911e281a - - default default] No more DHCP agents
2026-06-25 23:37:23.213 10 WARNING neutron.api.rpc.agentnotifiers.dhcp_rpc_agent_api [None req-e032be3c-5d5d-409a-a125-891ee04244d9 ad31a8f2b7a94fe28ac573e398f4a3d3 4f8ce65f3ae448ca99c75fde911e281a - - default default] Unable to schedule network 901ad12d-50eb-4e90-9a35-9b935e00cee0: no agents available; will retry on subsequent port and subnet creation events.
2026-06-25 23:37:23.223 10 INFO neutron.wsgi [-] 10.0.0.165 "GET / HTTP/1.1" status: 200 len: 245 time: 0.0012949
2026-06-25 23:37:23.224 10 INFO neutron.wsgi [-] 10.0.0.165 "GET / HTTP/1.1" status: 200 len: 245 time: 0.0009258
2026-06-25 23:37:23.236 9 INFO neutron.wsgi [None req-030d5336-a597-4c99-b258-19b5d076008f 24ec6474ecc044e2ae41c0deeced700c 67966b601ed3482bad44ef025a8e5458 - - default default] 10.0.0.142 "DELETE /v2.0/security-groups/6d09b04e-5156-4419-981a-e63f11645495 HTTP/1.1" status: 204 len: 168 time: 0.2260423
2026-06-25 23:37:23.295 10 INFO neutron.db.ovn_revision_numbers_db [None req-e032be3c-5d5d-409a-a125-891ee04244d9 ad31a8f2b7a94fe28ac573e398f4a3d3 4f8ce65f3ae448ca99c75fde911e281a - - default default] Successfully bumped revision number for resource 56f0da28-14c9-430d-8353-4aecc6d4fc7f (type: ports) to 1
2026-06-25 23:37:23.331 10 INFO neutron.wsgi [None req-e032be3c-5d5d-409a-a125-891ee04244d9 ad31a8f2b7a94fe28ac573e398f4a3d3 4f8ce65f3ae448ca99c75fde911e281a - - default default] 10.0.0.142 "POST /v2.0/networks HTTP/1.1" status: 201 len: 831 time: 0.5473027
2026-06-25 23:37:23.345 9 WARNING neutron_lib.context [None req-98c19e09-d2ce-4776-9ec4-8857e15045ee ad31a8f2b7a94fe28ac573e398f4a3d3 4f8ce65f3ae448ca99c75fde911e281a - - default default] Method 'is_advsvc' is deprecated since 2023.2 release (neutron-lib 3.8.0) and will be removed once support for the old RBAC API policies will be removed from Neutron. Please use method 'is_service_role' instead.
2026-06-25 23:37:23.358 10 INFO neutron.wsgi [req-bc3f2758-4e77-44ac-acd1-19d3621c1bc7 req-c33cef66-5a17-4d62-9348-5790be6fa5e7 092c2722f36a4373a56f9c3c967f8bd1 21c53d33ebc5429191ac51f3857bf795 - - default default] 199.19.213.157 "GET /v2.0/networks?id=db04bd96-c29c-4201-95a4-cdb45fc53f47 HTTP/1.1" status: 200 len: 904 time: 0.0710845
2026-06-25 23:37:23.412 10 INFO neutron.wsgi [req-bc3f2758-4e77-44ac-acd1-19d3621c1bc7 req-0ae36ee9-fdef-4723-b922-211e2f6b12ac 092c2722f36a4373a56f9c3c967f8bd1 21c53d33ebc5429191ac51f3857bf795 - - default default] 199.19.213.157 "GET /v2.0/security-groups?fields=id&fields=name&tenant_id=21c53d33ebc5429191ac51f3857bf795 HTTP/1.1" status: 200 len: 377 time: 0.0462143
2026-06-25 23:37:23.420 10 WARNING neutron_lib.context [req-bc3f2758-4e77-44ac-acd1-19d3621c1bc7 req-6b64e901-1899-4fb4-b110-0dc1a03b5e40 092c2722f36a4373a56f9c3c967f8bd1 21c53d33ebc5429191ac51f3857bf795 - - default default] Method 'is_advsvc' is deprecated since 2023.2 release (neutron-lib 3.8.0) and will be removed once support for the old RBAC API policies will be removed from Neutron. Please use method 'is_service_role' instead.
2026-06-25 23:37:23.642 9 WARNING neutron.scheduler.dhcp_agent_scheduler [None req-98c19e09-d2ce-4776-9ec4-8857e15045ee ad31a8f2b7a94fe28ac573e398f4a3d3 4f8ce65f3ae448ca99c75fde911e281a - - default default] No more DHCP agents
2026-06-25 23:37:23.649 9 WARNING neutron.api.rpc.agentnotifiers.dhcp_rpc_agent_api [None req-98c19e09-d2ce-4776-9ec4-8857e15045ee ad31a8f2b7a94fe28ac573e398f4a3d3 4f8ce65f3ae448ca99c75fde911e281a - - default default] Unable to schedule network 901ad12d-50eb-4e90-9a35-9b935e00cee0: no agents available; will retry on subsequent port and subnet creation events.
2026-06-25 23:37:23.835 10 WARNING neutron.scheduler.dhcp_agent_scheduler [req-bc3f2758-4e77-44ac-acd1-19d3621c1bc7 req-6b64e901-1899-4fb4-b110-0dc1a03b5e40 092c2722f36a4373a56f9c3c967f8bd1 21c53d33ebc5429191ac51f3857bf795 - - default default] No more DHCP agents
2026-06-25 23:37:23.837 10 WARNING neutron.api.rpc.agentnotifiers.dhcp_rpc_agent_api [req-bc3f2758-4e77-44ac-acd1-19d3621c1bc7 req-6b64e901-1899-4fb4-b110-0dc1a03b5e40 092c2722f36a4373a56f9c3c967f8bd1 21c53d33ebc5429191ac51f3857bf795 - - default default] Unable to schedule network db04bd96-c29c-4201-95a4-cdb45fc53f47: no agents available; will retry on subsequent port and subnet creation events.
2026-06-25 23:37:24.058 10 INFO neutron.db.ovn_revision_numbers_db [req-bc3f2758-4e77-44ac-acd1-19d3621c1bc7 req-6b64e901-1899-4fb4-b110-0dc1a03b5e40 092c2722f36a4373a56f9c3c967f8bd1 21c53d33ebc5429191ac51f3857bf795 - - default default] Successfully bumped revision number for resource 00e5f76b-eda3-4dc9-8387-9b9e79995ae0 (type: ports) to 1
2026-06-25 23:37:24.088 10 INFO neutron.wsgi [req-bc3f2758-4e77-44ac-acd1-19d3621c1bc7 req-6b64e901-1899-4fb4-b110-0dc1a03b5e40 092c2722f36a4373a56f9c3c967f8bd1 21c53d33ebc5429191ac51f3857bf795 - - default default] 199.19.213.157 "POST /v2.0/ports HTTP/1.1" status: 201 len: 1388 time: 0.6711037 /var/lib/openstack/lib/python3.10/site-packages/pycadf/identifier.py:71: UserWarning: Invalid uuid: neutron. To ensure interoperability, identifiers should be a valid uuid. warnings.warn(('Invalid uuid: %s. To ensure interoperability, '
2026-06-25 23:37:24.617 9 INFO neutron.db.ovn_revision_numbers_db [None req-98c19e09-d2ce-4776-9ec4-8857e15045ee ad31a8f2b7a94fe28ac573e398f4a3d3 4f8ce65f3ae448ca99c75fde911e281a - - default default] Successfully bumped revision number for resource 56f0da28-14c9-430d-8353-4aecc6d4fc7f (type: ports) to 2
2026-06-25 23:37:24.641 10 INFO neutron.db.ovn_revision_numbers_db [req-bc3f2758-4e77-44ac-acd1-19d3621c1bc7 req-8b25b7d7-7662-4d2e-a74e-71bef238db49 420cd27760f34920be6b26b13f4cadc3 09f9847f6c954d51aee4f7ccac8f7703 - - 32030298995a4f68b858402ad4c34d20 32030298995a4f68b858402ad4c34d20] Successfully bumped revision number for resource 00e5f76b-eda3-4dc9-8387-9b9e79995ae0 (type: ports) to 2
2026-06-25 23:37:24.680 9 INFO neutron.db.ovn_revision_numbers_db [None req-98c19e09-d2ce-4776-9ec4-8857e15045ee ad31a8f2b7a94fe28ac573e398f4a3d3 4f8ce65f3ae448ca99c75fde911e281a - - default default] Successfully bumped revision number for resource 8182022d-9297-42ba-9824-bc6a2c2f6c94 (type: subnets) to 0
2026-06-25 23:37:24.696 9 INFO neutron.wsgi [None req-98c19e09-d2ce-4776-9ec4-8857e15045ee ad31a8f2b7a94fe28ac573e398f4a3d3 4f8ce65f3ae448ca99c75fde911e281a - - default default] 10.0.0.142 "POST /v2.0/subnets HTTP/1.1" status: 201 len: 804 time: 1.3593497
2026-06-25 23:37:24.706 9 WARNING neutron_lib.context [None req-5e8fdcdf-69eb-42df-a2d1-55a66d510e04 ad31a8f2b7a94fe28ac573e398f4a3d3 4f8ce65f3ae448ca99c75fde911e281a - - default default] Method 'is_advsvc' is deprecated since 2023.2 release (neutron-lib 3.8.0) and will be removed once support for the old RBAC API policies will be removed from Neutron. Please use method 'is_service_role' instead.
2026-06-25 23:37:24.875 10 INFO neutron.db.ovn_revision_numbers_db [req-bc3f2758-4e77-44ac-acd1-19d3621c1bc7 req-8b25b7d7-7662-4d2e-a74e-71bef238db49 420cd27760f34920be6b26b13f4cadc3 09f9847f6c954d51aee4f7ccac8f7703 - - 32030298995a4f68b858402ad4c34d20 32030298995a4f68b858402ad4c34d20] Successfully bumped revision number for resource 00e5f76b-eda3-4dc9-8387-9b9e79995ae0 (type: ports) to 2
2026-06-25 23:37:24.897 10 INFO neutron.wsgi [req-bc3f2758-4e77-44ac-acd1-19d3621c1bc7 req-8b25b7d7-7662-4d2e-a74e-71bef238db49 420cd27760f34920be6b26b13f4cadc3 09f9847f6c954d51aee4f7ccac8f7703 - - 32030298995a4f68b858402ad4c34d20 32030298995a4f68b858402ad4c34d20] 199.19.213.157 "PUT /v2.0/ports/00e5f76b-eda3-4dc9-8387-9b9e79995ae0 HTTP/1.1" status: 200 len: 1605 time: 0.7960126
2026-06-25 23:37:24.938 10 INFO neutron.notifiers.nova [-] Nova event matching ['req-e6dbb40f-fe71-4856-bec1-21fc87a8c882'] response: {'name': 'network-changed', 'server_uuid': 'ed2da6a5-211c-4354-8554-cde381f35ca9', 'tag': '00e5f76b-eda3-4dc9-8387-9b9e79995ae0', 'status': 'completed', 'code': 200} /var/lib/openstack/lib/python3.10/site-packages/pycadf/identifier.py:71: UserWarning: Invalid uuid: neutron. To ensure interoperability, identifiers should be a valid uuid. warnings.warn(('Invalid uuid: %s. To ensure interoperability, '
2026-06-25 23:37:24.993 10 INFO neutron.wsgi [req-bc3f2758-4e77-44ac-acd1-19d3621c1bc7 req-d1c347e3-9988-4573-a5a6-d815a858807f 420cd27760f34920be6b26b13f4cadc3 09f9847f6c954d51aee4f7ccac8f7703 - - 32030298995a4f68b858402ad4c34d20 32030298995a4f68b858402ad4c34d20] 199.19.213.157 "GET /v2.0/ports?tenant_id=21c53d33ebc5429191ac51f3857bf795&device_id=ed2da6a5-211c-4354-8554-cde381f35ca9 HTTP/1.1" status: 200 len: 1636 time: 0.0438521
2026-06-25 23:37:25.022 10 INFO neutron.wsgi [req-bc3f2758-4e77-44ac-acd1-19d3621c1bc7 req-1f18d712-bd76-464f-a370-6dcb7adbb8e5 420cd27760f34920be6b26b13f4cadc3 09f9847f6c954d51aee4f7ccac8f7703 - - 32030298995a4f68b858402ad4c34d20 32030298995a4f68b858402ad4c34d20] 199.19.213.157 "GET /v2.0/floatingips?fixed_ip_address=10.2.2.52&port_id=00e5f76b-eda3-4dc9-8387-9b9e79995ae0 HTTP/1.1" status: 200 len: 217 time: 0.0221119
2026-06-25 23:37:25.047 10 INFO neutron.wsgi [req-bc3f2758-4e77-44ac-acd1-19d3621c1bc7 req-39dc0961-4f77-49b6-8a86-bd8059f429c4 420cd27760f34920be6b26b13f4cadc3 09f9847f6c954d51aee4f7ccac8f7703 - - 32030298995a4f68b858402ad4c34d20 32030298995a4f68b858402ad4c34d20] 199.19.213.157 "GET /v2.0/floatingips?fixed_ip_address=fd77%3A1457%3A4cf0%3A26a8%3A%3A32a&port_id=00e5f76b-eda3-4dc9-8387-9b9e79995ae0 HTTP/1.1" status: 200 len: 217 time: 0.0211027
2026-06-25 23:37:25.109 10 INFO neutron.wsgi [req-bc3f2758-4e77-44ac-acd1-19d3621c1bc7 req-41b84bf3-540a-4654-8ddc-bd7239fc45c2 420cd27760f34920be6b26b13f4cadc3 09f9847f6c954d51aee4f7ccac8f7703 - - 32030298995a4f68b858402ad4c34d20 32030298995a4f68b858402ad4c34d20] 199.19.213.157 "GET /v2.0/subnets?id=1124d708-37f6-4caa-8978-b8a62782764d&id=88bf877a-7b46-4ec3-b94c-fffb8d58e54c HTTP/1.1" status: 200 len: 1567 time: 0.0536919
2026-06-25 23:37:25.139 10 INFO neutron.wsgi [req-bc3f2758-4e77-44ac-acd1-19d3621c1bc7 req-0cfea2ea-9a74-4d5b-b0fb-aa85a9f57ef5 420cd27760f34920be6b26b13f4cadc3 09f9847f6c954d51aee4f7ccac8f7703 - - 32030298995a4f68b858402ad4c34d20 32030298995a4f68b858402ad4c34d20] 199.19.213.157 "GET /v2.0/ports?network_id=db04bd96-c29c-4201-95a4-cdb45fc53f47&device_owner=network%3Adhcp HTTP/1.1" status: 200 len: 210 time: 0.0221691
2026-06-25 23:37:25.167 10 INFO neutron.wsgi [req-bc3f2758-4e77-44ac-acd1-19d3621c1bc7 req-e149b316-0fb2-4f23-91df-13d0efbc7f52 420cd27760f34920be6b26b13f4cadc3 09f9847f6c954d51aee4f7ccac8f7703 - - 32030298995a4f68b858402ad4c34d20 32030298995a4f68b858402ad4c34d20] 199.19.213.157 "GET /v2.0/ports?network_id=db04bd96-c29c-4201-95a4-cdb45fc53f47&device_owner=network%3Adhcp HTTP/1.1" status: 200 len: 210 time: 0.0201981
2026-06-25 23:37:25.231 10 INFO neutron.wsgi [req-bc3f2758-4e77-44ac-acd1-19d3621c1bc7 req-61bf3d45-707b-4ff6-b7f0-6c7c80fbd3bc 420cd27760f34920be6b26b13f4cadc3 09f9847f6c954d51aee4f7ccac8f7703 - - 32030298995a4f68b858402ad4c34d20 32030298995a4f68b858402ad4c34d20] 199.19.213.157 "GET /v2.0/networks/db04bd96-c29c-4201-95a4-cdb45fc53f47?fields=segments HTTP/1.1" status: 200 len: 212 time: 0.0556014
2026-06-25 23:37:25.312 10 INFO neutron.wsgi [req-bc3f2758-4e77-44ac-acd1-19d3621c1bc7 req-a502f41a-7e77-484c-9214-a414906d1c8e 420cd27760f34920be6b26b13f4cadc3 09f9847f6c954d51aee4f7ccac8f7703 - - 32030298995a4f68b858402ad4c34d20 32030298995a4f68b858402ad4c34d20] 199.19.213.157 "GET /v2.0/networks/db04bd96-c29c-4201-95a4-cdb45fc53f47?fields=provider%3Aphysical_network&fields=provider%3Anetwork_type HTTP/1.1" status: 200 len: 277 time: 0.0750573
2026-06-25 23:37:25.324 9 WARNING neutron.scheduler.dhcp_agent_scheduler [None req-5e8fdcdf-69eb-42df-a2d1-55a66d510e04 ad31a8f2b7a94fe28ac573e398f4a3d3 4f8ce65f3ae448ca99c75fde911e281a - - default default] No more DHCP agents
2026-06-25 23:37:25.328 9 WARNING neutron.api.rpc.agentnotifiers.dhcp_rpc_agent_api [None req-5e8fdcdf-69eb-42df-a2d1-55a66d510e04 ad31a8f2b7a94fe28ac573e398f4a3d3 4f8ce65f3ae448ca99c75fde911e281a - - default default] Unable to schedule network 604b617c-b2ac-48c8-a9c7-6331801b22b8: no agents available; will retry on subsequent port and subnet creation events.
2026-06-25 23:37:25.403 10 INFO neutron.wsgi [req-bb1ce1bd-4d4b-42ab-b224-7c98b43c25b4 req-877a6847-428e-4b6f-8153-86c539808ea5 420cd27760f34920be6b26b13f4cadc3 09f9847f6c954d51aee4f7ccac8f7703 - - 32030298995a4f68b858402ad4c34d20 32030298995a4f68b858402ad4c34d20] 199.19.213.157 "GET /v2.0/ports?tenant_id=21c53d33ebc5429191ac51f3857bf795&device_id=ed2da6a5-211c-4354-8554-cde381f35ca9 HTTP/1.1" status: 200 len: 1636 time: 0.0452087
2026-06-25 23:37:25.503 10 INFO neutron.wsgi [req-bb1ce1bd-4d4b-42ab-b224-7c98b43c25b4 req-0f7bae80-40fc-4040-a1fc-cd6bf87d43c3 420cd27760f34920be6b26b13f4cadc3 09f9847f6c954d51aee4f7ccac8f7703 - - 32030298995a4f68b858402ad4c34d20 32030298995a4f68b858402ad4c34d20] 199.19.213.157 "GET /v2.0/networks?id=db04bd96-c29c-4201-95a4-cdb45fc53f47 HTTP/1.1" status: 200 len: 1003 time: 0.0949295
2026-06-25 23:37:25.520 9 INFO neutron.db.ovn_revision_numbers_db [None req-5e8fdcdf-69eb-42df-a2d1-55a66d510e04 ad31a8f2b7a94fe28ac573e398f4a3d3 4f8ce65f3ae448ca99c75fde911e281a - - default default] Successfully bumped revision number for resource 5e851079-6252-421e-9b65-5fa27785a05d (type: ports) to 1
2026-06-25 23:37:25.535 10 INFO neutron.wsgi [req-bb1ce1bd-4d4b-42ab-b224-7c98b43c25b4 req-59211b65-68a7-48a9-adc5-c27bd73f1301 420cd27760f34920be6b26b13f4cadc3 09f9847f6c954d51aee4f7ccac8f7703 - - 32030298995a4f68b858402ad4c34d20 32030298995a4f68b858402ad4c34d20] 199.19.213.157 "GET /v2.0/floatingips?fixed_ip_address=10.2.2.52&port_id=00e5f76b-eda3-4dc9-8387-9b9e79995ae0 HTTP/1.1" status: 200 len: 217 time: 0.0230780
2026-06-25 23:37:25.539 10 INFO neutron.plugins.ml2.drivers.ovn.mech_driver.mech_driver [None req-5102223b-5601-4f82-9a59-9d60c6d602c9 - - - - - -] OVN reports status up for port: 00e5f76b-eda3-4dc9-8387-9b9e79995ae0
2026-06-25 23:37:25.550 10 INFO neutron.plugins.ml2.plugin [None req-5102223b-5601-4f82-9a59-9d60c6d602c9 - - - - - -] Attempt 1 to provision port 00e5f76b-eda3-4dc9-8387-9b9e79995ae0
2026-06-25 23:37:25.589 10 INFO neutron.wsgi [req-bb1ce1bd-4d4b-42ab-b224-7c98b43c25b4 req-8ebbc4a6-3dfa-40f2-8c66-7a4760f3324b 420cd27760f34920be6b26b13f4cadc3 09f9847f6c954d51aee4f7ccac8f7703 - - 32030298995a4f68b858402ad4c34d20 32030298995a4f68b858402ad4c34d20] 199.19.213.157 "GET /v2.0/floatingips?fixed_ip_address=fd77%3A1457%3A4cf0%3A26a8%3A%3A32a&port_id=00e5f76b-eda3-4dc9-8387-9b9e79995ae0 HTTP/1.1" status: 200 len: 217 time: 0.0419557
2026-06-25 23:37:25.674 10 INFO neutron.wsgi [req-bb1ce1bd-4d4b-42ab-b224-7c98b43c25b4 req-d5a8d021-9ed6-499d-8399-d67d84d6b60f 420cd27760f34920be6b26b13f4cadc3 09f9847f6c954d51aee4f7ccac8f7703 - - 32030298995a4f68b858402ad4c34d20 32030298995a4f68b858402ad4c34d20] 199.19.213.157 "GET /v2.0/subnets?id=1124d708-37f6-4caa-8978-b8a62782764d&id=88bf877a-7b46-4ec3-b94c-fffb8d58e54c HTTP/1.1" status: 200 len: 1567 time: 0.0758326
2026-06-25 23:37:25.706 10 INFO neutron.wsgi [req-bb1ce1bd-4d4b-42ab-b224-7c98b43c25b4 req-0fb57cf3-0268-46b4-9a47-9f283b227f43 420cd27760f34920be6b26b13f4cadc3 09f9847f6c954d51aee4f7ccac8f7703 - - 32030298995a4f68b858402ad4c34d20 32030298995a4f68b858402ad4c34d20] 199.19.213.157 "GET /v2.0/ports?network_id=db04bd96-c29c-4201-95a4-cdb45fc53f47&device_owner=network%3Adhcp HTTP/1.1" status: 200 len: 210 time: 0.0230014
2026-06-25 23:37:25.748 10 INFO neutron.wsgi [req-bb1ce1bd-4d4b-42ab-b224-7c98b43c25b4 req-91ed9634-bbb7-4fb7-942f-0a25460af0d1 420cd27760f34920be6b26b13f4cadc3 09f9847f6c954d51aee4f7ccac8f7703 - - 32030298995a4f68b858402ad4c34d20 32030298995a4f68b858402ad4c34d20] 199.19.213.157 "GET /v2.0/ports?network_id=db04bd96-c29c-4201-95a4-cdb45fc53f47&device_owner=network%3Adhcp HTTP/1.1" status: 200 len: 210 time: 0.0350151
2026-06-25 23:37:25.844 10 INFO neutron.wsgi [req-bb1ce1bd-4d4b-42ab-b224-7c98b43c25b4 req-1cdf0088-23fd-4386-af44-94a4c4b4bc7e 420cd27760f34920be6b26b13f4cadc3 09f9847f6c954d51aee4f7ccac8f7703 - - 32030298995a4f68b858402ad4c34d20 32030298995a4f68b858402ad4c34d20] 199.19.213.157 "GET /v2.0/networks/db04bd96-c29c-4201-95a4-cdb45fc53f47?fields=segments HTTP/1.1" status: 200 len: 212 time: 0.0855315
2026-06-25 23:37:25.936 10 INFO neutron.wsgi [req-bb1ce1bd-4d4b-42ab-b224-7c98b43c25b4 req-4212abe3-ac24-4c80-81b1-1a309b48574c 420cd27760f34920be6b26b13f4cadc3 09f9847f6c954d51aee4f7ccac8f7703 - - 32030298995a4f68b858402ad4c34d20 32030298995a4f68b858402ad4c34d20] 199.19.213.157 "GET /v2.0/networks/db04bd96-c29c-4201-95a4-cdb45fc53f47?fields=provider%3Aphysical_network&fields=provider%3Anetwork_type HTTP/1.1" status: 200 len: 277 time: 0.0812349
2026-06-25 23:37:25.985 10 INFO neutron.db.ovn_revision_numbers_db [None req-5102223b-5601-4f82-9a59-9d60c6d602c9 - - - - - -] Successfully bumped revision number for resource 00e5f76b-eda3-4dc9-8387-9b9e79995ae0 (type: ports) to 4
2026-06-25 23:37:26.384 9 INFO neutron.plugins.ml2.drivers.ovn.mech_driver.ovsdb.commands [None req-ea189341-ce22-432e-a519-33d961a8c801 - - - - - -] Schedule LRP lrp-5e851079-6252-421e-9b65-5fa27785a05d on gateway aacb0e27-5e1d-4d13-b3e3-8beaeac8576a with priority 1
2026-06-25 23:37:26.402 10 INFO neutron.plugins.ml2.drivers.ovn.mech_driver.mech_driver [None req-5102223b-5601-4f82-9a59-9d60c6d602c9 - - - - - -] OVN reports status up for port: 5e851079-6252-421e-9b65-5fa27785a05d
2026-06-25 23:37:26.415 10 INFO neutron.plugins.ml2.plugin [None req-5102223b-5601-4f82-9a59-9d60c6d602c9 - - - - - -] Attempt 1 to provision port 5e851079-6252-421e-9b65-5fa27785a05d
2026-06-25 23:37:26.425 9 INFO neutron.db.ovn_revision_numbers_db [None req-5e8fdcdf-69eb-42df-a2d1-55a66d510e04 ad31a8f2b7a94fe28ac573e398f4a3d3 4f8ce65f3ae448ca99c75fde911e281a - - default default] Successfully bumped revision number for resource 5e851079-6252-421e-9b65-5fa27785a05d (type: router_ports) to 1
2026-06-25 23:37:26.508 9 INFO neutron.db.ovn_revision_numbers_db [None req-5e8fdcdf-69eb-42df-a2d1-55a66d510e04 ad31a8f2b7a94fe28ac573e398f4a3d3 4f8ce65f3ae448ca99c75fde911e281a - - default default] Successfully bumped revision number for resource 44832035-3a10-412b-99ee-46359aa85f9c (type: routers) to 2
2026-06-25 23:37:26.537 9 INFO neutron.wsgi [None req-5e8fdcdf-69eb-42df-a2d1-55a66d510e04 ad31a8f2b7a94fe28ac573e398f4a3d3 4f8ce65f3ae448ca99c75fde911e281a - - default default] 10.0.0.142 "POST /v2.0/routers HTTP/1.1" status: 201 len: 1136 time: 1.8367746
2026-06-25 23:37:26.981 10 INFO neutron.notifiers.nova [-] Nova event matching ['req-b12a9c64-7fed-41e2-b884-6b7cdee7b502'] response: {'server_uuid': 'ed2da6a5-211c-4354-8554-cde381f35ca9', 'name': 'network-vif-plugged', 'status': 'completed', 'tag': '00e5f76b-eda3-4dc9-8387-9b9e79995ae0', 'code': 200}
2026-06-25 23:37:26.982 10 INFO neutron.notifiers.nova [-] Nova event matching ['req-b12a9c64-7fed-41e2-b884-6b7cdee7b502'] response: {'server_uuid': 'ed2da6a5-211c-4354-8554-cde381f35ca9', 'name': 'network-vif-plugged', 'status': 'completed', 'tag': '00e5f76b-eda3-4dc9-8387-9b9e79995ae0', 'code': 200}
2026-06-25 23:37:27.489 9 WARNING neutron.scheduler.dhcp_agent_scheduler [None req-68946aac-fca1-404b-8221-a7156e0bd88b ad31a8f2b7a94fe28ac573e398f4a3d3 4f8ce65f3ae448ca99c75fde911e281a - - default default] No more DHCP agents
2026-06-25 23:37:27.491 9 WARNING neutron.api.rpc.agentnotifiers.dhcp_rpc_agent_api [None req-68946aac-fca1-404b-8221-a7156e0bd88b ad31a8f2b7a94fe28ac573e398f4a3d3 4f8ce65f3ae448ca99c75fde911e281a - - default default] Unable to schedule network 901ad12d-50eb-4e90-9a35-9b935e00cee0: no agents available; will retry on subsequent port and subnet creation events.
2026-06-25 23:37:27.727 9 INFO neutron.db.ovn_revision_numbers_db [None req-68946aac-fca1-404b-8221-a7156e0bd88b ad31a8f2b7a94fe28ac573e398f4a3d3 4f8ce65f3ae448ca99c75fde911e281a - - default default] Successfully bumped revision number for resource 3e1a38bb-aa05-4148-8391-e17ba674ee55 (type: ports) to 1
2026-06-25 23:37:27.774 9 INFO neutron.wsgi [req-c956f4bd-82ee-4251-902c-05fd82ad002e req-b2b76b3f-fee1-4cbf-8975-8991c2714899 092c2722f36a4373a56f9c3c967f8bd1 21c53d33ebc5429191ac51f3857bf795 - - default default] 10.0.0.235 "GET /v2.0/ports?device_id=ed2da6a5-211c-4354-8554-cde381f35ca9 HTTP/1.1" status: 200 len: 1400 time: 0.1453264
2026-06-25 23:37:27.837 9 INFO neutron.wsgi [req-c956f4bd-82ee-4251-902c-05fd82ad002e req-a0a56356-2484-425a-950f-3a51fa396dfd 092c2722f36a4373a56f9c3c967f8bd1 21c53d33ebc5429191ac51f3857bf795 - - default default] 10.0.0.235 "GET /v2.0/security-groups?id=86ba39aa-3d10-4571-86ac-43e057e66ccc&fields=id&fields=name HTTP/1.1" status: 200 len: 310 time: 0.0576668
2026-06-25 23:37:27.867 9 WARNING neutron_lib.context [None req-972b8b55-9368-4fb1-8783-ce23a326026d b5337dd05cf045aa8c97b596bd9a8630 5105e49febfe47d2a0db5405fc81c3df - - default default] Method 'is_advsvc' is deprecated since 2023.2 release (neutron-lib 3.8.0) and will be removed once support for the old RBAC API policies will be removed from Neutron. Please use method 'is_service_role' instead. /var/lib/openstack/lib/python3.10/site-packages/pycadf/identifier.py:71: UserWarning: Invalid uuid: neutron. To ensure interoperability, identifiers should be a valid uuid. warnings.warn(('Invalid uuid: %s. To ensure interoperability, '
2026-06-25 23:37:27.980 10 INFO neutron.wsgi [None req-67fde346-827e-46b3-bffe-5bb4deba4068 092c2722f36a4373a56f9c3c967f8bd1 21c53d33ebc5429191ac51f3857bf795 - - default default] 10.0.0.142 "GET /v2.0/ports?network_id=db04bd96-c29c-4201-95a4-cdb45fc53f47&mac_address=fa%3A16%3A3e%3Ac1%3A74%3Aa8 HTTP/1.1" status: 200 len: 1395 time: 0.1110210
2026-06-25 23:37:27.992 10 WARNING neutron_lib.context [None req-8af239fd-4e1b-47a6-becf-acf4003041c0 092c2722f36a4373a56f9c3c967f8bd1 21c53d33ebc5429191ac51f3857bf795 - - default default] Method 'is_advsvc' is deprecated since 2023.2 release (neutron-lib 3.8.0) and will be removed once support for the old RBAC API policies will be removed from Neutron. Please use method 'is_service_role' instead.
2026-06-25 23:37:28.096 9 INFO neutron.db.ovn_revision_numbers_db [None req-972b8b55-9368-4fb1-8783-ce23a326026d b5337dd05cf045aa8c97b596bd9a8630 5105e49febfe47d2a0db5405fc81c3df - - default default] Successfully bumped revision number for resource 52032419-a41f-40d1-8038-4e3af36d7f4a (type: security_groups) to 1
2026-06-25 23:37:28.122 9 INFO neutron.db.ovn_revision_numbers_db [None req-972b8b55-9368-4fb1-8783-ce23a326026d b5337dd05cf045aa8c97b596bd9a8630 5105e49febfe47d2a0db5405fc81c3df - - default default] Successfully bumped revision number for resource 268c2edd-c53d-4c77-a27f-924acbfce17b (type: security_group_rules) to 0
2026-06-25 23:37:28.143 9 INFO neutron.db.ovn_revision_numbers_db [None req-972b8b55-9368-4fb1-8783-ce23a326026d b5337dd05cf045aa8c97b596bd9a8630 5105e49febfe47d2a0db5405fc81c3df - - default default] Successfully bumped revision number for resource 8de510fb-fc2c-472b-a9bb-340818559f38 (type: security_group_rules) to 0
2026-06-25 23:37:28.169 9 INFO neutron.db.ovn_revision_numbers_db [None req-972b8b55-9368-4fb1-8783-ce23a326026d b5337dd05cf045aa8c97b596bd9a8630 5105e49febfe47d2a0db5405fc81c3df - - default default] Successfully bumped revision number for resource bb182b43-e792-4f98-8f29-d3e1951352e7 (type: security_group_rules) to 0
2026-06-25 23:37:28.190 9 INFO neutron.db.ovn_revision_numbers_db [None req-972b8b55-9368-4fb1-8783-ce23a326026d b5337dd05cf045aa8c97b596bd9a8630 5105e49febfe47d2a0db5405fc81c3df - - default default] Successfully bumped revision number for resource df74a43d-642f-40bb-a43d-440da2e3c15c (type: security_group_rules) to 0
2026-06-25 23:37:28.273 10 WARNING neutron.scheduler.dhcp_agent_scheduler [None req-8af239fd-4e1b-47a6-becf-acf4003041c0 092c2722f36a4373a56f9c3c967f8bd1 21c53d33ebc5429191ac51f3857bf795 - - default default] No more DHCP agents
2026-06-25 23:37:28.274 10 WARNING neutron.api.rpc.agentnotifiers.dhcp_rpc_agent_api [None req-8af239fd-4e1b-47a6-becf-acf4003041c0 092c2722f36a4373a56f9c3c967f8bd1 21c53d33ebc5429191ac51f3857bf795 - - default default] Unable to schedule network 604b617c-b2ac-48c8-a9c7-6331801b22b8: no agents available; will retry on subsequent port and subnet creation events.
2026-06-25 23:37:28.277 9 INFO neutron.db.segments_db [None req-972b8b55-9368-4fb1-8783-ce23a326026d b5337dd05cf045aa8c97b596bd9a8630 5105e49febfe47d2a0db5405fc81c3df - - default default] Added segment 86c7e715-68ef-4d25-8e0d-95ef3570d7d3 of type geneve for network 56924067-3b5f-4e96-8c47-49058f4983a1
2026-06-25 23:37:28.313 9 INFO neutron.wsgi [req-e076e082-f44d-4930-a4a9-e4e6fb455147 req-feadfcb9-61c9-4180-ae32-d6cb608e5955 420cd27760f34920be6b26b13f4cadc3 09f9847f6c954d51aee4f7ccac8f7703 - - 32030298995a4f68b858402ad4c34d20 32030298995a4f68b858402ad4c34d20] 10.0.0.98 "GET /v2.0/ports?device_id=a37c159f-1540-40b3-a38d-e2906ef866a7 HTTP/1.1" status: 200 len: 1638 time: 0.0669470
2026-06-25 23:37:28.428 9 INFO neutron.wsgi [req-e076e082-f44d-4930-a4a9-e4e6fb455147 req-6f0d7250-1b08-4ceb-b5b6-00401a250902 420cd27760f34920be6b26b13f4cadc3 09f9847f6c954d51aee4f7ccac8f7703 - - 32030298995a4f68b858402ad4c34d20 32030298995a4f68b858402ad4c34d20] 10.0.0.98 "GET /v2.0/security-groups?id=86ba39aa-3d10-4571-86ac-43e057e66ccc&fields=id&fields=name HTTP/1.1" status: 200 len: 310 time: 0.1019511
2026-06-25 23:37:28.526 9 INFO neutron.db.ovn_revision_numbers_db [None req-972b8b55-9368-4fb1-8783-ce23a326026d b5337dd05cf045aa8c97b596bd9a8630 5105e49febfe47d2a0db5405fc81c3df - - default default] Successfully bumped revision number for resource 56924067-3b5f-4e96-8c47-49058f4983a1 (type: networks) to 1
2026-06-25 23:37:28.547 9 ERROR ovsdbapp.backend.ovs_idl.command [None req-68946aac-fca1-404b-8221-a7156e0bd88b ad31a8f2b7a94fe28ac573e398f4a3d3 4f8ce65f3ae448ca99c75fde911e281a - - default default] Error executing command (DbGetCommand): ovsdbapp.backend.ovs_idl.idlutils.RowNotFound: Cannot find Logical_Router_Port with name=lrp-3e1a38bb-aa05-4148-8391-e17ba674ee55
2026-06-25 23:37:28.547 9 ERROR ovsdbapp.backend.ovs_idl.command
Traceback (most recent call last):
2026-06-25 23:37:28.547 9 ERROR ovsdbapp.backend.ovs_idl.command
File "/var/lib/openstack/lib/python3.10/site-packages/ovsdbapp/backend/ovs_idl/command.py", line 47, in execute
2026-06-25 23:37:28.547 9 ERROR ovsdbapp.backend.ovs_idl.command self.run_idl(None)
2026-06-25 23:37:28.547 9 ERROR ovsdbapp.backend.ovs_idl.command
File "/var/lib/openstack/lib/python3.10/site-packages/ovsdbapp/backend/ovs_idl/command.py", line 235, in run_idl
2026-06-25 23:37:28.547 9 ERROR ovsdbapp.backend.ovs_idl.command record = self.api.lookup(self.table, self.record)
2026-06-25 23:37:28.547 9 ERROR ovsdbapp.backend.ovs_idl.command
File "/var/lib/openstack/lib/python3.10/site-packages/ovsdbapp/backend/ovs_idl/__init__.py", line 184, in lookup
2026-06-25 23:37:28.547 9 ERROR ovsdbapp.backend.ovs_idl.command return self._lookup(table, record)
2026-06-25 23:37:28.547 9 ERROR ovsdbapp.backend.ovs_idl.command
File "/var/lib/openstack/lib/python3.10/site-packages/ovsdbapp/backend/ovs_idl/__init__.py", line 235, in _lookup
2026-06-25 23:37:28.547 9 ERROR ovsdbapp.backend.ovs_idl.command row = idlutils.row_by_value(self, rl.table, rl.column, record)
2026-06-25 23:37:28.547 9 ERROR ovsdbapp.backend.ovs_idl.command
File "/var/lib/openstack/lib/python3.10/site-packages/ovsdbapp/backend/ovs_idl/idlutils.py", line 114, in row_by_value
2026-06-25 23:37:28.547 9 ERROR ovsdbapp.backend.ovs_idl.command raise RowNotFound(table=table, col=column, match=match)
2026-06-25 23:37:28.547 9 ERROR ovsdbapp.backend.ovs_idl.command ovsdbapp.backend.ovs_idl.idlutils.RowNotFound: Cannot find Logical_Router_Port with name=lrp-3e1a38bb-aa05-4148-8391-e17ba674ee55
2026-06-25 23:37:28.547 9 ERROR ovsdbapp.backend.ovs_idl.command 
2026-06-25 23:37:28.548 9 ERROR neutron_lib.callbacks.manager [None req-68946aac-fca1-404b-8221-a7156e0bd88b ad31a8f2b7a94fe28ac573e398f4a3d3 4f8ce65f3ae448ca99c75fde911e281a - - default default] Error during notification for neutron.services.ovn_l3.plugin.OVNL3RouterPlugin._port_update-8778808742630 port, after_update: ovsdbapp.backend.ovs_idl.idlutils.RowNotFound: Cannot find Logical_Router_Port with name=lrp-3e1a38bb-aa05-4148-8391-e17ba674ee55
2026-06-25 23:37:28.548 9 ERROR neutron_lib.callbacks.manager
Traceback (most recent call last):
2026-06-25 23:37:28.548 9 ERROR neutron_lib.callbacks.manager
File "/var/lib/openstack/lib/python3.10/site-packages/neutron_lib/callbacks/manager.py", line 189, in _notify_loop
2026-06-25 23:37:28.548 9 ERROR neutron_lib.callbacks.manager callback.method(resource, event, trigger, payload=payload)
2026-06-25 23:37:28.548 9 ERROR neutron_lib.callbacks.manager
File "/var/lib/openstack/lib/python3.10/site-packages/neutron/services/ovn_l3/plugin.py", line 391, in _port_update
2026-06-25 23:37:28.548 9 ERROR neutron_lib.callbacks.manager l3plugin._ovn_client.update_router_port(context,
2026-06-25 23:37:28.548 9 ERROR neutron_lib.callbacks.manager
File "/var/lib/openstack/lib/python3.10/site-packages/neutron/plugins/ml2/drivers/ovn/mech_driver/ovsdb/ovn_client.py", line 1878, in update_router_port
2026-06-25 23:37:28.548 9 ERROR neutron_lib.callbacks.manager self._update_lrouter_port(context, port, if_exists=if_exists,
2026-06-25 23:37:28.548 9 ERROR neutron_lib.callbacks.manager
File "/var/lib/openstack/lib/python3.10/site-packages/neutron/plugins/ml2/drivers/ovn/mech_driver/ovsdb/ovn_client.py", line 1855, in _update_lrouter_port
2026-06-25 23:37:28.548 9 ERROR neutron_lib.callbacks.manager external_ids = self._nb_idl.db_get(
2026-06-25 23:37:28.548 9 ERROR neutron_lib.callbacks.manager
File "/var/lib/openstack/lib/python3.10/site-packages/ovsdbapp/backend/ovs_idl/command.py", line 47, in execute
2026-06-25 23:37:28.548 9 ERROR neutron_lib.callbacks.manager self.run_idl(None)
2026-06-25 23:37:28.548 9 ERROR neutron_lib.callbacks.manager
File "/var/lib/openstack/lib/python3.10/site-packages/ovsdbapp/backend/ovs_idl/command.py", line 235, in run_idl
2026-06-25 23:37:28.548 9 ERROR neutron_lib.callbacks.manager record = self.api.lookup(self.table, self.record)
2026-06-25 23:37:28.548 9 ERROR neutron_lib.callbacks.manager
File "/var/lib/openstack/lib/python3.10/site-packages/ovsdbapp/backend/ovs_idl/__init__.py", line 184, in lookup
2026-06-25 23:37:28.548 9 ERROR neutron_lib.callbacks.manager return self._lookup(table, record)
2026-06-25 23:37:28.548 9 ERROR neutron_lib.callbacks.manager
File "/var/lib/openstack/lib/python3.10/site-packages/ovsdbapp/backend/ovs_idl/__init__.py", line 235, in _lookup
2026-06-25 23:37:28.548 9 ERROR neutron_lib.callbacks.manager row = idlutils.row_by_value(self, rl.table, rl.column, record)
2026-06-25 23:37:28.548 9 ERROR neutron_lib.callbacks.manager
File "/var/lib/openstack/lib/python3.10/site-packages/ovsdbapp/backend/ovs_idl/idlutils.py", line 114, in row_by_value
2026-06-25 23:37:28.548 9 ERROR neutron_lib.callbacks.manager raise RowNotFound(table=table, col=column, match=match)
2026-06-25 23:37:28.548 9 ERROR neutron_lib.callbacks.manager ovsdbapp.backend.ovs_idl.idlutils.RowNotFound: Cannot find Logical_Router_Port with name=lrp-3e1a38bb-aa05-4148-8391-e17ba674ee55
