2026-06-25 23:35:20.199 9 INFO neutron.wsgi [None req-95ee56d1-c49f-4a20-9979-a9cbc4866587 81b60fd8db6e4786a6d94c6a49b927cd 5290453cbd2e46148e8c2f2d18f5ff23 - - default default] 10.0.0.142 "GET /v2.0/security-group-rules HTTP/1.1" status: 200 len: 3755 time: 0.0619028
2026-06-25 23:35:20.207 9 WARNING neutron_lib.context [None req-5d0a12ec-c341-4db8-938a-c69d9a5b0332 81b60fd8db6e4786a6d94c6a49b927cd 5290453cbd2e46148e8c2f2d18f5ff23 - - default default] Method 'is_advsvc' is deprecated since 2023.2 release (neutron-lib 3.8.0) and will be removed once support for the old RBAC API policies will be removed from Neutron. Please use method 'is_service_role' instead.
2026-06-25 23:35:20.290 9 INFO neutron.wsgi [None req-cfe272bc-b666-48a4-a4ed-7682579cb3a5 24ec6474ecc044e2ae41c0deeced700c 67966b601ed3482bad44ef025a8e5458 - - default default] 10.0.0.142 "GET /v2.0/security-groups?tenant_id=32ca62e7b466466bbbe3819a3c1520db&name=default HTTP/1.1" status: 200 len: 3120 time: 0.1425996
2026-06-25 23:35:20.348 9 INFO neutron.db.ovn_revision_numbers_db [None req-5d0a12ec-c341-4db8-938a-c69d9a5b0332 81b60fd8db6e4786a6d94c6a49b927cd 5290453cbd2e46148e8c2f2d18f5ff23 - - default default] Successfully bumped revision number for resource 595fcc99-ae47-4e05-9cc1-6ca88661375c (type: security_group_rules) to 0
2026-06-25 23:35:20.374 9 INFO neutron.wsgi [None req-5d0a12ec-c341-4db8-938a-c69d9a5b0332 81b60fd8db6e4786a6d94c6a49b927cd 5290453cbd2e46148e8c2f2d18f5ff23 - - default default] 10.0.0.142 "POST /v2.0/security-group-rules HTTP/1.1" status: 201 len: 800 time: 0.1703990
2026-06-25 23:35:20.405 9 INFO neutron.wsgi [None req-184e110e-e2c6-4238-82a8-743979439dd3 81b60fd8db6e4786a6d94c6a49b927cd 5290453cbd2e46148e8c2f2d18f5ff23 - - default default] 10.0.0.142 "GET /v2.0/security-group-rules/595fcc99-ae47-4e05-9cc1-6ca88661375c HTTP/1.1" status: 200 len: 795 time: 0.0243688
2026-06-25 23:35:20.500 10 INFO neutron.services.segments.plugin [-] Segment 8cfb98cb-c330-4260-ab9e-90e5727011b2 resource provider aggregate not found
2026-06-25 23:35:20.502 9 INFO neutron.wsgi [None req-4ea92637-cbdb-461d-95ee-4624b7faa5c9 81b60fd8db6e4786a6d94c6a49b927cd 5290453cbd2e46148e8c2f2d18f5ff23 - - default default] 10.0.0.142 "GET /v2.0/security-group-rules HTTP/1.1" status: 200 len: 4333 time: 0.0905623
2026-06-25 23:35:20.510 10 INFO neutron.services.segments.plugin [-] Segment 8cfb98cb-c330-4260-ab9e-90e5727011b2 resource provider aggregate not found
2026-06-25 23:35:20.527 10 INFO neutron.services.segments.plugin [-] Segment 8cfb98cb-c330-4260-ab9e-90e5727011b2 resource provider not found; error: Placement Client Error (4xx): {"errors": [{"status": 404, "title": "Not Found", "detail": "The resource could not be found.\n\n No resource provider with uuid 8cfb98cb-c330-4260-ab9e-90e5727011b2 found for delete ", "request_id": "req-3149689a-33dc-4904-9aef-4ce46ac21a59"}]}
2026-06-25 23:35:20.529 10 INFO neutron.services.segments.plugin [-] Segment 8cfb98cb-c330-4260-ab9e-90e5727011b2 resource provider not found; error: Placement Client Error (4xx): {"errors": [{"status": 404, "title": "Not Found", "detail": "The resource could not be found.\n\n No resource provider with uuid 8cfb98cb-c330-4260-ab9e-90e5727011b2 found for delete ", "request_id": "req-c06a06ff-4e44-47ce-8150-2fb10d929e8a"}]}
2026-06-25 23:35:20.543 10 INFO neutron.wsgi [None req-70a07a95-3d39-4434-b757-42646ce1dbc2 24ec6474ecc044e2ae41c0deeced700c 67966b601ed3482bad44ef025a8e5458 - - default default] 10.0.0.142 "DELETE /v2.0/networks/7f270aba-416d-444a-ad42-c0e449433aaf HTTP/1.1" status: 204 len: 168 time: 0.4361324
2026-06-25 23:35:20.584 9 INFO neutron.wsgi [None req-bace370e-a959-4a9f-b165-c191520a69ee 24ec6474ecc044e2ae41c0deeced700c 67966b601ed3482bad44ef025a8e5458 - - default default] 10.0.0.142 "DELETE /v2.0/security-groups/413aff0c-1760-4300-a257-4caea63211fb HTTP/1.1" status: 204 len: 168 time: 0.2860873
2026-06-25 23:35:20.645 9 INFO neutron.wsgi [None req-cdb650e0-cc40-4460-9716-467fb46622b3 81b60fd8db6e4786a6d94c6a49b927cd 5290453cbd2e46148e8c2f2d18f5ff23 - - default default] 10.0.0.142 "DELETE /v2.0/security-group-rules/595fcc99-ae47-4e05-9cc1-6ca88661375c HTTP/1.1" status: 204 len: 168 time: 0.1336730
2026-06-25 23:35:20.693 9 INFO neutron.wsgi [None req-2ea6cdaf-2020-4cef-a46d-5661fa2c7e6e 24ec6474ecc044e2ae41c0deeced700c 67966b601ed3482bad44ef025a8e5458 - - default default] 10.0.0.142 "GET /v2.0/security-groups?tenant_id=5d1f01fcba084e66a9134167e01dc584&name=default HTTP/1.1" status: 200 len: 3120 time: 0.0437379
2026-06-25 23:35:20.750 10 INFO neutron.wsgi [None req-16a70f95-0c31-4bf4-a157-34417af9e092 81b60fd8db6e4786a6d94c6a49b927cd 5290453cbd2e46148e8c2f2d18f5ff23 - - default default] 10.0.0.142 "GET /v2.0/security-group-rules HTTP/1.1" status: 200 len: 3755 time: 0.0996108
2026-06-25 23:35:20.759 10 WARNING neutron_lib.context [None req-790d14ec-9d63-41ca-8feb-94914445586d 81b60fd8db6e4786a6d94c6a49b927cd 5290453cbd2e46148e8c2f2d18f5ff23 - - default default] Method 'is_advsvc' is deprecated since 2023.2 release (neutron-lib 3.8.0) and will be removed once support for the old RBAC API policies will be removed from Neutron. Please use method 'is_service_role' instead.
2026-06-25 23:35:20.901 9 INFO neutron.wsgi [None req-c7b308f6-f530-4a00-8329-144552fb82c5 24ec6474ecc044e2ae41c0deeced700c 67966b601ed3482bad44ef025a8e5458 - - default default] 10.0.0.142 "DELETE /v2.0/security-groups/20fcb294-6dc0-489c-b850-119931017a19 HTTP/1.1" status: 204 len: 168 time: 0.2017536
2026-06-25 23:35:20.908 10 INFO neutron.db.ovn_revision_numbers_db [None req-790d14ec-9d63-41ca-8feb-94914445586d 81b60fd8db6e4786a6d94c6a49b927cd 5290453cbd2e46148e8c2f2d18f5ff23 - - default default] Successfully bumped revision number for resource e7149704-53d8-4266-91a6-5c29bd41fa6f (type: security_group_rules) to 0
2026-06-25 23:35:20.933 10 INFO neutron.wsgi [None req-790d14ec-9d63-41ca-8feb-94914445586d 81b60fd8db6e4786a6d94c6a49b927cd 5290453cbd2e46148e8c2f2d18f5ff23 - - default default] 10.0.0.142 "POST /v2.0/security-group-rules HTTP/1.1" status: 201 len: 801 time: 0.1783798
2026-06-25 23:35:20.957 9 INFO neutron.wsgi [None req-5b756d9a-8672-4fcc-96cb-b7fa4d9d20d0 81b60fd8db6e4786a6d94c6a49b927cd 5290453cbd2e46148e8c2f2d18f5ff23 - - default default] 10.0.0.142 "GET /v2.0/security-group-rules/e7149704-53d8-4266-91a6-5c29bd41fa6f HTTP/1.1" status: 200 len: 796 time: 0.0170722
2026-06-25 23:35:21.021 10 INFO neutron.wsgi [None req-66a7e8d3-790b-41b4-95d4-a715002d2c2d 81b60fd8db6e4786a6d94c6a49b927cd 5290453cbd2e46148e8c2f2d18f5ff23 - - default default] 10.0.0.142 "GET /v2.0/security-group-rules HTTP/1.1" status: 200 len: 4334 time: 0.0588875
2026-06-25 23:35:21.143 10 INFO neutron.wsgi [None req-3a7d1227-2405-4fe7-b18a-231d920c4f78 81b60fd8db6e4786a6d94c6a49b927cd 5290453cbd2e46148e8c2f2d18f5ff23 - - default default] 10.0.0.142 "DELETE /v2.0/security-group-rules/e7149704-53d8-4266-91a6-5c29bd41fa6f HTTP/1.1" status: 204 len: 168 time: 0.1169689
2026-06-25 23:35:21.215 9 INFO neutron.wsgi [None req-aa8f3753-c865-4cb8-8182-a4e51d9fccb4 81b60fd8db6e4786a6d94c6a49b927cd 5290453cbd2e46148e8c2f2d18f5ff23 - - default default] 10.0.0.142 "GET /v2.0/security-group-rules HTTP/1.1" status: 200 len: 3755 time: 0.0649641
2026-06-25 23:35:21.331 9 INFO neutron.wsgi [None req-4a4210bf-f7fd-4bac-be83-98509b1fdd31 81b60fd8db6e4786a6d94c6a49b927cd 5290453cbd2e46148e8c2f2d18f5ff23 - - default default] 10.0.0.142 "DELETE /v2.0/security-groups/51089461-7505-4dbb-9296-c5b6859e8414 HTTP/1.1" status: 204 len: 168 time: 0.1105442
2026-06-25 23:35:21.366 9 INFO neutron.wsgi [None req-fa2e6d89-9a8e-41f8-9b51-60484662d80b 81b60fd8db6e4786a6d94c6a49b927cd 5290453cbd2e46148e8c2f2d18f5ff23 - - default default] 10.0.0.142 "GET /v2.0/security-groups HTTP/1.1" status: 200 len: 3120 time: 0.0308783
2026-06-25 23:35:21.402 9 INFO neutron.wsgi [None req-23e73026-27cf-45d6-97f0-3ce376ac0796 81b60fd8db6e4786a6d94c6a49b927cd 5290453cbd2e46148e8c2f2d18f5ff23 - - default default] 10.0.0.142 "GET /v2.0/security-groups HTTP/1.1" status: 200 len: 3120 time: 0.0312216
2026-06-25 23:35:22.224 9 INFO neutron.wsgi [None req-4eb12f19-ead3-4d77-8735-97545f0030e9 24ec6474ecc044e2ae41c0deeced700c 67966b601ed3482bad44ef025a8e5458 - - default default] 10.0.0.142 "GET /v2.0/security-groups?tenant_id=5290453cbd2e46148e8c2f2d18f5ff23&name=default HTTP/1.1" status: 200 len: 3120 time: 0.3214681
2026-06-25 23:35:22.501 9 WARNING neutron_lib.context [None req-9273fd66-7369-49a5-8ce9-4c1e68fad46c 64d32df06f5f4e07a9a9fac9168e34e0 4f9ce4e27c49464e931f987e0afcf160 - - default default] Method 'is_advsvc' is deprecated since 2023.2 release (neutron-lib 3.8.0) and will be removed once support for the old RBAC API policies will be removed from Neutron. Please use method 'is_service_role' instead.
2026-06-25 23:35:22.511 9 INFO neutron.wsgi [None req-1dfe5086-8bb5-4456-87ac-de130241c4fa 24ec6474ecc044e2ae41c0deeced700c 67966b601ed3482bad44ef025a8e5458 - - default default] 10.0.0.142 "DELETE /v2.0/security-groups/ba9c417e-7d7b-496e-88fb-3e6be6e3be1d HTTP/1.1" status: 204 len: 168 time: 0.2800844
2026-06-25 23:35:22.568 9 INFO neutron.wsgi [None req-9273fd66-7369-49a5-8ce9-4c1e68fad46c 64d32df06f5f4e07a9a9fac9168e34e0 4f9ce4e27c49464e931f987e0afcf160 - - default default] 10.0.0.142 "POST /v2.0/subnetpools HTTP/1.1" status: 201 len: 747 time: 0.1744468
2026-06-25 23:35:22.603 9 INFO neutron.wsgi [None req-c0a3ee8e-332e-4ec6-9db5-a5d170198256 64d32df06f5f4e07a9a9fac9168e34e0 4f9ce4e27c49464e931f987e0afcf160 - - default default] 10.0.0.142 "GET /v2.0/subnetpools/cff84771-039a-458c-907c-3701ef710483 HTTP/1.1" status: 200 len: 742 time: 0.0306854
2026-06-25 23:35:22.677 9 INFO neutron.wsgi [None req-a011d844-685f-4267-b07d-0131f4c145a1 64d32df06f5f4e07a9a9fac9168e34e0 4f9ce4e27c49464e931f987e0afcf160 - - default default] 10.0.0.142 "PUT /v2.0/subnetpools/cff84771-039a-458c-907c-3701ef710483 HTTP/1.1" status: 200 len: 695 time: 0.0700865
2026-06-25 23:35:22.748 10 INFO neutron.wsgi [None req-7591d95e-291a-402a-970e-29c46ebc0e5f 64d32df06f5f4e07a9a9fac9168e34e0 4f9ce4e27c49464e931f987e0afcf160 - - default default] 10.0.0.142 "DELETE /v2.0/subnetpools/cff84771-039a-458c-907c-3701ef710483 HTTP/1.1" status: 204 len: 168 time: 0.0656810
2026-06-25 23:35:22.774 9 INFO neutron.api.v2.resource [None req-299176b6-a254-47cd-9a9c-22b9d1b81857 64d32df06f5f4e07a9a9fac9168e34e0 4f9ce4e27c49464e931f987e0afcf160 - - default default] show failed (client error): The resource could not be found.
2026-06-25 23:35:22.776 9 INFO neutron.wsgi [None req-299176b6-a254-47cd-9a9c-22b9d1b81857 64d32df06f5f4e07a9a9fac9168e34e0 4f9ce4e27c49464e931f987e0afcf160 - - default default] 10.0.0.142 "GET /v2.0/subnetpools/cff84771-039a-458c-907c-3701ef710483 HTTP/1.1" status: 404 len: 346 time: 0.0168495
2026-06-25 23:35:22.790 9 INFO neutron.api.v2.resource [None req-43f7208d-30f0-4e7a-ad91-b42cb7598d35 64d32df06f5f4e07a9a9fac9168e34e0 4f9ce4e27c49464e931f987e0afcf160 - - default default] delete failed (client error): The resource could not be found.
2026-06-25 23:35:22.791 9 INFO neutron.wsgi [None req-43f7208d-30f0-4e7a-ad91-b42cb7598d35 64d32df06f5f4e07a9a9fac9168e34e0 4f9ce4e27c49464e931f987e0afcf160 - - default default] 10.0.0.142 "DELETE /v2.0/subnetpools/cff84771-039a-458c-907c-3701ef710483 HTTP/1.1" status: 404 len: 346 time: 0.0113451
2026-06-25 23:35:23.224 10 INFO neutron.wsgi [-] 10.0.0.165 "GET / HTTP/1.1" status: 200 len: 245 time: 0.0026486
2026-06-25 23:35:23.225 9 INFO neutron.wsgi [-] 10.0.0.165 "GET / HTTP/1.1" status: 200 len: 245 time: 0.0035245
2026-06-25 23:35:23.717 9 INFO neutron.db.ovn_revision_numbers_db [None req-75c4d6cc-f4d4-4e9b-9ac2-ca9353d0d80f 24ec6474ecc044e2ae41c0deeced700c 67966b601ed3482bad44ef025a8e5458 - - default default] Successfully bumped revision number for resource a185928e-8225-4180-81af-7c36f5bbdf9f (type: security_groups) to 1
2026-06-25 23:35:23.731 9 INFO neutron.db.ovn_revision_numbers_db [None req-75c4d6cc-f4d4-4e9b-9ac2-ca9353d0d80f 24ec6474ecc044e2ae41c0deeced700c 67966b601ed3482bad44ef025a8e5458 - - default default] Successfully bumped revision number for resource 63cf97a8-7308-428a-9bac-df34a083afab (type: security_group_rules) to 0
2026-06-25 23:35:23.746 9 INFO neutron.db.ovn_revision_numbers_db [None req-75c4d6cc-f4d4-4e9b-9ac2-ca9353d0d80f 24ec6474ecc044e2ae41c0deeced700c 67966b601ed3482bad44ef025a8e5458 - - default default] Successfully bumped revision number for resource 95d6fd7d-5a69-4125-adb1-dea7eb0de75c (type: security_group_rules) to 0
2026-06-25 23:35:23.761 9 INFO neutron.db.ovn_revision_numbers_db [None req-75c4d6cc-f4d4-4e9b-9ac2-ca9353d0d80f 24ec6474ecc044e2ae41c0deeced700c 67966b601ed3482bad44ef025a8e5458 - - default default] Successfully bumped revision number for resource a91dacba-a88f-4cc3-b288-ec74ddd7283a (type: security_group_rules) to 0
2026-06-25 23:35:23.764 10 INFO neutron.db.ovn_revision_numbers_db [None req-40598b7e-cb4b-4d4a-94d1-e8a5d7d64ff1 24ec6474ecc044e2ae41c0deeced700c 67966b601ed3482bad44ef025a8e5458 - - default default] Successfully bumped revision number for resource 9b4518e9-c41b-4729-b52b-1b0be22ee8da (type: security_groups) to 1
2026-06-25 23:35:23.776 9 INFO neutron.db.ovn_revision_numbers_db [None req-75c4d6cc-f4d4-4e9b-9ac2-ca9353d0d80f 24ec6474ecc044e2ae41c0deeced700c 67966b601ed3482bad44ef025a8e5458 - - default default] Successfully bumped revision number for resource f6f129e1-34d4-4685-a40e-d09e4302f7e2 (type: security_group_rules) to 0
2026-06-25 23:35:23.778 10 INFO neutron.db.ovn_revision_numbers_db [None req-40598b7e-cb4b-4d4a-94d1-e8a5d7d64ff1 24ec6474ecc044e2ae41c0deeced700c 67966b601ed3482bad44ef025a8e5458 - - default default] Successfully bumped revision number for resource 46fd19d0-2387-444d-8e12-d819b315117c (type: security_group_rules) to 0
2026-06-25 23:35:23.795 9 INFO neutron.wsgi [None req-75c4d6cc-f4d4-4e9b-9ac2-ca9353d0d80f 24ec6474ecc044e2ae41c0deeced700c 67966b601ed3482bad44ef025a8e5458 - - default default] 10.0.0.142 "GET /v2.0/security-groups?tenant_id=45775827f1254e6e95a57c1421d2726d&name=default HTTP/1.1" status: 200 len: 3120 time: 0.2469075
2026-06-25 23:35:23.818 10 INFO neutron.db.ovn_revision_numbers_db [None req-40598b7e-cb4b-4d4a-94d1-e8a5d7d64ff1 24ec6474ecc044e2ae41c0deeced700c 67966b601ed3482bad44ef025a8e5458 - - default default] Successfully bumped revision number for resource 8baa84f6-a4a6-4af2-b617-e6cb7586780a (type: security_group_rules) to 0
2026-06-25 23:35:23.836 10 INFO neutron.db.ovn_revision_numbers_db [None req-40598b7e-cb4b-4d4a-94d1-e8a5d7d64ff1 24ec6474ecc044e2ae41c0deeced700c 67966b601ed3482bad44ef025a8e5458 - - default default] Successfully bumped revision number for resource e5db3b68-d56b-4622-9820-4e96048240e2 (type: security_group_rules) to 0
2026-06-25 23:35:23.857 10 INFO neutron.db.ovn_revision_numbers_db [None req-40598b7e-cb4b-4d4a-94d1-e8a5d7d64ff1 24ec6474ecc044e2ae41c0deeced700c 67966b601ed3482bad44ef025a8e5458 - - default default] Successfully bumped revision number for resource f01eb21b-62a2-445c-a7a7-f17adc026d31 (type: security_group_rules) to 0
2026-06-25 23:35:23.887 10 INFO neutron.wsgi [None req-40598b7e-cb4b-4d4a-94d1-e8a5d7d64ff1 24ec6474ecc044e2ae41c0deeced700c 67966b601ed3482bad44ef025a8e5458 - - default default] 10.0.0.142 "GET /v2.0/security-groups?tenant_id=4f9ce4e27c49464e931f987e0afcf160&name=default HTTP/1.1" status: 200 len: 3120 time: 0.5893729
2026-06-25 23:35:24.022 10 INFO neutron.db.ovn_revision_numbers_db [None req-e8c881ae-b4b5-4bab-9e71-58c3ef6f7b5b 24ec6474ecc044e2ae41c0deeced700c 67966b601ed3482bad44ef025a8e5458 - - default default] Successfully bumped revision number for resource 51138a38-275a-4113-9a21-ef987aa16205 (type: security_groups) to 1
2026-06-25 23:35:24.039 10 INFO neutron.db.ovn_revision_numbers_db [None req-e8c881ae-b4b5-4bab-9e71-58c3ef6f7b5b 24ec6474ecc044e2ae41c0deeced700c 67966b601ed3482bad44ef025a8e5458 - - default default] Successfully bumped revision number for resource 0c92ae12-1bff-42fa-87ee-8d4579b896fa (type: security_group_rules) to 0
2026-06-25 23:35:24.053 10 INFO neutron.wsgi [None req-e5eb9db4-ad72-4191-921e-64c5d1728264 24ec6474ecc044e2ae41c0deeced700c 67966b601ed3482bad44ef025a8e5458 - - default default] 10.0.0.142 "DELETE /v2.0/security-groups/a185928e-8225-4180-81af-7c36f5bbdf9f HTTP/1.1" status: 204 len: 168 time: 0.2489555
2026-06-25 23:35:24.059 10 INFO neutron.db.ovn_revision_numbers_db [None req-e8c881ae-b4b5-4bab-9e71-58c3ef6f7b5b 24ec6474ecc044e2ae41c0deeced700c 67966b601ed3482bad44ef025a8e5458 - - default default] Successfully bumped revision number for resource 1fcb48d0-cd74-4ec9-84dd-5fe611572361 (type: security_group_rules) to 0
2026-06-25 23:35:24.073 10 INFO neutron.db.ovn_revision_numbers_db [None req-e8c881ae-b4b5-4bab-9e71-58c3ef6f7b5b 24ec6474ecc044e2ae41c0deeced700c 67966b601ed3482bad44ef025a8e5458 - - default default] Successfully bumped revision number for resource 383a2aee-56c3-4694-9eeb-c8671e74da06 (type: security_group_rules) to 0
2026-06-25 23:35:24.086 10 INFO neutron.db.ovn_revision_numbers_db [None req-e8c881ae-b4b5-4bab-9e71-58c3ef6f7b5b 24ec6474ecc044e2ae41c0deeced700c 67966b601ed3482bad44ef025a8e5458 - - default default] Successfully bumped revision number for resource 3d72bcf9-ac66-4642-ac61-269b09f1cb54 (type: security_group_rules) to 0
2026-06-25 23:35:24.115 10 INFO neutron.wsgi [None req-e8c881ae-b4b5-4bab-9e71-58c3ef6f7b5b 24ec6474ecc044e2ae41c0deeced700c 67966b601ed3482bad44ef025a8e5458 - - default default] 10.0.0.142 "GET /v2.0/security-groups?tenant_id=bac755fefa3a400db25df6894e28f107&name=default HTTP/1.1" status: 200 len: 3120 time: 0.3807096
2026-06-25 23:35:24.120 9 INFO neutron.wsgi [None req-2a52a69f-112d-4407-8f0c-657cb7b09e01 24ec6474ecc044e2ae41c0deeced700c 67966b601ed3482bad44ef025a8e5458 - - default default] 10.0.0.142 "DELETE /v2.0/security-groups/9b4518e9-c41b-4729-b52b-1b0be22ee8da HTTP/1.1" status: 204 len: 168 time: 0.2288043
2026-06-25 23:35:24.365 9 INFO neutron.wsgi [None req-0c66b2a6-724f-4058-950a-7a374cedcd27 24ec6474ecc044e2ae41c0deeced700c 67966b601ed3482bad44ef025a8e5458 - - default default] 10.0.0.142 "DELETE /v2.0/security-groups/51138a38-275a-4113-9a21-ef987aa16205 HTTP/1.1" status: 204 len: 168 time: 0.2404387
2026-06-25 23:35:25.880 9 INFO neutron.wsgi [-] 10.0.0.142 "GET / HTTP/1.1" status: 200 len: 279 time: 0.0031114
2026-06-25 23:35:26.090 9 INFO neutron.wsgi [None req-295efe86-cd9b-419d-abee-fef4994177a0 7d2fe09f55544c558a8e16bb052e2acb ae6a8e1aa95b4411b42a60ebb3b20fc1 - - default default] 10.0.0.142 "GET /v2.0/ HTTP/1.1" status: 200 len: 826 time: 0.2039466
2026-06-25 23:35:26.863 9 INFO neutron.db.ovn_revision_numbers_db [None req-aac049e2-fcae-46c5-a4c7-604b3f48e62b 24ec6474ecc044e2ae41c0deeced700c 67966b601ed3482bad44ef025a8e5458 - - default default] Successfully bumped revision number for resource 683bfed5-4165-45d9-9a66-72888b70e3cb (type: security_groups) to 1
2026-06-25 23:35:26.879 9 INFO neutron.db.ovn_revision_numbers_db [None req-aac049e2-fcae-46c5-a4c7-604b3f48e62b 24ec6474ecc044e2ae41c0deeced700c 67966b601ed3482bad44ef025a8e5458 - - default default] Successfully bumped revision number for resource 1b96ca92-85d7-419a-a4a4-58ec9805469a (type: security_group_rules) to 0
2026-06-25 23:35:26.905 9 INFO neutron.db.ovn_revision_numbers_db [None req-aac049e2-fcae-46c5-a4c7-604b3f48e62b 24ec6474ecc044e2ae41c0deeced700c 67966b601ed3482bad44ef025a8e5458 - - default default] Successfully bumped revision number for resource 3f457fc6-22c6-4a54-9c0b-a0ac987c6a56 (type: security_group_rules) to 0
2026-06-25 23:35:26.918 9 INFO neutron.db.ovn_revision_numbers_db [None req-aac049e2-fcae-46c5-a4c7-604b3f48e62b 24ec6474ecc044e2ae41c0deeced700c 67966b601ed3482bad44ef025a8e5458 - - default default] Successfully bumped revision number for resource 48d90f73-e0d9-4afe-9b8b-2d603741f457 (type: security_group_rules) to 0
2026-06-25 23:35:26.930 9 INFO neutron.db.ovn_revision_numbers_db [None req-aac049e2-fcae-46c5-a4c7-604b3f48e62b 24ec6474ecc044e2ae41c0deeced700c 67966b601ed3482bad44ef025a8e5458 - - default default] Successfully bumped revision number for resource c8db8d56-fa3e-49a8-8709-5ce89b3253db (type: security_group_rules) to 0
2026-06-25 23:35:26.951 9 INFO neutron.wsgi [None req-aac049e2-fcae-46c5-a4c7-604b3f48e62b 24ec6474ecc044e2ae41c0deeced700c 67966b601ed3482bad44ef025a8e5458 - - default default] 10.0.0.142 "GET /v2.0/security-groups?tenant_id=ae6a8e1aa95b4411b42a60ebb3b20fc1&name=default HTTP/1.1" status: 200 len: 3120 time: 0.4379401
2026-06-25 23:35:27.162 9 INFO neutron.wsgi [None req-5da69ce7-2b45-45c5-85d0-4dcbcdbe8c1f 24ec6474ecc044e2ae41c0deeced700c 67966b601ed3482bad44ef025a8e5458 - - default default] 10.0.0.142 "DELETE /v2.0/security-groups/683bfed5-4165-45d9-9a66-72888b70e3cb HTTP/1.1" status: 204 len: 168 time: 0.2031536
2026-06-25 23:35:27.201 10 INFO neutron.db.ovn_revision_numbers_db [None req-e1c72483-5fcd-404e-99e5-f105cdd13759 24ec6474ecc044e2ae41c0deeced700c 67966b601ed3482bad44ef025a8e5458 - - default default] Successfully bumped revision number for resource afa6af50-258f-4f7d-8f53-3e086cb4a754 (type: security_groups) to 1
2026-06-25 23:35:27.214 10 INFO neutron.db.ovn_revision_numbers_db [None req-e1c72483-5fcd-404e-99e5-f105cdd13759 24ec6474ecc044e2ae41c0deeced700c 67966b601ed3482bad44ef025a8e5458 - - default default] Successfully bumped revision number for resource 015b7ea6-549c-4be5-8b6b-c3840e2c3da5 (type: security_group_rules) to 0
2026-06-25 23:35:27.226 10 INFO neutron.db.ovn_revision_numbers_db [None req-e1c72483-5fcd-404e-99e5-f105cdd13759 24ec6474ecc044e2ae41c0deeced700c 67966b601ed3482bad44ef025a8e5458 - - default default] Successfully bumped revision number for resource 661775a0-28b4-44d4-a618-01beb13b9672 (type: security_group_rules) to 0
2026-06-25 23:35:27.238 10 INFO neutron.db.ovn_revision_numbers_db [None req-e1c72483-5fcd-404e-99e5-f105cdd13759 24ec6474ecc044e2ae41c0deeced700c 67966b601ed3482bad44ef025a8e5458 - - default default] Successfully bumped revision number for resource ce80bd27-919f-43fc-9c4d-bec4c8116ef0 (type: security_group_rules) to 0
2026-06-25 23:35:27.251 10 INFO neutron.db.ovn_revision_numbers_db [None req-e1c72483-5fcd-404e-99e5-f105cdd13759 24ec6474ecc044e2ae41c0deeced700c 67966b601ed3482bad44ef025a8e5458 - - default default] Successfully bumped revision number for resource e311014b-cbe6-4748-8ee5-5baccc00a105 (type: security_group_rules) to 0
2026-06-25 23:35:27.263 9 WARNING neutron_lib.context [None req-b0c7be2a-397b-49b5-bd5c-5fbea6af0755 6a09bfc23e924a26900b712bb5521d95 9261655c00ba4c4bb51817a1ad37b901 - - default default] Method 'is_advsvc' is deprecated since 2023.2 release (neutron-lib 3.8.0) and will be removed once support for the old RBAC API policies will be removed from Neutron. Please use method 'is_service_role' instead.
2026-06-25 23:35:27.269 10 INFO neutron.wsgi [None req-e1c72483-5fcd-404e-99e5-f105cdd13759 24ec6474ecc044e2ae41c0deeced700c 67966b601ed3482bad44ef025a8e5458 - - default default] 10.0.0.142 "GET /v2.0/security-groups?tenant_id=905cf535b9b74305b2f1a372be52a75e&name=default HTTP/1.1" status: 200 len: 3120 time: 0.3085907
2026-06-25 23:35:27.474 9 INFO neutron.db.ovn_revision_numbers_db [None req-b0c7be2a-397b-49b5-bd5c-5fbea6af0755 6a09bfc23e924a26900b712bb5521d95 9261655c00ba4c4bb51817a1ad37b901 - - default default] Successfully bumped revision number for resource 95452466-9225-4969-b1f1-2c8437406de9 (type: security_groups) to 1
2026-06-25 23:35:27.495 9 INFO neutron.db.ovn_revision_numbers_db [None req-b0c7be2a-397b-49b5-bd5c-5fbea6af0755 6a09bfc23e924a26900b712bb5521d95 9261655c00ba4c4bb51817a1ad37b901 - - default default] Successfully bumped revision number for resource a5692a21-cde4-46c5-ad9b-476597941dcc (type: security_group_rules) to 0
2026-06-25 23:35:27.518 9 INFO neutron.db.ovn_revision_numbers_db [None req-b0c7be2a-397b-49b5-bd5c-5fbea6af0755 6a09bfc23e924a26900b712bb5521d95 9261655c00ba4c4bb51817a1ad37b901 - - default default] Successfully bumped revision number for resource af640cc4-b18a-43ef-aa90-c1bcbd626509 (type: security_group_rules) to 0
2026-06-25 23:35:27.532 9 INFO neutron.db.ovn_revision_numbers_db [None req-b0c7be2a-397b-49b5-bd5c-5fbea6af0755 6a09bfc23e924a26900b712bb5521d95 9261655c00ba4c4bb51817a1ad37b901 - - default default] Successfully bumped revision number for resource ef197d6f-e5df-496b-a19e-63d6705fb99a (type: security_group_rules) to 0
2026-06-25 23:35:27.545 9 INFO neutron.db.ovn_revision_numbers_db [None req-b0c7be2a-397b-49b5-bd5c-5fbea6af0755 6a09bfc23e924a26900b712bb5521d95 9261655c00ba4c4bb51817a1ad37b901 - - default default] Successfully bumped revision number for resource f8756d60-9e87-4400-aa08-57d727abe406 (type: security_group_rules) to 0
2026-06-25 23:35:27.575 9 INFO neutron.wsgi [None req-47936aa2-d0af-4dd6-8024-b9965236a3d4 24ec6474ecc044e2ae41c0deeced700c 67966b601ed3482bad44ef025a8e5458 - - default default] 10.0.0.142 "DELETE /v2.0/security-groups/afa6af50-258f-4f7d-8f53-3e086cb4a754 HTTP/1.1" status: 204 len: 168 time: 0.2998970
2026-06-25 23:35:27.590 9 INFO neutron.db.segments_db [None req-b0c7be2a-397b-49b5-bd5c-5fbea6af0755 6a09bfc23e924a26900b712bb5521d95 9261655c00ba4c4bb51817a1ad37b901 - - default default] Added segment 7de6eaa9-7ef0-46d6-a5eb-28b129adee98 of type geneve for network 56a4cafb-6303-492d-9d30-8fffe953efe7
2026-06-25 23:35:27.744 9 INFO neutron.db.ovn_revision_numbers_db [None req-b0c7be2a-397b-49b5-bd5c-5fbea6af0755 6a09bfc23e924a26900b712bb5521d95 9261655c00ba4c4bb51817a1ad37b901 - - default default] Successfully bumped revision number for resource 56a4cafb-6303-492d-9d30-8fffe953efe7 (type: networks) to 1
2026-06-25 23:35:27.943 9 WARNING neutron.scheduler.dhcp_agent_scheduler [None req-b0c7be2a-397b-49b5-bd5c-5fbea6af0755 6a09bfc23e924a26900b712bb5521d95 9261655c00ba4c4bb51817a1ad37b901 - - default default] No more DHCP agents
2026-06-25 23:35:27.946 9 WARNING neutron.api.rpc.agentnotifiers.dhcp_rpc_agent_api [None req-b0c7be2a-397b-49b5-bd5c-5fbea6af0755 6a09bfc23e924a26900b712bb5521d95 9261655c00ba4c4bb51817a1ad37b901 - - default default] Unable to schedule network 56a4cafb-6303-492d-9d30-8fffe953efe7: no agents available; will retry on subsequent port and subnet creation events.
2026-06-25 23:35:28.036 9 INFO neutron.db.ovn_revision_numbers_db [None req-b0c7be2a-397b-49b5-bd5c-5fbea6af0755 6a09bfc23e924a26900b712bb5521d95 9261655c00ba4c4bb51817a1ad37b901 - - default default] Successfully bumped revision number for resource 03941794-5445-47d6-948d-aadaa8ab1eb3 (type: ports) to 1
2026-06-25 23:35:28.061 9 INFO neutron.wsgi [None req-b0c7be2a-397b-49b5-bd5c-5fbea6af0755 6a09bfc23e924a26900b712bb5521d95 9261655c00ba4c4bb51817a1ad37b901 - - default default] 10.0.0.142 "POST /v2.0/networks HTTP/1.1" status: 201 len: 832 time: 0.9226229
2026-06-25 23:35:28.073 9 WARNING neutron_lib.context [None req-2870f022-abca-49e3-9489-4dba28bfa0d1 6a09bfc23e924a26900b712bb5521d95 9261655c00ba4c4bb51817a1ad37b901 - - default default] Method 'is_advsvc' is deprecated since 2023.2 release (neutron-lib 3.8.0) and will be removed once support for the old RBAC API policies will be removed from Neutron. Please use method 'is_service_role' instead.
2026-06-25 23:35:28.367 10 INFO neutron.db.ovn_revision_numbers_db [None req-d694dfca-6332-4087-9070-ddd79e5d20f3 24ec6474ecc044e2ae41c0deeced700c 67966b601ed3482bad44ef025a8e5458 - - default default] Successfully bumped revision number for resource 6b52e942-75f1-4944-adcc-e29c002b3e48 (type: security_groups) to 1
2026-06-25 23:35:28.382 10 INFO neutron.db.ovn_revision_numbers_db [None req-d694dfca-6332-4087-9070-ddd79e5d20f3 24ec6474ecc044e2ae41c0deeced700c 67966b601ed3482bad44ef025a8e5458 - - default default] Successfully bumped revision number for resource 6d826144-596a-48b7-bf98-8154ca704972 (type: security_group_rules) to 0
2026-06-25 23:35:28.402 10 INFO neutron.db.ovn_revision_numbers_db [None req-d694dfca-6332-4087-9070-ddd79e5d20f3 24ec6474ecc044e2ae41c0deeced700c 67966b601ed3482bad44ef025a8e5458 - - default default] Successfully bumped revision number for resource 9570e270-29ab-475a-b730-eb63ccf92b6d (type: security_group_rules) to 0
2026-06-25 23:35:28.417 10 INFO neutron.db.ovn_revision_numbers_db [None req-d694dfca-6332-4087-9070-ddd79e5d20f3 24ec6474ecc044e2ae41c0deeced700c 67966b601ed3482bad44ef025a8e5458 - - default default] Successfully bumped revision number for resource bd7cc406-377f-4833-a626-0dbeee0b1eb8 (type: security_group_rules) to 0
2026-06-25 23:35:28.439 10 INFO neutron.db.ovn_revision_numbers_db [None req-d694dfca-6332-4087-9070-ddd79e5d20f3 24ec6474ecc044e2ae41c0deeced700c 67966b601ed3482bad44ef025a8e5458 - - default default] Successfully bumped revision number for resource e0bc33be-8629-426b-9096-1bf192d0fa78 (type: security_group_rules) to 0
2026-06-25 23:35:28.475 10 INFO neutron.wsgi [None req-d694dfca-6332-4087-9070-ddd79e5d20f3 24ec6474ecc044e2ae41c0deeced700c 67966b601ed3482bad44ef025a8e5458 - - default default] 10.0.0.142 "GET /v2.0/security-groups?tenant_id=234750cc13424bbf9ba72a34e5c5589c&name=default HTTP/1.1" status: 200 len: 3120 time: 0.3166831
2026-06-25 23:35:28.613 9 WARNING neutron.scheduler.dhcp_agent_scheduler [None req-2870f022-abca-49e3-9489-4dba28bfa0d1 6a09bfc23e924a26900b712bb5521d95 9261655c00ba4c4bb51817a1ad37b901 - - default default] No more DHCP agents
2026-06-25 23:35:28.615 9 WARNING neutron.api.rpc.agentnotifiers.dhcp_rpc_agent_api [None req-2870f022-abca-49e3-9489-4dba28bfa0d1 6a09bfc23e924a26900b712bb5521d95 9261655c00ba4c4bb51817a1ad37b901 - - default default] Unable to schedule network 604b617c-b2ac-48c8-a9c7-6331801b22b8: no agents available; will retry on subsequent port and subnet creation events.
2026-06-25 23:35:28.720 10 INFO neutron.wsgi [None req-2230dc67-a7ad-4a87-ae12-6412db16cd14 24ec6474ecc044e2ae41c0deeced700c 67966b601ed3482bad44ef025a8e5458 - - default default] 10.0.0.142 "DELETE /v2.0/security-groups/6b52e942-75f1-4944-adcc-e29c002b3e48 HTTP/1.1" status: 204 len: 168 time: 0.2379670
2026-06-25 23:35:28.800 9 INFO neutron.db.ovn_revision_numbers_db [None req-2870f022-abca-49e3-9489-4dba28bfa0d1 6a09bfc23e924a26900b712bb5521d95 9261655c00ba4c4bb51817a1ad37b901 - - default default] Successfully bumped revision number for resource 31bd97fc-0c03-4392-a4ce-fb3d574a6620 (type: ports) to 1
2026-06-25 23:35:29.021 10 INFO neutron.db.ovn_revision_numbers_db [None req-f214c578-e766-42c1-8428-1104d1467107 24ec6474ecc044e2ae41c0deeced700c 67966b601ed3482bad44ef025a8e5458 - - default default] Successfully bumped revision number for resource 58b2238f-df03-4f18-94c6-ecc5d4fa7bbb (type: security_groups) to 1
2026-06-25 23:35:29.037 10 INFO neutron.db.ovn_revision_numbers_db [None req-f214c578-e766-42c1-8428-1104d1467107 24ec6474ecc044e2ae41c0deeced700c 67966b601ed3482bad44ef025a8e5458 - - default default] Successfully bumped revision number for resource 3152c87f-c674-42de-ba97-40b798cbc825 (type: security_group_rules) to 0
2026-06-25 23:35:29.050 10 INFO neutron.db.ovn_revision_numbers_db [None req-f214c578-e766-42c1-8428-1104d1467107 24ec6474ecc044e2ae41c0deeced700c 67966b601ed3482bad44ef025a8e5458 - - default default] Successfully bumped revision number for resource 92cc78db-ce47-46eb-8483-ff189255f66c (type: security_group_rules) to 0
2026-06-25 23:35:29.063 10 INFO neutron.db.ovn_revision_numbers_db [None req-f214c578-e766-42c1-8428-1104d1467107 24ec6474ecc044e2ae41c0deeced700c 67966b601ed3482bad44ef025a8e5458 - - default default] Successfully bumped revision number for resource b8b4e55a-51ed-4017-ab9a-4642394b1545 (type: security_group_rules) to 0
2026-06-25 23:35:29.079 10 INFO neutron.db.ovn_revision_numbers_db [None req-f214c578-e766-42c1-8428-1104d1467107 24ec6474ecc044e2ae41c0deeced700c 67966b601ed3482bad44ef025a8e5458 - - default default] Successfully bumped revision number for resource e5a2fb06-4527-4edc-a7e0-d29303dd29f5 (type: security_group_rules) to 0
2026-06-25 23:35:29.104 10 INFO neutron.wsgi [None req-f214c578-e766-42c1-8428-1104d1467107 24ec6474ecc044e2ae41c0deeced700c 67966b601ed3482bad44ef025a8e5458 - - default default] 10.0.0.142 "GET /v2.0/security-groups?tenant_id=d5e4a381d31c43d09f51542761e10d59&name=default HTTP/1.1" status: 200 len: 3120 time: 0.2119973
2026-06-25 23:35:29.340 10 INFO neutron.wsgi [None req-8fc22087-44e7-4cb0-943c-68b2dba82ab1 24ec6474ecc044e2ae41c0deeced700c 67966b601ed3482bad44ef025a8e5458 - - default default] 10.0.0.142 "DELETE /v2.0/security-groups/58b2238f-df03-4f18-94c6-ecc5d4fa7bbb HTTP/1.1" status: 204 len: 168 time: 0.2286067
2026-06-25 23:35:29.514 9 INFO neutron.plugins.ml2.drivers.ovn.mech_driver.ovsdb.commands [None req-ea189341-ce22-432e-a519-33d961a8c801 - - - - - -] Schedule LRP lrp-31bd97fc-0c03-4392-a4ce-fb3d574a6620 on gateway aacb0e27-5e1d-4d13-b3e3-8beaeac8576a with priority 1
2026-06-25 23:35:29.533 10 INFO neutron.plugins.ml2.drivers.ovn.mech_driver.mech_driver [None req-5102223b-5601-4f82-9a59-9d60c6d602c9 - - - - - -] OVN reports status up for port: 31bd97fc-0c03-4392-a4ce-fb3d574a6620
2026-06-25 23:35:29.550 9 INFO neutron.plugins.ml2.drivers.ovn.mech_driver.ovsdb.ovsdb_monitor [None req-86b7dcb0-8b04-4f0a-9134-1b53aa96a237 - - - - - -] Router 74751ce9-0000-40fe-b46c-19fd6f26f039 is bound to host instance
2026-06-25 23:35:29.557 10 INFO neutron.plugins.ml2.plugin [None req-5102223b-5601-4f82-9a59-9d60c6d602c9 - - - - - -] Attempt 1 to provision port 31bd97fc-0c03-4392-a4ce-fb3d574a6620
2026-06-25 23:35:29.595 9 INFO neutron.db.ovn_revision_numbers_db [None req-2870f022-abca-49e3-9489-4dba28bfa0d1 6a09bfc23e924a26900b712bb5521d95 9261655c00ba4c4bb51817a1ad37b901 - - default default] Successfully bumped revision number for resource 31bd97fc-0c03-4392-a4ce-fb3d574a6620 (type: router_ports) to 1
2026-06-25 23:35:29.962 9 INFO neutron.db.ovn_revision_numbers_db [None req-2870f022-abca-49e3-9489-4dba28bfa0d1 6a09bfc23e924a26900b712bb5521d95 9261655c00ba4c4bb51817a1ad37b901 - - default default] Successfully bumped revision number for resource 74751ce9-0000-40fe-b46c-19fd6f26f039 (type: routers) to 2
2026-06-25 23:35:29.986 9 INFO neutron.wsgi [None req-2870f022-abca-49e3-9489-4dba28bfa0d1 6a09bfc23e924a26900b712bb5521d95 9261655c00ba4c4bb51817a1ad37b901 - - default default] 10.0.0.142 "POST /v2.0/routers HTTP/1.1" status: 201 len: 1154 time: 1.9176364
2026-06-25 23:35:30.197 10 INFO neutron.wsgi [None req-156bbc14-3402-4567-86a1-ebcf8461aeac 7182dafdcd10484ba28efb8a1ddf7c78 d68a6758c8c042bba6b21312b01b0e04 - - default default] 10.0.0.142 "GET /v2.0/subnets?project_id=9261655c00ba4c4bb51817a1ad37b901&cidr=10.100.0.0%2F28 HTTP/1.1" status: 200 len: 207 time: 0.2048328
2026-06-25 23:35:30.203 10 INFO neutron.db.ovn_revision_numbers_db [None req-0206a46b-6a60-4018-841d-c655e6b5ff5f 24ec6474ecc044e2ae41c0deeced700c 67966b601ed3482bad44ef025a8e5458 - - default default] Successfully bumped revision number for resource 46fe23d9-6f49-4bde-a112-5d27d90f7d2d (type: security_groups) to 1
2026-06-25 23:35:30.249 10 INFO neutron.db.ovn_revision_numbers_db [None req-0206a46b-6a60-4018-841d-c655e6b5ff5f 24ec6474ecc044e2ae41c0deeced700c 67966b601ed3482bad44ef025a8e5458 - - default default] Successfully bumped revision number for resource 7abd22e4-1696-4874-98a2-4e2cc34f27e8 (type: security_group_rules) to 0
2026-06-25 23:35:30.276 10 INFO neutron.db.ovn_revision_numbers_db [None req-0206a46b-6a60-4018-841d-c655e6b5ff5f 24ec6474ecc044e2ae41c0deeced700c 67966b601ed3482bad44ef025a8e5458 - - default default] Successfully bumped revision number for resource b34cc5ad-37e0-408d-9083-92f7a01363c8 (type: security_group_rules) to 0
2026-06-25 23:35:30.292 10 INFO neutron.wsgi [None req-a667323b-c82f-4d5a-a51e-b08b16834411 7182dafdcd10484ba28efb8a1ddf7c78 d68a6758c8c042bba6b21312b01b0e04 - - default default] 10.0.0.142 "GET /v2.0/networks?router%3Aexternal=True HTTP/1.1" status: 200 len: 947 time: 0.0878890
2026-06-25 23:35:30.305 10 INFO neutron.db.ovn_revision_numbers_db [None req-0206a46b-6a60-4018-841d-c655e6b5ff5f 24ec6474ecc044e2ae41c0deeced700c 67966b601ed3482bad44ef025a8e5458 - - default default] Successfully bumped revision number for resource b89d2a54-0ab2-4bbf-9bfa-d92543587afc (type: security_group_rules) to 0
2026-06-25 23:35:30.319 10 INFO neutron.wsgi [None req-cd45df92-7d07-4722-acec-11eb18968665 7182dafdcd10484ba28efb8a1ddf7c78 d68a6758c8c042bba6b21312b01b0e04 - - default default] 10.0.0.142 "GET /v2.0/subnets?network_id=604b617c-b2ac-48c8-a9c7-6331801b22b8&cidr=10.100.0.0%2F28 HTTP/1.1" status: 200 len: 207 time: 0.0206208
2026-06-25 23:35:30.329 10 WARNING neutron_lib.context [None req-cd3ada55-7003-4153-9b6e-a32cecd01e80 6a09bfc23e924a26900b712bb5521d95 9261655c00ba4c4bb51817a1ad37b901 - - default default] Method 'is_advsvc' is deprecated since 2023.2 release (neutron-lib 3.8.0) and will be removed once support for the old RBAC API policies will be removed from Neutron. Please use method 'is_service_role' instead.
2026-06-25 23:35:30.331 10 INFO neutron.db.ovn_revision_numbers_db [None req-0206a46b-6a60-4018-841d-c655e6b5ff5f 24ec6474ecc044e2ae41c0deeced700c 67966b601ed3482bad44ef025a8e5458 - - default default] Successfully bumped revision number for resource c4462aca-eb3c-4635-8598-b1829537f47f (type: security_group_rules) to 0
2026-06-25 23:35:30.367 10 INFO neutron.wsgi [None req-0206a46b-6a60-4018-841d-c655e6b5ff5f 24ec6474ecc044e2ae41c0deeced700c 67966b601ed3482bad44ef025a8e5458 - - default default] 10.0.0.142 "GET /v2.0/security-groups?tenant_id=30c7548fd8444749a2087b5a77965007&name=default HTTP/1.1" status: 200 len: 3120 time: 0.4084947
2026-06-25 23:35:30.637 10 WARNING neutron.scheduler.dhcp_agent_scheduler [None req-cd3ada55-7003-4153-9b6e-a32cecd01e80 6a09bfc23e924a26900b712bb5521d95 9261655c00ba4c4bb51817a1ad37b901 - - default default] No more DHCP agents
2026-06-25 23:35:30.641 10 WARNING neutron.api.rpc.agentnotifiers.dhcp_rpc_agent_api [None req-cd3ada55-7003-4153-9b6e-a32cecd01e80 6a09bfc23e924a26900b712bb5521d95 9261655c00ba4c4bb51817a1ad37b901 - - default default] Unable to schedule network 56a4cafb-6303-492d-9d30-8fffe953efe7: no agents available; will retry on subsequent port and subnet creation events.
2026-06-25 23:35:30.675 9 INFO neutron.db.ovn_revision_numbers_db [None req-86b7dcb0-8b04-4f0a-9134-1b53aa96a237 - - - - - -] Successfully bumped revision number for resource 31bd97fc-0c03-4392-a4ce-fb3d574a6620 (type: ports) to 1
2026-06-25 23:35:30.712 10 INFO neutron.wsgi [None req-4e92d1f4-898a-46fd-aa31-0c116eb7ef30 24ec6474ecc044e2ae41c0deeced700c 67966b601ed3482bad44ef025a8e5458 - - default default] 10.0.0.142 "DELETE /v2.0/security-groups/46fe23d9-6f49-4bde-a112-5d27d90f7d2d HTTP/1.1" status: 204 len: 168 time: 0.3363390
2026-06-25 23:35:31.036 9 INFO neutron.db.ovn_revision_numbers_db [None req-86b7dcb0-8b04-4f0a-9134-1b53aa96a237 - - - - - -] Successfully bumped revision number for resource 31bd97fc-0c03-4392-a4ce-fb3d574a6620 (type: router_ports) to 3
2026-06-25 23:35:31.238 10 INFO neutron.db.ovn_revision_numbers_db [None req-cd3ada55-7003-4153-9b6e-a32cecd01e80 6a09bfc23e924a26900b712bb5521d95 9261655c00ba4c4bb51817a1ad37b901 - - default default] Successfully bumped revision number for resource 03941794-5445-47d6-948d-aadaa8ab1eb3 (type: ports) to 2
2026-06-25 23:35:31.265 9 INFO neutron.db.ovn_revision_numbers_db [None req-86b7dcb0-8b04-4f0a-9134-1b53aa96a237 - - - - - -] Successfully bumped revision number for resource 31bd97fc-0c03-4392-a4ce-fb3d574a6620 (type: ports) to 2
2026-06-25 23:35:31.275 10 INFO neutron.db.ovn_revision_numbers_db [None req-692cc6b2-120c-4466-877c-c743af3bfd95 24ec6474ecc044e2ae41c0deeced700c 67966b601ed3482bad44ef025a8e5458 - - default default] Successfully bumped revision number for resource c1f4a232-d943-49f4-bb86-231eb833e68f (type: security_groups) to 1
2026-06-25 23:35:31.277 10 INFO neutron.db.ovn_revision_numbers_db [None req-cd3ada55-7003-4153-9b6e-a32cecd01e80 6a09bfc23e924a26900b712bb5521d95 9261655c00ba4c4bb51817a1ad37b901 - - default default] Successfully bumped revision number for resource a34999ef-6f15-4902-8b88-020dd826d626 (type: subnets) to 0
2026-06-25 23:35:31.296 10 INFO neutron.wsgi [None req-cd3ada55-7003-4153-9b6e-a32cecd01e80 6a09bfc23e924a26900b712bb5521d95 9261655c00ba4c4bb51817a1ad37b901 - - default default] 10.0.0.142 "POST /v2.0/subnets HTTP/1.1" status: 201 len: 831 time: 0.9714870
2026-06-25 23:35:31.297 10 INFO neutron.db.ovn_revision_numbers_db [None req-692cc6b2-120c-4466-877c-c743af3bfd95 24ec6474ecc044e2ae41c0deeced700c 67966b601ed3482bad44ef025a8e5458 - - default default] Successfully bumped revision number for resource 0ce4bf48-3bf1-4508-a7b3-9c2bf2408462 (type: security_group_rules) to 0
2026-06-25 23:35:31.311 10 INFO neutron.db.ovn_revision_numbers_db [None req-692cc6b2-120c-4466-877c-c743af3bfd95 24ec6474ecc044e2ae41c0deeced700c 67966b601ed3482bad44ef025a8e5458 - - default default] Successfully bumped revision number for resource 4a7b02d4-f2f4-413e-9cc2-a3428519dc94 (type: security_group_rules) to 0
2026-06-25 23:35:31.326 10 INFO neutron.db.ovn_revision_numbers_db [None req-692cc6b2-120c-4466-877c-c743af3bfd95 24ec6474ecc044e2ae41c0deeced700c 67966b601ed3482bad44ef025a8e5458 - - default default] Successfully bumped revision number for resource a27b1e2e-19cf-4510-8838-7fa611d0cd59 (type: security_group_rules) to 0
2026-06-25 23:35:31.342 10 INFO neutron.db.ovn_revision_numbers_db [None req-692cc6b2-120c-4466-877c-c743af3bfd95 24ec6474ecc044e2ae41c0deeced700c 67966b601ed3482bad44ef025a8e5458 - - default default] Successfully bumped revision number for resource fdad1f73-3e3d-4349-87f7-d311991b5019 (type: security_group_rules) to 0
2026-06-25 23:35:31.365 10 INFO neutron.wsgi [None req-692cc6b2-120c-4466-877c-c743af3bfd95 24ec6474ecc044e2ae41c0deeced700c 67966b601ed3482bad44ef025a8e5458 - - default default] 10.0.0.142 "GET /v2.0/security-groups?tenant_id=f1a2f037c40843699d293e840b41e2bd&name=default HTTP/1.1" status: 200 len: 3120 time: 0.3610845
2026-06-25 23:35:31.845 9 INFO neutron.wsgi [None req-2cca205c-7f44-4385-aba1-5917c7c0a87c 24ec6474ecc044e2ae41c0deeced700c 67966b601ed3482bad44ef025a8e5458 - - default default] 10.0.0.142 "DELETE /v2.0/security-groups/c1f4a232-d943-49f4-bb86-231eb833e68f HTTP/1.1" status: 204 len: 168 time: 0.4734969
2026-06-25 23:35:31.898 9 INFO neutron.db.ovn_revision_numbers_db [None req-86b7dcb0-8b04-4f0a-9134-1b53aa96a237 - - - - - -] Successfully bumped revision number for resource 31bd97fc-0c03-4392-a4ce-fb3d574a6620 (type: ports) to 4
2026-06-25 23:35:32.436 9 WARNING neutron.scheduler.dhcp_agent_scheduler [None req-12005f8b-7dca-44e3-92b8-9b73050a8ad6 6a09bfc23e924a26900b712bb5521d95 9261655c00ba4c4bb51817a1ad37b901 - - default default] No more DHCP agents
2026-06-25 23:35:32.438 9 WARNING neutron.api.rpc.agentnotifiers.dhcp_rpc_agent_api [None req-12005f8b-7dca-44e3-92b8-9b73050a8ad6 6a09bfc23e924a26900b712bb5521d95 9261655c00ba4c4bb51817a1ad37b901 - - default default] Unable to schedule network 56a4cafb-6303-492d-9d30-8fffe953efe7: no agents available; will retry on subsequent port and subnet creation events.
2026-06-25 23:35:32.449 9 INFO neutron.db.ovn_revision_numbers_db [None req-86b7dcb0-8b04-4f0a-9134-1b53aa96a237 - - - - - -] Successfully bumped revision number for resource 31bd97fc-0c03-4392-a4ce-fb3d574a6620 (type: router_ports) to 4
2026-06-25 23:35:32.635 9 INFO neutron.db.ovn_revision_numbers_db [None req-12005f8b-7dca-44e3-92b8-9b73050a8ad6 6a09bfc23e924a26900b712bb5521d95 9261655c00ba4c4bb51817a1ad37b901 - - default default] Successfully bumped revision number for resource 18129796-052f-4920-a5d4-e080a2dc2288 (type: ports) to 1
2026-06-25 23:35:32.744 10 INFO neutron.db.ovn_revision_numbers_db [None req-e8193356-b4b7-41f0-aa60-6b7b7494d581 24ec6474ecc044e2ae41c0deeced700c 67966b601ed3482bad44ef025a8e5458 - - default default] Successfully bumped revision number for resource a87951af-e3f8-4247-9419-2934a090e6ea (type: security_groups) to 1
2026-06-25 23:35:32.765 10 INFO neutron.db.ovn_revision_numbers_db [None req-e8193356-b4b7-41f0-aa60-6b7b7494d581 24ec6474ecc044e2ae41c0deeced700c 67966b601ed3482bad44ef025a8e5458 - - default default] Successfully bumped revision number for resource 11a20a8e-506e-49a1-bb7a-b0ffe0fd2a05 (type: security_group_rules) to 0
2026-06-25 23:35:32.787 10 INFO neutron.db.ovn_revision_numbers_db [None req-e8193356-b4b7-41f0-aa60-6b7b7494d581 24ec6474ecc044e2ae41c0deeced700c 67966b601ed3482bad44ef025a8e5458 - - default default] Successfully bumped revision number for resource 14f46adf-1a38-4918-ab38-ad610abbd72d (type: security_group_rules) to 0
2026-06-25 23:35:32.806 10 INFO neutron.db.ovn_revision_numbers_db [None req-e8193356-b4b7-41f0-aa60-6b7b7494d581 24ec6474ecc044e2ae41c0deeced700c 67966b601ed3482bad44ef025a8e5458 - - default default] Successfully bumped revision number for resource 84ef33d3-35d9-447d-a8af-9edc9db80380 (type: security_group_rules) to 0
2026-06-25 23:35:32.820 10 INFO neutron.db.ovn_revision_numbers_db [None req-e8193356-b4b7-41f0-aa60-6b7b7494d581 24ec6474ecc044e2ae41c0deeced700c 67966b601ed3482bad44ef025a8e5458 - - default default] Successfully bumped revision number for resource dac4b7df-57e3-42f0-ae18-b7bccda87935 (type: security_group_rules) to 0
2026-06-25 23:35:32.874 10 INFO neutron.db.segments_db [None req-e8193356-b4b7-41f0-aa60-6b7b7494d581 24ec6474ecc044e2ae41c0deeced700c 67966b601ed3482bad44ef025a8e5458 - - default default] Added segment 75a90596-ceb9-4ffa-974d-2008a693979e of type geneve for network 81a26c7f-bde3-4047-8066-79cddb19116a
2026-06-25 23:35:33.021 10 INFO neutron.db.ovn_revision_numbers_db [None req-e8193356-b4b7-41f0-aa60-6b7b7494d581 24ec6474ecc044e2ae41c0deeced700c 67966b601ed3482bad44ef025a8e5458 - - default default] Successfully bumped revision number for resource 81a26c7f-bde3-4047-8066-79cddb19116a (type: networks) to 1
2026-06-25 23:35:33.213 10 WARNING neutron.scheduler.dhcp_agent_scheduler [None req-e8193356-b4b7-41f0-aa60-6b7b7494d581 24ec6474ecc044e2ae41c0deeced700c 67966b601ed3482bad44ef025a8e5458 - - default default] No more DHCP agents
2026-06-25 23:35:33.216 10 WARNING neutron.api.rpc.agentnotifiers.dhcp_rpc_agent_api [None req-e8193356-b4b7-41f0-aa60-6b7b7494d581 24ec6474ecc044e2ae41c0deeced700c 67966b601ed3482bad44ef025a8e5458 - - default default] Unable to schedule network 81a26c7f-bde3-4047-8066-79cddb19116a: no agents available; will retry on subsequent port and subnet creation events.
2026-06-25 23:35:33.309 10 INFO neutron.db.ovn_revision_numbers_db [None req-e8193356-b4b7-41f0-aa60-6b7b7494d581 24ec6474ecc044e2ae41c0deeced700c 67966b601ed3482bad44ef025a8e5458 - - default default] Successfully bumped revision number for resource ffe12f46-aa32-4b41-92fd-c95c94e23ea8 (type: ports) to 1
2026-06-25 23:35:33.332 10 INFO neutron.wsgi [None req-e8193356-b4b7-41f0-aa60-6b7b7494d581 24ec6474ecc044e2ae41c0deeced700c 67966b601ed3482bad44ef025a8e5458 - - default default] 10.0.0.142 "POST /v2.0/networks HTTP/1.1" status: 201 len: 943 time: 0.8823626
2026-06-25 23:35:33.336 9 ERROR ovsdbapp.backend.ovs_idl.command [None req-12005f8b-7dca-44e3-92b8-9b73050a8ad6 6a09bfc23e924a26900b712bb5521d95 9261655c00ba4c4bb51817a1ad37b901 - - default default] Error executing command (DbGetCommand): ovsdbapp.backend.ovs_idl.idlutils.RowNotFound: Cannot find Logical_Router_Port with name=lrp-18129796-052f-4920-a5d4-e080a2dc2288
2026-06-25 23:35:33.336 9 ERROR ovsdbapp.backend.ovs_idl.command
Traceback (most recent call last):
2026-06-25 23:35:33.336 9 ERROR ovsdbapp.backend.ovs_idl.command
File "/var/lib/openstack/lib/python3.10/site-packages/ovsdbapp/backend/ovs_idl/command.py", line 47, in execute
2026-06-25 23:35:33.336 9 ERROR ovsdbapp.backend.ovs_idl.command self.run_idl(None)
2026-06-25 23:35:33.336 9 ERROR ovsdbapp.backend.ovs_idl.command
File "/var/lib/openstack/lib/python3.10/site-packages/ovsdbapp/backend/ovs_idl/command.py", line 235, in run_idl
2026-06-25 23:35:33.336 9 ERROR ovsdbapp.backend.ovs_idl.command record = self.api.lookup(self.table, self.record)
2026-06-25 23:35:33.336 9 ERROR ovsdbapp.backend.ovs_idl.command
File "/var/lib/openstack/lib/python3.10/site-packages/ovsdbapp/backend/ovs_idl/__init__.py", line 184, in lookup
2026-06-25 23:35:33.336 9 ERROR ovsdbapp.backend.ovs_idl.command return self._lookup(table, record)
2026-06-25 23:35:33.336 9 ERROR ovsdbapp.backend.ovs_idl.command
File "/var/lib/openstack/lib/python3.10/site-packages/ovsdbapp/backend/ovs_idl/__init__.py", line 235, in _lookup
2026-06-25 23:35:33.336 9 ERROR ovsdbapp.backend.ovs_idl.command row = idlutils.row_by_value(self, rl.table, rl.column, record)
2026-06-25 23:35:33.336 9 ERROR ovsdbapp.backend.ovs_idl.command
File "/var/lib/openstack/lib/python3.10/site-packages/ovsdbapp/backend/ovs_idl/idlutils.py", line 114, in row_by_value
2026-06-25 23:35:33.336 9 ERROR ovsdbapp.backend.ovs_idl.command raise RowNotFound(table=table, col=column, match=match)
2026-06-25 23:35:33.336 9 ERROR ovsdbapp.backend.ovs_idl.command ovsdbapp.backend.ovs_idl.idlutils.RowNotFound: Cannot find Logical_Router_Port with name=lrp-18129796-052f-4920-a5d4-e080a2dc2288
2026-06-25 23:35:33.336 9 ERROR ovsdbapp.backend.ovs_idl.command 
2026-06-25 23:35:33.338 9 ERROR neutron_lib.callbacks.manager [None req-12005f8b-7dca-44e3-92b8-9b73050a8ad6 6a09bfc23e924a26900b712bb5521d95 9261655c00ba4c4bb51817a1ad37b901 - - default default] Error during notification for neutron.services.ovn_l3.plugin.OVNL3RouterPlugin._port_update-8778808742630 port, after_update: ovsdbapp.backend.ovs_idl.idlutils.RowNotFound: Cannot find Logical_Router_Port with name=lrp-18129796-052f-4920-a5d4-e080a2dc2288
2026-06-25 23:35:33.338 9 ERROR neutron_lib.callbacks.manager
Traceback (most recent call last):
2026-06-25 23:35:33.338 9 ERROR neutron_lib.callbacks.manager
File "/var/lib/openstack/lib/python3.10/site-packages/neutron_lib/callbacks/manager.py", line 189, in _notify_loop
