Mar 05 09:30:01.062465 np0000157851 neutron-periodic-workers[105041]: DEBUG cotyledon.oslo_config_glue [-] database.connection = **** {{(pid=105041) log_opt_values /opt/stack/data/venv/lib/python3.12/site-packages/oslo_config/cfg.py:3006}}
Mar 05 09:30:01.062518 np0000157851 neutron-periodic-workers[105041]: DEBUG cotyledon.oslo_config_glue [-] database.connection_debug = 0 {{(pid=105041) log_opt_values /opt/stack/data/venv/lib/python3.12/site-packages/oslo_config/cfg.py:3006}}
Mar 05 09:30:01.062561 np0000157851 neutron-periodic-workers[105041]: DEBUG cotyledon.oslo_config_glue [-] database.connection_parameters = {{(pid=105041) log_opt_values /opt/stack/data/venv/lib/python3.12/site-packages/oslo_config/cfg.py:3006}}
Mar 05 09:30:01.062610 np0000157851 neutron-periodic-workers[105041]: DEBUG cotyledon.oslo_config_glue [-] database.connection_recycle_time = 3600 {{(pid=105041) log_opt_values /opt/stack/data/venv/lib/python3.12/site-packages/oslo_config/cfg.py:3006}}
Mar 05 09:30:01.062653 np0000157851 neutron-periodic-workers[105041]: DEBUG cotyledon.oslo_config_glue [-] database.connection_trace = False {{(pid=105041) log_opt_values /opt/stack/data/venv/lib/python3.12/site-packages/oslo_config/cfg.py:3006}}
Mar 05 09:30:01.062687 np0000157851 neutron-periodic-workers[105041]: DEBUG cotyledon.oslo_config_glue [-] database.db_inc_retry_interval = True {{(pid=105041) log_opt_values /opt/stack/data/venv/lib/python3.12/site-packages/oslo_config/cfg.py:3006}}
Mar 05 09:30:01.062734 np0000157851 neutron-periodic-workers[105041]: DEBUG cotyledon.oslo_config_glue [-] database.db_max_retries = 20 {{(pid=105041) log_opt_values /opt/stack/data/venv/lib/python3.12/site-packages/oslo_config/cfg.py:3006}}
Mar 05 09:30:01.062777 np0000157851 neutron-periodic-workers[105041]: DEBUG cotyledon.oslo_config_glue [-] database.db_max_retry_interval = 10 {{(pid=105041) log_opt_values /opt/stack/data/venv/lib/python3.12/site-packages/oslo_config/cfg.py:3006}}
Mar 05 09:30:01.062819 np0000157851 neutron-periodic-workers[105041]: DEBUG cotyledon.oslo_config_glue [-] database.db_retry_interval = 1 {{(pid=105041) log_opt_values /opt/stack/data/venv/lib/python3.12/site-packages/oslo_config/cfg.py:3006}}
Mar 05 09:30:01.062882 np0000157851 neutron-periodic-workers[105041]: DEBUG cotyledon.oslo_config_glue [-] database.max_overflow = 50 {{(pid=105041) log_opt_values /opt/stack/data/venv/lib/python3.12/site-packages/oslo_config/cfg.py:3006}}
Mar 05 09:30:01.062926 np0000157851 neutron-periodic-workers[105041]: DEBUG cotyledon.oslo_config_glue [-] database.max_pool_size = 5 {{(pid=105041) log_opt_values /opt/stack/data/venv/lib/python3.12/site-packages/oslo_config/cfg.py:3006}}
Mar 05 09:30:01.062968 np0000157851 neutron-periodic-workers[105041]: DEBUG cotyledon.oslo_config_glue [-] database.max_retries = 10 {{(pid=105041) log_opt_values /opt/stack/data/venv/lib/python3.12/site-packages/oslo_config/cfg.py:3006}}
Mar 05 09:30:01.063011 np0000157851 neutron-periodic-workers[105041]: DEBUG cotyledon.oslo_config_glue [-] database.mysql_sql_mode = TRADITIONAL {{(pid=105041) log_opt_values /opt/stack/data/venv/lib/python3.12/site-packages/oslo_config/cfg.py:3006}}
Mar 05 09:30:01.063043 np0000157851 neutron-periodic-workers[105041]: DEBUG cotyledon.oslo_config_glue [-] database.mysql_wsrep_sync_wait = None {{(pid=105041) log_opt_values /opt/stack/data/venv/lib/python3.12/site-packages/oslo_config/cfg.py:3006}}
Mar 05 09:30:01.063087 np0000157851 neutron-periodic-workers[105041]: DEBUG cotyledon.oslo_config_glue [-] database.pool_timeout = None {{(pid=105041) log_opt_values /opt/stack/data/venv/lib/python3.12/site-packages/oslo_config/cfg.py:3006}}
Mar 05 09:30:01.063122 np0000157851 neutron-periodic-workers[105041]: DEBUG cotyledon.oslo_config_glue [-] database.retry_interval = 10 {{(pid=105041) log_opt_values /opt/stack/data/venv/lib/python3.12/site-packages/oslo_config/cfg.py:3006}}
Mar 05 09:30:01.063175 np0000157851 neutron-periodic-workers[105041]: DEBUG cotyledon.oslo_config_glue [-] database.slave_connection = **** {{(pid=105041) log_opt_values /opt/stack/data/venv/lib/python3.12/site-packages/oslo_config/cfg.py:3006}}
Mar 05 09:30:01.063217 np0000157851 neutron-periodic-workers[105041]: DEBUG cotyledon.oslo_config_glue [-] database.sqlite_synchronous = True {{(pid=105041) log_opt_values /opt/stack/data/venv/lib/python3.12/site-packages/oslo_config/cfg.py:3006}}
Mar 05 09:30:01.063267 np0000157851 neutron-periodic-workers[105041]: DEBUG cotyledon.oslo_config_glue [-] database.synchronous_reader = True {{(pid=105041) log_opt_values /opt/stack/data/venv/lib/python3.12/site-packages/oslo_config/cfg.py:3006}}
Mar 05 09:30:01.063308 np0000157851 neutron-periodic-workers[105041]: DEBUG cotyledon.oslo_config_glue [-] database.use_db_reconnect = False {{(pid=105041) log_opt_values /opt/stack/data/venv/lib/python3.12/site-packages/oslo_config/cfg.py:3006}}
Mar 05 09:30:01.063369 np0000157851 neutron-periodic-workers[105041]: DEBUG cotyledon.oslo_config_glue [-] ovn.broadcast_arps_to_all_routers = True {{(pid=105041) log_opt_values /opt/stack/data/venv/lib/python3.12/site-packages/oslo_config/cfg.py:3006}}
Mar 05 09:30:01.063418 np0000157851 neutron-periodic-workers[105041]: DEBUG cotyledon.oslo_config_glue [-] ovn.dhcp_default_lease_time = 43200 {{(pid=105041) log_opt_values /opt/stack/data/venv/lib/python3.12/site-packages/oslo_config/cfg.py:3006}}
Mar 05 09:30:01.063453 np0000157851 neutron-periodic-workers[105041]: DEBUG cotyledon.oslo_config_glue [-] ovn.disable_ovn_dhcp_for_baremetal_ports = False {{(pid=105041) log_opt_values /opt/stack/data/venv/lib/python3.12/site-packages/oslo_config/cfg.py:3006}}
Mar 05 09:30:01.063499 np0000157851 neutron-periodic-workers[105041]: DEBUG cotyledon.oslo_config_glue [-] ovn.dns_records_ovn_owned = False {{(pid=105041) log_opt_values /opt/stack/data/venv/lib/python3.12/site-packages/oslo_config/cfg.py:3006}}
Mar 05 09:30:01.063534 np0000157851 neutron-periodic-workers[105041]: DEBUG cotyledon.oslo_config_glue [-] ovn.dns_servers = [] {{(pid=105041) log_opt_values /opt/stack/data/venv/lib/python3.12/site-packages/oslo_config/cfg.py:3006}}
Mar 05 09:30:01.063580 np0000157851 neutron-periodic-workers[105041]: DEBUG cotyledon.oslo_config_glue [-] ovn.enable_distributed_floating_ip = False {{(pid=105041) log_opt_values /opt/stack/data/venv/lib/python3.12/site-packages/oslo_config/cfg.py:3006}}
Mar 05 09:30:01.063615 np0000157851 neutron-periodic-workers[105041]: DEBUG cotyledon.oslo_config_glue [-] ovn.fdb_age_threshold = 300 {{(pid=105041) log_opt_values /opt/stack/data/venv/lib/python3.12/site-packages/oslo_config/cfg.py:3006}}
Mar 05 09:30:01.063662 np0000157851 neutron-periodic-workers[105041]: DEBUG cotyledon.oslo_config_glue [-] ovn.live_migration_activation_strategy = rarp {{(pid=105041) log_opt_values /opt/stack/data/venv/lib/python3.12/site-packages/oslo_config/cfg.py:3006}}
Mar 05 09:30:01.063704 np0000157851 neutron-periodic-workers[105041]: DEBUG cotyledon.oslo_config_glue [-] ovn.localnet_learn_fdb = False {{(pid=105041) log_opt_values /opt/stack/data/venv/lib/python3.12/site-packages/oslo_config/cfg.py:3006}}
Mar 05 09:30:01.063738 np0000157851 neutron-periodic-workers[105041]: DEBUG cotyledon.oslo_config_glue [-] ovn.mac_binding_age_threshold = 300 {{(pid=105041) log_opt_values /opt/stack/data/venv/lib/python3.12/site-packages/oslo_config/cfg.py:3006}}
Mar 05 09:30:01.063785 np0000157851 neutron-periodic-workers[105041]: DEBUG cotyledon.oslo_config_glue [-] ovn.neutron_sync_mode = log {{(pid=105041) log_opt_values /opt/stack/data/venv/lib/python3.12/site-packages/oslo_config/cfg.py:3006}}
Mar 05 09:30:01.063827 np0000157851 neutron-periodic-workers[105041]: DEBUG cotyledon.oslo_config_glue [-] ovn.ovn_dhcp4_global_options = {} {{(pid=105041) log_opt_values /opt/stack/data/venv/lib/python3.12/site-packages/oslo_config/cfg.py:3006}}
Mar 05 09:30:01.063889 np0000157851 neutron-periodic-workers[105041]: DEBUG cotyledon.oslo_config_glue [-] ovn.ovn_dhcp6_global_options = {} {{(pid=105041) log_opt_values /opt/stack/data/venv/lib/python3.12/site-packages/oslo_config/cfg.py:3006}}
Mar 05 09:30:01.063933 np0000157851 neutron-periodic-workers[105041]: DEBUG cotyledon.oslo_config_glue [-] ovn.ovn_l3_scheduler = leastloaded {{(pid=105041) log_opt_values /opt/stack/data/venv/lib/python3.12/site-packages/oslo_config/cfg.py:3006}}
Mar 05 09:30:01.063972 np0000157851 neutron-periodic-workers[105041]: DEBUG cotyledon.oslo_config_glue [-] ovn.ovn_metadata_enabled = True {{(pid=105041) log_opt_values /opt/stack/data/venv/lib/python3.12/site-packages/oslo_config/cfg.py:3006}}
Mar 05 09:30:01.064027 np0000157851 neutron-periodic-workers[105041]: DEBUG cotyledon.oslo_config_glue [-] ovn.ovn_nb_ca_cert = /opt/stack/data/CA/int-ca/ca-chain.pem {{(pid=105041) log_opt_values /opt/stack/data/venv/lib/python3.12/site-packages/oslo_config/cfg.py:3006}}
Mar 05 09:30:01.064127 np0000157851 neutron-periodic-workers[105041]: DEBUG cotyledon.oslo_config_glue [-] ovn.ovn_nb_certificate = /opt/stack/data/CA/int-ca/devstack-cert.crt {{(pid=105041) log_opt_values /opt/stack/data/venv/lib/python3.12/site-packages/oslo_config/cfg.py:3006}}
Mar 05 09:30:01.064127 np0000157851 neutron-periodic-workers[105041]: DEBUG cotyledon.oslo_config_glue [-] ovn.ovn_nb_connection = ['ssl:162.253.55.209:6641'] {{(pid=105041) log_opt_values /opt/stack/data/venv/lib/python3.12/site-packages/oslo_config/cfg.py:3006}}
Mar 05 09:30:01.064187 np0000157851 neutron-periodic-workers[105041]: DEBUG cotyledon.oslo_config_glue [-] ovn.ovn_nb_private_key = /opt/stack/data/CA/int-ca/private/devstack-cert.key {{(pid=105041) log_opt_values /opt/stack/data/venv/lib/python3.12/site-packages/oslo_config/cfg.py:3006}}
Mar 05 09:30:01.064187 np0000157851 neutron-periodic-workers[105041]: DEBUG cotyledon.oslo_config_glue [-] ovn.ovn_router_indirect_snat = False {{(pid=105041) log_opt_values /opt/stack/data/venv/lib/python3.12/site-packages/oslo_config/cfg.py:3006}}
Mar 05 09:30:01.064244 np0000157851 neutron-periodic-workers[105041]: DEBUG cotyledon.oslo_config_glue [-] ovn.ovn_sb_ca_cert = /opt/stack/data/CA/int-ca/ca-chain.pem {{(pid=105041) log_opt_values /opt/stack/data/venv/lib/python3.12/site-packages/oslo_config/cfg.py:3006}}
Mar 05 09:30:01.064278 np0000157851 neutron-periodic-workers[105041]: DEBUG cotyledon.oslo_config_glue [-] ovn.ovn_sb_certificate = /opt/stack/data/CA/int-ca/devstack-cert.crt {{(pid=105041) log_opt_values /opt/stack/data/venv/lib/python3.12/site-packages/oslo_config/cfg.py:3006}}
Mar 05 09:30:01.064315 np0000157851 neutron-periodic-workers[105041]: DEBUG cotyledon.oslo_config_glue [-] ovn.ovn_sb_connection = ['ssl:162.253.55.209:6642'] {{(pid=105041) log_opt_values /opt/stack/data/venv/lib/python3.12/site-packages/oslo_config/cfg.py:3006}}
Mar 05 09:30:01.064345 np0000157851 neutron-periodic-workers[105041]: DEBUG cotyledon.oslo_config_glue [-] ovn.ovn_sb_private_key = /opt/stack/data/CA/int-ca/private/devstack-cert.key {{(pid=105041) log_opt_values /opt/stack/data/venv/lib/python3.12/site-packages/oslo_config/cfg.py:3006}}
Mar 05 09:30:01.064392 np0000157851 neutron-periodic-workers[105041]: DEBUG cotyledon.oslo_config_glue [-] ovn.ovs_create_tap = False {{(pid=105041) log_opt_values /opt/stack/data/venv/lib/python3.12/site-packages/oslo_config/cfg.py:3006}}
Mar 05 09:30:01.064434 np0000157851 neutron-periodic-workers[105041]: DEBUG cotyledon.oslo_config_glue [-] ovn.ovsdb_connection_timeout = 180 {{(pid=105041) log_opt_values /opt/stack/data/venv/lib/python3.12/site-packages/oslo_config/cfg.py:3006}}
Mar 05 09:30:01.064476 np0000157851 neutron-periodic-workers[105041]: DEBUG cotyledon.oslo_config_glue [-] ovn.ovsdb_log_level = INFO {{(pid=105041) log_opt_values /opt/stack/data/venv/lib/python3.12/site-packages/oslo_config/cfg.py:3006}}
Mar 05 09:30:01.064511 np0000157851 neutron-periodic-workers[105041]: DEBUG cotyledon.oslo_config_glue [-] ovn.ovsdb_probe_interval = 60000 {{(pid=105041) log_opt_values /opt/stack/data/venv/lib/python3.12/site-packages/oslo_config/cfg.py:3006}}
Mar 05 09:30:01.064571 np0000157851 neutron-periodic-workers[105041]: DEBUG cotyledon.oslo_config_glue [-] ovn.ovsdb_retry_max_interval = 180 {{(pid=105041) log_opt_values /opt/stack/data/venv/lib/python3.12/site-packages/oslo_config/cfg.py:3006}}
Mar 05 09:30:01.064613 np0000157851 neutron-periodic-workers[105041]: DEBUG cotyledon.oslo_config_glue [-] ovn.stateless_nat_enabled = False {{(pid=105041) log_opt_values /opt/stack/data/venv/lib/python3.12/site-packages/oslo_config/cfg.py:3006}}
Mar 05 09:30:01.064662 np0000157851 neutron-periodic-workers[105041]: DEBUG cotyledon.oslo_config_glue [-] ovn.vhost_sock_dir = /var/run/openvswitch {{(pid=105041) log_opt_values /opt/stack/data/venv/lib/python3.12/site-packages/oslo_config/cfg.py:3006}}
Mar 05 09:30:01.064716 np0000157851 neutron-periodic-workers[105041]: DEBUG cotyledon.oslo_config_glue [-] OVS.bridge_mac_table_size = 50000 {{(pid=105041) log_opt_values /opt/stack/data/venv/lib/python3.12/site-packages/oslo_config/cfg.py:3006}}
Mar 05 09:30:01.064759 np0000157851 neutron-periodic-workers[105041]: DEBUG cotyledon.oslo_config_glue [-] OVS.igmp_flood = False {{(pid=105041) log_opt_values /opt/stack/data/venv/lib/python3.12/site-packages/oslo_config/cfg.py:3006}}
Mar 05 09:30:01.064801 np0000157851 neutron-periodic-workers[105041]: DEBUG cotyledon.oslo_config_glue [-] OVS.igmp_flood_reports = True {{(pid=105041) log_opt_values /opt/stack/data/venv/lib/python3.12/site-packages/oslo_config/cfg.py:3006}}
Mar 05 09:30:01.064853 np0000157851 neutron-periodic-workers[105041]: DEBUG cotyledon.oslo_config_glue [-] OVS.igmp_flood_unregistered = False {{(pid=105041) log_opt_values /opt/stack/data/venv/lib/python3.12/site-packages/oslo_config/cfg.py:3006}}
Mar 05 09:30:01.064904 np0000157851 neutron-periodic-workers[105041]: DEBUG cotyledon.oslo_config_glue [-] OVS.igmp_snooping_enable = False {{(pid=105041) log_opt_values /opt/stack/data/venv/lib/python3.12/site-packages/oslo_config/cfg.py:3006}}
Mar 05 09:30:01.064947 np0000157851 neutron-periodic-workers[105041]: DEBUG cotyledon.oslo_config_glue [-] OVS.ovsdb_timeout = 10 {{(pid=105041) log_opt_values /opt/stack/data/venv/lib/python3.12/site-packages/oslo_config/cfg.py:3006}}
Mar 05 09:30:01.065006 np0000157851 neutron-periodic-workers[105041]: DEBUG cotyledon.oslo_config_glue [-] ovn_nb_global.fdb_removal_limit = 0 {{(pid=105041) log_opt_values /opt/stack/data/venv/lib/python3.12/site-packages/oslo_config/cfg.py:3006}}
Mar 05 09:30:01.065050 np0000157851 neutron-periodic-workers[105041]: DEBUG cotyledon.oslo_config_glue [-] ovn_nb_global.ignore_lsp_down = False {{(pid=105041) log_opt_values /opt/stack/data/venv/lib/python3.12/site-packages/oslo_config/cfg.py:3006}}
Mar 05 09:30:01.065103 np0000157851 neutron-periodic-workers[105041]: DEBUG cotyledon.oslo_config_glue [-] ovn_nb_global.mac_binding_removal_limit = 0 {{(pid=105041) log_opt_values /opt/stack/data/venv/lib/python3.12/site-packages/oslo_config/cfg.py:3006}}
Mar 05 09:30:01.065143 np0000157851 neutron-periodic-workers[105041]: DEBUG cotyledon.oslo_config_glue [-] ******************************************************************************** {{(pid=105041) log_opt_values /opt/stack/data/venv/lib/python3.12/site-packages/oslo_config/cfg.py:3013}}
Mar 05 09:30:01.065322 np0000157851 neutron-periodic-workers[105041]: DEBUG cotyledon._service_worker [-] Run service ServiceWrapper(0) [105041] {{(pid=105041) wait_forever /opt/stack/data/venv/lib/python3.12/site-packages/cotyledon/_service_worker.py:218}}
Mar 05 09:30:10.721775 np0000157851 neutron-periodic-workers[104261]: DEBUG dbcounter [-] [104261] Writing DB stats neutron:SELECT=4 {{(pid=104261) stat_writer /opt/stack/data/venv/lib/python3.12/site-packages/dbcounter.py:115}}
Mar 05 09:30:21.077862 np0000157851 neutron-periodic-workers[105041]: DEBUG oslo_db.sqlalchemy.engines [None req-cdc7662b-dd01-4aee-b1c0-69d94b567f95 None None] Parent process 104261 forked (105041) with an open database connection, which is being discarded and recreated. {{(pid=105041) checkout /opt/stack/data/venv/lib/python3.12/site-packages/oslo_db/sqlalchemy/engines.py:402}}
Mar 05 09:30:21.103889 np0000157851 neutron-periodic-workers[105041]: DEBUG dbcounter [-] [105041] Writer thread running {{(pid=105041) stat_writer /opt/stack/data/venv/lib/python3.12/site-packages/dbcounter.py:102}}
Mar 05 09:30:21.118037 np0000157851 neutron-periodic-workers[105041]: DEBUG oslo.service.backend._threading.loopingcall [None req-cdc7662b-dd01-4aee-b1c0-69d94b567f95 None None] Fixed interval looping call 'neutron.services.ovn_l3.plugin.L3_NAT_dbonly_mixin._clean_garbage' sleeping for 299.95 seconds {{(pid=105041) _run_loop /opt/stack/data/venv/lib/python3.12/site-packages/oslo_service/backend/_threading/loopingcall.py:125}}
Mar 05 09:30:31.105490 np0000157851 neutron-periodic-workers[105041]: DEBUG dbcounter [-] [105041] Writing DB stats neutron:SELECT=1 {{(pid=105041) stat_writer /opt/stack/data/venv/lib/python3.12/site-packages/dbcounter.py:115}}
Mar 05 09:30:39.055947 np0000157851 neutron-periodic-workers[105024]: DEBUG dbcounter [-] [105024] Writer thread running {{(pid=105024) stat_writer /opt/stack/data/venv/lib/python3.12/site-packages/dbcounter.py:102}}
Mar 05 09:30:39.059445 np0000157851 neutron-periodic-workers[105024]: DEBUG neutron.db.agents_db [None req-359fd3fc-274a-4453-84ed-6977e21afc47 None None] Agent healthcheck: found 0 active agents {{(pid=105024) agent_health_check /opt/stack/neutron/neutron/db/agents_db.py:317}}
Mar 05 09:30:39.059627 np0000157851 neutron-periodic-workers[105024]: DEBUG oslo.service.backend._threading.loopingcall [None req-359fd3fc-274a-4453-84ed-6977e21afc47 None None] Fixed interval looping call 'neutron.plugins.ml2.plugin.AgentDbMixin.agent_health_check' sleeping for 36.98 seconds {{(pid=105024) _run_loop /opt/stack/data/venv/lib/python3.12/site-packages/oslo_service/backend/_threading/loopingcall.py:125}}
Mar 05 09:30:46.036633 np0000157851 neutron-periodic-workers[105016]: DEBUG dbcounter [-] [105016] Writer thread running {{(pid=105016) stat_writer /opt/stack/data/venv/lib/python3.12/site-packages/dbcounter.py:102}}
Mar 05 09:30:46.045417 np0000157851 neutron-periodic-workers[105016]: DEBUG oslo.service.backend._threading.loopingcall [None req-4caa62b2-59b9-4aa7-9ed5-72272e33b596 None None] Fixed interval looping call 'neutron.plugins.ml2.plugin.DhcpAgentSchedulerDbMixin.remove_networks_from_down_agents' sleeping for 36.97 seconds {{(pid=105016) _run_loop /opt/stack/data/venv/lib/python3.12/site-packages/oslo_service/backend/_threading/loopingcall.py:125}}
Mar 05 09:30:49.056643 np0000157851 neutron-periodic-workers[105024]: DEBUG dbcounter [-] [105024] Writing DB stats neutron:SELECT=1 {{(pid=105024) stat_writer /opt/stack/data/venv/lib/python3.12/site-packages/dbcounter.py:115}}
Mar 05 09:30:56.044232 np0000157851 neutron-periodic-workers[105016]: DEBUG dbcounter [-] [105016] Writing DB stats neutron:SELECT=3 {{(pid=105016) stat_writer /opt/stack/data/venv/lib/python3.12/site-packages/dbcounter.py:115}}
Mar 05 09:31:16.046176 np0000157851 neutron-periodic-workers[105024]: DEBUG neutron.db.agents_db [None req-359fd3fc-274a-4453-84ed-6977e21afc47 None None] Agent healthcheck: found 0 active agents {{(pid=105024) agent_health_check /opt/stack/neutron/neutron/db/agents_db.py:317}}
Mar 05 09:31:16.046998 np0000157851 neutron-periodic-workers[105024]: DEBUG oslo.service.backend._threading.loopingcall [None req-359fd3fc-274a-4453-84ed-6977e21afc47 None None] Fixed interval looping call 'neutron.plugins.ml2.plugin.AgentDbMixin.agent_health_check' sleeping for 36.99 seconds {{(pid=105024) _run_loop /opt/stack/data/venv/lib/python3.12/site-packages/oslo_service/backend/_threading/loopingcall.py:125}}
Mar 05 09:31:23.026553 np0000157851 neutron-periodic-workers[105016]: DEBUG oslo.service.backend._threading.loopingcall [None req-4caa62b2-59b9-4aa7-9ed5-72272e33b596 None None] Fixed interval looping call 'neutron.plugins.ml2.plugin.DhcpAgentSchedulerDbMixin.remove_networks_from_down_agents' sleeping for 36.99 seconds {{(pid=105016) _run_loop /opt/stack/data/venv/lib/python3.12/site-packages/oslo_service/backend/_threading/loopingcall.py:125}}
Mar 05 09:31:26.044061 np0000157851 neutron-periodic-workers[105024]: DEBUG dbcounter [-] [105024] Writing DB stats neutron:SELECT=1 {{(pid=105024) stat_writer /opt/stack/data/venv/lib/python3.12/site-packages/dbcounter.py:115}}
Mar 05 09:31:33.024950 np0000157851 neutron-periodic-workers[105016]: DEBUG dbcounter [-] [105016] Writing DB stats neutron:SELECT=3 {{(pid=105016) stat_writer /opt/stack/data/venv/lib/python3.12/site-packages/dbcounter.py:115}}
Mar 05 09:31:53.043337 np0000157851 neutron-periodic-workers[105024]: DEBUG neutron.db.agents_db [None req-359fd3fc-274a-4453-84ed-6977e21afc47 None None] Agent healthcheck: found 0 active agents {{(pid=105024) agent_health_check /opt/stack/neutron/neutron/db/agents_db.py:317}}
Mar 05 09:31:53.043990 np0000157851 neutron-periodic-workers[105024]: DEBUG oslo.service.backend._threading.loopingcall [None req-359fd3fc-274a-4453-84ed-6977e21afc47 None None] Fixed interval looping call 'neutron.plugins.ml2.plugin.AgentDbMixin.agent_health_check' sleeping for 36.99 seconds {{(pid=105024) _run_loop /opt/stack/data/venv/lib/python3.12/site-packages/oslo_service/backend/_threading/loopingcall.py:125}}
Mar 05 09:32:00.026394 np0000157851 neutron-periodic-workers[105016]: DEBUG oslo.service.backend._threading.loopingcall [None req-4caa62b2-59b9-4aa7-9ed5-72272e33b596 None None] Fixed interval looping call 'neutron.plugins.ml2.plugin.DhcpAgentSchedulerDbMixin.remove_networks_from_down_agents' sleeping for 36.99 seconds {{(pid=105016) _run_loop /opt/stack/data/venv/lib/python3.12/site-packages/oslo_service/backend/_threading/loopingcall.py:125}}
Mar 05 09:32:01.068958 np0000157851 neutron-periodic-workers[105031]: DEBUG dbcounter [-] [105031] Writer thread running {{(pid=105031) stat_writer /opt/stack/data/venv/lib/python3.12/site-packages/dbcounter.py:102}}
Mar 05 09:32:01.071364 np0000157851 neutron-periodic-workers[105031]: DEBUG oslo.service.backend._threading.loopingcall [None req-77e4f2f6-d38f-4165-b94b-0abc32543a98 None None] Fixed interval looping call 'neutron.db.quota.driver_nolock.DbQuotaNoLockDriver._remove_expired_reservations' sleeping for 119.99 seconds {{(pid=105031) _run_loop /opt/stack/data/venv/lib/python3.12/site-packages/oslo_service/backend/_threading/loopingcall.py:125}}
Mar 05 09:32:03.041001 np0000157851 neutron-periodic-workers[105024]: DEBUG dbcounter [-] [105024] Writing DB stats neutron:SELECT=1 {{(pid=105024) stat_writer /opt/stack/data/venv/lib/python3.12/site-packages/dbcounter.py:115}}
Mar 05 09:32:10.025538 np0000157851 neutron-periodic-workers[105016]: DEBUG dbcounter [-] [105016] Writing DB stats neutron:SELECT=3 {{(pid=105016) stat_writer /opt/stack/data/venv/lib/python3.12/site-packages/dbcounter.py:115}}
Mar 05 09:32:11.069807 np0000157851 neutron-periodic-workers[105031]: DEBUG dbcounter [-] [105031] Writing DB stats neutron:DELETE=1 {{(pid=105031) stat_writer /opt/stack/data/venv/lib/python3.12/site-packages/dbcounter.py:115}}
Mar 05 09:32:30.040789 np0000157851 neutron-periodic-workers[105024]: DEBUG neutron.db.agents_db [None req-359fd3fc-274a-4453-84ed-6977e21afc47 None None] Agent healthcheck: found 0 active agents {{(pid=105024) agent_health_check /opt/stack/neutron/neutron/db/agents_db.py:317}}
Mar 05 09:32:30.041346 np0000157851 neutron-periodic-workers[105024]: DEBUG oslo.service.backend._threading.loopingcall [None req-359fd3fc-274a-4453-84ed-6977e21afc47 None None] Fixed interval looping call 'neutron.plugins.ml2.plugin.AgentDbMixin.agent_health_check' sleeping for 36.99 seconds {{(pid=105024) _run_loop /opt/stack/data/venv/lib/python3.12/site-packages/oslo_service/backend/_threading/loopingcall.py:125}}
Mar 05 09:32:37.027123 np0000157851 neutron-periodic-workers[105016]: DEBUG oslo.service.backend._threading.loopingcall [None req-4caa62b2-59b9-4aa7-9ed5-72272e33b596 None None] Fixed interval looping call 'neutron.plugins.ml2.plugin.DhcpAgentSchedulerDbMixin.remove_networks_from_down_agents' sleeping for 36.99 seconds {{(pid=105016) _run_loop /opt/stack/data/venv/lib/python3.12/site-packages/oslo_service/backend/_threading/loopingcall.py:125}}
Mar 05 09:32:40.038591 np0000157851 neutron-periodic-workers[105024]: DEBUG dbcounter [-] [105024] Writing DB stats neutron:SELECT=1 {{(pid=105024) stat_writer /opt/stack/data/venv/lib/python3.12/site-packages/dbcounter.py:115}}
Mar 05 09:32:47.025176 np0000157851 neutron-periodic-workers[105016]: DEBUG dbcounter [-] [105016] Writing DB stats neutron:SELECT=3 {{(pid=105016) stat_writer /opt/stack/data/venv/lib/python3.12/site-packages/dbcounter.py:115}}
Mar 05 09:33:07.038150 np0000157851 neutron-periodic-workers[105024]: DEBUG neutron.db.agents_db [None req-359fd3fc-274a-4453-84ed-6977e21afc47 None None] Agent healthcheck: found 0 active agents {{(pid=105024) agent_health_check /opt/stack/neutron/neutron/db/agents_db.py:317}}
Mar 05 09:33:07.038948 np0000157851 neutron-periodic-workers[105024]: DEBUG oslo.service.backend._threading.loopingcall [None req-359fd3fc-274a-4453-84ed-6977e21afc47 None None] Fixed interval looping call 'neutron.plugins.ml2.plugin.AgentDbMixin.agent_health_check' sleeping for 36.99 seconds {{(pid=105024) _run_loop /opt/stack/data/venv/lib/python3.12/site-packages/oslo_service/backend/_threading/loopingcall.py:125}}
Mar 05 09:33:14.027436 np0000157851 neutron-periodic-workers[105016]: DEBUG oslo.service.backend._threading.loopingcall [None req-4caa62b2-59b9-4aa7-9ed5-72272e33b596 None None] Fixed interval looping call 'neutron.plugins.ml2.plugin.DhcpAgentSchedulerDbMixin.remove_networks_from_down_agents' sleeping for 36.99 seconds {{(pid=105016) _run_loop /opt/stack/data/venv/lib/python3.12/site-packages/oslo_service/backend/_threading/loopingcall.py:125}}
Mar 05 09:33:17.035652 np0000157851 neutron-periodic-workers[105024]: DEBUG dbcounter [-] [105024] Writing DB stats neutron:SELECT=1 {{(pid=105024) stat_writer /opt/stack/data/venv/lib/python3.12/site-packages/dbcounter.py:115}}
Mar 05 09:33:24.026383 np0000157851 neutron-periodic-workers[105016]: DEBUG dbcounter [-] [105016] Writing DB stats neutron:SELECT=3 {{(pid=105016) stat_writer /opt/stack/data/venv/lib/python3.12/site-packages/dbcounter.py:115}}
Mar 05 09:33:44.034969 np0000157851 neutron-periodic-workers[105024]: DEBUG neutron.db.agents_db [None req-359fd3fc-274a-4453-84ed-6977e21afc47 None None] Agent healthcheck: found 0 active agents {{(pid=105024) agent_health_check /opt/stack/neutron/neutron/db/agents_db.py:317}}
Mar 05 09:33:44.035668 np0000157851 neutron-periodic-workers[105024]: DEBUG oslo.service.backend._threading.loopingcall [None req-359fd3fc-274a-4453-84ed-6977e21afc47 None None] Fixed interval looping call 'neutron.plugins.ml2.plugin.AgentDbMixin.agent_health_check' sleeping for 36.99 seconds {{(pid=105024) _run_loop /opt/stack/data/venv/lib/python3.12/site-packages/oslo_service/backend/_threading/loopingcall.py:125}}
Mar 05 09:33:51.026693 np0000157851 neutron-periodic-workers[105016]: DEBUG oslo.service.backend._threading.loopingcall [None req-4caa62b2-59b9-4aa7-9ed5-72272e33b596 None None] Fixed interval looping call 'neutron.plugins.ml2.plugin.DhcpAgentSchedulerDbMixin.remove_networks_from_down_agents' sleeping for 36.99 seconds {{(pid=105016) _run_loop /opt/stack/data/venv/lib/python3.12/site-packages/oslo_service/backend/_threading/loopingcall.py:125}}
Mar 05 09:33:54.034263 np0000157851 neutron-periodic-workers[105024]: DEBUG dbcounter [-] [105024] Writing DB stats neutron:SELECT=1 {{(pid=105024) stat_writer /opt/stack/data/venv/lib/python3.12/site-packages/dbcounter.py:115}}
Mar 05 09:34:01.025802 np0000157851 neutron-periodic-workers[105016]: DEBUG dbcounter [-] [105016] Writing DB stats neutron:SELECT=3 {{(pid=105016) stat_writer /opt/stack/data/venv/lib/python3.12/site-packages/dbcounter.py:115}}
Mar 05 09:34:01.067042 np0000157851 neutron-periodic-workers[105031]: DEBUG oslo.service.backend._threading.loopingcall [None req-77e4f2f6-d38f-4165-b94b-0abc32543a98 None None] Fixed interval looping call 'neutron.db.quota.driver_nolock.DbQuotaNoLockDriver._remove_expired_reservations' sleeping for 119.99 seconds {{(pid=105031) _run_loop /opt/stack/data/venv/lib/python3.12/site-packages/oslo_service/backend/_threading/loopingcall.py:125}}
Mar 05 09:34:11.065694 np0000157851 neutron-periodic-workers[105031]: DEBUG dbcounter [-] [105031] Writing DB stats neutron:DELETE=1 {{(pid=105031) stat_writer /opt/stack/data/venv/lib/python3.12/site-packages/dbcounter.py:115}}
Mar 05 09:34:21.029455 np0000157851 neutron-periodic-workers[105024]: DEBUG neutron.db.agents_db [None req-359fd3fc-274a-4453-84ed-6977e21afc47 None None] Agent healthcheck: found 0 active agents {{(pid=105024) agent_health_check /opt/stack/neutron/neutron/db/agents_db.py:317}}
Mar 05 09:34:21.030227 np0000157851 neutron-periodic-workers[105024]: DEBUG oslo.service.backend._threading.loopingcall [None req-359fd3fc-274a-4453-84ed-6977e21afc47 None None] Fixed interval looping call 'neutron.plugins.ml2.plugin.AgentDbMixin.agent_health_check' sleeping for 37.00 seconds {{(pid=105024) _run_loop /opt/stack/data/venv/lib/python3.12/site-packages/oslo_service/backend/_threading/loopingcall.py:125}}
Mar 05 09:34:28.026710 np0000157851 neutron-periodic-workers[105016]: DEBUG oslo.service.backend._threading.loopingcall [None req-4caa62b2-59b9-4aa7-9ed5-72272e33b596 None None] Fixed interval looping call 'neutron.plugins.ml2.plugin.DhcpAgentSchedulerDbMixin.remove_networks_from_down_agents' sleeping for 36.99 seconds {{(pid=105016) _run_loop /opt/stack/data/venv/lib/python3.12/site-packages/oslo_service/backend/_threading/loopingcall.py:125}}
Mar 05 09:34:31.028445 np0000157851 neutron-periodic-workers[105024]: DEBUG dbcounter [-] [105024] Writing DB stats neutron:SELECT=1 {{(pid=105024) stat_writer /opt/stack/data/venv/lib/python3.12/site-packages/dbcounter.py:115}}
Mar 05 09:34:38.024282 np0000157851 neutron-periodic-workers[105016]: DEBUG dbcounter [-] [105016] Writing DB stats neutron:SELECT=3 {{(pid=105016) stat_writer /opt/stack/data/venv/lib/python3.12/site-packages/dbcounter.py:115}}
Mar 05 09:34:58.036525 np0000157851 neutron-periodic-workers[105024]: DEBUG neutron.db.agents_db [None req-359fd3fc-274a-4453-84ed-6977e21afc47 None None] Agent healthcheck: found 0 active agents {{(pid=105024) agent_health_check /opt/stack/neutron/neutron/db/agents_db.py:317}}
Mar 05 09:34:58.037355 np0000157851 neutron-periodic-workers[105024]: DEBUG oslo.service.backend._threading.loopingcall [None req-359fd3fc-274a-4453-84ed-6977e21afc47 None None] Fixed interval looping call 'neutron.plugins.ml2.plugin.AgentDbMixin.agent_health_check' sleeping for 36.99 seconds {{(pid=105024) _run_loop /opt/stack/data/venv/lib/python3.12/site-packages/oslo_service/backend/_threading/loopingcall.py:125}}
Mar 05 09:35:05.027307 np0000157851 neutron-periodic-workers[105016]: DEBUG oslo.service.backend._threading.loopingcall [None req-4caa62b2-59b9-4aa7-9ed5-72272e33b596 None None] Fixed interval looping call 'neutron.plugins.ml2.plugin.DhcpAgentSchedulerDbMixin.remove_networks_from_down_agents' sleeping for 36.99 seconds {{(pid=105016) _run_loop /opt/stack/data/venv/lib/python3.12/site-packages/oslo_service/backend/_threading/loopingcall.py:125}}
Mar 05 09:35:08.034296 np0000157851 neutron-periodic-workers[105024]: DEBUG dbcounter [-] [105024] Writing DB stats neutron:SELECT=1 {{(pid=105024) stat_writer /opt/stack/data/venv/lib/python3.12/site-packages/dbcounter.py:115}}
Mar 05 09:35:15.026776 np0000157851 neutron-periodic-workers[105016]: DEBUG dbcounter [-] [105016] Writing DB stats neutron:SELECT=3 {{(pid=105016) stat_writer /opt/stack/data/venv/lib/python3.12/site-packages/dbcounter.py:115}}
Mar 05 09:35:21.079734 np0000157851 neutron-periodic-workers[105041]: DEBUG oslo.service.backend._threading.loopingcall [None req-cdc7662b-dd01-4aee-b1c0-69d94b567f95 None None] Fixed interval looping call 'neutron.services.ovn_l3.plugin.L3_NAT_dbonly_mixin._clean_garbage' sleeping for 299.99 seconds {{(pid=105041) _run_loop /opt/stack/data/venv/lib/python3.12/site-packages/oslo_service/backend/_threading/loopingcall.py:125}}
Mar 05 09:35:31.072178 np0000157851 neutron-periodic-workers[105041]: DEBUG dbcounter [-] [105041] Writing DB stats neutron:SELECT=1 {{(pid=105041) stat_writer /opt/stack/data/venv/lib/python3.12/site-packages/dbcounter.py:115}}
Mar 05 09:35:35.034141 np0000157851 neutron-periodic-workers[105024]: DEBUG neutron.db.agents_db [None req-359fd3fc-274a-4453-84ed-6977e21afc47 None None] Agent healthcheck: found 0 active agents {{(pid=105024) agent_health_check /opt/stack/neutron/neutron/db/agents_db.py:317}}
Mar 05 09:35:35.034894 np0000157851 neutron-periodic-workers[105024]: DEBUG oslo.service.backend._threading.loopingcall [None req-359fd3fc-274a-4453-84ed-6977e21afc47 None None] Fixed interval looping call 'neutron.plugins.ml2.plugin.AgentDbMixin.agent_health_check' sleeping for 36.99 seconds {{(pid=105024) _run_loop /opt/stack/data/venv/lib/python3.12/site-packages/oslo_service/backend/_threading/loopingcall.py:125}}
Mar 05 09:35:42.025812 np0000157851 neutron-periodic-workers[105016]: DEBUG oslo.service.backend._threading.loopingcall [None req-4caa62b2-59b9-4aa7-9ed5-72272e33b596 None None] Fixed interval looping call 'neutron.plugins.ml2.plugin.DhcpAgentSchedulerDbMixin.remove_networks_from_down_agents' sleeping for 36.99 seconds {{(pid=105016) _run_loop /opt/stack/data/venv/lib/python3.12/site-packages/oslo_service/backend/_threading/loopingcall.py:125}}
Mar 05 09:35:45.031254 np0000157851 neutron-periodic-workers[105024]: DEBUG dbcounter [-] [105024] Writing DB stats neutron:SELECT=1 {{(pid=105024) stat_writer /opt/stack/data/venv/lib/python3.12/site-packages/dbcounter.py:115}}
Mar 05 09:35:52.024855 np0000157851 neutron-periodic-workers[105016]: DEBUG dbcounter [-] [105016] Writing DB stats neutron:SELECT=3 {{(pid=105016) stat_writer /opt/stack/data/venv/lib/python3.12/site-packages/dbcounter.py:115}}
Mar 05 09:36:01.062985 np0000157851 neutron-periodic-workers[105031]: DEBUG oslo.service.backend._threading.loopingcall [None req-77e4f2f6-d38f-4165-b94b-0abc32543a98 None None] Fixed interval looping call 'neutron.db.quota.driver_nolock.DbQuotaNoLockDriver._remove_expired_reservations' sleeping for 119.99 seconds {{(pid=105031) _run_loop /opt/stack/data/venv/lib/python3.12/site-packages/oslo_service/backend/_threading/loopingcall.py:125}}
Mar 05 09:36:11.061244 np0000157851 neutron-periodic-workers[105031]: DEBUG dbcounter [-] [105031] Writing DB stats neutron:DELETE=1 {{(pid=105031) stat_writer /opt/stack/data/venv/lib/python3.12/site-packages/dbcounter.py:115}}
Mar 05 09:36:12.029831 np0000157851 neutron-periodic-workers[105024]: DEBUG neutron.db.agents_db [None req-359fd3fc-274a-4453-84ed-6977e21afc47 None None] Agent healthcheck: found 0 active agents {{(pid=105024) agent_health_check /opt/stack/neutron/neutron/db/agents_db.py:317}}
Mar 05 09:36:12.030514 np0000157851 neutron-periodic-workers[105024]: DEBUG oslo.service.backend._threading.loopingcall [None req-359fd3fc-274a-4453-84ed-6977e21afc47 None None] Fixed interval looping call 'neutron.plugins.ml2.plugin.AgentDbMixin.agent_health_check' sleeping for 36.99 seconds {{(pid=105024) _run_loop /opt/stack/data/venv/lib/python3.12/site-packages/oslo_service/backend/_threading/loopingcall.py:125}}
Mar 05 09:36:19.024771 np0000157851 neutron-periodic-workers[105016]: DEBUG oslo.service.backend._threading.loopingcall [None req-4caa62b2-59b9-4aa7-9ed5-72272e33b596 None None] Fixed interval looping call 'neutron.plugins.ml2.plugin.DhcpAgentSchedulerDbMixin.remove_networks_from_down_agents' sleeping for 36.99 seconds {{(pid=105016) _run_loop /opt/stack/data/venv/lib/python3.12/site-packages/oslo_service/backend/_threading/loopingcall.py:125}}
Mar 05 09:36:22.028160 np0000157851 neutron-periodic-workers[105024]: DEBUG dbcounter [-] [105024] Writing DB stats neutron:SELECT=1 {{(pid=105024) stat_writer /opt/stack/data/venv/lib/python3.12/site-packages/dbcounter.py:115}}
Mar 05 09:36:29.021968 np0000157851 neutron-periodic-workers[105016]: DEBUG dbcounter [-] [105016] Writing DB stats neutron:SELECT=3 {{(pid=105016) stat_writer /opt/stack/data/venv/lib/python3.12/site-packages/dbcounter.py:115}}
Mar 05 09:36:49.025520 np0000157851 neutron-periodic-workers[105024]: DEBUG neutron.db.agents_db [None req-359fd3fc-274a-4453-84ed-6977e21afc47 None None] Agent healthcheck: found 0 active agents {{(pid=105024) agent_health_check /opt/stack/neutron/neutron/db/agents_db.py:317}}
Mar 05 09:36:49.025958 np0000157851 neutron-periodic-workers[105024]: DEBUG oslo.service.backend._threading.loopingcall [None req-359fd3fc-274a-4453-84ed-6977e21afc47 None None] Fixed interval looping call 'neutron.plugins.ml2.plugin.AgentDbMixin.agent_health_check' sleeping for 36.99 seconds {{(pid=105024) _run_loop /opt/stack/data/venv/lib/python3.12/site-packages/oslo_service/backend/_threading/loopingcall.py:125}}
Mar 05 09:36:56.020610 np0000157851 neutron-periodic-workers[105016]: DEBUG oslo.service.backend._threading.loopingcall [None req-4caa62b2-59b9-4aa7-9ed5-72272e33b596 None None] Fixed interval looping call 'neutron.plugins.ml2.plugin.DhcpAgentSchedulerDbMixin.remove_networks_from_down_agents' sleeping for 36.99 seconds {{(pid=105016) _run_loop /opt/stack/data/venv/lib/python3.12/site-packages/oslo_service/backend/_threading/loopingcall.py:125}}
Mar 05 09:36:59.024397 np0000157851 neutron-periodic-workers[105024]: DEBUG dbcounter [-] [105024] Writing DB stats neutron:SELECT=1 {{(pid=105024) stat_writer /opt/stack/data/venv/lib/python3.12/site-packages/dbcounter.py:115}}
Mar 05 09:37:06.019834 np0000157851 neutron-periodic-workers[105016]: DEBUG dbcounter [-] [105016] Writing DB stats neutron:SELECT=3 {{(pid=105016) stat_writer /opt/stack/data/venv/lib/python3.12/site-packages/dbcounter.py:115}}
Mar 05 09:37:26.021468 np0000157851 neutron-periodic-workers[105024]: DEBUG neutron.db.agents_db [None req-359fd3fc-274a-4453-84ed-6977e21afc47 None None] Agent healthcheck: found 0 active agents {{(pid=105024) agent_health_check /opt/stack/neutron/neutron/db/agents_db.py:317}}
Mar 05 09:37:26.022250 np0000157851 neutron-periodic-workers[105024]: DEBUG oslo.service.backend._threading.loopingcall [None req-359fd3fc-274a-4453-84ed-6977e21afc47 None None] Fixed interval looping call 'neutron.plugins.ml2.plugin.AgentDbMixin.agent_health_check' sleeping for 36.99 seconds {{(pid=105024) _run_loop /opt/stack/data/venv/lib/python3.12/site-packages/oslo_service/backend/_threading/loopingcall.py:125}}
Mar 05 09:37:33.022077 np0000157851 neutron-periodic-workers[105016]: DEBUG oslo.service.backend._threading.loopingcall [None req-4caa62b2-59b9-4aa7-9ed5-72272e33b596 None None] Fixed interval looping call 'neutron.plugins.ml2.plugin.DhcpAgentSchedulerDbMixin.remove_networks_from_down_agents' sleeping for 36.99 seconds {{(pid=105016) _run_loop /opt/stack/data/venv/lib/python3.12/site-packages/oslo_service/backend/_threading/loopingcall.py:125}}
Mar 05 09:37:36.019592 np0000157851 neutron-periodic-workers[105024]: DEBUG dbcounter [-] [105024] Writing DB stats neutron:SELECT=1 {{(pid=105024) stat_writer /opt/stack/data/venv/lib/python3.12/site-packages/dbcounter.py:115}}
Mar 05 09:37:43.020563 np0000157851 neutron-periodic-workers[105016]: DEBUG dbcounter [-] [105016] Writing DB stats neutron:SELECT=3 {{(pid=105016) stat_writer /opt/stack/data/venv/lib/python3.12/site-packages/dbcounter.py:115}}
Mar 05 09:38:01.059487 np0000157851 neutron-periodic-workers[105031]: DEBUG oslo.service.backend._threading.loopingcall [None req-77e4f2f6-d38f-4165-b94b-0abc32543a98 None None] Fixed interval looping call 'neutron.db.quota.driver_nolock.DbQuotaNoLockDriver._remove_expired_reservations' sleeping for 119.99 seconds {{(pid=105031) _run_loop /opt/stack/data/venv/lib/python3.12/site-packages/oslo_service/backend/_threading/loopingcall.py:125}}
Mar 05 09:38:03.017617 np0000157851 neutron-periodic-workers[105024]: DEBUG neutron.db.agents_db [None req-359fd3fc-274a-4453-84ed-6977e21afc47 None None] Agent healthcheck: found 0 active agents {{(pid=105024) agent_health_check /opt/stack/neutron/neutron/db/agents_db.py:317}}
Mar 05 09:38:03.018450 np0000157851 neutron-periodic-workers[105024]: DEBUG oslo.service.backend._threading.loopingcall [None req-359fd3fc-274a-4453-84ed-6977e21afc47 None None] Fixed interval looping call 'neutron.plugins.ml2.plugin.AgentDbMixin.agent_health_check' sleeping for 36.99 seconds {{(pid=105024) _run_loop /opt/stack/data/venv/lib/python3.12/site-packages/oslo_service/backend/_threading/loopingcall.py:125}}
Mar 05 09:38:10.024198 np0000157851 neutron-periodic-workers[105016]: DEBUG oslo.service.backend._threading.loopingcall [None req-4caa62b2-59b9-4aa7-9ed5-72272e33b596 None None] Fixed interval looping call 'neutron.plugins.ml2.plugin.DhcpAgentSchedulerDbMixin.remove_networks_from_down_agents' sleeping for 36.99 seconds {{(pid=105016) _run_loop /opt/stack/data/venv/lib/python3.12/site-packages/oslo_service/backend/_threading/loopingcall.py:125}}
Mar 05 09:38:11.057141 np0000157851 neutron-periodic-workers[105031]: DEBUG dbcounter [-] [105031] Writing DB stats neutron:DELETE=1 {{(pid=105031) stat_writer /opt/stack/data/venv/lib/python3.12/site-packages/dbcounter.py:115}}
Mar 05 09:38:13.016362 np0000157851 neutron-periodic-workers[105024]: DEBUG dbcounter [-] [105024] Writing DB stats neutron:SELECT=1 {{(pid=105024) stat_writer /opt/stack/data/venv/lib/python3.12/site-packages/dbcounter.py:115}}
Mar 05 09:38:20.021674 np0000157851 neutron-periodic-workers[105016]: DEBUG dbcounter [-] [105016] Writing DB stats neutron:SELECT=3 {{(pid=105016) stat_writer /opt/stack/data/venv/lib/python3.12/site-packages/dbcounter.py:115}}
Mar 05 09:38:40.013608 np0000157851 neutron-periodic-workers[105024]: DEBUG neutron.db.agents_db [None req-359fd3fc-274a-4453-84ed-6977e21afc47 None None] Agent healthcheck: found 0 active agents {{(pid=105024) agent_health_check /opt/stack/neutron/neutron/db/agents_db.py:317}}
Mar 05 09:38:40.014075 np0000157851 neutron-periodic-workers[105024]: DEBUG oslo.service.backend._threading.loopingcall [None req-359fd3fc-274a-4453-84ed-6977e21afc47 None None] Fixed interval looping call 'neutron.plugins.ml2.plugin.AgentDbMixin.agent_health_check' sleeping for 36.99 seconds {{(pid=105024) _run_loop /opt/stack/data/venv/lib/python3.12/site-packages/oslo_service/backend/_threading/loopingcall.py:125}}
Mar 05 09:38:47.022599 np0000157851 neutron-periodic-workers[105016]: DEBUG oslo.service.backend._threading.loopingcall [None req-4caa62b2-59b9-4aa7-9ed5-72272e33b596 None None] Fixed interval looping call 'neutron.plugins.ml2.plugin.DhcpAgentSchedulerDbMixin.remove_networks_from_down_agents' sleeping for 36.99 seconds {{(pid=105016) _run_loop /opt/stack/data/venv/lib/python3.12/site-packages/oslo_service/backend/_threading/loopingcall.py:125}}
Mar 05 09:38:50.012351 np0000157851 neutron-periodic-workers[105024]: DEBUG dbcounter [-] [105024] Writing DB stats neutron:SELECT=1 {{(pid=105024) stat_writer /opt/stack/data/venv/lib/python3.12/site-packages/dbcounter.py:115}}
Mar 05 09:38:57.022266 np0000157851 neutron-periodic-workers[105016]: DEBUG dbcounter [-] [105016] Writing DB stats neutron:SELECT=3 {{(pid=105016) stat_writer /opt/stack/data/venv/lib/python3.12/site-packages/dbcounter.py:115}}
Mar 05 09:39:17.007074 np0000157851 neutron-periodic-workers[105024]: DEBUG neutron.db.agents_db [None req-359fd3fc-274a-4453-84ed-6977e21afc47 None None] Agent healthcheck: found 0 active agents {{(pid=105024) agent_health_check /opt/stack/neutron/neutron/db/agents_db.py:317}}
Mar 05 09:39:17.007699 np0000157851 neutron-periodic-workers[105024]: DEBUG oslo.service.backend._threading.loopingcall [None req-359fd3fc-274a-4453-84ed-6977e21afc47 None None] Fixed interval looping call 'neutron.plugins.ml2.plugin.AgentDbMixin.agent_health_check' sleeping for 37.00 seconds {{(pid=105024) _run_loop /opt/stack/data/venv/lib/python3.12/site-packages/oslo_service/backend/_threading/loopingcall.py:125}}
Mar 05 09:39:24.019526 np0000157851 neutron-periodic-workers[105016]: DEBUG oslo.service.backend._threading.loopingcall [None req-4caa62b2-59b9-4aa7-9ed5-72272e33b596 None None] Fixed interval looping call 'neutron.plugins.ml2.plugin.DhcpAgentSchedulerDbMixin.remove_networks_from_down_agents' sleeping for 36.99 seconds {{(pid=105016) _run_loop /opt/stack/data/venv/lib/python3.12/site-packages/oslo_service/backend/_threading/loopingcall.py:125}}
Mar 05 09:39:27.006303 np0000157851 neutron-periodic-workers[105024]: DEBUG dbcounter [-] [105024] Writing DB stats neutron:SELECT=1 {{(pid=105024) stat_writer /opt/stack/data/venv/lib/python3.12/site-packages/dbcounter.py:115}}
Mar 05 09:39:34.019197 np0000157851 neutron-periodic-workers[105016]: DEBUG dbcounter [-] [105016] Writing DB stats neutron:SELECT=3 {{(pid=105016) stat_writer /opt/stack/data/venv/lib/python3.12/site-packages/dbcounter.py:115}}
Mar 05 09:39:54.013343 np0000157851 neutron-periodic-workers[105024]: DEBUG neutron.db.agents_db [None req-359fd3fc-274a-4453-84ed-6977e21afc47 None None] Agent healthcheck: found 0 active agents {{(pid=105024) agent_health_check /opt/stack/neutron/neutron/db/agents_db.py:317}}
Mar 05 09:39:54.014322 np0000157851 neutron-periodic-workers[105024]: DEBUG oslo.service.backend._threading.loopingcall [None req-359fd3fc-274a-4453-84ed-6977e21afc47 None None] Fixed interval looping call 'neutron.plugins.ml2.plugin.AgentDbMixin.agent_health_check' sleeping for 36.99 seconds {{(pid=105024) _run_loop /opt/stack/data/venv/lib/python3.12/site-packages/oslo_service/backend/_threading/loopingcall.py:125}}
Mar 05 09:40:01.016470 np0000157851 neutron-periodic-workers[105016]: DEBUG oslo.service.backend._threading.loopingcall [None req-4caa62b2-59b9-4aa7-9ed5-72272e33b596 None None] Fixed interval looping call 'neutron.plugins.ml2.plugin.DhcpAgentSchedulerDbMixin.remove_networks_from_down_agents' sleeping for 36.99 seconds {{(pid=105016) _run_loop /opt/stack/data/venv/lib/python3.12/site-packages/oslo_service/backend/_threading/loopingcall.py:125}}
Mar 05 09:40:01.053712 np0000157851 neutron-periodic-workers[105031]: DEBUG oslo.service.backend._threading.loopingcall [None req-77e4f2f6-d38f-4165-b94b-0abc32543a98 None None] Fixed interval looping call 'neutron.db.quota.driver_nolock.DbQuotaNoLockDriver._remove_expired_reservations' sleeping for 120.00 seconds {{(pid=105031) _run_loop /opt/stack/data/venv/lib/python3.12/site-packages/oslo_service/backend/_threading/loopingcall.py:125}}
Mar 05 09:40:04.011603 np0000157851 neutron-periodic-workers[105024]: DEBUG dbcounter [-] [105024] Writing DB stats neutron:SELECT=1 {{(pid=105024) stat_writer /opt/stack/data/venv/lib/python3.12/site-packages/dbcounter.py:115}}
Mar 05 09:40:11.015780 np0000157851 neutron-periodic-workers[105016]: DEBUG dbcounter [-] [105016] Writing DB stats neutron:SELECT=3 {{(pid=105016) stat_writer /opt/stack/data/venv/lib/python3.12/site-packages/dbcounter.py:115}}
Mar 05 09:40:11.052697 np0000157851 neutron-periodic-workers[105031]: DEBUG dbcounter [-] [105031] Writing DB stats neutron:DELETE=1 {{(pid=105031) stat_writer /opt/stack/data/venv/lib/python3.12/site-packages/dbcounter.py:115}}
Mar 05 09:40:21.080181 np0000157851 neutron-periodic-workers[105041]: DEBUG oslo.service.backend._threading.loopingcall [None req-cdc7662b-dd01-4aee-b1c0-69d94b567f95 None None] Fixed interval looping call 'neutron.services.ovn_l3.plugin.L3_NAT_dbonly_mixin._clean_garbage' sleeping for 299.99 seconds {{(pid=105041) _run_loop /opt/stack/data/venv/lib/python3.12/site-packages/oslo_service/backend/_threading/loopingcall.py:125}}
Mar 05 09:40:31.009962 np0000157851 neutron-periodic-workers[105024]: DEBUG neutron.db.agents_db [None req-359fd3fc-274a-4453-84ed-6977e21afc47 None None] Agent healthcheck: found 0 active agents {{(pid=105024) agent_health_check /opt/stack/neutron/neutron/db/agents_db.py:317}}
Mar 05 09:40:31.010559 np0000157851 neutron-periodic-workers[105024]: DEBUG oslo.service.backend._threading.loopingcall [None req-359fd3fc-274a-4453-84ed-6977e21afc47 None None] Fixed interval looping call 'neutron.plugins.ml2.plugin.AgentDbMixin.agent_health_check' sleeping for 36.99 seconds {{(pid=105024) _run_loop /opt/stack/data/venv/lib/python3.12/site-packages/oslo_service/backend/_threading/loopingcall.py:125}}
Mar 05 09:40:31.074055 np0000157851 neutron-periodic-workers[105041]: DEBUG dbcounter [-] [105041] Writing DB stats neutron:SELECT=1 {{(pid=105041) stat_writer /opt/stack/data/venv/lib/python3.12/site-packages/dbcounter.py:115}}
Mar 05 09:40:38.017182 np0000157851 neutron-periodic-workers[105016]: DEBUG oslo.service.backend._threading.loopingcall [None req-4caa62b2-59b9-4aa7-9ed5-72272e33b596 None None] Fixed interval looping call 'neutron.plugins.ml2.plugin.DhcpAgentSchedulerDbMixin.remove_networks_from_down_agents' sleeping for 36.99 seconds {{(pid=105016) _run_loop /opt/stack/data/venv/lib/python3.12/site-packages/oslo_service/backend/_threading/loopingcall.py:125}}
Mar 05 09:40:41.008083 np0000157851 neutron-periodic-workers[105024]: DEBUG dbcounter [-] [105024] Writing DB stats neutron:SELECT=1 {{(pid=105024) stat_writer /opt/stack/data/venv/lib/python3.12/site-packages/dbcounter.py:115}}
Mar 05 09:40:48.015985 np0000157851 neutron-periodic-workers[105016]: DEBUG dbcounter [-] [105016] Writing DB stats neutron:SELECT=3 {{(pid=105016) stat_writer /opt/stack/data/venv/lib/python3.12/site-packages/dbcounter.py:115}}
