Mar 05 09:30:00.786220 np0000157851 devstack@neutron-api.service[103278]: DEBUG ovsdbapp.backend.ovs_idl [None req-ad0f342c-751c-4bac-b48d-f406b3a5a634 None None] Created schema index Chassis_Template_Var.chassis {{(pid=103278) autocreate_indices /opt/stack/data/venv/lib/python3.12/site-packages/ovsdbapp/backend/ovs_idl/__init__.py:106}}
Mar 05 09:30:00.786314 np0000157851 devstack@neutron-api.service[103278]: DEBUG ovsdbapp.backend.ovs_idl [None req-ad0f342c-751c-4bac-b48d-f406b3a5a634 None None] Created schema index Logical_Router_Port.name {{(pid=103278) autocreate_indices /opt/stack/data/venv/lib/python3.12/site-packages/ovsdbapp/backend/ovs_idl/__init__.py:106}}
Mar 05 09:30:00.786409 np0000157851 devstack@neutron-api.service[103278]: DEBUG ovsdbapp.backend.ovs_idl [None req-ad0f342c-751c-4bac-b48d-f406b3a5a634 None None] Created schema index Port_Group.name {{(pid=103278) autocreate_indices /opt/stack/data/venv/lib/python3.12/site-packages/ovsdbapp/backend/ovs_idl/__init__.py:106}}
Mar 05 09:30:00.786495 np0000157851 devstack@neutron-api.service[103278]: DEBUG ovsdbapp.backend.ovs_idl [None req-ad0f342c-751c-4bac-b48d-f406b3a5a634 None None] Created schema index Logical_Switch_Port.name {{(pid=103278) autocreate_indices /opt/stack/data/venv/lib/python3.12/site-packages/ovsdbapp/backend/ovs_idl/__init__.py:106}}
Mar 05 09:30:00.789939 np0000157851 devstack@neutron-api.service[103278]: INFO ovsdbapp.backend.ovs_idl.vlog [None req-ad0f342c-751c-4bac-b48d-f406b3a5a634 None None] ssl:162.253.55.209:6641: connecting...
Mar 05 09:30:00.796057 np0000157851 devstack@neutron-api.service[103278]: INFO ovsdbapp.backend.ovs_idl.vlog [None req-ad0f342c-751c-4bac-b48d-f406b3a5a634 None None] ssl:162.253.55.209:6641: connected
Mar 05 09:30:00.811920 np0000157851 devstack@neutron-api.service[103277]: DEBUG neutron.common.ovn.hash_ring_manager [None req-f60c8e9e-8863-430f-befe-688e6c791fab None None] Allow caching, nodes 4>=4 {{(pid=103277) _wait_startup_before_caching /opt/stack/neutron/neutron/common/ovn/hash_ring_manager.py:65}}
Mar 05 09:30:00.812084 np0000157851 devstack@neutron-api.service[103279]: DEBUG neutron.common.ovn.hash_ring_manager [None req-1a2fb780-44ce-4e5e-a054-f1929274208b None None] Allow caching, nodes 4>=4 {{(pid=103279) _wait_startup_before_caching /opt/stack/neutron/neutron/common/ovn/hash_ring_manager.py:65}}
Mar 05 09:30:00.817961 np0000157851 devstack@neutron-api.service[103277]: DEBUG neutron.common.ovn.hash_ring_manager [None req-f60c8e9e-8863-430f-befe-688e6c791fab None None] Hash Ring loaded. 4 active nodes. 0 offline nodes {{(pid=103277) _load_hash_ring /opt/stack/neutron/neutron/common/ovn/hash_ring_manager.py:102}}
Mar 05 09:30:00.818139 np0000157851 devstack@neutron-api.service[103277]: DEBUG neutron.plugins.ml2.drivers.ovn.mech_driver.ovsdb.ovsdb_monitor [None req-f60c8e9e-8863-430f-befe-688e6c791fab None None] Hash Ring: Node 34104a9e66b75d75a9c94d5e3ec4ccb9 (host: np0000157851) handling event "create" for row 583cf973-0970-4909-9870-ecc95effa409 (table: ACL) {{(pid=103277) notify /opt/stack/neutron/neutron/plugins/ml2/drivers/ovn/mech_driver/ovsdb/ovsdb_monitor.py:906}}
Mar 05 09:30:00.818359 np0000157851 devstack@neutron-api.service[103277]: DEBUG neutron.plugins.ml2.drivers.ovn.mech_driver.ovsdb.ovsdb_monitor [None req-f60c8e9e-8863-430f-befe-688e6c791fab None None] Hash Ring: Node 34104a9e66b75d75a9c94d5e3ec4ccb9 (host: np0000157851) handling event "create" for row 3cf5f7a2-9699-4ce5-a51d-dce711e389cd (table: NB_Global) {{(pid=103277) notify /opt/stack/neutron/neutron/plugins/ml2/drivers/ovn/mech_driver/ovsdb/ovsdb_monitor.py:906}}
Mar 05 09:30:00.819390 np0000157851 devstack@neutron-api.service[103277]: INFO neutron.plugins.ml2.drivers.ovn.mech_driver.ovsdb.impl_idl_ovn [None req-f60c8e9e-8863-430f-befe-688e6c791fab None None] Getting OvsdbSbOvnIdl for WorkerService with retry
Mar 05 09:30:00.823717 np0000157851 devstack@neutron-api.service[103279]: DEBUG neutron.common.ovn.hash_ring_manager [None req-1a2fb780-44ce-4e5e-a054-f1929274208b None None] Hash Ring loaded. 4 active nodes. 0 offline nodes {{(pid=103279) _load_hash_ring /opt/stack/neutron/neutron/common/ovn/hash_ring_manager.py:102}}
Mar 05 09:30:00.824084 np0000157851 devstack@neutron-api.service[103279]: DEBUG neutron.plugins.ml2.drivers.ovn.mech_driver.ovsdb.ovsdb_monitor [None req-1a2fb780-44ce-4e5e-a054-f1929274208b None None] Hash Ring: Node 9e3055e7b0f4539484c747b84f72e222 (host: np0000157851) handling event "create" for row 69968d81-91c2-4b52-ab5c-cbff0e4b2f10 (table: ACL) {{(pid=103279) notify /opt/stack/neutron/neutron/plugins/ml2/drivers/ovn/mech_driver/ovsdb/ovsdb_monitor.py:906}}
Mar 05 09:30:00.824227 np0000157851 devstack@neutron-api.service[103279]: DEBUG neutron.plugins.ml2.drivers.ovn.mech_driver.ovsdb.ovsdb_monitor [None req-1a2fb780-44ce-4e5e-a054-f1929274208b None None] Hash Ring: Node 9e3055e7b0f4539484c747b84f72e222 (host: np0000157851) handling event "create" for row d9807dfa-9807-4c37-9e1a-0b12e191d52b (table: Connection) {{(pid=103279) notify /opt/stack/neutron/neutron/plugins/ml2/drivers/ovn/mech_driver/ovsdb/ovsdb_monitor.py:906}}
Mar 05 09:30:00.824532 np0000157851 devstack@neutron-api.service[103279]: DEBUG neutron.plugins.ml2.drivers.ovn.mech_driver.ovsdb.ovsdb_monitor [None req-1a2fb780-44ce-4e5e-a054-f1929274208b None None] Hash Ring: Node 9e3055e7b0f4539484c747b84f72e222 (host: np0000157851) handling event "create" for row 471c1684-8f73-4d67-972c-5d01e41868a6 (table: SSL) {{(pid=103279) notify /opt/stack/neutron/neutron/plugins/ml2/drivers/ovn/mech_driver/ovsdb/ovsdb_monitor.py:906}}
Mar 05 09:30:00.825594 np0000157851 devstack@neutron-api.service[103279]: INFO neutron.plugins.ml2.drivers.ovn.mech_driver.ovsdb.impl_idl_ovn [None req-1a2fb780-44ce-4e5e-a054-f1929274208b None None] Getting OvsdbSbOvnIdl for WorkerService with retry
Mar 05 09:30:00.829453 np0000157851 devstack@neutron-api.service[103278]: DEBUG neutron.common.ovn.hash_ring_manager [None req-ad0f342c-751c-4bac-b48d-f406b3a5a634 None None] Allow caching, nodes 4>=4 {{(pid=103278) _wait_startup_before_caching /opt/stack/neutron/neutron/common/ovn/hash_ring_manager.py:65}}
Mar 05 09:30:00.836029 np0000157851 devstack@neutron-api.service[103278]: DEBUG neutron.common.ovn.hash_ring_manager [None req-ad0f342c-751c-4bac-b48d-f406b3a5a634 None None] Hash Ring loaded. 4 active nodes. 0 offline nodes {{(pid=103278) _load_hash_ring /opt/stack/neutron/neutron/common/ovn/hash_ring_manager.py:102}}
Mar 05 09:30:00.837236 np0000157851 devstack@neutron-api.service[103278]: INFO neutron.plugins.ml2.drivers.ovn.mech_driver.ovsdb.impl_idl_ovn [None req-ad0f342c-751c-4bac-b48d-f406b3a5a634 None None] Getting OvsdbSbOvnIdl for WorkerService with retry
Mar 05 09:30:00.848869 np0000157851 devstack@neutron-api.service[103277]: DEBUG ovsdbapp.backend.ovs_idl [None req-f60c8e9e-8863-430f-befe-688e6c791fab None None] Created lookup_table index Chassis.name {{(pid=103277) autocreate_indices /opt/stack/data/venv/lib/python3.12/site-packages/ovsdbapp/backend/ovs_idl/__init__.py:87}}
Mar 05 09:30:00.848929 np0000157851 devstack@neutron-api.service[103277]: DEBUG ovsdbapp.backend.ovs_idl [None req-f60c8e9e-8863-430f-befe-688e6c791fab None None] Created lookup_table index Port_Binding.logical_port {{(pid=103277) autocreate_indices /opt/stack/data/venv/lib/python3.12/site-packages/ovsdbapp/backend/ovs_idl/__init__.py:87}}
Mar 05 09:30:00.849051 np0000157851 devstack@neutron-api.service[103277]: DEBUG ovsdbapp.backend.ovs_idl [None req-f60c8e9e-8863-430f-befe-688e6c791fab None None] Created schema index Chassis_Private.name {{(pid=103277) autocreate_indices /opt/stack/data/venv/lib/python3.12/site-packages/ovsdbapp/backend/ovs_idl/__init__.py:106}}
Mar 05 09:30:00.849146 np0000157851 devstack@neutron-api.service[103277]: DEBUG ovsdbapp.backend.ovs_idl [None req-f60c8e9e-8863-430f-befe-688e6c791fab None None] Created schema index Datapath_Binding.tunnel_key {{(pid=103277) autocreate_indices /opt/stack/data/venv/lib/python3.12/site-packages/ovsdbapp/backend/ovs_idl/__init__.py:106}}
Mar 05 09:30:00.851077 np0000157851 devstack@neutron-api.service[103277]: INFO ovsdbapp.backend.ovs_idl.vlog [None req-f60c8e9e-8863-430f-befe-688e6c791fab None None] ssl:162.253.55.209:6642: connecting...
Mar 05 09:30:00.855364 np0000157851 devstack@neutron-api.service[103277]: INFO ovsdbapp.backend.ovs_idl.vlog [None req-f60c8e9e-8863-430f-befe-688e6c791fab None None] ssl:162.253.55.209:6642: connected
Mar 05 09:30:00.857067 np0000157851 devstack@neutron-api.service[103279]: DEBUG ovsdbapp.backend.ovs_idl [None req-1a2fb780-44ce-4e5e-a054-f1929274208b None None] Created lookup_table index Chassis.name {{(pid=103279) autocreate_indices /opt/stack/data/venv/lib/python3.12/site-packages/ovsdbapp/backend/ovs_idl/__init__.py:87}}
Mar 05 09:30:00.857191 np0000157851 devstack@neutron-api.service[103279]: DEBUG ovsdbapp.backend.ovs_idl [None req-1a2fb780-44ce-4e5e-a054-f1929274208b None None] Created lookup_table index Port_Binding.logical_port {{(pid=103279) autocreate_indices /opt/stack/data/venv/lib/python3.12/site-packages/ovsdbapp/backend/ovs_idl/__init__.py:87}}
Mar 05 09:30:00.857266 np0000157851 devstack@neutron-api.service[103279]: DEBUG ovsdbapp.backend.ovs_idl [None req-1a2fb780-44ce-4e5e-a054-f1929274208b None None] Created schema index Chassis_Private.name {{(pid=103279) autocreate_indices /opt/stack/data/venv/lib/python3.12/site-packages/ovsdbapp/backend/ovs_idl/__init__.py:106}}
Mar 05 09:30:00.857338 np0000157851 devstack@neutron-api.service[103279]: DEBUG ovsdbapp.backend.ovs_idl [None req-1a2fb780-44ce-4e5e-a054-f1929274208b None None] Created schema index Datapath_Binding.tunnel_key {{(pid=103279) autocreate_indices /opt/stack/data/venv/lib/python3.12/site-packages/ovsdbapp/backend/ovs_idl/__init__.py:106}}
Mar 05 09:30:00.859234 np0000157851 devstack@neutron-api.service[103279]: INFO ovsdbapp.backend.ovs_idl.vlog [None req-1a2fb780-44ce-4e5e-a054-f1929274208b None None] ssl:162.253.55.209:6642: connecting...
Mar 05 09:30:00.863295 np0000157851 devstack@neutron-api.service[103279]: INFO ovsdbapp.backend.ovs_idl.vlog [None req-1a2fb780-44ce-4e5e-a054-f1929274208b None None] ssl:162.253.55.209:6642: connected
Mar 05 09:30:00.865711 np0000157851 devstack@neutron-api.service[103278]: DEBUG ovsdbapp.backend.ovs_idl [None req-ad0f342c-751c-4bac-b48d-f406b3a5a634 None None] Created lookup_table index Chassis.name {{(pid=103278) autocreate_indices /opt/stack/data/venv/lib/python3.12/site-packages/ovsdbapp/backend/ovs_idl/__init__.py:87}}
Mar 05 09:30:00.866009 np0000157851 devstack@neutron-api.service[103278]: DEBUG ovsdbapp.backend.ovs_idl [None req-ad0f342c-751c-4bac-b48d-f406b3a5a634 None None] Created lookup_table index Port_Binding.logical_port {{(pid=103278) autocreate_indices /opt/stack/data/venv/lib/python3.12/site-packages/ovsdbapp/backend/ovs_idl/__init__.py:87}}
Mar 05 09:30:00.866009 np0000157851 devstack@neutron-api.service[103278]: DEBUG ovsdbapp.backend.ovs_idl [None req-ad0f342c-751c-4bac-b48d-f406b3a5a634 None None] Created schema index Chassis_Private.name {{(pid=103278) autocreate_indices /opt/stack/data/venv/lib/python3.12/site-packages/ovsdbapp/backend/ovs_idl/__init__.py:106}}
Mar 05 09:30:00.866105 np0000157851 devstack@neutron-api.service[103278]: DEBUG ovsdbapp.backend.ovs_idl [None req-ad0f342c-751c-4bac-b48d-f406b3a5a634 None None] Created schema index Datapath_Binding.tunnel_key {{(pid=103278) autocreate_indices /opt/stack/data/venv/lib/python3.12/site-packages/ovsdbapp/backend/ovs_idl/__init__.py:106}}
Mar 05 09:30:00.868718 np0000157851 devstack@neutron-api.service[103278]: INFO ovsdbapp.backend.ovs_idl.vlog [None req-ad0f342c-751c-4bac-b48d-f406b3a5a634 None None] ssl:162.253.55.209:6642: connecting...
Mar 05 09:30:00.875137 np0000157851 devstack@neutron-api.service[103278]: INFO ovsdbapp.backend.ovs_idl.vlog [None req-ad0f342c-751c-4bac-b48d-f406b3a5a634 None None] ssl:162.253.55.209:6642: connected
Mar 05 09:30:00.883746 np0000157851 devstack@neutron-api.service[103277]: DEBUG neutron.common.ovn.hash_ring_manager [None req-f60c8e9e-8863-430f-befe-688e6c791fab None None] Allow caching, nodes 4>=4 {{(pid=103277) _wait_startup_before_caching /opt/stack/neutron/neutron/common/ovn/hash_ring_manager.py:65}}
Mar 05 09:30:00.887691 np0000157851 devstack@neutron-api.service[103277]: DEBUG neutron.common.ovn.hash_ring_manager [None req-f60c8e9e-8863-430f-befe-688e6c791fab None None] Hash Ring loaded. 4 active nodes. 0 offline nodes {{(pid=103277) _load_hash_ring /opt/stack/neutron/neutron/common/ovn/hash_ring_manager.py:102}}
Mar 05 09:30:00.887812 np0000157851 devstack@neutron-api.service[103277]: DEBUG neutron.plugins.ml2.drivers.ovn.mech_driver.ovsdb.ovsdb_monitor [None req-f60c8e9e-8863-430f-befe-688e6c791fab None None] Hash Ring: Node 34104a9e66b75d75a9c94d5e3ec4ccb9 (host: np0000157851) handling event "create" for row 5b079c05-6f59-4949-9b24-bda2fc45f79e (table: Chassis) {{(pid=103277) notify /opt/stack/neutron/neutron/plugins/ml2/drivers/ovn/mech_driver/ovsdb/ovsdb_monitor.py:906}}
Mar 05 09:30:00.888528 np0000157851 devstack@neutron-api.service[103277]: DEBUG ovsdbapp.backend.ovs_idl.event [None req-f60c8e9e-8863-430f-befe-688e6c791fab None None] Matched CREATE: ChassisBandwidthConfigEvent(events=('create', 'update'), table='Chassis', conditions=None, old_conditions=None), priority=20 to row=Chassis(uuid=5b079c05-6f59-4949-9b24-bda2fc45f79e, encaps=[97579b38-96d5-47ca-b15c-aca0722a2382], external_ids={}, hostname='np0000157851', name='c206617c-e830-406b-a7c3-e76714965a0b', nb_cfg=0, other_config={'ct-commit-nat-v2': 'true', 'ct-commit-to-zone': 'true', 'ct-next-zone': 'true', 'ct-no-masked-label': 'true', 'ct-state-save': 'true', 'datapath-type': 'system', 'fdb-timestamp': 'true', 'iface-types': 'afxdp,afxdp-nonpmd,bareudp,erspan,geneve,gre,gtpu,internal,ip6erspan,ip6gre,lisp,patch,srv6,stt,system,tap,vxlan', 'is-interconn': 'false', 'ls-dpg-column': 'true', 'mac-binding-timestamp': 'true', 'ovn-bridge-mappings': 'public:br-ex', 'ovn-chassis-mac-mappings': '', 'ovn-cms-options': 'enable-chassis-as-gw', 'ovn-ct-lb-related': 'true', 'ovn-enable-lflow-cache': 'true', 'ovn-limit-lflow-cache': '', 'ovn-memlimit-lflow-cache-kb': '', 'ovn-monitor-all': 'false', 'ovn-trim-limit-lflow-cache': '', 'ovn-trim-timeout-ms': '', 'ovn-trim-wmark-perc-lflow-cache': '', 'port-up-notif': 'true'}, transport_zones=[], vtep_logical_switches=[]) old= {{(pid=103277) matches /opt/stack/data/venv/lib/python3.12/site-packages/ovsdbapp/backend/ovs_idl/event.py:55}}
Mar 05 09:30:00.889061 np0000157851 devstack@neutron-api.service[103277]: DEBUG neutron.plugins.ml2.drivers.ovn.mech_driver.ovsdb.ovsdb_monitor [None req-f60c8e9e-8863-430f-befe-688e6c791fab None None] ChassisOVNAgentWriteEvent : Matched Chassis_Private, create, None None {{(pid=103277) matches /opt/stack/neutron/neutron/plugins/ml2/drivers/ovn/mech_driver/ovsdb/ovsdb_monitor.py:64}}
Mar 05 09:30:00.889141 np0000157851 devstack@neutron-api.service[103277]: DEBUG neutron.plugins.ml2.drivers.ovn.mech_driver.ovsdb.ovsdb_monitor [None req-f60c8e9e-8863-430f-befe-688e6c791fab None None] ChassisAgentWriteEvent : Matched Chassis_Private, create, None None {{(pid=103277) matches /opt/stack/neutron/neutron/plugins/ml2/drivers/ovn/mech_driver/ovsdb/ovsdb_monitor.py:64}}
Mar 05 09:30:00.890482 np0000157851 devstack@neutron-api.service[103277]: INFO neutron.plugins.ml2.drivers.ovn.mech_driver.mech_driver [None req-f60c8e9e-8863-430f-befe-688e6c791fab None None] WorkerService process has finished the post initialization
Mar 05 09:30:00.890850 np0000157851 devstack@neutron-api.service[103279]: DEBUG neutron.common.ovn.hash_ring_manager [None req-1a2fb780-44ce-4e5e-a054-f1929274208b None None] Allow caching, nodes 4>=4 {{(pid=103279) _wait_startup_before_caching /opt/stack/neutron/neutron/common/ovn/hash_ring_manager.py:65}}
Mar 05 09:30:00.891287 np0000157851 devstack@neutron-api.service[103277]: INFO neutron.plugins.ml2.drivers.ovn.mech_driver.ovsdb.extensions.qos [-] Starting OVNClientQosExtension
Mar 05 09:30:00.891483 np0000157851 devstack@neutron-api.service[103277]: INFO neutron.plugins.ml2.drivers.ovn.mech_driver.ovsdb.extensions.placement [-] Starting OVNClientPlacementExtension
Mar 05 09:30:00.893497 np0000157851 devstack@neutron-api.service[103277]: WSGI app 0 (mountpoint='') ready in 7 seconds on interpreter 0x744468ca3668 pid: 103277 (default app)
Mar 05 09:30:00.895254 np0000157851 devstack@neutron-api.service[103279]: DEBUG neutron.common.ovn.hash_ring_manager [None req-1a2fb780-44ce-4e5e-a054-f1929274208b None None] Hash Ring loaded. 4 active nodes. 0 offline nodes {{(pid=103279) _load_hash_ring /opt/stack/neutron/neutron/common/ovn/hash_ring_manager.py:102}}
Mar 05 09:30:00.895543 np0000157851 devstack@neutron-api.service[103279]: DEBUG neutron.plugins.ml2.drivers.ovn.mech_driver.ovsdb.ovsdb_monitor [None req-1a2fb780-44ce-4e5e-a054-f1929274208b None None] ChassisOVNAgentWriteEvent : Matched Chassis_Private, create, None None {{(pid=103279) matches /opt/stack/neutron/neutron/plugins/ml2/drivers/ovn/mech_driver/ovsdb/ovsdb_monitor.py:64}}
Mar 05 09:30:00.895956 np0000157851 devstack@neutron-api.service[103279]: DEBUG neutron.plugins.ml2.drivers.ovn.mech_driver.ovsdb.ovsdb_monitor [None req-1a2fb780-44ce-4e5e-a054-f1929274208b None None] ChassisAgentWriteEvent : Matched Chassis_Private, create, None None {{(pid=103279) matches /opt/stack/neutron/neutron/plugins/ml2/drivers/ovn/mech_driver/ovsdb/ovsdb_monitor.py:64}}
Mar 05 09:30:00.896310 np0000157851 devstack@neutron-api.service[103279]: DEBUG neutron.plugins.ml2.drivers.ovn.mech_driver.ovsdb.ovsdb_monitor [None req-1a2fb780-44ce-4e5e-a054-f1929274208b None None] Hash Ring: Node 9e3055e7b0f4539484c747b84f72e222 (host: np0000157851) handling event "create" for row 0fb68257-d8b7-46a9-9c55-c71366e227cb (table: Chassis_Private) {{(pid=103279) notify /opt/stack/neutron/neutron/plugins/ml2/drivers/ovn/mech_driver/ovsdb/ovsdb_monitor.py:906}}
Mar 05 09:30:00.898721 np0000157851 devstack@neutron-api.service[103279]: INFO neutron.plugins.ml2.drivers.ovn.mech_driver.mech_driver [None req-1a2fb780-44ce-4e5e-a054-f1929274208b None None] WorkerService process has finished the post initialization
Mar 05 09:30:00.900425 np0000157851 devstack@neutron-api.service[103279]: WSGI app 0 (mountpoint='') ready in 7 seconds on interpreter 0x744468ca3668 pid: 103279 (default app)
Mar 05 09:30:00.906105 np0000157851 devstack@neutron-api.service[103278]: DEBUG neutron.common.ovn.hash_ring_manager [None req-ad0f342c-751c-4bac-b48d-f406b3a5a634 None None] Allow caching, nodes 4>=4 {{(pid=103278) _wait_startup_before_caching /opt/stack/neutron/neutron/common/ovn/hash_ring_manager.py:65}}
Mar 05 09:30:00.910164 np0000157851 devstack@neutron-api.service[103278]: DEBUG neutron.common.ovn.hash_ring_manager [None req-ad0f342c-751c-4bac-b48d-f406b3a5a634 None None] Hash Ring loaded. 4 active nodes. 0 offline nodes {{(pid=103278) _load_hash_ring /opt/stack/neutron/neutron/common/ovn/hash_ring_manager.py:102}}
Mar 05 09:30:00.910377 np0000157851 devstack@neutron-api.service[103278]: DEBUG neutron.plugins.ml2.drivers.ovn.mech_driver.ovsdb.ovsdb_monitor [None req-ad0f342c-751c-4bac-b48d-f406b3a5a634 None None] ChassisOVNAgentWriteEvent : Matched Chassis_Private, create, None None {{(pid=103278) matches /opt/stack/neutron/neutron/plugins/ml2/drivers/ovn/mech_driver/ovsdb/ovsdb_monitor.py:64}}
Mar 05 09:30:00.910484 np0000157851 devstack@neutron-api.service[103278]: DEBUG neutron.plugins.ml2.drivers.ovn.mech_driver.ovsdb.ovsdb_monitor [None req-ad0f342c-751c-4bac-b48d-f406b3a5a634 None None] ChassisAgentWriteEvent : Matched Chassis_Private, create, None None {{(pid=103278) matches /opt/stack/neutron/neutron/plugins/ml2/drivers/ovn/mech_driver/ovsdb/ovsdb_monitor.py:64}}
Mar 05 09:30:00.910852 np0000157851 devstack@neutron-api.service[103278]: DEBUG neutron.plugins.ml2.drivers.ovn.mech_driver.ovsdb.ovsdb_monitor [None req-ad0f342c-751c-4bac-b48d-f406b3a5a634 None None] Hash Ring: Node 9a845a54132e58f6b932dc072ec47531 (host: np0000157851) handling event "create" for row 97579b38-96d5-47ca-b15c-aca0722a2382 (table: Encap) {{(pid=103278) notify /opt/stack/neutron/neutron/plugins/ml2/drivers/ovn/mech_driver/ovsdb/ovsdb_monitor.py:906}}
Mar 05 09:30:00.913441 np0000157851 devstack@neutron-api.service[103278]: INFO neutron.plugins.ml2.drivers.ovn.mech_driver.mech_driver [None req-ad0f342c-751c-4bac-b48d-f406b3a5a634 None None] WorkerService process has finished the post initialization
Mar 05 09:30:00.914715 np0000157851 devstack@neutron-api.service[103278]: WSGI app 0 (mountpoint='') ready in 7 seconds on interpreter 0x744468ca3668 pid: 103278 (default app)
Mar 05 09:30:02.539795 np0000157851 devstack@neutron-api.service[103279]: DEBUG neutron.plugins.ml2.drivers.ovn.mech_driver.ovsdb.ovsdb_monitor [-] Hash Ring: Node 9e3055e7b0f4539484c747b84f72e222 (host: np0000157851) handling event "update" for row d9807dfa-9807-4c37-9e1a-0b12e191d52b (table: Connection) {{(pid=103279) notify /opt/stack/neutron/neutron/plugins/ml2/drivers/ovn/mech_driver/ovsdb/ovsdb_monitor.py:906}}
Mar 05 09:30:02.547935 np0000157851 devstack@neutron-api.service[103280]: DEBUG neutron.common.ovn.hash_ring_manager [-] Allow caching, nodes 4>=4 {{(pid=103280) _wait_startup_before_caching /opt/stack/neutron/neutron/common/ovn/hash_ring_manager.py:65}}
Mar 05 09:30:02.547935 np0000157851 devstack@neutron-api.service[103280]: DEBUG neutron.plugins.ml2.drivers.ovn.mech_driver.ovsdb.ovsdb_monitor [-] Hash Ring: Node 87426fa931cd5e9aa0f6fc1b6529d5c9 (host: np0000157851) handling event "update" for row d9807dfa-9807-4c37-9e1a-0b12e191d52b (table: Connection) {{(pid=103280) notify /opt/stack/neutron/neutron/plugins/ml2/drivers/ovn/mech_driver/ovsdb/ovsdb_monitor.py:906}}
Mar 05 09:30:05.042078 np0000157851 devstack@neutron-api.service[103280]: DEBUG neutron.plugins.ml2.drivers.ovn.mech_driver.ovsdb.ovsdb_monitor [-] Hash Ring: Node 87426fa931cd5e9aa0f6fc1b6529d5c9 (host: np0000157851) handling event "update" for row d9807dfa-9807-4c37-9e1a-0b12e191d52b (table: Connection) {{(pid=103280) notify /opt/stack/neutron/neutron/plugins/ml2/drivers/ovn/mech_driver/ovsdb/ovsdb_monitor.py:906}}
Mar 05 09:30:05.042520 np0000157851 devstack@neutron-api.service[103279]: DEBUG neutron.plugins.ml2.drivers.ovn.mech_driver.ovsdb.ovsdb_monitor [-] Hash Ring: Node 9e3055e7b0f4539484c747b84f72e222 (host: np0000157851) handling event "update" for row d9807dfa-9807-4c37-9e1a-0b12e191d52b (table: Connection) {{(pid=103279) notify /opt/stack/neutron/neutron/plugins/ml2/drivers/ovn/mech_driver/ovsdb/ovsdb_monitor.py:906}}
Mar 05 09:30:07.042255 np0000157851 devstack@neutron-api.service[103280]: DEBUG neutron.api.wsgi [None req-42c84516-9b08-48f5-b55e-906e3ee77a7c admin admin] Missing Content-Type {{(pid=103280) get_content_type /opt/stack/neutron/neutron/api/wsgi.py:85}}
Mar 05 09:30:07.042883 np0000157851 devstack@neutron-api.service[103280]: DEBUG neutron.api.wsgi [None req-42c84516-9b08-48f5-b55e-906e3ee77a7c admin admin] https://162.253.55.209/networking/v2.0/extensions returned with HTTP 200 {{(pid=103280) __call__ /opt/stack/neutron/neutron/api/wsgi.py:545}}
Mar 05 09:30:07.043159 np0000157851 devstack@neutron-api.service[103280]: [pid: 103280|app: 0|req: 2/2] 162.253.55.209 () {64 vars in 1323 bytes} [Thu Mar 5 09:30:06 2026] GET /networking/v2.0/extensions => generated 15208 bytes in 263 msecs (HTTP/1.1 200) 4 headers in 159 bytes (1 switches on core 0)
Mar 05 09:30:07.451596 np0000157851 devstack@neutron-api.service[103277]: DEBUG neutron.api.v2.base [None req-a2e9c558-2c3c-433d-8f78-9cee642070e8 admin admin] Request body: {'subnetpool': {'shared': True, 'prefixes': ['10.1.0.0/20'], 'default_prefixlen': 26, 'name': 'shared-default-subnetpool-v4', 'is_default': True}} {{(pid=103277) prepare_request_body /opt/stack/neutron/neutron/api/v2/base.py:729}}
Mar 05 09:30:07.645791 np0000157851 devstack@neutron-api.service[103277]: DEBUG neutron.policy [None req-a2e9c558-2c3c-433d-8f78-9cee642070e8 admin admin] Loaded default policies from ['neutron'] under neutron.policies entry points {{(pid=103277) register_rules /opt/stack/neutron/neutron/policy.py:65}}
Mar 05 09:30:07.810407 np0000157851 devstack@neutron-api.service[103277]: DEBUG neutron_lib.callbacks.manager [None req-a2e9c558-2c3c-433d-8f78-9cee642070e8 admin admin] Publish callbacks ['neutron.objects.securitygroup.RbacNeutronDbObjectMixin.validate_rbac_policy_change-1144503883721', 'neutron.objects.address_group.RbacNeutronDbObjectMixin.validate_rbac_policy_change-1144503742399', 'neutron.objects.network.RbacNeutronDbObjectMixin.validate_rbac_policy_change-1144503849604', 'neutron.objects.qos.policy.RbacNeutronDbObjectMixin.validate_rbac_policy_change-1144503836490', 'neutron.objects.subnetpool.RbacNeutronDbObjectMixin.validate_rbac_policy_change-1144503858011', 'neutron.objects.address_scope.RbacNeutronDbObjectMixin.validate_rbac_policy_change-1144503815662', 'neutron.plugins.ml2.plugin.External_net_db_mixin._process_ext_policy_create-1803989', 'neutron.plugins.ml2.plugin.NeutronDbPluginV2.validate_network_rbac_policy_change-1831329', 'neutron.services.network_ip_availability.plugin.NeutronDbPluginV2.validate_network_rbac_policy_change-3341678', 'neutron.services.network_ip_availability.plugin.NeutronDbPluginV2.validate_network_rbac_policy_change-3289797'] for rbac-policy (None), before_create {{(pid=103277) _notify_loop /opt/stack/data/venv/lib/python3.12/site-packages/neutron_lib/callbacks/manager.py:184}}
Mar 05 09:30:07.866608 np0000157851 devstack@neutron-api.service[103277]: DEBUG neutron_lib.callbacks.manager [None req-a2e9c558-2c3c-433d-8f78-9cee642070e8 admin admin] Publish callbacks [] for subnetpool (None), before_response {{(pid=103277) _notify_loop /opt/stack/data/venv/lib/python3.12/site-packages/neutron_lib/callbacks/manager.py:184}}
Mar 05 09:30:07.867532 np0000157851 devstack@neutron-api.service[103277]: [pid: 103277|app: 0|req: 1/3] 162.253.55.209 () {68 vars in 1367 bytes} [Thu Mar 5 09:30:07 2026] POST /networking/v2.0/subnetpools => generated 533 bytes in 524 msecs (HTTP/1.1 201) 4 headers in 162 bytes (1 switches on core 0)
Mar 05 09:30:08.187096 np0000157851 devstack@neutron-api.service[103279]: DEBUG neutron.api.v2.base [None req-3ba3208d-e5b9-42bb-b55b-d802463c29c0 admin admin] Request body: {'subnetpool': {'shared': True, 'prefixes': ['fd94:5bed:8d2e::/56'], 'default_prefixlen': 64, 'name': 'shared-default-subnetpool-v6', 'is_default': True}} {{(pid=103279) prepare_request_body /opt/stack/neutron/neutron/api/v2/base.py:729}}
Mar 05 09:30:08.354708 np0000157851 devstack@neutron-api.service[103279]: DEBUG neutron.policy [None req-3ba3208d-e5b9-42bb-b55b-d802463c29c0 admin admin] Loaded default policies from ['neutron'] under neutron.policies entry points {{(pid=103279) register_rules /opt/stack/neutron/neutron/policy.py:65}}
Mar 05 09:30:08.495060 np0000157851 devstack@neutron-api.service[103279]: DEBUG neutron_lib.callbacks.manager [None req-3ba3208d-e5b9-42bb-b55b-d802463c29c0 admin admin] Publish callbacks ['neutron.objects.securitygroup.RbacNeutronDbObjectMixin.validate_rbac_policy_change-1144503702291', 'neutron.objects.address_group.RbacNeutronDbObjectMixin.validate_rbac_policy_change-1144503860208', 'neutron.objects.network.RbacNeutronDbObjectMixin.validate_rbac_policy_change-1144503732806', 'neutron.objects.qos.policy.RbacNeutronDbObjectMixin.validate_rbac_policy_change-1144503738199', 'neutron.objects.subnetpool.RbacNeutronDbObjectMixin.validate_rbac_policy_change-1144503747881', 'neutron.objects.address_scope.RbacNeutronDbObjectMixin.validate_rbac_policy_change-1144503756707', 'neutron.plugins.ml2.plugin.External_net_db_mixin._process_ext_policy_create-506678', 'neutron.plugins.ml2.plugin.NeutronDbPluginV2.validate_network_rbac_policy_change-514686', 'neutron.services.network_ip_availability.plugin.NeutronDbPluginV2.validate_network_rbac_policy_change-3327406', 'neutron.services.network_ip_availability.plugin.NeutronDbPluginV2.validate_network_rbac_policy_change-64500349'] for rbac-policy (None), before_create {{(pid=103279) _notify_loop /opt/stack/data/venv/lib/python3.12/site-packages/neutron_lib/callbacks/manager.py:184}}
Mar 05 09:30:08.542262 np0000157851 devstack@neutron-api.service[103279]: DEBUG neutron_lib.callbacks.manager [None req-3ba3208d-e5b9-42bb-b55b-d802463c29c0 admin admin] Publish callbacks [] for subnetpool (None), before_response {{(pid=103279) _notify_loop /opt/stack/data/venv/lib/python3.12/site-packages/neutron_lib/callbacks/manager.py:184}}
Mar 05 09:30:08.542982 np0000157851 devstack@neutron-api.service[103279]: [pid: 103279|app: 0|req: 1/4] 162.253.55.209 () {68 vars in 1367 bytes} [Thu Mar 5 09:30:08 2026] POST /networking/v2.0/subnetpools => generated 543 bytes in 462 msecs (HTTP/1.1 201) 4 headers in 162 bytes (1 switches on core 0)
Mar 05 09:30:08.937751 np0000157851 devstack@neutron-api.service[103278]: DEBUG neutron.api.v2.base [None req-7361d58d-b3b2-4843-ae2f-5776817bd96c admin admin] Request body: {'network': {'name': 'private', 'admin_state_up': True}} {{(pid=103278) prepare_request_body /opt/stack/neutron/neutron/api/v2/base.py:729}}
Mar 05 09:30:08.970673 np0000157851 devstack@neutron-api.service[103278]: DEBUG neutron.pecan_wsgi.hooks.quota_enforcement [None req-7361d58d-b3b2-4843-ae2f-5776817bd96c admin admin] Made reservation on behalf of 73a7303b71e144c98ef63d51889cc6be for: {'network': 1} {{(pid=103278) before /opt/stack/neutron/neutron/pecan_wsgi/hooks/quota_enforcement.py:66}}
Mar 05 09:30:09.143543 np0000157851 devstack@neutron-api.service[103278]: DEBUG neutron.policy [None req-7361d58d-b3b2-4843-ae2f-5776817bd96c admin admin] Loaded default policies from ['neutron'] under neutron.policies entry points {{(pid=103278) register_rules /opt/stack/neutron/neutron/policy.py:65}}
Mar 05 09:30:09.244658 np0000157851 devstack@neutron-api.service[103278]: DEBUG neutron_lib.callbacks.manager [None req-7361d58d-b3b2-4843-ae2f-5776817bd96c admin admin] Publish callbacks ['neutron.plugins.ml2.plugin.SecurityGroupDbMixin._ensure_default_security_group_handler-354298'] for network (None), before_create {{(pid=103278) _notify_loop /opt/stack/data/venv/lib/python3.12/site-packages/neutron_lib/callbacks/manager.py:184}}
Mar 05 09:30:09.264388 np0000157851 devstack@neutron-api.service[103278]: DEBUG neutron_lib.callbacks.manager [None req-7361d58d-b3b2-4843-ae2f-5776817bd96c admin admin] Publish callbacks [] for security_group (None), before_create {{(pid=103278) _notify_loop /opt/stack/data/venv/lib/python3.12/site-packages/neutron_lib/callbacks/manager.py:184}}
Mar 05 09:30:09.351681 np0000157851 devstack@neutron-api.service[103278]: DEBUG neutron_lib.callbacks.manager [None req-7361d58d-b3b2-4843-ae2f-5776817bd96c admin admin] Publish callbacks ['neutron.plugins.ml2.drivers.ovn.mech_driver.mech_driver.OVNMechanismDriver._create_security_group_precommit-4005571'] for security_group (efebe4c0-19f4-42ba-b962-2421d912b4c4), precommit_create {{(pid=103278) _notify_loop /opt/stack/data/venv/lib/python3.12/site-packages/neutron_lib/callbacks/manager.py:184}}
Mar 05 09:30:09.351876 np0000157851 devstack@neutron-api.service[103278]: DEBUG neutron.db.ovn_revision_numbers_db [None req-7361d58d-b3b2-4843-ae2f-5776817bd96c admin admin] create_initial_revision uuid=efebe4c0-19f4-42ba-b962-2421d912b4c4, type=security_groups, rev=-1 {{(pid=103278) create_initial_revision /opt/stack/neutron/neutron/db/ovn_revision_numbers_db.py:98}}
Mar 05 09:30:09.354034 np0000157851 devstack@neutron-api.service[103278]: DEBUG neutron.db.ovn_revision_numbers_db [None req-7361d58d-b3b2-4843-ae2f-5776817bd96c admin admin] create_initial_revision uuid=28bc2fd8-a106-40e8-bbef-65d9045fc389, type=security_group_rules, rev=-1 {{(pid=103278) create_initial_revision /opt/stack/neutron/neutron/db/ovn_revision_numbers_db.py:98}}
Mar 05 09:30:09.355058 np0000157851 devstack@neutron-api.service[103278]: DEBUG neutron.db.ovn_revision_numbers_db [None req-7361d58d-b3b2-4843-ae2f-5776817bd96c admin admin] create_initial_revision uuid=51fedb7e-3b8a-49ad-8ffb-7346b6328593, type=security_group_rules, rev=-1 {{(pid=103278) create_initial_revision /opt/stack/neutron/neutron/db/ovn_revision_numbers_db.py:98}}
Mar 05 09:30:09.356027 np0000157851 devstack@neutron-api.service[103278]: DEBUG neutron.db.ovn_revision_numbers_db [None req-7361d58d-b3b2-4843-ae2f-5776817bd96c admin admin] create_initial_revision uuid=5b9a15b9-72ca-482d-9614-2157c1f6c10e, type=security_group_rules, rev=-1 {{(pid=103278) create_initial_revision /opt/stack/neutron/neutron/db/ovn_revision_numbers_db.py:98}}
Mar 05 09:30:09.357001 np0000157851 devstack@neutron-api.service[103278]: DEBUG neutron.db.ovn_revision_numbers_db [None req-7361d58d-b3b2-4843-ae2f-5776817bd96c admin admin] create_initial_revision uuid=78fd4b38-554e-4343-8d5f-167bbfbcc7d1, type=security_group_rules, rev=-1 {{(pid=103278) create_initial_revision /opt/stack/neutron/neutron/db/ovn_revision_numbers_db.py:98}}
Mar 05 09:30:09.365885 np0000157851 devstack@neutron-api.service[103278]: DEBUG neutron_lib.callbacks.manager [None req-7361d58d-b3b2-4843-ae2f-5776817bd96c admin admin] Publish callbacks ['neutron.plugins.ml2.drivers.ovn.mech_driver.mech_driver.OVNMechanismDriver._create_security_group-4005597', 'neutron.plugins.ml2.ovo_rpc._ObjectChangeHandler.handle_event-2778428'] for security_group (efebe4c0-19f4-42ba-b962-2421d912b4c4), after_create {{(pid=103278) _notify_loop /opt/stack/data/venv/lib/python3.12/site-packages/neutron_lib/callbacks/manager.py:184}}
Mar 05 09:30:09.366119 np0000157851 devstack@neutron-api.service[103278]: INFO neutron.plugins.ml2.drivers.ovn.mech_driver.ovsdb.extensions.qos [None req-7361d58d-b3b2-4843-ae2f-5776817bd96c admin admin] Starting OVNClientQosExtension
Mar 05 09:30:09.366119 np0000157851 devstack@neutron-api.service[103278]: INFO neutron.plugins.ml2.drivers.ovn.mech_driver.ovsdb.extensions.placement [None req-7361d58d-b3b2-4843-ae2f-5776817bd96c admin admin] Starting OVNClientPlacementExtension
Mar 05 09:30:09.368404 np0000157851 devstack@neutron-api.service[103278]: DEBUG ovsdbapp.backend.ovs_idl.transaction [-] Running txn n=1 command(idx=0): PgAddCommand(_result=None, name=pg_efebe4c0_19f4_42ba_b962_2421d912b4c4, may_exist=False, columns={'acls': [], 'external_ids': {'neutron:security_group_id': 'efebe4c0-19f4-42ba-b962-2421d912b4c4'}}) {{(pid=103278) do_commit /opt/stack/data/venv/lib/python3.12/site-packages/ovsdbapp/backend/ovs_idl/transaction.py:89}}
Mar 05 09:30:09.370737 np0000157851 devstack@neutron-api.service[103278]: DEBUG ovsdbapp.backend.ovs_idl.transaction [-] Running txn n=1 command(idx=1): PgAclAddCommand(_result=None, entity=pg_efebe4c0_19f4_42ba_b962_2421d912b4c4, direction=from-lport, priority=1002, match=inport == @pg_efebe4c0_19f4_42ba_b962_2421d912b4c4 && ip6, action=allow-related, log=False, may_exist=True, severity=[], name=[], meter=[], external_ids={'neutron:security_group_rule_id': '28bc2fd8-a106-40e8-bbef-65d9045fc389'}) {{(pid=103278) do_commit /opt/stack/data/venv/lib/python3.12/site-packages/ovsdbapp/backend/ovs_idl/transaction.py:89}}
Mar 05 09:30:09.371614 np0000157851 devstack@neutron-api.service[103278]: DEBUG ovsdbapp.backend.ovs_idl.transaction [-] Running txn n=1 command(idx=2): PgAclAddCommand(_result=None, entity=pg_efebe4c0_19f4_42ba_b962_2421d912b4c4, direction=to-lport, priority=1002, match=outport == @pg_efebe4c0_19f4_42ba_b962_2421d912b4c4 && ip4 && ip4.src == $pg_efebe4c0_19f4_42ba_b962_2421d912b4c4_ip4, action=allow-related, log=False, may_exist=True, severity=[], name=[], meter=[], external_ids={'neutron:security_group_rule_id': '51fedb7e-3b8a-49ad-8ffb-7346b6328593'}) {{(pid=103278) do_commit /opt/stack/data/venv/lib/python3.12/site-packages/ovsdbapp/backend/ovs_idl/transaction.py:89}}
Mar 05 09:30:09.372256 np0000157851 devstack@neutron-api.service[103278]: DEBUG ovsdbapp.backend.ovs_idl.transaction [-] Running txn n=1 command(idx=3): PgAclAddCommand(_result=None, entity=pg_efebe4c0_19f4_42ba_b962_2421d912b4c4, direction=to-lport, priority=1002, match=outport == @pg_efebe4c0_19f4_42ba_b962_2421d912b4c4 && ip6 && ip6.src == $pg_efebe4c0_19f4_42ba_b962_2421d912b4c4_ip6, action=allow-related, log=False, may_exist=True, severity=[], name=[], meter=[], external_ids={'neutron:security_group_rule_id': '5b9a15b9-72ca-482d-9614-2157c1f6c10e'}) {{(pid=103278) do_commit /opt/stack/data/venv/lib/python3.12/site-packages/ovsdbapp/backend/ovs_idl/transaction.py:89}}
Mar 05 09:30:09.372955 np0000157851 devstack@neutron-api.service[103278]: DEBUG ovsdbapp.backend.ovs_idl.transaction [-] Running txn n=1 command(idx=4): PgAclAddCommand(_result=None, entity=pg_efebe4c0_19f4_42ba_b962_2421d912b4c4, direction=from-lport, priority=1002, match=inport == @pg_efebe4c0_19f4_42ba_b962_2421d912b4c4 && ip4, action=allow-related, log=False, may_exist=True, severity=[], name=[], meter=[], external_ids={'neutron:security_group_rule_id': '78fd4b38-554e-4343-8d5f-167bbfbcc7d1'}) {{(pid=103278) do_commit /opt/stack/data/venv/lib/python3.12/site-packages/ovsdbapp/backend/ovs_idl/transaction.py:89}}
Mar 05 09:30:09.414707 np0000157851 devstack@neutron-api.service[103280]: DEBUG neutron.plugins.ml2.drivers.ovn.mech_driver.ovsdb.ovsdb_monitor [-] Hash Ring: Node 87426fa931cd5e9aa0f6fc1b6529d5c9 (host: np0000157851) handling event "create" for row 0bc06b52-8f68-498d-a16f-330087c609d7 (table: ACL) {{(pid=103280) notify /opt/stack/neutron/neutron/plugins/ml2/drivers/ovn/mech_driver/ovsdb/ovsdb_monitor.py:906}}
Mar 05 09:30:09.414981 np0000157851 devstack@neutron-api.service[103280]: DEBUG neutron.plugins.ml2.drivers.ovn.mech_driver.ovsdb.ovsdb_monitor [-] Hash Ring: Node 87426fa931cd5e9aa0f6fc1b6529d5c9 (host: np0000157851) handling event "create" for row 55dcf696-1af3-4583-8a9f-168beed508fd (table: ACL) {{(pid=103280) notify /opt/stack/neutron/neutron/plugins/ml2/drivers/ovn/mech_driver/ovsdb/ovsdb_monitor.py:906}}
Mar 05 09:30:09.415090 np0000157851 devstack@neutron-api.service[103280]: DEBUG neutron.plugins.ml2.drivers.ovn.mech_driver.ovsdb.ovsdb_monitor [-] Hash Ring: Node 87426fa931cd5e9aa0f6fc1b6529d5c9 (host: np0000157851) handling event "create" for row 5fbf0100-f4fb-469b-92c8-74587378a17a (table: ACL) {{(pid=103280) notify /opt/stack/neutron/neutron/plugins/ml2/drivers/ovn/mech_driver/ovsdb/ovsdb_monitor.py:906}}
Mar 05 09:30:09.415251 np0000157851 devstack@neutron-api.service[103280]: DEBUG neutron.plugins.ml2.drivers.ovn.mech_driver.ovsdb.ovsdb_monitor [-] Hash Ring: Node 87426fa931cd5e9aa0f6fc1b6529d5c9 (host: np0000157851) handling event "create" for row d0382986-6a3c-417f-8242-3ef84cc97ff2 (table: ACL) {{(pid=103280) notify /opt/stack/neutron/neutron/plugins/ml2/drivers/ovn/mech_driver/ovsdb/ovsdb_monitor.py:906}}
Mar 05 09:30:09.415410 np0000157851 devstack@neutron-api.service[103280]: DEBUG neutron.plugins.ml2.drivers.ovn.mech_driver.ovsdb.ovsdb_monitor [-] Hash Ring: Node 87426fa931cd5e9aa0f6fc1b6529d5c9 (host: np0000157851) handling event "create" for row 74256a1c-ff90-4edb-a3b6-198df2910278 (table: Port_Group) {{(pid=103280) notify /opt/stack/neutron/neutron/plugins/ml2/drivers/ovn/mech_driver/ovsdb/ovsdb_monitor.py:906}}
Mar 05 09:30:09.417230 np0000157851 devstack@neutron-api.service[103279]: DEBUG neutron.plugins.ml2.drivers.ovn.mech_driver.ovsdb.ovsdb_monitor [-] Hash Ring: Node 9e3055e7b0f4539484c747b84f72e222 (host: np0000157851) handling event "create" for row 74256a1c-ff90-4edb-a3b6-198df2910278 (table: Port_Group) {{(pid=103279) notify /opt/stack/neutron/neutron/plugins/ml2/drivers/ovn/mech_driver/ovsdb/ovsdb_monitor.py:906}}
Mar 05 09:30:09.417443 np0000157851 devstack@neutron-api.service[103278]: DEBUG neutron.plugins.ml2.drivers.ovn.mech_driver.ovsdb.ovsdb_monitor [-] Hash Ring: Node 9a845a54132e58f6b932dc072ec47531 (host: np0000157851) handling event "create" for row d0382986-6a3c-417f-8242-3ef84cc97ff2 (table: ACL) {{(pid=103278) notify /opt/stack/neutron/neutron/plugins/ml2/drivers/ovn/mech_driver/ovsdb/ovsdb_monitor.py:906}}
Mar 05 09:30:09.440892 np0000157851 devstack@neutron-api.service[103278]: INFO neutron.db.ovn_revision_numbers_db [None req-7361d58d-b3b2-4843-ae2f-5776817bd96c admin admin] Successfully bumped revision number for resource efebe4c0-19f4-42ba-b962-2421d912b4c4 (type: security_groups) to 1
Mar 05 09:30:09.454374 np0000157851 devstack@neutron-api.service[103278]: INFO neutron.db.ovn_revision_numbers_db [None req-7361d58d-b3b2-4843-ae2f-5776817bd96c admin admin] Successfully bumped revision number for resource 28bc2fd8-a106-40e8-bbef-65d9045fc389 (type: security_group_rules) to 0
Mar 05 09:30:09.465229 np0000157851 devstack@neutron-api.service[103278]: INFO neutron.db.ovn_revision_numbers_db [None req-7361d58d-b3b2-4843-ae2f-5776817bd96c admin admin] Successfully bumped revision number for resource 51fedb7e-3b8a-49ad-8ffb-7346b6328593 (type: security_group_rules) to 0
Mar 05 09:30:09.475672 np0000157851 devstack@neutron-api.service[103278]: INFO neutron.db.ovn_revision_numbers_db [None req-7361d58d-b3b2-4843-ae2f-5776817bd96c admin admin] Successfully bumped revision number for resource 5b9a15b9-72ca-482d-9614-2157c1f6c10e (type: security_group_rules) to 0
Mar 05 09:30:09.485904 np0000157851 devstack@neutron-api.service[103278]: INFO neutron.db.ovn_revision_numbers_db [None req-7361d58d-b3b2-4843-ae2f-5776817bd96c admin admin] Successfully bumped revision number for resource 78fd4b38-554e-4343-8d5f-167bbfbcc7d1 (type: security_group_rules) to 0
Mar 05 09:30:09.513147 np0000157851 devstack@neutron-api.service[103278]: DEBUG neutron.api.rpc.handlers.resources_rpc [None req-7361d58d-b3b2-4843-ae2f-5776817bd96c admin admin] Pushing event updated for resources: {'SecurityGroup': ['ID=efebe4c0-19f4-42ba-b962-2421d912b4c4,revision_number=1']} {{(pid=103278) push /opt/stack/neutron/neutron/api/rpc/handlers/resources_rpc.py:237}}
Mar 05 09:30:09.521009 np0000157851 devstack@neutron-api.service[103278]: DEBUG ovsdbapp.backend.ovs_idl.transaction [-] Running txn n=1 command(idx=0): CheckLivenessCommand(_result=None) {{(pid=103278) do_commit /opt/stack/data/venv/lib/python3.12/site-packages/ovsdbapp/backend/ovs_idl/transaction.py:89}}
Mar 05 09:30:09.523385 np0000157851 devstack@neutron-api.service[103280]: DEBUG neutron.plugins.ml2.drivers.ovn.mech_driver.ovsdb.ovsdb_monitor [-] Hash Ring: Node 87426fa931cd5e9aa0f6fc1b6529d5c9 (host: np0000157851) handling event "update" for row 3cf5f7a2-9699-4ce5-a51d-dce711e389cd (table: NB_Global) {{(pid=103280) notify /opt/stack/neutron/neutron/plugins/ml2/drivers/ovn/mech_driver/ovsdb/ovsdb_monitor.py:906}}
Mar 05 09:30:09.523959 np0000157851 devstack@neutron-api.service[103280]: DEBUG neutron.plugins.ml2.drivers.ovn.mech_driver.ovsdb.ovsdb_monitor [-] Hash Ring: Node 87426fa931cd5e9aa0f6fc1b6529d5c9 (host: np0000157851) handling event "update" for row 3cf5f7a2-9699-4ce5-a51d-dce711e389cd (table: NB_Global) {{(pid=103280) notify /opt/stack/neutron/neutron/plugins/ml2/drivers/ovn/mech_driver/ovsdb/ovsdb_monitor.py:906}}
Mar 05 09:30:09.524477 np0000157851 devstack@neutron-api.service[103277]: DEBUG neutron.plugins.ml2.drivers.ovn.mech_driver.ovsdb.ovsdb_monitor [-] Hash Ring: Node 34104a9e66b75d75a9c94d5e3ec4ccb9 (host: np0000157851) handling event "update" for row 3cf5f7a2-9699-4ce5-a51d-dce711e389cd (table: NB_Global) {{(pid=103277) notify /opt/stack/neutron/neutron/plugins/ml2/drivers/ovn/mech_driver/ovsdb/ovsdb_monitor.py:906}}
Mar 05 09:30:09.524771 np0000157851 devstack@neutron-api.service[103280]: DEBUG neutron.plugins.ml2.drivers.ovn.mech_driver.ovsdb.ovsdb_monitor [-] Hash Ring: Node 87426fa931cd5e9aa0f6fc1b6529d5c9 (host: np0000157851) handling event "update" for row 3cf5f7a2-9699-4ce5-a51d-dce711e389cd (table: NB_Global) {{(pid=103280) notify /opt/stack/neutron/neutron/plugins/ml2/drivers/ovn/mech_driver/ovsdb/ovsdb_monitor.py:906}}
Mar 05 09:30:09.525181 np0000157851 devstack@neutron-api.service[103278]: DEBUG neutron.api.rpc.callbacks.version_manager [None req-7361d58d-b3b2-4843-ae2f-5776817bd96c admin admin] Tracked resource versions report:
Mar 05 09:30:09.525181 np0000157851 devstack@neutron-api.service[103278]: pushed versions:
Mar 05 09:30:09.525181 np0000157851 devstack@neutron-api.service[103278]: { 'AddressGroup': {'1.2'},
Mar 05 09:30:09.525181 np0000157851 devstack@neutron-api.service[103278]: 'Agent': {'1.1'},
Mar 05 09:30:09.525181 np0000157851 devstack@neutron-api.service[103278]: 'ConntrackHelper': {'1.0'},
Mar 05 09:30:09.525181 np0000157851 devstack@neutron-api.service[103278]: 'LocalIPAssociation': {'1.0'},
Mar 05 09:30:09.525181 np0000157851 devstack@neutron-api.service[103278]: 'Log': {'1.0'},
Mar 05 09:30:09.525181 np0000157851 devstack@neutron-api.service[103278]: 'NDPProxy': {'1.0'},
Mar 05 09:30:09.525181 np0000157851 devstack@neutron-api.service[103278]: 'Network': {'1.2'},
Mar 05 09:30:09.525181 np0000157851 devstack@neutron-api.service[103278]: 'Port': {'1.10'},
Mar 05 09:30:09.525181 np0000157851 devstack@neutron-api.service[103278]: 'PortForwarding': {'1.3'},
Mar 05 09:30:09.525181 np0000157851 devstack@neutron-api.service[103278]: 'QosPolicy': {'1.10'},
Mar 05 09:30:09.525181 np0000157851 devstack@neutron-api.service[103278]: 'SecurityGroup': {'1.6'},
Mar 05 09:30:09.525181 np0000157851 devstack@neutron-api.service[103278]: 'SecurityGroupRule': {'1.3'},
Mar 05 09:30:09.525181 np0000157851 devstack@neutron-api.service[103278]: 'SubPort': {'1.0'},
Mar 05 09:30:09.525181 np0000157851 devstack@neutron-api.service[103278]: 'Subnet': {'1.2'},
Mar 05 09:30:09.525181 np0000157851 devstack@neutron-api.service[103278]: 'Trunk': {'1.1'}}
Mar 05 09:30:09.525181 np0000157851 devstack@neutron-api.service[103278]: consumer versions:
Mar 05 09:30:09.525181 np0000157851 devstack@neutron-api.service[103278]: {}
Mar 05 09:30:09.525181 np0000157851 devstack@neutron-api.service[103278]: {{(pid=103278) report /opt/stack/neutron/neutron/api/rpc/callbacks/version_manager.py:183}}
Mar 05 09:30:09.525720 np0000157851 devstack@neutron-api.service[103277]: DEBUG neutron.plugins.ml2.drivers.ovn.mech_driver.ovsdb.ovsdb_monitor [-] Hash Ring: Node 34104a9e66b75d75a9c94d5e3ec4ccb9 (host: np0000157851) handling event "update" for row 3cf5f7a2-9699-4ce5-a51d-dce711e389cd (table: NB_Global) {{(pid=103277) notify /opt/stack/neutron/neutron/plugins/ml2/drivers/ovn/mech_driver/ovsdb/ovsdb_monitor.py:906}}
Mar 05 09:30:09.525956 np0000157851 devstack@neutron-api.service[103280]: DEBUG neutron.plugins.ml2.drivers.ovn.mech_driver.ovsdb.ovsdb_monitor [-] ChassisAgentWriteEvent : Matched Chassis_Private, update, None None {{(pid=103280) matches /opt/stack/neutron/neutron/plugins/ml2/drivers/ovn/mech_driver/ovsdb/ovsdb_monitor.py:64}}
Mar 05 09:30:09.527586 np0000157851 devstack@neutron-api.service[103279]: DEBUG neutron.plugins.ml2.drivers.ovn.mech_driver.ovsdb.ovsdb_monitor [-] ChassisAgentWriteEvent : Matched Chassis_Private, update, None None {{(pid=103279) matches /opt/stack/neutron/neutron/plugins/ml2/drivers/ovn/mech_driver/ovsdb/ovsdb_monitor.py:64}}
Mar 05 09:30:09.527727 np0000157851 devstack@neutron-api.service[103277]: DEBUG neutron.plugins.ml2.drivers.ovn.mech_driver.ovsdb.ovsdb_monitor [-] ChassisAgentWriteEvent : Matched Chassis_Private, update, None None {{(pid=103277) matches /opt/stack/neutron/neutron/plugins/ml2/drivers/ovn/mech_driver/ovsdb/ovsdb_monitor.py:64}}
Mar 05 09:30:09.528339 np0000157851 devstack@neutron-api.service[103279]: DEBUG neutron.plugins.ml2.drivers.ovn.mech_driver.ovsdb.ovsdb_monitor [-] Hash Ring: Node 9e3055e7b0f4539484c747b84f72e222 (host: np0000157851) handling event "update" for row 0fb68257-d8b7-46a9-9c55-c71366e227cb (table: Chassis_Private) {{(pid=103279) notify /opt/stack/neutron/neutron/plugins/ml2/drivers/ovn/mech_driver/ovsdb/ovsdb_monitor.py:906}}
Mar 05 09:30:09.529580 np0000157851 devstack@neutron-api.service[103277]: DEBUG neutron.plugins.ml2.drivers.ovn.mech_driver.ovsdb.ovsdb_monitor [-] Hash Ring: Node 34104a9e66b75d75a9c94d5e3ec4ccb9 (host: np0000157851) handling event "update" for row 3cf5f7a2-9699-4ce5-a51d-dce711e389cd (table: NB_Global) {{(pid=103277) notify /opt/stack/neutron/neutron/plugins/ml2/drivers/ovn/mech_driver/ovsdb/ovsdb_monitor.py:906}}
Mar 05 09:30:09.530161 np0000157851 devstack@neutron-api.service[103280]: DEBUG neutron.plugins.ml2.drivers.ovn.mech_driver.ovsdb.ovsdb_monitor [-] Hash Ring: Node 87426fa931cd5e9aa0f6fc1b6529d5c9 (host: np0000157851) handling event "update" for row 3cf5f7a2-9699-4ce5-a51d-dce711e389cd (table: NB_Global) {{(pid=103280) notify /opt/stack/neutron/neutron/plugins/ml2/drivers/ovn/mech_driver/ovsdb/ovsdb_monitor.py:906}}
Mar 05 09:30:09.530283 np0000157851 devstack@neutron-api.service[103277]: DEBUG neutron.plugins.ml2.drivers.ovn.mech_driver.ovsdb.ovsdb_monitor [-] Hash Ring: Node 34104a9e66b75d75a9c94d5e3ec4ccb9 (host: np0000157851) handling event "update" for row 3cf5f7a2-9699-4ce5-a51d-dce711e389cd (table: NB_Global) {{(pid=103277) notify /opt/stack/neutron/neutron/plugins/ml2/drivers/ovn/mech_driver/ovsdb/ovsdb_monitor.py:906}}
Mar 05 09:30:09.532042 np0000157851 devstack@neutron-api.service[103280]: DEBUG neutron.common.ovn.hash_ring_manager [-] Allow caching, nodes 4>=4 {{(pid=103280) _wait_startup_before_caching /opt/stack/neutron/neutron/common/ovn/hash_ring_manager.py:65}}
Mar 05 09:30:09.532365 np0000157851 devstack@neutron-api.service[103280]: DEBUG neutron.plugins.ml2.drivers.ovn.mech_driver.ovsdb.ovsdb_monitor [-] Hash Ring: Node 87426fa931cd5e9aa0f6fc1b6529d5c9 (host: np0000157851) handling event "update" for row 0fb68257-d8b7-46a9-9c55-c71366e227cb (table: Chassis_Private) {{(pid=103280) notify /opt/stack/neutron/neutron/plugins/ml2/drivers/ovn/mech_driver/ovsdb/ovsdb_monitor.py:906}}
