Mar 26 01:08:30.975528 np0000160990 nova-scheduler[108037]: DEBUG cotyledon.oslo_config_glue [-] vnc.vencrypt_client_cert = None {{(pid=108037) log_opt_values /opt/stack/data/venv/lib/python3.12/site-packages/oslo_config/cfg.py:3006}}
Mar 26 01:08:30.975528 np0000160990 nova-scheduler[108037]: DEBUG cotyledon.oslo_config_glue [-] vnc.vencrypt_client_key = None {{(pid=108037) log_opt_values /opt/stack/data/venv/lib/python3.12/site-packages/oslo_config/cfg.py:3006}}
Mar 26 01:08:30.975528 np0000160990 nova-scheduler[108037]: DEBUG cotyledon.oslo_config_glue [-] workarounds.disable_compute_service_check_for_ffu = False {{(pid=108037) log_opt_values /opt/stack/data/venv/lib/python3.12/site-packages/oslo_config/cfg.py:3006}}
Mar 26 01:08:30.975528 np0000160990 nova-scheduler[108037]: DEBUG cotyledon.oslo_config_glue [-] workarounds.disable_deep_image_inspection = False {{(pid=108037) log_opt_values /opt/stack/data/venv/lib/python3.12/site-packages/oslo_config/cfg.py:3006}}
Mar 26 01:08:30.975528 np0000160990 nova-scheduler[108037]: DEBUG cotyledon.oslo_config_glue [-] workarounds.disable_fallback_pcpu_query = False {{(pid=108037) log_opt_values /opt/stack/data/venv/lib/python3.12/site-packages/oslo_config/cfg.py:3006}}
Mar 26 01:08:30.975748 np0000160990 nova-scheduler[108037]: DEBUG cotyledon.oslo_config_glue [-] workarounds.disable_group_policy_check_upcall = False {{(pid=108037) log_opt_values /opt/stack/data/venv/lib/python3.12/site-packages/oslo_config/cfg.py:3006}}
Mar 26 01:08:30.975748 np0000160990 nova-scheduler[108037]: DEBUG cotyledon.oslo_config_glue [-] workarounds.disable_libvirt_livesnapshot = False {{(pid=108037) log_opt_values /opt/stack/data/venv/lib/python3.12/site-packages/oslo_config/cfg.py:3006}}
Mar 26 01:08:30.975748 np0000160990 nova-scheduler[108037]: DEBUG cotyledon.oslo_config_glue [-] workarounds.disable_rootwrap = False {{(pid=108037) log_opt_values /opt/stack/data/venv/lib/python3.12/site-packages/oslo_config/cfg.py:3006}}
Mar 26 01:08:30.975748 np0000160990 nova-scheduler[108037]: DEBUG cotyledon.oslo_config_glue [-] workarounds.enable_numa_live_migration = False {{(pid=108037) log_opt_values /opt/stack/data/venv/lib/python3.12/site-packages/oslo_config/cfg.py:3006}}
Mar 26 01:08:30.975748 np0000160990 nova-scheduler[108037]: DEBUG cotyledon.oslo_config_glue [-] workarounds.enable_qemu_monitor_announce_self = False {{(pid=108037) log_opt_values /opt/stack/data/venv/lib/python3.12/site-packages/oslo_config/cfg.py:3006}}
Mar 26 01:08:30.975748 np0000160990 nova-scheduler[108037]: DEBUG cotyledon.oslo_config_glue [-] workarounds.ensure_libvirt_rbd_instance_dir_cleanup = False {{(pid=108037) log_opt_values /opt/stack/data/venv/lib/python3.12/site-packages/oslo_config/cfg.py:3006}}
Mar 26 01:08:30.975748 np0000160990 nova-scheduler[108037]: DEBUG cotyledon.oslo_config_glue [-] workarounds.handle_virt_lifecycle_events = True {{(pid=108037) log_opt_values /opt/stack/data/venv/lib/python3.12/site-packages/oslo_config/cfg.py:3006}}
Mar 26 01:08:30.975748 np0000160990 nova-scheduler[108037]: DEBUG cotyledon.oslo_config_glue [-] workarounds.libvirt_disable_apic = False {{(pid=108037) log_opt_values /opt/stack/data/venv/lib/python3.12/site-packages/oslo_config/cfg.py:3006}}
Mar 26 01:08:30.975748 np0000160990 nova-scheduler[108037]: DEBUG cotyledon.oslo_config_glue [-] workarounds.never_download_image_if_on_rbd = False {{(pid=108037) log_opt_values /opt/stack/data/venv/lib/python3.12/site-packages/oslo_config/cfg.py:3006}}
Mar 26 01:08:30.976059 np0000160990 nova-scheduler[108037]: DEBUG cotyledon.oslo_config_glue [-] workarounds.qemu_monitor_announce_self_count = 3 {{(pid=108037) log_opt_values /opt/stack/data/venv/lib/python3.12/site-packages/oslo_config/cfg.py:3006}}
Mar 26 01:08:30.976059 np0000160990 nova-scheduler[108037]: DEBUG cotyledon.oslo_config_glue [-] workarounds.qemu_monitor_announce_self_interval = 1 {{(pid=108037) log_opt_values /opt/stack/data/venv/lib/python3.12/site-packages/oslo_config/cfg.py:3006}}
Mar 26 01:08:30.976059 np0000160990 nova-scheduler[108037]: DEBUG cotyledon.oslo_config_glue [-] workarounds.reserve_disk_resource_for_image_cache = False {{(pid=108037) log_opt_values /opt/stack/data/venv/lib/python3.12/site-packages/oslo_config/cfg.py:3006}}
Mar 26 01:08:30.976059 np0000160990 nova-scheduler[108037]: DEBUG cotyledon.oslo_config_glue [-] workarounds.skip_cpu_compare_at_startup = False {{(pid=108037) log_opt_values /opt/stack/data/venv/lib/python3.12/site-packages/oslo_config/cfg.py:3006}}
Mar 26 01:08:30.976059 np0000160990 nova-scheduler[108037]: DEBUG cotyledon.oslo_config_glue [-] workarounds.skip_cpu_compare_on_dest = False {{(pid=108037) log_opt_values /opt/stack/data/venv/lib/python3.12/site-packages/oslo_config/cfg.py:3006}}
Mar 26 01:08:30.976059 np0000160990 nova-scheduler[108037]: DEBUG cotyledon.oslo_config_glue [-] workarounds.skip_hypervisor_version_check_on_lm = False {{(pid=108037) log_opt_values /opt/stack/data/venv/lib/python3.12/site-packages/oslo_config/cfg.py:3006}}
Mar 26 01:08:30.976059 np0000160990 nova-scheduler[108037]: DEBUG cotyledon.oslo_config_glue [-] workarounds.skip_reserve_in_use_ironic_nodes = False {{(pid=108037) log_opt_values /opt/stack/data/venv/lib/python3.12/site-packages/oslo_config/cfg.py:3006}}
Mar 26 01:08:30.976059 np0000160990 nova-scheduler[108037]: DEBUG cotyledon.oslo_config_glue [-] workarounds.unified_limits_count_pcpu_as_vcpu = False {{(pid=108037) log_opt_values /opt/stack/data/venv/lib/python3.12/site-packages/oslo_config/cfg.py:3006}}
Mar 26 01:08:30.976303 np0000160990 nova-scheduler[108037]: DEBUG cotyledon.oslo_config_glue [-] workarounds.wait_for_vif_plugged_event_during_hard_reboot = [] {{(pid=108037) log_opt_values /opt/stack/data/venv/lib/python3.12/site-packages/oslo_config/cfg.py:3006}}
Mar 26 01:08:30.976303 np0000160990 nova-scheduler[108037]: DEBUG cotyledon.oslo_config_glue [-] wsgi.api_paste_config = /etc/nova/api-paste.ini {{(pid=108037) log_opt_values /opt/stack/data/venv/lib/python3.12/site-packages/oslo_config/cfg.py:3006}}
Mar 26 01:08:30.976303 np0000160990 nova-scheduler[108037]: DEBUG cotyledon.oslo_config_glue [-] wsgi.secure_proxy_ssl_header = None {{(pid=108037) log_opt_values /opt/stack/data/venv/lib/python3.12/site-packages/oslo_config/cfg.py:3006}}
Mar 26 01:08:30.976303 np0000160990 nova-scheduler[108037]: DEBUG cotyledon.oslo_config_glue [-] zvm.ca_file = None {{(pid=108037) log_opt_values /opt/stack/data/venv/lib/python3.12/site-packages/oslo_config/cfg.py:3006}}
Mar 26 01:08:30.976303 np0000160990 nova-scheduler[108037]: DEBUG cotyledon.oslo_config_glue [-] zvm.cloud_connector_url = None {{(pid=108037) log_opt_values /opt/stack/data/venv/lib/python3.12/site-packages/oslo_config/cfg.py:3006}}
Mar 26 01:08:30.976303 np0000160990 nova-scheduler[108037]: DEBUG cotyledon.oslo_config_glue [-] zvm.image_tmp_path = /opt/stack/data/nova/images {{(pid=108037) log_opt_values /opt/stack/data/venv/lib/python3.12/site-packages/oslo_config/cfg.py:3006}}
Mar 26 01:08:30.976303 np0000160990 nova-scheduler[108037]: DEBUG cotyledon.oslo_config_glue [-] zvm.reachable_timeout = 300 {{(pid=108037) log_opt_values /opt/stack/data/venv/lib/python3.12/site-packages/oslo_config/cfg.py:3006}}
Mar 26 01:08:30.976303 np0000160990 nova-scheduler[108037]: DEBUG cotyledon.oslo_config_glue [-] oslo_versionedobjects.fatal_exception_format_errors = False {{(pid=108037) log_opt_values /opt/stack/data/venv/lib/python3.12/site-packages/oslo_config/cfg.py:3006}}
Mar 26 01:08:30.976303 np0000160990 nova-scheduler[108037]: DEBUG cotyledon.oslo_config_glue [-] oslo_middleware.http_basic_auth_user_file = /etc/htpasswd {{(pid=108037) log_opt_values /opt/stack/data/venv/lib/python3.12/site-packages/oslo_config/cfg.py:3006}}
Mar 26 01:08:30.976515 np0000160990 nova-scheduler[108037]: DEBUG cotyledon.oslo_config_glue [-] oslo_messaging_metrics.metrics_buffer_size = 1000 {{(pid=108037) log_opt_values /opt/stack/data/venv/lib/python3.12/site-packages/oslo_config/cfg.py:3006}}
Mar 26 01:08:30.976515 np0000160990 nova-scheduler[108037]: DEBUG cotyledon.oslo_config_glue [-] oslo_messaging_metrics.metrics_enabled = False {{(pid=108037) log_opt_values /opt/stack/data/venv/lib/python3.12/site-packages/oslo_config/cfg.py:3006}}
Mar 26 01:08:30.976515 np0000160990 nova-scheduler[108037]: DEBUG cotyledon.oslo_config_glue [-] oslo_messaging_metrics.metrics_process_name = {{(pid=108037) log_opt_values /opt/stack/data/venv/lib/python3.12/site-packages/oslo_config/cfg.py:3006}}
Mar 26 01:08:30.976515 np0000160990 nova-scheduler[108037]: DEBUG cotyledon.oslo_config_glue [-] oslo_messaging_metrics.metrics_socket_file = /var/tmp/metrics_collector.sock {{(pid=108037) log_opt_values /opt/stack/data/venv/lib/python3.12/site-packages/oslo_config/cfg.py:3006}}
Mar 26 01:08:30.976515 np0000160990 nova-scheduler[108037]: DEBUG cotyledon.oslo_config_glue [-] oslo_messaging_metrics.metrics_thread_stop_timeout = 10 {{(pid=108037) log_opt_values /opt/stack/data/venv/lib/python3.12/site-packages/oslo_config/cfg.py:3006}}
Mar 26 01:08:30.976515 np0000160990 nova-scheduler[108037]: DEBUG cotyledon.oslo_config_glue [-] profiler.connection_string = messaging:// {{(pid=108037) log_opt_values /opt/stack/data/venv/lib/python3.12/site-packages/oslo_config/cfg.py:3006}}
Mar 26 01:08:30.976515 np0000160990 nova-scheduler[108037]: DEBUG cotyledon.oslo_config_glue [-] profiler.enabled = False {{(pid=108037) log_opt_values /opt/stack/data/venv/lib/python3.12/site-packages/oslo_config/cfg.py:3006}}
Mar 26 01:08:30.976515 np0000160990 nova-scheduler[108037]: DEBUG cotyledon.oslo_config_glue [-] profiler.es_doc_type = notification {{(pid=108037) log_opt_values /opt/stack/data/venv/lib/python3.12/site-packages/oslo_config/cfg.py:3006}}
Mar 26 01:08:30.976515 np0000160990 nova-scheduler[108037]: DEBUG cotyledon.oslo_config_glue [-] profiler.es_scroll_size = 10000 {{(pid=108037) log_opt_values /opt/stack/data/venv/lib/python3.12/site-packages/oslo_config/cfg.py:3006}}
Mar 26 01:08:30.976710 np0000160990 nova-scheduler[108037]: DEBUG cotyledon.oslo_config_glue [-] profiler.es_scroll_time = 2m {{(pid=108037) log_opt_values /opt/stack/data/venv/lib/python3.12/site-packages/oslo_config/cfg.py:3006}}
Mar 26 01:08:30.976710 np0000160990 nova-scheduler[108037]: DEBUG cotyledon.oslo_config_glue [-] profiler.filter_error_trace = False {{(pid=108037) log_opt_values /opt/stack/data/venv/lib/python3.12/site-packages/oslo_config/cfg.py:3006}}
Mar 26 01:08:30.976710 np0000160990 nova-scheduler[108037]: DEBUG cotyledon.oslo_config_glue [-] profiler.hmac_keys = **** {{(pid=108037) log_opt_values /opt/stack/data/venv/lib/python3.12/site-packages/oslo_config/cfg.py:3006}}
Mar 26 01:08:30.976710 np0000160990 nova-scheduler[108037]: DEBUG cotyledon.oslo_config_glue [-] profiler.sentinel_service_name = mymaster {{(pid=108037) log_opt_values /opt/stack/data/venv/lib/python3.12/site-packages/oslo_config/cfg.py:3006}}
Mar 26 01:08:30.976710 np0000160990 nova-scheduler[108037]: DEBUG cotyledon.oslo_config_glue [-] profiler.socket_timeout = 0.1 {{(pid=108037) log_opt_values /opt/stack/data/venv/lib/python3.12/site-packages/oslo_config/cfg.py:3006}}
Mar 26 01:08:30.976710 np0000160990 nova-scheduler[108037]: DEBUG cotyledon.oslo_config_glue [-] profiler.trace_requests = False {{(pid=108037) log_opt_values /opt/stack/data/venv/lib/python3.12/site-packages/oslo_config/cfg.py:3006}}
Mar 26 01:08:30.976710 np0000160990 nova-scheduler[108037]: DEBUG cotyledon.oslo_config_glue [-] profiler.trace_sqlalchemy = False {{(pid=108037) log_opt_values /opt/stack/data/venv/lib/python3.12/site-packages/oslo_config/cfg.py:3006}}
Mar 26 01:08:30.976710 np0000160990 nova-scheduler[108037]: DEBUG cotyledon.oslo_config_glue [-] profiler_jaeger.process_tags = {} {{(pid=108037) log_opt_values /opt/stack/data/venv/lib/python3.12/site-packages/oslo_config/cfg.py:3006}}
Mar 26 01:08:30.976710 np0000160990 nova-scheduler[108037]: DEBUG cotyledon.oslo_config_glue [-] profiler_jaeger.service_name_prefix = None {{(pid=108037) log_opt_values /opt/stack/data/venv/lib/python3.12/site-packages/oslo_config/cfg.py:3006}}
Mar 26 01:08:30.976908 np0000160990 nova-scheduler[108037]: DEBUG cotyledon.oslo_config_glue [-] profiler_otlp.service_name_prefix = None {{(pid=108037) log_opt_values /opt/stack/data/venv/lib/python3.12/site-packages/oslo_config/cfg.py:3006}}
Mar 26 01:08:30.976908 np0000160990 nova-scheduler[108037]: DEBUG cotyledon.oslo_config_glue [-] oslo_messaging_rabbit.amqp_auto_delete = False {{(pid=108037) log_opt_values /opt/stack/data/venv/lib/python3.12/site-packages/oslo_config/cfg.py:3006}}
Mar 26 01:08:30.976908 np0000160990 nova-scheduler[108037]: DEBUG cotyledon.oslo_config_glue [-] oslo_messaging_rabbit.amqp_durable_queues = False {{(pid=108037) log_opt_values /opt/stack/data/venv/lib/python3.12/site-packages/oslo_config/cfg.py:3006}}
Mar 26 01:08:30.976908 np0000160990 nova-scheduler[108037]: DEBUG cotyledon.oslo_config_glue [-] oslo_messaging_rabbit.conn_pool_min_size = 2 {{(pid=108037) log_opt_values /opt/stack/data/venv/lib/python3.12/site-packages/oslo_config/cfg.py:3006}}
Mar 26 01:08:30.976908 np0000160990 nova-scheduler[108037]: DEBUG cotyledon.oslo_config_glue [-] oslo_messaging_rabbit.conn_pool_ttl = 1200 {{(pid=108037) log_opt_values /opt/stack/data/venv/lib/python3.12/site-packages/oslo_config/cfg.py:3006}}
Mar 26 01:08:30.976908 np0000160990 nova-scheduler[108037]: DEBUG cotyledon.oslo_config_glue [-] oslo_messaging_rabbit.direct_mandatory_flag = True {{(pid=108037) log_opt_values /opt/stack/data/venv/lib/python3.12/site-packages/oslo_config/cfg.py:3006}}
Mar 26 01:08:30.976908 np0000160990 nova-scheduler[108037]: DEBUG cotyledon.oslo_config_glue [-] oslo_messaging_rabbit.enable_cancel_on_failover = False {{(pid=108037) log_opt_values /opt/stack/data/venv/lib/python3.12/site-packages/oslo_config/cfg.py:3006}}
Mar 26 01:08:30.976908 np0000160990 nova-scheduler[108037]: DEBUG cotyledon.oslo_config_glue [-] oslo_messaging_rabbit.heartbeat_in_pthread = False {{(pid=108037) log_opt_values /opt/stack/data/venv/lib/python3.12/site-packages/oslo_config/cfg.py:3006}}
Mar 26 01:08:30.976908 np0000160990 nova-scheduler[108037]: DEBUG cotyledon.oslo_config_glue [-] oslo_messaging_rabbit.heartbeat_rate = 3 {{(pid=108037) log_opt_values /opt/stack/data/venv/lib/python3.12/site-packages/oslo_config/cfg.py:3006}}
Mar 26 01:08:30.977125 np0000160990 nova-scheduler[108037]: DEBUG cotyledon.oslo_config_glue [-] oslo_messaging_rabbit.heartbeat_timeout_threshold = 60 {{(pid=108037) log_opt_values /opt/stack/data/venv/lib/python3.12/site-packages/oslo_config/cfg.py:3006}}
Mar 26 01:08:30.977125 np0000160990 nova-scheduler[108037]: DEBUG cotyledon.oslo_config_glue [-] oslo_messaging_rabbit.hostname = np0000160990 {{(pid=108037) log_opt_values /opt/stack/data/venv/lib/python3.12/site-packages/oslo_config/cfg.py:3006}}
Mar 26 01:08:30.977125 np0000160990 nova-scheduler[108037]: DEBUG cotyledon.oslo_config_glue [-] oslo_messaging_rabbit.kombu_compression = None {{(pid=108037) log_opt_values /opt/stack/data/venv/lib/python3.12/site-packages/oslo_config/cfg.py:3006}}
Mar 26 01:08:30.977198 np0000160990 nova-scheduler[108030]: DEBUG dbcounter [-] [108030] Writer thread running {{(pid=108030) stat_writer /opt/stack/data/venv/lib/python3.12/site-packages/dbcounter.py:102}}
Mar 26 01:08:30.977232 np0000160990 nova-scheduler[108037]: DEBUG cotyledon.oslo_config_glue [-] oslo_messaging_rabbit.kombu_failover_strategy = round-robin {{(pid=108037) log_opt_values /opt/stack/data/venv/lib/python3.12/site-packages/oslo_config/cfg.py:3006}}
Mar 26 01:08:30.977232 np0000160990 nova-scheduler[108037]: DEBUG cotyledon.oslo_config_glue [-] oslo_messaging_rabbit.kombu_missing_consumer_retry_timeout = 60 {{(pid=108037) log_opt_values /opt/stack/data/venv/lib/python3.12/site-packages/oslo_config/cfg.py:3006}}
Mar 26 01:08:30.977232 np0000160990 nova-scheduler[108037]: DEBUG cotyledon.oslo_config_glue [-] oslo_messaging_rabbit.kombu_reconnect_delay = 1.0 {{(pid=108037) log_opt_values /opt/stack/data/venv/lib/python3.12/site-packages/oslo_config/cfg.py:3006}}
Mar 26 01:08:30.977232 np0000160990 nova-scheduler[108037]: DEBUG cotyledon.oslo_config_glue [-] oslo_messaging_rabbit.kombu_reconnect_splay = 0.0 {{(pid=108037) log_opt_values /opt/stack/data/venv/lib/python3.12/site-packages/oslo_config/cfg.py:3006}}
Mar 26 01:08:30.977232 np0000160990 nova-scheduler[108037]: DEBUG cotyledon.oslo_config_glue [-] oslo_messaging_rabbit.processname = nova-scheduler {{(pid=108037) log_opt_values /opt/stack/data/venv/lib/python3.12/site-packages/oslo_config/cfg.py:3006}}
Mar 26 01:08:30.977232 np0000160990 nova-scheduler[108037]: DEBUG cotyledon.oslo_config_glue [-] oslo_messaging_rabbit.rabbit_ha_queues = False {{(pid=108037) log_opt_values /opt/stack/data/venv/lib/python3.12/site-packages/oslo_config/cfg.py:3006}}
Mar 26 01:08:30.977232 np0000160990 nova-scheduler[108037]: DEBUG cotyledon.oslo_config_glue [-] oslo_messaging_rabbit.rabbit_interval_max = 30 {{(pid=108037) log_opt_values /opt/stack/data/venv/lib/python3.12/site-packages/oslo_config/cfg.py:3006}}
Mar 26 01:08:30.977232 np0000160990 nova-scheduler[108037]: DEBUG cotyledon.oslo_config_glue [-] oslo_messaging_rabbit.rabbit_login_method = AMQPLAIN {{(pid=108037) log_opt_values /opt/stack/data/venv/lib/python3.12/site-packages/oslo_config/cfg.py:3006}}
Mar 26 01:08:30.977408 np0000160990 nova-scheduler[108037]: DEBUG cotyledon.oslo_config_glue [-] oslo_messaging_rabbit.rabbit_qos_prefetch_count = 0 {{(pid=108037) log_opt_values /opt/stack/data/venv/lib/python3.12/site-packages/oslo_config/cfg.py:3006}}
Mar 26 01:08:30.977408 np0000160990 nova-scheduler[108037]: DEBUG cotyledon.oslo_config_glue [-] oslo_messaging_rabbit.rabbit_quorum_delivery_limit = 0 {{(pid=108037) log_opt_values /opt/stack/data/venv/lib/python3.12/site-packages/oslo_config/cfg.py:3006}}
Mar 26 01:08:30.977408 np0000160990 nova-scheduler[108037]: DEBUG cotyledon.oslo_config_glue [-] oslo_messaging_rabbit.rabbit_quorum_max_memory_bytes = 0 {{(pid=108037) log_opt_values /opt/stack/data/venv/lib/python3.12/site-packages/oslo_config/cfg.py:3006}}
Mar 26 01:08:30.977408 np0000160990 nova-scheduler[108037]: DEBUG cotyledon.oslo_config_glue [-] oslo_messaging_rabbit.rabbit_quorum_max_memory_length = 0 {{(pid=108037) log_opt_values /opt/stack/data/venv/lib/python3.12/site-packages/oslo_config/cfg.py:3006}}
Mar 26 01:08:30.977408 np0000160990 nova-scheduler[108037]: DEBUG cotyledon.oslo_config_glue [-] oslo_messaging_rabbit.rabbit_quorum_queue = False {{(pid=108037) log_opt_values /opt/stack/data/venv/lib/python3.12/site-packages/oslo_config/cfg.py:3006}}
Mar 26 01:08:30.977408 np0000160990 nova-scheduler[108037]: DEBUG cotyledon.oslo_config_glue [-] oslo_messaging_rabbit.rabbit_retry_backoff = 2 {{(pid=108037) log_opt_values /opt/stack/data/venv/lib/python3.12/site-packages/oslo_config/cfg.py:3006}}
Mar 26 01:08:30.977408 np0000160990 nova-scheduler[108037]: DEBUG cotyledon.oslo_config_glue [-] oslo_messaging_rabbit.rabbit_retry_interval = 1 {{(pid=108037) log_opt_values /opt/stack/data/venv/lib/python3.12/site-packages/oslo_config/cfg.py:3006}}
Mar 26 01:08:30.977408 np0000160990 nova-scheduler[108037]: DEBUG cotyledon.oslo_config_glue [-] oslo_messaging_rabbit.rabbit_stream_fanout = False {{(pid=108037) log_opt_values /opt/stack/data/venv/lib/python3.12/site-packages/oslo_config/cfg.py:3006}}
Mar 26 01:08:30.977584 np0000160990 nova-scheduler[108037]: DEBUG cotyledon.oslo_config_glue [-] oslo_messaging_rabbit.rabbit_transient_queues_ttl = 1800 {{(pid=108037) log_opt_values /opt/stack/data/venv/lib/python3.12/site-packages/oslo_config/cfg.py:3006}}
Mar 26 01:08:30.977584 np0000160990 nova-scheduler[108037]: DEBUG cotyledon.oslo_config_glue [-] oslo_messaging_rabbit.rabbit_transient_quorum_queue = False {{(pid=108037) log_opt_values /opt/stack/data/venv/lib/python3.12/site-packages/oslo_config/cfg.py:3006}}
Mar 26 01:08:30.977584 np0000160990 nova-scheduler[108037]: DEBUG cotyledon.oslo_config_glue [-] oslo_messaging_rabbit.rpc_conn_pool_size = 30 {{(pid=108037) log_opt_values /opt/stack/data/venv/lib/python3.12/site-packages/oslo_config/cfg.py:3006}}
Mar 26 01:08:30.977584 np0000160990 nova-scheduler[108037]: DEBUG cotyledon.oslo_config_glue [-] oslo_messaging_rabbit.ssl = False {{(pid=108037) log_opt_values /opt/stack/data/venv/lib/python3.12/site-packages/oslo_config/cfg.py:3006}}
Mar 26 01:08:30.977584 np0000160990 nova-scheduler[108037]: DEBUG cotyledon.oslo_config_glue [-] oslo_messaging_rabbit.ssl_ca_file = {{(pid=108037) log_opt_values /opt/stack/data/venv/lib/python3.12/site-packages/oslo_config/cfg.py:3006}}
Mar 26 01:08:30.977584 np0000160990 nova-scheduler[108037]: DEBUG cotyledon.oslo_config_glue [-] oslo_messaging_rabbit.ssl_cert_file = {{(pid=108037) log_opt_values /opt/stack/data/venv/lib/python3.12/site-packages/oslo_config/cfg.py:3006}}
Mar 26 01:08:30.977584 np0000160990 nova-scheduler[108037]: DEBUG cotyledon.oslo_config_glue [-] oslo_messaging_rabbit.ssl_enforce_fips_mode = False {{(pid=108037) log_opt_values /opt/stack/data/venv/lib/python3.12/site-packages/oslo_config/cfg.py:3006}}
Mar 26 01:08:30.977584 np0000160990 nova-scheduler[108037]: DEBUG cotyledon.oslo_config_glue [-] oslo_messaging_rabbit.ssl_key_file = {{(pid=108037) log_opt_values /opt/stack/data/venv/lib/python3.12/site-packages/oslo_config/cfg.py:3006}}
Mar 26 01:08:30.977584 np0000160990 nova-scheduler[108037]: DEBUG cotyledon.oslo_config_glue [-] oslo_messaging_rabbit.ssl_version = {{(pid=108037) log_opt_values /opt/stack/data/venv/lib/python3.12/site-packages/oslo_config/cfg.py:3006}}
Mar 26 01:08:30.977816 np0000160990 nova-scheduler[108037]: DEBUG cotyledon.oslo_config_glue [-] oslo_messaging_rabbit.use_queue_manager = False {{(pid=108037) log_opt_values /opt/stack/data/venv/lib/python3.12/site-packages/oslo_config/cfg.py:3006}}
Mar 26 01:08:30.977816 np0000160990 nova-scheduler[108037]: DEBUG cotyledon.oslo_config_glue [-] oslo_messaging_notifications.driver = ['messagingv2'] {{(pid=108037) log_opt_values /opt/stack/data/venv/lib/python3.12/site-packages/oslo_config/cfg.py:3006}}
Mar 26 01:08:30.977816 np0000160990 nova-scheduler[108037]: DEBUG cotyledon.oslo_config_glue [-] oslo_messaging_notifications.retry = -1 {{(pid=108037) log_opt_values /opt/stack/data/venv/lib/python3.12/site-packages/oslo_config/cfg.py:3006}}
Mar 26 01:08:30.977816 np0000160990 nova-scheduler[108037]: DEBUG cotyledon.oslo_config_glue [-] oslo_messaging_notifications.topics = ['notifications'] {{(pid=108037) log_opt_values /opt/stack/data/venv/lib/python3.12/site-packages/oslo_config/cfg.py:3006}}
Mar 26 01:08:30.977816 np0000160990 nova-scheduler[108037]: DEBUG cotyledon.oslo_config_glue [-] oslo_messaging_notifications.transport_url = **** {{(pid=108037) log_opt_values /opt/stack/data/venv/lib/python3.12/site-packages/oslo_config/cfg.py:3006}}
Mar 26 01:08:30.977816 np0000160990 nova-scheduler[108037]: DEBUG cotyledon.oslo_config_glue [-] oslo_limit.auth_section = None {{(pid=108037) log_opt_values /opt/stack/data/venv/lib/python3.12/site-packages/oslo_config/cfg.py:3006}}
Mar 26 01:08:30.977816 np0000160990 nova-scheduler[108037]: DEBUG cotyledon.oslo_config_glue [-] oslo_limit.auth_type = None {{(pid=108037) log_opt_values /opt/stack/data/venv/lib/python3.12/site-packages/oslo_config/cfg.py:3006}}
Mar 26 01:08:30.977816 np0000160990 nova-scheduler[108037]: DEBUG cotyledon.oslo_config_glue [-] oslo_limit.cafile = None {{(pid=108037) log_opt_values /opt/stack/data/venv/lib/python3.12/site-packages/oslo_config/cfg.py:3006}}
Mar 26 01:08:30.977816 np0000160990 nova-scheduler[108037]: DEBUG cotyledon.oslo_config_glue [-] oslo_limit.certfile = None {{(pid=108037) log_opt_values /opt/stack/data/venv/lib/python3.12/site-packages/oslo_config/cfg.py:3006}}
Mar 26 01:08:30.978069 np0000160990 nova-scheduler[108037]: DEBUG cotyledon.oslo_config_glue [-] oslo_limit.collect_timing = False {{(pid=108037) log_opt_values /opt/stack/data/venv/lib/python3.12/site-packages/oslo_config/cfg.py:3006}}
Mar 26 01:08:30.978069 np0000160990 nova-scheduler[108037]: DEBUG cotyledon.oslo_config_glue [-] oslo_limit.connect_retries = None {{(pid=108037) log_opt_values /opt/stack/data/venv/lib/python3.12/site-packages/oslo_config/cfg.py:3006}}
Mar 26 01:08:30.978069 np0000160990 nova-scheduler[108037]: DEBUG cotyledon.oslo_config_glue [-] oslo_limit.connect_retry_delay = None {{(pid=108037) log_opt_values /opt/stack/data/venv/lib/python3.12/site-packages/oslo_config/cfg.py:3006}}
Mar 26 01:08:30.978069 np0000160990 nova-scheduler[108037]: DEBUG cotyledon.oslo_config_glue [-] oslo_limit.endpoint_id = None {{(pid=108037) log_opt_values /opt/stack/data/venv/lib/python3.12/site-packages/oslo_config/cfg.py:3006}}
Mar 26 01:08:30.978069 np0000160990 nova-scheduler[108037]: DEBUG cotyledon.oslo_config_glue [-] oslo_limit.endpoint_interface = public {{(pid=108037) log_opt_values /opt/stack/data/venv/lib/python3.12/site-packages/oslo_config/cfg.py:3006}}
Mar 26 01:08:30.978069 np0000160990 nova-scheduler[108037]: DEBUG cotyledon.oslo_config_glue [-] oslo_limit.endpoint_override = None {{(pid=108037) log_opt_values /opt/stack/data/venv/lib/python3.12/site-packages/oslo_config/cfg.py:3006}}
Mar 26 01:08:30.978069 np0000160990 nova-scheduler[108037]: DEBUG cotyledon.oslo_config_glue [-] oslo_limit.endpoint_region_name = None {{(pid=108037) log_opt_values /opt/stack/data/venv/lib/python3.12/site-packages/oslo_config/cfg.py:3006}}
Mar 26 01:08:30.978069 np0000160990 nova-scheduler[108037]: DEBUG cotyledon.oslo_config_glue [-] oslo_limit.endpoint_service_name = None {{(pid=108037) log_opt_values /opt/stack/data/venv/lib/python3.12/site-packages/oslo_config/cfg.py:3006}}
Mar 26 01:08:30.978069 np0000160990 nova-scheduler[108037]: DEBUG cotyledon.oslo_config_glue [-] oslo_limit.endpoint_service_type = None {{(pid=108037) log_opt_values /opt/stack/data/venv/lib/python3.12/site-packages/oslo_config/cfg.py:3006}}
Mar 26 01:08:30.978301 np0000160990 nova-scheduler[108037]: DEBUG cotyledon.oslo_config_glue [-] oslo_limit.insecure = False {{(pid=108037) log_opt_values /opt/stack/data/venv/lib/python3.12/site-packages/oslo_config/cfg.py:3006}}
Mar 26 01:08:30.978301 np0000160990 nova-scheduler[108037]: DEBUG cotyledon.oslo_config_glue [-] oslo_limit.keyfile = None {{(pid=108037) log_opt_values /opt/stack/data/venv/lib/python3.12/site-packages/oslo_config/cfg.py:3006}}
Mar 26 01:08:30.978301 np0000160990 nova-scheduler[108037]: DEBUG cotyledon.oslo_config_glue [-] oslo_limit.max_version = None {{(pid=108037) log_opt_values /opt/stack/data/venv/lib/python3.12/site-packages/oslo_config/cfg.py:3006}}
Mar 26 01:08:30.978301 np0000160990 nova-scheduler[108037]: DEBUG cotyledon.oslo_config_glue [-] oslo_limit.min_version = None {{(pid=108037) log_opt_values /opt/stack/data/venv/lib/python3.12/site-packages/oslo_config/cfg.py:3006}}
Mar 26 01:08:30.978409 np0000160990 nova-scheduler[108023]: DEBUG dbcounter [-] [108023] Writer thread running {{(pid=108023) stat_writer /opt/stack/data/venv/lib/python3.12/site-packages/dbcounter.py:102}}
Mar 26 01:08:30.978439 np0000160990 nova-scheduler[108037]: DEBUG cotyledon.oslo_config_glue [-] oslo_limit.region_name = None {{(pid=108037) log_opt_values /opt/stack/data/venv/lib/python3.12/site-packages/oslo_config/cfg.py:3006}}
Mar 26 01:08:30.978439 np0000160990 nova-scheduler[108037]: DEBUG cotyledon.oslo_config_glue [-] oslo_limit.retriable_status_codes = None {{(pid=108037) log_opt_values /opt/stack/data/venv/lib/python3.12/site-packages/oslo_config/cfg.py:3006}}
Mar 26 01:08:30.978439 np0000160990 nova-scheduler[108037]: DEBUG cotyledon.oslo_config_glue [-] oslo_limit.service_name = None {{(pid=108037) log_opt_values /opt/stack/data/venv/lib/python3.12/site-packages/oslo_config/cfg.py:3006}}
Mar 26 01:08:30.978439 np0000160990 nova-scheduler[108037]: DEBUG cotyledon.oslo_config_glue [-] oslo_limit.service_type = None {{(pid=108037) log_opt_values /opt/stack/data/venv/lib/python3.12/site-packages/oslo_config/cfg.py:3006}}
Mar 26 01:08:30.978439 np0000160990 nova-scheduler[108037]: DEBUG cotyledon.oslo_config_glue [-] oslo_limit.split_loggers = False {{(pid=108037) log_opt_values /opt/stack/data/venv/lib/python3.12/site-packages/oslo_config/cfg.py:3006}}
Mar 26 01:08:30.978439 np0000160990 nova-scheduler[108037]: DEBUG cotyledon.oslo_config_glue [-] oslo_limit.status_code_retries = None {{(pid=108037) log_opt_values /opt/stack/data/venv/lib/python3.12/site-packages/oslo_config/cfg.py:3006}}
Mar 26 01:08:30.978439 np0000160990 nova-scheduler[108037]: DEBUG cotyledon.oslo_config_glue [-] oslo_limit.status_code_retry_delay = None {{(pid=108037) log_opt_values /opt/stack/data/venv/lib/python3.12/site-packages/oslo_config/cfg.py:3006}}
Mar 26 01:08:30.978439 np0000160990 nova-scheduler[108037]: DEBUG cotyledon.oslo_config_glue [-] oslo_limit.timeout = None {{(pid=108037) log_opt_values /opt/stack/data/venv/lib/python3.12/site-packages/oslo_config/cfg.py:3006}}
Mar 26 01:08:30.978439 np0000160990 nova-scheduler[108037]: DEBUG cotyledon.oslo_config_glue [-] oslo_limit.valid_interfaces = None {{(pid=108037) log_opt_values /opt/stack/data/venv/lib/python3.12/site-packages/oslo_config/cfg.py:3006}}
Mar 26 01:08:30.978656 np0000160990 nova-scheduler[108037]: DEBUG cotyledon.oslo_config_glue [-] oslo_limit.version = None {{(pid=108037) log_opt_values /opt/stack/data/venv/lib/python3.12/site-packages/oslo_config/cfg.py:3006}}
Mar 26 01:08:30.978656 np0000160990 nova-scheduler[108037]: DEBUG cotyledon.oslo_config_glue [-] oslo_reports.file_event_handler = None {{(pid=108037) log_opt_values /opt/stack/data/venv/lib/python3.12/site-packages/oslo_config/cfg.py:3006}}
Mar 26 01:08:30.978656 np0000160990 nova-scheduler[108037]: DEBUG cotyledon.oslo_config_glue [-] oslo_reports.file_event_handler_interval = 1 {{(pid=108037) log_opt_values /opt/stack/data/venv/lib/python3.12/site-packages/oslo_config/cfg.py:3006}}
Mar 26 01:08:30.978656 np0000160990 nova-scheduler[108037]: DEBUG cotyledon.oslo_config_glue [-] oslo_reports.log_dir = None {{(pid=108037) log_opt_values /opt/stack/data/venv/lib/python3.12/site-packages/oslo_config/cfg.py:3006}}
Mar 26 01:08:30.978656 np0000160990 nova-scheduler[108037]: DEBUG cotyledon.oslo_config_glue [-] ******************************************************************************** {{(pid=108037) log_opt_values /opt/stack/data/venv/lib/python3.12/site-packages/oslo_config/cfg.py:3013}}
Mar 26 01:08:30.978656 np0000160990 nova-scheduler[108037]: DEBUG cotyledon._service_worker [-] Run service ServiceWrapper(3) [108037] {{(pid=108037) wait_forever /opt/stack/data/venv/lib/python3.12/site-packages/cotyledon/_service_worker.py:218}}
Mar 26 01:08:30.978656 np0000160990 nova-scheduler[108037]: INFO nova.service [-] Starting scheduler node (version 33.1.0)
Mar 26 01:08:30.978836 np0000160990 nova-scheduler[108017]: DEBUG nova.service [None req-0a81b60f-334a-4edb-bfd7-e573b2461dec None None] Creating RPC server for service: nova-scheduler on topic: scheduler {{(pid=108017) start /opt/stack/nova/nova/service.py:195}}
Mar 26 01:08:30.978870 np0000160990 nova-scheduler[108037]: INFO dbcounter [None req-cae12a81-a36b-438b-838b-64e41185a742 None None] Registered counter for database nova_cell0
Mar 26 01:08:30.978901 np0000160990 nova-scheduler[108030]: DEBUG nova.service [None req-c88f5fb4-07a5-451f-9c47-69453d679649 None None] Creating RPC server for service: nova-scheduler on topic: scheduler {{(pid=108030) start /opt/stack/nova/nova/service.py:195}}
Mar 26 01:08:30.978947 np0000160990 nova-scheduler[108037]: DEBUG oslo_db.sqlalchemy.engines [None req-cae12a81-a36b-438b-838b-64e41185a742 None None] MySQL server mode set to STRICT_TRANS_TABLES,STRICT_ALL_TABLES,NO_ZERO_IN_DATE,NO_ZERO_DATE,ERROR_FOR_DIVISION_BY_ZERO,TRADITIONAL,NO_ENGINE_SUBSTITUTION {{(pid=108037) _check_effective_sql_mode /opt/stack/data/venv/lib/python3.12/site-packages/oslo_db/sqlalchemy/engines.py:325}}
Mar 26 01:08:30.978990 np0000160990 nova-scheduler[108023]: DEBUG nova.service [None req-6ef6c6c9-455f-4a62-acc8-c540e53111b9 None None] Creating RPC server for service: nova-scheduler on topic: scheduler {{(pid=108023) start /opt/stack/nova/nova/service.py:195}}
Mar 26 01:08:30.979021 np0000160990 nova-scheduler[108037]: DEBUG dbcounter [-] [108037] Writer thread running {{(pid=108037) stat_writer /opt/stack/data/venv/lib/python3.12/site-packages/dbcounter.py:102}}
Mar 26 01:08:30.979485 np0000160990 nova-scheduler[108017]: DEBUG nova.service [None req-0a81b60f-334a-4edb-bfd7-e573b2461dec None None] Join ServiceGroup membership for this service scheduler {{(pid=108017) start /opt/stack/nova/nova/service.py:221}}
Mar 26 01:08:30.979904 np0000160990 nova-scheduler[108037]: DEBUG nova.service [None req-cae12a81-a36b-438b-838b-64e41185a742 None None] Creating RPC server for service: nova-scheduler on topic: scheduler {{(pid=108037) start /opt/stack/nova/nova/service.py:195}}
Mar 26 01:08:30.979982 np0000160990 nova-scheduler[108017]: DEBUG nova.servicegroup.drivers.db [None req-0a81b60f-334a-4edb-bfd7-e573b2461dec None None] DB_Driver: join new ServiceGroup member np0000160990 to the scheduler group, service = {{(pid=108017) join /opt/stack/nova/nova/servicegroup/drivers/db.py:44}}
Mar 26 01:08:30.983407 np0000160990 nova-scheduler[108030]: DEBUG nova.service [None req-c88f5fb4-07a5-451f-9c47-69453d679649 None None] Join ServiceGroup membership for this service scheduler {{(pid=108030) start /opt/stack/nova/nova/service.py:221}}
Mar 26 01:08:30.983644 np0000160990 nova-scheduler[108030]: DEBUG nova.servicegroup.drivers.db [None req-c88f5fb4-07a5-451f-9c47-69453d679649 None None] DB_Driver: join new ServiceGroup member np0000160990 to the scheduler group, service = {{(pid=108030) join /opt/stack/nova/nova/servicegroup/drivers/db.py:44}}
Mar 26 01:08:30.986186 np0000160990 nova-scheduler[108023]: DEBUG nova.service [None req-6ef6c6c9-455f-4a62-acc8-c540e53111b9 None None] Join ServiceGroup membership for this service scheduler {{(pid=108023) start /opt/stack/nova/nova/service.py:221}}
Mar 26 01:08:30.986468 np0000160990 nova-scheduler[108023]: DEBUG nova.servicegroup.drivers.db [None req-6ef6c6c9-455f-4a62-acc8-c540e53111b9 None None] DB_Driver: join new ServiceGroup member np0000160990 to the scheduler group, service = {{(pid=108023) join /opt/stack/nova/nova/servicegroup/drivers/db.py:44}}
Mar 26 01:08:31.000194 np0000160990 nova-scheduler[108037]: DEBUG nova.service [None req-cae12a81-a36b-438b-838b-64e41185a742 None None] Join ServiceGroup membership for this service scheduler {{(pid=108037) start /opt/stack/nova/nova/service.py:221}}
Mar 26 01:08:31.000466 np0000160990 nova-scheduler[108037]: DEBUG nova.servicegroup.drivers.db [None req-cae12a81-a36b-438b-838b-64e41185a742 None None] DB_Driver: join new ServiceGroup member np0000160990 to the scheduler group, service = {{(pid=108037) join /opt/stack/nova/nova/servicegroup/drivers/db.py:44}}
Mar 26 01:08:36.003719 np0000160990 nova-scheduler[108017]: DEBUG oslo.service.backend._threading.loopingcall [-] Fixed interval looping call 'nova.servicegroup.drivers.db.DbDriver._report_state' sleeping for 119.98 seconds {{(pid=108017) _run_loop /opt/stack/data/venv/lib/python3.12/site-packages/oslo_service/backend/_threading/loopingcall.py:125}}
Mar 26 01:08:36.004137 np0000160990 nova-scheduler[108030]: DEBUG oslo.service.backend._threading.loopingcall [-] Fixed interval looping call 'nova.servicegroup.drivers.db.DbDriver._report_state' sleeping for 119.98 seconds {{(pid=108030) _run_loop /opt/stack/data/venv/lib/python3.12/site-packages/oslo_service/backend/_threading/loopingcall.py:125}}
Mar 26 01:08:36.004516 np0000160990 nova-scheduler[108023]: DEBUG oslo.service.backend._threading.loopingcall [-] Fixed interval looping call 'nova.servicegroup.drivers.db.DbDriver._report_state' sleeping for 119.98 seconds {{(pid=108023) _run_loop /opt/stack/data/venv/lib/python3.12/site-packages/oslo_service/backend/_threading/loopingcall.py:125}}
Mar 26 01:08:36.014529 np0000160990 nova-scheduler[108037]: DEBUG oslo.service.backend._threading.loopingcall [-] Fixed interval looping call 'nova.servicegroup.drivers.db.DbDriver._report_state' sleeping for 119.99 seconds {{(pid=108037) _run_loop /opt/stack/data/venv/lib/python3.12/site-packages/oslo_service/backend/_threading/loopingcall.py:125}}
Mar 26 01:08:36.986446 np0000160990 nova-scheduler[108030]: DEBUG oslo.service.backend._threading.loopingcall [None req-f7301a60-bad1-4b6a-87b6-78aa8cd80eb2 None None] Dynamic interval looping call 'nova.service.Service.periodic_tasks' sleeping for 60.00 seconds {{(pid=108030) _run_loop /opt/stack/data/venv/lib/python3.12/site-packages/oslo_service/backend/_threading/loopingcall.py:125}}
Mar 26 01:08:39.598193 np0000160990 nova-scheduler[107355]: DEBUG dbcounter [-] [107355] Writing DB stats nova_api:SELECT=3 {{(pid=107355) stat_writer /opt/stack/data/venv/lib/python3.12/site-packages/dbcounter.py:115}}
Mar 26 01:08:39.702354 np0000160990 nova-scheduler[107355]: DEBUG dbcounter [-] [107355] Writing DB stats nova_cell0:SELECT=1 {{(pid=107355) stat_writer /opt/stack/data/venv/lib/python3.12/site-packages/dbcounter.py:115}}
Mar 26 01:08:39.703012 np0000160990 nova-scheduler[107355]: DEBUG dbcounter [-] [107355] Writing DB stats nova_cell1:SELECT=1 {{(pid=107355) stat_writer /opt/stack/data/venv/lib/python3.12/site-packages/dbcounter.py:115}}
Mar 26 01:08:45.997178 np0000160990 nova-scheduler[108017]: DEBUG dbcounter [-] [108017] Writing DB stats nova_cell0:SELECT=4,nova_cell0:INSERT=1,nova_cell0:UPDATE=1 {{(pid=108017) stat_writer /opt/stack/data/venv/lib/python3.12/site-packages/dbcounter.py:115}}
Mar 26 01:08:45.998395 np0000160990 nova-scheduler[108030]: DEBUG dbcounter [-] [108030] Writing DB stats nova_cell0:SELECT=5,nova_cell0:INSERT=1,nova_cell0:UPDATE=1 {{(pid=108030) stat_writer /opt/stack/data/venv/lib/python3.12/site-packages/dbcounter.py:115}}
Mar 26 01:08:45.998906 np0000160990 nova-scheduler[108023]: DEBUG dbcounter [-] [108023] Writing DB stats nova_cell0:SELECT=5,nova_cell0:INSERT=1,nova_cell0:UPDATE=1 {{(pid=108023) stat_writer /opt/stack/data/venv/lib/python3.12/site-packages/dbcounter.py:115}}
Mar 26 01:08:46.012227 np0000160990 nova-scheduler[108037]: DEBUG dbcounter [-] [108037] Writing DB stats nova_cell0:SELECT=3 {{(pid=108037) stat_writer /opt/stack/data/venv/lib/python3.12/site-packages/dbcounter.py:115}}
Mar 26 01:08:47.004673 np0000160990 nova-scheduler[108037]: DEBUG oslo.service.backend._threading.loopingcall [None req-e49183e3-8d2c-48ea-acf2-2f238ce46d72 None None] Dynamic interval looping call 'nova.service.Service.periodic_tasks' sleeping for 60.00 seconds {{(pid=108037) _run_loop /opt/stack/data/venv/lib/python3.12/site-packages/oslo_service/backend/_threading/loopingcall.py:125}}
Mar 26 01:08:51.984059 np0000160990 nova-scheduler[108017]: DEBUG oslo.service.backend._threading.loopingcall [None req-b8bd3c4e-d1a9-48af-87a2-c47db9fad49a None None] Dynamic interval looping call 'nova.service.Service.periodic_tasks' sleeping for 60.00 seconds {{(pid=108017) _run_loop /opt/stack/data/venv/lib/python3.12/site-packages/oslo_service/backend/_threading/loopingcall.py:125}}
Mar 26 01:09:29.988269 np0000160990 nova-scheduler[108023]: DEBUG oslo.service.backend._threading.loopingcall [None req-0cb1282b-d1b3-42cd-b208-d0fef6063cd5 None None] Dynamic interval looping call 'nova.service.Service.periodic_tasks' sleeping for 60.00 seconds {{(pid=108023) _run_loop /opt/stack/data/venv/lib/python3.12/site-packages/oslo_service/backend/_threading/loopingcall.py:125}}
Mar 26 01:09:36.987664 np0000160990 nova-scheduler[108030]: DEBUG oslo.service.backend._threading.loopingcall [None req-f7301a60-bad1-4b6a-87b6-78aa8cd80eb2 None None] Dynamic interval looping call 'nova.service.Service.periodic_tasks' sleeping for 60.00 seconds {{(pid=108030) _run_loop /opt/stack/data/venv/lib/python3.12/site-packages/oslo_service/backend/_threading/loopingcall.py:125}}
Mar 26 01:09:47.005613 np0000160990 nova-scheduler[108037]: DEBUG oslo.service.backend._threading.loopingcall [None req-e49183e3-8d2c-48ea-acf2-2f238ce46d72 None None] Dynamic interval looping call 'nova.service.Service.periodic_tasks' sleeping for 60.00 seconds {{(pid=108037) _run_loop /opt/stack/data/venv/lib/python3.12/site-packages/oslo_service/backend/_threading/loopingcall.py:125}}
Mar 26 01:09:51.984966 np0000160990 nova-scheduler[108017]: DEBUG oslo.service.backend._threading.loopingcall [None req-b8bd3c4e-d1a9-48af-87a2-c47db9fad49a None None] Dynamic interval looping call 'nova.service.Service.periodic_tasks' sleeping for 60.00 seconds {{(pid=108017) _run_loop /opt/stack/data/venv/lib/python3.12/site-packages/oslo_service/backend/_threading/loopingcall.py:125}}
Mar 26 01:10:29.989064 np0000160990 nova-scheduler[108023]: DEBUG oslo.service.backend._threading.loopingcall [None req-0cb1282b-d1b3-42cd-b208-d0fef6063cd5 None None] Dynamic interval looping call 'nova.service.Service.periodic_tasks' sleeping for 60.00 seconds {{(pid=108023) _run_loop /opt/stack/data/venv/lib/python3.12/site-packages/oslo_service/backend/_threading/loopingcall.py:125}}
Mar 26 01:10:35.995035 np0000160990 nova-scheduler[108030]: DEBUG oslo.service.backend._threading.loopingcall [-] Fixed interval looping call 'nova.servicegroup.drivers.db.DbDriver._report_state' sleeping for 119.99 seconds {{(pid=108030) _run_loop /opt/stack/data/venv/lib/python3.12/site-packages/oslo_service/backend/_threading/loopingcall.py:125}}
Mar 26 01:10:35.996273 np0000160990 nova-scheduler[108023]: DEBUG oslo.service.backend._threading.loopingcall [-] Fixed interval looping call 'nova.servicegroup.drivers.db.DbDriver._report_state' sleeping for 119.99 seconds {{(pid=108023) _run_loop /opt/stack/data/venv/lib/python3.12/site-packages/oslo_service/backend/_threading/loopingcall.py:125}}
Mar 26 01:10:35.996740 np0000160990 nova-scheduler[108017]: DEBUG oslo.service.backend._threading.loopingcall [-] Fixed interval looping call 'nova.servicegroup.drivers.db.DbDriver._report_state' sleeping for 119.99 seconds {{(pid=108017) _run_loop /opt/stack/data/venv/lib/python3.12/site-packages/oslo_service/backend/_threading/loopingcall.py:125}}
Mar 26 01:10:36.010548 np0000160990 nova-scheduler[108037]: DEBUG oslo.service.backend._threading.loopingcall [-] Fixed interval looping call 'nova.servicegroup.drivers.db.DbDriver._report_state' sleeping for 119.99 seconds {{(pid=108037) _run_loop /opt/stack/data/venv/lib/python3.12/site-packages/oslo_service/backend/_threading/loopingcall.py:125}}
Mar 26 01:10:36.988756 np0000160990 nova-scheduler[108030]: DEBUG oslo.service.backend._threading.loopingcall [None req-f7301a60-bad1-4b6a-87b6-78aa8cd80eb2 None None] Dynamic interval looping call 'nova.service.Service.periodic_tasks' sleeping for 60.00 seconds {{(pid=108030) _run_loop /opt/stack/data/venv/lib/python3.12/site-packages/oslo_service/backend/_threading/loopingcall.py:125}}
Mar 26 01:10:45.988849 np0000160990 nova-scheduler[108030]: DEBUG dbcounter [-] [108030] Writing DB stats nova_cell0:SELECT=1,nova_cell0:UPDATE=1 {{(pid=108030) stat_writer /opt/stack/data/venv/lib/python3.12/site-packages/dbcounter.py:115}}
Mar 26 01:10:45.990731 np0000160990 nova-scheduler[108017]: DEBUG dbcounter [-] [108017] Writing DB stats nova_cell0:SELECT=1,nova_cell0:UPDATE=1 {{(pid=108017) stat_writer /opt/stack/data/venv/lib/python3.12/site-packages/dbcounter.py:115}}
Mar 26 01:10:45.991740 np0000160990 nova-scheduler[108023]: DEBUG dbcounter [-] [108023] Writing DB stats nova_cell0:SELECT=1,nova_cell0:UPDATE=1 {{(pid=108023) stat_writer /opt/stack/data/venv/lib/python3.12/site-packages/dbcounter.py:115}}
Mar 26 01:10:46.007229 np0000160990 nova-scheduler[108037]: DEBUG dbcounter [-] [108037] Writing DB stats nova_cell0:SELECT=1 {{(pid=108037) stat_writer /opt/stack/data/venv/lib/python3.12/site-packages/dbcounter.py:115}}
Mar 26 01:10:47.007090 np0000160990 nova-scheduler[108037]: DEBUG oslo.service.backend._threading.loopingcall [None req-e49183e3-8d2c-48ea-acf2-2f238ce46d72 None None] Dynamic interval looping call 'nova.service.Service.periodic_tasks' sleeping for 60.00 seconds {{(pid=108037) _run_loop /opt/stack/data/venv/lib/python3.12/site-packages/oslo_service/backend/_threading/loopingcall.py:125}}
Mar 26 01:10:51.985592 np0000160990 nova-scheduler[108017]: DEBUG oslo.service.backend._threading.loopingcall [None req-b8bd3c4e-d1a9-48af-87a2-c47db9fad49a None None] Dynamic interval looping call 'nova.service.Service.periodic_tasks' sleeping for 60.00 seconds {{(pid=108017) _run_loop /opt/stack/data/venv/lib/python3.12/site-packages/oslo_service/backend/_threading/loopingcall.py:125}}
Mar 26 01:11:29.990105 np0000160990 nova-scheduler[108023]: DEBUG oslo.service.backend._threading.loopingcall [None req-0cb1282b-d1b3-42cd-b208-d0fef6063cd5 None None] Dynamic interval looping call 'nova.service.Service.periodic_tasks' sleeping for 60.00 seconds {{(pid=108023) _run_loop /opt/stack/data/venv/lib/python3.12/site-packages/oslo_service/backend/_threading/loopingcall.py:125}}
Mar 26 01:11:36.989643 np0000160990 nova-scheduler[108030]: DEBUG oslo.service.backend._threading.loopingcall [None req-f7301a60-bad1-4b6a-87b6-78aa8cd80eb2 None None] Dynamic interval looping call 'nova.service.Service.periodic_tasks' sleeping for 60.00 seconds {{(pid=108030) _run_loop /opt/stack/data/venv/lib/python3.12/site-packages/oslo_service/backend/_threading/loopingcall.py:125}}
Mar 26 01:11:47.007753 np0000160990 nova-scheduler[108037]: DEBUG oslo.service.backend._threading.loopingcall [None req-e49183e3-8d2c-48ea-acf2-2f238ce46d72 None None] Dynamic interval looping call 'nova.service.Service.periodic_tasks' sleeping for 60.00 seconds {{(pid=108037) _run_loop /opt/stack/data/venv/lib/python3.12/site-packages/oslo_service/backend/_threading/loopingcall.py:125}}
Mar 26 01:11:51.986196 np0000160990 nova-scheduler[108017]: DEBUG oslo.service.backend._threading.loopingcall [None req-b8bd3c4e-d1a9-48af-87a2-c47db9fad49a None None] Dynamic interval looping call 'nova.service.Service.periodic_tasks' sleeping for 60.00 seconds {{(pid=108017) _run_loop /opt/stack/data/venv/lib/python3.12/site-packages/oslo_service/backend/_threading/loopingcall.py:125}}
Mar 26 01:12:29.991160 np0000160990 nova-scheduler[108023]: DEBUG oslo.service.backend._threading.loopingcall [None req-0cb1282b-d1b3-42cd-b208-d0fef6063cd5 None None] Dynamic interval looping call 'nova.service.Service.periodic_tasks' sleeping for 60.00 seconds {{(pid=108023) _run_loop /opt/stack/data/venv/lib/python3.12/site-packages/oslo_service/backend/_threading/loopingcall.py:125}}
Mar 26 01:12:35.998807 np0000160990 nova-scheduler[108017]: DEBUG oslo.service.backend._threading.loopingcall [-] Fixed interval looping call 'nova.servicegroup.drivers.db.DbDriver._report_state' sleeping for 119.99 seconds {{(pid=108017) _run_loop /opt/stack/data/venv/lib/python3.12/site-packages/oslo_service/backend/_threading/loopingcall.py:125}}
Mar 26 01:12:35.999774 np0000160990 nova-scheduler[108023]: DEBUG oslo.service.backend._threading.loopingcall [-] Fixed interval looping call 'nova.servicegroup.drivers.db.DbDriver._report_state' sleeping for 119.99 seconds {{(pid=108023) _run_loop /opt/stack/data/venv/lib/python3.12/site-packages/oslo_service/backend/_threading/loopingcall.py:125}}
Mar 26 01:12:36.000227 np0000160990 nova-scheduler[108030]: DEBUG oslo.service.backend._threading.loopingcall [-] Fixed interval looping call 'nova.servicegroup.drivers.db.DbDriver._report_state' sleeping for 119.99 seconds {{(pid=108030) _run_loop /opt/stack/data/venv/lib/python3.12/site-packages/oslo_service/backend/_threading/loopingcall.py:125}}
Mar 26 01:12:36.005846 np0000160990 nova-scheduler[108037]: DEBUG oslo.service.backend._threading.loopingcall [-] Fixed interval looping call 'nova.servicegroup.drivers.db.DbDriver._report_state' sleeping for 120.00 seconds {{(pid=108037) _run_loop /opt/stack/data/venv/lib/python3.12/site-packages/oslo_service/backend/_threading/loopingcall.py:125}}
Mar 26 01:12:36.990530 np0000160990 nova-scheduler[108030]: DEBUG oslo.service.backend._threading.loopingcall [None req-f7301a60-bad1-4b6a-87b6-78aa8cd80eb2 None None] Dynamic interval looping call 'nova.service.Service.periodic_tasks' sleeping for 60.00 seconds {{(pid=108030) _run_loop /opt/stack/data/venv/lib/python3.12/site-packages/oslo_service/backend/_threading/loopingcall.py:125}}
Mar 26 01:12:45.992218 np0000160990 nova-scheduler[108017]: DEBUG dbcounter [-] [108017] Writing DB stats nova_cell0:SELECT=1,nova_cell0:UPDATE=1 {{(pid=108017) stat_writer /opt/stack/data/venv/lib/python3.12/site-packages/dbcounter.py:115}}
Mar 26 01:12:45.992747 np0000160990 nova-scheduler[108030]: DEBUG dbcounter [-] [108030] Writing DB stats nova_cell0:SELECT=1,nova_cell0:UPDATE=1 {{(pid=108030) stat_writer /opt/stack/data/venv/lib/python3.12/site-packages/dbcounter.py:115}}
Mar 26 01:12:45.994098 np0000160990 nova-scheduler[108023]: DEBUG dbcounter [-] [108023] Writing DB stats nova_cell0:SELECT=1,nova_cell0:UPDATE=1 {{(pid=108023) stat_writer /opt/stack/data/venv/lib/python3.12/site-packages/dbcounter.py:115}}
Mar 26 01:12:46.003258 np0000160990 nova-scheduler[108037]: DEBUG dbcounter [-] [108037] Writing DB stats nova_cell0:SELECT=1 {{(pid=108037) stat_writer /opt/stack/data/venv/lib/python3.12/site-packages/dbcounter.py:115}}
Mar 26 01:12:47.008676 np0000160990 nova-scheduler[108037]: DEBUG oslo.service.backend._threading.loopingcall [None req-e49183e3-8d2c-48ea-acf2-2f238ce46d72 None None] Dynamic interval looping call 'nova.service.Service.periodic_tasks' sleeping for 60.00 seconds {{(pid=108037) _run_loop /opt/stack/data/venv/lib/python3.12/site-packages/oslo_service/backend/_threading/loopingcall.py:125}}
